157.97.69.246 - - [08/Sep/2020:14:24:51 +0200] "GET /loadthumbnail.php?id=12244843&width=50&height=50 HTTP/1.1" 200 1533 "http://renault.activities.at/account" "Mozilla/5.0 (Windows NT 10.0; Win64; x64) AppleWebKit/537.36 (KHTML, like Gecko) Chrome/85.0.4183.83 Safari/537.36 Edg/85.0.564.44"
157.97.69.246 - - [08/Sep/2020:14:24:51 +0200] "GET /loadthumbnail.php?id=12244851&width=50&height=50 HTTP/1.1" 200 760 "http://renault.activities.at/account" "Mozilla/5.0 (Windows NT 10.0; Win64; x64) AppleWebKit/537.36 (KHTML, like Gecko) Chrome/85.0.4183.83 Safari/537.36 Edg/85.0.564.44"
157.97.69.246 - - [08/Sep/2020:14:24:51 +0200] "GET /loadthumbnail.php?id=12244856&width=50&height=50 HTTP/1.1" 200 1880 "http://renault.activities.at/account" "Mozilla/5.0 (Windows NT 10.0; Win64; x64) AppleWebKit/537.36 (KHTML, like Gecko) Chrome/85.0.4183.83 Safari/537.36 Edg/85.0.564.44"
93.83.167.218 - - [08/Sep/2020:14:24:53 +0200] "GET /css/themes/alphacube/top_mid.gif HTTP/1.1" 200 833 "http://renault.activities.at/css/themes/alphacube.css" "Mozilla/5.0 (Windows NT 6.1; Win64; x64) AppleWebKit/537.36 (KHTML, like Gecko) Chrome/85.0.4183.83 Safari/537.36"
93.83.167.218 - - [08/Sep/2020:14:24:53 +0200] "GET /css/themes/alphacube/frame_right.gif HTTP/1.1" 200 64 "http://renault.activities.at/css/themes/alphacube.css" "Mozilla/5.0 (Windows NT 6.1; Win64; x64) AppleWebKit/537.36 (KHTML, like Gecko) Chrome/85.0.4183.83 Safari/537.36"
93.83.167.218 - - [08/Sep/2020:14:24:53 +0200] "GET /css/themes/alphacube/frame_left.gif HTTP/1.1" 200 64 "http://renault.activities.at/css/themes/alphacube.css" "Mozilla/5.0 (Windows NT 6.1; Win64; x64) AppleWebKit/537.36 (KHTML, like Gecko) Chrome/85.0.4183.83 Safari/537.36"
93.83.167.218 - - [08/Sep/2020:14:24:53 +0200] "GET /css/themes/alphacube/bottom_middle.gif HTTP/1.1" 200 44 "http://renault.activities.at/css/themes/alphacube.css" "Mozilla/5.0 (Windows NT 6.1; Win64; x64) AppleWebKit/537.36 (KHTML, like Gecko) Chrome/85.0.4183.83 Safari/537.36"
93.83.167.218 - - [08/Sep/2020:14:24:53 +0200] "GET /css/themes/alphacube/top_right.gif HTTP/1.1" 200 972 "http://renault.activities.at/css/themes/alphacube.css" "Mozilla/5.0 (Windows NT 6.1; Win64; x64) AppleWebKit/537.36 (KHTML, like Gecko) Chrome/85.0.4183.83 Safari/537.36"
93.83.167.218 - - [08/Sep/2020:14:24:53 +0200] "GET /css/themes/alphacube/bottom_right-c.gif HTTP/1.1" 200 62 "http://renault.activities.at/css/themes/alphacube.css" "Mozilla/5.0 (Windows NT 6.1; Win64; x64) AppleWebKit/537.36 (KHTML, like Gecko) Chrome/85.0.4183.83 Safari/537.36"
93.83.167.218 - - [08/Sep/2020:14:24:53 +0200] "GET /css/themes/alphacube/bottom_left-c.gif HTTP/1.1" 200 62 "http://renault.activities.at/css/themes/alphacube.css" "Mozilla/5.0 (Windows NT 6.1; Win64; x64) AppleWebKit/537.36 (KHTML, like Gecko) Chrome/85.0.4183.83 Safari/537.36"
93.83.167.218 - - [08/Sep/2020:14:24:53 +0200] "GET /css/themes/alphacube/top_left.gif HTTP/1.1" 200 973 "http://renault.activities.at/css/themes/alphacube.css" "Mozilla/5.0 (Windows NT 6.1; Win64; x64) AppleWebKit/537.36 (KHTML, like Gecko) Chrome/85.0.4183.83 Safari/537.36"
93.83.167.218 - - [08/Sep/2020:14:24:53 +0200] "GET /css/themes/alphacube/button-close-focus.gif HTTP/1.1" 200 699 "http://renault.activities.at/css/themes/alphacube.css" "Mozilla/5.0 (Windows NT 6.1; Win64; x64) AppleWebKit/537.36 (KHTML, like Gecko) Chrome/85.0.4183.83 Safari/537.36"
93.83.167.218 - - [08/Sep/2020:14:24:53 +0200] "GET /11329878?print=true HTTP/1.1" 200 2696 "http://renault.activities.at/10201634?dir=DESC&mode=grid&order=name&limit=50&page=2" "Mozilla/5.0 (Windows NT 6.1; Win64; x64) AppleWebKit/537.36 (KHTML, like Gecko) Chrome/85.0.4183.83 Safari/537.36"
93.83.167.218 - - [08/Sep/2020:14:24:56 +0200] "GET /js/magiczoom/magiczoom.css HTTP/1.1" 200 1210 "http://renault.activities.at/11329878?print=true" "Mozilla/5.0 (Windows NT 6.1; Win64; x64) AppleWebKit/537.36 (KHTML, like Gecko) Chrome/85.0.4183.83 Safari/537.36"
93.83.167.218 - - [08/Sep/2020:14:24:56 +0200] "GET /js/Produkt.js HTTP/1.1" 200 852 "http://renault.activities.at/11329878?print=true" "Mozilla/5.0 (Windows NT 6.1; Win64; x64) AppleWebKit/537.36 (KHTML, like Gecko) Chrome/85.0.4183.83 Safari/537.36"
93.83.167.218 - - [08/Sep/2020:14:24:56 +0200] "GET /js/magiczoom/magiczoom.js HTTP/1.1" 200 26397 "http://renault.activities.at/11329878?print=true" "Mozilla/5.0 (Windows NT 6.1; Win64; x64) AppleWebKit/537.36 (KHTML, like Gecko) Chrome/85.0.4183.83 Safari/537.36"
93.83.167.218 - - [08/Sep/2020:14:24:56 +0200] "GET /loadthumbnail.php?id=11340119&width=250 HTTP/1.1" 200 17966 "http://renault.activities.at/11329878?print=true" "Mozilla/5.0 (Windows NT 6.1; Win64; x64) AppleWebKit/537.36 (KHTML, like Gecko) Chrome/85.0.4183.83 Safari/537.36"
93.83.167.218 - - [08/Sep/2020:14:24:56 +0200] "GET /loadthumbnail.php?id=11340119&width=900&height=900 HTTP/1.1" 200 40597 "http://renault.activities.at/11329878?print=true" "Mozilla/5.0 (Windows NT 6.1; Win64; x64) AppleWebKit/537.36 (KHTML, like Gecko) Chrome/85.0.4183.83 Safari/537.36"
93.83.167.218 - - [08/Sep/2020:14:24:56 +0200] "GET /js/magiczoom/graphics/hint.gif HTTP/1.1" 200 73 "http://renault.activities.at/js/magiczoom/magiczoom.css" "Mozilla/5.0 (Windows NT 6.1; Win64; x64) AppleWebKit/537.36 (KHTML, like Gecko) Chrome/85.0.4183.83 Safari/537.36"
93.83.167.218 - - [08/Sep/2020:14:25:00 +0200] "GET /js/magiczoom/graphics/zoomin.cur HTTP/1.1" 200 326 "http://renault.activities.at/js/magiczoom/magiczoom.css" "Mozilla/5.0 (Windows NT 6.1; Win64; x64) AppleWebKit/537.36 (KHTML, like Gecko) Chrome/85.0.4183.83 Safari/537.36"
83.175.94.87 - - [08/Sep/2020:14:25:00 +0200] "GET /reload?ser=1599567919024 HTTP/1.1" 200 28 "http://renault.activities.at/result?searchterm=true&search=zoe" "Mozilla/5.0 (Windows NT 10.0; Win64; x64) AppleWebKit/537.36 (KHTML, like Gecko) Chrome/85.0.4183.83 Safari/537.36"
93.83.167.218 - - [08/Sep/2020:14:25:01 +0200] "GET /reload?ser=1599567901405 HTTP/1.1" 200 28 "http://renault.activities.at/10201634?dir=DESC&mode=grid&order=name&limit=50&page=2" "Mozilla/5.0 (Windows NT 6.1; Win64; x64) AppleWebKit/537.36 (KHTML, like Gecko) Chrome/85.0.4183.83 Safari/537.36"
157.97.69.246 - - [08/Sep/2020:14:25:03 +0200] "GET /orders HTTP/1.1" 200 5586 "http://renault.activities.at/account" "Mozilla/5.0 (Windows NT 10.0; Win64; x64) AppleWebKit/537.36 (KHTML, like Gecko) Chrome/85.0.4183.83 Safari/537.36 Edg/85.0.564.44"
157.97.69.246 - - [08/Sep/2020:14:25:05 +0200] "GET /images/pager_bg.gif HTTP/1.1" 200 150 "http://renault.activities.at/css/styles.css" "Mozilla/5.0 (Windows NT 10.0; Win64; x64) AppleWebKit/537.36 (KHTML, like Gecko) Chrome/85.0.4183.83 Safari/537.36 Edg/85.0.564.44"
157.97.69.246 - - [08/Sep/2020:14:25:05 +0200] "GET /loadthumbnail.php?id=10203276 HTTP/1.1" 200 75 "http://renault.activities.at/orders" "Mozilla/5.0 (Windows NT 10.0; Win64; x64) AppleWebKit/537.36 (KHTML, like Gecko) Chrome/85.0.4183.83 Safari/537.36 Edg/85.0.564.44"
157.97.71.85 - - [08/Sep/2020:14:25:11 +0200] "GET /reload?ser=1599567911391 HTTP/1.1" 200 28 "http://renault.activities.at/result?dir=DESC&mode=grid&order=name&limit=15&page=2&search=brosch%C3%BCre" "Mozilla/5.0 (Windows NT 10.0; Win64; x64) AppleWebKit/537.36 (KHTML, like Gecko) Chrome/85.0.4183.83 Safari/537.36"
157.97.69.246 - - [08/Sep/2020:14:25:15 +0200] "GET /10201636 HTTP/1.1" 200 8997 "http://renault.activities.at/orders" "Mozilla/5.0 (Windows NT 10.0; Win64; x64) AppleWebKit/537.36 (KHTML, like Gecko) Chrome/85.0.4183.83 Safari/537.36 Edg/85.0.564.44"
83.175.94.87 - - [08/Sep/2020:14:25:16 +0200] "GET /12198630?print=true HTTP/1.1" 200 2925 "http://renault.activities.at/result?dir=DESC&mode=grid&order=name&limit=15&page=1&search=zoe" "Mozilla/5.0 (Windows NT 10.0; Win64; x64) AppleWebKit/537.36 (KHTML, like Gecko) Chrome/85.0.4183.83 Safari/537.36"
83.175.94.87 - - [08/Sep/2020:14:25:19 +0200] "GET /loadthumbnail.php?id=12198633&width=250 HTTP/1.1" 200 5514 "http://renault.activities.at/12198630?print=true" "Mozilla/5.0 (Windows NT 10.0; Win64; x64) AppleWebKit/537.36 (KHTML, like Gecko) Chrome/85.0.4183.83 Safari/537.36"
83.175.94.87 - - [08/Sep/2020:14:25:19 +0200] "GET /loadthumbnail.php?id=12198633&width=900&height=900 HTTP/1.1" 200 35576 "http://renault.activities.at/12198630?print=true" "Mozilla/5.0 (Windows NT 10.0; Win64; x64) AppleWebKit/537.36 (KHTML, like Gecko) Chrome/85.0.4183.83 Safari/537.36"
157.97.69.246 - - [08/Sep/2020:14:25:18 +0200] "GET /10260261 HTTP/1.1" 200 6963 "http://renault.activities.at/orders" "Mozilla/5.0 (Windows NT 10.0; Win64; x64) AppleWebKit/537.36 (KHTML, like Gecko) Chrome/85.0.4183.83 Safari/537.36 Edg/85.0.564.44"
157.97.69.246 - - [08/Sep/2020:14:25:20 +0200] "GET /js/prototip.js HTTP/1.1" 200 4588 "http://renault.activities.at/10260261" "Mozilla/5.0 (Windows NT 10.0; Win64; x64) AppleWebKit/537.36 (KHTML, like Gecko) Chrome/85.0.4183.83 Safari/537.36 Edg/85.0.564.44"
157.97.69.246 - - [08/Sep/2020:14:25:20 +0200] "GET /js/ProduktGrp.js HTTP/1.1" 200 1569 "http://renault.activities.at/10260261" "Mozilla/5.0 (Windows NT 10.0; Win64; x64) AppleWebKit/537.36 (KHTML, like Gecko) Chrome/85.0.4183.83 Safari/537.36 Edg/85.0.564.44"
157.97.69.246 - - [08/Sep/2020:14:25:20 +0200] "GET /images/loading.gif HTTP/1.1" 200 3208 "http://renault.activities.at/10260261" "Mozilla/5.0 (Windows NT 10.0; Win64; x64) AppleWebKit/537.36 (KHTML, like Gecko) Chrome/85.0.4183.83 Safari/537.36 Edg/85.0.564.44"
157.97.69.246 - - [08/Sep/2020:14:25:20 +0200] "GET /loadthumbnail.php?id=12230578&width=113 HTTP/1.1" 200 1402 "http://renault.activities.at/10260261" "Mozilla/5.0 (Windows NT 10.0; Win64; x64) AppleWebKit/537.36 (KHTML, like Gecko) Chrome/85.0.4183.83 Safari/537.36 Edg/85.0.564.44"
157.97.69.246 - - [08/Sep/2020:14:25:20 +0200] "GET /loadthumbnail.php?id=10203255 HTTP/1.1" 200 137 "http://renault.activities.at/10260261" "Mozilla/5.0 (Windows NT 10.0; Win64; x64) AppleWebKit/537.36 (KHTML, like Gecko) Chrome/85.0.4183.83 Safari/537.36 Edg/85.0.564.44"
157.97.69.246 - - [08/Sep/2020:14:25:20 +0200] "GET /loadthumbnail.php?id=12137758&width=113 HTTP/1.1" 200 36121 "http://renault.activities.at/10260261" "Mozilla/5.0 (Windows NT 10.0; Win64; x64) AppleWebKit/537.36 (KHTML, like Gecko) Chrome/85.0.4183.83 Safari/537.36 Edg/85.0.564.44"
157.97.69.246 - - [08/Sep/2020:14:25:20 +0200] "GET /loadthumbnail.php?id=12139710&width=113 HTTP/1.1" 200 34483 "http://renault.activities.at/10260261" "Mozilla/5.0 (Windows NT 10.0; Win64; x64) AppleWebKit/537.36 (KHTML, like Gecko) Chrome/85.0.4183.83 Safari/537.36 Edg/85.0.564.44"
157.97.69.246 - - [08/Sep/2020:14:25:20 +0200] "GET /loadthumbnail.php?id=12231767&width=113 HTTP/1.1" 200 30758 "http://renault.activities.at/10260261" "Mozilla/5.0 (Windows NT 10.0; Win64; x64) AppleWebKit/537.36 (KHTML, like Gecko) Chrome/85.0.4183.83 Safari/537.36 Edg/85.0.564.44"
157.97.69.246 - - [08/Sep/2020:14:25:20 +0200] "GET /loadthumbnail.php?id=12204968&width=113 HTTP/1.1" 200 4284 "http://renault.activities.at/10260261" "Mozilla/5.0 (Windows NT 10.0; Win64; x64) AppleWebKit/537.36 (KHTML, like Gecko) Chrome/85.0.4183.83 Safari/537.36 Edg/85.0.564.44"
157.97.69.246 - - [08/Sep/2020:14:25:21 +0200] "GET /images/vista-up.gif HTTP/1.1" 200 131 "http://renault.activities.at/css/styles.css" "Mozilla/5.0 (Windows NT 10.0; Win64; x64) AppleWebKit/537.36 (KHTML, like Gecko) Chrome/85.0.4183.83 Safari/537.36 Edg/85.0.564.44"
157.97.69.246 - - [08/Sep/2020:14:25:21 +0200] "GET /images/vista-dn.gif HTTP/1.1" 200 128 "http://renault.activities.at/css/styles.css" "Mozilla/5.0 (Windows NT 10.0; Win64; x64) AppleWebKit/537.36 (KHTML, like Gecko) Chrome/85.0.4183.83 Safari/537.36 Edg/85.0.564.44"
157.97.69.246 - - [08/Sep/2020:14:25:21 +0200] "GET /loadthumbnail.php?id=12231771&width=113 HTTP/1.1" 200 30339 "http://renault.activities.at/10260261" "Mozilla/5.0 (Windows NT 10.0; Win64; x64) AppleWebKit/537.36 (KHTML, like Gecko) Chrome/85.0.4183.83 Safari/537.36 Edg/85.0.564.44"
83.175.94.87 - - [08/Sep/2020:14:25:30 +0200] "GET /reload?ser=1599567948486 HTTP/1.1" 200 28 "http://renault.activities.at/result?dir=DESC&mode=grid&order=name&limit=15&page=1&search=zoe" "Mozilla/5.0 (Windows NT 10.0; Win64; x64) AppleWebKit/537.36 (KHTML, like Gecko) Chrome/85.0.4183.83 Safari/537.36"
185.58.53.32 - - [08/Sep/2020:14:25:35 +0200] "GET /reload?ser=1599567935021 HTTP/1.1" 200 28 "http://renault.activities.at/10201442" "Mozilla/5.0 (Windows NT 10.0; Win64; x64) AppleWebKit/537.36 (KHTML, like Gecko) Chrome/85.0.4183.83 Safari/537.36"
157.97.69.246 - - [08/Sep/2020:14:25:36 +0200] "GET /10260254 HTTP/1.1" 200 6097 "http://renault.activities.at/10260261" "Mozilla/5.0 (Windows NT 10.0; Win64; x64) AppleWebKit/537.36 (KHTML, like Gecko) Chrome/85.0.4183.83 Safari/537.36 Edg/85.0.564.44"
157.97.69.246 - - [08/Sep/2020:14:25:38 +0200] "GET /loadthumbnail.php?id=11124852&width=113 HTTP/1.1" 200 8535 "http://renault.activities.at/10260254" "Mozilla/5.0 (Windows NT 10.0; Win64; x64) AppleWebKit/537.36 (KHTML, like Gecko) Chrome/85.0.4183.83 Safari/537.36 Edg/85.0.564.44"
157.97.69.246 - - [08/Sep/2020:14:25:46 +0200] "POST /axjaxrequest?mode=suggest HTTP/1.1" 200 21 "http://renault.activities.at/10260254" "Mozilla/5.0 (Windows NT 10.0; Win64; x64) AppleWebKit/537.36 (KHTML, like Gecko) Chrome/85.0.4183.83 Safari/537.36 Edg/85.0.564.44"
157.97.69.246 - - [08/Sep/2020:14:25:47 +0200] "GET /result?searchterm=true&search=Reifens%E4cke HTTP/1.1" 200 6189 "http://renault.activities.at/10260254" "Mozilla/5.0 (Windows NT 10.0; Win64; x64) AppleWebKit/537.36 (KHTML, like Gecko) Chrome/85.0.4183.83 Safari/537.36 Edg/85.0.564.44"
157.97.69.246 - - [08/Sep/2020:14:25:49 +0200] "GET /loadthumbnail.php?id=10203650&width=113 HTTP/1.1" 200 2741 "http://renault.activities.at/result?searchterm=true&search=Reifens%E4cke" "Mozilla/5.0 (Windows NT 10.0; Win64; x64) AppleWebKit/537.36 (KHTML, like Gecko) Chrome/85.0.4183.83 Safari/537.36 Edg/85.0.564.44"
157.97.69.246 - - [08/Sep/2020:14:25:47 +0200] "POST /axjaxrequest?mode=suggest HTTP/1.1" 200 118 "http://renault.activities.at/10260254" "Mozilla/5.0 (Windows NT 10.0; Win64; x64) AppleWebKit/537.36 (KHTML, like Gecko) Chrome/85.0.4183.83 Safari/537.36 Edg/85.0.564.44"
83.175.94.87 - - [08/Sep/2020:14:26:01 +0200] "GET /reload?ser=1599567979987 HTTP/1.1" 200 28 "http://renault.activities.at/result?searchterm=true&search=zoe" "Mozilla/5.0 (Windows NT 10.0; Win64; x64) AppleWebKit/537.36 (KHTML, like Gecko) Chrome/85.0.4183.83 Safari/537.36"
93.83.167.218 - - [08/Sep/2020:14:26:02 +0200] "GET /reload?ser=1599567962416 HTTP/1.1" 200 28 "http://renault.activities.at/10201634?dir=DESC&mode=grid&order=name&limit=50&page=2" "Mozilla/5.0 (Windows NT 6.1; Win64; x64) AppleWebKit/537.36 (KHTML, like Gecko) Chrome/85.0.4183.83 Safari/537.36"
157.97.71.85 - - [08/Sep/2020:14:26:12 +0200] "GET /reload?ser=1599567972371 HTTP/1.1" 200 28 "http://renault.activities.at/result?dir=DESC&mode=grid&order=name&limit=15&page=2&search=brosch%C3%BCre" "Mozilla/5.0 (Windows NT 10.0; Win64; x64) AppleWebKit/537.36 (KHTML, like Gecko) Chrome/85.0.4183.83 Safari/537.36"
83.175.94.87 - - [08/Sep/2020:14:26:31 +0200] "GET /reload?ser=1599568009406 HTTP/1.1" 200 28 "http://renault.activities.at/result?dir=DESC&mode=grid&order=name&limit=15&page=1&search=zoe" "Mozilla/5.0 (Windows NT 10.0; Win64; x64) AppleWebKit/537.36 (KHTML, like Gecko) Chrome/85.0.4183.83 Safari/537.36"
185.58.53.32 - - [08/Sep/2020:14:26:36 +0200] "GET /reload?ser=1599567996021 HTTP/1.1" 200 28 "http://renault.activities.at/10201442" "Mozilla/5.0 (Windows NT 10.0; Win64; x64) AppleWebKit/537.36 (KHTML, like Gecko) Chrome/85.0.4183.83 Safari/537.36"
83.175.94.87 - - [08/Sep/2020:14:27:02 +0200] "GET /reload?ser=1599568040942 HTTP/1.1" 200 28 "http://renault.activities.at/result?searchterm=true&search=zoe" "Mozilla/5.0 (Windows NT 10.0; Win64; x64) AppleWebKit/537.36 (KHTML, like Gecko) Chrome/85.0.4183.83 Safari/537.36"
93.83.167.218 - - [08/Sep/2020:14:27:03 +0200] "GET /reload?ser=1599568023426 HTTP/1.1" 200 28 "http://renault.activities.at/10201634?dir=DESC&mode=grid&order=name&limit=50&page=2" "Mozilla/5.0 (Windows NT 6.1; Win64; x64) AppleWebKit/537.36 (KHTML, like Gecko) Chrome/85.0.4183.83 Safari/537.36"
157.97.71.85 - - [08/Sep/2020:14:27:13 +0200] "GET /reload?ser=1599568033325 HTTP/1.1" 200 28 "http://renault.activities.at/result?dir=DESC&mode=grid&order=name&limit=15&page=2&search=brosch%C3%BCre" "Mozilla/5.0 (Windows NT 10.0; Win64; x64) AppleWebKit/537.36 (KHTML, like Gecko) Chrome/85.0.4183.83 Safari/537.36"
83.175.94.87 - - [08/Sep/2020:14:27:32 +0200] "GET /reload?ser=1599568070335 HTTP/1.1" 200 28 "http://renault.activities.at/result?dir=DESC&mode=grid&order=name&limit=15&page=1&search=zoe" "Mozilla/5.0 (Windows NT 10.0; Win64; x64) AppleWebKit/537.36 (KHTML, like Gecko) Chrome/85.0.4183.83 Safari/537.36"
185.58.53.32 - - [08/Sep/2020:14:27:37 +0200] "GET /reload?ser=1599568057021 HTTP/1.1" 200 28 "http://renault.activities.at/10201442" "Mozilla/5.0 (Windows NT 10.0; Win64; x64) AppleWebKit/537.36 (KHTML, like Gecko) Chrome/85.0.4183.83 Safari/537.36"
83.175.94.87 - - [08/Sep/2020:14:28:03 +0200] "GET /reload?ser=1599568101898 HTTP/1.1" 200 28 "http://renault.activities.at/result?searchterm=true&search=zoe" "Mozilla/5.0 (Windows NT 10.0; Win64; x64) AppleWebKit/537.36 (KHTML, like Gecko) Chrome/85.0.4183.83 Safari/537.36"
93.83.167.218 - - [08/Sep/2020:14:28:04 +0200] "GET /reload?ser=1599568084431 HTTP/1.1" 200 28 "http://renault.activities.at/10201634?dir=DESC&mode=grid&order=name&limit=50&page=2" "Mozilla/5.0 (Windows NT 6.1; Win64; x64) AppleWebKit/537.36 (KHTML, like Gecko) Chrome/85.0.4183.83 Safari/537.36"
157.97.71.85 - - [08/Sep/2020:14:28:14 +0200] "GET /reload?ser=1599568094333 HTTP/1.1" 200 28 "http://renault.activities.at/result?dir=DESC&mode=grid&order=name&limit=15&page=2&search=brosch%C3%BCre" "Mozilla/5.0 (Windows NT 10.0; Win64; x64) AppleWebKit/537.36 (KHTML, like Gecko) Chrome/85.0.4183.83 Safari/537.36"
212.152.246.132 - - [08/Sep/2020:14:28:30 +0200] "GET / HTTP/1.1" 200 3273 "https://www.google.at/" "Mozilla/5.0 (Windows NT 6.1; Win64; x64) AppleWebKit/537.36 (KHTML, like Gecko) Chrome/84.0.4147.135 Safari/537.36 OPR/70.0.3728.154"
212.152.246.132 - - [08/Sep/2020:14:28:31 +0200] "GET /js/default.js HTTP/1.1" 200 14698 "http://renault.activities.at/" "Mozilla/5.0 (Windows NT 6.1; Win64; x64) AppleWebKit/537.36 (KHTML, like Gecko) Chrome/84.0.4147.135 Safari/537.36 OPR/70.0.3728.154"
212.152.246.132 - - [08/Sep/2020:14:28:31 +0200] "GET /js/flashdetection.js HTTP/1.1" 200 1059 "http://renault.activities.at/" "Mozilla/5.0 (Windows NT 6.1; Win64; x64) AppleWebKit/537.36 (KHTML, like Gecko) Chrome/84.0.4147.135 Safari/537.36 OPR/70.0.3728.154"
212.152.246.132 - - [08/Sep/2020:14:28:31 +0200] "GET /css/reset.css HTTP/1.1" 200 1356 "http://renault.activities.at/" "Mozilla/5.0 (Windows NT 6.1; Win64; x64) AppleWebKit/537.36 (KHTML, like Gecko) Chrome/84.0.4147.135 Safari/537.36 OPR/70.0.3728.154"
212.152.246.132 - - [08/Sep/2020:14:28:31 +0200] "GET /css/clears.css HTTP/1.1" 200 851 "http://renault.activities.at/" "Mozilla/5.0 (Windows NT 6.1; Win64; x64) AppleWebKit/537.36 (KHTML, like Gecko) Chrome/84.0.4147.135 Safari/537.36 OPR/70.0.3728.154"
212.152.246.132 - - [08/Sep/2020:14:28:31 +0200] "GET /css/styles.css HTTP/1.1" 200 14664 "http://renault.activities.at/" "Mozilla/5.0 (Windows NT 6.1; Win64; x64) AppleWebKit/537.36 (KHTML, like Gecko) Chrome/84.0.4147.135 Safari/537.36 OPR/70.0.3728.154"
212.152.246.132 - - [08/Sep/2020:14:28:32 +0200] "GET /js/checkout.css HTTP/1.1" 200 359 "http://renault.activities.at/" "Mozilla/5.0 (Windows NT 6.1; Win64; x64) AppleWebKit/537.36 (KHTML, like Gecko) Chrome/84.0.4147.135 Safari/537.36 OPR/70.0.3728.154"
212.152.246.132 - - [08/Sep/2020:14:28:32 +0200] "GET /css/prototip.css HTTP/1.1" 200 968 "http://renault.activities.at/" "Mozilla/5.0 (Windows NT 6.1; Win64; x64) AppleWebKit/537.36 (KHTML, like Gecko) Chrome/84.0.4147.135 Safari/537.36 OPR/70.0.3728.154"
212.152.246.132 - - [08/Sep/2020:14:28:32 +0200] "GET /css/themes/default.css HTTP/1.1" 200 769 "http://renault.activities.at/" "Mozilla/5.0 (Windows NT 6.1; Win64; x64) AppleWebKit/537.36 (KHTML, like Gecko) Chrome/84.0.4147.135 Safari/537.36 OPR/70.0.3728.154"
212.152.246.132 - - [08/Sep/2020:14:28:32 +0200] "GET /css/themes/alphacube.css HTTP/1.1" 200 743 "http://renault.activities.at/" "Mozilla/5.0 (Windows NT 6.1; Win64; x64) AppleWebKit/537.36 (KHTML, like Gecko) Chrome/84.0.4147.135 Safari/537.36 OPR/70.0.3728.154"
212.152.246.132 - - [08/Sep/2020:14:28:31 +0200] "GET /js/index.php?c=auto&f=,prototype/prototype.js,prototype/validation.js,scriptaculous/builder.js,scriptaculous/effects.js,scriptaculous/dragdrop.js,scriptaculous/controls.js,scriptaculous/slider.js,varien/js.js,varien/form.js,varien/menu.js,mage/translate.js,mage/cookies.js,varien/product.js,spinner/SpinnerControl.jsmin.js,prototype/window.js,prototype/window_ext.js HTTP/1.1" 200 94182 "http://renault.activities.at/" "Mozilla/5.0 (Windows NT 6.1; Win64; x64) AppleWebKit/537.36 (KHTML, like Gecko) Chrome/84.0.4147.135 Safari/537.36 OPR/70.0.3728.154"
83.175.94.87 - - [08/Sep/2020:14:28:33 +0200] "GET /reload?ser=1599568131308 HTTP/1.1" 200 28 "http://renault.activities.at/result?dir=DESC&mode=grid&order=name&limit=15&page=1&search=zoe" "Mozilla/5.0 (Windows NT 10.0; Win64; x64) AppleWebKit/537.36 (KHTML, like Gecko) Chrome/85.0.4183.83 Safari/537.36"
212.152.246.132 - - [08/Sep/2020:14:28:33 +0200] "GET / HTTP/1.1" 200 3273 "https://www.google.at/" "Mozilla/5.0 (Windows NT 6.1; Win64; x64) AppleWebKit/537.36 (KHTML, like Gecko) Chrome/84.0.4147.135 Safari/537.36 OPR/70.0.3728.154"
212.152.246.132 - - [08/Sep/2020:14:28:34 +0200] "GET /css/print.css HTTP/1.1" 200 543 "http://renault.activities.at/" "Mozilla/5.0 (Windows NT 6.1; Win64; x64) AppleWebKit/537.36 (KHTML, like Gecko) Chrome/84.0.4147.135 Safari/537.36 OPR/70.0.3728.154"
212.152.246.132 - - [08/Sep/2020:14:28:34 +0200] "GET /images/main_block_border.gif HTTP/1.1" 200 43 "http://renault.activities.at/css/styles.css" "Mozilla/5.0 (Windows NT 6.1; Win64; x64) AppleWebKit/537.36 (KHTML, like Gecko) Chrome/84.0.4147.135 Safari/537.36 OPR/70.0.3728.154"
212.152.246.132 - - [08/Sep/2020:14:28:34 +0200] "GET /images/main_block_corner_left_bot.gif HTTP/1.1" 200 159 "http://renault.activities.at/css/styles.css" "Mozilla/5.0 (Windows NT 6.1; Win64; x64) AppleWebKit/537.36 (KHTML, like Gecko) Chrome/84.0.4147.135 Safari/537.36 OPR/70.0.3728.154"
212.152.246.132 - - [08/Sep/2020:14:28:34 +0200] "GET /images/main_block_corner_right_bot.gif HTTP/1.1" 200 158 "http://renault.activities.at/css/styles.css" "Mozilla/5.0 (Windows NT 6.1; Win64; x64) AppleWebKit/537.36 (KHTML, like Gecko) Chrome/84.0.4147.135 Safari/537.36 OPR/70.0.3728.154"
212.152.246.132 - - [08/Sep/2020:14:28:34 +0200] "GET /images/header_block_border.gif HTTP/1.1" 200 43 "http://renault.activities.at/css/styles.css" "Mozilla/5.0 (Windows NT 6.1; Win64; x64) AppleWebKit/537.36 (KHTML, like Gecko) Chrome/84.0.4147.135 Safari/537.36 OPR/70.0.3728.154"
212.152.246.132 - - [08/Sep/2020:14:28:34 +0200] "GET /images/header_block_corner_left_top.gif HTTP/1.1" 200 160 "http://renault.activities.at/css/styles.css" "Mozilla/5.0 (Windows NT 6.1; Win64; x64) AppleWebKit/537.36 (KHTML, like Gecko) Chrome/84.0.4147.135 Safari/537.36 OPR/70.0.3728.154"
212.152.246.132 - - [08/Sep/2020:14:28:34 +0200] "GET /images/title_corner_right_top.jpg HTTP/1.1" 200 389 "http://renault.activities.at/css/styles.css" "Mozilla/5.0 (Windows NT 6.1; Win64; x64) AppleWebKit/537.36 (KHTML, like Gecko) Chrome/84.0.4147.135 Safari/537.36 OPR/70.0.3728.154"
212.152.246.132 - - [08/Sep/2020:14:28:34 +0200] "GET /images/title_border.jpg HTTP/1.1" 200 304 "http://renault.activities.at/css/styles.css" "Mozilla/5.0 (Windows NT 6.1; Win64; x64) AppleWebKit/537.36 (KHTML, like Gecko) Chrome/84.0.4147.135 Safari/537.36 OPR/70.0.3728.154"
212.152.246.132 - - [08/Sep/2020:14:28:34 +0200] "GET /images/main_block_corner_right_top.gif HTTP/1.1" 200 159 "http://renault.activities.at/css/styles.css" "Mozilla/5.0 (Windows NT 6.1; Win64; x64) AppleWebKit/537.36 (KHTML, like Gecko) Chrome/84.0.4147.135 Safari/537.36 OPR/70.0.3728.154"
212.152.246.132 - - [08/Sep/2020:14:28:34 +0200] "GET /images/title_corner_left_top.jpg HTTP/1.1" 200 372 "http://renault.activities.at/css/styles.css" "Mozilla/5.0 (Windows NT 6.1; Win64; x64) AppleWebKit/537.36 (KHTML, like Gecko) Chrome/84.0.4147.135 Safari/537.36 OPR/70.0.3728.154"
212.152.246.132 - - [08/Sep/2020:14:28:34 +0200] "GET /images/title_border_top.jpg HTTP/1.1" 200 336 "http://renault.activities.at/css/styles.css" "Mozilla/5.0 (Windows NT 6.1; Win64; x64) AppleWebKit/537.36 (KHTML, like Gecko) Chrome/84.0.4147.135 Safari/537.36 OPR/70.0.3728.154"
212.152.246.132 - - [08/Sep/2020:14:28:34 +0200] "GET /images/header_block_corner_right_top.gif HTTP/1.1" 200 160 "http://renault.activities.at/css/styles.css" "Mozilla/5.0 (Windows NT 6.1; Win64; x64) AppleWebKit/537.36 (KHTML, like Gecko) Chrome/84.0.4147.135 Safari/537.36 OPR/70.0.3728.154"
212.152.246.132 - - [08/Sep/2020:14:28:34 +0200] "GET /images/main_block_corner_left_top.gif HTTP/1.1" 200 159 "http://renault.activities.at/css/styles.css" "Mozilla/5.0 (Windows NT 6.1; Win64; x64) AppleWebKit/537.36 (KHTML, like Gecko) Chrome/84.0.4147.135 Safari/537.36 OPR/70.0.3728.154"
212.152.246.132 - - [08/Sep/2020:14:28:34 +0200] "GET /loadthumbnail.php?id=11127982 HTTP/1.1" 200 399614 "http://renault.activities.at/" "Mozilla/5.0 (Windows NT 6.1; Win64; x64) AppleWebKit/537.36 (KHTML, like Gecko) Chrome/84.0.4147.135 Safari/537.36 OPR/70.0.3728.154"
212.152.246.132 - - [08/Sep/2020:14:28:35 +0200] "GET /images/favicon.ico HTTP/1.1" 404 305 "http://renault.activities.at/" "Mozilla/5.0 (Windows NT 6.1; Win64; x64) AppleWebKit/537.36 (KHTML, like Gecko) Chrome/84.0.4147.135 Safari/537.36 OPR/70.0.3728.154"
185.58.53.32 - - [08/Sep/2020:14:28:38 +0200] "GET /reload?ser=1599568118022 HTTP/1.1" 200 28 "http://renault.activities.at/10201442" "Mozilla/5.0 (Windows NT 10.0; Win64; x64) AppleWebKit/537.36 (KHTML, like Gecko) Chrome/85.0.4183.83 Safari/537.36"
212.152.246.132 - - [08/Sep/2020:14:28:44 +0200] "GET /login HTTP/1.1" 200 2085 "http://renault.activities.at/" "Mozilla/5.0 (Windows NT 6.1; Win64; x64) AppleWebKit/537.36 (KHTML, like Gecko) Chrome/84.0.4147.135 Safari/537.36 OPR/70.0.3728.154"
212.152.246.132 - - [08/Sep/2020:14:28:44 +0200] "GET /images/button_left_bg.gif HTTP/1.1" 200 564 "http://renault.activities.at/css/styles.css" "Mozilla/5.0 (Windows NT 6.1; Win64; x64) AppleWebKit/537.36 (KHTML, like Gecko) Chrome/84.0.4147.135 Safari/537.36 OPR/70.0.3728.154"
212.152.246.132 - - [08/Sep/2020:14:28:45 +0200] "GET /images/button_right_bg.gif HTTP/1.1" 200 561 "http://renault.activities.at/css/styles.css" "Mozilla/5.0 (Windows NT 6.1; Win64; x64) AppleWebKit/537.36 (KHTML, like Gecko) Chrome/84.0.4147.135 Safari/537.36 OPR/70.0.3728.154"
212.152.246.132 - - [08/Sep/2020:14:28:45 +0200] "GET /images/button_bg.gif HTTP/1.1" 200 151 "http://renault.activities.at/css/styles.css" "Mozilla/5.0 (Windows NT 6.1; Win64; x64) AppleWebKit/537.36 (KHTML, like Gecko) Chrome/84.0.4147.135 Safari/537.36 OPR/70.0.3728.154"
212.152.246.132 - - [08/Sep/2020:14:29:02 +0200] "POST /login HTTP/1.1" 302 140 "http://renault.activities.at/login" "Mozilla/5.0 (Windows NT 6.1; Win64; x64) AppleWebKit/537.36 (KHTML, like Gecko) Chrome/84.0.4147.135 Safari/537.36 OPR/70.0.3728.154"
83.175.94.87 - - [08/Sep/2020:14:29:04 +0200] "GET /reload?ser=1599568162864 HTTP/1.1" 200 28 "http://renault.activities.at/result?searchterm=true&search=zoe" "Mozilla/5.0 (Windows NT 10.0; Win64; x64) AppleWebKit/537.36 (KHTML, like Gecko) Chrome/85.0.4183.83 Safari/537.36"
93.83.167.218 - - [08/Sep/2020:14:29:05 +0200] "GET /reload?ser=1599568145435 HTTP/1.1" 200 28 "http://renault.activities.at/10201634?dir=DESC&mode=grid&order=name&limit=50&page=2" "Mozilla/5.0 (Windows NT 6.1; Win64; x64) AppleWebKit/537.36 (KHTML, like Gecko) Chrome/85.0.4183.83 Safari/537.36"
212.152.246.132 - - [08/Sep/2020:14:29:04 +0200] "GET /account HTTP/1.1" 200 6061 "http://renault.activities.at/login" "Mozilla/5.0 (Windows NT 6.1; Win64; x64) AppleWebKit/537.36 (KHTML, like Gecko) Chrome/84.0.4147.135 Safari/537.36 OPR/70.0.3728.154"
212.152.246.132 - - [08/Sep/2020:14:29:04 +0200] "POST /login HTTP/1.1" 302 140 "http://renault.activities.at/login" "Mozilla/5.0 (Windows NT 6.1; Win64; x64) AppleWebKit/537.36 (KHTML, like Gecko) Chrome/84.0.4147.135 Safari/537.36 OPR/70.0.3728.154"
212.152.246.132 - - [08/Sep/2020:14:29:08 +0200] "GET /account HTTP/1.1" 200 6061 "http://renault.activities.at/login" "Mozilla/5.0 (Windows NT 6.1; Win64; x64) AppleWebKit/537.36 (KHTML, like Gecko) Chrome/84.0.4147.135 Safari/537.36 OPR/70.0.3728.154"
212.152.246.132 - - [08/Sep/2020:14:29:10 +0200] "GET /js/account.js HTTP/1.1" 200 953 "http://renault.activities.at/account" "Mozilla/5.0 (Windows NT 6.1; Win64; x64) AppleWebKit/537.36 (KHTML, like Gecko) Chrome/84.0.4147.135 Safari/537.36 OPR/70.0.3728.154"
212.152.246.132 - - [08/Sep/2020:14:29:10 +0200] "GET /images/search_bg.gif HTTP/1.1" 200 1726 "http://renault.activities.at/css/styles.css" "Mozilla/5.0 (Windows NT 6.1; Win64; x64) AppleWebKit/537.36 (KHTML, like Gecko) Chrome/84.0.4147.135 Safari/537.36 OPR/70.0.3728.154"
212.152.246.132 - - [08/Sep/2020:14:29:10 +0200] "GET /images/menu_divider.gif HTTP/1.1" 200 176 "http://renault.activities.at/css/styles.css" "Mozilla/5.0 (Windows NT 6.1; Win64; x64) AppleWebKit/537.36 (KHTML, like Gecko) Chrome/84.0.4147.135 Safari/537.36 OPR/70.0.3728.154"
212.152.246.132 - - [08/Sep/2020:14:29:10 +0200] "GET /images/top_links_divider.gif HTTP/1.1" 200 44 "http://renault.activities.at/css/styles.css" "Mozilla/5.0 (Windows NT 6.1; Win64; x64) AppleWebKit/537.36 (KHTML, like Gecko) Chrome/84.0.4147.135 Safari/537.36 OPR/70.0.3728.154"
212.152.246.132 - - [08/Sep/2020:14:29:10 +0200] "GET /images/sidebar_title_corner_right_top.gif HTTP/1.1" 200 383 "http://renault.activities.at/css/styles.css" "Mozilla/5.0 (Windows NT 6.1; Win64; x64) AppleWebKit/537.36 (KHTML, like Gecko) Chrome/84.0.4147.135 Safari/537.36 OPR/70.0.3728.154"
212.152.246.132 - - [08/Sep/2020:14:29:10 +0200] "GET /images/sidebar_title_corner_left_top.gif HTTP/1.1" 200 1124 "http://renault.activities.at/css/styles.css" "Mozilla/5.0 (Windows NT 6.1; Win64; x64) AppleWebKit/537.36 (KHTML, like Gecko) Chrome/84.0.4147.135 Safari/537.36 OPR/70.0.3728.154"
212.152.246.132 - - [08/Sep/2020:14:29:10 +0200] "GET /images/sidebar_title_border.gif HTTP/1.1" 200 43 "http://renault.activities.at/css/styles.css" "Mozilla/5.0 (Windows NT 6.1; Win64; x64) AppleWebKit/537.36 (KHTML, like Gecko) Chrome/84.0.4147.135 Safari/537.36 OPR/70.0.3728.154"
212.152.246.132 - - [08/Sep/2020:14:29:10 +0200] "GET /images/sidebar_title_border_top.gif HTTP/1.1" 200 155 "http://renault.activities.at/css/styles.css" "Mozilla/5.0 (Windows NT 6.1; Win64; x64) AppleWebKit/537.36 (KHTML, like Gecko) Chrome/84.0.4147.135 Safari/537.36 OPR/70.0.3728.154"
212.152.246.132 - - [08/Sep/2020:14:29:10 +0200] "GET /images/menu_button_bg.jpg HTTP/1.1" 200 322 "http://renault.activities.at/css/styles.css" "Mozilla/5.0 (Windows NT 6.1; Win64; x64) AppleWebKit/537.36 (KHTML, like Gecko) Chrome/84.0.4147.135 Safari/537.36 OPR/70.0.3728.154"
212.152.246.132 - - [08/Sep/2020:14:29:10 +0200] "GET /images/nav_divider.gif HTTP/1.1" 200 43 "http://renault.activities.at/css/styles.css" "Mozilla/5.0 (Windows NT 6.1; Win64; x64) AppleWebKit/537.36 (KHTML, like Gecko) Chrome/84.0.4147.135 Safari/537.36 OPR/70.0.3728.154"
212.152.246.132 - - [08/Sep/2020:14:29:10 +0200] "GET /loadthumbnail.php?id=12205692&width=50&height=50 HTTP/1.1" 200 1660 "http://renault.activities.at/account" "Mozilla/5.0 (Windows NT 6.1; Win64; x64) AppleWebKit/537.36 (KHTML, like Gecko) Chrome/84.0.4147.135 Safari/537.36 OPR/70.0.3728.154"
212.152.246.132 - - [08/Sep/2020:14:29:10 +0200] "GET /images/footer_divider.gif HTTP/1.1" 200 44 "http://renault.activities.at/css/styles.css" "Mozilla/5.0 (Windows NT 6.1; Win64; x64) AppleWebKit/537.36 (KHTML, like Gecko) Chrome/84.0.4147.135 Safari/537.36 OPR/70.0.3728.154"
212.152.246.132 - - [08/Sep/2020:14:29:10 +0200] "GET /loadthumbnail.php?id=11434114&width=50&height=50 HTTP/1.1" 200 1658 "http://renault.activities.at/account" "Mozilla/5.0 (Windows NT 6.1; Win64; x64) AppleWebKit/537.36 (KHTML, like Gecko) Chrome/84.0.4147.135 Safari/537.36 OPR/70.0.3728.154"
212.152.246.132 - - [08/Sep/2020:14:29:10 +0200] "GET /loadthumbnail.php?id=10745359&width=50&height=50 HTTP/1.1" 200 1503 "http://renault.activities.at/account" "Mozilla/5.0 (Windows NT 6.1; Win64; x64) AppleWebKit/537.36 (KHTML, like Gecko) Chrome/84.0.4147.135 Safari/537.36 OPR/70.0.3728.154"
157.97.71.85 - - [08/Sep/2020:14:29:15 +0200] "GET /reload?ser=1599568155284 HTTP/1.1" 200 28 "http://renault.activities.at/result?dir=DESC&mode=grid&order=name&limit=15&page=2&search=brosch%C3%BCre" "Mozilla/5.0 (Windows NT 10.0; Win64; x64) AppleWebKit/537.36 (KHTML, like Gecko) Chrome/85.0.4183.83 Safari/537.36"
212.152.246.132 - - [08/Sep/2020:14:29:23 +0200] "POST /axjaxrequest?mode=suggest HTTP/1.1" 200 153 "http://renault.activities.at/account" "Mozilla/5.0 (Windows NT 6.1; Win64; x64) AppleWebKit/537.36 (KHTML, like Gecko) Chrome/84.0.4147.135 Safari/537.36 OPR/70.0.3728.154"
212.152.246.132 - - [08/Sep/2020:14:29:25 +0200] "POST /axjaxrequest?mode=suggest HTTP/1.1" 200 133 "http://renault.activities.at/account" "Mozilla/5.0 (Windows NT 6.1; Win64; x64) AppleWebKit/537.36 (KHTML, like Gecko) Chrome/84.0.4147.135 Safari/537.36 OPR/70.0.3728.154"
212.152.246.132 - - [08/Sep/2020:14:29:26 +0200] "POST /axjaxrequest?mode=suggest HTTP/1.1" 200 21 "http://renault.activities.at/account" "Mozilla/5.0 (Windows NT 6.1; Win64; x64) AppleWebKit/537.36 (KHTML, like Gecko) Chrome/84.0.4147.135 Safari/537.36 OPR/70.0.3728.154"
212.152.246.132 - - [08/Sep/2020:14:29:28 +0200] "POST /axjaxrequest?mode=suggest HTTP/1.1" 200 21 "http://renault.activities.at/account" "Mozilla/5.0 (Windows NT 6.1; Win64; x64) AppleWebKit/537.36 (KHTML, like Gecko) Chrome/84.0.4147.135 Safari/537.36 OPR/70.0.3728.154"
212.152.246.132 - - [08/Sep/2020:14:29:29 +0200] "GET /result?searchterm=true&search=Dacia-Fahne HTTP/1.1" 200 6080 "http://renault.activities.at/account" "Mozilla/5.0 (Windows NT 6.1; Win64; x64) AppleWebKit/537.36 (KHTML, like Gecko) Chrome/84.0.4147.135 Safari/537.36 OPR/70.0.3728.154"
212.152.246.132 - - [08/Sep/2020:14:29:31 +0200] "GET /js/prototip.js HTTP/1.1" 200 4588 "http://renault.activities.at/result?searchterm=true&search=Dacia-Fahne" "Mozilla/5.0 (Windows NT 6.1; Win64; x64) AppleWebKit/537.36 (KHTML, like Gecko) Chrome/84.0.4147.135 Safari/537.36 OPR/70.0.3728.154"
212.152.246.132 - - [08/Sep/2020:14:29:31 +0200] "GET /js/ProduktGrp.js HTTP/1.1" 200 1569 "http://renault.activities.at/result?searchterm=true&search=Dacia-Fahne" "Mozilla/5.0 (Windows NT 6.1; Win64; x64) AppleWebKit/537.36 (KHTML, like Gecko) Chrome/84.0.4147.135 Safari/537.36 OPR/70.0.3728.154"
212.152.246.132 - - [08/Sep/2020:14:29:31 +0200] "GET /images/loading.gif HTTP/1.1" 200 3208 "http://renault.activities.at/result?searchterm=true&search=Dacia-Fahne" "Mozilla/5.0 (Windows NT 6.1; Win64; x64) AppleWebKit/537.36 (KHTML, like Gecko) Chrome/84.0.4147.135 Safari/537.36 OPR/70.0.3728.154"
212.152.246.132 - - [08/Sep/2020:14:29:31 +0200] "GET /images/pager_bg.gif HTTP/1.1" 200 150 "http://renault.activities.at/css/styles.css" "Mozilla/5.0 (Windows NT 6.1; Win64; x64) AppleWebKit/537.36 (KHTML, like Gecko) Chrome/84.0.4147.135 Safari/537.36 OPR/70.0.3728.154"
212.152.246.132 - - [08/Sep/2020:14:29:31 +0200] "GET /images/vista-up.gif HTTP/1.1" 200 131 "http://renault.activities.at/css/styles.css" "Mozilla/5.0 (Windows NT 6.1; Win64; x64) AppleWebKit/537.36 (KHTML, like Gecko) Chrome/84.0.4147.135 Safari/537.36 OPR/70.0.3728.154"
212.152.246.132 - - [08/Sep/2020:14:29:31 +0200] "GET /images/vista-dn.gif HTTP/1.1" 200 128 "http://renault.activities.at/css/styles.css" "Mozilla/5.0 (Windows NT 6.1; Win64; x64) AppleWebKit/537.36 (KHTML, like Gecko) Chrome/84.0.4147.135 Safari/537.36 OPR/70.0.3728.154"
212.152.246.132 - - [08/Sep/2020:14:29:31 +0200] "GET /images/validation_advice_bg.gif HTTP/1.1" 200 134 "http://renault.activities.at/css/styles.css" "Mozilla/5.0 (Windows NT 6.1; Win64; x64) AppleWebKit/537.36 (KHTML, like Gecko) Chrome/84.0.4147.135 Safari/537.36 OPR/70.0.3728.154"
212.152.246.132 - - [08/Sep/2020:14:29:31 +0200] "GET /loadthumbnail.php?id=10203255 HTTP/1.1" 200 137 "http://renault.activities.at/result?searchterm=true&search=Dacia-Fahne" "Mozilla/5.0 (Windows NT 6.1; Win64; x64) AppleWebKit/537.36 (KHTML, like Gecko) Chrome/84.0.4147.135 Safari/537.36 OPR/70.0.3728.154"
212.152.246.132 - - [08/Sep/2020:14:29:31 +0200] "GET /loadthumbnail.php?id=10203650&width=113 HTTP/1.1" 200 2741 "http://renault.activities.at/result?searchterm=true&search=Dacia-Fahne" "Mozilla/5.0 (Windows NT 6.1; Win64; x64) AppleWebKit/537.36 (KHTML, like Gecko) Chrome/84.0.4147.135 Safari/537.36 OPR/70.0.3728.154"
212.152.246.132 - - [08/Sep/2020:14:29:29 +0200] "POST /axjaxrequest?mode=suggest HTTP/1.1" 200 113 "http://renault.activities.at/account" "Mozilla/5.0 (Windows NT 6.1; Win64; x64) AppleWebKit/537.36 (KHTML, like Gecko) Chrome/84.0.4147.135 Safari/537.36 OPR/70.0.3728.154"
83.175.94.87 - - [08/Sep/2020:14:29:34 +0200] "GET /reload?ser=1599568192250 HTTP/1.1" 200 28 "http://renault.activities.at/result?dir=DESC&mode=grid&order=name&limit=15&page=1&search=zoe" "Mozilla/5.0 (Windows NT 10.0; Win64; x64) AppleWebKit/537.36 (KHTML, like Gecko) Chrome/85.0.4183.83 Safari/537.36"
212.152.246.132 - - [08/Sep/2020:14:29:36 +0200] "POST /axjaxrequest?mode=suggest HTTP/1.1" 200 133 "http://renault.activities.at/result?searchterm=true&search=Dacia-Fahne" "Mozilla/5.0 (Windows NT 6.1; Win64; x64) AppleWebKit/537.36 (KHTML, like Gecko) Chrome/84.0.4147.135 Safari/537.36 OPR/70.0.3728.154"
212.152.246.132 - - [08/Sep/2020:14:29:37 +0200] "GET /result?searchterm=true&search=Dacia+Folder HTTP/1.1" 200 5960 "http://renault.activities.at/result?searchterm=true&search=Dacia-Fahne" "Mozilla/5.0 (Windows NT 6.1; Win64; x64) AppleWebKit/537.36 (KHTML, like Gecko) Chrome/84.0.4147.135 Safari/537.36 OPR/70.0.3728.154"
212.152.246.132 - - [08/Sep/2020:14:29:39 +0200] "GET /loadthumbnail.php?id=12088443&width=113 HTTP/1.1" 200 7201 "http://renault.activities.at/result?searchterm=true&search=Dacia+Folder" "Mozilla/5.0 (Windows NT 6.1; Win64; x64) AppleWebKit/537.36 (KHTML, like Gecko) Chrome/84.0.4147.135 Safari/537.36 OPR/70.0.3728.154"
185.58.53.32 - - [08/Sep/2020:14:29:39 +0200] "GET /reload?ser=1599568178996 HTTP/1.1" 200 28 "http://renault.activities.at/10201442" "Mozilla/5.0 (Windows NT 10.0; Win64; x64) AppleWebKit/537.36 (KHTML, like Gecko) Chrome/85.0.4183.83 Safari/537.36"
212.152.246.132 - - [08/Sep/2020:14:29:37 +0200] "POST /axjaxrequest?mode=suggest HTTP/1.1" 200 21 "http://renault.activities.at/result?searchterm=true&search=Dacia-Fahne" "Mozilla/5.0 (Windows NT 6.1; Win64; x64) AppleWebKit/537.36 (KHTML, like Gecko) Chrome/84.0.4147.135 Safari/537.36 OPR/70.0.3728.154"
212.152.246.132 - - [08/Sep/2020:14:29:47 +0200] "GET /10260250 HTTP/1.1" 200 8989 "http://renault.activities.at/result?searchterm=true&search=Dacia+Folder" "Mozilla/5.0 (Windows NT 6.1; Win64; x64) AppleWebKit/537.36 (KHTML, like Gecko) Chrome/84.0.4147.135 Safari/537.36 OPR/70.0.3728.154"
212.152.246.132 - - [08/Sep/2020:14:29:50 +0200] "GET /loadthumbnail.php?id=10203276 HTTP/1.1" 200 75 "http://renault.activities.at/10260250" "Mozilla/5.0 (Windows NT 6.1; Win64; x64) AppleWebKit/537.36 (KHTML, like Gecko) Chrome/84.0.4147.135 Safari/537.36 OPR/70.0.3728.154"
212.152.246.132 - - [08/Sep/2020:14:29:50 +0200] "GET /loadthumbnail.php?id=12138224&width=113 HTTP/1.1" 200 3427 "http://renault.activities.at/10260250" "Mozilla/5.0 (Windows NT 6.1; Win64; x64) AppleWebKit/537.36 (KHTML, like Gecko) Chrome/84.0.4147.135 Safari/537.36 OPR/70.0.3728.154"
212.152.246.132 - - [08/Sep/2020:14:29:50 +0200] "GET /loadthumbnail.php?id=12037190&width=113 HTTP/1.1" 200 19857 "http://renault.activities.at/10260250" "Mozilla/5.0 (Windows NT 6.1; Win64; x64) AppleWebKit/537.36 (KHTML, like Gecko) Chrome/84.0.4147.135 Safari/537.36 OPR/70.0.3728.154"
212.152.246.132 - - [08/Sep/2020:14:29:50 +0200] "GET /loadthumbnail.php?id=11976076&width=113 HTTP/1.1" 200 17152 "http://renault.activities.at/10260250" "Mozilla/5.0 (Windows NT 6.1; Win64; x64) AppleWebKit/537.36 (KHTML, like Gecko) Chrome/84.0.4147.135 Safari/537.36 OPR/70.0.3728.154"
212.152.246.132 - - [08/Sep/2020:14:29:50 +0200] "GET /loadthumbnail.php?id=12122446&width=113 HTTP/1.1" 200 3706 "http://renault.activities.at/10260250" "Mozilla/5.0 (Windows NT 6.1; Win64; x64) AppleWebKit/537.36 (KHTML, like Gecko) Chrome/84.0.4147.135 Safari/537.36 OPR/70.0.3728.154"
212.152.246.132 - - [08/Sep/2020:14:29:50 +0200] "GET /loadthumbnail.php?id=12047627&width=113 HTTP/1.1" 200 3640 "http://renault.activities.at/10260250" "Mozilla/5.0 (Windows NT 6.1; Win64; x64) AppleWebKit/537.36 (KHTML, like Gecko) Chrome/84.0.4147.135 Safari/537.36 OPR/70.0.3728.154"
212.152.246.132 - - [08/Sep/2020:14:29:50 +0200] "GET /loadthumbnail.php?id=11793250&width=113 HTTP/1.1" 200 23647 "http://renault.activities.at/10260250" "Mozilla/5.0 (Windows NT 6.1; Win64; x64) AppleWebKit/537.36 (KHTML, like Gecko) Chrome/84.0.4147.135 Safari/537.36 OPR/70.0.3728.154"
212.152.246.132 - - [08/Sep/2020:14:29:50 +0200] "GET /loadthumbnail.php?id=11976088&width=113 HTTP/1.1" 200 23388 "http://renault.activities.at/10260250" "Mozilla/5.0 (Windows NT 6.1; Win64; x64) AppleWebKit/537.36 (KHTML, like Gecko) Chrome/84.0.4147.135 Safari/537.36 OPR/70.0.3728.154"
212.152.246.132 - - [08/Sep/2020:14:29:51 +0200] "GET /loadthumbnail.php?id=12115542&width=113 HTTP/1.1" 200 6084 "http://renault.activities.at/10260250" "Mozilla/5.0 (Windows NT 6.1; Win64; x64) AppleWebKit/537.36 (KHTML, like Gecko) Chrome/84.0.4147.135 Safari/537.36 OPR/70.0.3728.154"
212.152.246.132 - - [08/Sep/2020:14:29:51 +0200] "GET /loadthumbnail.php?id=12153811&width=113 HTTP/1.1" 200 2537 "http://renault.activities.at/10260250" "Mozilla/5.0 (Windows NT 6.1; Win64; x64) AppleWebKit/537.36 (KHTML, like Gecko) Chrome/84.0.4147.135 Safari/537.36 OPR/70.0.3728.154"
212.152.246.132 - - [08/Sep/2020:14:29:51 +0200] "GET /loadthumbnail.php?id=11564187&width=113 HTTP/1.1" 200 22491 "http://renault.activities.at/10260250" "Mozilla/5.0 (Windows NT 6.1; Win64; x64) AppleWebKit/537.36 (KHTML, like Gecko) Chrome/84.0.4147.135 Safari/537.36 OPR/70.0.3728.154"
212.152.246.132 - - [08/Sep/2020:14:29:51 +0200] "GET /loadthumbnail.php?id=11976092&width=113 HTTP/1.1" 200 22943 "http://renault.activities.at/10260250" "Mozilla/5.0 (Windows NT 6.1; Win64; x64) AppleWebKit/537.36 (KHTML, like Gecko) Chrome/84.0.4147.135 Safari/537.36 OPR/70.0.3728.154"
212.152.246.132 - - [08/Sep/2020:14:29:51 +0200] "GET /loadthumbnail.php?id=11475295&width=113 HTTP/1.1" 200 17922 "http://renault.activities.at/10260250" "Mozilla/5.0 (Windows NT 6.1; Win64; x64) AppleWebKit/537.36 (KHTML, like Gecko) Chrome/84.0.4147.135 Safari/537.36 OPR/70.0.3728.154"
212.152.246.132 - - [08/Sep/2020:14:29:51 +0200] "GET /loadthumbnail.php?id=12064393&width=113 HTTP/1.1" 200 2870 "http://renault.activities.at/10260250" "Mozilla/5.0 (Windows NT 6.1; Win64; x64) AppleWebKit/537.36 (KHTML, like Gecko) Chrome/84.0.4147.135 Safari/537.36 OPR/70.0.3728.154"
212.152.246.132 - - [08/Sep/2020:14:29:51 +0200] "GET /loadthumbnail.php?id=11878139&width=113 HTTP/1.1" 200 19930 "http://renault.activities.at/10260250" "Mozilla/5.0 (Windows NT 6.1; Win64; x64) AppleWebKit/537.36 (KHTML, like Gecko) Chrome/84.0.4147.135 Safari/537.36 OPR/70.0.3728.154"
212.152.246.132 - - [08/Sep/2020:14:29:51 +0200] "GET /loadthumbnail.php?id=11760072&width=113 HTTP/1.1" 200 22371 "http://renault.activities.at/10260250" "Mozilla/5.0 (Windows NT 6.1; Win64; x64) AppleWebKit/537.36 (KHTML, like Gecko) Chrome/84.0.4147.135 Safari/537.36 OPR/70.0.3728.154"
212.152.246.132 - - [08/Sep/2020:14:29:56 +0200] "GET /css/themes/alphacube/top_mid.gif HTTP/1.1" 200 833 "http://renault.activities.at/css/themes/alphacube.css" "Mozilla/5.0 (Windows NT 6.1; Win64; x64) AppleWebKit/537.36 (KHTML, like Gecko) Chrome/84.0.4147.135 Safari/537.36 OPR/70.0.3728.154"
212.152.246.132 - - [08/Sep/2020:14:29:56 +0200] "GET /css/themes/alphacube/bottom_middle.gif HTTP/1.1" 200 44 "http://renault.activities.at/css/themes/alphacube.css" "Mozilla/5.0 (Windows NT 6.1; Win64; x64) AppleWebKit/537.36 (KHTML, like Gecko) Chrome/84.0.4147.135 Safari/537.36 OPR/70.0.3728.154"
212.152.246.132 - - [08/Sep/2020:14:29:56 +0200] "GET /css/themes/alphacube/frame_right.gif HTTP/1.1" 200 64 "http://renault.activities.at/css/themes/alphacube.css" "Mozilla/5.0 (Windows NT 6.1; Win64; x64) AppleWebKit/537.36 (KHTML, like Gecko) Chrome/84.0.4147.135 Safari/537.36 OPR/70.0.3728.154"
212.152.246.132 - - [08/Sep/2020:14:29:56 +0200] "GET /css/themes/alphacube/frame_left.gif HTTP/1.1" 200 64 "http://renault.activities.at/css/themes/alphacube.css" "Mozilla/5.0 (Windows NT 6.1; Win64; x64) AppleWebKit/537.36 (KHTML, like Gecko) Chrome/84.0.4147.135 Safari/537.36 OPR/70.0.3728.154"
212.152.246.132 - - [08/Sep/2020:14:29:56 +0200] "GET /css/themes/alphacube/bottom_right-c.gif HTTP/1.1" 200 62 "http://renault.activities.at/css/themes/alphacube.css" "Mozilla/5.0 (Windows NT 6.1; Win64; x64) AppleWebKit/537.36 (KHTML, like Gecko) Chrome/84.0.4147.135 Safari/537.36 OPR/70.0.3728.154"
212.152.246.132 - - [08/Sep/2020:14:29:56 +0200] "GET /css/themes/alphacube/top_right.gif HTTP/1.1" 200 972 "http://renault.activities.at/css/themes/alphacube.css" "Mozilla/5.0 (Windows NT 6.1; Win64; x64) AppleWebKit/537.36 (KHTML, like Gecko) Chrome/84.0.4147.135 Safari/537.36 OPR/70.0.3728.154"
212.152.246.132 - - [08/Sep/2020:14:29:56 +0200] "GET /css/themes/alphacube/bottom_left-c.gif HTTP/1.1" 200 62 "http://renault.activities.at/css/themes/alphacube.css" "Mozilla/5.0 (Windows NT 6.1; Win64; x64) AppleWebKit/537.36 (KHTML, like Gecko) Chrome/84.0.4147.135 Safari/537.36 OPR/70.0.3728.154"
212.152.246.132 - - [08/Sep/2020:14:29:56 +0200] "GET /css/themes/alphacube/button-close-focus.gif HTTP/1.1" 200 699 "http://renault.activities.at/css/themes/alphacube.css" "Mozilla/5.0 (Windows NT 6.1; Win64; x64) AppleWebKit/537.36 (KHTML, like Gecko) Chrome/84.0.4147.135 Safari/537.36 OPR/70.0.3728.154"
212.152.246.132 - - [08/Sep/2020:14:29:56 +0200] "GET /css/themes/alphacube/top_left.gif HTTP/1.1" 200 973 "http://renault.activities.at/css/themes/alphacube.css" "Mozilla/5.0 (Windows NT 6.1; Win64; x64) AppleWebKit/537.36 (KHTML, like Gecko) Chrome/84.0.4147.135 Safari/537.36 OPR/70.0.3728.154"
212.152.246.132 - - [08/Sep/2020:14:29:56 +0200] "GET /10745349?print=true HTTP/1.1" 200 2654 "http://renault.activities.at/10260250" "Mozilla/5.0 (Windows NT 6.1; Win64; x64) AppleWebKit/537.36 (KHTML, like Gecko) Chrome/84.0.4147.135 Safari/537.36 OPR/70.0.3728.154"
212.152.246.132 - - [08/Sep/2020:14:29:59 +0200] "GET /js/magiczoom/magiczoom.css HTTP/1.1" 200 1210 "http://renault.activities.at/10745349?print=true" "Mozilla/5.0 (Windows NT 6.1; Win64; x64) AppleWebKit/537.36 (KHTML, like Gecko) Chrome/84.0.4147.135 Safari/537.36 OPR/70.0.3728.154"
212.152.246.132 - - [08/Sep/2020:14:29:59 +0200] "GET /js/magiczoom/magiczoom.js HTTP/1.1" 200 26397 "http://renault.activities.at/10745349?print=true" "Mozilla/5.0 (Windows NT 6.1; Win64; x64) AppleWebKit/537.36 (KHTML, like Gecko) Chrome/84.0.4147.135 Safari/537.36 OPR/70.0.3728.154"
212.152.246.132 - - [08/Sep/2020:14:29:59 +0200] "GET /js/Produkt.js HTTP/1.1" 200 852 "http://renault.activities.at/10745349?print=true" "Mozilla/5.0 (Windows NT 6.1; Win64; x64) AppleWebKit/537.36 (KHTML, like Gecko) Chrome/84.0.4147.135 Safari/537.36 OPR/70.0.3728.154"
212.152.246.132 - - [08/Sep/2020:14:29:59 +0200] "GET /loadthumbnail.php?id=11434114&width=250 HTTP/1.1" 200 13912 "http://renault.activities.at/10745349?print=true" "Mozilla/5.0 (Windows NT 6.1; Win64; x64) AppleWebKit/537.36 (KHTML, like Gecko) Chrome/84.0.4147.135 Safari/537.36 OPR/70.0.3728.154"
212.152.246.132 - - [08/Sep/2020:14:29:59 +0200] "GET /loadthumbnail.php?id=11434114&width=900&height=900 HTTP/1.1" 200 91573 "http://renault.activities.at/10745349?print=true" "Mozilla/5.0 (Windows NT 6.1; Win64; x64) AppleWebKit/537.36 (KHTML, like Gecko) Chrome/84.0.4147.135 Safari/537.36 OPR/70.0.3728.154"
212.152.246.132 - - [08/Sep/2020:14:30:00 +0200] "GET /js/magiczoom/graphics/zoomin.cur HTTP/1.1" 200 326 "http://renault.activities.at/js/magiczoom/magiczoom.css" "Mozilla/5.0 (Windows NT 6.1; Win64; x64) AppleWebKit/537.36 (KHTML, like Gecko) Chrome/84.0.4147.135 Safari/537.36 OPR/70.0.3728.154"
212.152.246.132 - - [08/Sep/2020:14:30:00 +0200] "GET /js/magiczoom/graphics/hint.gif HTTP/1.1" 200 73 "http://renault.activities.at/js/magiczoom/magiczoom.css" "Mozilla/5.0 (Windows NT 6.1; Win64; x64) AppleWebKit/537.36 (KHTML, like Gecko) Chrome/84.0.4147.135 Safari/537.36 OPR/70.0.3728.154"
212.152.246.132 - - [08/Sep/2020:14:30:05 +0200] "GET /images/vista-dn-hover.gif HTTP/1.1" 200 127 "http://renault.activities.at/css/styles.css" "Mozilla/5.0 (Windows NT 6.1; Win64; x64) AppleWebKit/537.36 (KHTML, like Gecko) Chrome/84.0.4147.135 Safari/537.36 OPR/70.0.3728.154"
83.175.94.87 - - [08/Sep/2020:14:30:05 +0200] "GET /reload?ser=1599568223865 HTTP/1.1" 200 28 "http://renault.activities.at/result?searchterm=true&search=zoe" "Mozilla/5.0 (Windows NT 10.0; Win64; x64) AppleWebKit/537.36 (KHTML, like Gecko) Chrome/85.0.4183.83 Safari/537.36"
