80.123.225.38 - - [14/Sep/2020:09:54:38 +0200] "GET /reload?ser=1600070078694 HTTP/1.1" 200 28 "http://renault.activities.at/result?searchterm=true&search=Posterrahmen" "Mozilla/5.0 (Windows NT 6.1; WOW64; Trident/7.0; rv:11.0) like Gecko"
193.194.132.22 - - [14/Sep/2020:09:54:55 +0200] "GET /reload?ser=1600070095311 HTTP/1.1" 200 28 "http://renault.2web.at/account" "Mozilla/5.0 (Windows NT 10.0; Win64; x64) AppleWebKit/537.36 (KHTML, like Gecko) Chrome/85.0.4183.102 Safari/537.36"
80.123.225.38 - - [14/Sep/2020:09:55:39 +0200] "GET /reload?ser=1600070139689 HTTP/1.1" 200 28 "http://renault.activities.at/result?searchterm=true&search=Posterrahmen" "Mozilla/5.0 (Windows NT 6.1; WOW64; Trident/7.0; rv:11.0) like Gecko"
193.194.132.22 - - [14/Sep/2020:09:55:57 +0200] "GET /reload?ser=1600070157312 HTTP/1.1" 200 28 "http://renault.2web.at/account" "Mozilla/5.0 (Windows NT 10.0; Win64; x64) AppleWebKit/537.36 (KHTML, like Gecko) Chrome/85.0.4183.102 Safari/537.36"
80.123.225.38 - - [14/Sep/2020:09:56:40 +0200] "GET /reload?ser=1600070200684 HTTP/1.1" 200 28 "http://renault.activities.at/result?searchterm=true&search=Posterrahmen" "Mozilla/5.0 (Windows NT 6.1; WOW64; Trident/7.0; rv:11.0) like Gecko"
193.194.132.22 - - [14/Sep/2020:09:56:59 +0200] "GET /reload?ser=1600070219311 HTTP/1.1" 200 28 "http://renault.2web.at/account" "Mozilla/5.0 (Windows NT 10.0; Win64; x64) AppleWebKit/537.36 (KHTML, like Gecko) Chrome/85.0.4183.102 Safari/537.36"
80.123.225.38 - - [14/Sep/2020:09:57:41 +0200] "GET /reload?ser=1600070261675 HTTP/1.1" 200 28 "http://renault.activities.at/result?searchterm=true&search=Posterrahmen" "Mozilla/5.0 (Windows NT 6.1; WOW64; Trident/7.0; rv:11.0) like Gecko"
193.194.132.22 - - [14/Sep/2020:09:58:01 +0200] "GET /reload?ser=1600070281315 HTTP/1.1" 200 28 "http://renault.2web.at/account" "Mozilla/5.0 (Windows NT 10.0; Win64; x64) AppleWebKit/537.36 (KHTML, like Gecko) Chrome/85.0.4183.102 Safari/537.36"
80.123.225.38 - - [14/Sep/2020:09:58:42 +0200] "GET /reload?ser=1600070322729 HTTP/1.1" 200 28 "http://renault.activities.at/result?searchterm=true&search=Posterrahmen" "Mozilla/5.0 (Windows NT 6.1; WOW64; Trident/7.0; rv:11.0) like Gecko"
193.194.132.22 - - [14/Sep/2020:09:59:03 +0200] "GET /reload?ser=1600070343314 HTTP/1.1" 200 28 "http://renault.2web.at/account" "Mozilla/5.0 (Windows NT 10.0; Win64; x64) AppleWebKit/537.36 (KHTML, like Gecko) Chrome/85.0.4183.102 Safari/537.36"
80.123.225.38 - - [14/Sep/2020:09:59:43 +0200] "GET /reload?ser=1600070383714 HTTP/1.1" 200 28 "http://renault.activities.at/result?searchterm=true&search=Posterrahmen" "Mozilla/5.0 (Windows NT 6.1; WOW64; Trident/7.0; rv:11.0) like Gecko"
193.194.132.22 - - [14/Sep/2020:10:00:05 +0200] "GET /reload?ser=1600070405313 HTTP/1.1" 200 28 "http://renault.2web.at/account" "Mozilla/5.0 (Windows NT 10.0; Win64; x64) AppleWebKit/537.36 (KHTML, like Gecko) Chrome/85.0.4183.102 Safari/537.36"
80.123.225.38 - - [14/Sep/2020:10:00:44 +0200] "GET /reload?ser=1600070444709 HTTP/1.1" 200 28 "http://renault.activities.at/result?searchterm=true&search=Posterrahmen" "Mozilla/5.0 (Windows NT 6.1; WOW64; Trident/7.0; rv:11.0) like Gecko"
193.194.132.22 - - [14/Sep/2020:10:01:07 +0200] "GET /reload?ser=1600070467313 HTTP/1.1" 200 28 "http://renault.2web.at/account" "Mozilla/5.0 (Windows NT 10.0; Win64; x64) AppleWebKit/537.36 (KHTML, like Gecko) Chrome/85.0.4183.102 Safari/537.36"
80.123.225.38 - - [14/Sep/2020:10:01:45 +0200] "GET /reload?ser=1600070505723 HTTP/1.1" 200 28 "http://renault.activities.at/result?searchterm=true&search=Posterrahmen" "Mozilla/5.0 (Windows NT 6.1; WOW64; Trident/7.0; rv:11.0) like Gecko"
193.194.132.22 - - [14/Sep/2020:10:02:09 +0200] "GET /reload?ser=1600070529312 HTTP/1.1" 200 28 "http://renault.2web.at/account" "Mozilla/5.0 (Windows NT 10.0; Win64; x64) AppleWebKit/537.36 (KHTML, like Gecko) Chrome/85.0.4183.102 Safari/537.36"
80.123.225.38 - - [14/Sep/2020:10:02:46 +0200] "GET /reload?ser=1600070566726 HTTP/1.1" 200 28 "http://renault.activities.at/result?searchterm=true&search=Posterrahmen" "Mozilla/5.0 (Windows NT 6.1; WOW64; Trident/7.0; rv:11.0) like Gecko"
193.194.132.22 - - [14/Sep/2020:10:03:11 +0200] "GET /reload?ser=1600070591314 HTTP/1.1" 200 28 "http://renault.2web.at/account" "Mozilla/5.0 (Windows NT 10.0; Win64; x64) AppleWebKit/537.36 (KHTML, like Gecko) Chrome/85.0.4183.102 Safari/537.36"
80.123.225.38 - - [14/Sep/2020:10:03:47 +0200] "GET /reload?ser=1600070627698 HTTP/1.1" 200 28 "http://renault.activities.at/result?searchterm=true&search=Posterrahmen" "Mozilla/5.0 (Windows NT 6.1; WOW64; Trident/7.0; rv:11.0) like Gecko"
193.194.132.22 - - [14/Sep/2020:10:04:13 +0200] "GET /reload?ser=1600070653315 HTTP/1.1" 200 28 "http://renault.2web.at/account" "Mozilla/5.0 (Windows NT 10.0; Win64; x64) AppleWebKit/537.36 (KHTML, like Gecko) Chrome/85.0.4183.102 Safari/537.36"
80.123.225.38 - - [14/Sep/2020:10:04:48 +0200] "GET /reload?ser=1600070688686 HTTP/1.1" 200 28 "http://renault.activities.at/result?searchterm=true&search=Posterrahmen" "Mozilla/5.0 (Windows NT 6.1; WOW64; Trident/7.0; rv:11.0) like Gecko"
193.194.132.22 - - [14/Sep/2020:10:05:15 +0200] "GET /reload?ser=1600070715318 HTTP/1.1" 200 28 "http://renault.2web.at/account" "Mozilla/5.0 (Windows NT 10.0; Win64; x64) AppleWebKit/537.36 (KHTML, like Gecko) Chrome/85.0.4183.102 Safari/537.36"
80.123.225.38 - - [14/Sep/2020:10:05:49 +0200] "GET /reload?ser=1600070749677 HTTP/1.1" 200 28 "http://renault.activities.at/result?searchterm=true&search=Posterrahmen" "Mozilla/5.0 (Windows NT 6.1; WOW64; Trident/7.0; rv:11.0) like Gecko"
193.194.132.22 - - [14/Sep/2020:10:06:17 +0200] "GET /reload?ser=1600070777313 HTTP/1.1" 200 28 "http://renault.2web.at/account" "Mozilla/5.0 (Windows NT 10.0; Win64; x64) AppleWebKit/537.36 (KHTML, like Gecko) Chrome/85.0.4183.102 Safari/537.36"
80.123.225.38 - - [14/Sep/2020:10:06:50 +0200] "GET /reload?ser=1600070810677 HTTP/1.1" 200 28 "http://renault.activities.at/result?searchterm=true&search=Posterrahmen" "Mozilla/5.0 (Windows NT 6.1; WOW64; Trident/7.0; rv:11.0) like Gecko"
193.194.132.22 - - [14/Sep/2020:10:07:19 +0200] "GET /reload?ser=1600070839314 HTTP/1.1" 200 28 "http://renault.2web.at/account" "Mozilla/5.0 (Windows NT 10.0; Win64; x64) AppleWebKit/537.36 (KHTML, like Gecko) Chrome/85.0.4183.102 Safari/537.36"
80.123.225.38 - - [14/Sep/2020:10:07:51 +0200] "GET /reload?ser=1600070871677 HTTP/1.1" 200 28 "http://renault.activities.at/result?searchterm=true&search=Posterrahmen" "Mozilla/5.0 (Windows NT 6.1; WOW64; Trident/7.0; rv:11.0) like Gecko"
193.194.132.22 - - [14/Sep/2020:10:08:21 +0200] "GET /reload?ser=1600070901313 HTTP/1.1" 200 28 "http://renault.2web.at/account" "Mozilla/5.0 (Windows NT 10.0; Win64; x64) AppleWebKit/537.36 (KHTML, like Gecko) Chrome/85.0.4183.102 Safari/537.36"
80.123.225.38 - - [14/Sep/2020:10:08:52 +0200] "GET /reload?ser=1600070932675 HTTP/1.1" 200 28 "http://renault.activities.at/result?searchterm=true&search=Posterrahmen" "Mozilla/5.0 (Windows NT 6.1; WOW64; Trident/7.0; rv:11.0) like Gecko"
193.194.132.22 - - [14/Sep/2020:10:09:23 +0200] "GET /reload?ser=1600070963318 HTTP/1.1" 200 28 "http://renault.2web.at/account" "Mozilla/5.0 (Windows NT 10.0; Win64; x64) AppleWebKit/537.36 (KHTML, like Gecko) Chrome/85.0.4183.102 Safari/537.36"
80.123.225.38 - - [14/Sep/2020:10:09:53 +0200] "GET /reload?ser=1600070993675 HTTP/1.1" 200 28 "http://renault.activities.at/result?searchterm=true&search=Posterrahmen" "Mozilla/5.0 (Windows NT 6.1; WOW64; Trident/7.0; rv:11.0) like Gecko"
193.194.132.22 - - [14/Sep/2020:10:10:25 +0200] "GET /reload?ser=1600071025319 HTTP/1.1" 200 28 "http://renault.2web.at/account" "Mozilla/5.0 (Windows NT 10.0; Win64; x64) AppleWebKit/537.36 (KHTML, like Gecko) Chrome/85.0.4183.102 Safari/537.36"
80.123.225.38 - - [14/Sep/2020:10:10:54 +0200] "GET /reload?ser=1600071054673 HTTP/1.1" 200 28 "http://renault.activities.at/result?searchterm=true&search=Posterrahmen" "Mozilla/5.0 (Windows NT 6.1; WOW64; Trident/7.0; rv:11.0) like Gecko"
193.194.132.22 - - [14/Sep/2020:10:11:27 +0200] "GET /reload?ser=1600071087324 HTTP/1.1" 200 28 "http://renault.2web.at/account" "Mozilla/5.0 (Windows NT 10.0; Win64; x64) AppleWebKit/537.36 (KHTML, like Gecko) Chrome/85.0.4183.102 Safari/537.36"
80.123.225.38 - - [14/Sep/2020:10:11:55 +0200] "GET /reload?ser=1600071115674 HTTP/1.1" 200 28 "http://renault.activities.at/result?searchterm=true&search=Posterrahmen" "Mozilla/5.0 (Windows NT 6.1; WOW64; Trident/7.0; rv:11.0) like Gecko"
193.194.132.22 - - [14/Sep/2020:10:12:29 +0200] "GET /reload?ser=1600071149327 HTTP/1.1" 200 28 "http://renault.2web.at/account" "Mozilla/5.0 (Windows NT 10.0; Win64; x64) AppleWebKit/537.36 (KHTML, like Gecko) Chrome/85.0.4183.102 Safari/537.36"
80.123.225.38 - - [14/Sep/2020:10:12:56 +0200] "GET /reload?ser=1600071176681 HTTP/1.1" 200 28 "http://renault.activities.at/result?searchterm=true&search=Posterrahmen" "Mozilla/5.0 (Windows NT 6.1; WOW64; Trident/7.0; rv:11.0) like Gecko"
193.194.132.22 - - [14/Sep/2020:10:13:31 +0200] "GET /reload?ser=1600071211334 HTTP/1.1" 200 28 "http://renault.2web.at/account" "Mozilla/5.0 (Windows NT 10.0; Win64; x64) AppleWebKit/537.36 (KHTML, like Gecko) Chrome/85.0.4183.102 Safari/537.36"
80.123.225.38 - - [14/Sep/2020:10:13:57 +0200] "GET /reload?ser=1600071237668 HTTP/1.1" 200 28 "http://renault.activities.at/result?searchterm=true&search=Posterrahmen" "Mozilla/5.0 (Windows NT 6.1; WOW64; Trident/7.0; rv:11.0) like Gecko"
193.194.132.22 - - [14/Sep/2020:10:14:33 +0200] "GET /reload?ser=1600071273344 HTTP/1.1" 200 28 "http://renault.2web.at/account" "Mozilla/5.0 (Windows NT 10.0; Win64; x64) AppleWebKit/537.36 (KHTML, like Gecko) Chrome/85.0.4183.102 Safari/537.36"
80.123.225.38 - - [14/Sep/2020:10:14:58 +0200] "GET /reload?ser=1600071298657 HTTP/1.1" 200 28 "http://renault.activities.at/result?searchterm=true&search=Posterrahmen" "Mozilla/5.0 (Windows NT 6.1; WOW64; Trident/7.0; rv:11.0) like Gecko"
193.194.132.22 - - [14/Sep/2020:10:15:35 +0200] "GET /reload?ser=1600071335339 HTTP/1.1" 200 28 "http://renault.2web.at/account" "Mozilla/5.0 (Windows NT 10.0; Win64; x64) AppleWebKit/537.36 (KHTML, like Gecko) Chrome/85.0.4183.102 Safari/537.36"
80.123.225.38 - - [14/Sep/2020:10:15:59 +0200] "GET /reload?ser=1600071359662 HTTP/1.1" 200 28 "http://renault.activities.at/result?searchterm=true&search=Posterrahmen" "Mozilla/5.0 (Windows NT 6.1; WOW64; Trident/7.0; rv:11.0) like Gecko"
193.194.132.22 - - [14/Sep/2020:10:16:37 +0200] "GET /reload?ser=1600071397344 HTTP/1.1" 200 28 "http://renault.2web.at/account" "Mozilla/5.0 (Windows NT 10.0; Win64; x64) AppleWebKit/537.36 (KHTML, like Gecko) Chrome/85.0.4183.102 Safari/537.36"
80.123.225.38 - - [14/Sep/2020:10:17:00 +0200] "GET /reload?ser=1600071420643 HTTP/1.1" 200 28 "http://renault.activities.at/result?searchterm=true&search=Posterrahmen" "Mozilla/5.0 (Windows NT 6.1; WOW64; Trident/7.0; rv:11.0) like Gecko"
193.194.132.22 - - [14/Sep/2020:10:17:39 +0200] "GET /reload?ser=1600071459351 HTTP/1.1" 200 28 "http://renault.2web.at/account" "Mozilla/5.0 (Windows NT 10.0; Win64; x64) AppleWebKit/537.36 (KHTML, like Gecko) Chrome/85.0.4183.102 Safari/537.36"
80.123.225.38 - - [14/Sep/2020:10:18:01 +0200] "GET /reload?ser=1600071481644 HTTP/1.1" 200 28 "http://renault.activities.at/result?searchterm=true&search=Posterrahmen" "Mozilla/5.0 (Windows NT 6.1; WOW64; Trident/7.0; rv:11.0) like Gecko"
193.194.132.22 - - [14/Sep/2020:10:18:41 +0200] "GET /reload?ser=1600071521350 HTTP/1.1" 200 28 "http://renault.2web.at/account" "Mozilla/5.0 (Windows NT 10.0; Win64; x64) AppleWebKit/537.36 (KHTML, like Gecko) Chrome/85.0.4183.102 Safari/537.36"
80.123.225.38 - - [14/Sep/2020:10:19:02 +0200] "GET /reload?ser=1600071542671 HTTP/1.1" 200 28 "http://renault.activities.at/result?searchterm=true&search=Posterrahmen" "Mozilla/5.0 (Windows NT 6.1; WOW64; Trident/7.0; rv:11.0) like Gecko"
193.194.132.22 - - [14/Sep/2020:10:19:43 +0200] "GET /reload?ser=1600071583352 HTTP/1.1" 200 28 "http://renault.2web.at/account" "Mozilla/5.0 (Windows NT 10.0; Win64; x64) AppleWebKit/537.36 (KHTML, like Gecko) Chrome/85.0.4183.102 Safari/537.36"
80.123.225.38 - - [14/Sep/2020:10:20:03 +0200] "GET /reload?ser=1600071603692 HTTP/1.1" 200 28 "http://renault.activities.at/result?searchterm=true&search=Posterrahmen" "Mozilla/5.0 (Windows NT 6.1; WOW64; Trident/7.0; rv:11.0) like Gecko"
193.194.132.22 - - [14/Sep/2020:10:20:45 +0200] "GET /reload?ser=1600071645352 HTTP/1.1" 200 28 "http://renault.2web.at/account" "Mozilla/5.0 (Windows NT 10.0; Win64; x64) AppleWebKit/537.36 (KHTML, like Gecko) Chrome/85.0.4183.102 Safari/537.36"
80.123.225.38 - - [14/Sep/2020:10:21:04 +0200] "GET /reload?ser=1600071664677 HTTP/1.1" 200 28 "http://renault.activities.at/result?searchterm=true&search=Posterrahmen" "Mozilla/5.0 (Windows NT 6.1; WOW64; Trident/7.0; rv:11.0) like Gecko"
193.194.132.22 - - [14/Sep/2020:10:21:47 +0200] "GET /reload?ser=1600071707355 HTTP/1.1" 200 28 "http://renault.2web.at/account" "Mozilla/5.0 (Windows NT 10.0; Win64; x64) AppleWebKit/537.36 (KHTML, like Gecko) Chrome/85.0.4183.102 Safari/537.36"
80.123.225.38 - - [14/Sep/2020:10:22:05 +0200] "GET /reload?ser=1600071725633 HTTP/1.1" 200 28 "http://renault.activities.at/result?searchterm=true&search=Posterrahmen" "Mozilla/5.0 (Windows NT 6.1; WOW64; Trident/7.0; rv:11.0) like Gecko"
193.194.132.22 - - [14/Sep/2020:10:22:49 +0200] "GET /reload?ser=1600071769357 HTTP/1.1" 200 28 "http://renault.2web.at/account" "Mozilla/5.0 (Windows NT 10.0; Win64; x64) AppleWebKit/537.36 (KHTML, like Gecko) Chrome/85.0.4183.102 Safari/537.36"
80.123.225.38 - - [14/Sep/2020:10:23:06 +0200] "GET /reload?ser=1600071786620 HTTP/1.1" 200 28 "http://renault.activities.at/result?searchterm=true&search=Posterrahmen" "Mozilla/5.0 (Windows NT 6.1; WOW64; Trident/7.0; rv:11.0) like Gecko"
193.194.132.22 - - [14/Sep/2020:10:23:51 +0200] "GET /reload?ser=1600071831359 HTTP/1.1" 200 28 "http://renault.2web.at/account" "Mozilla/5.0 (Windows NT 10.0; Win64; x64) AppleWebKit/537.36 (KHTML, like Gecko) Chrome/85.0.4183.102 Safari/537.36"
80.123.225.38 - - [14/Sep/2020:10:24:07 +0200] "GET /reload?ser=1600071847628 HTTP/1.1" 200 28 "http://renault.activities.at/result?searchterm=true&search=Posterrahmen" "Mozilla/5.0 (Windows NT 6.1; WOW64; Trident/7.0; rv:11.0) like Gecko"
193.194.132.22 - - [14/Sep/2020:10:24:53 +0200] "GET /reload?ser=1600071893361 HTTP/1.1" 200 28 "http://renault.2web.at/account" "Mozilla/5.0 (Windows NT 10.0; Win64; x64) AppleWebKit/537.36 (KHTML, like Gecko) Chrome/85.0.4183.102 Safari/537.36"
80.123.225.38 - - [14/Sep/2020:10:25:08 +0200] "GET /reload?ser=1600071908603 HTTP/1.1" 200 28 "http://renault.activities.at/result?searchterm=true&search=Posterrahmen" "Mozilla/5.0 (Windows NT 6.1; WOW64; Trident/7.0; rv:11.0) like Gecko"
193.194.132.22 - - [14/Sep/2020:10:25:55 +0200] "GET /reload?ser=1600071955363 HTTP/1.1" 200 28 "http://renault.2web.at/account" "Mozilla/5.0 (Windows NT 10.0; Win64; x64) AppleWebKit/537.36 (KHTML, like Gecko) Chrome/85.0.4183.102 Safari/537.36"
80.123.225.38 - - [14/Sep/2020:10:26:09 +0200] "GET /reload?ser=1600071969613 HTTP/1.1" 200 28 "http://renault.activities.at/result?searchterm=true&search=Posterrahmen" "Mozilla/5.0 (Windows NT 6.1; WOW64; Trident/7.0; rv:11.0) like Gecko"
193.194.132.22 - - [14/Sep/2020:10:26:57 +0200] "GET /reload?ser=1600072017364 HTTP/1.1" 200 28 "http://renault.2web.at/account" "Mozilla/5.0 (Windows NT 10.0; Win64; x64) AppleWebKit/537.36 (KHTML, like Gecko) Chrome/85.0.4183.102 Safari/537.36"
80.123.225.38 - - [14/Sep/2020:10:27:10 +0200] "GET /reload?ser=1600072030622 HTTP/1.1" 200 28 "http://renault.activities.at/result?searchterm=true&search=Posterrahmen" "Mozilla/5.0 (Windows NT 6.1; WOW64; Trident/7.0; rv:11.0) like Gecko"
193.194.132.22 - - [14/Sep/2020:10:27:59 +0200] "GET /reload?ser=1600072079365 HTTP/1.1" 200 28 "http://renault.2web.at/account" "Mozilla/5.0 (Windows NT 10.0; Win64; x64) AppleWebKit/537.36 (KHTML, like Gecko) Chrome/85.0.4183.102 Safari/537.36"
80.123.225.38 - - [14/Sep/2020:10:28:11 +0200] "GET /reload?ser=1600072091628 HTTP/1.1" 200 28 "http://renault.activities.at/result?searchterm=true&search=Posterrahmen" "Mozilla/5.0 (Windows NT 6.1; WOW64; Trident/7.0; rv:11.0) like Gecko"
193.194.132.22 - - [14/Sep/2020:10:29:01 +0200] "GET /reload?ser=1600072141368 HTTP/1.1" 200 28 "http://renault.2web.at/account" "Mozilla/5.0 (Windows NT 10.0; Win64; x64) AppleWebKit/537.36 (KHTML, like Gecko) Chrome/85.0.4183.102 Safari/537.36"
80.123.225.38 - - [14/Sep/2020:10:29:12 +0200] "GET /reload?ser=1600072152605 HTTP/1.1" 200 28 "http://renault.activities.at/result?searchterm=true&search=Posterrahmen" "Mozilla/5.0 (Windows NT 6.1; WOW64; Trident/7.0; rv:11.0) like Gecko"
193.194.132.22 - - [14/Sep/2020:10:30:03 +0200] "GET /reload?ser=1600072203369 HTTP/1.1" 200 28 "http://renault.2web.at/account" "Mozilla/5.0 (Windows NT 10.0; Win64; x64) AppleWebKit/537.36 (KHTML, like Gecko) Chrome/85.0.4183.102 Safari/537.36"
80.123.225.38 - - [14/Sep/2020:10:30:13 +0200] "GET /reload?ser=1600072213614 HTTP/1.1" 200 28 "http://renault.activities.at/result?searchterm=true&search=Posterrahmen" "Mozilla/5.0 (Windows NT 6.1; WOW64; Trident/7.0; rv:11.0) like Gecko"
193.194.132.22 - - [14/Sep/2020:10:31:05 +0200] "GET /reload?ser=1600072265370 HTTP/1.1" 200 28 "http://renault.2web.at/account" "Mozilla/5.0 (Windows NT 10.0; Win64; x64) AppleWebKit/537.36 (KHTML, like Gecko) Chrome/85.0.4183.102 Safari/537.36"
80.123.225.38 - - [14/Sep/2020:10:31:14 +0200] "GET /reload?ser=1600072274611 HTTP/1.1" 200 28 "http://renault.activities.at/result?searchterm=true&search=Posterrahmen" "Mozilla/5.0 (Windows NT 6.1; WOW64; Trident/7.0; rv:11.0) like Gecko"
193.194.132.22 - - [14/Sep/2020:10:32:07 +0200] "GET /reload?ser=1600072327370 HTTP/1.1" 200 28 "http://renault.2web.at/account" "Mozilla/5.0 (Windows NT 10.0; Win64; x64) AppleWebKit/537.36 (KHTML, like Gecko) Chrome/85.0.4183.102 Safari/537.36"
80.123.225.38 - - [14/Sep/2020:10:32:15 +0200] "GET /reload?ser=1600072335632 HTTP/1.1" 200 28 "http://renault.activities.at/result?searchterm=true&search=Posterrahmen" "Mozilla/5.0 (Windows NT 6.1; WOW64; Trident/7.0; rv:11.0) like Gecko"
193.194.132.22 - - [14/Sep/2020:10:33:09 +0200] "GET /reload?ser=1600072389379 HTTP/1.1" 200 28 "http://renault.2web.at/account" "Mozilla/5.0 (Windows NT 10.0; Win64; x64) AppleWebKit/537.36 (KHTML, like Gecko) Chrome/85.0.4183.102 Safari/537.36"
80.123.225.38 - - [14/Sep/2020:10:33:16 +0200] "GET /reload?ser=1600072396597 HTTP/1.1" 200 28 "http://renault.activities.at/result?searchterm=true&search=Posterrahmen" "Mozilla/5.0 (Windows NT 6.1; WOW64; Trident/7.0; rv:11.0) like Gecko"
193.194.132.22 - - [14/Sep/2020:10:34:11 +0200] "GET /reload?ser=1600072451373 HTTP/1.1" 200 28 "http://renault.2web.at/account" "Mozilla/5.0 (Windows NT 10.0; Win64; x64) AppleWebKit/537.36 (KHTML, like Gecko) Chrome/85.0.4183.102 Safari/537.36"
80.123.225.38 - - [14/Sep/2020:10:34:17 +0200] "GET /reload?ser=1600072457606 HTTP/1.1" 200 28 "http://renault.activities.at/result?searchterm=true&search=Posterrahmen" "Mozilla/5.0 (Windows NT 6.1; WOW64; Trident/7.0; rv:11.0) like Gecko"
193.194.132.22 - - [14/Sep/2020:10:35:13 +0200] "GET /reload?ser=1600072513376 HTTP/1.1" 200 28 "http://renault.2web.at/account" "Mozilla/5.0 (Windows NT 10.0; Win64; x64) AppleWebKit/537.36 (KHTML, like Gecko) Chrome/85.0.4183.102 Safari/537.36"
80.123.225.38 - - [14/Sep/2020:10:35:18 +0200] "GET /reload?ser=1600072518588 HTTP/1.1" 200 28 "http://renault.activities.at/result?searchterm=true&search=Posterrahmen" "Mozilla/5.0 (Windows NT 6.1; WOW64; Trident/7.0; rv:11.0) like Gecko"
193.194.132.22 - - [14/Sep/2020:10:36:15 +0200] "GET /reload?ser=1600072575374 HTTP/1.1" 200 28 "http://renault.2web.at/account" "Mozilla/5.0 (Windows NT 10.0; Win64; x64) AppleWebKit/537.36 (KHTML, like Gecko) Chrome/85.0.4183.102 Safari/537.36"
80.123.225.38 - - [14/Sep/2020:10:36:19 +0200] "GET /reload?ser=1600072579628 HTTP/1.1" 200 28 "http://renault.activities.at/result?searchterm=true&search=Posterrahmen" "Mozilla/5.0 (Windows NT 6.1; WOW64; Trident/7.0; rv:11.0) like Gecko"
193.194.132.22 - - [14/Sep/2020:10:37:17 +0200] "GET /reload?ser=1600072637376 HTTP/1.1" 200 28 "http://renault.2web.at/account" "Mozilla/5.0 (Windows NT 10.0; Win64; x64) AppleWebKit/537.36 (KHTML, like Gecko) Chrome/85.0.4183.102 Safari/537.36"
80.123.225.38 - - [14/Sep/2020:10:37:20 +0200] "GET /reload?ser=1600072640634 HTTP/1.1" 200 28 "http://renault.activities.at/result?searchterm=true&search=Posterrahmen" "Mozilla/5.0 (Windows NT 6.1; WOW64; Trident/7.0; rv:11.0) like Gecko"
193.194.132.22 - - [14/Sep/2020:10:38:19 +0200] "GET /reload?ser=1600072699377 HTTP/1.1" 200 28 "http://renault.2web.at/account" "Mozilla/5.0 (Windows NT 10.0; Win64; x64) AppleWebKit/537.36 (KHTML, like Gecko) Chrome/85.0.4183.102 Safari/537.36"
80.123.225.38 - - [14/Sep/2020:10:38:21 +0200] "GET /reload?ser=1600072701620 HTTP/1.1" 200 28 "http://renault.activities.at/result?searchterm=true&search=Posterrahmen" "Mozilla/5.0 (Windows NT 6.1; WOW64; Trident/7.0; rv:11.0) like Gecko"
193.194.132.22 - - [14/Sep/2020:10:39:21 +0200] "GET /reload?ser=1600072761377 HTTP/1.1" 200 28 "http://renault.2web.at/account" "Mozilla/5.0 (Windows NT 10.0; Win64; x64) AppleWebKit/537.36 (KHTML, like Gecko) Chrome/85.0.4183.102 Safari/537.36"
80.123.225.38 - - [14/Sep/2020:10:39:22 +0200] "GET /reload?ser=1600072762614 HTTP/1.1" 200 28 "http://renault.activities.at/result?searchterm=true&search=Posterrahmen" "Mozilla/5.0 (Windows NT 6.1; WOW64; Trident/7.0; rv:11.0) like Gecko"
193.194.132.22 - - [14/Sep/2020:10:40:23 +0200] "GET /reload?ser=1600072823378 HTTP/1.1" 200 28 "http://renault.2web.at/account" "Mozilla/5.0 (Windows NT 10.0; Win64; x64) AppleWebKit/537.36 (KHTML, like Gecko) Chrome/85.0.4183.102 Safari/537.36"
80.123.225.38 - - [14/Sep/2020:10:40:23 +0200] "GET /reload?ser=1600072823571 HTTP/1.1" 200 28 "http://renault.activities.at/result?searchterm=true&search=Posterrahmen" "Mozilla/5.0 (Windows NT 6.1; WOW64; Trident/7.0; rv:11.0) like Gecko"
80.123.225.38 - - [14/Sep/2020:10:41:24 +0200] "GET /reload?ser=1600072884578 HTTP/1.1" 200 28 "http://renault.activities.at/result?searchterm=true&search=Posterrahmen" "Mozilla/5.0 (Windows NT 6.1; WOW64; Trident/7.0; rv:11.0) like Gecko"
193.194.132.22 - - [14/Sep/2020:10:41:25 +0200] "GET /reload?ser=1600072885379 HTTP/1.1" 200 28 "http://renault.2web.at/account" "Mozilla/5.0 (Windows NT 10.0; Win64; x64) AppleWebKit/537.36 (KHTML, like Gecko) Chrome/85.0.4183.102 Safari/537.36"
80.123.225.38 - - [14/Sep/2020:10:42:25 +0200] "GET /reload?ser=1600072945591 HTTP/1.1" 200 28 "http://renault.activities.at/result?searchterm=true&search=Posterrahmen" "Mozilla/5.0 (Windows NT 6.1; WOW64; Trident/7.0; rv:11.0) like Gecko"
193.194.132.22 - - [14/Sep/2020:10:42:27 +0200] "GET /reload?ser=1600072947379 HTTP/1.1" 200 28 "http://renault.2web.at/account" "Mozilla/5.0 (Windows NT 10.0; Win64; x64) AppleWebKit/537.36 (KHTML, like Gecko) Chrome/85.0.4183.102 Safari/537.36"
80.123.225.38 - - [14/Sep/2020:10:43:26 +0200] "GET /reload?ser=1600073006557 HTTP/1.1" 200 28 "http://renault.activities.at/result?searchterm=true&search=Posterrahmen" "Mozilla/5.0 (Windows NT 6.1; WOW64; Trident/7.0; rv:11.0) like Gecko"
193.194.132.22 - - [14/Sep/2020:10:43:29 +0200] "GET /reload?ser=1600073009380 HTTP/1.1" 200 28 "http://renault.2web.at/account" "Mozilla/5.0 (Windows NT 10.0; Win64; x64) AppleWebKit/537.36 (KHTML, like Gecko) Chrome/85.0.4183.102 Safari/537.36"
80.123.225.38 - - [14/Sep/2020:10:44:27 +0200] "GET /reload?ser=1600073067537 HTTP/1.1" 200 28 "http://renault.activities.at/result?searchterm=true&search=Posterrahmen" "Mozilla/5.0 (Windows NT 6.1; WOW64; Trident/7.0; rv:11.0) like Gecko"
193.194.132.22 - - [14/Sep/2020:10:44:31 +0200] "GET /reload?ser=1600073071384 HTTP/1.1" 200 28 "http://renault.2web.at/account" "Mozilla/5.0 (Windows NT 10.0; Win64; x64) AppleWebKit/537.36 (KHTML, like Gecko) Chrome/85.0.4183.102 Safari/537.36"
80.123.225.38 - - [14/Sep/2020:10:45:28 +0200] "GET /reload?ser=1600073128516 HTTP/1.1" 200 28 "http://renault.activities.at/result?searchterm=true&search=Posterrahmen" "Mozilla/5.0 (Windows NT 6.1; WOW64; Trident/7.0; rv:11.0) like Gecko"
193.194.132.22 - - [14/Sep/2020:10:45:33 +0200] "GET /reload?ser=1600073133387 HTTP/1.1" 200 28 "http://renault.2web.at/account" "Mozilla/5.0 (Windows NT 10.0; Win64; x64) AppleWebKit/537.36 (KHTML, like Gecko) Chrome/85.0.4183.102 Safari/537.36"
80.123.225.38 - - [14/Sep/2020:10:46:29 +0200] "GET /reload?ser=1600073189511 HTTP/1.1" 200 28 "http://renault.activities.at/result?searchterm=true&search=Posterrahmen" "Mozilla/5.0 (Windows NT 6.1; WOW64; Trident/7.0; rv:11.0) like Gecko"
193.194.132.22 - - [14/Sep/2020:10:46:35 +0200] "GET /reload?ser=1600073195391 HTTP/1.1" 200 28 "http://renault.2web.at/account" "Mozilla/5.0 (Windows NT 10.0; Win64; x64) AppleWebKit/537.36 (KHTML, like Gecko) Chrome/85.0.4183.102 Safari/537.36"
80.123.225.38 - - [14/Sep/2020:10:47:30 +0200] "GET /reload?ser=1600073250505 HTTP/1.1" 200 28 "http://renault.activities.at/result?searchterm=true&search=Posterrahmen" "Mozilla/5.0 (Windows NT 6.1; WOW64; Trident/7.0; rv:11.0) like Gecko"
193.194.132.22 - - [14/Sep/2020:10:47:37 +0200] "GET /reload?ser=1600073257395 HTTP/1.1" 200 28 "http://renault.2web.at/account" "Mozilla/5.0 (Windows NT 10.0; Win64; x64) AppleWebKit/537.36 (KHTML, like Gecko) Chrome/85.0.4183.102 Safari/537.36"
80.123.225.38 - - [14/Sep/2020:10:48:31 +0200] "GET /reload?ser=1600073311513 HTTP/1.1" 200 28 "http://renault.activities.at/result?searchterm=true&search=Posterrahmen" "Mozilla/5.0 (Windows NT 6.1; WOW64; Trident/7.0; rv:11.0) like Gecko"
193.194.132.22 - - [14/Sep/2020:10:48:39 +0200] "GET /reload?ser=1600073319398 HTTP/1.1" 200 28 "http://renault.2web.at/account" "Mozilla/5.0 (Windows NT 10.0; Win64; x64) AppleWebKit/537.36 (KHTML, like Gecko) Chrome/85.0.4183.102 Safari/537.36"
80.123.225.38 - - [14/Sep/2020:10:49:32 +0200] "GET /reload?ser=1600073372518 HTTP/1.1" 200 28 "http://renault.activities.at/result?searchterm=true&search=Posterrahmen" "Mozilla/5.0 (Windows NT 6.1; WOW64; Trident/7.0; rv:11.0) like Gecko"
193.194.132.22 - - [14/Sep/2020:10:49:41 +0200] "GET /reload?ser=1600073381400 HTTP/1.1" 200 28 "http://renault.2web.at/account" "Mozilla/5.0 (Windows NT 10.0; Win64; x64) AppleWebKit/537.36 (KHTML, like Gecko) Chrome/85.0.4183.102 Safari/537.36"
80.123.225.38 - - [14/Sep/2020:10:50:33 +0200] "GET /reload?ser=1600073433503 HTTP/1.1" 200 28 "http://renault.activities.at/result?searchterm=true&search=Posterrahmen" "Mozilla/5.0 (Windows NT 6.1; WOW64; Trident/7.0; rv:11.0) like Gecko"
193.194.132.22 - - [14/Sep/2020:10:50:43 +0200] "GET /reload?ser=1600073443402 HTTP/1.1" 200 28 "http://renault.2web.at/account" "Mozilla/5.0 (Windows NT 10.0; Win64; x64) AppleWebKit/537.36 (KHTML, like Gecko) Chrome/85.0.4183.102 Safari/537.36"
80.123.225.38 - - [14/Sep/2020:10:51:34 +0200] "GET /reload?ser=1600073494480 HTTP/1.1" 200 28 "http://renault.activities.at/result?searchterm=true&search=Posterrahmen" "Mozilla/5.0 (Windows NT 6.1; WOW64; Trident/7.0; rv:11.0) like Gecko"
193.194.132.22 - - [14/Sep/2020:10:51:45 +0200] "GET /reload?ser=1600073505405 HTTP/1.1" 200 28 "http://renault.2web.at/account" "Mozilla/5.0 (Windows NT 10.0; Win64; x64) AppleWebKit/537.36 (KHTML, like Gecko) Chrome/85.0.4183.102 Safari/537.36"
80.123.225.38 - - [14/Sep/2020:10:52:35 +0200] "GET /reload?ser=1600073555470 HTTP/1.1" 200 28 "http://renault.activities.at/result?searchterm=true&search=Posterrahmen" "Mozilla/5.0 (Windows NT 6.1; WOW64; Trident/7.0; rv:11.0) like Gecko"
193.194.132.22 - - [14/Sep/2020:10:52:47 +0200] "GET /reload?ser=1600073567407 HTTP/1.1" 200 28 "http://renault.2web.at/account" "Mozilla/5.0 (Windows NT 10.0; Win64; x64) AppleWebKit/537.36 (KHTML, like Gecko) Chrome/85.0.4183.102 Safari/537.36"
80.123.225.38 - - [14/Sep/2020:10:53:36 +0200] "GET /reload?ser=1600073616474 HTTP/1.1" 200 28 "http://renault.activities.at/result?searchterm=true&search=Posterrahmen" "Mozilla/5.0 (Windows NT 6.1; WOW64; Trident/7.0; rv:11.0) like Gecko"
193.194.132.22 - - [14/Sep/2020:10:53:49 +0200] "GET /reload?ser=1600073629410 HTTP/1.1" 200 28 "http://renault.2web.at/account" "Mozilla/5.0 (Windows NT 10.0; Win64; x64) AppleWebKit/537.36 (KHTML, like Gecko) Chrome/85.0.4183.102 Safari/537.36"
80.123.225.38 - - [14/Sep/2020:10:54:37 +0200] "GET /reload?ser=1600073677424 HTTP/1.1" 200 28 "http://renault.activities.at/result?searchterm=true&search=Posterrahmen" "Mozilla/5.0 (Windows NT 6.1; WOW64; Trident/7.0; rv:11.0) like Gecko"
193.194.132.22 - - [14/Sep/2020:10:54:51 +0200] "GET /reload?ser=1600073691416 HTTP/1.1" 200 28 "http://renault.2web.at/account" "Mozilla/5.0 (Windows NT 10.0; Win64; x64) AppleWebKit/537.36 (KHTML, like Gecko) Chrome/85.0.4183.102 Safari/537.36"
80.123.225.38 - - [14/Sep/2020:10:55:38 +0200] "GET /reload?ser=1600073738394 HTTP/1.1" 200 28 "http://renault.activities.at/result?searchterm=true&search=Posterrahmen" "Mozilla/5.0 (Windows NT 6.1; WOW64; Trident/7.0; rv:11.0) like Gecko"
193.194.132.22 - - [14/Sep/2020:10:55:53 +0200] "GET /reload?ser=1600073753413 HTTP/1.1" 200 28 "http://renault.2web.at/account" "Mozilla/5.0 (Windows NT 10.0; Win64; x64) AppleWebKit/537.36 (KHTML, like Gecko) Chrome/85.0.4183.102 Safari/537.36"
80.123.225.38 - - [14/Sep/2020:10:56:39 +0200] "GET /reload?ser=1600073799375 HTTP/1.1" 200 28 "http://renault.activities.at/result?searchterm=true&search=Posterrahmen" "Mozilla/5.0 (Windows NT 6.1; WOW64; Trident/7.0; rv:11.0) like Gecko"
193.194.132.22 - - [14/Sep/2020:10:56:55 +0200] "GET /reload?ser=1600073815416 HTTP/1.1" 200 28 "http://renault.2web.at/account" "Mozilla/5.0 (Windows NT 10.0; Win64; x64) AppleWebKit/537.36 (KHTML, like Gecko) Chrome/85.0.4183.102 Safari/537.36"
80.123.225.38 - - [14/Sep/2020:10:57:40 +0200] "GET /reload?ser=1600073860361 HTTP/1.1" 200 28 "http://renault.activities.at/result?searchterm=true&search=Posterrahmen" "Mozilla/5.0 (Windows NT 6.1; WOW64; Trident/7.0; rv:11.0) like Gecko"
193.194.132.22 - - [14/Sep/2020:10:57:57 +0200] "GET /reload?ser=1600073877416 HTTP/1.1" 200 28 "http://renault.2web.at/account" "Mozilla/5.0 (Windows NT 10.0; Win64; x64) AppleWebKit/537.36 (KHTML, like Gecko) Chrome/85.0.4183.102 Safari/537.36"
80.123.225.38 - - [14/Sep/2020:10:58:41 +0200] "GET /reload?ser=1600073921345 HTTP/1.1" 200 28 "http://renault.activities.at/result?searchterm=true&search=Posterrahmen" "Mozilla/5.0 (Windows NT 6.1; WOW64; Trident/7.0; rv:11.0) like Gecko"
193.194.132.22 - - [14/Sep/2020:10:58:59 +0200] "GET /reload?ser=1600073939419 HTTP/1.1" 200 28 "http://renault.2web.at/account" "Mozilla/5.0 (Windows NT 10.0; Win64; x64) AppleWebKit/537.36 (KHTML, like Gecko) Chrome/85.0.4183.102 Safari/537.36"
80.123.225.38 - - [14/Sep/2020:10:59:42 +0200] "GET /reload?ser=1600073982314 HTTP/1.1" 200 28 "http://renault.activities.at/result?searchterm=true&search=Posterrahmen" "Mozilla/5.0 (Windows NT 6.1; WOW64; Trident/7.0; rv:11.0) like Gecko"
193.194.132.22 - - [14/Sep/2020:11:00:01 +0200] "GET /reload?ser=1600074001419 HTTP/1.1" 200 28 "http://renault.2web.at/account" "Mozilla/5.0 (Windows NT 10.0; Win64; x64) AppleWebKit/537.36 (KHTML, like Gecko) Chrome/85.0.4183.102 Safari/537.36"
80.123.225.38 - - [14/Sep/2020:11:00:43 +0200] "GET /reload?ser=1600074043314 HTTP/1.1" 200 28 "http://renault.activities.at/result?searchterm=true&search=Posterrahmen" "Mozilla/5.0 (Windows NT 6.1; WOW64; Trident/7.0; rv:11.0) like Gecko"
193.194.132.22 - - [14/Sep/2020:11:01:03 +0200] "GET /reload?ser=1600074063423 HTTP/1.1" 200 28 "http://renault.2web.at/account" "Mozilla/5.0 (Windows NT 10.0; Win64; x64) AppleWebKit/537.36 (KHTML, like Gecko) Chrome/85.0.4183.102 Safari/537.36"
80.123.225.38 - - [14/Sep/2020:11:01:44 +0200] "GET /reload?ser=1600074104288 HTTP/1.1" 200 28 "http://renault.activities.at/result?searchterm=true&search=Posterrahmen" "Mozilla/5.0 (Windows NT 6.1; WOW64; Trident/7.0; rv:11.0) like Gecko"
193.194.132.22 - - [14/Sep/2020:11:02:05 +0200] "GET /reload?ser=1600074125426 HTTP/1.1" 200 28 "http://renault.2web.at/account" "Mozilla/5.0 (Windows NT 10.0; Win64; x64) AppleWebKit/537.36 (KHTML, like Gecko) Chrome/85.0.4183.102 Safari/537.36"
80.123.225.38 - - [14/Sep/2020:11:02:45 +0200] "GET /reload?ser=1600074165292 HTTP/1.1" 200 28 "http://renault.activities.at/result?searchterm=true&search=Posterrahmen" "Mozilla/5.0 (Windows NT 6.1; WOW64; Trident/7.0; rv:11.0) like Gecko"
193.194.132.22 - - [14/Sep/2020:11:03:07 +0200] "GET /reload?ser=1600074187425 HTTP/1.1" 200 28 "http://renault.2web.at/account" "Mozilla/5.0 (Windows NT 10.0; Win64; x64) AppleWebKit/537.36 (KHTML, like Gecko) Chrome/85.0.4183.102 Safari/537.36"
40.77.167.196 - - [14/Sep/2020:11:03:13 +0200] "GET /sitemap.xml.gz HTTP/1.1" 200 1558 "-" "Mozilla/5.0 (compatible; bingbot/2.0; +http://www.bing.com/bingbot.htm)"
80.123.225.38 - - [14/Sep/2020:11:03:46 +0200] "GET /reload?ser=1600074226279 HTTP/1.1" 200 28 "http://renault.activities.at/result?searchterm=true&search=Posterrahmen" "Mozilla/5.0 (Windows NT 6.1; WOW64; Trident/7.0; rv:11.0) like Gecko"
193.194.132.22 - - [14/Sep/2020:11:04:09 +0200] "GET /reload?ser=1600074249424 HTTP/1.1" 200 28 "http://renault.2web.at/account" "Mozilla/5.0 (Windows NT 10.0; Win64; x64) AppleWebKit/537.36 (KHTML, like Gecko) Chrome/85.0.4183.102 Safari/537.36"
80.123.225.38 - - [14/Sep/2020:11:04:47 +0200] "GET /reload?ser=1600074287264 HTTP/1.1" 200 28 "http://renault.activities.at/result?searchterm=true&search=Posterrahmen" "Mozilla/5.0 (Windows NT 6.1; WOW64; Trident/7.0; rv:11.0) like Gecko"
213.153.47.173 - - [14/Sep/2020:11:05:00 +0200] "GET /layout.php HTTP/1.1" 200 1558 "-" "Mozilla/5.0 (Windows NT 10.0; Win64; x64) AppleWebKit/537.36 (KHTML, like Gecko) Chrome/84.0.4147.135 Safari/537.36 OPR/70.0.3728.178"
213.153.47.173 - - [14/Sep/2020:11:05:01 +0200] "GET /images/favicon.ico HTTP/1.1" 404 305 "-" "Mozilla/5.0 (Windows NT 10.0; Win64; x64) AppleWebKit/537.36 (KHTML, like Gecko) Chrome/84.0.4147.135 Safari/537.36 OPR/70.0.3728.178"
193.194.132.22 - - [14/Sep/2020:11:05:11 +0200] "GET /reload?ser=1600074311428 HTTP/1.1" 200 28 "http://renault.2web.at/account" "Mozilla/5.0 (Windows NT 10.0; Win64; x64) AppleWebKit/537.36 (KHTML, like Gecko) Chrome/85.0.4183.102 Safari/537.36"
80.123.225.38 - - [14/Sep/2020:11:05:48 +0200] "GET /reload?ser=1600074348256 HTTP/1.1" 200 28 "http://renault.activities.at/result?searchterm=true&search=Posterrahmen" "Mozilla/5.0 (Windows NT 6.1; WOW64; Trident/7.0; rv:11.0) like Gecko"
193.194.132.22 - - [14/Sep/2020:11:06:13 +0200] "GET /reload?ser=1600074373427 HTTP/1.1" 200 28 "http://renault.2web.at/account" "Mozilla/5.0 (Windows NT 10.0; Win64; x64) AppleWebKit/537.36 (KHTML, like Gecko) Chrome/85.0.4183.102 Safari/537.36"
80.123.225.38 - - [14/Sep/2020:11:06:49 +0200] "GET /reload?ser=1600074409258 HTTP/1.1" 200 28 "http://renault.activities.at/result?searchterm=true&search=Posterrahmen" "Mozilla/5.0 (Windows NT 6.1; WOW64; Trident/7.0; rv:11.0) like Gecko"
193.194.132.22 - - [14/Sep/2020:11:07:15 +0200] "GET /reload?ser=1600074435428 HTTP/1.1" 200 28 "http://renault.2web.at/account" "Mozilla/5.0 (Windows NT 10.0; Win64; x64) AppleWebKit/537.36 (KHTML, like Gecko) Chrome/85.0.4183.102 Safari/537.36"
80.123.225.38 - - [14/Sep/2020:11:07:50 +0200] "GET /reload?ser=1600074470233 HTTP/1.1" 200 28 "http://renault.activities.at/result?searchterm=true&search=Posterrahmen" "Mozilla/5.0 (Windows NT 6.1; WOW64; Trident/7.0; rv:11.0) like Gecko"
193.194.132.22 - - [14/Sep/2020:11:08:17 +0200] "GET /reload?ser=1600074497434 HTTP/1.1" 200 28 "http://renault.2web.at/account" "Mozilla/5.0 (Windows NT 10.0; Win64; x64) AppleWebKit/537.36 (KHTML, like Gecko) Chrome/85.0.4183.102 Safari/537.36"
80.123.225.38 - - [14/Sep/2020:11:08:51 +0200] "GET /reload?ser=1600074531251 HTTP/1.1" 200 28 "http://renault.activities.at/result?searchterm=true&search=Posterrahmen" "Mozilla/5.0 (Windows NT 6.1; WOW64; Trident/7.0; rv:11.0) like Gecko"
193.194.132.22 - - [14/Sep/2020:11:09:19 +0200] "GET /reload?ser=1600074559429 HTTP/1.1" 200 28 "http://renault.2web.at/account" "Mozilla/5.0 (Windows NT 10.0; Win64; x64) AppleWebKit/537.36 (KHTML, like Gecko) Chrome/85.0.4183.102 Safari/537.36"
80.123.225.38 - - [14/Sep/2020:11:09:52 +0200] "GET /reload?ser=1600074592259 HTTP/1.1" 200 28 "http://renault.activities.at/result?searchterm=true&search=Posterrahmen" "Mozilla/5.0 (Windows NT 6.1; WOW64; Trident/7.0; rv:11.0) like Gecko"
193.194.132.22 - - [14/Sep/2020:11:10:21 +0200] "GET /reload?ser=1600074621429 HTTP/1.1" 200 28 "http://renault.2web.at/account" "Mozilla/5.0 (Windows NT 10.0; Win64; x64) AppleWebKit/537.36 (KHTML, like Gecko) Chrome/85.0.4183.102 Safari/537.36"
80.123.225.38 - - [14/Sep/2020:11:10:53 +0200] "GET /reload?ser=1600074653247 HTTP/1.1" 200 28 "http://renault.activities.at/result?searchterm=true&search=Posterrahmen" "Mozilla/5.0 (Windows NT 6.1; WOW64; Trident/7.0; rv:11.0) like Gecko"
193.194.132.22 - - [14/Sep/2020:11:11:23 +0200] "GET /reload?ser=1600074683431 HTTP/1.1" 200 28 "http://renault.2web.at/account" "Mozilla/5.0 (Windows NT 10.0; Win64; x64) AppleWebKit/537.36 (KHTML, like Gecko) Chrome/85.0.4183.102 Safari/537.36"
80.123.225.38 - - [14/Sep/2020:11:11:54 +0200] "GET /reload?ser=1600074714256 HTTP/1.1" 200 28 "http://renault.activities.at/result?searchterm=true&search=Posterrahmen" "Mozilla/5.0 (Windows NT 6.1; WOW64; Trident/7.0; rv:11.0) like Gecko"
193.194.132.22 - - [14/Sep/2020:11:12:25 +0200] "GET /reload?ser=1600074745431 HTTP/1.1" 200 28 "http://renault.2web.at/account" "Mozilla/5.0 (Windows NT 10.0; Win64; x64) AppleWebKit/537.36 (KHTML, like Gecko) Chrome/85.0.4183.102 Safari/537.36"
80.123.225.38 - - [14/Sep/2020:11:12:55 +0200] "GET /reload?ser=1600074775297 HTTP/1.1" 200 28 "http://renault.activities.at/result?searchterm=true&search=Posterrahmen" "Mozilla/5.0 (Windows NT 6.1; WOW64; Trident/7.0; rv:11.0) like Gecko"
193.194.132.22 - - [14/Sep/2020:11:13:27 +0200] "GET /reload?ser=1600074807432 HTTP/1.1" 200 28 "http://renault.2web.at/account" "Mozilla/5.0 (Windows NT 10.0; Win64; x64) AppleWebKit/537.36 (KHTML, like Gecko) Chrome/85.0.4183.102 Safari/537.36"
80.123.225.38 - - [14/Sep/2020:11:13:56 +0200] "GET /reload?ser=1600074836303 HTTP/1.1" 200 28 "http://renault.activities.at/result?searchterm=true&search=Posterrahmen" "Mozilla/5.0 (Windows NT 6.1; WOW64; Trident/7.0; rv:11.0) like Gecko"
193.194.132.22 - - [14/Sep/2020:11:14:29 +0200] "GET /reload?ser=1600074869433 HTTP/1.1" 200 28 "http://renault.2web.at/account" "Mozilla/5.0 (Windows NT 10.0; Win64; x64) AppleWebKit/537.36 (KHTML, like Gecko) Chrome/85.0.4183.102 Safari/537.36"
80.123.225.38 - - [14/Sep/2020:11:14:57 +0200] "GET /reload?ser=1600074897299 HTTP/1.1" 200 28 "http://renault.activities.at/result?searchterm=true&search=Posterrahmen" "Mozilla/5.0 (Windows NT 6.1; WOW64; Trident/7.0; rv:11.0) like Gecko"
193.194.132.22 - - [14/Sep/2020:11:15:31 +0200] "GET /reload?ser=1600074931433 HTTP/1.1" 200 28 "http://renault.2web.at/account" "Mozilla/5.0 (Windows NT 10.0; Win64; x64) AppleWebKit/537.36 (KHTML, like Gecko) Chrome/85.0.4183.102 Safari/537.36"
80.123.225.38 - - [14/Sep/2020:11:15:58 +0200] "GET /reload?ser=1600074958285 HTTP/1.1" 200 28 "http://renault.activities.at/result?searchterm=true&search=Posterrahmen" "Mozilla/5.0 (Windows NT 6.1; WOW64; Trident/7.0; rv:11.0) like Gecko"
193.194.132.22 - - [14/Sep/2020:11:16:33 +0200] "GET /reload?ser=1600074993434 HTTP/1.1" 200 28 "http://renault.2web.at/account" "Mozilla/5.0 (Windows NT 10.0; Win64; x64) AppleWebKit/537.36 (KHTML, like Gecko) Chrome/85.0.4183.102 Safari/537.36"
80.123.225.38 - - [14/Sep/2020:11:16:59 +0200] "GET /reload?ser=1600075019275 HTTP/1.1" 200 28 "http://renault.activities.at/result?searchterm=true&search=Posterrahmen" "Mozilla/5.0 (Windows NT 6.1; WOW64; Trident/7.0; rv:11.0) like Gecko"
193.194.132.22 - - [14/Sep/2020:11:17:35 +0200] "GET /reload?ser=1600075055472 HTTP/1.1" 200 28 "http://renault.2web.at/account" "Mozilla/5.0 (Windows NT 10.0; Win64; x64) AppleWebKit/537.36 (KHTML, like Gecko) Chrome/85.0.4183.102 Safari/537.36"
80.123.225.38 - - [14/Sep/2020:11:18:00 +0200] "GET /reload?ser=1600075080251 HTTP/1.1" 200 28 "http://renault.activities.at/result?searchterm=true&search=Posterrahmen" "Mozilla/5.0 (Windows NT 6.1; WOW64; Trident/7.0; rv:11.0) like Gecko"
193.194.132.22 - - [14/Sep/2020:11:18:37 +0200] "GET /reload?ser=1600075117437 HTTP/1.1" 200 28 "http://renault.2web.at/account" "Mozilla/5.0 (Windows NT 10.0; Win64; x64) AppleWebKit/537.36 (KHTML, like Gecko) Chrome/85.0.4183.102 Safari/537.36"
80.123.225.38 - - [14/Sep/2020:11:19:01 +0200] "GET /reload?ser=1600075141265 HTTP/1.1" 200 28 "http://renault.activities.at/result?searchterm=true&search=Posterrahmen" "Mozilla/5.0 (Windows NT 6.1; WOW64; Trident/7.0; rv:11.0) like Gecko"
193.194.132.22 - - [14/Sep/2020:11:19:39 +0200] "GET /reload?ser=1600075179439 HTTP/1.1" 200 28 "http://renault.2web.at/account" "Mozilla/5.0 (Windows NT 10.0; Win64; x64) AppleWebKit/537.36 (KHTML, like Gecko) Chrome/85.0.4183.102 Safari/537.36"
80.123.225.38 - - [14/Sep/2020:11:20:02 +0200] "GET /reload?ser=1600075202268 HTTP/1.1" 200 28 "http://renault.activities.at/result?searchterm=true&search=Posterrahmen" "Mozilla/5.0 (Windows NT 6.1; WOW64; Trident/7.0; rv:11.0) like Gecko"
193.194.132.22 - - [14/Sep/2020:11:20:41 +0200] "GET /reload?ser=1600075241440 HTTP/1.1" 200 28 "http://renault.2web.at/account" "Mozilla/5.0 (Windows NT 10.0; Win64; x64) AppleWebKit/537.36 (KHTML, like Gecko) Chrome/85.0.4183.102 Safari/537.36"
80.123.225.38 - - [14/Sep/2020:11:21:03 +0200] "GET /reload?ser=1600075263290 HTTP/1.1" 200 28 "http://renault.activities.at/result?searchterm=true&search=Posterrahmen" "Mozilla/5.0 (Windows NT 6.1; WOW64; Trident/7.0; rv:11.0) like Gecko"
193.194.132.22 - - [14/Sep/2020:11:21:43 +0200] "GET /reload?ser=1600075303443 HTTP/1.1" 200 28 "http://renault.2web.at/account" "Mozilla/5.0 (Windows NT 10.0; Win64; x64) AppleWebKit/537.36 (KHTML, like Gecko) Chrome/85.0.4183.102 Safari/537.36"
80.123.225.38 - - [14/Sep/2020:11:22:04 +0200] "GET /reload?ser=1600075324277 HTTP/1.1" 200 28 "http://renault.activities.at/result?searchterm=true&search=Posterrahmen" "Mozilla/5.0 (Windows NT 6.1; WOW64; Trident/7.0; rv:11.0) like Gecko"
193.194.132.22 - - [14/Sep/2020:11:22:45 +0200] "GET /reload?ser=1600075365446 HTTP/1.1" 200 28 "http://renault.2web.at/account" "Mozilla/5.0 (Windows NT 10.0; Win64; x64) AppleWebKit/537.36 (KHTML, like Gecko) Chrome/85.0.4183.102 Safari/537.36"
80.123.225.38 - - [14/Sep/2020:11:23:05 +0200] "GET /reload?ser=1600075385259 HTTP/1.1" 200 28 "http://renault.activities.at/result?searchterm=true&search=Posterrahmen" "Mozilla/5.0 (Windows NT 6.1; WOW64; Trident/7.0; rv:11.0) like Gecko"
193.194.132.22 - - [14/Sep/2020:11:23:47 +0200] "GET /reload?ser=1600075427447 HTTP/1.1" 200 28 "http://renault.2web.at/account" "Mozilla/5.0 (Windows NT 10.0; Win64; x64) AppleWebKit/537.36 (KHTML, like Gecko) Chrome/85.0.4183.102 Safari/537.36"
80.123.225.38 - - [14/Sep/2020:11:24:06 +0200] "GET /reload?ser=1600075446263 HTTP/1.1" 200 28 "http://renault.activities.at/result?searchterm=true&search=Posterrahmen" "Mozilla/5.0 (Windows NT 6.1; WOW64; Trident/7.0; rv:11.0) like Gecko"
193.194.132.22 - - [14/Sep/2020:11:24:49 +0200] "GET /reload?ser=1600075489450 HTTP/1.1" 200 28 "http://renault.2web.at/account" "Mozilla/5.0 (Windows NT 10.0; Win64; x64) AppleWebKit/537.36 (KHTML, like Gecko) Chrome/85.0.4183.102 Safari/537.36"
94.31.85.236 - - [14/Sep/2020:11:25:00 +0200] "GET / HTTP/1.1" 200 3273 "https://www.google.de/" "Mozilla/5.0 (Windows NT 10.0; Win64; x64; rv:80.0) Gecko/20100101 Firefox/80.0"
94.31.85.236 - - [14/Sep/2020:11:25:01 +0200] "GET /js/flashdetection.js HTTP/1.1" 200 1059 "http://renault.activities.at/" "Mozilla/5.0 (Windows NT 10.0; Win64; x64; rv:80.0) Gecko/20100101 Firefox/80.0"
94.31.85.236 - - [14/Sep/2020:11:25:01 +0200] "GET /css/reset.css HTTP/1.1" 200 1356 "http://renault.activities.at/" "Mozilla/5.0 (Windows NT 10.0; Win64; x64; rv:80.0) Gecko/20100101 Firefox/80.0"
94.31.85.236 - - [14/Sep/2020:11:25:01 +0200] "GET /css/clears.css HTTP/1.1" 200 851 "http://renault.activities.at/" "Mozilla/5.0 (Windows NT 10.0; Win64; x64; rv:80.0) Gecko/20100101 Firefox/80.0"
94.31.85.236 - - [14/Sep/2020:11:25:01 +0200] "GET /css/styles.css HTTP/1.1" 200 14664 "http://renault.activities.at/" "Mozilla/5.0 (Windows NT 10.0; Win64; x64; rv:80.0) Gecko/20100101 Firefox/80.0"
94.31.85.236 - - [14/Sep/2020:11:25:01 +0200] "GET /js/default.js HTTP/1.1" 200 14698 "http://renault.activities.at/" "Mozilla/5.0 (Windows NT 10.0; Win64; x64; rv:80.0) Gecko/20100101 Firefox/80.0"
94.31.85.236 - - [14/Sep/2020:11:25:01 +0200] "GET /css/print.css HTTP/1.1" 200 543 "http://renault.activities.at/" "Mozilla/5.0 (Windows NT 10.0; Win64; x64; rv:80.0) Gecko/20100101 Firefox/80.0"
94.31.85.236 - - [14/Sep/2020:11:25:01 +0200] "GET /js/checkout.css HTTP/1.1" 200 359 "http://renault.activities.at/" "Mozilla/5.0 (Windows NT 10.0; Win64; x64; rv:80.0) Gecko/20100101 Firefox/80.0"
94.31.85.236 - - [14/Sep/2020:11:25:01 +0200] "GET /css/prototip.css HTTP/1.1" 200 968 "http://renault.activities.at/" "Mozilla/5.0 (Windows NT 10.0; Win64; x64; rv:80.0) Gecko/20100101 Firefox/80.0"
94.31.85.236 - - [14/Sep/2020:11:25:01 +0200] "GET /css/themes/default.css HTTP/1.1" 200 769 "http://renault.activities.at/" "Mozilla/5.0 (Windows NT 10.0; Win64; x64; rv:80.0) Gecko/20100101 Firefox/80.0"
94.31.85.236 - - [14/Sep/2020:11:25:01 +0200] "GET /css/themes/alphacube.css HTTP/1.1" 200 743 "http://renault.activities.at/" "Mozilla/5.0 (Windows NT 10.0; Win64; x64; rv:80.0) Gecko/20100101 Firefox/80.0"
94.31.85.236 - - [14/Sep/2020:11:25:01 +0200] "GET /js/index.php?c=auto&f=,prototype/prototype.js,prototype/validation.js,scriptaculous/builder.js,scriptaculous/effects.js,scriptaculous/dragdrop.js,scriptaculous/controls.js,scriptaculous/slider.js,varien/js.js,varien/form.js,varien/menu.js,mage/translate.js,mage/cookies.js,varien/product.js,spinner/SpinnerControl.jsmin.js,prototype/window.js,prototype/window_ext.js HTTP/1.1" 200 94182 "http://renault.activities.at/" "Mozilla/5.0 (Windows NT 10.0; Win64; x64; rv:80.0) Gecko/20100101 Firefox/80.0"
94.31.85.236 - - [14/Sep/2020:11:25:02 +0200] "GET /images/main_block_border.gif HTTP/1.1" 200 43 "http://renault.activities.at/css/styles.css" "Mozilla/5.0 (Windows NT 10.0; Win64; x64; rv:80.0) Gecko/20100101 Firefox/80.0"
94.31.85.236 - - [14/Sep/2020:11:25:02 +0200] "GET /images/main_block_corner_right_bot.gif HTTP/1.1" 200 158 "http://renault.activities.at/css/styles.css" "Mozilla/5.0 (Windows NT 10.0; Win64; x64; rv:80.0) Gecko/20100101 Firefox/80.0"
94.31.85.236 - - [14/Sep/2020:11:25:02 +0200] "GET /images/main_block_corner_left_bot.gif HTTP/1.1" 200 159 "http://renault.activities.at/css/styles.css" "Mozilla/5.0 (Windows NT 10.0; Win64; x64; rv:80.0) Gecko/20100101 Firefox/80.0"
94.31.85.236 - - [14/Sep/2020:11:25:02 +0200] "GET /images/header_block_border.gif HTTP/1.1" 200 43 "http://renault.activities.at/css/styles.css" "Mozilla/5.0 (Windows NT 10.0; Win64; x64; rv:80.0) Gecko/20100101 Firefox/80.0"
94.31.85.236 - - [14/Sep/2020:11:25:02 +0200] "GET /images/header_block_corner_left_top.gif HTTP/1.1" 200 160 "http://renault.activities.at/css/styles.css" "Mozilla/5.0 (Windows NT 10.0; Win64; x64; rv:80.0) Gecko/20100101 Firefox/80.0"
94.31.85.236 - - [14/Sep/2020:11:25:02 +0200] "GET /images/header_block_corner_right_top.gif HTTP/1.1" 200 160 "http://renault.activities.at/css/styles.css" "Mozilla/5.0 (Windows NT 10.0; Win64; x64; rv:80.0) Gecko/20100101 Firefox/80.0"
94.31.85.236 - - [14/Sep/2020:11:25:02 +0200] "GET /images/favicon.ico HTTP/1.1" 404 305 "-" "Mozilla/5.0 (Windows NT 10.0; Win64; x64; rv:80.0) Gecko/20100101 Firefox/80.0"
94.31.85.236 - - [14/Sep/2020:11:25:02 +0200] "GET /images/main_block_corner_left_top.gif HTTP/1.1" 200 159 "http://renault.activities.at/css/styles.css" "Mozilla/5.0 (Windows NT 10.0; Win64; x64; rv:80.0) Gecko/20100101 Firefox/80.0"
94.31.85.236 - - [14/Sep/2020:11:25:02 +0200] "GET /images/main_block_corner_right_top.gif HTTP/1.1" 200 159 "http://renault.activities.at/css/styles.css" "Mozilla/5.0 (Windows NT 10.0; Win64; x64; rv:80.0) Gecko/20100101 Firefox/80.0"
94.31.85.236 - - [14/Sep/2020:11:25:02 +0200] "GET /images/title_border.jpg HTTP/1.1" 200 304 "http://renault.activities.at/css/styles.css" "Mozilla/5.0 (Windows NT 10.0; Win64; x64; rv:80.0) Gecko/20100101 Firefox/80.0"
94.31.85.236 - - [14/Sep/2020:11:25:02 +0200] "GET /images/title_border_top.jpg HTTP/1.1" 200 336 "http://renault.activities.at/css/styles.css" "Mozilla/5.0 (Windows NT 10.0; Win64; x64; rv:80.0) Gecko/20100101 Firefox/80.0"
94.31.85.236 - - [14/Sep/2020:11:25:02 +0200] "GET /images/title_corner_left_top.jpg HTTP/1.1" 200 372 "http://renault.activities.at/css/styles.css" "Mozilla/5.0 (Windows NT 10.0; Win64; x64; rv:80.0) Gecko/20100101 Firefox/80.0"
94.31.85.236 - - [14/Sep/2020:11:25:02 +0200] "GET /images/title_corner_right_top.jpg HTTP/1.1" 200 389 "http://renault.activities.at/css/styles.css" "Mozilla/5.0 (Windows NT 10.0; Win64; x64; rv:80.0) Gecko/20100101 Firefox/80.0"
94.31.85.236 - - [14/Sep/2020:11:25:02 +0200] "GET /loadthumbnail.php?id=11127982 HTTP/1.1" 200 399614 "http://renault.activities.at/" "Mozilla/5.0 (Windows NT 10.0; Win64; x64; rv:80.0) Gecko/20100101 Firefox/80.0"
80.123.225.38 - - [14/Sep/2020:11:25:07 +0200] "GET /reload?ser=1600075507280 HTTP/1.1" 200 28 "http://renault.activities.at/result?searchterm=true&search=Posterrahmen" "Mozilla/5.0 (Windows NT 6.1; WOW64; Trident/7.0; rv:11.0) like Gecko"
