138.21.12.21 - - [24/Sep/2020:12:01:10 +0200] "GET /10260280?dir=DESC&mode=grid&order=name&limit=15&page=11 HTTP/1.1" 200 11333 "http://renault.2web.at/10260280?dir=DESC&mode=grid&order=name&limit=15&page=10" "Mozilla/5.0 (Windows NT 10.0; Win64; x64) AppleWebKit/537.36 (KHTML, like Gecko) Chrome/85.0.4183.121 Safari/537.36"
138.21.12.21 - - [24/Sep/2020:12:01:13 +0200] "GET /loadthumbnail.php?id=11112261&width=113 HTTP/1.1" 200 1814 "http://renault.2web.at/10260280?dir=DESC&mode=grid&order=name&limit=15&page=11" "Mozilla/5.0 (Windows NT 10.0; Win64; x64) AppleWebKit/537.36 (KHTML, like Gecko) Chrome/85.0.4183.121 Safari/537.36"
138.21.12.21 - - [24/Sep/2020:12:01:14 +0200] "GET /loadthumbnail.php?id=11112110&width=113 HTTP/1.1" 200 1851 "http://renault.2web.at/10260280?dir=DESC&mode=grid&order=name&limit=15&page=11" "Mozilla/5.0 (Windows NT 10.0; Win64; x64) AppleWebKit/537.36 (KHTML, like Gecko) Chrome/85.0.4183.121 Safari/537.36"
138.21.12.21 - - [24/Sep/2020:12:01:14 +0200] "GET /loadthumbnail.php?id=11112400&width=113 HTTP/1.1" 200 1851 "http://renault.2web.at/10260280?dir=DESC&mode=grid&order=name&limit=15&page=11" "Mozilla/5.0 (Windows NT 10.0; Win64; x64) AppleWebKit/537.36 (KHTML, like Gecko) Chrome/85.0.4183.121 Safari/537.36"
138.21.12.21 - - [24/Sep/2020:12:01:14 +0200] "GET /loadthumbnail.php?id=11967858&width=113 HTTP/1.1" 200 1835 "http://renault.2web.at/10260280?dir=DESC&mode=grid&order=name&limit=15&page=11" "Mozilla/5.0 (Windows NT 10.0; Win64; x64) AppleWebKit/537.36 (KHTML, like Gecko) Chrome/85.0.4183.121 Safari/537.36"
138.21.12.21 - - [24/Sep/2020:12:01:14 +0200] "GET /loadthumbnail.php?id=12029411&width=113 HTTP/1.1" 200 3687 "http://renault.2web.at/10260280?dir=DESC&mode=grid&order=name&limit=15&page=11" "Mozilla/5.0 (Windows NT 10.0; Win64; x64) AppleWebKit/537.36 (KHTML, like Gecko) Chrome/85.0.4183.121 Safari/537.36"
138.21.12.21 - - [24/Sep/2020:12:01:14 +0200] "GET /loadthumbnail.php?id=12029410&width=113 HTTP/1.1" 200 3108 "http://renault.2web.at/10260280?dir=DESC&mode=grid&order=name&limit=15&page=11" "Mozilla/5.0 (Windows NT 10.0; Win64; x64) AppleWebKit/537.36 (KHTML, like Gecko) Chrome/85.0.4183.121 Safari/537.36"
138.21.12.21 - - [24/Sep/2020:12:01:14 +0200] "GET /loadthumbnail.php?id=11730459&width=113 HTTP/1.1" 200 4795 "http://renault.2web.at/10260280?dir=DESC&mode=grid&order=name&limit=15&page=11" "Mozilla/5.0 (Windows NT 10.0; Win64; x64) AppleWebKit/537.36 (KHTML, like Gecko) Chrome/85.0.4183.121 Safari/537.36"
138.21.12.21 - - [24/Sep/2020:12:01:14 +0200] "GET /loadthumbnail.php?id=11304858&width=113 HTTP/1.1" 200 1289 "http://renault.2web.at/10260280?dir=DESC&mode=grid&order=name&limit=15&page=11" "Mozilla/5.0 (Windows NT 10.0; Win64; x64) AppleWebKit/537.36 (KHTML, like Gecko) Chrome/85.0.4183.121 Safari/537.36"
138.21.12.21 - - [24/Sep/2020:12:01:14 +0200] "GET /loadthumbnail.php?id=10848346&width=113 HTTP/1.1" 200 2340 "http://renault.2web.at/10260280?dir=DESC&mode=grid&order=name&limit=15&page=11" "Mozilla/5.0 (Windows NT 10.0; Win64; x64) AppleWebKit/537.36 (KHTML, like Gecko) Chrome/85.0.4183.121 Safari/537.36"
138.21.12.21 - - [24/Sep/2020:12:01:20 +0200] "GET /10260280?dir=DESC&mode=grid&order=name&limit=15&page=7 HTTP/1.1" 200 11976 "http://renault.2web.at/10260280?dir=DESC&mode=grid&order=name&limit=15&page=11" "Mozilla/5.0 (Windows NT 10.0; Win64; x64) AppleWebKit/537.36 (KHTML, like Gecko) Chrome/85.0.4183.121 Safari/537.36"
93.83.167.130 - - [24/Sep/2020:12:01:22 +0200] "GET /reload?ser=1600941682574 HTTP/1.1" 200 28 "http://renault.activities.at/account" "Mozilla/5.0 (Windows NT 10.0; WOW64; Trident/7.0; rv:11.0) like Gecko"
138.21.12.21 - - [24/Sep/2020:12:01:28 +0200] "GET /10260280?dir=DESC&mode=grid&order=name&limit=15&page=5 HTTP/1.1" 200 11634 "http://renault.2web.at/10260280?dir=DESC&mode=grid&order=name&limit=15&page=7" "Mozilla/5.0 (Windows NT 10.0; Win64; x64) AppleWebKit/537.36 (KHTML, like Gecko) Chrome/85.0.4183.121 Safari/537.36"
212.186.92.126 - - [24/Sep/2020:12:01:31 +0200] "GET /reload?ser=1600941691180 HTTP/1.1" 200 28 "http://renault.activities.at/result?searchterm=true&search=VER13" "Mozilla/5.0 (Windows NT 10.0; WOW64) AppleWebKit/537.36 (KHTML, like Gecko) Chrome/85.0.4183.121 Safari/537.36"
138.21.12.21 - - [24/Sep/2020:12:01:51 +0200] "GET /10260280?dir=DESC&mode=grid&order=name&limit=15&page=3 HTTP/1.1" 200 11702 "http://renault.2web.at/10260280?dir=DESC&mode=grid&order=name&limit=15&page=5" "Mozilla/5.0 (Windows NT 10.0; Win64; x64) AppleWebKit/537.36 (KHTML, like Gecko) Chrome/85.0.4183.121 Safari/537.36"
93.83.167.130 - - [24/Sep/2020:12:02:23 +0200] "GET /reload?ser=1600941743530 HTTP/1.1" 200 28 "http://renault.activities.at/account" "Mozilla/5.0 (Windows NT 10.0; WOW64; Trident/7.0; rv:11.0) like Gecko"
212.186.92.126 - - [24/Sep/2020:12:02:32 +0200] "GET /reload?ser=1600941752182 HTTP/1.1" 200 28 "http://renault.activities.at/result?searchterm=true&search=VER13" "Mozilla/5.0 (Windows NT 10.0; WOW64) AppleWebKit/537.36 (KHTML, like Gecko) Chrome/85.0.4183.121 Safari/537.36"
138.21.12.21 - - [24/Sep/2020:12:02:53 +0200] "GET /reload?ser=1600941773662 HTTP/1.1" 200 28 "http://renault.2web.at/10260280?dir=DESC&mode=grid&order=name&limit=15&page=3" "Mozilla/5.0 (Windows NT 10.0; Win64; x64) AppleWebKit/537.36 (KHTML, like Gecko) Chrome/85.0.4183.121 Safari/537.36"
93.83.167.130 - - [24/Sep/2020:12:03:24 +0200] "GET /reload?ser=1600941804783 HTTP/1.1" 200 28 "http://renault.activities.at/account" "Mozilla/5.0 (Windows NT 10.0; WOW64; Trident/7.0; rv:11.0) like Gecko"
212.186.92.126 - - [24/Sep/2020:12:03:34 +0200] "GET /reload?ser=1600941814183 HTTP/1.1" 200 28 "http://renault.activities.at/result?searchterm=true&search=VER13" "Mozilla/5.0 (Windows NT 10.0; WOW64) AppleWebKit/537.36 (KHTML, like Gecko) Chrome/85.0.4183.121 Safari/537.36"
138.21.12.21 - - [24/Sep/2020:12:03:55 +0200] "GET /reload?ser=1600941835663 HTTP/1.1" 200 28 "http://renault.2web.at/10260280?dir=DESC&mode=grid&order=name&limit=15&page=3" "Mozilla/5.0 (Windows NT 10.0; Win64; x64) AppleWebKit/537.36 (KHTML, like Gecko) Chrome/85.0.4183.121 Safari/537.36"
138.21.12.21 - - [24/Sep/2020:12:04:15 +0200] "GET /10260280?dir=DESC&mode=grid&order=name&limit=15&page=4 HTTP/1.1" 200 11671 "http://renault.2web.at/10260280?dir=DESC&mode=grid&order=name&limit=15&page=3" "Mozilla/5.0 (Windows NT 10.0; Win64; x64) AppleWebKit/537.36 (KHTML, like Gecko) Chrome/85.0.4183.121 Safari/537.36"
138.21.12.21 - - [24/Sep/2020:12:04:18 +0200] "GET /10260280?dir=DESC&mode=grid&order=name&limit=15&page=5 HTTP/1.1" 200 11634 "http://renault.2web.at/10260280?dir=DESC&mode=grid&order=name&limit=15&page=4" "Mozilla/5.0 (Windows NT 10.0; Win64; x64) AppleWebKit/537.36 (KHTML, like Gecko) Chrome/85.0.4183.121 Safari/537.36"
138.21.12.21 - - [24/Sep/2020:12:04:21 +0200] "GET /10260280?dir=DESC&mode=grid&order=name&limit=15&page=6 HTTP/1.1" 200 11835 "http://renault.2web.at/10260280?dir=DESC&mode=grid&order=name&limit=15&page=5" "Mozilla/5.0 (Windows NT 10.0; Win64; x64) AppleWebKit/537.36 (KHTML, like Gecko) Chrome/85.0.4183.121 Safari/537.36"
138.21.12.21 - - [24/Sep/2020:12:04:23 +0200] "GET /10260280?dir=DESC&mode=grid&order=name&limit=15&page=7 HTTP/1.1" 200 11976 "http://renault.2web.at/10260280?dir=DESC&mode=grid&order=name&limit=15&page=6" "Mozilla/5.0 (Windows NT 10.0; Win64; x64) AppleWebKit/537.36 (KHTML, like Gecko) Chrome/85.0.4183.121 Safari/537.36"
93.83.167.130 - - [24/Sep/2020:12:04:25 +0200] "GET /reload?ser=1600941865734 HTTP/1.1" 200 28 "http://renault.activities.at/account" "Mozilla/5.0 (Windows NT 10.0; WOW64; Trident/7.0; rv:11.0) like Gecko"
138.21.12.21 - - [24/Sep/2020:12:04:25 +0200] "GET /10260280?dir=DESC&mode=grid&order=name&limit=15&page=8 HTTP/1.1" 200 11759 "http://renault.2web.at/10260280?dir=DESC&mode=grid&order=name&limit=15&page=7" "Mozilla/5.0 (Windows NT 10.0; Win64; x64) AppleWebKit/537.36 (KHTML, like Gecko) Chrome/85.0.4183.121 Safari/537.36"
138.21.12.21 - - [24/Sep/2020:12:04:29 +0200] "GET /10260280?dir=DESC&mode=grid&order=name&limit=15&page=9 HTTP/1.1" 200 12018 "http://renault.2web.at/10260280?dir=DESC&mode=grid&order=name&limit=15&page=8" "Mozilla/5.0 (Windows NT 10.0; Win64; x64) AppleWebKit/537.36 (KHTML, like Gecko) Chrome/85.0.4183.121 Safari/537.36"
212.186.92.126 - - [24/Sep/2020:12:04:35 +0200] "GET /reload?ser=1600941875185 HTTP/1.1" 200 28 "http://renault.activities.at/result?searchterm=true&search=VER13" "Mozilla/5.0 (Windows NT 10.0; WOW64) AppleWebKit/537.36 (KHTML, like Gecko) Chrome/85.0.4183.121 Safari/537.36"
138.21.12.21 - - [24/Sep/2020:12:04:36 +0200] "GET /10260280?dir=DESC&mode=grid&order=name&limit=15&page=11 HTTP/1.1" 200 11333 "http://renault.2web.at/10260280?dir=DESC&mode=grid&order=name&limit=15&page=9" "Mozilla/5.0 (Windows NT 10.0; Win64; x64) AppleWebKit/537.36 (KHTML, like Gecko) Chrome/85.0.4183.121 Safari/537.36"
138.21.12.21 - - [24/Sep/2020:12:04:41 +0200] "GET /css/themes/alphacube/frame_right.gif HTTP/1.1" 200 64 "http://renault.2web.at/css/themes/alphacube.css" "Mozilla/5.0 (Windows NT 10.0; Win64; x64) AppleWebKit/537.36 (KHTML, like Gecko) Chrome/85.0.4183.121 Safari/537.36"
138.21.12.21 - - [24/Sep/2020:12:04:41 +0200] "GET /css/themes/alphacube/top_mid.gif HTTP/1.1" 200 833 "http://renault.2web.at/css/themes/alphacube.css" "Mozilla/5.0 (Windows NT 10.0; Win64; x64) AppleWebKit/537.36 (KHTML, like Gecko) Chrome/85.0.4183.121 Safari/537.36"
138.21.12.21 - - [24/Sep/2020:12:04:41 +0200] "GET /css/themes/alphacube/frame_left.gif HTTP/1.1" 200 64 "http://renault.2web.at/css/themes/alphacube.css" "Mozilla/5.0 (Windows NT 10.0; Win64; x64) AppleWebKit/537.36 (KHTML, like Gecko) Chrome/85.0.4183.121 Safari/537.36"
138.21.12.21 - - [24/Sep/2020:12:04:41 +0200] "GET /css/themes/alphacube/bottom_middle.gif HTTP/1.1" 200 44 "http://renault.2web.at/css/themes/alphacube.css" "Mozilla/5.0 (Windows NT 10.0; Win64; x64) AppleWebKit/537.36 (KHTML, like Gecko) Chrome/85.0.4183.121 Safari/537.36"
138.21.12.21 - - [24/Sep/2020:12:04:41 +0200] "GET /css/themes/alphacube/button-close-focus.gif HTTP/1.1" 200 699 "http://renault.2web.at/css/themes/alphacube.css" "Mozilla/5.0 (Windows NT 10.0; Win64; x64) AppleWebKit/537.36 (KHTML, like Gecko) Chrome/85.0.4183.121 Safari/537.36"
138.21.12.21 - - [24/Sep/2020:12:04:41 +0200] "GET /css/themes/alphacube/bottom_left-c.gif HTTP/1.1" 200 62 "http://renault.2web.at/css/themes/alphacube.css" "Mozilla/5.0 (Windows NT 10.0; Win64; x64) AppleWebKit/537.36 (KHTML, like Gecko) Chrome/85.0.4183.121 Safari/537.36"
138.21.12.21 - - [24/Sep/2020:12:04:41 +0200] "GET /css/themes/alphacube/top_right.gif HTTP/1.1" 200 972 "http://renault.2web.at/css/themes/alphacube.css" "Mozilla/5.0 (Windows NT 10.0; Win64; x64) AppleWebKit/537.36 (KHTML, like Gecko) Chrome/85.0.4183.121 Safari/537.36"
138.21.12.21 - - [24/Sep/2020:12:04:41 +0200] "GET /css/themes/alphacube/bottom_right-c.gif HTTP/1.1" 200 62 "http://renault.2web.at/css/themes/alphacube.css" "Mozilla/5.0 (Windows NT 10.0; Win64; x64) AppleWebKit/537.36 (KHTML, like Gecko) Chrome/85.0.4183.121 Safari/537.36"
138.21.12.21 - - [24/Sep/2020:12:04:41 +0200] "GET /css/themes/alphacube/top_left.gif HTTP/1.1" 200 973 "http://renault.2web.at/css/themes/alphacube.css" "Mozilla/5.0 (Windows NT 10.0; Win64; x64) AppleWebKit/537.36 (KHTML, like Gecko) Chrome/85.0.4183.121 Safari/537.36"
138.21.12.21 - - [24/Sep/2020:12:04:40 +0200] "GET /11109012?print=true HTTP/1.1" 200 2652 "http://renault.2web.at/10260280?dir=DESC&mode=grid&order=name&limit=15&page=11" "Mozilla/5.0 (Windows NT 10.0; Win64; x64) AppleWebKit/537.36 (KHTML, like Gecko) Chrome/85.0.4183.121 Safari/537.36"
138.21.12.21 - - [24/Sep/2020:12:04:44 +0200] "GET /js/Produkt.js HTTP/1.1" 200 852 "http://renault.2web.at/11109012?print=true" "Mozilla/5.0 (Windows NT 10.0; Win64; x64) AppleWebKit/537.36 (KHTML, like Gecko) Chrome/85.0.4183.121 Safari/537.36"
138.21.12.21 - - [24/Sep/2020:12:04:44 +0200] "GET /js/magiczoom/magiczoom.css HTTP/1.1" 200 1210 "http://renault.2web.at/11109012?print=true" "Mozilla/5.0 (Windows NT 10.0; Win64; x64) AppleWebKit/537.36 (KHTML, like Gecko) Chrome/85.0.4183.121 Safari/537.36"
138.21.12.21 - - [24/Sep/2020:12:04:44 +0200] "GET /js/magiczoom/magiczoom.js HTTP/1.1" 200 26397 "http://renault.2web.at/11109012?print=true" "Mozilla/5.0 (Windows NT 10.0; Win64; x64) AppleWebKit/537.36 (KHTML, like Gecko) Chrome/85.0.4183.121 Safari/537.36"
138.21.12.21 - - [24/Sep/2020:12:04:44 +0200] "GET /loadthumbnail.php?id=11112110&width=250 HTTP/1.1" 200 4616 "http://renault.2web.at/11109012?print=true" "Mozilla/5.0 (Windows NT 10.0; Win64; x64) AppleWebKit/537.36 (KHTML, like Gecko) Chrome/85.0.4183.121 Safari/537.36"
138.21.12.21 - - [24/Sep/2020:12:04:44 +0200] "GET /loadthumbnail.php?id=11112110&width=900&height=900 HTTP/1.1" 200 10580 "http://renault.2web.at/11109012?print=true" "Mozilla/5.0 (Windows NT 10.0; Win64; x64) AppleWebKit/537.36 (KHTML, like Gecko) Chrome/85.0.4183.121 Safari/537.36"
138.21.12.21 - - [24/Sep/2020:12:04:45 +0200] "GET /js/magiczoom/graphics/loader.gif HTTP/1.1" 200 1849 "http://renault.2web.at/js/magiczoom/magiczoom.css" "Mozilla/5.0 (Windows NT 10.0; Win64; x64) AppleWebKit/537.36 (KHTML, like Gecko) Chrome/85.0.4183.121 Safari/537.36"
138.21.12.21 - - [24/Sep/2020:12:04:45 +0200] "GET /js/magiczoom/graphics/hint.gif HTTP/1.1" 200 73 "http://renault.2web.at/js/magiczoom/magiczoom.css" "Mozilla/5.0 (Windows NT 10.0; Win64; x64) AppleWebKit/537.36 (KHTML, like Gecko) Chrome/85.0.4183.121 Safari/537.36"
138.21.12.21 - - [24/Sep/2020:12:04:48 +0200] "GET /js/magiczoom/graphics/zoomin.cur HTTP/1.1" 200 326 "http://renault.2web.at/js/magiczoom/magiczoom.css" "Mozilla/5.0 (Windows NT 10.0; Win64; x64) AppleWebKit/537.36 (KHTML, like Gecko) Chrome/85.0.4183.121 Safari/537.36"
93.83.167.130 - - [24/Sep/2020:12:05:26 +0200] "GET /reload?ser=1600941926693 HTTP/1.1" 200 28 "http://renault.activities.at/account" "Mozilla/5.0 (Windows NT 10.0; WOW64; Trident/7.0; rv:11.0) like Gecko"
212.186.92.126 - - [24/Sep/2020:12:05:36 +0200] "GET /reload?ser=1600941936187 HTTP/1.1" 200 28 "http://renault.activities.at/result?searchterm=true&search=VER13" "Mozilla/5.0 (Windows NT 10.0; WOW64) AppleWebKit/537.36 (KHTML, like Gecko) Chrome/85.0.4183.121 Safari/537.36"
138.21.12.21 - - [24/Sep/2020:12:05:38 +0200] "GET /reload?ser=1600941938672 HTTP/1.1" 200 28 "http://renault.2web.at/10260280?dir=DESC&mode=grid&order=name&limit=15&page=11" "Mozilla/5.0 (Windows NT 10.0; Win64; x64) AppleWebKit/537.36 (KHTML, like Gecko) Chrome/85.0.4183.121 Safari/537.36"
93.83.167.130 - - [24/Sep/2020:12:06:27 +0200] "GET /reload?ser=1600941987636 HTTP/1.1" 200 28 "http://renault.activities.at/account" "Mozilla/5.0 (Windows NT 10.0; WOW64; Trident/7.0; rv:11.0) like Gecko"
212.186.92.126 - - [24/Sep/2020:12:06:37 +0200] "GET /reload?ser=1600941997189 HTTP/1.1" 200 28 "http://renault.activities.at/result?searchterm=true&search=VER13" "Mozilla/5.0 (Windows NT 10.0; WOW64) AppleWebKit/537.36 (KHTML, like Gecko) Chrome/85.0.4183.121 Safari/537.36"
138.21.12.21 - - [24/Sep/2020:12:06:40 +0200] "GET /reload?ser=1600942000708 HTTP/1.1" 200 28 "http://renault.2web.at/10260280?dir=DESC&mode=grid&order=name&limit=15&page=11" "Mozilla/5.0 (Windows NT 10.0; Win64; x64) AppleWebKit/537.36 (KHTML, like Gecko) Chrome/85.0.4183.121 Safari/537.36"
93.83.167.130 - - [24/Sep/2020:12:07:28 +0200] "GET /reload?ser=1600942048581 HTTP/1.1" 200 28 "http://renault.activities.at/account" "Mozilla/5.0 (Windows NT 10.0; WOW64; Trident/7.0; rv:11.0) like Gecko"
212.186.92.126 - - [24/Sep/2020:12:07:39 +0200] "GET /reload?ser=1600942059192 HTTP/1.1" 200 28 "http://renault.activities.at/result?searchterm=true&search=VER13" "Mozilla/5.0 (Windows NT 10.0; WOW64) AppleWebKit/537.36 (KHTML, like Gecko) Chrome/85.0.4183.121 Safari/537.36"
138.21.12.21 - - [24/Sep/2020:12:07:42 +0200] "GET /reload?ser=1600942062668 HTTP/1.1" 200 28 "http://renault.2web.at/10260280?dir=DESC&mode=grid&order=name&limit=15&page=11" "Mozilla/5.0 (Windows NT 10.0; Win64; x64) AppleWebKit/537.36 (KHTML, like Gecko) Chrome/85.0.4183.121 Safari/537.36"
93.83.167.130 - - [24/Sep/2020:12:08:29 +0200] "GET /reload?ser=1600942109566 HTTP/1.1" 200 28 "http://renault.activities.at/account" "Mozilla/5.0 (Windows NT 10.0; WOW64; Trident/7.0; rv:11.0) like Gecko"
212.186.92.126 - - [24/Sep/2020:12:08:41 +0200] "GET /reload?ser=1600942121179 HTTP/1.1" 200 28 "http://renault.activities.at/result?searchterm=true&search=VER13" "Mozilla/5.0 (Windows NT 10.0; WOW64) AppleWebKit/537.36 (KHTML, like Gecko) Chrome/85.0.4183.121 Safari/537.36"
138.21.12.21 - - [24/Sep/2020:12:08:44 +0200] "GET /reload?ser=1600942124668 HTTP/1.1" 200 28 "http://renault.2web.at/10260280?dir=DESC&mode=grid&order=name&limit=15&page=11" "Mozilla/5.0 (Windows NT 10.0; Win64; x64) AppleWebKit/537.36 (KHTML, like Gecko) Chrome/85.0.4183.121 Safari/537.36"
93.83.167.130 - - [24/Sep/2020:12:09:30 +0200] "GET /reload?ser=1600942170529 HTTP/1.1" 200 28 "http://renault.activities.at/account" "Mozilla/5.0 (Windows NT 10.0; WOW64; Trident/7.0; rv:11.0) like Gecko"
212.186.92.126 - - [24/Sep/2020:12:09:43 +0200] "GET /reload?ser=1600942183189 HTTP/1.1" 200 28 "http://renault.activities.at/result?searchterm=true&search=VER13" "Mozilla/5.0 (Windows NT 10.0; WOW64) AppleWebKit/537.36 (KHTML, like Gecko) Chrome/85.0.4183.121 Safari/537.36"
138.21.12.21 - - [24/Sep/2020:12:09:46 +0200] "GET /reload?ser=1600942186669 HTTP/1.1" 200 28 "http://renault.2web.at/10260280?dir=DESC&mode=grid&order=name&limit=15&page=11" "Mozilla/5.0 (Windows NT 10.0; Win64; x64) AppleWebKit/537.36 (KHTML, like Gecko) Chrome/85.0.4183.121 Safari/537.36"
93.83.167.130 - - [24/Sep/2020:12:10:31 +0200] "GET /reload?ser=1600942231470 HTTP/1.1" 200 28 "http://renault.activities.at/account" "Mozilla/5.0 (Windows NT 10.0; WOW64; Trident/7.0; rv:11.0) like Gecko"
212.186.92.126 - - [24/Sep/2020:12:10:44 +0200] "GET /reload?ser=1600942244191 HTTP/1.1" 200 28 "http://renault.activities.at/result?searchterm=true&search=VER13" "Mozilla/5.0 (Windows NT 10.0; WOW64) AppleWebKit/537.36 (KHTML, like Gecko) Chrome/85.0.4183.121 Safari/537.36"
138.21.12.21 - - [24/Sep/2020:12:10:48 +0200] "GET /reload?ser=1600942248672 HTTP/1.1" 200 28 "http://renault.2web.at/10260280?dir=DESC&mode=grid&order=name&limit=15&page=11" "Mozilla/5.0 (Windows NT 10.0; Win64; x64) AppleWebKit/537.36 (KHTML, like Gecko) Chrome/85.0.4183.121 Safari/537.36"
93.83.167.130 - - [24/Sep/2020:12:11:32 +0200] "GET /reload?ser=1600942292455 HTTP/1.1" 200 28 "http://renault.activities.at/account" "Mozilla/5.0 (Windows NT 10.0; WOW64; Trident/7.0; rv:11.0) like Gecko"
212.186.92.126 - - [24/Sep/2020:12:11:46 +0200] "GET /reload?ser=1600942306192 HTTP/1.1" 200 28 "http://renault.activities.at/result?searchterm=true&search=VER13" "Mozilla/5.0 (Windows NT 10.0; WOW64) AppleWebKit/537.36 (KHTML, like Gecko) Chrome/85.0.4183.121 Safari/537.36"
138.21.12.21 - - [24/Sep/2020:12:11:49 +0200] "GET /reload?ser=1600942309791 HTTP/1.1" 200 28 "http://renault.2web.at/10260280?dir=DESC&mode=grid&order=name&limit=15&page=11" "Mozilla/5.0 (Windows NT 10.0; Win64; x64) AppleWebKit/537.36 (KHTML, like Gecko) Chrome/85.0.4183.121 Safari/537.36"
93.83.167.130 - - [24/Sep/2020:12:12:33 +0200] "GET /reload?ser=1600942353388 HTTP/1.1" 200 28 "http://renault.activities.at/account" "Mozilla/5.0 (Windows NT 10.0; WOW64; Trident/7.0; rv:11.0) like Gecko"
212.186.92.126 - - [24/Sep/2020:12:12:48 +0200] "GET /reload?ser=1600942368194 HTTP/1.1" 200 28 "http://renault.activities.at/result?searchterm=true&search=VER13" "Mozilla/5.0 (Windows NT 10.0; WOW64) AppleWebKit/537.36 (KHTML, like Gecko) Chrome/85.0.4183.121 Safari/537.36"
138.21.12.21 - - [24/Sep/2020:12:12:49 +0200] "POST /axjaxrequest?mode=suggest HTTP/1.1" 200 21 "http://renault.2web.at/10260280?dir=DESC&mode=grid&order=name&limit=15&page=11" "Mozilla/5.0 (Windows NT 10.0; Win64; x64) AppleWebKit/537.36 (KHTML, like Gecko) Chrome/85.0.4183.121 Safari/537.36"
138.21.12.21 - - [24/Sep/2020:12:12:49 +0200] "GET /result?searchterm=true&search=give+ HTTP/1.1" 200 10294 "http://renault.2web.at/10260280?dir=DESC&mode=grid&order=name&limit=15&page=11" "Mozilla/5.0 (Windows NT 10.0; Win64; x64) AppleWebKit/537.36 (KHTML, like Gecko) Chrome/85.0.4183.121 Safari/537.36"
138.21.12.21 - - [24/Sep/2020:12:12:51 +0200] "GET /reload?ser=1600942370871 HTTP/1.1" 200 28 "http://renault.2web.at/10260280?dir=DESC&mode=grid&order=name&limit=15&page=11" "Mozilla/5.0 (Windows NT 10.0; Win64; x64) AppleWebKit/537.36 (KHTML, like Gecko) Chrome/85.0.4183.121 Safari/537.36"
93.83.167.130 - - [24/Sep/2020:12:13:34 +0200] "GET /reload?ser=1600942414335 HTTP/1.1" 200 28 "http://renault.activities.at/account" "Mozilla/5.0 (Windows NT 10.0; WOW64; Trident/7.0; rv:11.0) like Gecko"
212.186.92.126 - - [24/Sep/2020:12:13:49 +0200] "GET /reload?ser=1600942429196 HTTP/1.1" 200 28 "http://renault.activities.at/result?searchterm=true&search=VER13" "Mozilla/5.0 (Windows NT 10.0; WOW64) AppleWebKit/537.36 (KHTML, like Gecko) Chrome/85.0.4183.121 Safari/537.36"
138.21.12.21 - - [24/Sep/2020:12:13:53 +0200] "GET /reload?ser=1600942433219 HTTP/1.1" 200 28 "http://renault.2web.at/result?searchterm=true&search=give+" "Mozilla/5.0 (Windows NT 10.0; Win64; x64) AppleWebKit/537.36 (KHTML, like Gecko) Chrome/85.0.4183.121 Safari/537.36"
138.21.12.21 - - [24/Sep/2020:12:14:00 +0200] "GET /result?searchterm=true&search=luft HTTP/1.1" 200 9466 "http://renault.2web.at/result?searchterm=true&search=give+" "Mozilla/5.0 (Windows NT 10.0; Win64; x64) AppleWebKit/537.36 (KHTML, like Gecko) Chrome/85.0.4183.121 Safari/537.36"
138.21.12.21 - - [24/Sep/2020:12:14:01 +0200] "POST /axjaxrequest?mode=suggest HTTP/1.1" 200 138 "http://renault.2web.at/result?searchterm=true&search=give+" "Mozilla/5.0 (Windows NT 10.0; Win64; x64) AppleWebKit/537.36 (KHTML, like Gecko) Chrome/85.0.4183.121 Safari/537.36"
93.83.167.130 - - [24/Sep/2020:12:14:35 +0200] "GET /reload?ser=1600942475278 HTTP/1.1" 200 28 "http://renault.activities.at/account" "Mozilla/5.0 (Windows NT 10.0; WOW64; Trident/7.0; rv:11.0) like Gecko"
212.186.92.126 - - [24/Sep/2020:12:14:50 +0200] "GET /reload?ser=1600942490189 HTTP/1.1" 200 28 "http://renault.activities.at/result?searchterm=true&search=VER13" "Mozilla/5.0 (Windows NT 10.0; WOW64) AppleWebKit/537.36 (KHTML, like Gecko) Chrome/85.0.4183.121 Safari/537.36"
138.21.12.21 - - [24/Sep/2020:12:15:03 +0200] "GET /reload?ser=1600942503383 HTTP/1.1" 200 28 "http://renault.2web.at/result?searchterm=true&search=luft" "Mozilla/5.0 (Windows NT 10.0; Win64; x64) AppleWebKit/537.36 (KHTML, like Gecko) Chrome/85.0.4183.121 Safari/537.36"
93.83.167.130 - - [24/Sep/2020:12:15:36 +0200] "GET /reload?ser=1600942536280 HTTP/1.1" 200 28 "http://renault.activities.at/account" "Mozilla/5.0 (Windows NT 10.0; WOW64; Trident/7.0; rv:11.0) like Gecko"
212.186.92.126 - - [24/Sep/2020:12:15:51 +0200] "GET /reload?ser=1600942551191 HTTP/1.1" 200 28 "http://renault.activities.at/result?searchterm=true&search=VER13" "Mozilla/5.0 (Windows NT 10.0; WOW64) AppleWebKit/537.36 (KHTML, like Gecko) Chrome/85.0.4183.121 Safari/537.36"
138.21.12.21 - - [24/Sep/2020:12:16:04 +0200] "GET /reload?ser=1600942564515 HTTP/1.1" 200 28 "http://renault.2web.at/result?searchterm=true&search=luft" "Mozilla/5.0 (Windows NT 10.0; Win64; x64) AppleWebKit/537.36 (KHTML, like Gecko) Chrome/85.0.4183.121 Safari/537.36"
93.83.167.130 - - [24/Sep/2020:12:16:37 +0200] "GET /reload?ser=1600942597248 HTTP/1.1" 200 28 "http://renault.activities.at/account" "Mozilla/5.0 (Windows NT 10.0; WOW64; Trident/7.0; rv:11.0) like Gecko"
212.186.92.126 - - [24/Sep/2020:12:16:52 +0200] "GET /reload?ser=1600942612192 HTTP/1.1" 200 28 "http://renault.activities.at/result?searchterm=true&search=VER13" "Mozilla/5.0 (Windows NT 10.0; WOW64) AppleWebKit/537.36 (KHTML, like Gecko) Chrome/85.0.4183.121 Safari/537.36"
138.21.12.21 - - [24/Sep/2020:12:17:05 +0200] "GET /reload?ser=1600942625667 HTTP/1.1" 200 28 "http://renault.2web.at/result?searchterm=true&search=luft" "Mozilla/5.0 (Windows NT 10.0; Win64; x64) AppleWebKit/537.36 (KHTML, like Gecko) Chrome/85.0.4183.121 Safari/537.36"
93.83.167.130 - - [24/Sep/2020:12:17:38 +0200] "GET /reload?ser=1600942658226 HTTP/1.1" 200 28 "http://renault.activities.at/account" "Mozilla/5.0 (Windows NT 10.0; WOW64; Trident/7.0; rv:11.0) like Gecko"
212.186.92.126 - - [24/Sep/2020:12:17:54 +0200] "GET /reload?ser=1600942674194 HTTP/1.1" 200 28 "http://renault.activities.at/result?searchterm=true&search=VER13" "Mozilla/5.0 (Windows NT 10.0; WOW64) AppleWebKit/537.36 (KHTML, like Gecko) Chrome/85.0.4183.121 Safari/537.36"
138.21.12.21 - - [24/Sep/2020:12:18:07 +0200] "GET /reload?ser=1600942687677 HTTP/1.1" 200 28 "http://renault.2web.at/result?searchterm=true&search=luft" "Mozilla/5.0 (Windows NT 10.0; Win64; x64) AppleWebKit/537.36 (KHTML, like Gecko) Chrome/85.0.4183.121 Safari/537.36"
93.83.167.130 - - [24/Sep/2020:12:18:39 +0200] "GET /reload?ser=1600942719204 HTTP/1.1" 200 28 "http://renault.activities.at/account" "Mozilla/5.0 (Windows NT 10.0; WOW64; Trident/7.0; rv:11.0) like Gecko"
212.186.92.126 - - [24/Sep/2020:12:18:55 +0200] "GET /reload?ser=1600942735195 HTTP/1.1" 200 28 "http://renault.activities.at/result?searchterm=true&search=VER13" "Mozilla/5.0 (Windows NT 10.0; WOW64) AppleWebKit/537.36 (KHTML, like Gecko) Chrome/85.0.4183.121 Safari/537.36"
93.83.167.130 - - [24/Sep/2020:12:19:40 +0200] "GET /reload?ser=1600942780173 HTTP/1.1" 200 28 "http://renault.activities.at/account" "Mozilla/5.0 (Windows NT 10.0; WOW64; Trident/7.0; rv:11.0) like Gecko"
212.186.92.126 - - [24/Sep/2020:12:19:56 +0200] "GET /reload?ser=1600942796197 HTTP/1.1" 200 28 "http://renault.activities.at/result?searchterm=true&search=VER13" "Mozilla/5.0 (Windows NT 10.0; WOW64) AppleWebKit/537.36 (KHTML, like Gecko) Chrome/85.0.4183.121 Safari/537.36"
93.83.167.130 - - [24/Sep/2020:12:20:41 +0200] "GET /reload?ser=1600942841124 HTTP/1.1" 200 28 "http://renault.activities.at/account" "Mozilla/5.0 (Windows NT 10.0; WOW64; Trident/7.0; rv:11.0) like Gecko"
212.186.92.126 - - [24/Sep/2020:12:20:58 +0200] "GET /reload?ser=1600942858192 HTTP/1.1" 200 28 "http://renault.activities.at/result?searchterm=true&search=VER13" "Mozilla/5.0 (Windows NT 10.0; WOW64) AppleWebKit/537.36 (KHTML, like Gecko) Chrome/85.0.4183.121 Safari/537.36"
93.83.167.130 - - [24/Sep/2020:12:21:42 +0200] "GET /reload?ser=1600942902078 HTTP/1.1" 200 28 "http://renault.activities.at/account" "Mozilla/5.0 (Windows NT 10.0; WOW64; Trident/7.0; rv:11.0) like Gecko"
212.186.92.126 - - [24/Sep/2020:12:22:04 +0200] "GET /reload?ser=1600942919194 HTTP/1.1" 200 28 "http://renault.activities.at/result?searchterm=true&search=VER13" "Mozilla/5.0 (Windows NT 10.0; WOW64) AppleWebKit/537.36 (KHTML, like Gecko) Chrome/85.0.4183.121 Safari/537.36"
93.83.167.130 - - [24/Sep/2020:12:22:43 +0200] "GET /reload?ser=1600942963039 HTTP/1.1" 200 28 "http://renault.activities.at/account" "Mozilla/5.0 (Windows NT 10.0; WOW64; Trident/7.0; rv:11.0) like Gecko"
212.186.92.126 - - [24/Sep/2020:12:23:05 +0200] "GET /reload?ser=1600942985196 HTTP/1.1" 200 28 "http://renault.activities.at/result?searchterm=true&search=VER13" "Mozilla/5.0 (Windows NT 10.0; WOW64) AppleWebKit/537.36 (KHTML, like Gecko) Chrome/85.0.4183.121 Safari/537.36"
93.83.167.130 - - [24/Sep/2020:12:23:44 +0200] "GET /reload?ser=1600943024019 HTTP/1.1" 200 28 "http://renault.activities.at/account" "Mozilla/5.0 (Windows NT 10.0; WOW64; Trident/7.0; rv:11.0) like Gecko"
212.186.92.126 - - [24/Sep/2020:12:24:07 +0200] "GET /reload?ser=1600943047199 HTTP/1.1" 200 28 "http://renault.activities.at/result?searchterm=true&search=VER13" "Mozilla/5.0 (Windows NT 10.0; WOW64) AppleWebKit/537.36 (KHTML, like Gecko) Chrome/85.0.4183.121 Safari/537.36"
93.83.167.130 - - [24/Sep/2020:12:24:45 +0200] "GET /reload?ser=1600943084971 HTTP/1.1" 200 28 "http://renault.activities.at/account" "Mozilla/5.0 (Windows NT 10.0; WOW64; Trident/7.0; rv:11.0) like Gecko"
212.186.92.126 - - [24/Sep/2020:12:25:09 +0200] "GET /reload?ser=1600943109195 HTTP/1.1" 200 28 "http://renault.activities.at/result?searchterm=true&search=VER13" "Mozilla/5.0 (Windows NT 10.0; WOW64) AppleWebKit/537.36 (KHTML, like Gecko) Chrome/85.0.4183.121 Safari/537.36"
93.83.167.130 - - [24/Sep/2020:12:25:46 +0200] "GET /reload?ser=1600943145919 HTTP/1.1" 200 28 "http://renault.activities.at/account" "Mozilla/5.0 (Windows NT 10.0; WOW64; Trident/7.0; rv:11.0) like Gecko"
212.186.92.126 - - [24/Sep/2020:12:26:11 +0200] "GET /reload?ser=1600943171198 HTTP/1.1" 200 28 "http://renault.activities.at/result?searchterm=true&search=VER13" "Mozilla/5.0 (Windows NT 10.0; WOW64) AppleWebKit/537.36 (KHTML, like Gecko) Chrome/85.0.4183.121 Safari/537.36"
93.83.167.130 - - [24/Sep/2020:12:26:47 +0200] "GET /reload?ser=1600943206922 HTTP/1.1" 200 28 "http://renault.activities.at/account" "Mozilla/5.0 (Windows NT 10.0; WOW64; Trident/7.0; rv:11.0) like Gecko"
212.186.92.126 - - [24/Sep/2020:12:27:12 +0200] "GET /reload?ser=1600943232200 HTTP/1.1" 200 28 "http://renault.activities.at/result?searchterm=true&search=VER13" "Mozilla/5.0 (Windows NT 10.0; WOW64) AppleWebKit/537.36 (KHTML, like Gecko) Chrome/85.0.4183.121 Safari/537.36"
80.110.64.140 - - [24/Sep/2020:12:27:47 +0200] "GET /login HTTP/1.1" 200 2095 "-" "Mozilla/5.0 (Windows NT 10.0; Win64; x64) AppleWebKit/537.36 (KHTML, like Gecko) Chrome/85.0.4183.121 Safari/537.36"
93.83.167.130 - - [24/Sep/2020:12:27:48 +0200] "GET /reload?ser=1600943267874 HTTP/1.1" 200 28 "http://renault.activities.at/account" "Mozilla/5.0 (Windows NT 10.0; WOW64; Trident/7.0; rv:11.0) like Gecko"
80.110.64.140 - - [24/Sep/2020:12:27:53 +0200] "GET /images/favicon.ico HTTP/1.1" 404 300 "http://renault.2web.at/login" "Mozilla/5.0 (Windows NT 10.0; Win64; x64) AppleWebKit/537.36 (KHTML, like Gecko) Chrome/85.0.4183.121 Safari/537.36"
80.110.64.140 - - [24/Sep/2020:12:28:02 +0200] "POST /login HTTP/1.1" 302 137 "http://renault.2web.at/login" "Mozilla/5.0 (Windows NT 10.0; Win64; x64) AppleWebKit/537.36 (KHTML, like Gecko) Chrome/85.0.4183.121 Safari/537.36"
80.110.64.140 - - [24/Sep/2020:12:28:04 +0200] "GET /account HTTP/1.1" 200 9616 "http://renault.2web.at/login" "Mozilla/5.0 (Windows NT 10.0; Win64; x64) AppleWebKit/537.36 (KHTML, like Gecko) Chrome/85.0.4183.121 Safari/537.36"
212.186.92.126 - - [24/Sep/2020:12:28:13 +0200] "GET /reload?ser=1600943293202 HTTP/1.1" 200 28 "http://renault.activities.at/result?searchterm=true&search=VER13" "Mozilla/5.0 (Windows NT 10.0; WOW64) AppleWebKit/537.36 (KHTML, like Gecko) Chrome/85.0.4183.121 Safari/537.36"
93.83.167.130 - - [24/Sep/2020:12:28:49 +0200] "GET /reload?ser=1600943328859 HTTP/1.1" 200 28 "http://renault.activities.at/account" "Mozilla/5.0 (Windows NT 10.0; WOW64; Trident/7.0; rv:11.0) like Gecko"
212.186.92.126 - - [24/Sep/2020:12:29:15 +0200] "GET /reload?ser=1600943355204 HTTP/1.1" 200 28 "http://renault.activities.at/result?searchterm=true&search=VER13" "Mozilla/5.0 (Windows NT 10.0; WOW64) AppleWebKit/537.36 (KHTML, like Gecko) Chrome/85.0.4183.121 Safari/537.36"
193.194.132.27 - - [24/Sep/2020:12:29:25 +0200] "GET /reload?ser=1600943364204 HTTP/1.1" 200 28 "http://renault.2web.at/account" "Mozilla/5.0 (Windows NT 10.0; Win64; x64) AppleWebKit/537.36 (KHTML, like Gecko) Chrome/85.0.4183.121 Safari/537.36"
93.83.167.130 - - [24/Sep/2020:12:29:49 +0200] "GET /reload?ser=1600943389828 HTTP/1.1" 200 28 "http://renault.activities.at/account" "Mozilla/5.0 (Windows NT 10.0; WOW64; Trident/7.0; rv:11.0) like Gecko"
212.186.92.126 - - [24/Sep/2020:12:30:17 +0200] "GET /reload?ser=1600943417206 HTTP/1.1" 200 28 "http://renault.activities.at/result?searchterm=true&search=VER13" "Mozilla/5.0 (Windows NT 10.0; WOW64) AppleWebKit/537.36 (KHTML, like Gecko) Chrome/85.0.4183.121 Safari/537.36"
193.194.132.27 - - [24/Sep/2020:12:30:27 +0200] "GET /reload?ser=1600943426193 HTTP/1.1" 200 28 "http://renault.2web.at/account" "Mozilla/5.0 (Windows NT 10.0; Win64; x64) AppleWebKit/537.36 (KHTML, like Gecko) Chrome/85.0.4183.121 Safari/537.36"
93.83.167.130 - - [24/Sep/2020:12:30:50 +0200] "GET /reload?ser=1600943450809 HTTP/1.1" 200 28 "http://renault.activities.at/account" "Mozilla/5.0 (Windows NT 10.0; WOW64; Trident/7.0; rv:11.0) like Gecko"
212.186.92.126 - - [24/Sep/2020:12:31:22 +0200] "GET /reload?ser=1600943479208 HTTP/1.1" 200 28 "http://renault.activities.at/result?searchterm=true&search=VER13" "Mozilla/5.0 (Windows NT 10.0; WOW64) AppleWebKit/537.36 (KHTML, like Gecko) Chrome/85.0.4183.121 Safari/537.36"
193.194.132.27 - - [24/Sep/2020:12:31:28 +0200] "GET /reload?ser=1600943488191 HTTP/1.1" 200 28 "http://renault.2web.at/account" "Mozilla/5.0 (Windows NT 10.0; Win64; x64) AppleWebKit/537.36 (KHTML, like Gecko) Chrome/85.0.4183.121 Safari/537.36"
93.83.167.130 - - [24/Sep/2020:12:31:51 +0200] "GET /reload?ser=1600943511774 HTTP/1.1" 200 28 "http://renault.activities.at/account" "Mozilla/5.0 (Windows NT 10.0; WOW64; Trident/7.0; rv:11.0) like Gecko"
212.186.92.126 - - [24/Sep/2020:12:32:23 +0200] "GET /reload?ser=1600943543201 HTTP/1.1" 200 28 "http://renault.activities.at/result?searchterm=true&search=VER13" "Mozilla/5.0 (Windows NT 10.0; WOW64) AppleWebKit/537.36 (KHTML, like Gecko) Chrome/85.0.4183.121 Safari/537.36"
193.194.132.27 - - [24/Sep/2020:12:32:30 +0200] "GET /reload?ser=1600943550191 HTTP/1.1" 200 28 "http://renault.2web.at/account" "Mozilla/5.0 (Windows NT 10.0; Win64; x64) AppleWebKit/537.36 (KHTML, like Gecko) Chrome/85.0.4183.121 Safari/537.36"
93.83.167.130 - - [24/Sep/2020:12:32:52 +0200] "GET /reload?ser=1600943572718 HTTP/1.1" 200 28 "http://renault.activities.at/account" "Mozilla/5.0 (Windows NT 10.0; WOW64; Trident/7.0; rv:11.0) like Gecko"
212.186.92.126 - - [24/Sep/2020:12:33:24 +0200] "GET /reload?ser=1600943604203 HTTP/1.1" 200 28 "http://renault.activities.at/result?searchterm=true&search=VER13" "Mozilla/5.0 (Windows NT 10.0; WOW64) AppleWebKit/537.36 (KHTML, like Gecko) Chrome/85.0.4183.121 Safari/537.36"
40.77.167.101 - - [24/Sep/2020:12:33:26 +0200] "GET /10227785?cat=10227788 HTTP/1.1" 200 3844 "-" "Mozilla/5.0 (compatible; bingbot/2.0; +http://www.bing.com/bingbot.htm)"
193.194.132.27 - - [24/Sep/2020:12:33:32 +0200] "GET /reload?ser=1600943612193 HTTP/1.1" 200 28 "http://renault.2web.at/account" "Mozilla/5.0 (Windows NT 10.0; Win64; x64) AppleWebKit/537.36 (KHTML, like Gecko) Chrome/85.0.4183.121 Safari/537.36"
93.83.167.130 - - [24/Sep/2020:12:33:53 +0200] "GET /reload?ser=1600943633703 HTTP/1.1" 200 28 "http://renault.activities.at/account" "Mozilla/5.0 (Windows NT 10.0; WOW64; Trident/7.0; rv:11.0) like Gecko"
212.186.92.126 - - [24/Sep/2020:12:34:26 +0200] "GET /reload?ser=1600943666204 HTTP/1.1" 200 28 "http://renault.activities.at/result?searchterm=true&search=VER13" "Mozilla/5.0 (Windows NT 10.0; WOW64) AppleWebKit/537.36 (KHTML, like Gecko) Chrome/85.0.4183.121 Safari/537.36"
193.194.132.27 - - [24/Sep/2020:12:34:34 +0200] "GET /reload?ser=1600943674191 HTTP/1.1" 200 28 "http://renault.2web.at/account" "Mozilla/5.0 (Windows NT 10.0; Win64; x64) AppleWebKit/537.36 (KHTML, like Gecko) Chrome/85.0.4183.121 Safari/537.36"
93.83.167.130 - - [24/Sep/2020:12:34:54 +0200] "GET /reload?ser=1600943694652 HTTP/1.1" 200 28 "http://renault.activities.at/account" "Mozilla/5.0 (Windows NT 10.0; WOW64; Trident/7.0; rv:11.0) like Gecko"
212.186.92.126 - - [24/Sep/2020:12:35:27 +0200] "GET /reload?ser=1600943727206 HTTP/1.1" 200 28 "http://renault.activities.at/result?searchterm=true&search=VER13" "Mozilla/5.0 (Windows NT 10.0; WOW64) AppleWebKit/537.36 (KHTML, like Gecko) Chrome/85.0.4183.121 Safari/537.36"
193.194.132.27 - - [24/Sep/2020:12:35:36 +0200] "GET /reload?ser=1600943736191 HTTP/1.1" 200 28 "http://renault.2web.at/account" "Mozilla/5.0 (Windows NT 10.0; Win64; x64) AppleWebKit/537.36 (KHTML, like Gecko) Chrome/85.0.4183.121 Safari/537.36"
93.83.167.130 - - [24/Sep/2020:12:35:55 +0200] "GET /reload?ser=1600943755675 HTTP/1.1" 200 28 "http://renault.activities.at/account" "Mozilla/5.0 (Windows NT 10.0; WOW64; Trident/7.0; rv:11.0) like Gecko"
212.186.92.126 - - [24/Sep/2020:12:36:28 +0200] "GET /reload?ser=1600943788201 HTTP/1.1" 200 28 "http://renault.activities.at/result?searchterm=true&search=VER13" "Mozilla/5.0 (Windows NT 10.0; WOW64) AppleWebKit/537.36 (KHTML, like Gecko) Chrome/85.0.4183.121 Safari/537.36"
193.194.132.27 - - [24/Sep/2020:12:36:38 +0200] "GET /reload?ser=1600943798192 HTTP/1.1" 200 28 "http://renault.2web.at/account" "Mozilla/5.0 (Windows NT 10.0; Win64; x64) AppleWebKit/537.36 (KHTML, like Gecko) Chrome/85.0.4183.121 Safari/537.36"
93.83.167.130 - - [24/Sep/2020:12:36:56 +0200] "GET /reload?ser=1600943816679 HTTP/1.1" 200 28 "http://renault.activities.at/account" "Mozilla/5.0 (Windows NT 10.0; WOW64; Trident/7.0; rv:11.0) like Gecko"
212.186.92.126 - - [24/Sep/2020:12:37:29 +0200] "GET /reload?ser=1600943849202 HTTP/1.1" 200 28 "http://renault.activities.at/result?searchterm=true&search=VER13" "Mozilla/5.0 (Windows NT 10.0; WOW64) AppleWebKit/537.36 (KHTML, like Gecko) Chrome/85.0.4183.121 Safari/537.36"
193.194.132.27 - - [24/Sep/2020:12:37:40 +0200] "GET /reload?ser=1600943860191 HTTP/1.1" 200 28 "http://renault.2web.at/account" "Mozilla/5.0 (Windows NT 10.0; Win64; x64) AppleWebKit/537.36 (KHTML, like Gecko) Chrome/85.0.4183.121 Safari/537.36"
93.83.167.130 - - [24/Sep/2020:12:37:57 +0200] "GET /reload?ser=1600943877653 HTTP/1.1" 200 28 "http://renault.activities.at/account" "Mozilla/5.0 (Windows NT 10.0; WOW64; Trident/7.0; rv:11.0) like Gecko"
100.24.1.161 - - [24/Sep/2020:12:38:25 +0200] "GET /reload?ser=1600943849202 HTTP/1.1" 200 10166 "-" "Mozilla/5.0 (Windows NT 6.1; Win64; x64) AppleWebKit/537.36 (KHTML, like Gecko) Chrome/72.0.3626.109 Safari/537.36"
212.186.92.126 - - [24/Sep/2020:12:38:31 +0200] "GET /reload?ser=1600943911203 HTTP/1.1" 200 28 "http://renault.activities.at/result?searchterm=true&search=VER13" "Mozilla/5.0 (Windows NT 10.0; WOW64) AppleWebKit/537.36 (KHTML, like Gecko) Chrome/85.0.4183.121 Safari/537.36"
193.194.132.27 - - [24/Sep/2020:12:38:42 +0200] "GET /reload?ser=1600943922190 HTTP/1.1" 200 28 "http://renault.2web.at/account" "Mozilla/5.0 (Windows NT 10.0; Win64; x64) AppleWebKit/537.36 (KHTML, like Gecko) Chrome/85.0.4183.121 Safari/537.36"
93.83.167.130 - - [24/Sep/2020:12:38:58 +0200] "GET /reload?ser=1600943938633 HTTP/1.1" 200 28 "http://renault.activities.at/account" "Mozilla/5.0 (Windows NT 10.0; WOW64; Trident/7.0; rv:11.0) like Gecko"
212.186.92.126 - - [24/Sep/2020:12:39:33 +0200] "GET /reload?ser=1600943973205 HTTP/1.1" 200 28 "http://renault.activities.at/result?searchterm=true&search=VER13" "Mozilla/5.0 (Windows NT 10.0; WOW64) AppleWebKit/537.36 (KHTML, like Gecko) Chrome/85.0.4183.121 Safari/537.36"
193.194.132.27 - - [24/Sep/2020:12:39:44 +0200] "GET /reload?ser=1600943984191 HTTP/1.1" 200 28 "http://renault.2web.at/account" "Mozilla/5.0 (Windows NT 10.0; Win64; x64) AppleWebKit/537.36 (KHTML, like Gecko) Chrome/85.0.4183.121 Safari/537.36"
93.83.167.130 - - [24/Sep/2020:12:39:59 +0200] "GET /reload?ser=1600943999566 HTTP/1.1" 200 28 "http://renault.activities.at/account" "Mozilla/5.0 (Windows NT 10.0; WOW64; Trident/7.0; rv:11.0) like Gecko"
212.186.92.126 - - [24/Sep/2020:12:40:35 +0200] "GET /reload?ser=1600944035208 HTTP/1.1" 200 28 "http://renault.activities.at/result?searchterm=true&search=VER13" "Mozilla/5.0 (Windows NT 10.0; WOW64) AppleWebKit/537.36 (KHTML, like Gecko) Chrome/85.0.4183.121 Safari/537.36"
193.194.132.27 - - [24/Sep/2020:12:40:46 +0200] "GET /reload?ser=1600944046199 HTTP/1.1" 200 28 "http://renault.2web.at/account" "Mozilla/5.0 (Windows NT 10.0; Win64; x64) AppleWebKit/537.36 (KHTML, like Gecko) Chrome/85.0.4183.121 Safari/537.36"
93.83.167.130 - - [24/Sep/2020:12:41:00 +0200] "GET /reload?ser=1600944060524 HTTP/1.1" 200 28 "http://renault.activities.at/account" "Mozilla/5.0 (Windows NT 10.0; WOW64; Trident/7.0; rv:11.0) like Gecko"
212.186.92.126 - - [24/Sep/2020:12:41:37 +0200] "GET /reload?ser=1600944097210 HTTP/1.1" 200 28 "http://renault.activities.at/result?searchterm=true&search=VER13" "Mozilla/5.0 (Windows NT 10.0; WOW64) AppleWebKit/537.36 (KHTML, like Gecko) Chrome/85.0.4183.121 Safari/537.36"
193.194.132.27 - - [24/Sep/2020:12:41:48 +0200] "GET /reload?ser=1600944108190 HTTP/1.1" 200 28 "http://renault.2web.at/account" "Mozilla/5.0 (Windows NT 10.0; Win64; x64) AppleWebKit/537.36 (KHTML, like Gecko) Chrome/85.0.4183.121 Safari/537.36"
93.83.167.130 - - [24/Sep/2020:12:42:01 +0200] "GET /reload?ser=1600944121475 HTTP/1.1" 200 28 "http://renault.activities.at/account" "Mozilla/5.0 (Windows NT 10.0; WOW64; Trident/7.0; rv:11.0) like Gecko"
212.186.92.126 - - [24/Sep/2020:12:42:38 +0200] "GET /reload?ser=1600944158213 HTTP/1.1" 200 28 "http://renault.activities.at/result?searchterm=true&search=VER13" "Mozilla/5.0 (Windows NT 10.0; WOW64) AppleWebKit/537.36 (KHTML, like Gecko) Chrome/85.0.4183.121 Safari/537.36"
193.194.132.27 - - [24/Sep/2020:12:42:50 +0200] "GET /reload?ser=1600944170192 HTTP/1.1" 200 28 "http://renault.2web.at/account" "Mozilla/5.0 (Windows NT 10.0; Win64; x64) AppleWebKit/537.36 (KHTML, like Gecko) Chrome/85.0.4183.121 Safari/537.36"
93.83.167.130 - - [24/Sep/2020:12:43:02 +0200] "GET /reload?ser=1600944182426 HTTP/1.1" 200 28 "http://renault.activities.at/account" "Mozilla/5.0 (Windows NT 10.0; WOW64; Trident/7.0; rv:11.0) like Gecko"
212.186.92.126 - - [24/Sep/2020:12:43:39 +0200] "GET /reload?ser=1600944219215 HTTP/1.1" 200 28 "http://renault.activities.at/result?searchterm=true&search=VER13" "Mozilla/5.0 (Windows NT 10.0; WOW64) AppleWebKit/537.36 (KHTML, like Gecko) Chrome/85.0.4183.121 Safari/537.36"
193.194.132.27 - - [24/Sep/2020:12:43:52 +0200] "GET /reload?ser=1600944232191 HTTP/1.1" 200 28 "http://renault.2web.at/account" "Mozilla/5.0 (Windows NT 10.0; Win64; x64) AppleWebKit/537.36 (KHTML, like Gecko) Chrome/85.0.4183.121 Safari/537.36"
93.83.167.130 - - [24/Sep/2020:12:44:03 +0200] "GET /reload?ser=1600944243358 HTTP/1.1" 200 28 "http://renault.activities.at/account" "Mozilla/5.0 (Windows NT 10.0; WOW64; Trident/7.0; rv:11.0) like Gecko"
212.186.92.126 - - [24/Sep/2020:12:44:40 +0200] "GET /reload?ser=1600944280217 HTTP/1.1" 200 28 "http://renault.activities.at/result?searchterm=true&search=VER13" "Mozilla/5.0 (Windows NT 10.0; WOW64) AppleWebKit/537.36 (KHTML, like Gecko) Chrome/85.0.4183.121 Safari/537.36"
193.194.132.27 - - [24/Sep/2020:12:44:54 +0200] "GET /reload?ser=1600944294190 HTTP/1.1" 200 28 "http://renault.2web.at/account" "Mozilla/5.0 (Windows NT 10.0; Win64; x64) AppleWebKit/537.36 (KHTML, like Gecko) Chrome/85.0.4183.121 Safari/537.36"
93.83.167.130 - - [24/Sep/2020:12:45:04 +0200] "GET /reload?ser=1600944304304 HTTP/1.1" 200 28 "http://renault.activities.at/account" "Mozilla/5.0 (Windows NT 10.0; WOW64; Trident/7.0; rv:11.0) like Gecko"
212.186.92.126 - - [24/Sep/2020:12:45:41 +0200] "GET /reload?ser=1600944341219 HTTP/1.1" 200 28 "http://renault.activities.at/result?searchterm=true&search=VER13" "Mozilla/5.0 (Windows NT 10.0; WOW64) AppleWebKit/537.36 (KHTML, like Gecko) Chrome/85.0.4183.121 Safari/537.36"
193.194.132.27 - - [24/Sep/2020:12:45:56 +0200] "GET /reload?ser=1600944356193 HTTP/1.1" 200 28 "http://renault.2web.at/account" "Mozilla/5.0 (Windows NT 10.0; Win64; x64) AppleWebKit/537.36 (KHTML, like Gecko) Chrome/85.0.4183.121 Safari/537.36"
93.83.167.130 - - [24/Sep/2020:12:46:05 +0200] "GET /reload?ser=1600944365266 HTTP/1.1" 200 28 "http://renault.activities.at/account" "Mozilla/5.0 (Windows NT 10.0; WOW64; Trident/7.0; rv:11.0) like Gecko"
212.186.92.126 - - [24/Sep/2020:12:46:42 +0200] "GET /reload?ser=1600944402205 HTTP/1.1" 200 28 "http://renault.activities.at/result?searchterm=true&search=VER13" "Mozilla/5.0 (Windows NT 10.0; WOW64) AppleWebKit/537.36 (KHTML, like Gecko) Chrome/85.0.4183.121 Safari/537.36"
193.194.132.27 - - [24/Sep/2020:12:46:58 +0200] "GET /reload?ser=1600944418191 HTTP/1.1" 200 28 "http://renault.2web.at/account" "Mozilla/5.0 (Windows NT 10.0; Win64; x64) AppleWebKit/537.36 (KHTML, like Gecko) Chrome/85.0.4183.121 Safari/537.36"
93.83.167.130 - - [24/Sep/2020:12:47:06 +0200] "GET /reload?ser=1600944426245 HTTP/1.1" 200 28 "http://renault.activities.at/account" "Mozilla/5.0 (Windows NT 10.0; WOW64; Trident/7.0; rv:11.0) like Gecko"
212.186.92.126 - - [24/Sep/2020:12:47:44 +0200] "GET /reload?ser=1600944464207 HTTP/1.1" 200 28 "http://renault.activities.at/result?searchterm=true&search=VER13" "Mozilla/5.0 (Windows NT 10.0; WOW64) AppleWebKit/537.36 (KHTML, like Gecko) Chrome/85.0.4183.121 Safari/537.36"
193.194.132.27 - - [24/Sep/2020:12:48:00 +0200] "GET /reload?ser=1600944480191 HTTP/1.1" 200 28 "http://renault.2web.at/account" "Mozilla/5.0 (Windows NT 10.0; Win64; x64) AppleWebKit/537.36 (KHTML, like Gecko) Chrome/85.0.4183.121 Safari/537.36"
93.83.167.130 - - [24/Sep/2020:12:48:07 +0200] "GET /reload?ser=1600944487227 HTTP/1.1" 200 28 "http://renault.activities.at/account" "Mozilla/5.0 (Windows NT 10.0; WOW64; Trident/7.0; rv:11.0) like Gecko"
212.186.92.126 - - [24/Sep/2020:12:48:45 +0200] "GET /reload?ser=1600944525209 HTTP/1.1" 200 28 "http://renault.activities.at/result?searchterm=true&search=VER13" "Mozilla/5.0 (Windows NT 10.0; WOW64) AppleWebKit/537.36 (KHTML, like Gecko) Chrome/85.0.4183.121 Safari/537.36"
193.194.132.27 - - [24/Sep/2020:12:49:02 +0200] "GET /reload?ser=1600944542254 HTTP/1.1" 200 28 "http://renault.2web.at/account" "Mozilla/5.0 (Windows NT 10.0; Win64; x64) AppleWebKit/537.36 (KHTML, like Gecko) Chrome/85.0.4183.121 Safari/537.36"
93.83.167.130 - - [24/Sep/2020:12:49:08 +0200] "GET /reload?ser=1600944548182 HTTP/1.1" 200 28 "http://renault.activities.at/account" "Mozilla/5.0 (Windows NT 10.0; WOW64; Trident/7.0; rv:11.0) like Gecko"
212.186.92.126 - - [24/Sep/2020:12:49:46 +0200] "GET /reload?ser=1600944586210 HTTP/1.1" 200 28 "http://renault.activities.at/result?searchterm=true&search=VER13" "Mozilla/5.0 (Windows NT 10.0; WOW64) AppleWebKit/537.36 (KHTML, like Gecko) Chrome/85.0.4183.121 Safari/537.36"
193.194.132.27 - - [24/Sep/2020:12:50:04 +0200] "GET /reload?ser=1600944604388 HTTP/1.1" 200 28 "http://renault.2web.at/account" "Mozilla/5.0 (Windows NT 10.0; Win64; x64) AppleWebKit/537.36 (KHTML, like Gecko) Chrome/85.0.4183.121 Safari/537.36"
93.83.167.130 - - [24/Sep/2020:12:50:09 +0200] "GET /reload?ser=1600944609145 HTTP/1.1" 200 28 "http://renault.activities.at/account" "Mozilla/5.0 (Windows NT 10.0; WOW64; Trident/7.0; rv:11.0) like Gecko"
212.186.92.126 - - [24/Sep/2020:12:50:47 +0200] "GET /reload?ser=1600944647212 HTTP/1.1" 200 28 "http://renault.activities.at/result?searchterm=true&search=VER13" "Mozilla/5.0 (Windows NT 10.0; WOW64) AppleWebKit/537.36 (KHTML, like Gecko) Chrome/85.0.4183.121 Safari/537.36"
193.194.132.27 - - [24/Sep/2020:12:51:06 +0200] "GET /reload?ser=1600944666524 HTTP/1.1" 200 28 "http://renault.2web.at/account" "Mozilla/5.0 (Windows NT 10.0; Win64; x64) AppleWebKit/537.36 (KHTML, like Gecko) Chrome/85.0.4183.121 Safari/537.36"
93.83.167.130 - - [24/Sep/2020:12:51:10 +0200] "GET /reload?ser=1600944670105 HTTP/1.1" 200 28 "http://renault.activities.at/account" "Mozilla/5.0 (Windows NT 10.0; WOW64; Trident/7.0; rv:11.0) like Gecko"
212.186.92.126 - - [24/Sep/2020:12:51:48 +0200] "GET /reload?ser=1600944708213 HTTP/1.1" 200 28 "http://renault.activities.at/result?searchterm=true&search=VER13" "Mozilla/5.0 (Windows NT 10.0; WOW64) AppleWebKit/537.36 (KHTML, like Gecko) Chrome/85.0.4183.121 Safari/537.36"
193.194.132.27 - - [24/Sep/2020:12:51:58 +0200] "POST /axjaxrequest?mode=suggest HTTP/1.1" 200 21 "http://renault.2web.at/account" "Mozilla/5.0 (Windows NT 10.0; Win64; x64) AppleWebKit/537.36 (KHTML, like Gecko) Chrome/85.0.4183.121 Safari/537.36"
193.194.132.27 - - [24/Sep/2020:12:51:58 +0200] "POST /axjaxrequest?mode=suggest HTTP/1.1" 200 21 "http://renault.2web.at/account" "Mozilla/5.0 (Windows NT 10.0; Win64; x64) AppleWebKit/537.36 (KHTML, like Gecko) Chrome/85.0.4183.121 Safari/537.36"
193.194.132.27 - - [24/Sep/2020:12:51:58 +0200] "GET /result?searchterm=true&search=poa006 HTTP/1.1" 200 7635 "http://renault.2web.at/account" "Mozilla/5.0 (Windows NT 10.0; Win64; x64) AppleWebKit/537.36 (KHTML, like Gecko) Chrome/85.0.4183.121 Safari/537.36"
193.194.132.27 - - [24/Sep/2020:12:52:01 +0200] "GET /result?searchterm=true&search=pos006 HTTP/1.1" 200 8855 "http://renault.2web.at/account" "Mozilla/5.0 (Windows NT 10.0; Win64; x64) AppleWebKit/537.36 (KHTML, like Gecko) Chrome/85.0.4183.121 Safari/537.36"
193.194.132.27 - - [24/Sep/2020:12:52:01 +0200] "POST /axjaxrequest?mode=suggest HTTP/1.1" 200 111 "http://renault.2web.at/account" "Mozilla/5.0 (Windows NT 10.0; Win64; x64) AppleWebKit/537.36 (KHTML, like Gecko) Chrome/85.0.4183.121 Safari/537.36"
93.83.167.130 - - [24/Sep/2020:12:52:11 +0200] "GET /reload?ser=1600944731053 HTTP/1.1" 200 28 "http://renault.activities.at/account" "Mozilla/5.0 (Windows NT 10.0; WOW64; Trident/7.0; rv:11.0) like Gecko"
193.194.132.27 - - [24/Sep/2020:12:52:40 +0200] "POST /result?searchterm=true&search=pos006 HTTP/1.1" 200 9043 "http://renault.2web.at/result?searchterm=true&search=pos006" "Mozilla/5.0 (Windows NT 10.0; Win64; x64) AppleWebKit/537.36 (KHTML, like Gecko) Chrome/85.0.4183.121 Safari/537.36"
193.194.132.27 - - [24/Sep/2020:12:52:44 +0200] "GET /checkout HTTP/1.1" 200 23404 "http://renault.2web.at/result?searchterm=true&search=pos006" "Mozilla/5.0 (Windows NT 10.0; Win64; x64) AppleWebKit/537.36 (KHTML, like Gecko) Chrome/85.0.4183.121 Safari/537.36"
212.186.92.126 - - [24/Sep/2020:12:52:49 +0200] "GET /reload?ser=1600944769215 HTTP/1.1" 200 28 "http://renault.activities.at/result?searchterm=true&search=VER13" "Mozilla/5.0 (Windows NT 10.0; WOW64) AppleWebKit/537.36 (KHTML, like Gecko) Chrome/85.0.4183.121 Safari/537.36"
193.194.132.26 - - [24/Sep/2020:12:52:50 +0200] "GET /loadthumbnail.php?id=10201939 HTTP/1.1" 200 218 "-" "Mozilla/4.0 (compatible;)"
