93.83.167.130 - - [24/Sep/2020:12:53:12 +0200] "GET /reload?ser=1600944792003 HTTP/1.1" 200 28 "http://renault.activities.at/account" "Mozilla/5.0 (Windows NT 10.0; WOW64; Trident/7.0; rv:11.0) like Gecko"
193.194.132.27 - - [24/Sep/2020:12:53:12 +0200] "POST /docheckout HTTP/1.1" 200 454 "http://renault.2web.at/checkout" "Mozilla/5.0 (Windows NT 10.0; Win64; x64) AppleWebKit/537.36 (KHTML, like Gecko) Chrome/85.0.4183.121 Safari/537.36"
193.194.132.27 - - [24/Sep/2020:12:53:15 +0200] "POST /docheckout HTTP/1.1" 200 596 "http://renault.2web.at/checkout" "Mozilla/5.0 (Windows NT 10.0; Win64; x64) AppleWebKit/537.36 (KHTML, like Gecko) Chrome/85.0.4183.121 Safari/537.36"
193.194.132.27 - - [24/Sep/2020:12:53:19 +0200] "POST /docheckout HTTP/1.1" 200 68 "http://renault.2web.at/checkout" "Mozilla/5.0 (Windows NT 10.0; Win64; x64) AppleWebKit/537.36 (KHTML, like Gecko) Chrome/85.0.4183.121 Safari/537.36"
193.194.132.27 - - [24/Sep/2020:12:53:22 +0200] "GET /success HTTP/1.1" 200 6838 "http://renault.2web.at/checkout" "Mozilla/5.0 (Windows NT 10.0; Win64; x64) AppleWebKit/537.36 (KHTML, like Gecko) Chrome/85.0.4183.121 Safari/537.36"
212.186.92.126 - - [24/Sep/2020:12:53:50 +0200] "GET /reload?ser=1600944830216 HTTP/1.1" 200 28 "http://renault.activities.at/result?searchterm=true&search=VER13" "Mozilla/5.0 (Windows NT 10.0; WOW64) AppleWebKit/537.36 (KHTML, like Gecko) Chrome/85.0.4183.121 Safari/537.36"
93.83.167.130 - - [24/Sep/2020:12:54:13 +0200] "GET /reload?ser=1600944852934 HTTP/1.1" 200 28 "http://renault.activities.at/account" "Mozilla/5.0 (Windows NT 10.0; WOW64; Trident/7.0; rv:11.0) like Gecko"
193.194.132.27 - - [24/Sep/2020:12:54:25 +0200] "GET /reload?ser=1600944865221 HTTP/1.1" 200 28 "http://renault.2web.at/success" "Mozilla/5.0 (Windows NT 10.0; Win64; x64) AppleWebKit/537.36 (KHTML, like Gecko) Chrome/85.0.4183.121 Safari/537.36"
212.186.92.126 - - [24/Sep/2020:12:54:51 +0200] "GET /reload?ser=1600944891218 HTTP/1.1" 200 28 "http://renault.activities.at/result?searchterm=true&search=VER13" "Mozilla/5.0 (Windows NT 10.0; WOW64) AppleWebKit/537.36 (KHTML, like Gecko) Chrome/85.0.4183.121 Safari/537.36"
93.83.167.130 - - [24/Sep/2020:12:55:14 +0200] "GET /reload?ser=1600944913899 HTTP/1.1" 200 28 "http://renault.activities.at/account" "Mozilla/5.0 (Windows NT 10.0; WOW64; Trident/7.0; rv:11.0) like Gecko"
193.194.132.27 - - [24/Sep/2020:12:55:26 +0200] "GET /reload?ser=1600944926326 HTTP/1.1" 200 28 "http://renault.2web.at/success" "Mozilla/5.0 (Windows NT 10.0; Win64; x64) AppleWebKit/537.36 (KHTML, like Gecko) Chrome/85.0.4183.121 Safari/537.36"
212.186.92.126 - - [24/Sep/2020:12:55:52 +0200] "GET /reload?ser=1600944952219 HTTP/1.1" 200 28 "http://renault.activities.at/result?searchterm=true&search=VER13" "Mozilla/5.0 (Windows NT 10.0; WOW64) AppleWebKit/537.36 (KHTML, like Gecko) Chrome/85.0.4183.121 Safari/537.36"
93.83.167.130 - - [24/Sep/2020:12:56:15 +0200] "GET /reload?ser=1600944974847 HTTP/1.1" 200 28 "http://renault.activities.at/account" "Mozilla/5.0 (Windows NT 10.0; WOW64; Trident/7.0; rv:11.0) like Gecko"
193.194.132.27 - - [24/Sep/2020:12:56:27 +0200] "GET /reload?ser=1600944987398 HTTP/1.1" 200 28 "http://renault.2web.at/success" "Mozilla/5.0 (Windows NT 10.0; Win64; x64) AppleWebKit/537.36 (KHTML, like Gecko) Chrome/85.0.4183.121 Safari/537.36"
212.186.92.126 - - [24/Sep/2020:12:56:53 +0200] "GET /reload?ser=1600945013222 HTTP/1.1" 200 28 "http://renault.activities.at/result?searchterm=true&search=VER13" "Mozilla/5.0 (Windows NT 10.0; WOW64) AppleWebKit/537.36 (KHTML, like Gecko) Chrome/85.0.4183.121 Safari/537.36"
93.83.167.130 - - [24/Sep/2020:12:57:15 +0200] "GET /reload?ser=1600945035794 HTTP/1.1" 200 28 "http://renault.activities.at/account" "Mozilla/5.0 (Windows NT 10.0; WOW64; Trident/7.0; rv:11.0) like Gecko"
193.194.132.27 - - [24/Sep/2020:12:57:28 +0200] "GET /reload?ser=1600945048424 HTTP/1.1" 200 28 "http://renault.2web.at/success" "Mozilla/5.0 (Windows NT 10.0; Win64; x64) AppleWebKit/537.36 (KHTML, like Gecko) Chrome/85.0.4183.121 Safari/537.36"
212.186.92.126 - - [24/Sep/2020:12:57:54 +0200] "GET /reload?ser=1600945074225 HTTP/1.1" 200 28 "http://renault.activities.at/result?searchterm=true&search=VER13" "Mozilla/5.0 (Windows NT 10.0; WOW64) AppleWebKit/537.36 (KHTML, like Gecko) Chrome/85.0.4183.121 Safari/537.36"
93.83.167.130 - - [24/Sep/2020:12:58:16 +0200] "GET /reload?ser=1600945096729 HTTP/1.1" 200 28 "http://renault.activities.at/account" "Mozilla/5.0 (Windows NT 10.0; WOW64; Trident/7.0; rv:11.0) like Gecko"
193.194.132.27 - - [24/Sep/2020:12:58:29 +0200] "GET /reload?ser=1600945109478 HTTP/1.1" 200 28 "http://renault.2web.at/success" "Mozilla/5.0 (Windows NT 10.0; Win64; x64) AppleWebKit/537.36 (KHTML, like Gecko) Chrome/85.0.4183.121 Safari/537.36"
212.186.92.126 - - [24/Sep/2020:12:58:56 +0200] "GET /reload?ser=1600945136227 HTTP/1.1" 200 28 "http://renault.activities.at/result?searchterm=true&search=VER13" "Mozilla/5.0 (Windows NT 10.0; WOW64) AppleWebKit/537.36 (KHTML, like Gecko) Chrome/85.0.4183.121 Safari/537.36"
93.83.167.130 - - [24/Sep/2020:12:59:17 +0200] "GET /reload?ser=1600945157723 HTTP/1.1" 200 28 "http://renault.activities.at/account" "Mozilla/5.0 (Windows NT 10.0; WOW64; Trident/7.0; rv:11.0) like Gecko"
193.194.132.27 - - [24/Sep/2020:12:59:30 +0200] "GET /reload?ser=1600945170521 HTTP/1.1" 200 28 "http://renault.2web.at/success" "Mozilla/5.0 (Windows NT 10.0; Win64; x64) AppleWebKit/537.36 (KHTML, like Gecko) Chrome/85.0.4183.121 Safari/537.36"
207.46.13.52 - - [24/Sep/2020:12:59:39 +0200] "GET /sitemap.xml.gz HTTP/1.1" 200 1558 "-" "Mozilla/5.0 (compatible; bingbot/2.0; +http://www.bing.com/bingbot.htm)"
212.186.92.126 - - [24/Sep/2020:12:59:58 +0200] "GET /reload?ser=1600945198214 HTTP/1.1" 200 28 "http://renault.activities.at/result?searchterm=true&search=VER13" "Mozilla/5.0 (Windows NT 10.0; WOW64) AppleWebKit/537.36 (KHTML, like Gecko) Chrome/85.0.4183.121 Safari/537.36"
93.83.167.130 - - [24/Sep/2020:13:00:18 +0200] "GET /reload?ser=1600945218676 HTTP/1.1" 200 28 "http://renault.activities.at/account" "Mozilla/5.0 (Windows NT 10.0; WOW64; Trident/7.0; rv:11.0) like Gecko"
193.194.132.27 - - [24/Sep/2020:13:00:31 +0200] "GET /reload?ser=1600945231562 HTTP/1.1" 200 28 "http://renault.2web.at/success" "Mozilla/5.0 (Windows NT 10.0; Win64; x64) AppleWebKit/537.36 (KHTML, like Gecko) Chrome/85.0.4183.121 Safari/537.36"
212.186.92.126 - - [24/Sep/2020:13:00:59 +0200] "GET /reload?ser=1600945259219 HTTP/1.1" 200 28 "http://renault.activities.at/result?searchterm=true&search=VER13" "Mozilla/5.0 (Windows NT 10.0; WOW64) AppleWebKit/537.36 (KHTML, like Gecko) Chrome/85.0.4183.121 Safari/537.36"
93.83.167.130 - - [24/Sep/2020:13:01:19 +0200] "GET /reload?ser=1600945279678 HTTP/1.1" 200 28 "http://renault.activities.at/account" "Mozilla/5.0 (Windows NT 10.0; WOW64; Trident/7.0; rv:11.0) like Gecko"
193.194.132.27 - - [24/Sep/2020:13:01:32 +0200] "GET /reload?ser=1600945292622 HTTP/1.1" 200 28 "http://renault.2web.at/success" "Mozilla/5.0 (Windows NT 10.0; Win64; x64) AppleWebKit/537.36 (KHTML, like Gecko) Chrome/85.0.4183.121 Safari/537.36"
212.186.92.126 - - [24/Sep/2020:13:02:04 +0200] "GET /reload?ser=1600945320228 HTTP/1.1" 200 28 "http://renault.activities.at/result?searchterm=true&search=VER13" "Mozilla/5.0 (Windows NT 10.0; WOW64) AppleWebKit/537.36 (KHTML, like Gecko) Chrome/85.0.4183.121 Safari/537.36"
93.83.167.130 - - [24/Sep/2020:13:02:20 +0200] "GET /reload?ser=1600945340647 HTTP/1.1" 200 28 "http://renault.activities.at/account" "Mozilla/5.0 (Windows NT 10.0; WOW64; Trident/7.0; rv:11.0) like Gecko"
193.194.132.27 - - [24/Sep/2020:13:02:33 +0200] "GET /reload?ser=1600945353860 HTTP/1.1" 200 28 "http://renault.2web.at/success" "Mozilla/5.0 (Windows NT 10.0; Win64; x64) AppleWebKit/537.36 (KHTML, like Gecko) Chrome/85.0.4183.121 Safari/537.36"
212.186.92.126 - - [24/Sep/2020:13:03:05 +0200] "GET /reload?ser=1600945385229 HTTP/1.1" 200 28 "http://renault.activities.at/result?searchterm=true&search=VER13" "Mozilla/5.0 (Windows NT 10.0; WOW64) AppleWebKit/537.36 (KHTML, like Gecko) Chrome/85.0.4183.121 Safari/537.36"
93.83.167.130 - - [24/Sep/2020:13:03:21 +0200] "GET /reload?ser=1600945401631 HTTP/1.1" 200 28 "http://renault.activities.at/account" "Mozilla/5.0 (Windows NT 10.0; WOW64; Trident/7.0; rv:11.0) like Gecko"
193.194.132.27 - - [24/Sep/2020:13:03:35 +0200] "GET /reload?ser=1600945415869 HTTP/1.1" 200 28 "http://renault.2web.at/success" "Mozilla/5.0 (Windows NT 10.0; Win64; x64) AppleWebKit/537.36 (KHTML, like Gecko) Chrome/85.0.4183.121 Safari/537.36"
212.186.92.126 - - [24/Sep/2020:13:04:07 +0200] "GET /reload?ser=1600945447222 HTTP/1.1" 200 28 "http://renault.activities.at/result?searchterm=true&search=VER13" "Mozilla/5.0 (Windows NT 10.0; WOW64) AppleWebKit/537.36 (KHTML, like Gecko) Chrome/85.0.4183.121 Safari/537.36"
93.83.167.130 - - [24/Sep/2020:13:04:22 +0200] "GET /reload?ser=1600945462575 HTTP/1.1" 200 28 "http://renault.activities.at/account" "Mozilla/5.0 (Windows NT 10.0; WOW64; Trident/7.0; rv:11.0) like Gecko"
193.194.132.27 - - [24/Sep/2020:13:04:37 +0200] "GET /reload?ser=1600945477877 HTTP/1.1" 200 28 "http://renault.2web.at/success" "Mozilla/5.0 (Windows NT 10.0; Win64; x64) AppleWebKit/537.36 (KHTML, like Gecko) Chrome/85.0.4183.121 Safari/537.36"
212.186.92.126 - - [24/Sep/2020:13:05:08 +0200] "GET /reload?ser=1600945508221 HTTP/1.1" 200 28 "http://renault.activities.at/result?searchterm=true&search=VER13" "Mozilla/5.0 (Windows NT 10.0; WOW64) AppleWebKit/537.36 (KHTML, like Gecko) Chrome/85.0.4183.121 Safari/537.36"
93.83.167.130 - - [24/Sep/2020:13:05:23 +0200] "GET /reload?ser=1600945523536 HTTP/1.1" 200 28 "http://renault.activities.at/account" "Mozilla/5.0 (Windows NT 10.0; WOW64; Trident/7.0; rv:11.0) like Gecko"
193.194.132.27 - - [24/Sep/2020:13:05:40 +0200] "GET /reload?ser=1600945540044 HTTP/1.1" 200 28 "http://renault.2web.at/success" "Mozilla/5.0 (Windows NT 10.0; Win64; x64) AppleWebKit/537.36 (KHTML, like Gecko) Chrome/85.0.4183.121 Safari/537.36"
212.186.92.126 - - [24/Sep/2020:13:06:09 +0200] "GET /reload?ser=1600945569264 HTTP/1.1" 200 28 "http://renault.activities.at/result?searchterm=true&search=VER13" "Mozilla/5.0 (Windows NT 10.0; WOW64) AppleWebKit/537.36 (KHTML, like Gecko) Chrome/85.0.4183.121 Safari/537.36"
93.83.167.130 - - [24/Sep/2020:13:06:24 +0200] "GET /reload?ser=1600945584499 HTTP/1.1" 200 28 "http://renault.activities.at/account" "Mozilla/5.0 (Windows NT 10.0; WOW64; Trident/7.0; rv:11.0) like Gecko"
193.194.132.27 - - [24/Sep/2020:13:06:42 +0200] "GET /reload?ser=1600945601895 HTTP/1.1" 200 28 "http://renault.2web.at/success" "Mozilla/5.0 (Windows NT 10.0; Win64; x64) AppleWebKit/537.36 (KHTML, like Gecko) Chrome/85.0.4183.121 Safari/537.36"
212.186.92.126 - - [24/Sep/2020:13:07:10 +0200] "GET /reload?ser=1600945630270 HTTP/1.1" 200 28 "http://renault.activities.at/result?searchterm=true&search=VER13" "Mozilla/5.0 (Windows NT 10.0; WOW64) AppleWebKit/537.36 (KHTML, like Gecko) Chrome/85.0.4183.121 Safari/537.36"
93.83.167.130 - - [24/Sep/2020:13:07:25 +0200] "GET /reload?ser=1600945645473 HTTP/1.1" 200 28 "http://renault.activities.at/account" "Mozilla/5.0 (Windows NT 10.0; WOW64; Trident/7.0; rv:11.0) like Gecko"
193.194.132.27 - - [24/Sep/2020:13:07:44 +0200] "GET /reload?ser=1600945663884 HTTP/1.1" 200 28 "http://renault.2web.at/success" "Mozilla/5.0 (Windows NT 10.0; Win64; x64) AppleWebKit/537.36 (KHTML, like Gecko) Chrome/85.0.4183.121 Safari/537.36"
212.186.92.126 - - [24/Sep/2020:13:08:11 +0200] "GET /reload?ser=1600945691225 HTTP/1.1" 200 28 "http://renault.activities.at/result?searchterm=true&search=VER13" "Mozilla/5.0 (Windows NT 10.0; WOW64) AppleWebKit/537.36 (KHTML, like Gecko) Chrome/85.0.4183.121 Safari/537.36"
93.83.167.130 - - [24/Sep/2020:13:08:26 +0200] "GET /reload?ser=1600945706412 HTTP/1.1" 200 28 "http://renault.activities.at/account" "Mozilla/5.0 (Windows NT 10.0; WOW64; Trident/7.0; rv:11.0) like Gecko"
193.194.132.27 - - [24/Sep/2020:13:08:45 +0200] "GET /reload?ser=1600945725882 HTTP/1.1" 200 28 "http://renault.2web.at/success" "Mozilla/5.0 (Windows NT 10.0; Win64; x64) AppleWebKit/537.36 (KHTML, like Gecko) Chrome/85.0.4183.121 Safari/537.36"
212.186.92.126 - - [24/Sep/2020:13:09:12 +0200] "GET /reload?ser=1600945752212 HTTP/1.1" 200 28 "http://renault.activities.at/result?searchterm=true&search=VER13" "Mozilla/5.0 (Windows NT 10.0; WOW64) AppleWebKit/537.36 (KHTML, like Gecko) Chrome/85.0.4183.121 Safari/537.36"
93.83.167.130 - - [24/Sep/2020:13:09:27 +0200] "GET /reload?ser=1600945767363 HTTP/1.1" 200 28 "http://renault.activities.at/account" "Mozilla/5.0 (Windows NT 10.0; WOW64; Trident/7.0; rv:11.0) like Gecko"
193.194.132.27 - - [24/Sep/2020:13:09:48 +0200] "GET /reload?ser=1600945787886 HTTP/1.1" 200 28 "http://renault.2web.at/success" "Mozilla/5.0 (Windows NT 10.0; Win64; x64) AppleWebKit/537.36 (KHTML, like Gecko) Chrome/85.0.4183.121 Safari/537.36"
212.186.92.126 - - [24/Sep/2020:13:10:13 +0200] "GET /reload?ser=1600945813172 HTTP/1.1" 200 28 "http://renault.activities.at/result?searchterm=true&search=VER13" "Mozilla/5.0 (Windows NT 10.0; WOW64) AppleWebKit/537.36 (KHTML, like Gecko) Chrome/85.0.4183.121 Safari/537.36"
93.83.167.130 - - [24/Sep/2020:13:10:28 +0200] "GET /reload?ser=1600945828299 HTTP/1.1" 200 28 "http://renault.activities.at/account" "Mozilla/5.0 (Windows NT 10.0; WOW64; Trident/7.0; rv:11.0) like Gecko"
193.194.132.27 - - [24/Sep/2020:13:10:50 +0200] "GET /reload?ser=1600945849884 HTTP/1.1" 200 28 "http://renault.2web.at/success" "Mozilla/5.0 (Windows NT 10.0; Win64; x64) AppleWebKit/537.36 (KHTML, like Gecko) Chrome/85.0.4183.121 Safari/537.36"
212.186.92.126 - - [24/Sep/2020:13:11:14 +0200] "GET /reload?ser=1600945874158 HTTP/1.1" 200 28 "http://renault.activities.at/result?searchterm=true&search=VER13" "Mozilla/5.0 (Windows NT 10.0; WOW64) AppleWebKit/537.36 (KHTML, like Gecko) Chrome/85.0.4183.121 Safari/537.36"
93.83.167.130 - - [24/Sep/2020:13:11:29 +0200] "GET /reload?ser=1600945889231 HTTP/1.1" 200 28 "http://renault.activities.at/account" "Mozilla/5.0 (Windows NT 10.0; WOW64; Trident/7.0; rv:11.0) like Gecko"
193.194.132.27 - - [24/Sep/2020:13:11:52 +0200] "GET /reload?ser=1600945911884 HTTP/1.1" 200 28 "http://renault.2web.at/success" "Mozilla/5.0 (Windows NT 10.0; Win64; x64) AppleWebKit/537.36 (KHTML, like Gecko) Chrome/85.0.4183.121 Safari/537.36"
212.186.92.126 - - [24/Sep/2020:13:12:15 +0200] "GET /reload?ser=1600945935125 HTTP/1.1" 200 28 "http://renault.activities.at/result?searchterm=true&search=VER13" "Mozilla/5.0 (Windows NT 10.0; WOW64) AppleWebKit/537.36 (KHTML, like Gecko) Chrome/85.0.4183.121 Safari/537.36"
93.83.167.130 - - [24/Sep/2020:13:12:30 +0200] "GET /reload?ser=1600945950167 HTTP/1.1" 200 28 "http://renault.activities.at/account" "Mozilla/5.0 (Windows NT 10.0; WOW64; Trident/7.0; rv:11.0) like Gecko"
193.194.132.27 - - [24/Sep/2020:13:12:54 +0200] "GET /reload?ser=1600945973882 HTTP/1.1" 200 28 "http://renault.2web.at/success" "Mozilla/5.0 (Windows NT 10.0; Win64; x64) AppleWebKit/537.36 (KHTML, like Gecko) Chrome/85.0.4183.121 Safari/537.36"
212.186.92.126 - - [24/Sep/2020:13:13:16 +0200] "GET /reload?ser=1600945996134 HTTP/1.1" 200 28 "http://renault.activities.at/result?searchterm=true&search=VER13" "Mozilla/5.0 (Windows NT 10.0; WOW64) AppleWebKit/537.36 (KHTML, like Gecko) Chrome/85.0.4183.121 Safari/537.36"
93.83.167.130 - - [24/Sep/2020:13:13:31 +0200] "GET /reload?ser=1600946011168 HTTP/1.1" 200 28 "http://renault.activities.at/account" "Mozilla/5.0 (Windows NT 10.0; WOW64; Trident/7.0; rv:11.0) like Gecko"
193.194.132.27 - - [24/Sep/2020:13:13:56 +0200] "GET /reload?ser=1600946035883 HTTP/1.1" 200 28 "http://renault.2web.at/success" "Mozilla/5.0 (Windows NT 10.0; Win64; x64) AppleWebKit/537.36 (KHTML, like Gecko) Chrome/85.0.4183.121 Safari/537.36"
212.186.92.126 - - [24/Sep/2020:13:14:17 +0200] "GET /reload?ser=1600946057226 HTTP/1.1" 200 28 "http://renault.activities.at/result?searchterm=true&search=VER13" "Mozilla/5.0 (Windows NT 10.0; WOW64) AppleWebKit/537.36 (KHTML, like Gecko) Chrome/85.0.4183.121 Safari/537.36"
93.83.167.130 - - [24/Sep/2020:13:14:32 +0200] "GET /reload?ser=1600946072142 HTTP/1.1" 200 28 "http://renault.activities.at/account" "Mozilla/5.0 (Windows NT 10.0; WOW64; Trident/7.0; rv:11.0) like Gecko"
193.194.132.27 - - [24/Sep/2020:13:14:58 +0200] "GET /reload?ser=1600946097883 HTTP/1.1" 200 28 "http://renault.2web.at/success" "Mozilla/5.0 (Windows NT 10.0; Win64; x64) AppleWebKit/537.36 (KHTML, like Gecko) Chrome/85.0.4183.121 Safari/537.36"
212.186.92.126 - - [24/Sep/2020:13:15:18 +0200] "GET /reload?ser=1600946118235 HTTP/1.1" 200 28 "http://renault.activities.at/result?searchterm=true&search=VER13" "Mozilla/5.0 (Windows NT 10.0; WOW64) AppleWebKit/537.36 (KHTML, like Gecko) Chrome/85.0.4183.121 Safari/537.36"
93.83.167.130 - - [24/Sep/2020:13:15:33 +0200] "GET /reload?ser=1600946133090 HTTP/1.1" 200 28 "http://renault.activities.at/account" "Mozilla/5.0 (Windows NT 10.0; WOW64; Trident/7.0; rv:11.0) like Gecko"
193.194.132.27 - - [24/Sep/2020:13:16:00 +0200] "GET /reload?ser=1600946159884 HTTP/1.1" 200 28 "http://renault.2web.at/success" "Mozilla/5.0 (Windows NT 10.0; Win64; x64) AppleWebKit/537.36 (KHTML, like Gecko) Chrome/85.0.4183.121 Safari/537.36"
188.22.89.127 - - [24/Sep/2020:13:16:16 +0200] "GET / HTTP/1.1" 200 3273 "-" "Mozilla/5.0 (Windows NT 10.0; Win64; x64; rv:80.0) Gecko/20100101 Firefox/80.0"
188.22.89.127 - - [24/Sep/2020:13:16:18 +0200] "GET /images/main_block_border.gif HTTP/1.1" 200 43 "http://renault.activities.at/css/styles.css" "Mozilla/5.0 (Windows NT 10.0; Win64; x64; rv:80.0) Gecko/20100101 Firefox/80.0"
188.22.89.127 - - [24/Sep/2020:13:16:18 +0200] "GET /images/main_block_corner_left_bot.gif HTTP/1.1" 200 159 "http://renault.activities.at/css/styles.css" "Mozilla/5.0 (Windows NT 10.0; Win64; x64; rv:80.0) Gecko/20100101 Firefox/80.0"
188.22.89.127 - - [24/Sep/2020:13:16:18 +0200] "GET /images/main_block_corner_right_bot.gif HTTP/1.1" 200 158 "http://renault.activities.at/css/styles.css" "Mozilla/5.0 (Windows NT 10.0; Win64; x64; rv:80.0) Gecko/20100101 Firefox/80.0"
188.22.89.127 - - [24/Sep/2020:13:16:18 +0200] "GET /images/header_block_border.gif HTTP/1.1" 200 43 "http://renault.activities.at/css/styles.css" "Mozilla/5.0 (Windows NT 10.0; Win64; x64; rv:80.0) Gecko/20100101 Firefox/80.0"
188.22.89.127 - - [24/Sep/2020:13:16:18 +0200] "GET /images/header_block_corner_left_top.gif HTTP/1.1" 200 160 "http://renault.activities.at/css/styles.css" "Mozilla/5.0 (Windows NT 10.0; Win64; x64; rv:80.0) Gecko/20100101 Firefox/80.0"
188.22.89.127 - - [24/Sep/2020:13:16:18 +0200] "GET /images/header_block_corner_right_top.gif HTTP/1.1" 200 160 "http://renault.activities.at/css/styles.css" "Mozilla/5.0 (Windows NT 10.0; Win64; x64; rv:80.0) Gecko/20100101 Firefox/80.0"
188.22.89.127 - - [24/Sep/2020:13:16:18 +0200] "GET /images/main_block_corner_left_top.gif HTTP/1.1" 200 159 "http://renault.activities.at/css/styles.css" "Mozilla/5.0 (Windows NT 10.0; Win64; x64; rv:80.0) Gecko/20100101 Firefox/80.0"
188.22.89.127 - - [24/Sep/2020:13:16:18 +0200] "GET /images/main_block_corner_right_top.gif HTTP/1.1" 200 159 "http://renault.activities.at/css/styles.css" "Mozilla/5.0 (Windows NT 10.0; Win64; x64; rv:80.0) Gecko/20100101 Firefox/80.0"
188.22.89.127 - - [24/Sep/2020:13:16:18 +0200] "GET /images/title_border_top.jpg HTTP/1.1" 200 336 "http://renault.activities.at/css/styles.css" "Mozilla/5.0 (Windows NT 10.0; Win64; x64; rv:80.0) Gecko/20100101 Firefox/80.0"
188.22.89.127 - - [24/Sep/2020:13:16:18 +0200] "GET /images/title_border.jpg HTTP/1.1" 200 304 "http://renault.activities.at/css/styles.css" "Mozilla/5.0 (Windows NT 10.0; Win64; x64; rv:80.0) Gecko/20100101 Firefox/80.0"
188.22.89.127 - - [24/Sep/2020:13:16:18 +0200] "GET /images/title_corner_left_top.jpg HTTP/1.1" 200 372 "http://renault.activities.at/css/styles.css" "Mozilla/5.0 (Windows NT 10.0; Win64; x64; rv:80.0) Gecko/20100101 Firefox/80.0"
188.22.89.127 - - [24/Sep/2020:13:16:18 +0200] "GET /images/title_corner_right_top.jpg HTTP/1.1" 200 389 "http://renault.activities.at/css/styles.css" "Mozilla/5.0 (Windows NT 10.0; Win64; x64; rv:80.0) Gecko/20100101 Firefox/80.0"
188.22.89.127 - - [24/Sep/2020:13:16:18 +0200] "GET /loadthumbnail.php?id=11127982 HTTP/1.1" 200 320745 "http://renault.activities.at/" "Mozilla/5.0 (Windows NT 10.0; Win64; x64; rv:80.0) Gecko/20100101 Firefox/80.0"
212.186.92.126 - - [24/Sep/2020:13:16:19 +0200] "GET /reload?ser=1600946179221 HTTP/1.1" 200 28 "http://renault.activities.at/result?searchterm=true&search=VER13" "Mozilla/5.0 (Windows NT 10.0; WOW64) AppleWebKit/537.36 (KHTML, like Gecko) Chrome/85.0.4183.121 Safari/537.36"
188.22.89.127 - - [24/Sep/2020:13:16:20 +0200] "GET /login HTTP/1.1" 200 2085 "http://renault.activities.at/" "Mozilla/5.0 (Windows NT 10.0; Win64; x64; rv:80.0) Gecko/20100101 Firefox/80.0"
188.22.89.127 - - [24/Sep/2020:13:16:21 +0200] "GET /images/button_left_bg.gif HTTP/1.1" 200 564 "http://renault.activities.at/css/styles.css" "Mozilla/5.0 (Windows NT 10.0; Win64; x64; rv:80.0) Gecko/20100101 Firefox/80.0"
188.22.89.127 - - [24/Sep/2020:13:16:21 +0200] "GET /images/button_right_bg.gif HTTP/1.1" 200 561 "http://renault.activities.at/css/styles.css" "Mozilla/5.0 (Windows NT 10.0; Win64; x64; rv:80.0) Gecko/20100101 Firefox/80.0"
188.22.89.127 - - [24/Sep/2020:13:16:21 +0200] "GET /images/button_bg.gif HTTP/1.1" 200 151 "http://renault.activities.at/css/styles.css" "Mozilla/5.0 (Windows NT 10.0; Win64; x64; rv:80.0) Gecko/20100101 Firefox/80.0"
188.22.89.127 - - [24/Sep/2020:13:16:21 +0200] "GET /loadthumbnail.php?id=11127982 HTTP/1.1" 200 399614 "http://renault.activities.at/login" "Mozilla/5.0 (Windows NT 10.0; Win64; x64; rv:80.0) Gecko/20100101 Firefox/80.0"
188.22.89.127 - - [24/Sep/2020:13:16:27 +0200] "POST /login HTTP/1.1" 302 140 "http://renault.activities.at/login" "Mozilla/5.0 (Windows NT 10.0; Win64; x64; rv:80.0) Gecko/20100101 Firefox/80.0"
188.22.89.127 - - [24/Sep/2020:13:16:29 +0200] "GET /account HTTP/1.1" 200 6861 "http://renault.activities.at/login" "Mozilla/5.0 (Windows NT 10.0; Win64; x64; rv:80.0) Gecko/20100101 Firefox/80.0"
188.22.89.127 - - [24/Sep/2020:13:16:33 +0200] "GET /images/ajax_loading.gif HTTP/1.1" 200 1542 "http://renault.activities.at/account" "Mozilla/5.0 (Windows NT 10.0; Win64; x64; rv:80.0) Gecko/20100101 Firefox/80.0"
188.22.89.127 - - [24/Sep/2020:13:16:33 +0200] "GET /images/top_links_divider.gif HTTP/1.1" 200 44 "http://renault.activities.at/css/styles.css" "Mozilla/5.0 (Windows NT 10.0; Win64; x64; rv:80.0) Gecko/20100101 Firefox/80.0"
188.22.89.127 - - [24/Sep/2020:13:16:33 +0200] "GET /images/menu_button_bg.jpg HTTP/1.1" 200 322 "http://renault.activities.at/css/styles.css" "Mozilla/5.0 (Windows NT 10.0; Win64; x64; rv:80.0) Gecko/20100101 Firefox/80.0"
188.22.89.127 - - [24/Sep/2020:13:16:33 +0200] "GET /images/nav_divider.gif HTTP/1.1" 200 43 "http://renault.activities.at/css/styles.css" "Mozilla/5.0 (Windows NT 10.0; Win64; x64; rv:80.0) Gecko/20100101 Firefox/80.0"
188.22.89.127 - - [24/Sep/2020:13:16:33 +0200] "GET /images/menu_divider.gif HTTP/1.1" 200 176 "http://renault.activities.at/css/styles.css" "Mozilla/5.0 (Windows NT 10.0; Win64; x64; rv:80.0) Gecko/20100101 Firefox/80.0"
188.22.89.127 - - [24/Sep/2020:13:16:33 +0200] "GET /images/search_bg.gif HTTP/1.1" 200 1726 "http://renault.activities.at/css/styles.css" "Mozilla/5.0 (Windows NT 10.0; Win64; x64; rv:80.0) Gecko/20100101 Firefox/80.0"
188.22.89.127 - - [24/Sep/2020:13:16:33 +0200] "GET /images/sidebar_title_border.gif HTTP/1.1" 200 43 "http://renault.activities.at/css/styles.css" "Mozilla/5.0 (Windows NT 10.0; Win64; x64; rv:80.0) Gecko/20100101 Firefox/80.0"
188.22.89.127 - - [24/Sep/2020:13:16:33 +0200] "GET /images/sidebar_title_border_top.gif HTTP/1.1" 200 155 "http://renault.activities.at/css/styles.css" "Mozilla/5.0 (Windows NT 10.0; Win64; x64; rv:80.0) Gecko/20100101 Firefox/80.0"
188.22.89.127 - - [24/Sep/2020:13:16:33 +0200] "GET /loadthumbnail.php?id=11431080&width=50&height=50 HTTP/1.1" 200 866 "http://renault.activities.at/account" "Mozilla/5.0 (Windows NT 10.0; Win64; x64; rv:80.0) Gecko/20100101 Firefox/80.0"
188.22.89.127 - - [24/Sep/2020:13:16:33 +0200] "GET /images/sidebar_title_corner_left_top.gif HTTP/1.1" 200 1124 "http://renault.activities.at/css/styles.css" "Mozilla/5.0 (Windows NT 10.0; Win64; x64; rv:80.0) Gecko/20100101 Firefox/80.0"
188.22.89.127 - - [24/Sep/2020:13:16:33 +0200] "GET /images/sidebar_title_corner_right_top.gif HTTP/1.1" 200 383 "http://renault.activities.at/css/styles.css" "Mozilla/5.0 (Windows NT 10.0; Win64; x64; rv:80.0) Gecko/20100101 Firefox/80.0"
188.22.89.127 - - [24/Sep/2020:13:16:33 +0200] "GET /images/reset_bg.gif HTTP/1.1" 200 785 "http://renault.activities.at/css/styles.css" "Mozilla/5.0 (Windows NT 10.0; Win64; x64; rv:80.0) Gecko/20100101 Firefox/80.0"
188.22.89.127 - - [24/Sep/2020:13:16:33 +0200] "GET /images/footer_divider.gif HTTP/1.1" 200 44 "http://renault.activities.at/css/styles.css" "Mozilla/5.0 (Windows NT 10.0; Win64; x64; rv:80.0) Gecko/20100101 Firefox/80.0"
188.22.89.127 - - [24/Sep/2020:13:16:33 +0200] "GET /loadthumbnail.php?id=11127982 HTTP/1.1" 200 399614 "http://renault.activities.at/account" "Mozilla/5.0 (Windows NT 10.0; Win64; x64; rv:80.0) Gecko/20100101 Firefox/80.0"
93.83.167.130 - - [24/Sep/2020:13:16:34 +0200] "GET /reload?ser=1600946194047 HTTP/1.1" 200 28 "http://renault.activities.at/account" "Mozilla/5.0 (Windows NT 10.0; WOW64; Trident/7.0; rv:11.0) like Gecko"
188.22.89.127 - - [24/Sep/2020:13:16:43 +0200] "POST /axjaxrequest?mode=suggest HTTP/1.1" 200 288 "http://renault.activities.at/account" "Mozilla/5.0 (Windows NT 10.0; Win64; x64; rv:80.0) Gecko/20100101 Firefox/80.0"
188.22.89.127 - - [24/Sep/2020:13:16:43 +0200] "GET /result?searchterm=true&search=VER7 HTTP/1.1" 200 6104 "http://renault.activities.at/account" "Mozilla/5.0 (Windows NT 10.0; Win64; x64; rv:80.0) Gecko/20100101 Firefox/80.0"
188.22.89.127 - - [24/Sep/2020:13:16:46 +0200] "GET /images/loading.gif HTTP/1.1" 200 3208 "http://renault.activities.at/result?searchterm=true&search=VER7" "Mozilla/5.0 (Windows NT 10.0; Win64; x64; rv:80.0) Gecko/20100101 Firefox/80.0"
188.22.89.127 - - [24/Sep/2020:13:16:46 +0200] "GET /images/pager_bg.gif HTTP/1.1" 200 150 "http://renault.activities.at/css/styles.css" "Mozilla/5.0 (Windows NT 10.0; Win64; x64; rv:80.0) Gecko/20100101 Firefox/80.0"
188.22.89.127 - - [24/Sep/2020:13:16:46 +0200] "GET /images/vista-up.gif HTTP/1.1" 200 131 "http://renault.activities.at/css/styles.css" "Mozilla/5.0 (Windows NT 10.0; Win64; x64; rv:80.0) Gecko/20100101 Firefox/80.0"
188.22.89.127 - - [24/Sep/2020:13:16:46 +0200] "GET /images/vista-dn.gif HTTP/1.1" 200 128 "http://renault.activities.at/css/styles.css" "Mozilla/5.0 (Windows NT 10.0; Win64; x64; rv:80.0) Gecko/20100101 Firefox/80.0"
188.22.89.127 - - [24/Sep/2020:13:16:46 +0200] "GET /loadthumbnail.php?id=10203255 HTTP/1.1" 200 137 "http://renault.activities.at/result?searchterm=true&search=VER7" "Mozilla/5.0 (Windows NT 10.0; Win64; x64; rv:80.0) Gecko/20100101 Firefox/80.0"
188.22.89.127 - - [24/Sep/2020:13:16:46 +0200] "GET /loadthumbnail.php?id=12244860&width=113 HTTP/1.1" 200 18982 "http://renault.activities.at/result?searchterm=true&search=VER7" "Mozilla/5.0 (Windows NT 10.0; Win64; x64; rv:80.0) Gecko/20100101 Firefox/80.0"
188.22.89.127 - - [24/Sep/2020:13:16:46 +0200] "GET /loadthumbnail.php?id=11431080&width=50&height=50 HTTP/1.1" 200 866 "http://renault.activities.at/result?searchterm=true&search=VER7" "Mozilla/5.0 (Windows NT 10.0; Win64; x64; rv:80.0) Gecko/20100101 Firefox/80.0"
188.22.89.127 - - [24/Sep/2020:13:16:46 +0200] "GET /loadthumbnail.php?id=11127982 HTTP/1.1" 200 399614 "http://renault.activities.at/result?searchterm=true&search=VER7" "Mozilla/5.0 (Windows NT 10.0; Win64; x64; rv:80.0) Gecko/20100101 Firefox/80.0"
188.22.89.127 - - [24/Sep/2020:13:16:43 +0200] "POST /axjaxrequest?mode=suggest HTTP/1.1" 200 109 "http://renault.activities.at/account" "Mozilla/5.0 (Windows NT 10.0; Win64; x64; rv:80.0) Gecko/20100101 Firefox/80.0"
188.22.89.127 - - [24/Sep/2020:13:16:53 +0200] "GET /images/vista-up-hover.gif HTTP/1.1" 200 130 "http://renault.activities.at/css/styles.css" "Mozilla/5.0 (Windows NT 10.0; Win64; x64; rv:80.0) Gecko/20100101 Firefox/80.0"
193.194.132.27 - - [24/Sep/2020:13:17:02 +0200] "GET /reload?ser=1600946221884 HTTP/1.1" 200 28 "http://renault.2web.at/success" "Mozilla/5.0 (Windows NT 10.0; Win64; x64) AppleWebKit/537.36 (KHTML, like Gecko) Chrome/85.0.4183.121 Safari/537.36"
188.22.89.127 - - [24/Sep/2020:13:17:13 +0200] "POST /result?searchterm=true&search=VER7 HTTP/1.1" 200 6295 "http://renault.activities.at/result?searchterm=true&search=VER7" "Mozilla/5.0 (Windows NT 10.0; Win64; x64; rv:80.0) Gecko/20100101 Firefox/80.0"
188.22.89.127 - - [24/Sep/2020:13:17:16 +0200] "GET /images/success_msg_icon.gif HTTP/1.1" 200 1024 "http://renault.activities.at/css/styles.css" "Mozilla/5.0 (Windows NT 10.0; Win64; x64; rv:80.0) Gecko/20100101 Firefox/80.0"
188.22.89.127 - - [24/Sep/2020:13:17:16 +0200] "GET /loadthumbnail.php?id=11431080&width=50&height=50 HTTP/1.1" 200 866 "http://renault.activities.at/result?searchterm=true&search=VER7" "Mozilla/5.0 (Windows NT 10.0; Win64; x64; rv:80.0) Gecko/20100101 Firefox/80.0"
188.22.89.127 - - [24/Sep/2020:13:17:16 +0200] "GET /loadthumbnail.php?id=10203255 HTTP/1.1" 200 137 "http://renault.activities.at/result?searchterm=true&search=VER7" "Mozilla/5.0 (Windows NT 10.0; Win64; x64; rv:80.0) Gecko/20100101 Firefox/80.0"
188.22.89.127 - - [24/Sep/2020:13:17:16 +0200] "GET /loadthumbnail.php?id=12244860&width=113 HTTP/1.1" 200 18982 "http://renault.activities.at/result?searchterm=true&search=VER7" "Mozilla/5.0 (Windows NT 10.0; Win64; x64; rv:80.0) Gecko/20100101 Firefox/80.0"
188.22.89.127 - - [24/Sep/2020:13:17:16 +0200] "GET /loadthumbnail.php?id=11127982 HTTP/1.1" 200 399614 "http://renault.activities.at/result?searchterm=true&search=VER7" "Mozilla/5.0 (Windows NT 10.0; Win64; x64; rv:80.0) Gecko/20100101 Firefox/80.0"
212.186.92.126 - - [24/Sep/2020:13:17:20 +0200] "GET /reload?ser=1600946240234 HTTP/1.1" 200 28 "http://renault.activities.at/result?searchterm=true&search=VER13" "Mozilla/5.0 (Windows NT 10.0; WOW64) AppleWebKit/537.36 (KHTML, like Gecko) Chrome/85.0.4183.121 Safari/537.36"
188.22.89.127 - - [24/Sep/2020:13:17:23 +0200] "GET /result?searchterm=true&search=VER8 HTTP/1.1" 200 6183 "http://renault.activities.at/result?searchterm=true&search=VER7" "Mozilla/5.0 (Windows NT 10.0; Win64; x64; rv:80.0) Gecko/20100101 Firefox/80.0"
188.22.89.127 - - [24/Sep/2020:13:17:25 +0200] "GET /loadthumbnail.php?id=12244864&width=113 HTTP/1.1" 200 11050 "http://renault.activities.at/result?searchterm=true&search=VER8" "Mozilla/5.0 (Windows NT 10.0; Win64; x64; rv:80.0) Gecko/20100101 Firefox/80.0"
188.22.89.127 - - [24/Sep/2020:13:17:25 +0200] "GET /loadthumbnail.php?id=11431080&width=50&height=50 HTTP/1.1" 200 866 "http://renault.activities.at/result?searchterm=true&search=VER8" "Mozilla/5.0 (Windows NT 10.0; Win64; x64; rv:80.0) Gecko/20100101 Firefox/80.0"
188.22.89.127 - - [24/Sep/2020:13:17:25 +0200] "GET /loadthumbnail.php?id=10203255 HTTP/1.1" 200 137 "http://renault.activities.at/result?searchterm=true&search=VER8" "Mozilla/5.0 (Windows NT 10.0; Win64; x64; rv:80.0) Gecko/20100101 Firefox/80.0"
188.22.89.127 - - [24/Sep/2020:13:17:25 +0200] "GET /loadthumbnail.php?id=11127982 HTTP/1.1" 200 399614 "http://renault.activities.at/result?searchterm=true&search=VER8" "Mozilla/5.0 (Windows NT 10.0; Win64; x64; rv:80.0) Gecko/20100101 Firefox/80.0"
188.22.89.127 - - [24/Sep/2020:13:17:23 +0200] "POST /axjaxrequest?mode=suggest HTTP/1.1" 200 109 "http://renault.activities.at/result?searchterm=true&search=VER7" "Mozilla/5.0 (Windows NT 10.0; Win64; x64; rv:80.0) Gecko/20100101 Firefox/80.0"
188.22.89.127 - - [24/Sep/2020:13:17:27 +0200] "GET /images/vista-dn-hover.gif HTTP/1.1" 200 127 "http://renault.activities.at/css/styles.css" "Mozilla/5.0 (Windows NT 10.0; Win64; x64; rv:80.0) Gecko/20100101 Firefox/80.0"
188.22.89.127 - - [24/Sep/2020:13:17:31 +0200] "POST /result?searchterm=true&search=VER8 HTTP/1.1" 200 6287 "http://renault.activities.at/result?searchterm=true&search=VER8" "Mozilla/5.0 (Windows NT 10.0; Win64; x64; rv:80.0) Gecko/20100101 Firefox/80.0"
188.22.89.127 - - [24/Sep/2020:13:17:33 +0200] "GET /loadthumbnail.php?id=11431080&width=50&height=50 HTTP/1.1" 200 866 "http://renault.activities.at/result?searchterm=true&search=VER8" "Mozilla/5.0 (Windows NT 10.0; Win64; x64; rv:80.0) Gecko/20100101 Firefox/80.0"
188.22.89.127 - - [24/Sep/2020:13:17:33 +0200] "GET /loadthumbnail.php?id=10203255 HTTP/1.1" 200 137 "http://renault.activities.at/result?searchterm=true&search=VER8" "Mozilla/5.0 (Windows NT 10.0; Win64; x64; rv:80.0) Gecko/20100101 Firefox/80.0"
188.22.89.127 - - [24/Sep/2020:13:17:33 +0200] "GET /loadthumbnail.php?id=12244864&width=113 HTTP/1.1" 200 11050 "http://renault.activities.at/result?searchterm=true&search=VER8" "Mozilla/5.0 (Windows NT 10.0; Win64; x64; rv:80.0) Gecko/20100101 Firefox/80.0"
188.22.89.127 - - [24/Sep/2020:13:17:33 +0200] "GET /loadthumbnail.php?id=11127982 HTTP/1.1" 200 399614 "http://renault.activities.at/result?searchterm=true&search=VER8" "Mozilla/5.0 (Windows NT 10.0; Win64; x64; rv:80.0) Gecko/20100101 Firefox/80.0"
93.83.167.130 - - [24/Sep/2020:13:17:35 +0200] "GET /reload?ser=1600946254974 HTTP/1.1" 200 28 "http://renault.activities.at/account" "Mozilla/5.0 (Windows NT 10.0; WOW64; Trident/7.0; rv:11.0) like Gecko"
188.22.89.127 - - [24/Sep/2020:13:17:42 +0200] "GET /result?searchterm=true&search=VER2 HTTP/1.1" 200 6201 "http://renault.activities.at/result?searchterm=true&search=VER8" "Mozilla/5.0 (Windows NT 10.0; Win64; x64; rv:80.0) Gecko/20100101 Firefox/80.0"
188.22.89.127 - - [24/Sep/2020:13:17:44 +0200] "GET /loadthumbnail.php?id=12244839&width=113 HTTP/1.1" 200 21692 "http://renault.activities.at/result?searchterm=true&search=VER2" "Mozilla/5.0 (Windows NT 10.0; Win64; x64; rv:80.0) Gecko/20100101 Firefox/80.0"
188.22.89.127 - - [24/Sep/2020:13:17:44 +0200] "GET /loadthumbnail.php?id=11431080&width=50&height=50 HTTP/1.1" 200 866 "http://renault.activities.at/result?searchterm=true&search=VER2" "Mozilla/5.0 (Windows NT 10.0; Win64; x64; rv:80.0) Gecko/20100101 Firefox/80.0"
188.22.89.127 - - [24/Sep/2020:13:17:44 +0200] "GET /loadthumbnail.php?id=10203255 HTTP/1.1" 200 137 "http://renault.activities.at/result?searchterm=true&search=VER2" "Mozilla/5.0 (Windows NT 10.0; Win64; x64; rv:80.0) Gecko/20100101 Firefox/80.0"
188.22.89.127 - - [24/Sep/2020:13:17:44 +0200] "GET /loadthumbnail.php?id=11127982 HTTP/1.1" 200 399614 "http://renault.activities.at/result?searchterm=true&search=VER2" "Mozilla/5.0 (Windows NT 10.0; Win64; x64; rv:80.0) Gecko/20100101 Firefox/80.0"
188.22.89.127 - - [24/Sep/2020:13:17:42 +0200] "POST /axjaxrequest?mode=suggest HTTP/1.1" 200 109 "http://renault.activities.at/result?searchterm=true&search=VER8" "Mozilla/5.0 (Windows NT 10.0; Win64; x64; rv:80.0) Gecko/20100101 Firefox/80.0"
188.22.89.127 - - [24/Sep/2020:13:18:01 +0200] "POST /result?searchterm=true&search=VER2 HTTP/1.1" 200 6302 "http://renault.activities.at/result?searchterm=true&search=VER2" "Mozilla/5.0 (Windows NT 10.0; Win64; x64; rv:80.0) Gecko/20100101 Firefox/80.0"
188.22.89.127 - - [24/Sep/2020:13:18:03 +0200] "GET /loadthumbnail.php?id=11431080&width=50&height=50 HTTP/1.1" 200 866 "http://renault.activities.at/result?searchterm=true&search=VER2" "Mozilla/5.0 (Windows NT 10.0; Win64; x64; rv:80.0) Gecko/20100101 Firefox/80.0"
188.22.89.127 - - [24/Sep/2020:13:18:03 +0200] "GET /loadthumbnail.php?id=10203255 HTTP/1.1" 200 137 "http://renault.activities.at/result?searchterm=true&search=VER2" "Mozilla/5.0 (Windows NT 10.0; Win64; x64; rv:80.0) Gecko/20100101 Firefox/80.0"
188.22.89.127 - - [24/Sep/2020:13:18:03 +0200] "GET /loadthumbnail.php?id=12244839&width=113 HTTP/1.1" 200 21692 "http://renault.activities.at/result?searchterm=true&search=VER2" "Mozilla/5.0 (Windows NT 10.0; Win64; x64; rv:80.0) Gecko/20100101 Firefox/80.0"
188.22.89.127 - - [24/Sep/2020:13:18:03 +0200] "GET /loadthumbnail.php?id=11127982 HTTP/1.1" 200 399614 "http://renault.activities.at/result?searchterm=true&search=VER2" "Mozilla/5.0 (Windows NT 10.0; Win64; x64; rv:80.0) Gecko/20100101 Firefox/80.0"
193.194.132.27 - - [24/Sep/2020:13:18:04 +0200] "GET /reload?ser=1600946283885 HTTP/1.1" 200 28 "http://renault.2web.at/success" "Mozilla/5.0 (Windows NT 10.0; Win64; x64) AppleWebKit/537.36 (KHTML, like Gecko) Chrome/85.0.4183.121 Safari/537.36"
188.22.89.127 - - [24/Sep/2020:13:18:11 +0200] "GET /result?searchterm=true&search=VER11 HTTP/1.1" 200 6198 "http://renault.activities.at/result?searchterm=true&search=VER2" "Mozilla/5.0 (Windows NT 10.0; Win64; x64; rv:80.0) Gecko/20100101 Firefox/80.0"
188.22.89.127 - - [24/Sep/2020:13:18:13 +0200] "GET /loadthumbnail.php?id=12294743&width=113 HTTP/1.1" 200 2695 "http://renault.activities.at/result?searchterm=true&search=VER11" "Mozilla/5.0 (Windows NT 10.0; Win64; x64; rv:80.0) Gecko/20100101 Firefox/80.0"
188.22.89.127 - - [24/Sep/2020:13:18:13 +0200] "GET /loadthumbnail.php?id=11431080&width=50&height=50 HTTP/1.1" 200 866 "http://renault.activities.at/result?searchterm=true&search=VER11" "Mozilla/5.0 (Windows NT 10.0; Win64; x64; rv:80.0) Gecko/20100101 Firefox/80.0"
188.22.89.127 - - [24/Sep/2020:13:18:13 +0200] "GET /loadthumbnail.php?id=10203255 HTTP/1.1" 200 137 "http://renault.activities.at/result?searchterm=true&search=VER11" "Mozilla/5.0 (Windows NT 10.0; Win64; x64; rv:80.0) Gecko/20100101 Firefox/80.0"
188.22.89.127 - - [24/Sep/2020:13:18:13 +0200] "GET /loadthumbnail.php?id=11127982 HTTP/1.1" 200 399614 "http://renault.activities.at/result?searchterm=true&search=VER11" "Mozilla/5.0 (Windows NT 10.0; Win64; x64; rv:80.0) Gecko/20100101 Firefox/80.0"
188.22.89.127 - - [24/Sep/2020:13:18:11 +0200] "POST /axjaxrequest?mode=suggest HTTP/1.1" 200 110 "http://renault.activities.at/result?searchterm=true&search=VER2" "Mozilla/5.0 (Windows NT 10.0; Win64; x64; rv:80.0) Gecko/20100101 Firefox/80.0"
212.186.92.126 - - [24/Sep/2020:13:18:22 +0200] "GET /reload?ser=1600946302235 HTTP/1.1" 200 28 "http://renault.activities.at/result?searchterm=true&search=VER13" "Mozilla/5.0 (Windows NT 10.0; WOW64) AppleWebKit/537.36 (KHTML, like Gecko) Chrome/85.0.4183.121 Safari/537.36"
93.83.167.130 - - [24/Sep/2020:13:18:36 +0200] "GET /reload?ser=1600946315923 HTTP/1.1" 200 28 "http://renault.activities.at/account" "Mozilla/5.0 (Windows NT 10.0; WOW64; Trident/7.0; rv:11.0) like Gecko"
188.22.89.127 - - [24/Sep/2020:13:18:40 +0200] "POST /result?searchterm=true&search=VER11 HTTP/1.1" 200 6302 "http://renault.activities.at/result?searchterm=true&search=VER11" "Mozilla/5.0 (Windows NT 10.0; Win64; x64; rv:80.0) Gecko/20100101 Firefox/80.0"
188.22.89.127 - - [24/Sep/2020:13:18:43 +0200] "GET /loadthumbnail.php?id=11431080&width=50&height=50 HTTP/1.1" 200 866 "http://renault.activities.at/result?searchterm=true&search=VER11" "Mozilla/5.0 (Windows NT 10.0; Win64; x64; rv:80.0) Gecko/20100101 Firefox/80.0"
188.22.89.127 - - [24/Sep/2020:13:18:43 +0200] "GET /loadthumbnail.php?id=10203255 HTTP/1.1" 200 137 "http://renault.activities.at/result?searchterm=true&search=VER11" "Mozilla/5.0 (Windows NT 10.0; Win64; x64; rv:80.0) Gecko/20100101 Firefox/80.0"
188.22.89.127 - - [24/Sep/2020:13:18:43 +0200] "GET /loadthumbnail.php?id=12294743&width=113 HTTP/1.1" 200 2695 "http://renault.activities.at/result?searchterm=true&search=VER11" "Mozilla/5.0 (Windows NT 10.0; Win64; x64; rv:80.0) Gecko/20100101 Firefox/80.0"
188.22.89.127 - - [24/Sep/2020:13:18:43 +0200] "GET /loadthumbnail.php?id=11127982 HTTP/1.1" 200 399614 "http://renault.activities.at/result?searchterm=true&search=VER11" "Mozilla/5.0 (Windows NT 10.0; Win64; x64; rv:80.0) Gecko/20100101 Firefox/80.0"
188.22.89.127 - - [24/Sep/2020:13:18:54 +0200] "GET /result?searchterm=true&search=VER3 HTTP/1.1" 200 6195 "http://renault.activities.at/result?searchterm=true&search=VER11" "Mozilla/5.0 (Windows NT 10.0; Win64; x64; rv:80.0) Gecko/20100101 Firefox/80.0"
188.22.89.127 - - [24/Sep/2020:13:18:56 +0200] "GET /loadthumbnail.php?id=12244843&width=113 HTTP/1.1" 200 6390 "http://renault.activities.at/result?searchterm=true&search=VER3" "Mozilla/5.0 (Windows NT 10.0; Win64; x64; rv:80.0) Gecko/20100101 Firefox/80.0"
188.22.89.127 - - [24/Sep/2020:13:18:56 +0200] "GET /loadthumbnail.php?id=11431080&width=50&height=50 HTTP/1.1" 200 866 "http://renault.activities.at/result?searchterm=true&search=VER3" "Mozilla/5.0 (Windows NT 10.0; Win64; x64; rv:80.0) Gecko/20100101 Firefox/80.0"
188.22.89.127 - - [24/Sep/2020:13:18:56 +0200] "GET /loadthumbnail.php?id=10203255 HTTP/1.1" 200 137 "http://renault.activities.at/result?searchterm=true&search=VER3" "Mozilla/5.0 (Windows NT 10.0; Win64; x64; rv:80.0) Gecko/20100101 Firefox/80.0"
188.22.89.127 - - [24/Sep/2020:13:18:56 +0200] "GET /loadthumbnail.php?id=11127982 HTTP/1.1" 200 399614 "http://renault.activities.at/result?searchterm=true&search=VER3" "Mozilla/5.0 (Windows NT 10.0; Win64; x64; rv:80.0) Gecko/20100101 Firefox/80.0"
188.22.89.127 - - [24/Sep/2020:13:18:55 +0200] "POST /axjaxrequest?mode=suggest HTTP/1.1" 200 109 "http://renault.activities.at/result?searchterm=true&search=VER11" "Mozilla/5.0 (Windows NT 10.0; Win64; x64; rv:80.0) Gecko/20100101 Firefox/80.0"
193.194.132.27 - - [24/Sep/2020:13:19:06 +0200] "GET /reload?ser=1600946345890 HTTP/1.1" 200 28 "http://renault.2web.at/success" "Mozilla/5.0 (Windows NT 10.0; Win64; x64) AppleWebKit/537.36 (KHTML, like Gecko) Chrome/85.0.4183.121 Safari/537.36"
188.22.89.127 - - [24/Sep/2020:13:19:14 +0200] "POST /result?searchterm=true&search=VER3 HTTP/1.1" 200 6299 "http://renault.activities.at/result?searchterm=true&search=VER3" "Mozilla/5.0 (Windows NT 10.0; Win64; x64; rv:80.0) Gecko/20100101 Firefox/80.0"
188.22.89.127 - - [24/Sep/2020:13:19:17 +0200] "GET /loadthumbnail.php?id=11431080&width=50&height=50 HTTP/1.1" 200 866 "http://renault.activities.at/result?searchterm=true&search=VER3" "Mozilla/5.0 (Windows NT 10.0; Win64; x64; rv:80.0) Gecko/20100101 Firefox/80.0"
188.22.89.127 - - [24/Sep/2020:13:19:17 +0200] "GET /loadthumbnail.php?id=10203255 HTTP/1.1" 200 137 "http://renault.activities.at/result?searchterm=true&search=VER3" "Mozilla/5.0 (Windows NT 10.0; Win64; x64; rv:80.0) Gecko/20100101 Firefox/80.0"
188.22.89.127 - - [24/Sep/2020:13:19:17 +0200] "GET /loadthumbnail.php?id=12244843&width=113 HTTP/1.1" 200 6390 "http://renault.activities.at/result?searchterm=true&search=VER3" "Mozilla/5.0 (Windows NT 10.0; Win64; x64; rv:80.0) Gecko/20100101 Firefox/80.0"
188.22.89.127 - - [24/Sep/2020:13:19:17 +0200] "GET /loadthumbnail.php?id=11127982 HTTP/1.1" 200 399614 "http://renault.activities.at/result?searchterm=true&search=VER3" "Mozilla/5.0 (Windows NT 10.0; Win64; x64; rv:80.0) Gecko/20100101 Firefox/80.0"
188.22.89.127 - - [24/Sep/2020:13:19:19 +0200] "POST /axjaxrequest?mode=suggest HTTP/1.1" 200 109 "http://renault.activities.at/result?searchterm=true&search=VER3" "Mozilla/5.0 (Windows NT 10.0; Win64; x64; rv:80.0) Gecko/20100101 Firefox/80.0"
188.22.89.127 - - [24/Sep/2020:13:19:20 +0200] "GET /result?searchterm=true&search=VER4 HTTP/1.1" 200 6196 "http://renault.activities.at/result?searchterm=true&search=VER3" "Mozilla/5.0 (Windows NT 10.0; Win64; x64; rv:80.0) Gecko/20100101 Firefox/80.0"
188.22.89.127 - - [24/Sep/2020:13:19:23 +0200] "GET /loadthumbnail.php?id=12244847&width=113 HTTP/1.1" 200 5903 "http://renault.activities.at/result?searchterm=true&search=VER4" "Mozilla/5.0 (Windows NT 10.0; Win64; x64; rv:80.0) Gecko/20100101 Firefox/80.0"
188.22.89.127 - - [24/Sep/2020:13:19:23 +0200] "GET /loadthumbnail.php?id=11431080&width=50&height=50 HTTP/1.1" 200 866 "http://renault.activities.at/result?searchterm=true&search=VER4" "Mozilla/5.0 (Windows NT 10.0; Win64; x64; rv:80.0) Gecko/20100101 Firefox/80.0"
188.22.89.127 - - [24/Sep/2020:13:19:23 +0200] "GET /loadthumbnail.php?id=10203255 HTTP/1.1" 200 137 "http://renault.activities.at/result?searchterm=true&search=VER4" "Mozilla/5.0 (Windows NT 10.0; Win64; x64; rv:80.0) Gecko/20100101 Firefox/80.0"
188.22.89.127 - - [24/Sep/2020:13:19:23 +0200] "GET /loadthumbnail.php?id=11127982 HTTP/1.1" 200 399614 "http://renault.activities.at/result?searchterm=true&search=VER4" "Mozilla/5.0 (Windows NT 10.0; Win64; x64; rv:80.0) Gecko/20100101 Firefox/80.0"
212.186.92.126 - - [24/Sep/2020:13:19:23 +0200] "GET /reload?ser=1600946363221 HTTP/1.1" 200 28 "http://renault.activities.at/result?searchterm=true&search=VER13" "Mozilla/5.0 (Windows NT 10.0; WOW64) AppleWebKit/537.36 (KHTML, like Gecko) Chrome/85.0.4183.121 Safari/537.36"
188.22.89.127 - - [24/Sep/2020:13:19:32 +0200] "POST /result?searchterm=true&search=VER4 HTTP/1.1" 200 6302 "http://renault.activities.at/result?searchterm=true&search=VER4" "Mozilla/5.0 (Windows NT 10.0; Win64; x64; rv:80.0) Gecko/20100101 Firefox/80.0"
188.22.89.127 - - [24/Sep/2020:13:19:35 +0200] "GET /loadthumbnail.php?id=11431080&width=50&height=50 HTTP/1.1" 200 866 "http://renault.activities.at/result?searchterm=true&search=VER4" "Mozilla/5.0 (Windows NT 10.0; Win64; x64; rv:80.0) Gecko/20100101 Firefox/80.0"
188.22.89.127 - - [24/Sep/2020:13:19:35 +0200] "GET /loadthumbnail.php?id=10203255 HTTP/1.1" 200 137 "http://renault.activities.at/result?searchterm=true&search=VER4" "Mozilla/5.0 (Windows NT 10.0; Win64; x64; rv:80.0) Gecko/20100101 Firefox/80.0"
188.22.89.127 - - [24/Sep/2020:13:19:35 +0200] "GET /loadthumbnail.php?id=12244847&width=113 HTTP/1.1" 200 5903 "http://renault.activities.at/result?searchterm=true&search=VER4" "Mozilla/5.0 (Windows NT 10.0; Win64; x64; rv:80.0) Gecko/20100101 Firefox/80.0"
188.22.89.127 - - [24/Sep/2020:13:19:35 +0200] "GET /loadthumbnail.php?id=11127982 HTTP/1.1" 200 399614 "http://renault.activities.at/result?searchterm=true&search=VER4" "Mozilla/5.0 (Windows NT 10.0; Win64; x64; rv:80.0) Gecko/20100101 Firefox/80.0"
93.83.167.130 - - [24/Sep/2020:13:19:37 +0200] "GET /reload?ser=1600946376868 HTTP/1.1" 200 28 "http://renault.activities.at/account" "Mozilla/5.0 (Windows NT 10.0; WOW64; Trident/7.0; rv:11.0) like Gecko"
188.22.89.127 - - [24/Sep/2020:13:19:48 +0200] "GET /result?searchterm=true&search=REH5228 HTTP/1.1" 200 6193 "http://renault.activities.at/result?searchterm=true&search=VER4" "Mozilla/5.0 (Windows NT 10.0; Win64; x64; rv:80.0) Gecko/20100101 Firefox/80.0"
188.22.89.127 - - [24/Sep/2020:13:19:50 +0200] "GET /loadthumbnail.php?id=11355691&width=113 HTTP/1.1" 200 1198 "http://renault.activities.at/result?searchterm=true&search=REH5228" "Mozilla/5.0 (Windows NT 10.0; Win64; x64; rv:80.0) Gecko/20100101 Firefox/80.0"
188.22.89.127 - - [24/Sep/2020:13:19:50 +0200] "GET /loadthumbnail.php?id=11431080&width=50&height=50 HTTP/1.1" 200 866 "http://renault.activities.at/result?searchterm=true&search=REH5228" "Mozilla/5.0 (Windows NT 10.0; Win64; x64; rv:80.0) Gecko/20100101 Firefox/80.0"
188.22.89.127 - - [24/Sep/2020:13:19:50 +0200] "GET /loadthumbnail.php?id=10203255 HTTP/1.1" 200 137 "http://renault.activities.at/result?searchterm=true&search=REH5228" "Mozilla/5.0 (Windows NT 10.0; Win64; x64; rv:80.0) Gecko/20100101 Firefox/80.0"
188.22.89.127 - - [24/Sep/2020:13:19:50 +0200] "GET /loadthumbnail.php?id=11127982 HTTP/1.1" 200 399614 "http://renault.activities.at/result?searchterm=true&search=REH5228" "Mozilla/5.0 (Windows NT 10.0; Win64; x64; rv:80.0) Gecko/20100101 Firefox/80.0"
188.22.89.127 - - [24/Sep/2020:13:19:54 +0200] "POST /result?searchterm=true&search=REH5228 HTTP/1.1" 200 6293 "http://renault.activities.at/result?searchterm=true&search=REH5228" "Mozilla/5.0 (Windows NT 10.0; Win64; x64; rv:80.0) Gecko/20100101 Firefox/80.0"
188.22.89.127 - - [24/Sep/2020:13:19:57 +0200] "GET /loadthumbnail.php?id=11431080&width=50&height=50 HTTP/1.1" 200 866 "http://renault.activities.at/result?searchterm=true&search=REH5228" "Mozilla/5.0 (Windows NT 10.0; Win64; x64; rv:80.0) Gecko/20100101 Firefox/80.0"
188.22.89.127 - - [24/Sep/2020:13:19:57 +0200] "GET /loadthumbnail.php?id=10203255 HTTP/1.1" 200 137 "http://renault.activities.at/result?searchterm=true&search=REH5228" "Mozilla/5.0 (Windows NT 10.0; Win64; x64; rv:80.0) Gecko/20100101 Firefox/80.0"
188.22.89.127 - - [24/Sep/2020:13:19:57 +0200] "GET /loadthumbnail.php?id=11355691&width=113 HTTP/1.1" 200 1198 "http://renault.activities.at/result?searchterm=true&search=REH5228" "Mozilla/5.0 (Windows NT 10.0; Win64; x64; rv:80.0) Gecko/20100101 Firefox/80.0"
188.22.89.127 - - [24/Sep/2020:13:19:57 +0200] "GET /loadthumbnail.php?id=11127982 HTTP/1.1" 200 399614 "http://renault.activities.at/result?searchterm=true&search=REH5228" "Mozilla/5.0 (Windows NT 10.0; Win64; x64; rv:80.0) Gecko/20100101 Firefox/80.0"
188.22.89.127 - - [24/Sep/2020:13:20:00 +0200] "GET /checkout HTTP/1.1" 200 20755 "http://renault.activities.at/result?searchterm=true&search=REH5228" "Mozilla/5.0 (Windows NT 10.0; Win64; x64; rv:80.0) Gecko/20100101 Firefox/80.0"
188.22.89.127 - - [24/Sep/2020:13:20:06 +0200] "GET /js/checkout2.js HTTP/1.1" 200 4122 "http://renault.activities.at/checkout" "Mozilla/5.0 (Windows NT 10.0; Win64; x64; rv:80.0) Gecko/20100101 Firefox/80.0"
188.22.89.127 - - [24/Sep/2020:13:20:06 +0200] "GET /images/step_bg.jpg HTTP/1.1" 200 319 "http://renault.activities.at/css/styles.css" "Mozilla/5.0 (Windows NT 10.0; Win64; x64; rv:80.0) Gecko/20100101 Firefox/80.0"
188.22.89.127 - - [24/Sep/2020:13:20:06 +0200] "GET /images/step_marker.gif HTTP/1.1" 200 650 "http://renault.activities.at/css/styles.css" "Mozilla/5.0 (Windows NT 10.0; Win64; x64; rv:80.0) Gecko/20100101 Firefox/80.0"
