217.13.176.185 - - [13/Oct/2020:08:31:59 +0200] "GET /images/main_block_corner_left_bot.gif HTTP/1.1" 304 - "http://renault.activities.at/10260009" "Mozilla/5.0 (Windows NT 6.1; WOW64; Trident/7.0; MASBJS; rv:11.0) like Gecko"
217.13.176.185 - - [13/Oct/2020:08:31:59 +0200] "GET /images/search_bg.gif HTTP/1.1" 304 - "http://renault.activities.at/10260009" "Mozilla/5.0 (Windows NT 6.1; WOW64; Trident/7.0; MASBJS; rv:11.0) like Gecko"
217.13.176.185 - - [13/Oct/2020:08:31:59 +0200] "GET /images/main_block_corner_left_top.gif HTTP/1.1" 304 - "http://renault.activities.at/10260009" "Mozilla/5.0 (Windows NT 6.1; WOW64; Trident/7.0; MASBJS; rv:11.0) like Gecko"
217.13.176.185 - - [13/Oct/2020:08:31:59 +0200] "GET /loadthumbnail.php?id=12064393&width=113 HTTP/1.1" 200 2870 "http://renault.activities.at/10260009" "Mozilla/5.0 (Windows NT 6.1; WOW64; Trident/7.0; MASBJS; rv:11.0) like Gecko"
217.13.176.185 - - [13/Oct/2020:08:31:59 +0200] "GET /images/main_block_border.gif HTTP/1.1" 304 - "http://renault.activities.at/10260009" "Mozilla/5.0 (Windows NT 6.1; WOW64; Trident/7.0; MASBJS; rv:11.0) like Gecko"
217.13.176.185 - - [13/Oct/2020:08:31:59 +0200] "GET /images/sidebar_title_corner_left_top.gif HTTP/1.1" 304 - "http://renault.activities.at/10260009" "Mozilla/5.0 (Windows NT 6.1; WOW64; Trident/7.0; MASBJS; rv:11.0) like Gecko"
217.13.176.185 - - [13/Oct/2020:08:31:59 +0200] "GET /images/top_links_divider.gif HTTP/1.1" 304 - "http://renault.activities.at/10260009" "Mozilla/5.0 (Windows NT 6.1; WOW64; Trident/7.0; MASBJS; rv:11.0) like Gecko"
217.13.176.185 - - [13/Oct/2020:08:31:59 +0200] "GET /images/vista-up.gif HTTP/1.1" 304 - "http://renault.activities.at/10260009" "Mozilla/5.0 (Windows NT 6.1; WOW64; Trident/7.0; MASBJS; rv:11.0) like Gecko"
217.13.176.185 - - [13/Oct/2020:08:31:59 +0200] "GET /loadthumbnail.php?id=12230318&width=113 HTTP/1.1" 200 2255 "http://renault.activities.at/10260009" "Mozilla/5.0 (Windows NT 6.1; WOW64; Trident/7.0; MASBJS; rv:11.0) like Gecko"
217.13.176.185 - - [13/Oct/2020:08:31:59 +0200] "GET /loadthumbnail.php?id=12064387&width=113 HTTP/1.1" 200 3233 "http://renault.activities.at/10260009" "Mozilla/5.0 (Windows NT 6.1; WOW64; Trident/7.0; MASBJS; rv:11.0) like Gecko"
217.13.176.185 - - [13/Oct/2020:08:31:59 +0200] "GET /loadthumbnail.php?id=12115542&width=113 HTTP/1.1" 200 6084 "http://renault.activities.at/10260009" "Mozilla/5.0 (Windows NT 6.1; WOW64; Trident/7.0; MASBJS; rv:11.0) like Gecko"
217.13.176.185 - - [13/Oct/2020:08:32:00 +0200] "GET /images/title_border_top.jpg HTTP/1.1" 304 - "http://renault.activities.at/10260009" "Mozilla/5.0 (Windows NT 6.1; WOW64; Trident/7.0; MASBJS; rv:11.0) like Gecko"
217.13.176.185 - - [13/Oct/2020:08:31:59 +0200] "GET /loadthumbnail.php?id=12130660&width=113 HTTP/1.1" 200 9098 "http://renault.activities.at/10260009" "Mozilla/5.0 (Windows NT 6.1; WOW64; Trident/7.0; MASBJS; rv:11.0) like Gecko"
217.13.176.185 - - [13/Oct/2020:08:32:00 +0200] "GET /images/validation_advice_bg.gif HTTP/1.1" 304 - "http://renault.activities.at/10260009" "Mozilla/5.0 (Windows NT 6.1; WOW64; Trident/7.0; MASBJS; rv:11.0) like Gecko"
217.13.176.185 - - [13/Oct/2020:08:32:00 +0200] "GET /images/footer_divider.gif HTTP/1.1" 304 - "http://renault.activities.at/10260009" "Mozilla/5.0 (Windows NT 6.1; WOW64; Trident/7.0; MASBJS; rv:11.0) like Gecko"
217.13.176.185 - - [13/Oct/2020:08:32:00 +0200] "GET /images/sidebar_title_border.gif HTTP/1.1" 304 - "http://renault.activities.at/10260009" "Mozilla/5.0 (Windows NT 6.1; WOW64; Trident/7.0; MASBJS; rv:11.0) like Gecko"
217.13.176.185 - - [13/Oct/2020:08:31:59 +0200] "GET /loadthumbnail.php?id=12130670&width=113 HTTP/1.1" 200 8989 "http://renault.activities.at/10260009" "Mozilla/5.0 (Windows NT 6.1; WOW64; Trident/7.0; MASBJS; rv:11.0) like Gecko"
217.13.176.185 - - [13/Oct/2020:08:32:00 +0200] "GET /images/vista-dn.gif HTTP/1.1" 304 - "http://renault.activities.at/10260009" "Mozilla/5.0 (Windows NT 6.1; WOW64; Trident/7.0; MASBJS; rv:11.0) like Gecko"
217.13.176.185 - - [13/Oct/2020:08:32:00 +0200] "GET /images/button_right_bg.gif HTTP/1.1" 304 - "http://renault.activities.at/10260009" "Mozilla/5.0 (Windows NT 6.1; WOW64; Trident/7.0; MASBJS; rv:11.0) like Gecko"
217.13.176.185 - - [13/Oct/2020:08:32:00 +0200] "GET /images/sidebar_title_border_top.gif HTTP/1.1" 304 - "http://renault.activities.at/10260009" "Mozilla/5.0 (Windows NT 6.1; WOW64; Trident/7.0; MASBJS; rv:11.0) like Gecko"
217.13.176.185 - - [13/Oct/2020:08:32:00 +0200] "GET /images/button_left_bg.gif HTTP/1.1" 304 - "http://renault.activities.at/10260009" "Mozilla/5.0 (Windows NT 6.1; WOW64; Trident/7.0; MASBJS; rv:11.0) like Gecko"
217.13.176.185 - - [13/Oct/2020:08:32:00 +0200] "GET /images/menu_button_bg.jpg HTTP/1.1" 304 - "http://renault.activities.at/10260009" "Mozilla/5.0 (Windows NT 6.1; WOW64; Trident/7.0; MASBJS; rv:11.0) like Gecko"
217.13.176.185 - - [13/Oct/2020:08:31:59 +0200] "GET /loadthumbnail.php?id=10633817&width=113 HTTP/1.1" 200 2614 "http://renault.activities.at/10260009" "Mozilla/5.0 (Windows NT 6.1; WOW64; Trident/7.0; MASBJS; rv:11.0) like Gecko"
217.13.176.185 - - [13/Oct/2020:08:31:59 +0200] "GET /loadthumbnail.php?id=11094463&width=113 HTTP/1.1" 200 2237 "http://renault.activities.at/10260009" "Mozilla/5.0 (Windows NT 6.1; WOW64; Trident/7.0; MASBJS; rv:11.0) like Gecko"
217.13.176.185 - - [13/Oct/2020:08:32:00 +0200] "GET /images/menu_divider.gif HTTP/1.1" 304 - "http://renault.activities.at/10260009" "Mozilla/5.0 (Windows NT 6.1; WOW64; Trident/7.0; MASBJS; rv:11.0) like Gecko"
217.13.176.185 - - [13/Oct/2020:08:32:00 +0200] "GET /images/pager_bg.gif HTTP/1.1" 304 - "http://renault.activities.at/10260009" "Mozilla/5.0 (Windows NT 6.1; WOW64; Trident/7.0; MASBJS; rv:11.0) like Gecko"
217.13.176.185 - - [13/Oct/2020:08:32:00 +0200] "GET /images/nav_divider.gif HTTP/1.1" 304 - "http://renault.activities.at/10260009" "Mozilla/5.0 (Windows NT 6.1; WOW64; Trident/7.0; MASBJS; rv:11.0) like Gecko"
217.13.176.185 - - [13/Oct/2020:08:31:59 +0200] "GET /loadthumbnail.php?id=12255478&width=113 HTTP/1.1" 200 19353 "http://renault.activities.at/10260009" "Mozilla/5.0 (Windows NT 6.1; WOW64; Trident/7.0; MASBJS; rv:11.0) like Gecko"
217.13.176.185 - - [13/Oct/2020:08:32:00 +0200] "GET /images/sidebar_title_corner_right_top.gif HTTP/1.1" 304 - "http://renault.activities.at/10260009" "Mozilla/5.0 (Windows NT 6.1; WOW64; Trident/7.0; MASBJS; rv:11.0) like Gecko"
217.13.176.185 - - [13/Oct/2020:08:32:00 +0200] "GET /images/title_border.jpg HTTP/1.1" 304 - "http://renault.activities.at/10260009" "Mozilla/5.0 (Windows NT 6.1; WOW64; Trident/7.0; MASBJS; rv:11.0) like Gecko"
217.13.176.185 - - [13/Oct/2020:08:32:00 +0200] "GET /images/button_bg.gif HTTP/1.1" 304 - "http://renault.activities.at/10260009" "Mozilla/5.0 (Windows NT 6.1; WOW64; Trident/7.0; MASBJS; rv:11.0) like Gecko"
217.13.176.185 - - [13/Oct/2020:08:32:00 +0200] "GET /images/title_corner_left_top.jpg HTTP/1.1" 304 - "http://renault.activities.at/10260009" "Mozilla/5.0 (Windows NT 6.1; WOW64; Trident/7.0; MASBJS; rv:11.0) like Gecko"
217.13.176.185 - - [13/Oct/2020:08:32:00 +0200] "GET /images/title_corner_right_top.jpg HTTP/1.1" 304 - "http://renault.activities.at/10260009" "Mozilla/5.0 (Windows NT 6.1; WOW64; Trident/7.0; MASBJS; rv:11.0) like Gecko"
88.116.10.164 - - [13/Oct/2020:08:32:01 +0200] "GET /reload?ser=1602570721544 HTTP/1.1" 200 28 "http://renault.activities.at/" "Mozilla/5.0 (Windows NT 10.0; WOW64; Trident/7.0; rv:11.0) like Gecko"
80.120.210.179 - - [13/Oct/2020:08:32:05 +0200] "GET /null HTTP/1.1" 200 3614 "http://renault.activities.at/10201637?dir=DESC&mode=grid&order=name&limit=15&page=1" "Mozilla/5.0 (Windows NT 10.0; WOW64; Trident/7.0; rv:11.0) like Gecko"
157.97.71.85 - - [13/Oct/2020:08:32:07 +0200] "GET /reload?ser=1602570726672 HTTP/1.1" 200 28 "http://renault.activities.at/result?searchterm=true&search=POS2056" "Mozilla/5.0 (Windows NT 10.0; Win64; x64) AppleWebKit/537.36 (KHTML, like Gecko) Chrome/86.0.4240.75 Safari/537.36"
138.21.12.21 - - [13/Oct/2020:08:32:08 +0200] "GET /reload?ser=1602570727909 HTTP/1.1" 200 28 "http://renault.2web.at/account" "Mozilla/5.0 (Windows NT 10.0; Win64; x64) AppleWebKit/537.36 (KHTML, like Gecko) Chrome/86.0.4240.75 Safari/537.36"
195.230.43.171 - - [13/Oct/2020:08:32:12 +0200] "GET /reload?ser=1602570732045 HTTP/1.1" 200 1243 "http://renault.activities.at/result?searchterm=true&search=ga01" "Mozilla/5.0 (Windows NT 10.0; Win64; x64) AppleWebKit/537.36 (KHTML, like Gecko) Chrome/64.0.3282.140 Safari/537.36 Edge/17.17134"
80.120.210.179 - - [13/Oct/2020:08:32:11 +0200] "GET /12198630?print=true HTTP/1.1" 200 2923 "http://renault.activities.at/10201637?dir=DESC&mode=grid&order=name&limit=15&page=1" "Mozilla/5.0 (Windows NT 10.0; WOW64; Trident/7.0; rv:11.0) like Gecko"
80.120.210.179 - - [13/Oct/2020:08:32:15 +0200] "GET /graphics/zoomin.cur HTTP/1.1" 200 3614 "http://renault.activities.at/12198630?print=true" "Mozilla/5.0 (Windows NT 10.0; WOW64; Trident/7.0; rv:11.0) like Gecko"
212.152.229.244 - - [13/Oct/2020:08:32:20 +0200] "GET /reload?ser=1602570739627 HTTP/1.1" 200 28 "http://renault.activities.at/12306211" "Mozilla/5.0 (Windows NT 10.0; Win64; x64) AppleWebKit/537.36 (KHTML, like Gecko) Chrome/85.0.4183.121 Safari/537.36"
80.120.210.179 - - [13/Oct/2020:08:32:22 +0200] "GET /graphics/zoomin.cur HTTP/1.1" 200 3614 "http://renault.activities.at/12198630?print=true" "Mozilla/5.0 (Windows NT 10.0; WOW64; Trident/7.0; rv:11.0) like Gecko"
80.120.210.179 - - [13/Oct/2020:08:32:23 +0200] "GET /reload?ser=1602570744607 HTTP/1.1" 200 28 "http://renault.activities.at/10201637?dir=DESC&mode=grid&order=name&limit=15&page=1" "Mozilla/5.0 (Windows NT 10.0; WOW64; Trident/7.0; rv:11.0) like Gecko"
93.83.241.1 - - [13/Oct/2020:08:32:24 +0200] "GET /reload?ser=1602570744405 HTTP/1.1" 200 28 "http://renault.activities.at/10201637?dir=DESC&mode=grid&order=name&limit=15&page=2" "Mozilla/5.0 (Windows NT 6.1; Trident/7.0; rv:11.0) like Gecko"
217.13.176.185 - - [13/Oct/2020:08:32:24 +0200] "GET /10260009?dir=DESC&mode=grid&order=name&limit=15&page=2 HTTP/1.1" 200 6497 "http://renault.activities.at/10260009" "Mozilla/5.0 (Windows NT 6.1; WOW64; Trident/7.0; MASBJS; rv:11.0) like Gecko"
217.13.176.185 - - [13/Oct/2020:08:32:26 +0200] "GET /js/prototip.js HTTP/1.1" 304 - "http://renault.activities.at/10260009?dir=DESC&mode=grid&order=name&limit=15&page=2" "Mozilla/5.0 (Windows NT 6.1; WOW64; Trident/7.0; MASBJS; rv:11.0) like Gecko"
217.13.176.185 - - [13/Oct/2020:08:32:26 +0200] "GET /js/default.js HTTP/1.1" 304 - "http://renault.activities.at/10260009?dir=DESC&mode=grid&order=name&limit=15&page=2" "Mozilla/5.0 (Windows NT 6.1; WOW64; Trident/7.0; MASBJS; rv:11.0) like Gecko"
217.13.176.185 - - [13/Oct/2020:08:32:26 +0200] "GET /css/clears.css HTTP/1.1" 304 - "http://renault.activities.at/10260009?dir=DESC&mode=grid&order=name&limit=15&page=2" "Mozilla/5.0 (Windows NT 6.1; WOW64; Trident/7.0; MASBJS; rv:11.0) like Gecko"
217.13.176.185 - - [13/Oct/2020:08:32:26 +0200] "GET /css/prototip.css HTTP/1.1" 304 - "http://renault.activities.at/10260009?dir=DESC&mode=grid&order=name&limit=15&page=2" "Mozilla/5.0 (Windows NT 6.1; WOW64; Trident/7.0; MASBJS; rv:11.0) like Gecko"
217.13.176.185 - - [13/Oct/2020:08:32:26 +0200] "GET /js/checkout.css HTTP/1.1" 304 - "http://renault.activities.at/10260009?dir=DESC&mode=grid&order=name&limit=15&page=2" "Mozilla/5.0 (Windows NT 6.1; WOW64; Trident/7.0; MASBJS; rv:11.0) like Gecko"
217.13.176.185 - - [13/Oct/2020:08:32:26 +0200] "GET /css/reset.css HTTP/1.1" 304 - "http://renault.activities.at/10260009?dir=DESC&mode=grid&order=name&limit=15&page=2" "Mozilla/5.0 (Windows NT 6.1; WOW64; Trident/7.0; MASBJS; rv:11.0) like Gecko"
217.13.176.185 - - [13/Oct/2020:08:32:26 +0200] "GET /css/styles.css HTTP/1.1" 304 - "http://renault.activities.at/10260009?dir=DESC&mode=grid&order=name&limit=15&page=2" "Mozilla/5.0 (Windows NT 6.1; WOW64; Trident/7.0; MASBJS; rv:11.0) like Gecko"
217.13.176.185 - - [13/Oct/2020:08:32:26 +0200] "GET /js/index.php?c=auto&f=,prototype/prototype.js,prototype/validation.js,scriptaculous/builder.js,scriptaculous/effects.js,scriptaculous/dragdrop.js,scriptaculous/controls.js,scriptaculous/slider.js,varien/js.js,varien/form.js,varien/menu.js,mage/translate.js,mage/cookies.js,varien/product.js,spinner/SpinnerControl.jsmin.js,prototype/window.js,prototype/window_ext.js HTTP/1.1" 304 - "http://renault.activities.at/10260009?dir=DESC&mode=grid&order=name&limit=15&page=2" "Mozilla/5.0 (Windows NT 6.1; WOW64; Trident/7.0; MASBJS; rv:11.0) like Gecko"
217.13.176.185 - - [13/Oct/2020:08:32:26 +0200] "GET /js/ProduktGrp.js HTTP/1.1" 304 - "http://renault.activities.at/10260009?dir=DESC&mode=grid&order=name&limit=15&page=2" "Mozilla/5.0 (Windows NT 6.1; WOW64; Trident/7.0; MASBJS; rv:11.0) like Gecko"
217.13.176.185 - - [13/Oct/2020:08:32:26 +0200] "GET /css/themes/default.css HTTP/1.1" 304 - "http://renault.activities.at/10260009?dir=DESC&mode=grid&order=name&limit=15&page=2" "Mozilla/5.0 (Windows NT 6.1; WOW64; Trident/7.0; MASBJS; rv:11.0) like Gecko"
217.13.176.185 - - [13/Oct/2020:08:32:26 +0200] "GET /css/themes/alphacube.css HTTP/1.1" 304 - "http://renault.activities.at/10260009?dir=DESC&mode=grid&order=name&limit=15&page=2" "Mozilla/5.0 (Windows NT 6.1; WOW64; Trident/7.0; MASBJS; rv:11.0) like Gecko"
217.13.176.185 - - [13/Oct/2020:08:32:26 +0200] "GET /images/loading.gif HTTP/1.1" 304 - "http://renault.activities.at/10260009?dir=DESC&mode=grid&order=name&limit=15&page=2" "Mozilla/5.0 (Windows NT 6.1; WOW64; Trident/7.0; MASBJS; rv:11.0) like Gecko"
217.13.176.185 - - [13/Oct/2020:08:32:26 +0200] "GET /css/print.css HTTP/1.1" 304 - "http://renault.activities.at/10260009?dir=DESC&mode=grid&order=name&limit=15&page=2" "Mozilla/5.0 (Windows NT 6.1; WOW64; Trident/7.0; MASBJS; rv:11.0) like Gecko"
217.13.176.185 - - [13/Oct/2020:08:32:26 +0200] "GET /images/main_block_corner_left_top.gif HTTP/1.1" 304 - "http://renault.activities.at/10260009?dir=DESC&mode=grid&order=name&limit=15&page=2" "Mozilla/5.0 (Windows NT 6.1; WOW64; Trident/7.0; MASBJS; rv:11.0) like Gecko"
217.13.176.185 - - [13/Oct/2020:08:32:26 +0200] "GET /images/header_block_border.gif HTTP/1.1" 304 - "http://renault.activities.at/10260009?dir=DESC&mode=grid&order=name&limit=15&page=2" "Mozilla/5.0 (Windows NT 6.1; WOW64; Trident/7.0; MASBJS; rv:11.0) like Gecko"
217.13.176.185 - - [13/Oct/2020:08:32:26 +0200] "GET /images/search_bg.gif HTTP/1.1" 304 - "http://renault.activities.at/10260009?dir=DESC&mode=grid&order=name&limit=15&page=2" "Mozilla/5.0 (Windows NT 6.1; WOW64; Trident/7.0; MASBJS; rv:11.0) like Gecko"
217.13.176.185 - - [13/Oct/2020:08:32:26 +0200] "GET /images/main_block_corner_left_bot.gif HTTP/1.1" 304 - "http://renault.activities.at/10260009?dir=DESC&mode=grid&order=name&limit=15&page=2" "Mozilla/5.0 (Windows NT 6.1; WOW64; Trident/7.0; MASBJS; rv:11.0) like Gecko"
217.13.176.185 - - [13/Oct/2020:08:32:26 +0200] "GET /images/main_block_border.gif HTTP/1.1" 304 - "http://renault.activities.at/10260009?dir=DESC&mode=grid&order=name&limit=15&page=2" "Mozilla/5.0 (Windows NT 6.1; WOW64; Trident/7.0; MASBJS; rv:11.0) like Gecko"
217.13.176.185 - - [13/Oct/2020:08:32:26 +0200] "GET /images/header_block_corner_left_top.gif HTTP/1.1" 304 - "http://renault.activities.at/10260009?dir=DESC&mode=grid&order=name&limit=15&page=2" "Mozilla/5.0 (Windows NT 6.1; WOW64; Trident/7.0; MASBJS; rv:11.0) like Gecko"
217.13.176.185 - - [13/Oct/2020:08:32:26 +0200] "GET /images/header_block_corner_right_top.gif HTTP/1.1" 304 - "http://renault.activities.at/10260009?dir=DESC&mode=grid&order=name&limit=15&page=2" "Mozilla/5.0 (Windows NT 6.1; WOW64; Trident/7.0; MASBJS; rv:11.0) like Gecko"
217.13.176.185 - - [13/Oct/2020:08:32:26 +0200] "GET /images/main_block_corner_right_top.gif HTTP/1.1" 304 - "http://renault.activities.at/10260009?dir=DESC&mode=grid&order=name&limit=15&page=2" "Mozilla/5.0 (Windows NT 6.1; WOW64; Trident/7.0; MASBJS; rv:11.0) like Gecko"
217.13.176.185 - - [13/Oct/2020:08:32:26 +0200] "GET /images/sidebar_title_corner_right_top.gif HTTP/1.1" 304 - "http://renault.activities.at/10260009?dir=DESC&mode=grid&order=name&limit=15&page=2" "Mozilla/5.0 (Windows NT 6.1; WOW64; Trident/7.0; MASBJS; rv:11.0) like Gecko"
217.13.176.185 - - [13/Oct/2020:08:32:26 +0200] "GET /images/vista-dn.gif HTTP/1.1" 304 - "http://renault.activities.at/10260009?dir=DESC&mode=grid&order=name&limit=15&page=2" "Mozilla/5.0 (Windows NT 6.1; WOW64; Trident/7.0; MASBJS; rv:11.0) like Gecko"
217.13.176.185 - - [13/Oct/2020:08:32:26 +0200] "GET /images/vista-up.gif HTTP/1.1" 304 - "http://renault.activities.at/10260009?dir=DESC&mode=grid&order=name&limit=15&page=2" "Mozilla/5.0 (Windows NT 6.1; WOW64; Trident/7.0; MASBJS; rv:11.0) like Gecko"
217.13.176.185 - - [13/Oct/2020:08:32:26 +0200] "GET /images/main_block_corner_right_bot.gif HTTP/1.1" 304 - "http://renault.activities.at/10260009?dir=DESC&mode=grid&order=name&limit=15&page=2" "Mozilla/5.0 (Windows NT 6.1; WOW64; Trident/7.0; MASBJS; rv:11.0) like Gecko"
217.13.176.185 - - [13/Oct/2020:08:32:26 +0200] "GET /images/title_corner_right_top.jpg HTTP/1.1" 304 - "http://renault.activities.at/10260009?dir=DESC&mode=grid&order=name&limit=15&page=2" "Mozilla/5.0 (Windows NT 6.1; WOW64; Trident/7.0; MASBJS; rv:11.0) like Gecko"
217.13.176.185 - - [13/Oct/2020:08:32:26 +0200] "GET /images/menu_divider.gif HTTP/1.1" 304 - "http://renault.activities.at/10260009?dir=DESC&mode=grid&order=name&limit=15&page=2" "Mozilla/5.0 (Windows NT 6.1; WOW64; Trident/7.0; MASBJS; rv:11.0) like Gecko"
217.13.176.185 - - [13/Oct/2020:08:32:26 +0200] "GET /images/menu_button_bg.jpg HTTP/1.1" 304 - "http://renault.activities.at/10260009?dir=DESC&mode=grid&order=name&limit=15&page=2" "Mozilla/5.0 (Windows NT 6.1; WOW64; Trident/7.0; MASBJS; rv:11.0) like Gecko"
217.13.176.185 - - [13/Oct/2020:08:32:26 +0200] "GET /images/footer_divider.gif HTTP/1.1" 304 - "http://renault.activities.at/10260009?dir=DESC&mode=grid&order=name&limit=15&page=2" "Mozilla/5.0 (Windows NT 6.1; WOW64; Trident/7.0; MASBJS; rv:11.0) like Gecko"
217.13.176.185 - - [13/Oct/2020:08:32:26 +0200] "GET /images/top_links_divider.gif HTTP/1.1" 304 - "http://renault.activities.at/10260009?dir=DESC&mode=grid&order=name&limit=15&page=2" "Mozilla/5.0 (Windows NT 6.1; WOW64; Trident/7.0; MASBJS; rv:11.0) like Gecko"
217.13.176.185 - - [13/Oct/2020:08:32:26 +0200] "GET /images/validation_advice_bg.gif HTTP/1.1" 304 - "http://renault.activities.at/10260009?dir=DESC&mode=grid&order=name&limit=15&page=2" "Mozilla/5.0 (Windows NT 6.1; WOW64; Trident/7.0; MASBJS; rv:11.0) like Gecko"
217.13.176.185 - - [13/Oct/2020:08:32:26 +0200] "GET /images/pager_bg.gif HTTP/1.1" 304 - "http://renault.activities.at/10260009?dir=DESC&mode=grid&order=name&limit=15&page=2" "Mozilla/5.0 (Windows NT 6.1; WOW64; Trident/7.0; MASBJS; rv:11.0) like Gecko"
217.13.176.185 - - [13/Oct/2020:08:32:26 +0200] "GET /images/title_border.jpg HTTP/1.1" 304 - "http://renault.activities.at/10260009?dir=DESC&mode=grid&order=name&limit=15&page=2" "Mozilla/5.0 (Windows NT 6.1; WOW64; Trident/7.0; MASBJS; rv:11.0) like Gecko"
217.13.176.185 - - [13/Oct/2020:08:32:26 +0200] "GET /images/sidebar_title_corner_left_top.gif HTTP/1.1" 304 - "http://renault.activities.at/10260009?dir=DESC&mode=grid&order=name&limit=15&page=2" "Mozilla/5.0 (Windows NT 6.1; WOW64; Trident/7.0; MASBJS; rv:11.0) like Gecko"
217.13.176.185 - - [13/Oct/2020:08:32:26 +0200] "GET /images/title_border_top.jpg HTTP/1.1" 304 - "http://renault.activities.at/10260009?dir=DESC&mode=grid&order=name&limit=15&page=2" "Mozilla/5.0 (Windows NT 6.1; WOW64; Trident/7.0; MASBJS; rv:11.0) like Gecko"
217.13.176.185 - - [13/Oct/2020:08:32:26 +0200] "GET /images/button_right_bg.gif HTTP/1.1" 304 - "http://renault.activities.at/10260009?dir=DESC&mode=grid&order=name&limit=15&page=2" "Mozilla/5.0 (Windows NT 6.1; WOW64; Trident/7.0; MASBJS; rv:11.0) like Gecko"
217.13.176.185 - - [13/Oct/2020:08:32:26 +0200] "GET /loadthumbnail.php?id=12010095&width=113 HTTP/1.1" 200 20832 "http://renault.activities.at/10260009?dir=DESC&mode=grid&order=name&limit=15&page=2" "Mozilla/5.0 (Windows NT 6.1; WOW64; Trident/7.0; MASBJS; rv:11.0) like Gecko"
217.13.176.185 - - [13/Oct/2020:08:32:26 +0200] "GET /images/title_corner_left_top.jpg HTTP/1.1" 304 - "http://renault.activities.at/10260009?dir=DESC&mode=grid&order=name&limit=15&page=2" "Mozilla/5.0 (Windows NT 6.1; WOW64; Trident/7.0; MASBJS; rv:11.0) like Gecko"
217.13.176.185 - - [13/Oct/2020:08:32:26 +0200] "GET /images/button_left_bg.gif HTTP/1.1" 304 - "http://renault.activities.at/10260009?dir=DESC&mode=grid&order=name&limit=15&page=2" "Mozilla/5.0 (Windows NT 6.1; WOW64; Trident/7.0; MASBJS; rv:11.0) like Gecko"
217.13.176.185 - - [13/Oct/2020:08:32:26 +0200] "GET /images/sidebar_title_border.gif HTTP/1.1" 304 - "http://renault.activities.at/10260009?dir=DESC&mode=grid&order=name&limit=15&page=2" "Mozilla/5.0 (Windows NT 6.1; WOW64; Trident/7.0; MASBJS; rv:11.0) like Gecko"
217.13.176.185 - - [13/Oct/2020:08:32:26 +0200] "GET /images/nav_divider.gif HTTP/1.1" 304 - "http://renault.activities.at/10260009?dir=DESC&mode=grid&order=name&limit=15&page=2" "Mozilla/5.0 (Windows NT 6.1; WOW64; Trident/7.0; MASBJS; rv:11.0) like Gecko"
217.13.176.185 - - [13/Oct/2020:08:32:26 +0200] "GET /images/button_bg.gif HTTP/1.1" 304 - "http://renault.activities.at/10260009?dir=DESC&mode=grid&order=name&limit=15&page=2" "Mozilla/5.0 (Windows NT 6.1; WOW64; Trident/7.0; MASBJS; rv:11.0) like Gecko"
217.13.176.185 - - [13/Oct/2020:08:32:26 +0200] "GET /images/sidebar_title_border_top.gif HTTP/1.1" 304 - "http://renault.activities.at/10260009?dir=DESC&mode=grid&order=name&limit=15&page=2" "Mozilla/5.0 (Windows NT 6.1; WOW64; Trident/7.0; MASBJS; rv:11.0) like Gecko"
80.120.210.179 - - [13/Oct/2020:08:32:33 +0200] "GET /graphics/zoomin.cur HTTP/1.1" 200 3614 "http://renault.activities.at/12198630?print=true" "Mozilla/5.0 (Windows NT 10.0; WOW64; Trident/7.0; rv:11.0) like Gecko"
212.152.246.130 - - [13/Oct/2020:08:32:34 +0200] "GET /reload?ser=1602570754647 HTTP/1.1" 200 28 "http://renault.activities.at/login" "Mozilla/5.0 (Windows NT 10.0; Win64; x64) AppleWebKit/537.36 (KHTML, like Gecko) Chrome/85.0.4183.121 Safari/537.36 Edg/85.0.564.63"
139.178.117.135 - - [13/Oct/2020:08:32:35 +0200] "GET / HTTP/1.1" 200 3273 "https://www.google.com/" "Mozilla/5.0 (Windows NT 10.0; Win64; x64) AppleWebKit/537.36 (KHTML, like Gecko) Chrome/85.0.4183.121 Safari/537.36"
139.178.117.135 - - [13/Oct/2020:08:32:36 +0200] "GET / HTTP/1.1" 200 3273 "https://www.google.com/" "Mozilla/5.0 (Windows NT 10.0; Win64; x64) AppleWebKit/537.36 (KHTML, like Gecko) Chrome/85.0.4183.121 Safari/537.36"
139.178.117.135 - - [13/Oct/2020:08:32:37 +0200] "GET /loadthumbnail.php?id=11127982 HTTP/1.1" 200 399614 "http://renault.activities.at/" "Mozilla/5.0 (Windows NT 10.0; Win64; x64) AppleWebKit/537.36 (KHTML, like Gecko) Chrome/85.0.4183.121 Safari/537.36"
139.178.117.135 - - [13/Oct/2020:08:32:37 +0200] "GET /images/favicon.ico HTTP/1.1" 404 305 "http://renault.activities.at/" "Mozilla/5.0 (Windows NT 10.0; Win64; x64) AppleWebKit/537.36 (KHTML, like Gecko) Chrome/85.0.4183.121 Safari/537.36"
217.13.176.185 - - [13/Oct/2020:08:32:37 +0200] "GET /10260273 HTTP/1.1" 200 9166 "http://renault.activities.at/10260009?dir=DESC&mode=grid&order=name&limit=15&page=2" "Mozilla/5.0 (Windows NT 6.1; WOW64; Trident/7.0; MASBJS; rv:11.0) like Gecko"
217.13.176.185 - - [13/Oct/2020:08:32:38 +0200] "GET /css/reset.css HTTP/1.1" 304 - "http://renault.activities.at/10260273" "Mozilla/5.0 (Windows NT 6.1; WOW64; Trident/7.0; MASBJS; rv:11.0) like Gecko"
217.13.176.185 - - [13/Oct/2020:08:32:38 +0200] "GET /js/default.js HTTP/1.1" 304 - "http://renault.activities.at/10260273" "Mozilla/5.0 (Windows NT 6.1; WOW64; Trident/7.0; MASBJS; rv:11.0) like Gecko"
217.13.176.185 - - [13/Oct/2020:08:32:38 +0200] "GET /css/print.css HTTP/1.1" 304 - "http://renault.activities.at/10260273" "Mozilla/5.0 (Windows NT 6.1; WOW64; Trident/7.0; MASBJS; rv:11.0) like Gecko"
217.13.176.185 - - [13/Oct/2020:08:32:38 +0200] "GET /css/themes/alphacube.css HTTP/1.1" 304 - "http://renault.activities.at/10260273" "Mozilla/5.0 (Windows NT 6.1; WOW64; Trident/7.0; MASBJS; rv:11.0) like Gecko"
217.13.176.185 - - [13/Oct/2020:08:32:38 +0200] "GET /css/themes/default.css HTTP/1.1" 304 - "http://renault.activities.at/10260273" "Mozilla/5.0 (Windows NT 6.1; WOW64; Trident/7.0; MASBJS; rv:11.0) like Gecko"
217.13.176.185 - - [13/Oct/2020:08:32:38 +0200] "GET /css/prototip.css HTTP/1.1" 304 - "http://renault.activities.at/10260273" "Mozilla/5.0 (Windows NT 6.1; WOW64; Trident/7.0; MASBJS; rv:11.0) like Gecko"
217.13.176.185 - - [13/Oct/2020:08:32:38 +0200] "GET /js/ProduktGrp.js HTTP/1.1" 304 - "http://renault.activities.at/10260273" "Mozilla/5.0 (Windows NT 6.1; WOW64; Trident/7.0; MASBJS; rv:11.0) like Gecko"
217.13.176.185 - - [13/Oct/2020:08:32:38 +0200] "GET /css/styles.css HTTP/1.1" 304 - "http://renault.activities.at/10260273" "Mozilla/5.0 (Windows NT 6.1; WOW64; Trident/7.0; MASBJS; rv:11.0) like Gecko"
217.13.176.185 - - [13/Oct/2020:08:32:38 +0200] "GET /js/prototip.js HTTP/1.1" 304 - "http://renault.activities.at/10260273" "Mozilla/5.0 (Windows NT 6.1; WOW64; Trident/7.0; MASBJS; rv:11.0) like Gecko"
217.13.176.185 - - [13/Oct/2020:08:32:38 +0200] "GET /js/checkout.css HTTP/1.1" 304 - "http://renault.activities.at/10260273" "Mozilla/5.0 (Windows NT 6.1; WOW64; Trident/7.0; MASBJS; rv:11.0) like Gecko"
217.13.176.185 - - [13/Oct/2020:08:32:38 +0200] "GET /css/clears.css HTTP/1.1" 304 - "http://renault.activities.at/10260273" "Mozilla/5.0 (Windows NT 6.1; WOW64; Trident/7.0; MASBJS; rv:11.0) like Gecko"
217.13.176.185 - - [13/Oct/2020:08:32:38 +0200] "GET /js/index.php?c=auto&f=,prototype/prototype.js,prototype/validation.js,scriptaculous/builder.js,scriptaculous/effects.js,scriptaculous/dragdrop.js,scriptaculous/controls.js,scriptaculous/slider.js,varien/js.js,varien/form.js,varien/menu.js,mage/translate.js,mage/cookies.js,varien/product.js,spinner/SpinnerControl.jsmin.js,prototype/window.js,prototype/window_ext.js HTTP/1.1" 304 - "http://renault.activities.at/10260273" "Mozilla/5.0 (Windows NT 6.1; WOW64; Trident/7.0; MASBJS; rv:11.0) like Gecko"
217.13.176.185 - - [13/Oct/2020:08:32:39 +0200] "GET /images/loading.gif HTTP/1.1" 304 - "http://renault.activities.at/10260273" "Mozilla/5.0 (Windows NT 6.1; WOW64; Trident/7.0; MASBJS; rv:11.0) like Gecko"
217.13.176.185 - - [13/Oct/2020:08:32:39 +0200] "GET /images/main_block_corner_left_top.gif HTTP/1.1" 304 - "http://renault.activities.at/10260273" "Mozilla/5.0 (Windows NT 6.1; WOW64; Trident/7.0; MASBJS; rv:11.0) like Gecko"
217.13.176.185 - - [13/Oct/2020:08:32:39 +0200] "GET /images/header_block_corner_left_top.gif HTTP/1.1" 304 - "http://renault.activities.at/10260273" "Mozilla/5.0 (Windows NT 6.1; WOW64; Trident/7.0; MASBJS; rv:11.0) like Gecko"
217.13.176.185 - - [13/Oct/2020:08:32:39 +0200] "GET /images/header_block_corner_right_top.gif HTTP/1.1" 304 - "http://renault.activities.at/10260273" "Mozilla/5.0 (Windows NT 6.1; WOW64; Trident/7.0; MASBJS; rv:11.0) like Gecko"
217.13.176.185 - - [13/Oct/2020:08:32:39 +0200] "GET /images/main_block_border.gif HTTP/1.1" 304 - "http://renault.activities.at/10260273" "Mozilla/5.0 (Windows NT 6.1; WOW64; Trident/7.0; MASBJS; rv:11.0) like Gecko"
217.13.176.185 - - [13/Oct/2020:08:32:39 +0200] "GET /images/search_bg.gif HTTP/1.1" 304 - "http://renault.activities.at/10260273" "Mozilla/5.0 (Windows NT 6.1; WOW64; Trident/7.0; MASBJS; rv:11.0) like Gecko"
217.13.176.185 - - [13/Oct/2020:08:32:39 +0200] "GET /images/main_block_corner_right_top.gif HTTP/1.1" 304 - "http://renault.activities.at/10260273" "Mozilla/5.0 (Windows NT 6.1; WOW64; Trident/7.0; MASBJS; rv:11.0) like Gecko"
217.13.176.185 - - [13/Oct/2020:08:32:39 +0200] "GET /images/main_block_corner_right_bot.gif HTTP/1.1" 304 - "http://renault.activities.at/10260273" "Mozilla/5.0 (Windows NT 6.1; WOW64; Trident/7.0; MASBJS; rv:11.0) like Gecko"
217.13.176.185 - - [13/Oct/2020:08:32:39 +0200] "GET /images/main_block_corner_left_bot.gif HTTP/1.1" 304 - "http://renault.activities.at/10260273" "Mozilla/5.0 (Windows NT 6.1; WOW64; Trident/7.0; MASBJS; rv:11.0) like Gecko"
217.13.176.185 - - [13/Oct/2020:08:32:39 +0200] "GET /images/header_block_border.gif HTTP/1.1" 304 - "http://renault.activities.at/10260273" "Mozilla/5.0 (Windows NT 6.1; WOW64; Trident/7.0; MASBJS; rv:11.0) like Gecko"
217.13.176.185 - - [13/Oct/2020:08:32:39 +0200] "GET /images/button_right_bg.gif HTTP/1.1" 304 - "http://renault.activities.at/10260273" "Mozilla/5.0 (Windows NT 6.1; WOW64; Trident/7.0; MASBJS; rv:11.0) like Gecko"
217.13.176.185 - - [13/Oct/2020:08:32:39 +0200] "GET /images/menu_button_bg.jpg HTTP/1.1" 304 - "http://renault.activities.at/10260273" "Mozilla/5.0 (Windows NT 6.1; WOW64; Trident/7.0; MASBJS; rv:11.0) like Gecko"
217.13.176.185 - - [13/Oct/2020:08:32:39 +0200] "GET /images/sidebar_title_border.gif HTTP/1.1" 304 - "http://renault.activities.at/10260273" "Mozilla/5.0 (Windows NT 6.1; WOW64; Trident/7.0; MASBJS; rv:11.0) like Gecko"
217.13.176.185 - - [13/Oct/2020:08:32:39 +0200] "GET /images/top_links_divider.gif HTTP/1.1" 304 - "http://renault.activities.at/10260273" "Mozilla/5.0 (Windows NT 6.1; WOW64; Trident/7.0; MASBJS; rv:11.0) like Gecko"
217.13.176.185 - - [13/Oct/2020:08:32:39 +0200] "GET /images/sidebar_title_corner_left_top.gif HTTP/1.1" 304 - "http://renault.activities.at/10260273" "Mozilla/5.0 (Windows NT 6.1; WOW64; Trident/7.0; MASBJS; rv:11.0) like Gecko"
217.13.176.185 - - [13/Oct/2020:08:32:39 +0200] "GET /images/title_border.jpg HTTP/1.1" 304 - "http://renault.activities.at/10260273" "Mozilla/5.0 (Windows NT 6.1; WOW64; Trident/7.0; MASBJS; rv:11.0) like Gecko"
217.13.176.185 - - [13/Oct/2020:08:32:39 +0200] "GET /images/title_border_top.jpg HTTP/1.1" 304 - "http://renault.activities.at/10260273" "Mozilla/5.0 (Windows NT 6.1; WOW64; Trident/7.0; MASBJS; rv:11.0) like Gecko"
217.13.176.185 - - [13/Oct/2020:08:32:39 +0200] "GET /images/vista-up.gif HTTP/1.1" 304 - "http://renault.activities.at/10260273" "Mozilla/5.0 (Windows NT 6.1; WOW64; Trident/7.0; MASBJS; rv:11.0) like Gecko"
217.13.176.185 - - [13/Oct/2020:08:32:39 +0200] "GET /images/button_bg.gif HTTP/1.1" 304 - "http://renault.activities.at/10260273" "Mozilla/5.0 (Windows NT 6.1; WOW64; Trident/7.0; MASBJS; rv:11.0) like Gecko"
217.13.176.185 - - [13/Oct/2020:08:32:39 +0200] "GET /images/sidebar_title_corner_right_top.gif HTTP/1.1" 304 - "http://renault.activities.at/10260273" "Mozilla/5.0 (Windows NT 6.1; WOW64; Trident/7.0; MASBJS; rv:11.0) like Gecko"
217.13.176.185 - - [13/Oct/2020:08:32:39 +0200] "GET /images/footer_divider.gif HTTP/1.1" 304 - "http://renault.activities.at/10260273" "Mozilla/5.0 (Windows NT 6.1; WOW64; Trident/7.0; MASBJS; rv:11.0) like Gecko"
217.13.176.185 - - [13/Oct/2020:08:32:39 +0200] "GET /images/nav_divider.gif HTTP/1.1" 304 - "http://renault.activities.at/10260273" "Mozilla/5.0 (Windows NT 6.1; WOW64; Trident/7.0; MASBJS; rv:11.0) like Gecko"
217.13.176.185 - - [13/Oct/2020:08:32:39 +0200] "GET /images/pager_bg.gif HTTP/1.1" 304 - "http://renault.activities.at/10260273" "Mozilla/5.0 (Windows NT 6.1; WOW64; Trident/7.0; MASBJS; rv:11.0) like Gecko"
217.13.176.185 - - [13/Oct/2020:08:32:39 +0200] "GET /images/menu_divider.gif HTTP/1.1" 304 - "http://renault.activities.at/10260273" "Mozilla/5.0 (Windows NT 6.1; WOW64; Trident/7.0; MASBJS; rv:11.0) like Gecko"
217.13.176.185 - - [13/Oct/2020:08:32:39 +0200] "GET /images/button_left_bg.gif HTTP/1.1" 304 - "http://renault.activities.at/10260273" "Mozilla/5.0 (Windows NT 6.1; WOW64; Trident/7.0; MASBJS; rv:11.0) like Gecko"
217.13.176.185 - - [13/Oct/2020:08:32:39 +0200] "GET /images/title_corner_right_top.jpg HTTP/1.1" 304 - "http://renault.activities.at/10260273" "Mozilla/5.0 (Windows NT 6.1; WOW64; Trident/7.0; MASBJS; rv:11.0) like Gecko"
217.13.176.185 - - [13/Oct/2020:08:32:39 +0200] "GET /images/vista-dn.gif HTTP/1.1" 304 - "http://renault.activities.at/10260273" "Mozilla/5.0 (Windows NT 6.1; WOW64; Trident/7.0; MASBJS; rv:11.0) like Gecko"
217.13.176.185 - - [13/Oct/2020:08:32:39 +0200] "GET /images/sidebar_title_border_top.gif HTTP/1.1" 304 - "http://renault.activities.at/10260273" "Mozilla/5.0 (Windows NT 6.1; WOW64; Trident/7.0; MASBJS; rv:11.0) like Gecko"
217.13.176.185 - - [13/Oct/2020:08:32:39 +0200] "GET /images/title_corner_left_top.jpg HTTP/1.1" 304 - "http://renault.activities.at/10260273" "Mozilla/5.0 (Windows NT 6.1; WOW64; Trident/7.0; MASBJS; rv:11.0) like Gecko"
217.13.176.185 - - [13/Oct/2020:08:32:39 +0200] "GET /images/validation_advice_bg.gif HTTP/1.1" 304 - "http://renault.activities.at/10260273" "Mozilla/5.0 (Windows NT 6.1; WOW64; Trident/7.0; MASBJS; rv:11.0) like Gecko"
139.178.117.135 - - [13/Oct/2020:08:32:39 +0200] "GET /login HTTP/1.1" 200 2085 "http://renault.activities.at/" "Mozilla/5.0 (Windows NT 10.0; Win64; x64) AppleWebKit/537.36 (KHTML, like Gecko) Chrome/85.0.4183.121 Safari/537.36"
80.120.210.179 - - [13/Oct/2020:08:32:45 +0200] "GET /null HTTP/1.1" 200 3614 "http://renault.activities.at/10201637?dir=DESC&mode=grid&order=name&limit=15&page=1" "Mozilla/5.0 (Windows NT 10.0; WOW64; Trident/7.0; rv:11.0) like Gecko"
217.13.176.185 - - [13/Oct/2020:08:32:48 +0200] "GET /images/vista-up-hover.gif HTTP/1.1" 304 - "http://renault.activities.at/10260273" "Mozilla/5.0 (Windows NT 6.1; WOW64; Trident/7.0; MASBJS; rv:11.0) like Gecko"
139.178.117.135 - - [13/Oct/2020:08:32:47 +0200] "POST /login HTTP/1.1" 302 140 "http://renault.activities.at/login" "Mozilla/5.0 (Windows NT 10.0; Win64; x64) AppleWebKit/537.36 (KHTML, like Gecko) Chrome/85.0.4183.121 Safari/537.36"
80.120.210.179 - - [13/Oct/2020:08:32:46 +0200] "GET /12198626?print=true HTTP/1.1" 200 2957 "http://renault.activities.at/10201637?dir=DESC&mode=grid&order=name&limit=15&page=1" "Mozilla/5.0 (Windows NT 10.0; WOW64; Trident/7.0; rv:11.0) like Gecko"
80.122.53.106 - - [13/Oct/2020:08:32:49 +0200] "GET /reload?ser=1602570767951 HTTP/1.1" 200 28 "http://renault.activities.at/result?searchterm=true&search=maske" "Mozilla/5.0 (Windows NT 10.0; Win64; x64) AppleWebKit/537.36 (KHTML, like Gecko) Chrome/86.0.4240.75 Safari/537.36"
80.120.210.179 - - [13/Oct/2020:08:32:50 +0200] "GET /loadthumbnail.php?id=12198629&width=250 HTTP/1.1" 200 5514 "http://renault.activities.at/12198626?print=true" "Mozilla/5.0 (Windows NT 10.0; WOW64; Trident/7.0; rv:11.0) like Gecko"
80.120.210.179 - - [13/Oct/2020:08:32:50 +0200] "GET /loadthumbnail.php?id=12198629&width=900&height=900 HTTP/1.1" 200 35576 "http://renault.activities.at/12198626?print=true" "Mozilla/5.0 (Windows NT 10.0; WOW64; Trident/7.0; rv:11.0) like Gecko"
139.178.117.135 - - [13/Oct/2020:08:32:49 +0200] "GET /account HTTP/1.1" 200 5955 "http://renault.activities.at/login" "Mozilla/5.0 (Windows NT 10.0; Win64; x64) AppleWebKit/537.36 (KHTML, like Gecko) Chrome/85.0.4183.121 Safari/537.36"
139.178.117.135 - - [13/Oct/2020:08:32:52 +0200] "GET /js/account.js HTTP/1.1" 200 953 "http://renault.activities.at/account" "Mozilla/5.0 (Windows NT 10.0; Win64; x64) AppleWebKit/537.36 (KHTML, like Gecko) Chrome/85.0.4183.121 Safari/537.36"
139.178.117.135 - - [13/Oct/2020:08:32:52 +0200] "GET /loadthumbnail.php?id=11108158&width=50&height=50 HTTP/1.1" 200 778 "http://renault.activities.at/account" "Mozilla/5.0 (Windows NT 10.0; Win64; x64) AppleWebKit/537.36 (KHTML, like Gecko) Chrome/85.0.4183.121 Safari/537.36"
139.178.117.135 - - [13/Oct/2020:08:32:52 +0200] "GET /loadthumbnail.php?id=11721290&width=50&height=50 HTTP/1.1" 200 705 "http://renault.activities.at/account" "Mozilla/5.0 (Windows NT 10.0; Win64; x64) AppleWebKit/537.36 (KHTML, like Gecko) Chrome/85.0.4183.121 Safari/537.36"
80.120.210.179 - - [13/Oct/2020:08:32:51 +0200] "GET /graphics/zoomin.cur HTTP/1.1" 200 3614 "http://renault.activities.at/12198626?print=true" "Mozilla/5.0 (Windows NT 10.0; WOW64; Trident/7.0; rv:11.0) like Gecko"
80.120.210.179 - - [13/Oct/2020:08:32:51 +0200] "GET /graphics/zoomin.cur HTTP/1.1" 200 3614 "http://renault.activities.at/12198626?print=true" "Mozilla/5.0 (Windows NT 10.0; WOW64; Trident/7.0; rv:11.0) like Gecko"
217.13.176.185 - - [13/Oct/2020:08:32:53 +0200] "GET /reload?ser=1602570879139 HTTP/1.1" 200 28 "http://renault.activities.at/10201637?cat=10260272" "Mozilla/5.0 (Windows NT 6.1; rv:81.0) Gecko/20100101 Firefox/81.0"
80.120.210.179 - - [13/Oct/2020:08:32:56 +0200] "GET /null HTTP/1.1" 200 3614 "http://renault.activities.at/10201637?dir=DESC&mode=grid&order=name&limit=15&page=1" "Mozilla/5.0 (Windows NT 10.0; WOW64; Trident/7.0; rv:11.0) like Gecko"
217.13.176.185 - - [13/Oct/2020:08:32:58 +0200] "POST /10260273 HTTP/1.1" 200 9269 "http://renault.activities.at/10260273" "Mozilla/5.0 (Windows NT 6.1; WOW64; Trident/7.0; MASBJS; rv:11.0) like Gecko"
217.13.176.185 - - [13/Oct/2020:08:33:00 +0200] "GET /js/default.js HTTP/1.1" 304 - "http://renault.activities.at/10260273" "Mozilla/5.0 (Windows NT 6.1; WOW64; Trident/7.0; MASBJS; rv:11.0) like Gecko"
217.13.176.185 - - [13/Oct/2020:08:33:00 +0200] "GET /js/prototip.js HTTP/1.1" 304 - "http://renault.activities.at/10260273" "Mozilla/5.0 (Windows NT 6.1; WOW64; Trident/7.0; MASBJS; rv:11.0) like Gecko"
217.13.176.185 - - [13/Oct/2020:08:33:00 +0200] "GET /css/clears.css HTTP/1.1" 304 - "http://renault.activities.at/10260273" "Mozilla/5.0 (Windows NT 6.1; WOW64; Trident/7.0; MASBJS; rv:11.0) like Gecko"
217.13.176.185 - - [13/Oct/2020:08:33:00 +0200] "GET /css/print.css HTTP/1.1" 304 - "http://renault.activities.at/10260273" "Mozilla/5.0 (Windows NT 6.1; WOW64; Trident/7.0; MASBJS; rv:11.0) like Gecko"
217.13.176.185 - - [13/Oct/2020:08:33:00 +0200] "GET /css/styles.css HTTP/1.1" 304 - "http://renault.activities.at/10260273" "Mozilla/5.0 (Windows NT 6.1; WOW64; Trident/7.0; MASBJS; rv:11.0) like Gecko"
217.13.176.185 - - [13/Oct/2020:08:33:00 +0200] "GET /css/prototip.css HTTP/1.1" 304 - "http://renault.activities.at/10260273" "Mozilla/5.0 (Windows NT 6.1; WOW64; Trident/7.0; MASBJS; rv:11.0) like Gecko"
217.13.176.185 - - [13/Oct/2020:08:33:00 +0200] "GET /css/themes/alphacube.css HTTP/1.1" 304 - "http://renault.activities.at/10260273" "Mozilla/5.0 (Windows NT 6.1; WOW64; Trident/7.0; MASBJS; rv:11.0) like Gecko"
217.13.176.185 - - [13/Oct/2020:08:33:00 +0200] "GET /css/reset.css HTTP/1.1" 304 - "http://renault.activities.at/10260273" "Mozilla/5.0 (Windows NT 6.1; WOW64; Trident/7.0; MASBJS; rv:11.0) like Gecko"
217.13.176.185 - - [13/Oct/2020:08:33:00 +0200] "GET /js/ProduktGrp.js HTTP/1.1" 304 - "http://renault.activities.at/10260273" "Mozilla/5.0 (Windows NT 6.1; WOW64; Trident/7.0; MASBJS; rv:11.0) like Gecko"
217.13.176.185 - - [13/Oct/2020:08:33:00 +0200] "GET /css/themes/default.css HTTP/1.1" 304 - "http://renault.activities.at/10260273" "Mozilla/5.0 (Windows NT 6.1; WOW64; Trident/7.0; MASBJS; rv:11.0) like Gecko"
217.13.176.185 - - [13/Oct/2020:08:33:00 +0200] "GET /js/index.php?c=auto&f=,prototype/prototype.js,prototype/validation.js,scriptaculous/builder.js,scriptaculous/effects.js,scriptaculous/dragdrop.js,scriptaculous/controls.js,scriptaculous/slider.js,varien/js.js,varien/form.js,varien/menu.js,mage/translate.js,mage/cookies.js,varien/product.js,spinner/SpinnerControl.jsmin.js,prototype/window.js,prototype/window_ext.js HTTP/1.1" 304 - "http://renault.activities.at/10260273" "Mozilla/5.0 (Windows NT 6.1; WOW64; Trident/7.0; MASBJS; rv:11.0) like Gecko"
217.13.176.185 - - [13/Oct/2020:08:33:00 +0200] "GET /js/checkout.css HTTP/1.1" 304 - "http://renault.activities.at/10260273" "Mozilla/5.0 (Windows NT 6.1; WOW64; Trident/7.0; MASBJS; rv:11.0) like Gecko"
217.13.176.185 - - [13/Oct/2020:08:33:00 +0200] "GET /images/loading.gif HTTP/1.1" 304 - "http://renault.activities.at/10260273" "Mozilla/5.0 (Windows NT 6.1; WOW64; Trident/7.0; MASBJS; rv:11.0) like Gecko"
217.13.176.185 - - [13/Oct/2020:08:33:00 +0200] "GET /images/main_block_corner_right_bot.gif HTTP/1.1" 304 - "http://renault.activities.at/10260273" "Mozilla/5.0 (Windows NT 6.1; WOW64; Trident/7.0; MASBJS; rv:11.0) like Gecko"
217.13.176.185 - - [13/Oct/2020:08:33:00 +0200] "GET /images/header_block_corner_right_top.gif HTTP/1.1" 304 - "http://renault.activities.at/10260273" "Mozilla/5.0 (Windows NT 6.1; WOW64; Trident/7.0; MASBJS; rv:11.0) like Gecko"
217.13.176.185 - - [13/Oct/2020:08:33:00 +0200] "GET /images/header_block_border.gif HTTP/1.1" 304 - "http://renault.activities.at/10260273" "Mozilla/5.0 (Windows NT 6.1; WOW64; Trident/7.0; MASBJS; rv:11.0) like Gecko"
217.13.176.185 - - [13/Oct/2020:08:33:00 +0200] "GET /images/main_block_corner_right_top.gif HTTP/1.1" 304 - "http://renault.activities.at/10260273" "Mozilla/5.0 (Windows NT 6.1; WOW64; Trident/7.0; MASBJS; rv:11.0) like Gecko"
217.13.176.185 - - [13/Oct/2020:08:33:00 +0200] "GET /images/main_block_corner_left_top.gif HTTP/1.1" 304 - "http://renault.activities.at/10260273" "Mozilla/5.0 (Windows NT 6.1; WOW64; Trident/7.0; MASBJS; rv:11.0) like Gecko"
217.13.176.185 - - [13/Oct/2020:08:33:00 +0200] "GET /images/main_block_corner_left_bot.gif HTTP/1.1" 304 - "http://renault.activities.at/10260273" "Mozilla/5.0 (Windows NT 6.1; WOW64; Trident/7.0; MASBJS; rv:11.0) like Gecko"
217.13.176.185 - - [13/Oct/2020:08:33:00 +0200] "GET /images/header_block_corner_left_top.gif HTTP/1.1" 304 - "http://renault.activities.at/10260273" "Mozilla/5.0 (Windows NT 6.1; WOW64; Trident/7.0; MASBJS; rv:11.0) like Gecko"
217.13.176.185 - - [13/Oct/2020:08:33:00 +0200] "GET /images/main_block_border.gif HTTP/1.1" 304 - "http://renault.activities.at/10260273" "Mozilla/5.0 (Windows NT 6.1; WOW64; Trident/7.0; MASBJS; rv:11.0) like Gecko"
217.13.176.185 - - [13/Oct/2020:08:33:00 +0200] "GET /images/search_bg.gif HTTP/1.1" 304 - "http://renault.activities.at/10260273" "Mozilla/5.0 (Windows NT 6.1; WOW64; Trident/7.0; MASBJS; rv:11.0) like Gecko"
217.13.176.185 - - [13/Oct/2020:08:33:00 +0200] "GET /images/vista-dn.gif HTTP/1.1" 304 - "http://renault.activities.at/10260273" "Mozilla/5.0 (Windows NT 6.1; WOW64; Trident/7.0; MASBJS; rv:11.0) like Gecko"
217.13.176.185 - - [13/Oct/2020:08:33:00 +0200] "GET /images/title_corner_right_top.jpg HTTP/1.1" 304 - "http://renault.activities.at/10260273" "Mozilla/5.0 (Windows NT 6.1; WOW64; Trident/7.0; MASBJS; rv:11.0) like Gecko"
217.13.176.185 - - [13/Oct/2020:08:33:00 +0200] "GET /images/menu_divider.gif HTTP/1.1" 304 - "http://renault.activities.at/10260273" "Mozilla/5.0 (Windows NT 6.1; WOW64; Trident/7.0; MASBJS; rv:11.0) like Gecko"
217.13.176.185 - - [13/Oct/2020:08:33:00 +0200] "GET /images/title_border.jpg HTTP/1.1" 304 - "http://renault.activities.at/10260273" "Mozilla/5.0 (Windows NT 6.1; WOW64; Trident/7.0; MASBJS; rv:11.0) like Gecko"
217.13.176.185 - - [13/Oct/2020:08:33:00 +0200] "GET /images/sidebar_title_border_top.gif HTTP/1.1" 304 - "http://renault.activities.at/10260273" "Mozilla/5.0 (Windows NT 6.1; WOW64; Trident/7.0; MASBJS; rv:11.0) like Gecko"
217.13.176.185 - - [13/Oct/2020:08:33:00 +0200] "GET /images/nav_divider.gif HTTP/1.1" 304 - "http://renault.activities.at/10260273" "Mozilla/5.0 (Windows NT 6.1; WOW64; Trident/7.0; MASBJS; rv:11.0) like Gecko"
217.13.176.185 - - [13/Oct/2020:08:33:00 +0200] "GET /images/menu_button_bg.jpg HTTP/1.1" 304 - "http://renault.activities.at/10260273" "Mozilla/5.0 (Windows NT 6.1; WOW64; Trident/7.0; MASBJS; rv:11.0) like Gecko"
217.13.176.185 - - [13/Oct/2020:08:33:00 +0200] "GET /images/sidebar_title_corner_right_top.gif HTTP/1.1" 304 - "http://renault.activities.at/10260273" "Mozilla/5.0 (Windows NT 6.1; WOW64; Trident/7.0; MASBJS; rv:11.0) like Gecko"
217.13.176.185 - - [13/Oct/2020:08:33:00 +0200] "GET /images/pager_bg.gif HTTP/1.1" 304 - "http://renault.activities.at/10260273" "Mozilla/5.0 (Windows NT 6.1; WOW64; Trident/7.0; MASBJS; rv:11.0) like Gecko"
217.13.176.185 - - [13/Oct/2020:08:33:00 +0200] "GET /images/button_right_bg.gif HTTP/1.1" 304 - "http://renault.activities.at/10260273" "Mozilla/5.0 (Windows NT 6.1; WOW64; Trident/7.0; MASBJS; rv:11.0) like Gecko"
217.13.176.185 - - [13/Oct/2020:08:33:00 +0200] "GET /images/sidebar_title_border.gif HTTP/1.1" 304 - "http://renault.activities.at/10260273" "Mozilla/5.0 (Windows NT 6.1; WOW64; Trident/7.0; MASBJS; rv:11.0) like Gecko"
217.13.176.185 - - [13/Oct/2020:08:33:00 +0200] "GET /images/title_corner_left_top.jpg HTTP/1.1" 304 - "http://renault.activities.at/10260273" "Mozilla/5.0 (Windows NT 6.1; WOW64; Trident/7.0; MASBJS; rv:11.0) like Gecko"
217.13.176.185 - - [13/Oct/2020:08:33:00 +0200] "GET /images/title_border_top.jpg HTTP/1.1" 304 - "http://renault.activities.at/10260273" "Mozilla/5.0 (Windows NT 6.1; WOW64; Trident/7.0; MASBJS; rv:11.0) like Gecko"
217.13.176.185 - - [13/Oct/2020:08:33:00 +0200] "GET /images/button_bg.gif HTTP/1.1" 304 - "http://renault.activities.at/10260273" "Mozilla/5.0 (Windows NT 6.1; WOW64; Trident/7.0; MASBJS; rv:11.0) like Gecko"
217.13.176.185 - - [13/Oct/2020:08:33:00 +0200] "GET /images/footer_divider.gif HTTP/1.1" 304 - "http://renault.activities.at/10260273" "Mozilla/5.0 (Windows NT 6.1; WOW64; Trident/7.0; MASBJS; rv:11.0) like Gecko"
217.13.176.185 - - [13/Oct/2020:08:33:00 +0200] "GET /images/button_left_bg.gif HTTP/1.1" 304 - "http://renault.activities.at/10260273" "Mozilla/5.0 (Windows NT 6.1; WOW64; Trident/7.0; MASBJS; rv:11.0) like Gecko"
217.13.176.185 - - [13/Oct/2020:08:33:00 +0200] "GET /images/vista-up.gif HTTP/1.1" 304 - "http://renault.activities.at/10260273" "Mozilla/5.0 (Windows NT 6.1; WOW64; Trident/7.0; MASBJS; rv:11.0) like Gecko"
217.13.176.185 - - [13/Oct/2020:08:33:00 +0200] "GET /images/top_links_divider.gif HTTP/1.1" 304 - "http://renault.activities.at/10260273" "Mozilla/5.0 (Windows NT 6.1; WOW64; Trident/7.0; MASBJS; rv:11.0) like Gecko"
217.13.176.185 - - [13/Oct/2020:08:33:00 +0200] "GET /images/sidebar_title_corner_left_top.gif HTTP/1.1" 304 - "http://renault.activities.at/10260273" "Mozilla/5.0 (Windows NT 6.1; WOW64; Trident/7.0; MASBJS; rv:11.0) like Gecko"
217.13.176.185 - - [13/Oct/2020:08:33:00 +0200] "GET /images/success_msg_icon.gif HTTP/1.1" 304 - "http://renault.activities.at/10260273" "Mozilla/5.0 (Windows NT 6.1; WOW64; Trident/7.0; MASBJS; rv:11.0) like Gecko"
217.13.176.185 - - [13/Oct/2020:08:33:00 +0200] "GET /images/validation_advice_bg.gif HTTP/1.1" 304 - "http://renault.activities.at/10260273" "Mozilla/5.0 (Windows NT 6.1; WOW64; Trident/7.0; MASBJS; rv:11.0) like Gecko"
139.178.117.135 - - [13/Oct/2020:08:33:00 +0200] "POST /axjaxrequest?mode=suggest HTTP/1.1" 200 212 "http://renault.activities.at/account" "Mozilla/5.0 (Windows NT 10.0; Win64; x64) AppleWebKit/537.36 (KHTML, like Gecko) Chrome/85.0.4183.121 Safari/537.36"
88.116.10.164 - - [13/Oct/2020:08:33:02 +0200] "GET /reload?ser=1602570782216 HTTP/1.1" 200 28 "http://renault.activities.at/" "Mozilla/5.0 (Windows NT 10.0; WOW64; Trident/7.0; rv:11.0) like Gecko"
139.178.117.135 - - [13/Oct/2020:08:33:04 +0200] "POST /axjaxrequest?mode=suggest HTTP/1.1" 200 21 "http://renault.activities.at/account" "Mozilla/5.0 (Windows NT 10.0; Win64; x64) AppleWebKit/537.36 (KHTML, like Gecko) Chrome/85.0.4183.121 Safari/537.36"
139.178.117.135 - - [13/Oct/2020:08:33:04 +0200] "GET /result?searchterm=true&search=aktionsbestellung HTTP/1.1" 200 4623 "http://renault.activities.at/account" "Mozilla/5.0 (Windows NT 10.0; Win64; x64) AppleWebKit/537.36 (KHTML, like Gecko) Chrome/85.0.4183.121 Safari/537.36"
139.178.117.135 - - [13/Oct/2020:08:33:06 +0200] "GET /images/note_msg_icon.gif HTTP/1.1" 200 1022 "http://renault.activities.at/css/styles.css" "Mozilla/5.0 (Windows NT 10.0; Win64; x64) AppleWebKit/537.36 (KHTML, like Gecko) Chrome/85.0.4183.121 Safari/537.36"
157.97.71.85 - - [13/Oct/2020:08:33:09 +0200] "GET /reload?ser=1602570788669 HTTP/1.1" 200 28 "http://renault.activities.at/result?searchterm=true&search=POS2056" "Mozilla/5.0 (Windows NT 10.0; Win64; x64) AppleWebKit/537.36 (KHTML, like Gecko) Chrome/86.0.4240.75 Safari/537.36"
138.21.12.21 - - [13/Oct/2020:08:33:10 +0200] "GET /reload?ser=1602570789912 HTTP/1.1" 200 28 "http://renault.2web.at/account" "Mozilla/5.0 (Windows NT 10.0; Win64; x64) AppleWebKit/537.36 (KHTML, like Gecko) Chrome/86.0.4240.75 Safari/537.36"
195.230.43.171 - - [13/Oct/2020:08:33:12 +0200] "GET /reload?ser=1602570792211 HTTP/1.1" 200 1241 "http://renault.activities.at/result?searchterm=true&search=ga01" "Mozilla/5.0 (Windows NT 10.0; Win64; x64) AppleWebKit/537.36 (KHTML, like Gecko) Chrome/64.0.3282.140 Safari/537.36 Edge/17.17134"
139.178.117.135 - - [13/Oct/2020:08:33:12 +0200] "POST /axjaxrequest?mode=suggest HTTP/1.1" 200 163 "http://renault.activities.at/result?searchterm=true&search=aktionsbestellung" "Mozilla/5.0 (Windows NT 10.0; Win64; x64) AppleWebKit/537.36 (KHTML, like Gecko) Chrome/85.0.4183.121 Safari/537.36"
139.178.117.135 - - [13/Oct/2020:08:33:13 +0200] "POST /axjaxrequest?mode=suggest HTTP/1.1" 200 21 "http://renault.activities.at/result?searchterm=true&search=aktionsbestellung" "Mozilla/5.0 (Windows NT 10.0; Win64; x64) AppleWebKit/537.36 (KHTML, like Gecko) Chrome/85.0.4183.121 Safari/537.36"
217.13.176.185 - - [13/Oct/2020:08:33:15 +0200] "GET /10260273?dir=DESC&mode=grid&order=name&limit=15&page=2 HTTP/1.1" 200 8603 "http://renault.activities.at/10260273" "Mozilla/5.0 (Windows NT 6.1; WOW64; Trident/7.0; MASBJS; rv:11.0) like Gecko"
139.178.117.135 - - [13/Oct/2020:08:33:15 +0200] "POST /axjaxrequest?mode=suggest HTTP/1.1" 200 21 "http://renault.activities.at/result?searchterm=true&search=aktionsbestellung" "Mozilla/5.0 (Windows NT 10.0; Win64; x64) AppleWebKit/537.36 (KHTML, like Gecko) Chrome/85.0.4183.121 Safari/537.36"
