195.192.14.249 - - [13/Oct/2020:10:14:13 +0200] "GET /js/default.js HTTP/1.1" 304 - "http://renault.activities.at/10201442?dir=DESC&mode=grid&order=name&limit=15&page=4" "Mozilla/5.0 (Windows NT 10.0; WOW64; Trident/7.0; rv:11.0) like Gecko"
195.192.14.249 - - [13/Oct/2020:10:14:13 +0200] "GET /css/reset.css HTTP/1.1" 304 - "http://renault.activities.at/10201442?dir=DESC&mode=grid&order=name&limit=15&page=4" "Mozilla/5.0 (Windows NT 10.0; WOW64; Trident/7.0; rv:11.0) like Gecko"
195.192.14.249 - - [13/Oct/2020:10:14:13 +0200] "GET /js/prototip.js HTTP/1.1" 304 - "http://renault.activities.at/10201442?dir=DESC&mode=grid&order=name&limit=15&page=4" "Mozilla/5.0 (Windows NT 10.0; WOW64; Trident/7.0; rv:11.0) like Gecko"
195.192.14.249 - - [13/Oct/2020:10:14:13 +0200] "GET /css/clears.css HTTP/1.1" 304 - "http://renault.activities.at/10201442?dir=DESC&mode=grid&order=name&limit=15&page=4" "Mozilla/5.0 (Windows NT 10.0; WOW64; Trident/7.0; rv:11.0) like Gecko"
195.192.14.249 - - [13/Oct/2020:10:14:13 +0200] "GET /css/styles.css HTTP/1.1" 304 - "http://renault.activities.at/10201442?dir=DESC&mode=grid&order=name&limit=15&page=4" "Mozilla/5.0 (Windows NT 10.0; WOW64; Trident/7.0; rv:11.0) like Gecko"
195.192.14.249 - - [13/Oct/2020:10:14:13 +0200] "GET /css/print.css HTTP/1.1" 304 - "http://renault.activities.at/10201442?dir=DESC&mode=grid&order=name&limit=15&page=4" "Mozilla/5.0 (Windows NT 10.0; WOW64; Trident/7.0; rv:11.0) like Gecko"
195.192.14.249 - - [13/Oct/2020:10:14:13 +0200] "GET /css/prototip.css HTTP/1.1" 304 - "http://renault.activities.at/10201442?dir=DESC&mode=grid&order=name&limit=15&page=4" "Mozilla/5.0 (Windows NT 10.0; WOW64; Trident/7.0; rv:11.0) like Gecko"
195.192.14.249 - - [13/Oct/2020:10:14:13 +0200] "GET /js/checkout.css HTTP/1.1" 304 - "http://renault.activities.at/10201442?dir=DESC&mode=grid&order=name&limit=15&page=4" "Mozilla/5.0 (Windows NT 10.0; WOW64; Trident/7.0; rv:11.0) like Gecko"
195.192.14.249 - - [13/Oct/2020:10:14:13 +0200] "GET /css/themes/alphacube.css HTTP/1.1" 304 - "http://renault.activities.at/10201442?dir=DESC&mode=grid&order=name&limit=15&page=4" "Mozilla/5.0 (Windows NT 10.0; WOW64; Trident/7.0; rv:11.0) like Gecko"
195.192.14.249 - - [13/Oct/2020:10:14:13 +0200] "GET /css/themes/default.css HTTP/1.1" 304 - "http://renault.activities.at/10201442?dir=DESC&mode=grid&order=name&limit=15&page=4" "Mozilla/5.0 (Windows NT 10.0; WOW64; Trident/7.0; rv:11.0) like Gecko"
195.192.14.249 - - [13/Oct/2020:10:14:13 +0200] "GET /images/header_block_corner_right_top.gif HTTP/1.1" 304 - "http://renault.activities.at/10201442?dir=DESC&mode=grid&order=name&limit=15&page=4" "Mozilla/5.0 (Windows NT 10.0; WOW64; Trident/7.0; rv:11.0) like Gecko"
195.192.14.249 - - [13/Oct/2020:10:14:13 +0200] "GET /images/header_block_corner_left_top.gif HTTP/1.1" 304 - "http://renault.activities.at/10201442?dir=DESC&mode=grid&order=name&limit=15&page=4" "Mozilla/5.0 (Windows NT 10.0; WOW64; Trident/7.0; rv:11.0) like Gecko"
195.192.14.249 - - [13/Oct/2020:10:14:13 +0200] "GET /images/loading.gif HTTP/1.1" 304 - "http://renault.activities.at/10201442?dir=DESC&mode=grid&order=name&limit=15&page=4" "Mozilla/5.0 (Windows NT 10.0; WOW64; Trident/7.0; rv:11.0) like Gecko"
195.192.14.249 - - [13/Oct/2020:10:14:13 +0200] "GET /images/search_bg.gif HTTP/1.1" 304 - "http://renault.activities.at/10201442?dir=DESC&mode=grid&order=name&limit=15&page=4" "Mozilla/5.0 (Windows NT 10.0; WOW64; Trident/7.0; rv:11.0) like Gecko"
195.192.14.249 - - [13/Oct/2020:10:14:13 +0200] "GET /images/header_block_border.gif HTTP/1.1" 304 - "http://renault.activities.at/10201442?dir=DESC&mode=grid&order=name&limit=15&page=4" "Mozilla/5.0 (Windows NT 10.0; WOW64; Trident/7.0; rv:11.0) like Gecko"
195.192.14.249 - - [13/Oct/2020:10:14:13 +0200] "GET /js/ProduktGrp.js HTTP/1.1" 304 - "http://renault.activities.at/10201442?dir=DESC&mode=grid&order=name&limit=15&page=4" "Mozilla/5.0 (Windows NT 10.0; WOW64; Trident/7.0; rv:11.0) like Gecko"
195.192.14.249 - - [13/Oct/2020:10:14:13 +0200] "GET /images/menu_button_bg.jpg HTTP/1.1" 304 - "http://renault.activities.at/10201442?dir=DESC&mode=grid&order=name&limit=15&page=4" "Mozilla/5.0 (Windows NT 10.0; WOW64; Trident/7.0; rv:11.0) like Gecko"
195.192.14.249 - - [13/Oct/2020:10:14:13 +0200] "GET /images/main_block_corner_left_bot.gif HTTP/1.1" 304 - "http://renault.activities.at/10201442?dir=DESC&mode=grid&order=name&limit=15&page=4" "Mozilla/5.0 (Windows NT 10.0; WOW64; Trident/7.0; rv:11.0) like Gecko"
195.192.14.249 - - [13/Oct/2020:10:14:13 +0200] "GET /images/main_block_border.gif HTTP/1.1" 304 - "http://renault.activities.at/10201442?dir=DESC&mode=grid&order=name&limit=15&page=4" "Mozilla/5.0 (Windows NT 10.0; WOW64; Trident/7.0; rv:11.0) like Gecko"
195.192.14.249 - - [13/Oct/2020:10:14:13 +0200] "GET /images/nav_divider.gif HTTP/1.1" 304 - "http://renault.activities.at/10201442?dir=DESC&mode=grid&order=name&limit=15&page=4" "Mozilla/5.0 (Windows NT 10.0; WOW64; Trident/7.0; rv:11.0) like Gecko"
195.192.14.249 - - [13/Oct/2020:10:14:13 +0200] "GET /images/top_links_divider.gif HTTP/1.1" 304 - "http://renault.activities.at/10201442?dir=DESC&mode=grid&order=name&limit=15&page=4" "Mozilla/5.0 (Windows NT 10.0; WOW64; Trident/7.0; rv:11.0) like Gecko"
195.192.14.249 - - [13/Oct/2020:10:14:13 +0200] "GET /images/main_block_corner_right_bot.gif HTTP/1.1" 304 - "http://renault.activities.at/10201442?dir=DESC&mode=grid&order=name&limit=15&page=4" "Mozilla/5.0 (Windows NT 10.0; WOW64; Trident/7.0; rv:11.0) like Gecko"
195.192.14.249 - - [13/Oct/2020:10:14:13 +0200] "GET /images/menu_divider.gif HTTP/1.1" 304 - "http://renault.activities.at/10201442?dir=DESC&mode=grid&order=name&limit=15&page=4" "Mozilla/5.0 (Windows NT 10.0; WOW64; Trident/7.0; rv:11.0) like Gecko"
195.192.14.249 - - [13/Oct/2020:10:14:13 +0200] "GET /images/main_block_corner_left_top.gif HTTP/1.1" 304 - "http://renault.activities.at/10201442?dir=DESC&mode=grid&order=name&limit=15&page=4" "Mozilla/5.0 (Windows NT 10.0; WOW64; Trident/7.0; rv:11.0) like Gecko"
195.192.14.249 - - [13/Oct/2020:10:14:13 +0200] "GET /images/button_left_bg.gif HTTP/1.1" 304 - "http://renault.activities.at/10201442?dir=DESC&mode=grid&order=name&limit=15&page=4" "Mozilla/5.0 (Windows NT 10.0; WOW64; Trident/7.0; rv:11.0) like Gecko"
195.192.14.249 - - [13/Oct/2020:10:14:13 +0200] "GET /images/sidebar_title_border_top.gif HTTP/1.1" 304 - "http://renault.activities.at/10201442?dir=DESC&mode=grid&order=name&limit=15&page=4" "Mozilla/5.0 (Windows NT 10.0; WOW64; Trident/7.0; rv:11.0) like Gecko"
195.192.14.249 - - [13/Oct/2020:10:14:13 +0200] "GET /images/main_block_corner_right_top.gif HTTP/1.1" 304 - "http://renault.activities.at/10201442?dir=DESC&mode=grid&order=name&limit=15&page=4" "Mozilla/5.0 (Windows NT 10.0; WOW64; Trident/7.0; rv:11.0) like Gecko"
195.192.14.249 - - [13/Oct/2020:10:14:13 +0200] "GET /images/sidebar_title_border.gif HTTP/1.1" 304 - "http://renault.activities.at/10201442?dir=DESC&mode=grid&order=name&limit=15&page=4" "Mozilla/5.0 (Windows NT 10.0; WOW64; Trident/7.0; rv:11.0) like Gecko"
195.192.14.249 - - [13/Oct/2020:10:14:13 +0200] "GET /images/sidebar_title_corner_left_top.gif HTTP/1.1" 304 - "http://renault.activities.at/10201442?dir=DESC&mode=grid&order=name&limit=15&page=4" "Mozilla/5.0 (Windows NT 10.0; WOW64; Trident/7.0; rv:11.0) like Gecko"
195.192.14.249 - - [13/Oct/2020:10:14:13 +0200] "GET /images/sidebar_title_corner_right_top.gif HTTP/1.1" 304 - "http://renault.activities.at/10201442?dir=DESC&mode=grid&order=name&limit=15&page=4" "Mozilla/5.0 (Windows NT 10.0; WOW64; Trident/7.0; rv:11.0) like Gecko"
195.192.14.249 - - [13/Oct/2020:10:14:13 +0200] "GET /images/button_right_bg.gif HTTP/1.1" 304 - "http://renault.activities.at/10201442?dir=DESC&mode=grid&order=name&limit=15&page=4" "Mozilla/5.0 (Windows NT 10.0; WOW64; Trident/7.0; rv:11.0) like Gecko"
195.192.14.249 - - [13/Oct/2020:10:14:13 +0200] "GET /images/sub_title_bg.jpg HTTP/1.1" 304 - "http://renault.activities.at/10201442?dir=DESC&mode=grid&order=name&limit=15&page=4" "Mozilla/5.0 (Windows NT 10.0; WOW64; Trident/7.0; rv:11.0) like Gecko"
195.192.14.249 - - [13/Oct/2020:10:14:13 +0200] "GET /images/button_bg.gif HTTP/1.1" 304 - "http://renault.activities.at/10201442?dir=DESC&mode=grid&order=name&limit=15&page=4" "Mozilla/5.0 (Windows NT 10.0; WOW64; Trident/7.0; rv:11.0) like Gecko"
195.192.14.249 - - [13/Oct/2020:10:14:13 +0200] "GET /images/title_border.jpg HTTP/1.1" 304 - "http://renault.activities.at/10201442?dir=DESC&mode=grid&order=name&limit=15&page=4" "Mozilla/5.0 (Windows NT 10.0; WOW64; Trident/7.0; rv:11.0) like Gecko"
195.192.14.249 - - [13/Oct/2020:10:14:13 +0200] "GET /images/title_border_top.jpg HTTP/1.1" 304 - "http://renault.activities.at/10201442?dir=DESC&mode=grid&order=name&limit=15&page=4" "Mozilla/5.0 (Windows NT 10.0; WOW64; Trident/7.0; rv:11.0) like Gecko"
195.192.14.249 - - [13/Oct/2020:10:14:13 +0200] "GET /images/title_corner_right_top.jpg HTTP/1.1" 304 - "http://renault.activities.at/10201442?dir=DESC&mode=grid&order=name&limit=15&page=4" "Mozilla/5.0 (Windows NT 10.0; WOW64; Trident/7.0; rv:11.0) like Gecko"
195.192.14.249 - - [13/Oct/2020:10:14:13 +0200] "GET /images/vista-up.gif HTTP/1.1" 304 - "http://renault.activities.at/10201442?dir=DESC&mode=grid&order=name&limit=15&page=4" "Mozilla/5.0 (Windows NT 10.0; WOW64; Trident/7.0; rv:11.0) like Gecko"
195.192.14.249 - - [13/Oct/2020:10:14:13 +0200] "GET /images/title_corner_left_top.jpg HTTP/1.1" 304 - "http://renault.activities.at/10201442?dir=DESC&mode=grid&order=name&limit=15&page=4" "Mozilla/5.0 (Windows NT 10.0; WOW64; Trident/7.0; rv:11.0) like Gecko"
195.192.14.249 - - [13/Oct/2020:10:14:13 +0200] "GET /images/pager_bg.gif HTTP/1.1" 304 - "http://renault.activities.at/10201442?dir=DESC&mode=grid&order=name&limit=15&page=4" "Mozilla/5.0 (Windows NT 10.0; WOW64; Trident/7.0; rv:11.0) like Gecko"
195.192.14.249 - - [13/Oct/2020:10:14:13 +0200] "GET /images/validation_advice_bg.gif HTTP/1.1" 304 - "http://renault.activities.at/10201442?dir=DESC&mode=grid&order=name&limit=15&page=4" "Mozilla/5.0 (Windows NT 10.0; WOW64; Trident/7.0; rv:11.0) like Gecko"
195.192.14.249 - - [13/Oct/2020:10:14:13 +0200] "GET /images/vista-dn.gif HTTP/1.1" 304 - "http://renault.activities.at/10201442?dir=DESC&mode=grid&order=name&limit=15&page=4" "Mozilla/5.0 (Windows NT 10.0; WOW64; Trident/7.0; rv:11.0) like Gecko"
195.192.14.249 - - [13/Oct/2020:10:14:14 +0200] "GET /images/footer_divider.gif HTTP/1.1" 304 - "http://renault.activities.at/10201442?dir=DESC&mode=grid&order=name&limit=15&page=4" "Mozilla/5.0 (Windows NT 10.0; WOW64; Trident/7.0; rv:11.0) like Gecko"
212.152.158.195 - - [13/Oct/2020:10:14:13 +0200] "GET /reload?ser=1602576853206 HTTP/1.1" 200 28 "http://renault.activities.at/result?dir=DESC&mode=grid&order=name&limit=15&page=2&search=ZE" "Mozilla/5.0 (Windows NT 10.0; Win64; x64) AppleWebKit/537.36 (KHTML, like Gecko) Chrome/85.0.4183.121 Safari/537.36"
212.152.246.130 - - [13/Oct/2020:10:14:15 +0200] "GET /reload?ser=1602576855641 HTTP/1.1" 200 28 "http://renault.activities.at/login" "Mozilla/5.0 (Windows NT 10.0; Win64; x64) AppleWebKit/537.36 (KHTML, like Gecko) Chrome/85.0.4183.121 Safari/537.36 Edg/85.0.564.63"
217.13.176.185 - - [13/Oct/2020:10:14:23 +0200] "GET /reload?ser=1602576863111 HTTP/1.1" 200 28 "http://renault.activities.at/aboutus" "Mozilla/5.0 (Windows NT 6.1; Trident/7.0; rv:11.0) like Gecko"
195.192.14.249 - - [13/Oct/2020:10:14:22 +0200] "GET /10201442?dir=DESC&mode=grid&order=name&limit=15&page=5 HTTP/1.1" 200 8823 "http://renault.activities.at/10201442?dir=DESC&mode=grid&order=name&limit=15&page=4" "Mozilla/5.0 (Windows NT 10.0; WOW64; Trident/7.0; rv:11.0) like Gecko"
195.192.14.249 - - [13/Oct/2020:10:14:25 +0200] "GET /js/default.js HTTP/1.1" 304 - "http://renault.activities.at/10201442?dir=DESC&mode=grid&order=name&limit=15&page=5" "Mozilla/5.0 (Windows NT 10.0; WOW64; Trident/7.0; rv:11.0) like Gecko"
195.192.14.249 - - [13/Oct/2020:10:14:26 +0200] "GET /js/prototip.js HTTP/1.1" 304 - "http://renault.activities.at/10201442?dir=DESC&mode=grid&order=name&limit=15&page=5" "Mozilla/5.0 (Windows NT 10.0; WOW64; Trident/7.0; rv:11.0) like Gecko"
195.192.14.249 - - [13/Oct/2020:10:14:26 +0200] "GET /css/reset.css HTTP/1.1" 304 - "http://renault.activities.at/10201442?dir=DESC&mode=grid&order=name&limit=15&page=5" "Mozilla/5.0 (Windows NT 10.0; WOW64; Trident/7.0; rv:11.0) like Gecko"
195.192.14.249 - - [13/Oct/2020:10:14:26 +0200] "GET /css/styles.css HTTP/1.1" 304 - "http://renault.activities.at/10201442?dir=DESC&mode=grid&order=name&limit=15&page=5" "Mozilla/5.0 (Windows NT 10.0; WOW64; Trident/7.0; rv:11.0) like Gecko"
195.192.14.249 - - [13/Oct/2020:10:14:26 +0200] "GET /css/clears.css HTTP/1.1" 304 - "http://renault.activities.at/10201442?dir=DESC&mode=grid&order=name&limit=15&page=5" "Mozilla/5.0 (Windows NT 10.0; WOW64; Trident/7.0; rv:11.0) like Gecko"
195.192.14.249 - - [13/Oct/2020:10:14:26 +0200] "GET /css/print.css HTTP/1.1" 304 - "http://renault.activities.at/10201442?dir=DESC&mode=grid&order=name&limit=15&page=5" "Mozilla/5.0 (Windows NT 10.0; WOW64; Trident/7.0; rv:11.0) like Gecko"
195.192.14.249 - - [13/Oct/2020:10:14:26 +0200] "GET /css/prototip.css HTTP/1.1" 304 - "http://renault.activities.at/10201442?dir=DESC&mode=grid&order=name&limit=15&page=5" "Mozilla/5.0 (Windows NT 10.0; WOW64; Trident/7.0; rv:11.0) like Gecko"
195.192.14.249 - - [13/Oct/2020:10:14:26 +0200] "GET /js/checkout.css HTTP/1.1" 304 - "http://renault.activities.at/10201442?dir=DESC&mode=grid&order=name&limit=15&page=5" "Mozilla/5.0 (Windows NT 10.0; WOW64; Trident/7.0; rv:11.0) like Gecko"
195.192.14.249 - - [13/Oct/2020:10:14:26 +0200] "GET /css/themes/default.css HTTP/1.1" 304 - "http://renault.activities.at/10201442?dir=DESC&mode=grid&order=name&limit=15&page=5" "Mozilla/5.0 (Windows NT 10.0; WOW64; Trident/7.0; rv:11.0) like Gecko"
195.192.14.249 - - [13/Oct/2020:10:14:26 +0200] "GET /css/themes/alphacube.css HTTP/1.1" 304 - "http://renault.activities.at/10201442?dir=DESC&mode=grid&order=name&limit=15&page=5" "Mozilla/5.0 (Windows NT 10.0; WOW64; Trident/7.0; rv:11.0) like Gecko"
195.192.14.249 - - [13/Oct/2020:10:14:26 +0200] "GET /js/ProduktGrp.js HTTP/1.1" 304 - "http://renault.activities.at/10201442?dir=DESC&mode=grid&order=name&limit=15&page=5" "Mozilla/5.0 (Windows NT 10.0; WOW64; Trident/7.0; rv:11.0) like Gecko"
195.192.14.249 - - [13/Oct/2020:10:14:26 +0200] "GET /images/loading.gif HTTP/1.1" 304 - "http://renault.activities.at/10201442?dir=DESC&mode=grid&order=name&limit=15&page=5" "Mozilla/5.0 (Windows NT 10.0; WOW64; Trident/7.0; rv:11.0) like Gecko"
195.192.14.249 - - [13/Oct/2020:10:14:26 +0200] "GET /images/main_block_corner_right_bot.gif HTTP/1.1" 304 - "http://renault.activities.at/10201442?dir=DESC&mode=grid&order=name&limit=15&page=5" "Mozilla/5.0 (Windows NT 10.0; WOW64; Trident/7.0; rv:11.0) like Gecko"
195.192.14.249 - - [13/Oct/2020:10:14:26 +0200] "GET /images/main_block_border.gif HTTP/1.1" 304 - "http://renault.activities.at/10201442?dir=DESC&mode=grid&order=name&limit=15&page=5" "Mozilla/5.0 (Windows NT 10.0; WOW64; Trident/7.0; rv:11.0) like Gecko"
195.192.14.249 - - [13/Oct/2020:10:14:26 +0200] "GET /images/header_block_corner_left_top.gif HTTP/1.1" 304 - "http://renault.activities.at/10201442?dir=DESC&mode=grid&order=name&limit=15&page=5" "Mozilla/5.0 (Windows NT 10.0; WOW64; Trident/7.0; rv:11.0) like Gecko"
195.192.14.249 - - [13/Oct/2020:10:14:26 +0200] "GET /images/main_block_corner_left_top.gif HTTP/1.1" 304 - "http://renault.activities.at/10201442?dir=DESC&mode=grid&order=name&limit=15&page=5" "Mozilla/5.0 (Windows NT 10.0; WOW64; Trident/7.0; rv:11.0) like Gecko"
195.192.14.249 - - [13/Oct/2020:10:14:26 +0200] "GET /images/main_block_corner_left_bot.gif HTTP/1.1" 304 - "http://renault.activities.at/10201442?dir=DESC&mode=grid&order=name&limit=15&page=5" "Mozilla/5.0 (Windows NT 10.0; WOW64; Trident/7.0; rv:11.0) like Gecko"
195.192.14.249 - - [13/Oct/2020:10:14:26 +0200] "GET /images/header_block_corner_right_top.gif HTTP/1.1" 304 - "http://renault.activities.at/10201442?dir=DESC&mode=grid&order=name&limit=15&page=5" "Mozilla/5.0 (Windows NT 10.0; WOW64; Trident/7.0; rv:11.0) like Gecko"
195.192.14.249 - - [13/Oct/2020:10:14:26 +0200] "GET /images/search_bg.gif HTTP/1.1" 304 - "http://renault.activities.at/10201442?dir=DESC&mode=grid&order=name&limit=15&page=5" "Mozilla/5.0 (Windows NT 10.0; WOW64; Trident/7.0; rv:11.0) like Gecko"
195.192.14.249 - - [13/Oct/2020:10:14:26 +0200] "GET /loadthumbnail.php?id=12198629&width=113 HTTP/1.1" 200 1975 "http://renault.activities.at/10201442?dir=DESC&mode=grid&order=name&limit=15&page=5" "Mozilla/5.0 (Windows NT 10.0; WOW64; Trident/7.0; rv:11.0) like Gecko"
195.192.14.249 - - [13/Oct/2020:10:14:26 +0200] "GET /images/main_block_corner_right_top.gif HTTP/1.1" 304 - "http://renault.activities.at/10201442?dir=DESC&mode=grid&order=name&limit=15&page=5" "Mozilla/5.0 (Windows NT 10.0; WOW64; Trident/7.0; rv:11.0) like Gecko"
195.192.14.249 - - [13/Oct/2020:10:14:26 +0200] "GET /loadthumbnail.php?id=12198625&width=113 HTTP/1.1" 200 1975 "http://renault.activities.at/10201442?dir=DESC&mode=grid&order=name&limit=15&page=5" "Mozilla/5.0 (Windows NT 10.0; WOW64; Trident/7.0; rv:11.0) like Gecko"
195.192.14.249 - - [13/Oct/2020:10:14:26 +0200] "GET /loadthumbnail.php?id=11181189&width=113 HTTP/1.1" 200 1888 "http://renault.activities.at/10201442?dir=DESC&mode=grid&order=name&limit=15&page=5" "Mozilla/5.0 (Windows NT 10.0; WOW64; Trident/7.0; rv:11.0) like Gecko"
195.192.14.249 - - [13/Oct/2020:10:14:26 +0200] "GET /loadthumbnail.php?id=12198633&width=113 HTTP/1.1" 200 1975 "http://renault.activities.at/10201442?dir=DESC&mode=grid&order=name&limit=15&page=5" "Mozilla/5.0 (Windows NT 10.0; WOW64; Trident/7.0; rv:11.0) like Gecko"
195.192.14.249 - - [13/Oct/2020:10:14:26 +0200] "GET /images/header_block_border.gif HTTP/1.1" 304 - "http://renault.activities.at/10201442?dir=DESC&mode=grid&order=name&limit=15&page=5" "Mozilla/5.0 (Windows NT 10.0; WOW64; Trident/7.0; rv:11.0) like Gecko"
195.192.14.249 - - [13/Oct/2020:10:14:26 +0200] "GET /images/validation_advice_bg.gif HTTP/1.1" 304 - "http://renault.activities.at/10201442?dir=DESC&mode=grid&order=name&limit=15&page=5" "Mozilla/5.0 (Windows NT 10.0; WOW64; Trident/7.0; rv:11.0) like Gecko"
195.192.14.249 - - [13/Oct/2020:10:14:26 +0200] "GET /images/title_border.jpg HTTP/1.1" 304 - "http://renault.activities.at/10201442?dir=DESC&mode=grid&order=name&limit=15&page=5" "Mozilla/5.0 (Windows NT 10.0; WOW64; Trident/7.0; rv:11.0) like Gecko"
195.192.14.249 - - [13/Oct/2020:10:14:26 +0200] "GET /images/title_corner_right_top.jpg HTTP/1.1" 304 - "http://renault.activities.at/10201442?dir=DESC&mode=grid&order=name&limit=15&page=5" "Mozilla/5.0 (Windows NT 10.0; WOW64; Trident/7.0; rv:11.0) like Gecko"
195.192.14.249 - - [13/Oct/2020:10:14:26 +0200] "GET /images/pager_bg.gif HTTP/1.1" 304 - "http://renault.activities.at/10201442?dir=DESC&mode=grid&order=name&limit=15&page=5" "Mozilla/5.0 (Windows NT 10.0; WOW64; Trident/7.0; rv:11.0) like Gecko"
195.192.14.249 - - [13/Oct/2020:10:14:26 +0200] "GET /images/vista-dn.gif HTTP/1.1" 304 - "http://renault.activities.at/10201442?dir=DESC&mode=grid&order=name&limit=15&page=5" "Mozilla/5.0 (Windows NT 10.0; WOW64; Trident/7.0; rv:11.0) like Gecko"
195.192.14.249 - - [13/Oct/2020:10:14:26 +0200] "GET /images/button_bg.gif HTTP/1.1" 304 - "http://renault.activities.at/10201442?dir=DESC&mode=grid&order=name&limit=15&page=5" "Mozilla/5.0 (Windows NT 10.0; WOW64; Trident/7.0; rv:11.0) like Gecko"
195.192.14.249 - - [13/Oct/2020:10:14:26 +0200] "GET /images/title_border_top.jpg HTTP/1.1" 304 - "http://renault.activities.at/10201442?dir=DESC&mode=grid&order=name&limit=15&page=5" "Mozilla/5.0 (Windows NT 10.0; WOW64; Trident/7.0; rv:11.0) like Gecko"
195.192.14.249 - - [13/Oct/2020:10:14:26 +0200] "GET /images/title_corner_left_top.jpg HTTP/1.1" 304 - "http://renault.activities.at/10201442?dir=DESC&mode=grid&order=name&limit=15&page=5" "Mozilla/5.0 (Windows NT 10.0; WOW64; Trident/7.0; rv:11.0) like Gecko"
195.192.14.249 - - [13/Oct/2020:10:14:26 +0200] "GET /images/vista-up.gif HTTP/1.1" 304 - "http://renault.activities.at/10201442?dir=DESC&mode=grid&order=name&limit=15&page=5" "Mozilla/5.0 (Windows NT 10.0; WOW64; Trident/7.0; rv:11.0) like Gecko"
195.192.14.249 - - [13/Oct/2020:10:14:26 +0200] "GET /images/sidebar_title_border_top.gif HTTP/1.1" 304 - "http://renault.activities.at/10201442?dir=DESC&mode=grid&order=name&limit=15&page=5" "Mozilla/5.0 (Windows NT 10.0; WOW64; Trident/7.0; rv:11.0) like Gecko"
195.192.14.249 - - [13/Oct/2020:10:14:26 +0200] "GET /images/sidebar_title_corner_right_top.gif HTTP/1.1" 304 - "http://renault.activities.at/10201442?dir=DESC&mode=grid&order=name&limit=15&page=5" "Mozilla/5.0 (Windows NT 10.0; WOW64; Trident/7.0; rv:11.0) like Gecko"
195.192.14.249 - - [13/Oct/2020:10:14:26 +0200] "GET /images/sidebar_title_corner_left_top.gif HTTP/1.1" 304 - "http://renault.activities.at/10201442?dir=DESC&mode=grid&order=name&limit=15&page=5" "Mozilla/5.0 (Windows NT 10.0; WOW64; Trident/7.0; rv:11.0) like Gecko"
195.192.14.249 - - [13/Oct/2020:10:14:26 +0200] "GET /images/nav_divider.gif HTTP/1.1" 304 - "http://renault.activities.at/10201442?dir=DESC&mode=grid&order=name&limit=15&page=5" "Mozilla/5.0 (Windows NT 10.0; WOW64; Trident/7.0; rv:11.0) like Gecko"
195.192.14.249 - - [13/Oct/2020:10:14:26 +0200] "GET /images/sub_title_bg.jpg HTTP/1.1" 304 - "http://renault.activities.at/10201442?dir=DESC&mode=grid&order=name&limit=15&page=5" "Mozilla/5.0 (Windows NT 10.0; WOW64; Trident/7.0; rv:11.0) like Gecko"
195.192.14.249 - - [13/Oct/2020:10:14:26 +0200] "GET /images/button_right_bg.gif HTTP/1.1" 304 - "http://renault.activities.at/10201442?dir=DESC&mode=grid&order=name&limit=15&page=5" "Mozilla/5.0 (Windows NT 10.0; WOW64; Trident/7.0; rv:11.0) like Gecko"
195.192.14.249 - - [13/Oct/2020:10:14:26 +0200] "GET /images/menu_divider.gif HTTP/1.1" 304 - "http://renault.activities.at/10201442?dir=DESC&mode=grid&order=name&limit=15&page=5" "Mozilla/5.0 (Windows NT 10.0; WOW64; Trident/7.0; rv:11.0) like Gecko"
195.192.14.249 - - [13/Oct/2020:10:14:26 +0200] "GET /images/button_left_bg.gif HTTP/1.1" 304 - "http://renault.activities.at/10201442?dir=DESC&mode=grid&order=name&limit=15&page=5" "Mozilla/5.0 (Windows NT 10.0; WOW64; Trident/7.0; rv:11.0) like Gecko"
195.192.14.249 - - [13/Oct/2020:10:14:26 +0200] "GET /images/sidebar_title_border.gif HTTP/1.1" 304 - "http://renault.activities.at/10201442?dir=DESC&mode=grid&order=name&limit=15&page=5" "Mozilla/5.0 (Windows NT 10.0; WOW64; Trident/7.0; rv:11.0) like Gecko"
195.192.14.249 - - [13/Oct/2020:10:14:26 +0200] "GET /images/menu_button_bg.jpg HTTP/1.1" 304 - "http://renault.activities.at/10201442?dir=DESC&mode=grid&order=name&limit=15&page=5" "Mozilla/5.0 (Windows NT 10.0; WOW64; Trident/7.0; rv:11.0) like Gecko"
195.192.14.249 - - [13/Oct/2020:10:14:26 +0200] "GET /images/footer_divider.gif HTTP/1.1" 304 - "http://renault.activities.at/10201442?dir=DESC&mode=grid&order=name&limit=15&page=5" "Mozilla/5.0 (Windows NT 10.0; WOW64; Trident/7.0; rv:11.0) like Gecko"
195.192.14.249 - - [13/Oct/2020:10:14:26 +0200] "GET /images/top_links_divider.gif HTTP/1.1" 304 - "http://renault.activities.at/10201442?dir=DESC&mode=grid&order=name&limit=15&page=5" "Mozilla/5.0 (Windows NT 10.0; WOW64; Trident/7.0; rv:11.0) like Gecko"
195.192.14.249 - - [13/Oct/2020:10:14:26 +0200] "GET /loadthumbnail.php?id=12273155&width=113 HTTP/1.1" 200 1895 "http://renault.activities.at/10201442?dir=DESC&mode=grid&order=name&limit=15&page=5" "Mozilla/5.0 (Windows NT 10.0; WOW64; Trident/7.0; rv:11.0) like Gecko"
195.192.14.249 - - [13/Oct/2020:10:14:26 +0200] "GET /loadthumbnail.php?id=12273142&width=113 HTTP/1.1" 200 1895 "http://renault.activities.at/10201442?dir=DESC&mode=grid&order=name&limit=15&page=5" "Mozilla/5.0 (Windows NT 10.0; WOW64; Trident/7.0; rv:11.0) like Gecko"
195.192.14.249 - - [13/Oct/2020:10:14:26 +0200] "GET /loadthumbnail.php?id=11181180&width=113 HTTP/1.1" 200 1834 "http://renault.activities.at/10201442?dir=DESC&mode=grid&order=name&limit=15&page=5" "Mozilla/5.0 (Windows NT 10.0; WOW64; Trident/7.0; rv:11.0) like Gecko"
195.192.14.249 - - [13/Oct/2020:10:14:26 +0200] "GET /loadthumbnail.php?id=12273156&width=113 HTTP/1.1" 200 1895 "http://renault.activities.at/10201442?dir=DESC&mode=grid&order=name&limit=15&page=5" "Mozilla/5.0 (Windows NT 10.0; WOW64; Trident/7.0; rv:11.0) like Gecko"
195.192.14.249 - - [13/Oct/2020:10:14:26 +0200] "GET /loadthumbnail.php?id=11181185&width=113 HTTP/1.1" 200 1532 "http://renault.activities.at/10201442?dir=DESC&mode=grid&order=name&limit=15&page=5" "Mozilla/5.0 (Windows NT 10.0; WOW64; Trident/7.0; rv:11.0) like Gecko"
195.192.14.249 - - [13/Oct/2020:10:14:26 +0200] "GET /loadthumbnail.php?id=11181187&width=113 HTTP/1.1" 200 1532 "http://renault.activities.at/10201442?dir=DESC&mode=grid&order=name&limit=15&page=5" "Mozilla/5.0 (Windows NT 10.0; WOW64; Trident/7.0; rv:11.0) like Gecko"
157.97.71.85 - - [13/Oct/2020:10:14:25 +0200] "GET /reload?ser=1602576865756 HTTP/1.1" 200 28 "http://renault.activities.at/result?searchterm=true&search=POS2056" "Mozilla/5.0 (Windows NT 10.0; Win64; x64) AppleWebKit/537.36 (KHTML, like Gecko) Chrome/86.0.4240.75 Safari/537.36"
195.192.14.249 - - [13/Oct/2020:10:14:26 +0200] "GET /loadthumbnail.php?id=11181178&width=113 HTTP/1.1" 200 1834 "http://renault.activities.at/10201442?dir=DESC&mode=grid&order=name&limit=15&page=5" "Mozilla/5.0 (Windows NT 10.0; WOW64; Trident/7.0; rv:11.0) like Gecko"
195.192.14.249 - - [13/Oct/2020:10:14:26 +0200] "GET /loadthumbnail.php?id=11186502&width=113 HTTP/1.1" 200 2016 "http://renault.activities.at/10201442?dir=DESC&mode=grid&order=name&limit=15&page=5" "Mozilla/5.0 (Windows NT 10.0; WOW64; Trident/7.0; rv:11.0) like Gecko"
138.21.12.21 - - [13/Oct/2020:10:14:26 +0200] "GET /reload?ser=1602576866059 HTTP/1.1" 200 28 "http://renault.2web.at/account" "Mozilla/5.0 (Windows NT 10.0; Win64; x64) AppleWebKit/537.36 (KHTML, like Gecko) Chrome/86.0.4240.75 Safari/537.36"
185.22.23.252 - - [13/Oct/2020:10:14:32 +0200] "GET /reload?ser=1602576872439 HTTP/1.1" 200 28 "http://renault.activities.at/" "Mozilla/5.0 (Windows NT 6.3; WOW64; Trident/7.0; rv:11.0) like Gecko"
80.120.210.179 - - [13/Oct/2020:10:14:45 +0200] "GET /reload?ser=1602576886068 HTTP/1.1" 200 28 "http://renault.activities.at/result?searchterm=true&search=POS2056" "Mozilla/5.0 (Windows NT 10.0; Win64; x64) AppleWebKit/537.36 (KHTML, like Gecko) Chrome/85.0.4183.121 Safari/537.36"
217.13.176.185 - - [13/Oct/2020:10:14:53 +0200] "GET /reload?ser=1602576999191 HTTP/1.1" 200 28 "http://renault.activities.at/result?searchterm=true&search=spann" "Mozilla/5.0 (Windows NT 6.1; rv:81.0) Gecko/20100101 Firefox/81.0"
80.122.53.106 - - [13/Oct/2020:10:15:03 +0200] "GET /reload?ser=1602576901726 HTTP/1.1" 200 28 "http://renault.activities.at/result?searchterm=true&search=maske" "Mozilla/5.0 (Windows NT 10.0; Win64; x64) AppleWebKit/537.36 (KHTML, like Gecko) Chrome/86.0.4240.75 Safari/537.36"
212.152.229.244 - - [13/Oct/2020:10:15:04 +0200] "GET /reload?ser=1602576903940 HTTP/1.1" 200 28 "http://renault.activities.at/12306211" "Mozilla/5.0 (Windows NT 10.0; Win64; x64) AppleWebKit/537.36 (KHTML, like Gecko) Chrome/85.0.4183.121 Safari/537.36"
213.90.25.78 - - [13/Oct/2020:10:15:05 +0200] "GET /reload?ser=1602576905012 HTTP/1.1" 200 28 "http://renault.activities.at/result?searchterm=true&search=give+away" "Mozilla/5.0 (Windows NT 10.0; WOW64; Trident/7.0; rv:11.0) like Gecko"
88.116.10.164 - - [13/Oct/2020:10:15:10 +0200] "GET /reload?ser=1602576910058 HTTP/1.1" 200 28 "http://renault.activities.at/" "Mozilla/5.0 (Windows NT 10.0; WOW64; Trident/7.0; rv:11.0) like Gecko"
212.152.158.195 - - [13/Oct/2020:10:15:14 +0200] "GET /reload?ser=1602576914206 HTTP/1.1" 200 28 "http://renault.activities.at/result?dir=DESC&mode=grid&order=name&limit=15&page=2&search=ZE" "Mozilla/5.0 (Windows NT 10.0; Win64; x64) AppleWebKit/537.36 (KHTML, like Gecko) Chrome/85.0.4183.121 Safari/537.36"
212.152.246.130 - - [13/Oct/2020:10:15:16 +0200] "GET /reload?ser=1602576916648 HTTP/1.1" 200 28 "http://renault.activities.at/login" "Mozilla/5.0 (Windows NT 10.0; Win64; x64) AppleWebKit/537.36 (KHTML, like Gecko) Chrome/85.0.4183.121 Safari/537.36 Edg/85.0.564.63"
217.13.176.185 - - [13/Oct/2020:10:15:24 +0200] "GET /reload?ser=1602576924216 HTTP/1.1" 200 28 "http://renault.activities.at/aboutus" "Mozilla/5.0 (Windows NT 6.1; Trident/7.0; rv:11.0) like Gecko"
195.192.14.249 - - [13/Oct/2020:10:15:26 +0200] "GET /reload?ser=1602576926108 HTTP/1.1" 200 28 "http://renault.activities.at/10201442?dir=DESC&mode=grid&order=name&limit=15&page=5" "Mozilla/5.0 (Windows NT 10.0; WOW64; Trident/7.0; rv:11.0) like Gecko"
157.97.71.85 - - [13/Oct/2020:10:15:27 +0200] "GET /reload?ser=1602576927758 HTTP/1.1" 200 28 "http://renault.activities.at/result?searchterm=true&search=POS2056" "Mozilla/5.0 (Windows NT 10.0; Win64; x64) AppleWebKit/537.36 (KHTML, like Gecko) Chrome/86.0.4240.75 Safari/537.36"
138.21.12.21 - - [13/Oct/2020:10:15:28 +0200] "GET /reload?ser=1602576928062 HTTP/1.1" 200 28 "http://renault.2web.at/account" "Mozilla/5.0 (Windows NT 10.0; Win64; x64) AppleWebKit/537.36 (KHTML, like Gecko) Chrome/86.0.4240.75 Safari/537.36"
185.22.23.252 - - [13/Oct/2020:10:15:33 +0200] "GET /reload?ser=1602576933067 HTTP/1.1" 200 28 "http://renault.activities.at/" "Mozilla/5.0 (Windows NT 6.3; WOW64; Trident/7.0; rv:11.0) like Gecko"
80.120.210.179 - - [13/Oct/2020:10:15:46 +0200] "GET /reload?ser=1602576947067 HTTP/1.1" 200 28 "http://renault.activities.at/result?searchterm=true&search=POS2056" "Mozilla/5.0 (Windows NT 10.0; Win64; x64) AppleWebKit/537.36 (KHTML, like Gecko) Chrome/85.0.4183.121 Safari/537.36"
217.13.176.185 - - [13/Oct/2020:10:15:54 +0200] "GET /reload?ser=1602577060186 HTTP/1.1" 200 28 "http://renault.activities.at/result?searchterm=true&search=spann" "Mozilla/5.0 (Windows NT 6.1; rv:81.0) Gecko/20100101 Firefox/81.0"
80.122.53.106 - - [13/Oct/2020:10:16:04 +0200] "GET /reload?ser=1602576962726 HTTP/1.1" 200 28 "http://renault.activities.at/result?searchterm=true&search=maske" "Mozilla/5.0 (Windows NT 10.0; Win64; x64) AppleWebKit/537.36 (KHTML, like Gecko) Chrome/86.0.4240.75 Safari/537.36"
212.152.229.244 - - [13/Oct/2020:10:16:05 +0200] "GET /reload?ser=1602576964941 HTTP/1.1" 200 28 "http://renault.activities.at/12306211" "Mozilla/5.0 (Windows NT 10.0; Win64; x64) AppleWebKit/537.36 (KHTML, like Gecko) Chrome/85.0.4183.121 Safari/537.36"
213.90.25.78 - - [13/Oct/2020:10:16:06 +0200] "GET /reload?ser=1602576965964 HTTP/1.1" 200 28 "http://renault.activities.at/result?searchterm=true&search=give+away" "Mozilla/5.0 (Windows NT 10.0; WOW64; Trident/7.0; rv:11.0) like Gecko"
88.116.10.164 - - [13/Oct/2020:10:16:10 +0200] "GET /reload?ser=1602576970725 HTTP/1.1" 200 28 "http://renault.activities.at/" "Mozilla/5.0 (Windows NT 10.0; WOW64; Trident/7.0; rv:11.0) like Gecko"
212.152.158.195 - - [13/Oct/2020:10:16:16 +0200] "GET /reload?ser=1602576976206 HTTP/1.1" 200 28 "http://renault.activities.at/result?dir=DESC&mode=grid&order=name&limit=15&page=2&search=ZE" "Mozilla/5.0 (Windows NT 10.0; Win64; x64) AppleWebKit/537.36 (KHTML, like Gecko) Chrome/85.0.4183.121 Safari/537.36"
212.152.246.130 - - [13/Oct/2020:10:16:17 +0200] "GET /reload?ser=1602576977649 HTTP/1.1" 200 28 "http://renault.activities.at/login" "Mozilla/5.0 (Windows NT 10.0; Win64; x64) AppleWebKit/537.36 (KHTML, like Gecko) Chrome/85.0.4183.121 Safari/537.36 Edg/85.0.564.63"
217.13.176.185 - - [13/Oct/2020:10:16:25 +0200] "GET /reload?ser=1602576985319 HTTP/1.1" 200 28 "http://renault.activities.at/aboutus" "Mozilla/5.0 (Windows NT 6.1; Trident/7.0; rv:11.0) like Gecko"
195.192.14.249 - - [13/Oct/2020:10:16:27 +0200] "GET /reload?ser=1602576987063 HTTP/1.1" 200 28 "http://renault.activities.at/10201442?dir=DESC&mode=grid&order=name&limit=15&page=5" "Mozilla/5.0 (Windows NT 10.0; WOW64; Trident/7.0; rv:11.0) like Gecko"
157.97.71.85 - - [13/Oct/2020:10:16:28 +0200] "GET /reload?ser=1602576988760 HTTP/1.1" 200 28 "http://renault.activities.at/result?searchterm=true&search=POS2056" "Mozilla/5.0 (Windows NT 10.0; Win64; x64) AppleWebKit/537.36 (KHTML, like Gecko) Chrome/86.0.4240.75 Safari/537.36"
138.21.12.21 - - [13/Oct/2020:10:16:30 +0200] "GET /reload?ser=1602576990059 HTTP/1.1" 200 28 "http://renault.2web.at/account" "Mozilla/5.0 (Windows NT 10.0; Win64; x64) AppleWebKit/537.36 (KHTML, like Gecko) Chrome/86.0.4240.75 Safari/537.36"
185.22.23.252 - - [13/Oct/2020:10:16:33 +0200] "GET /reload?ser=1602576993681 HTTP/1.1" 200 28 "http://renault.activities.at/" "Mozilla/5.0 (Windows NT 6.3; WOW64; Trident/7.0; rv:11.0) like Gecko"
80.120.210.179 - - [13/Oct/2020:10:16:47 +0200] "GET /reload?ser=1602577008068 HTTP/1.1" 200 28 "http://renault.activities.at/result?searchterm=true&search=POS2056" "Mozilla/5.0 (Windows NT 10.0; Win64; x64) AppleWebKit/537.36 (KHTML, like Gecko) Chrome/85.0.4183.121 Safari/537.36"
213.90.25.78 - - [13/Oct/2020:10:16:51 +0200] "GET /logout HTTP/1.1" 302 140 "http://renault.activities.at/result?searchterm=true&search=give+away" "Mozilla/5.0 (Windows NT 10.0; WOW64; Trident/7.0; rv:11.0) like Gecko"
213.90.25.78 - - [13/Oct/2020:10:16:52 +0200] "GET /logout HTTP/1.1" 200 1583 "http://renault.activities.at/result?searchterm=true&search=give+away" "Mozilla/5.0 (Windows NT 10.0; WOW64; Trident/7.0; rv:11.0) like Gecko"
217.13.176.185 - - [13/Oct/2020:10:16:55 +0200] "GET /reload?ser=1602577121167 HTTP/1.1" 200 28 "http://renault.activities.at/result?searchterm=true&search=spann" "Mozilla/5.0 (Windows NT 6.1; rv:81.0) Gecko/20100101 Firefox/81.0"
80.122.53.106 - - [13/Oct/2020:10:17:05 +0200] "GET /reload?ser=1602577023718 HTTP/1.1" 200 28 "http://renault.activities.at/result?searchterm=true&search=maske" "Mozilla/5.0 (Windows NT 10.0; Win64; x64) AppleWebKit/537.36 (KHTML, like Gecko) Chrome/86.0.4240.75 Safari/537.36"
212.152.229.244 - - [13/Oct/2020:10:17:06 +0200] "GET /reload?ser=1602577025937 HTTP/1.1" 200 28 "http://renault.activities.at/12306211" "Mozilla/5.0 (Windows NT 10.0; Win64; x64) AppleWebKit/537.36 (KHTML, like Gecko) Chrome/85.0.4183.121 Safari/537.36"
88.116.10.164 - - [13/Oct/2020:10:17:11 +0200] "GET /reload?ser=1602577031392 HTTP/1.1" 200 28 "http://renault.activities.at/" "Mozilla/5.0 (Windows NT 10.0; WOW64; Trident/7.0; rv:11.0) like Gecko"
212.152.246.130 - - [13/Oct/2020:10:17:18 +0200] "GET /reload?ser=1602577038644 HTTP/1.1" 200 28 "http://renault.activities.at/login" "Mozilla/5.0 (Windows NT 10.0; Win64; x64) AppleWebKit/537.36 (KHTML, like Gecko) Chrome/85.0.4183.121 Safari/537.36 Edg/85.0.564.63"
212.152.158.195 - - [13/Oct/2020:10:17:18 +0200] "GET /reload?ser=1602577038206 HTTP/1.1" 200 28 "http://renault.activities.at/result?dir=DESC&mode=grid&order=name&limit=15&page=2&search=ZE" "Mozilla/5.0 (Windows NT 10.0; Win64; x64) AppleWebKit/537.36 (KHTML, like Gecko) Chrome/85.0.4183.121 Safari/537.36"
217.13.176.185 - - [13/Oct/2020:10:17:26 +0200] "GET /reload?ser=1602577046473 HTTP/1.1" 200 28 "http://renault.activities.at/aboutus" "Mozilla/5.0 (Windows NT 6.1; Trident/7.0; rv:11.0) like Gecko"
195.192.14.249 - - [13/Oct/2020:10:17:28 +0200] "GET /reload?ser=1602577048030 HTTP/1.1" 200 28 "http://renault.activities.at/10201442?dir=DESC&mode=grid&order=name&limit=15&page=5" "Mozilla/5.0 (Windows NT 10.0; WOW64; Trident/7.0; rv:11.0) like Gecko"
157.97.71.85 - - [13/Oct/2020:10:17:29 +0200] "GET /reload?ser=1602577049761 HTTP/1.1" 200 28 "http://renault.activities.at/result?searchterm=true&search=POS2056" "Mozilla/5.0 (Windows NT 10.0; Win64; x64) AppleWebKit/537.36 (KHTML, like Gecko) Chrome/86.0.4240.75 Safari/537.36"
138.21.12.21 - - [13/Oct/2020:10:17:32 +0200] "GET /reload?ser=1602577052059 HTTP/1.1" 200 28 "http://renault.2web.at/account" "Mozilla/5.0 (Windows NT 10.0; Win64; x64) AppleWebKit/537.36 (KHTML, like Gecko) Chrome/86.0.4240.75 Safari/537.36"
185.22.23.252 - - [13/Oct/2020:10:17:34 +0200] "GET /reload?ser=1602577054295 HTTP/1.1" 200 28 "http://renault.activities.at/" "Mozilla/5.0 (Windows NT 6.3; WOW64; Trident/7.0; rv:11.0) like Gecko"
80.120.210.179 - - [13/Oct/2020:10:17:48 +0200] "GET /reload?ser=1602577069068 HTTP/1.1" 200 28 "http://renault.activities.at/result?searchterm=true&search=POS2056" "Mozilla/5.0 (Windows NT 10.0; Win64; x64) AppleWebKit/537.36 (KHTML, like Gecko) Chrome/85.0.4183.121 Safari/537.36"
217.13.176.185 - - [13/Oct/2020:10:17:56 +0200] "GET /reload?ser=1602577182130 HTTP/1.1" 200 28 "http://renault.activities.at/result?searchterm=true&search=spann" "Mozilla/5.0 (Windows NT 6.1; rv:81.0) Gecko/20100101 Firefox/81.0"
80.122.53.106 - - [13/Oct/2020:10:18:06 +0200] "GET /reload?ser=1602577084704 HTTP/1.1" 200 28 "http://renault.activities.at/result?searchterm=true&search=maske" "Mozilla/5.0 (Windows NT 10.0; Win64; x64) AppleWebKit/537.36 (KHTML, like Gecko) Chrome/86.0.4240.75 Safari/537.36"
212.152.229.244 - - [13/Oct/2020:10:18:07 +0200] "GET /reload?ser=1602577086937 HTTP/1.1" 200 28 "http://renault.activities.at/12306211" "Mozilla/5.0 (Windows NT 10.0; Win64; x64) AppleWebKit/537.36 (KHTML, like Gecko) Chrome/85.0.4183.121 Safari/537.36"
88.116.10.164 - - [13/Oct/2020:10:18:12 +0200] "GET /reload?ser=1602577092074 HTTP/1.1" 200 28 "http://renault.activities.at/" "Mozilla/5.0 (Windows NT 10.0; WOW64; Trident/7.0; rv:11.0) like Gecko"
212.152.246.130 - - [13/Oct/2020:10:18:19 +0200] "GET /reload?ser=1602577099647 HTTP/1.1" 200 28 "http://renault.activities.at/login" "Mozilla/5.0 (Windows NT 10.0; Win64; x64) AppleWebKit/537.36 (KHTML, like Gecko) Chrome/85.0.4183.121 Safari/537.36 Edg/85.0.564.63"
212.152.158.195 - - [13/Oct/2020:10:18:19 +0200] "GET /reload?ser=1602577099206 HTTP/1.1" 200 28 "http://renault.activities.at/result?dir=DESC&mode=grid&order=name&limit=15&page=2&search=ZE" "Mozilla/5.0 (Windows NT 10.0; Win64; x64) AppleWebKit/537.36 (KHTML, like Gecko) Chrome/85.0.4183.121 Safari/537.36"
217.13.176.185 - - [13/Oct/2020:10:18:28 +0200] "GET /reload?ser=1602577107577 HTTP/1.1" 200 28 "http://renault.activities.at/aboutus" "Mozilla/5.0 (Windows NT 6.1; Trident/7.0; rv:11.0) like Gecko"
195.192.14.249 - - [13/Oct/2020:10:18:29 +0200] "GET /reload?ser=1602577109031 HTTP/1.1" 200 28 "http://renault.activities.at/10201442?dir=DESC&mode=grid&order=name&limit=15&page=5" "Mozilla/5.0 (Windows NT 10.0; WOW64; Trident/7.0; rv:11.0) like Gecko"
157.97.71.85 - - [13/Oct/2020:10:18:30 +0200] "GET /reload?ser=1602577110765 HTTP/1.1" 200 28 "http://renault.activities.at/result?searchterm=true&search=POS2056" "Mozilla/5.0 (Windows NT 10.0; Win64; x64) AppleWebKit/537.36 (KHTML, like Gecko) Chrome/86.0.4240.75 Safari/537.36"
138.21.12.21 - - [13/Oct/2020:10:18:34 +0200] "GET /reload?ser=1602577114060 HTTP/1.1" 200 28 "http://renault.2web.at/account" "Mozilla/5.0 (Windows NT 10.0; Win64; x64) AppleWebKit/537.36 (KHTML, like Gecko) Chrome/86.0.4240.75 Safari/537.36"
185.22.23.252 - - [13/Oct/2020:10:18:34 +0200] "GET /reload?ser=1602577114887 HTTP/1.1" 200 28 "http://renault.activities.at/" "Mozilla/5.0 (Windows NT 6.3; WOW64; Trident/7.0; rv:11.0) like Gecko"
80.120.210.179 - - [13/Oct/2020:10:18:49 +0200] "GET /reload?ser=1602577130068 HTTP/1.1" 200 28 "http://renault.activities.at/result?searchterm=true&search=POS2056" "Mozilla/5.0 (Windows NT 10.0; Win64; x64) AppleWebKit/537.36 (KHTML, like Gecko) Chrome/85.0.4183.121 Safari/537.36"
217.13.176.185 - - [13/Oct/2020:10:18:57 +0200] "GET /reload?ser=1602577243110 HTTP/1.1" 200 28 "http://renault.activities.at/result?searchterm=true&search=spann" "Mozilla/5.0 (Windows NT 6.1; rv:81.0) Gecko/20100101 Firefox/81.0"
80.122.53.106 - - [13/Oct/2020:10:19:07 +0200] "GET /reload?ser=1602577145695 HTTP/1.1" 200 28 "http://renault.activities.at/result?searchterm=true&search=maske" "Mozilla/5.0 (Windows NT 10.0; Win64; x64) AppleWebKit/537.36 (KHTML, like Gecko) Chrome/86.0.4240.75 Safari/537.36"
88.116.10.164 - - [13/Oct/2020:10:19:12 +0200] "GET /reload?ser=1602577152758 HTTP/1.1" 200 28 "http://renault.activities.at/" "Mozilla/5.0 (Windows NT 10.0; WOW64; Trident/7.0; rv:11.0) like Gecko"
212.152.246.130 - - [13/Oct/2020:10:19:20 +0200] "GET /reload?ser=1602577160652 HTTP/1.1" 200 28 "http://renault.activities.at/login" "Mozilla/5.0 (Windows NT 10.0; Win64; x64) AppleWebKit/537.36 (KHTML, like Gecko) Chrome/85.0.4183.121 Safari/537.36 Edg/85.0.564.63"
212.152.158.195 - - [13/Oct/2020:10:19:20 +0200] "GET /reload?ser=1602577160206 HTTP/1.1" 200 28 "http://renault.activities.at/result?dir=DESC&mode=grid&order=name&limit=15&page=2&search=ZE" "Mozilla/5.0 (Windows NT 10.0; Win64; x64) AppleWebKit/537.36 (KHTML, like Gecko) Chrome/85.0.4183.121 Safari/537.36"
217.13.176.185 - - [13/Oct/2020:10:19:29 +0200] "GET /reload?ser=1602577169103 HTTP/1.1" 200 28 "http://renault.activities.at/aboutus" "Mozilla/5.0 (Windows NT 6.1; Trident/7.0; rv:11.0) like Gecko"
195.192.14.249 - - [13/Oct/2020:10:19:30 +0200] "GET /reload?ser=1602577170011 HTTP/1.1" 200 28 "http://renault.activities.at/10201442?dir=DESC&mode=grid&order=name&limit=15&page=5" "Mozilla/5.0 (Windows NT 10.0; WOW64; Trident/7.0; rv:11.0) like Gecko"
157.97.71.85 - - [13/Oct/2020:10:19:33 +0200] "GET /reload?ser=1602577172757 HTTP/1.1" 200 28 "http://renault.activities.at/result?searchterm=true&search=POS2056" "Mozilla/5.0 (Windows NT 10.0; Win64; x64) AppleWebKit/537.36 (KHTML, like Gecko) Chrome/86.0.4240.75 Safari/537.36"
185.22.23.252 - - [13/Oct/2020:10:19:35 +0200] "GET /reload?ser=1602577175503 HTTP/1.1" 200 28 "http://renault.activities.at/" "Mozilla/5.0 (Windows NT 6.3; WOW64; Trident/7.0; rv:11.0) like Gecko"
138.21.12.21 - - [13/Oct/2020:10:19:36 +0200] "GET /reload?ser=1602577176059 HTTP/1.1" 200 28 "http://renault.2web.at/account" "Mozilla/5.0 (Windows NT 10.0; Win64; x64) AppleWebKit/537.36 (KHTML, like Gecko) Chrome/86.0.4240.75 Safari/537.36"
80.120.210.179 - - [13/Oct/2020:10:19:50 +0200] "GET /reload?ser=1602577191068 HTTP/1.1" 200 28 "http://renault.activities.at/result?searchterm=true&search=POS2056" "Mozilla/5.0 (Windows NT 10.0; Win64; x64) AppleWebKit/537.36 (KHTML, like Gecko) Chrome/85.0.4183.121 Safari/537.36"
217.13.176.185 - - [13/Oct/2020:10:19:58 +0200] "GET /reload?ser=1602577304074 HTTP/1.1" 200 28 "http://renault.activities.at/result?searchterm=true&search=spann" "Mozilla/5.0 (Windows NT 6.1; rv:81.0) Gecko/20100101 Firefox/81.0"
80.122.53.106 - - [13/Oct/2020:10:20:08 +0200] "GET /reload?ser=1602577206697 HTTP/1.1" 200 28 "http://renault.activities.at/result?searchterm=true&search=maske" "Mozilla/5.0 (Windows NT 10.0; Win64; x64) AppleWebKit/537.36 (KHTML, like Gecko) Chrome/86.0.4240.75 Safari/537.36"
88.116.10.164 - - [13/Oct/2020:10:20:13 +0200] "GET /reload?ser=1602577213423 HTTP/1.1" 200 28 "http://renault.activities.at/" "Mozilla/5.0 (Windows NT 10.0; WOW64; Trident/7.0; rv:11.0) like Gecko"
212.152.158.195 - - [13/Oct/2020:10:20:21 +0200] "GET /reload?ser=1602577221206 HTTP/1.1" 200 28 "http://renault.activities.at/result?dir=DESC&mode=grid&order=name&limit=15&page=2&search=ZE" "Mozilla/5.0 (Windows NT 10.0; Win64; x64) AppleWebKit/537.36 (KHTML, like Gecko) Chrome/85.0.4183.121 Safari/537.36"
18.234.188.130 - - [13/Oct/2020:10:20:23 +0200] "GET /reload?ser=1602577172757 HTTP/1.1" 200 10166 "-" "Mozilla/5.0 (Windows NT 6.1; Win64; x64) AppleWebKit/537.36 (KHTML, like Gecko) Chrome/72.0.3626.109 Safari/537.36"
212.152.246.130 - - [13/Oct/2020:10:20:24 +0200] "GET /reload?ser=1602577221647 HTTP/1.1" 200 28 "http://renault.activities.at/login" "Mozilla/5.0 (Windows NT 10.0; Win64; x64) AppleWebKit/537.36 (KHTML, like Gecko) Chrome/85.0.4183.121 Safari/537.36 Edg/85.0.564.63"
217.13.176.185 - - [13/Oct/2020:10:20:30 +0200] "GET /reload?ser=1602577230176 HTTP/1.1" 200 28 "http://renault.activities.at/aboutus" "Mozilla/5.0 (Windows NT 6.1; Trident/7.0; rv:11.0) like Gecko"
195.192.14.249 - - [13/Oct/2020:10:20:31 +0200] "GET /reload?ser=1602577230967 HTTP/1.1" 200 28 "http://renault.activities.at/10201442?dir=DESC&mode=grid&order=name&limit=15&page=5" "Mozilla/5.0 (Windows NT 10.0; WOW64; Trident/7.0; rv:11.0) like Gecko"
157.97.71.85 - - [13/Oct/2020:10:20:34 +0200] "GET /reload?ser=1602577234763 HTTP/1.1" 200 28 "http://renault.activities.at/result?searchterm=true&search=POS2056" "Mozilla/5.0 (Windows NT 10.0; Win64; x64) AppleWebKit/537.36 (KHTML, like Gecko) Chrome/86.0.4240.75 Safari/537.36"
185.22.23.252 - - [13/Oct/2020:10:20:36 +0200] "GET /reload?ser=1602577236127 HTTP/1.1" 200 28 "http://renault.activities.at/" "Mozilla/5.0 (Windows NT 6.3; WOW64; Trident/7.0; rv:11.0) like Gecko"
138.21.12.21 - - [13/Oct/2020:10:20:38 +0200] "GET /reload?ser=1602577238060 HTTP/1.1" 200 28 "http://renault.2web.at/account" "Mozilla/5.0 (Windows NT 10.0; Win64; x64) AppleWebKit/537.36 (KHTML, like Gecko) Chrome/86.0.4240.75 Safari/537.36"
80.120.210.179 - - [13/Oct/2020:10:20:51 +0200] "GET /reload?ser=1602577252068 HTTP/1.1" 200 28 "http://renault.activities.at/result?searchterm=true&search=POS2056" "Mozilla/5.0 (Windows NT 10.0; Win64; x64) AppleWebKit/537.36 (KHTML, like Gecko) Chrome/85.0.4183.121 Safari/537.36"
217.13.176.185 - - [13/Oct/2020:10:20:59 +0200] "GET /reload?ser=1602577365100 HTTP/1.1" 200 28 "http://renault.activities.at/result?searchterm=true&search=spann" "Mozilla/5.0 (Windows NT 6.1; rv:81.0) Gecko/20100101 Firefox/81.0"
80.122.53.106 - - [13/Oct/2020:10:21:09 +0200] "GET /reload?ser=1602577267681 HTTP/1.1" 200 28 "http://renault.activities.at/result?searchterm=true&search=maske" "Mozilla/5.0 (Windows NT 10.0; Win64; x64) AppleWebKit/537.36 (KHTML, like Gecko) Chrome/86.0.4240.75 Safari/537.36"
88.116.10.164 - - [13/Oct/2020:10:21:14 +0200] "GET /reload?ser=1602577274105 HTTP/1.1" 200 28 "http://renault.activities.at/" "Mozilla/5.0 (Windows NT 10.0; WOW64; Trident/7.0; rv:11.0) like Gecko"
80.122.222.62 - - [13/Oct/2020:10:21:21 +0200] "GET / HTTP/1.1" 200 3273 "http://www.google.at/url?sa=t&rct=j&q=&esrc=s&source=web&cd=&ved=2ahUKEwjUhajLkbHsAhVOpYsKHSBFD5MQFjAAegQIChAD&url=http%3A%2F%2Frenault.activities.at%2F&usg=AOvVaw3f4IMOXk6tNg001mjujamn" "Mozilla/5.0 (Windows NT 10.0; WOW64; Trident/7.0; rv:11.0) like Gecko"
80.122.222.62 - - [13/Oct/2020:10:21:22 +0200] "GET /js/default.js HTTP/1.1" 200 14698 "http://renault.activities.at/" "Mozilla/5.0 (Windows NT 10.0; WOW64; Trident/7.0; rv:11.0) like Gecko"
80.122.222.62 - - [13/Oct/2020:10:21:22 +0200] "GET /js/flashdetection.js HTTP/1.1" 200 1059 "http://renault.activities.at/" "Mozilla/5.0 (Windows NT 10.0; WOW64; Trident/7.0; rv:11.0) like Gecko"
80.122.222.62 - - [13/Oct/2020:10:21:22 +0200] "GET /css/reset.css HTTP/1.1" 200 1356 "http://renault.activities.at/" "Mozilla/5.0 (Windows NT 10.0; WOW64; Trident/7.0; rv:11.0) like Gecko"
80.122.222.62 - - [13/Oct/2020:10:21:22 +0200] "GET /css/styles.css HTTP/1.1" 200 14664 "http://renault.activities.at/" "Mozilla/5.0 (Windows NT 10.0; WOW64; Trident/7.0; rv:11.0) like Gecko"
80.122.222.62 - - [13/Oct/2020:10:21:22 +0200] "GET /css/clears.css HTTP/1.1" 200 851 "http://renault.activities.at/" "Mozilla/5.0 (Windows NT 10.0; WOW64; Trident/7.0; rv:11.0) like Gecko"
80.122.222.62 - - [13/Oct/2020:10:21:22 +0200] "GET /js/checkout.css HTTP/1.1" 200 359 "http://renault.activities.at/" "Mozilla/5.0 (Windows NT 10.0; WOW64; Trident/7.0; rv:11.0) like Gecko"
80.122.222.62 - - [13/Oct/2020:10:21:22 +0200] "GET /css/themes/default.css HTTP/1.1" 200 769 "http://renault.activities.at/" "Mozilla/5.0 (Windows NT 10.0; WOW64; Trident/7.0; rv:11.0) like Gecko"
80.122.222.62 - - [13/Oct/2020:10:21:22 +0200] "GET /css/print.css HTTP/1.1" 200 543 "http://renault.activities.at/" "Mozilla/5.0 (Windows NT 10.0; WOW64; Trident/7.0; rv:11.0) like Gecko"
80.122.222.62 - - [13/Oct/2020:10:21:22 +0200] "GET /css/prototip.css HTTP/1.1" 200 968 "http://renault.activities.at/" "Mozilla/5.0 (Windows NT 10.0; WOW64; Trident/7.0; rv:11.0) like Gecko"
80.122.222.62 - - [13/Oct/2020:10:21:22 +0200] "GET /css/themes/alphacube.css HTTP/1.1" 200 743 "http://renault.activities.at/" "Mozilla/5.0 (Windows NT 10.0; WOW64; Trident/7.0; rv:11.0) like Gecko"
80.122.222.62 - - [13/Oct/2020:10:21:22 +0200] "GET /js/index.php?c=auto&f=,prototype/prototype.js,prototype/validation.js,scriptaculous/builder.js,scriptaculous/effects.js,scriptaculous/dragdrop.js,scriptaculous/controls.js,scriptaculous/slider.js,varien/js.js,varien/form.js,varien/menu.js,mage/translate.js,mage/cookies.js,varien/product.js,spinner/SpinnerControl.jsmin.js,prototype/window.js,prototype/window_ext.js HTTP/1.1" 200 94182 "http://renault.activities.at/" "Mozilla/5.0 (Windows NT 10.0; WOW64; Trident/7.0; rv:11.0) like Gecko"
80.122.222.62 - - [13/Oct/2020:10:21:22 +0200] "GET /images/main_block_border.gif HTTP/1.1" 200 43 "http://renault.activities.at/" "Mozilla/5.0 (Windows NT 10.0; WOW64; Trident/7.0; rv:11.0) like Gecko"
80.122.222.62 - - [13/Oct/2020:10:21:22 +0200] "GET /images/main_block_corner_right_bot.gif HTTP/1.1" 200 158 "http://renault.activities.at/" "Mozilla/5.0 (Windows NT 10.0; WOW64; Trident/7.0; rv:11.0) like Gecko"
80.122.222.62 - - [13/Oct/2020:10:21:22 +0200] "GET /images/header_block_border.gif HTTP/1.1" 200 43 "http://renault.activities.at/" "Mozilla/5.0 (Windows NT 10.0; WOW64; Trident/7.0; rv:11.0) like Gecko"
80.122.222.62 - - [13/Oct/2020:10:21:22 +0200] "GET /images/header_block_corner_left_top.gif HTTP/1.1" 200 160 "http://renault.activities.at/" "Mozilla/5.0 (Windows NT 10.0; WOW64; Trident/7.0; rv:11.0) like Gecko"
80.122.222.62 - - [13/Oct/2020:10:21:22 +0200] "GET /images/main_block_corner_left_bot.gif HTTP/1.1" 200 159 "http://renault.activities.at/" "Mozilla/5.0 (Windows NT 10.0; WOW64; Trident/7.0; rv:11.0) like Gecko"
