91.112.65.210 - - [16/Oct/2020:10:10:52 +0200] "GET /loadthumbnail.php?id=11228566&width=113 HTTP/1.1" 200 4033 "http://renault.activities.at/10201637?dir=DESC&mode=grid&order=name&limit=50&page=4" "Mozilla/5.0 (Windows NT 10.0; WOW64; Trident/7.0; rv:11.0) like Gecko"
91.112.65.210 - - [16/Oct/2020:10:10:52 +0200] "GET /loadthumbnail.php?id=12040647&width=113 HTTP/1.1" 200 3124 "http://renault.activities.at/10201637?dir=DESC&mode=grid&order=name&limit=50&page=4" "Mozilla/5.0 (Windows NT 10.0; WOW64; Trident/7.0; rv:11.0) like Gecko"
91.112.65.210 - - [16/Oct/2020:10:10:52 +0200] "GET /loadthumbnail.php?id=12022094&width=113 HTTP/1.1" 200 3553 "http://renault.activities.at/10201637?dir=DESC&mode=grid&order=name&limit=50&page=4" "Mozilla/5.0 (Windows NT 10.0; WOW64; Trident/7.0; rv:11.0) like Gecko"
91.112.65.210 - - [16/Oct/2020:10:10:52 +0200] "GET /loadthumbnail.php?id=12176987&width=113 HTTP/1.1" 200 3020 "http://renault.activities.at/10201637?dir=DESC&mode=grid&order=name&limit=50&page=4" "Mozilla/5.0 (Windows NT 10.0; WOW64; Trident/7.0; rv:11.0) like Gecko"
91.112.65.210 - - [16/Oct/2020:10:10:52 +0200] "GET /loadthumbnail.php?id=12208774&width=113 HTTP/1.1" 200 3084 "http://renault.activities.at/10201637?dir=DESC&mode=grid&order=name&limit=50&page=4" "Mozilla/5.0 (Windows NT 10.0; WOW64; Trident/7.0; rv:11.0) like Gecko"
91.112.65.210 - - [16/Oct/2020:10:10:52 +0200] "GET /loadthumbnail.php?id=12239245&width=113 HTTP/1.1" 200 3605 "http://renault.activities.at/10201637?dir=DESC&mode=grid&order=name&limit=50&page=4" "Mozilla/5.0 (Windows NT 10.0; WOW64; Trident/7.0; rv:11.0) like Gecko"
91.112.65.210 - - [16/Oct/2020:10:10:52 +0200] "GET /loadthumbnail.php?id=12176991&width=113 HTTP/1.1" 200 3227 "http://renault.activities.at/10201637?dir=DESC&mode=grid&order=name&limit=50&page=4" "Mozilla/5.0 (Windows NT 10.0; WOW64; Trident/7.0; rv:11.0) like Gecko"
193.194.132.29 - - [16/Oct/2020:10:10:52 +0200] "GET /reload?ser=1602835852405 HTTP/1.1" 200 28 "http://renault.activities.at/login?required=true" "Mozilla/5.0 (Windows NT 10.0; Win64; x64) AppleWebKit/537.36 (KHTML, like Gecko) Chrome/64.0.3282.140 Safari/537.36 Edge/17.17134"
91.112.65.210 - - [16/Oct/2020:10:10:53 +0200] "GET /loadthumbnail.php?id=12176983&width=113 HTTP/1.1" 200 2917 "http://renault.activities.at/10201637?dir=DESC&mode=grid&order=name&limit=50&page=4" "Mozilla/5.0 (Windows NT 10.0; WOW64; Trident/7.0; rv:11.0) like Gecko"
91.112.65.210 - - [16/Oct/2020:10:10:53 +0200] "GET /loadthumbnail.php?id=12176979&width=113 HTTP/1.1" 200 2612 "http://renault.activities.at/10201637?dir=DESC&mode=grid&order=name&limit=50&page=4" "Mozilla/5.0 (Windows NT 10.0; WOW64; Trident/7.0; rv:11.0) like Gecko"
91.112.65.210 - - [16/Oct/2020:10:10:53 +0200] "GET /loadthumbnail.php?id=11967700&width=113 HTTP/1.1" 200 3470 "http://renault.activities.at/10201637?dir=DESC&mode=grid&order=name&limit=50&page=4" "Mozilla/5.0 (Windows NT 10.0; WOW64; Trident/7.0; rv:11.0) like Gecko"
91.112.65.210 - - [16/Oct/2020:10:10:53 +0200] "GET /loadthumbnail.php?id=12237266&width=113 HTTP/1.1" 200 3139 "http://renault.activities.at/10201637?dir=DESC&mode=grid&order=name&limit=50&page=4" "Mozilla/5.0 (Windows NT 10.0; WOW64; Trident/7.0; rv:11.0) like Gecko"
91.112.65.210 - - [16/Oct/2020:10:10:53 +0200] "GET /loadthumbnail.php?id=12033055&width=113 HTTP/1.1" 200 3147 "http://renault.activities.at/10201637?dir=DESC&mode=grid&order=name&limit=50&page=4" "Mozilla/5.0 (Windows NT 10.0; WOW64; Trident/7.0; rv:11.0) like Gecko"
91.112.65.210 - - [16/Oct/2020:10:10:53 +0200] "GET /loadthumbnail.php?id=12266125&width=113 HTTP/1.1" 200 2955 "http://renault.activities.at/10201637?dir=DESC&mode=grid&order=name&limit=50&page=4" "Mozilla/5.0 (Windows NT 10.0; WOW64; Trident/7.0; rv:11.0) like Gecko"
91.112.65.210 - - [16/Oct/2020:10:10:53 +0200] "GET /loadthumbnail.php?id=11798477&width=113 HTTP/1.1" 200 3326 "http://renault.activities.at/10201637?dir=DESC&mode=grid&order=name&limit=50&page=4" "Mozilla/5.0 (Windows NT 10.0; WOW64; Trident/7.0; rv:11.0) like Gecko"
91.112.65.210 - - [16/Oct/2020:10:10:53 +0200] "GET /loadthumbnail.php?id=12234958&width=113 HTTP/1.1" 200 2519 "http://renault.activities.at/10201637?dir=DESC&mode=grid&order=name&limit=50&page=4" "Mozilla/5.0 (Windows NT 10.0; WOW64; Trident/7.0; rv:11.0) like Gecko"
91.112.65.210 - - [16/Oct/2020:10:10:53 +0200] "GET /loadthumbnail.php?id=12237270&width=113 HTTP/1.1" 200 2874 "http://renault.activities.at/10201637?dir=DESC&mode=grid&order=name&limit=50&page=4" "Mozilla/5.0 (Windows NT 10.0; WOW64; Trident/7.0; rv:11.0) like Gecko"
91.112.65.210 - - [16/Oct/2020:10:10:53 +0200] "GET /loadthumbnail.php?id=11895725&width=113 HTTP/1.1" 200 2960 "http://renault.activities.at/10201637?dir=DESC&mode=grid&order=name&limit=50&page=4" "Mozilla/5.0 (Windows NT 10.0; WOW64; Trident/7.0; rv:11.0) like Gecko"
91.112.65.210 - - [16/Oct/2020:10:10:53 +0200] "GET /loadthumbnail.php?id=12237274&width=113 HTTP/1.1" 200 2703 "http://renault.activities.at/10201637?dir=DESC&mode=grid&order=name&limit=50&page=4" "Mozilla/5.0 (Windows NT 10.0; WOW64; Trident/7.0; rv:11.0) like Gecko"
91.112.65.210 - - [16/Oct/2020:10:10:53 +0200] "GET /loadthumbnail.php?id=12234960&width=113 HTTP/1.1" 200 3148 "http://renault.activities.at/10201637?dir=DESC&mode=grid&order=name&limit=50&page=4" "Mozilla/5.0 (Windows NT 10.0; WOW64; Trident/7.0; rv:11.0) like Gecko"
193.194.132.27 - - [16/Oct/2020:10:10:52 +0200] "GET /reload?ser=1602835852575 HTTP/1.1" 200 28 "http://renault.2web.at/account" "Mozilla/5.0 (Windows NT 10.0; Win64; x64) AppleWebKit/537.36 (KHTML, like Gecko) Chrome/86.0.4240.75 Safari/537.36"
91.112.65.210 - - [16/Oct/2020:10:10:53 +0200] "GET /loadthumbnail.php?id=12240443&width=113 HTTP/1.1" 200 3360 "http://renault.activities.at/10201637?dir=DESC&mode=grid&order=name&limit=50&page=4" "Mozilla/5.0 (Windows NT 10.0; WOW64; Trident/7.0; rv:11.0) like Gecko"
91.112.65.210 - - [16/Oct/2020:10:10:53 +0200] "GET /loadthumbnail.php?id=10562347&width=113 HTTP/1.1" 200 4993 "http://renault.activities.at/10201637?dir=DESC&mode=grid&order=name&limit=50&page=4" "Mozilla/5.0 (Windows NT 10.0; WOW64; Trident/7.0; rv:11.0) like Gecko"
91.112.65.210 - - [16/Oct/2020:10:10:53 +0200] "GET /loadthumbnail.php?id=10562346&width=113 HTTP/1.1" 200 5314 "http://renault.activities.at/10201637?dir=DESC&mode=grid&order=name&limit=50&page=4" "Mozilla/5.0 (Windows NT 10.0; WOW64; Trident/7.0; rv:11.0) like Gecko"
91.112.65.210 - - [16/Oct/2020:10:10:53 +0200] "GET /loadthumbnail.php?id=11304858&width=113 HTTP/1.1" 200 1289 "http://renault.activities.at/10201637?dir=DESC&mode=grid&order=name&limit=50&page=4" "Mozilla/5.0 (Windows NT 10.0; WOW64; Trident/7.0; rv:11.0) like Gecko"
193.194.132.29 - - [16/Oct/2020:10:10:53 +0200] "GET /reload?ser=1602835853800 HTTP/1.1" 200 28 "http://renault.activities.at/login?required=true" "Mozilla/5.0 (Windows NT 10.0; Win64; x64) AppleWebKit/537.36 (KHTML, like Gecko) Chrome/64.0.3282.140 Safari/537.36 Edge/17.17134"
212.152.246.131 - - [16/Oct/2020:10:10:58 +0200] "GET /reload?ser=1602836047866 HTTP/1.1" 200 28 "http://renault.activities.at/" "Mozilla/5.0 (Windows NT 10.0; Win64; x64) AppleWebKit/537.36 (KHTML, like Gecko) Chrome/86.0.4240.75 Safari/537.36"
212.152.158.195 - - [16/Oct/2020:10:10:58 +0200] "GET /reload?ser=1602835858439 HTTP/1.1" 200 28 "http://renault.activities.at/success" "Mozilla/5.0 (Windows NT 10.0; Win64; x64) AppleWebKit/537.36 (KHTML, like Gecko) Chrome/86.0.4240.75 Safari/537.36"
80.120.210.179 - - [16/Oct/2020:10:11:24 +0200] "GET /reload?ser=1602835884311 HTTP/1.1" 200 28 "http://renault.activities.at/result?searchterm=true&search=Schlauchschal" "Mozilla/5.0 (Windows NT 10.0; WOW64; Trident/7.0; rv:11.0) like Gecko"
80.122.46.22 - - [16/Oct/2020:10:11:28 +0200] "GET /reload?ser=1602835888948 HTTP/1.1" 200 28 "http://renault.activities.at/12306211" "Mozilla/5.0 (Windows NT 10.0; Win64; x64) AppleWebKit/537.36 (KHTML, like Gecko) Chrome/86.0.4240.75 Safari/537.36"
193.194.132.29 - - [16/Oct/2020:10:11:53 +0200] "GET /reload?ser=1602835913379 HTTP/1.1" 200 28 "http://renault.activities.at/login?required=true" "Mozilla/5.0 (Windows NT 10.0; Win64; x64) AppleWebKit/537.36 (KHTML, like Gecko) Chrome/64.0.3282.140 Safari/537.36 Edge/17.17134"
80.120.210.179 - - [16/Oct/2020:10:11:53 +0200] "GET /reload?ser=1602835912204 HTTP/1.1" 200 28 "http://renault.activities.at/result?searchterm=true&search=schlauch" "Mozilla/5.0 (Windows NT 10.0; Win64; x64) AppleWebKit/537.36 (KHTML, like Gecko) Chrome/86.0.4240.75 Safari/537.36"
91.112.65.210 - - [16/Oct/2020:10:11:53 +0200] "GET /reload?ser=1602835913898 HTTP/1.1" 200 28 "http://renault.activities.at/10201637?dir=DESC&mode=grid&order=name&limit=50&page=4" "Mozilla/5.0 (Windows NT 10.0; WOW64; Trident/7.0; rv:11.0) like Gecko"
193.194.132.29 - - [16/Oct/2020:10:11:54 +0200] "GET /reload?ser=1602835914773 HTTP/1.1" 200 28 "http://renault.activities.at/login?required=true" "Mozilla/5.0 (Windows NT 10.0; Win64; x64) AppleWebKit/537.36 (KHTML, like Gecko) Chrome/64.0.3282.140 Safari/537.36 Edge/17.17134"
193.194.132.27 - - [16/Oct/2020:10:11:54 +0200] "GET /reload?ser=1602835914576 HTTP/1.1" 200 28 "http://renault.2web.at/account" "Mozilla/5.0 (Windows NT 10.0; Win64; x64) AppleWebKit/537.36 (KHTML, like Gecko) Chrome/86.0.4240.75 Safari/537.36"
212.152.246.131 - - [16/Oct/2020:10:11:59 +0200] "GET /reload?ser=1602836108867 HTTP/1.1" 200 28 "http://renault.activities.at/" "Mozilla/5.0 (Windows NT 10.0; Win64; x64) AppleWebKit/537.36 (KHTML, like Gecko) Chrome/86.0.4240.75 Safari/537.36"
212.152.158.195 - - [16/Oct/2020:10:12:00 +0200] "GET /reload?ser=1602835920440 HTTP/1.1" 200 28 "http://renault.activities.at/success" "Mozilla/5.0 (Windows NT 10.0; Win64; x64) AppleWebKit/537.36 (KHTML, like Gecko) Chrome/86.0.4240.75 Safari/537.36"
80.120.210.179 - - [16/Oct/2020:10:12:25 +0200] "GET /reload?ser=1602835945299 HTTP/1.1" 200 28 "http://renault.activities.at/result?searchterm=true&search=Schlauchschal" "Mozilla/5.0 (Windows NT 10.0; WOW64; Trident/7.0; rv:11.0) like Gecko"
80.122.46.22 - - [16/Oct/2020:10:12:29 +0200] "GET /reload?ser=1602835949947 HTTP/1.1" 200 28 "http://renault.activities.at/12306211" "Mozilla/5.0 (Windows NT 10.0; Win64; x64) AppleWebKit/537.36 (KHTML, like Gecko) Chrome/86.0.4240.75 Safari/537.36"
193.194.132.29 - - [16/Oct/2020:10:12:54 +0200] "GET /reload?ser=1602835974380 HTTP/1.1" 200 28 "http://renault.activities.at/login?required=true" "Mozilla/5.0 (Windows NT 10.0; Win64; x64) AppleWebKit/537.36 (KHTML, like Gecko) Chrome/64.0.3282.140 Safari/537.36 Edge/17.17134"
80.120.210.179 - - [16/Oct/2020:10:12:54 +0200] "GET /reload?ser=1602835973200 HTTP/1.1" 200 28 "http://renault.activities.at/result?searchterm=true&search=schlauch" "Mozilla/5.0 (Windows NT 10.0; Win64; x64) AppleWebKit/537.36 (KHTML, like Gecko) Chrome/86.0.4240.75 Safari/537.36"
91.112.65.210 - - [16/Oct/2020:10:12:54 +0200] "GET /reload?ser=1602835974879 HTTP/1.1" 200 28 "http://renault.activities.at/10201637?dir=DESC&mode=grid&order=name&limit=50&page=4" "Mozilla/5.0 (Windows NT 10.0; WOW64; Trident/7.0; rv:11.0) like Gecko"
193.194.132.29 - - [16/Oct/2020:10:12:55 +0200] "GET /reload?ser=1602835975765 HTTP/1.1" 200 28 "http://renault.activities.at/login?required=true" "Mozilla/5.0 (Windows NT 10.0; Win64; x64) AppleWebKit/537.36 (KHTML, like Gecko) Chrome/64.0.3282.140 Safari/537.36 Edge/17.17134"
193.194.132.27 - - [16/Oct/2020:10:12:56 +0200] "GET /reload?ser=1602835976576 HTTP/1.1" 200 28 "http://renault.2web.at/account" "Mozilla/5.0 (Windows NT 10.0; Win64; x64) AppleWebKit/537.36 (KHTML, like Gecko) Chrome/86.0.4240.75 Safari/537.36"
212.152.246.131 - - [16/Oct/2020:10:13:00 +0200] "GET /reload?ser=1602836169854 HTTP/1.1" 200 28 "http://renault.activities.at/" "Mozilla/5.0 (Windows NT 10.0; Win64; x64) AppleWebKit/537.36 (KHTML, like Gecko) Chrome/86.0.4240.75 Safari/537.36"
212.152.158.195 - - [16/Oct/2020:10:13:01 +0200] "GET /reload?ser=1602835981439 HTTP/1.1" 200 28 "http://renault.activities.at/success" "Mozilla/5.0 (Windows NT 10.0; Win64; x64) AppleWebKit/537.36 (KHTML, like Gecko) Chrome/86.0.4240.75 Safari/537.36"
80.120.210.179 - - [16/Oct/2020:10:13:26 +0200] "GET /reload?ser=1602836006292 HTTP/1.1" 200 28 "http://renault.activities.at/result?searchterm=true&search=Schlauchschal" "Mozilla/5.0 (Windows NT 10.0; WOW64; Trident/7.0; rv:11.0) like Gecko"
80.122.46.22 - - [16/Oct/2020:10:13:30 +0200] "GET /reload?ser=1602836010947 HTTP/1.1" 200 28 "http://renault.activities.at/12306211" "Mozilla/5.0 (Windows NT 10.0; Win64; x64) AppleWebKit/537.36 (KHTML, like Gecko) Chrome/86.0.4240.75 Safari/537.36"
91.112.65.210 - - [16/Oct/2020:10:13:34 +0200] "GET /images/vista-dn-hover.gif HTTP/1.1" 304 - "http://renault.activities.at/10201637?dir=DESC&mode=grid&order=name&limit=50&page=4" "Mozilla/5.0 (Windows NT 10.0; WOW64; Trident/7.0; rv:11.0) like Gecko"
193.194.132.29 - - [16/Oct/2020:10:13:39 +0200] "GET / HTTP/1.1" 200 3273 "-" "Mozilla/5.0 (Windows NT 10.0; Win64; x64) AppleWebKit/537.36 (KHTML, like Gecko) Chrome/64.0.3282.140 Safari/537.36 Edge/17.17134"
193.194.132.29 - - [16/Oct/2020:10:13:42 +0200] "GET /login HTTP/1.1" 200 2085 "http://renault.activities.at/" "Mozilla/5.0 (Windows NT 10.0; Win64; x64) AppleWebKit/537.36 (KHTML, like Gecko) Chrome/64.0.3282.140 Safari/537.36 Edge/17.17134"
91.112.65.210 - - [16/Oct/2020:10:13:50 +0200] "GET /images/vista-up-hover.gif HTTP/1.1" 304 - "http://renault.activities.at/10201637?dir=DESC&mode=grid&order=name&limit=50&page=4" "Mozilla/5.0 (Windows NT 10.0; WOW64; Trident/7.0; rv:11.0) like Gecko"
193.194.132.29 - - [16/Oct/2020:10:13:53 +0200] "POST /login HTTP/1.1" 302 150 "http://renault.activities.at/login" "Mozilla/5.0 (Windows NT 10.0; Win64; x64) AppleWebKit/537.36 (KHTML, like Gecko) Chrome/64.0.3282.140 Safari/537.36 Edge/17.17134"
80.120.210.179 - - [16/Oct/2020:10:13:55 +0200] "GET /reload?ser=1602836034192 HTTP/1.1" 200 28 "http://renault.activities.at/result?searchterm=true&search=schlauch" "Mozilla/5.0 (Windows NT 10.0; Win64; x64) AppleWebKit/537.36 (KHTML, like Gecko) Chrome/86.0.4240.75 Safari/537.36"
193.194.132.29 - - [16/Oct/2020:10:13:55 +0200] "GET /reload?ser=1602836035369 HTTP/1.1" 200 28 "http://renault.activities.at/login?required=true" "Mozilla/5.0 (Windows NT 10.0; Win64; x64) AppleWebKit/537.36 (KHTML, like Gecko) Chrome/64.0.3282.140 Safari/537.36 Edge/17.17134"
91.112.65.210 - - [16/Oct/2020:10:13:55 +0200] "GET /reload?ser=1602836035855 HTTP/1.1" 200 28 "http://renault.activities.at/10201637?dir=DESC&mode=grid&order=name&limit=50&page=4" "Mozilla/5.0 (Windows NT 10.0; WOW64; Trident/7.0; rv:11.0) like Gecko"
193.194.132.29 - - [16/Oct/2020:10:13:55 +0200] "GET /action?loadrequest=true HTTP/1.1" 200 6248 "http://renault.activities.at/login" "Mozilla/5.0 (Windows NT 10.0; Win64; x64) AppleWebKit/537.36 (KHTML, like Gecko) Chrome/64.0.3282.140 Safari/537.36 Edge/17.17134"
193.194.132.29 - - [16/Oct/2020:10:13:56 +0200] "GET /reload?ser=1602836036755 HTTP/1.1" 200 28 "http://renault.activities.at/login?required=true" "Mozilla/5.0 (Windows NT 10.0; Win64; x64) AppleWebKit/537.36 (KHTML, like Gecko) Chrome/64.0.3282.140 Safari/537.36 Edge/17.17134"
193.194.132.27 - - [16/Oct/2020:10:13:58 +0200] "GET /reload?ser=1602836038577 HTTP/1.1" 200 28 "http://renault.2web.at/account" "Mozilla/5.0 (Windows NT 10.0; Win64; x64) AppleWebKit/537.36 (KHTML, like Gecko) Chrome/86.0.4240.75 Safari/537.36"
212.152.246.131 - - [16/Oct/2020:10:14:01 +0200] "GET /reload?ser=1602836230862 HTTP/1.1" 200 28 "http://renault.activities.at/" "Mozilla/5.0 (Windows NT 10.0; Win64; x64) AppleWebKit/537.36 (KHTML, like Gecko) Chrome/86.0.4240.75 Safari/537.36"
91.112.65.210 - - [16/Oct/2020:10:14:01 +0200] "POST /10201637?dir=DESC&mode=grid&order=name&limit=50&page=4 HTTP/1.1" 200 14156 "http://renault.activities.at/10201637?dir=DESC&mode=grid&order=name&limit=50&page=4" "Mozilla/5.0 (Windows NT 10.0; WOW64; Trident/7.0; rv:11.0) like Gecko"
212.152.158.195 - - [16/Oct/2020:10:14:02 +0200] "GET /reload?ser=1602836042435 HTTP/1.1" 200 28 "http://renault.activities.at/success" "Mozilla/5.0 (Windows NT 10.0; Win64; x64) AppleWebKit/537.36 (KHTML, like Gecko) Chrome/86.0.4240.75 Safari/537.36"
91.112.65.210 - - [16/Oct/2020:10:14:03 +0200] "GET /js/default.js HTTP/1.1" 304 - "http://renault.activities.at/10201637?dir=DESC&mode=grid&order=name&limit=50&page=4" "Mozilla/5.0 (Windows NT 10.0; WOW64; Trident/7.0; rv:11.0) like Gecko"
91.112.65.210 - - [16/Oct/2020:10:14:03 +0200] "GET /js/prototip.js HTTP/1.1" 304 - "http://renault.activities.at/10201637?dir=DESC&mode=grid&order=name&limit=50&page=4" "Mozilla/5.0 (Windows NT 10.0; WOW64; Trident/7.0; rv:11.0) like Gecko"
91.112.65.210 - - [16/Oct/2020:10:14:03 +0200] "GET /css/reset.css HTTP/1.1" 304 - "http://renault.activities.at/10201637?dir=DESC&mode=grid&order=name&limit=50&page=4" "Mozilla/5.0 (Windows NT 10.0; WOW64; Trident/7.0; rv:11.0) like Gecko"
91.112.65.210 - - [16/Oct/2020:10:14:03 +0200] "GET /css/styles.css HTTP/1.1" 304 - "http://renault.activities.at/10201637?dir=DESC&mode=grid&order=name&limit=50&page=4" "Mozilla/5.0 (Windows NT 10.0; WOW64; Trident/7.0; rv:11.0) like Gecko"
91.112.65.210 - - [16/Oct/2020:10:14:03 +0200] "GET /css/clears.css HTTP/1.1" 304 - "http://renault.activities.at/10201637?dir=DESC&mode=grid&order=name&limit=50&page=4" "Mozilla/5.0 (Windows NT 10.0; WOW64; Trident/7.0; rv:11.0) like Gecko"
91.112.65.210 - - [16/Oct/2020:10:14:03 +0200] "GET /css/print.css HTTP/1.1" 304 - "http://renault.activities.at/10201637?dir=DESC&mode=grid&order=name&limit=50&page=4" "Mozilla/5.0 (Windows NT 10.0; WOW64; Trident/7.0; rv:11.0) like Gecko"
91.112.65.210 - - [16/Oct/2020:10:14:03 +0200] "GET /js/checkout.css HTTP/1.1" 304 - "http://renault.activities.at/10201637?dir=DESC&mode=grid&order=name&limit=50&page=4" "Mozilla/5.0 (Windows NT 10.0; WOW64; Trident/7.0; rv:11.0) like Gecko"
91.112.65.210 - - [16/Oct/2020:10:14:03 +0200] "GET /css/prototip.css HTTP/1.1" 304 - "http://renault.activities.at/10201637?dir=DESC&mode=grid&order=name&limit=50&page=4" "Mozilla/5.0 (Windows NT 10.0; WOW64; Trident/7.0; rv:11.0) like Gecko"
91.112.65.210 - - [16/Oct/2020:10:14:03 +0200] "GET /css/themes/default.css HTTP/1.1" 304 - "http://renault.activities.at/10201637?dir=DESC&mode=grid&order=name&limit=50&page=4" "Mozilla/5.0 (Windows NT 10.0; WOW64; Trident/7.0; rv:11.0) like Gecko"
91.112.65.210 - - [16/Oct/2020:10:14:03 +0200] "GET /css/themes/alphacube.css HTTP/1.1" 304 - "http://renault.activities.at/10201637?dir=DESC&mode=grid&order=name&limit=50&page=4" "Mozilla/5.0 (Windows NT 10.0; WOW64; Trident/7.0; rv:11.0) like Gecko"
91.112.65.210 - - [16/Oct/2020:10:14:03 +0200] "GET /js/ProduktGrp.js HTTP/1.1" 304 - "http://renault.activities.at/10201637?dir=DESC&mode=grid&order=name&limit=50&page=4" "Mozilla/5.0 (Windows NT 10.0; WOW64; Trident/7.0; rv:11.0) like Gecko"
91.112.65.210 - - [16/Oct/2020:10:14:03 +0200] "GET /images/loading.gif HTTP/1.1" 304 - "http://renault.activities.at/10201637?dir=DESC&mode=grid&order=name&limit=50&page=4" "Mozilla/5.0 (Windows NT 10.0; WOW64; Trident/7.0; rv:11.0) like Gecko"
91.112.65.210 - - [16/Oct/2020:10:14:03 +0200] "GET /images/search_bg.gif HTTP/1.1" 304 - "http://renault.activities.at/10201637?dir=DESC&mode=grid&order=name&limit=50&page=4" "Mozilla/5.0 (Windows NT 10.0; WOW64; Trident/7.0; rv:11.0) like Gecko"
91.112.65.210 - - [16/Oct/2020:10:14:03 +0200] "GET /images/main_block_corner_left_bot.gif HTTP/1.1" 304 - "http://renault.activities.at/10201637?dir=DESC&mode=grid&order=name&limit=50&page=4" "Mozilla/5.0 (Windows NT 10.0; WOW64; Trident/7.0; rv:11.0) like Gecko"
91.112.65.210 - - [16/Oct/2020:10:14:03 +0200] "GET /images/header_block_corner_left_top.gif HTTP/1.1" 304 - "http://renault.activities.at/10201637?dir=DESC&mode=grid&order=name&limit=50&page=4" "Mozilla/5.0 (Windows NT 10.0; WOW64; Trident/7.0; rv:11.0) like Gecko"
91.112.65.210 - - [16/Oct/2020:10:14:03 +0200] "GET /images/main_block_corner_right_bot.gif HTTP/1.1" 304 - "http://renault.activities.at/10201637?dir=DESC&mode=grid&order=name&limit=50&page=4" "Mozilla/5.0 (Windows NT 10.0; WOW64; Trident/7.0; rv:11.0) like Gecko"
91.112.65.210 - - [16/Oct/2020:10:14:03 +0200] "GET /images/main_block_border.gif HTTP/1.1" 304 - "http://renault.activities.at/10201637?dir=DESC&mode=grid&order=name&limit=50&page=4" "Mozilla/5.0 (Windows NT 10.0; WOW64; Trident/7.0; rv:11.0) like Gecko"
91.112.65.210 - - [16/Oct/2020:10:14:03 +0200] "GET /images/main_block_corner_left_top.gif HTTP/1.1" 304 - "http://renault.activities.at/10201637?dir=DESC&mode=grid&order=name&limit=50&page=4" "Mozilla/5.0 (Windows NT 10.0; WOW64; Trident/7.0; rv:11.0) like Gecko"
91.112.65.210 - - [16/Oct/2020:10:14:03 +0200] "GET /images/header_block_corner_right_top.gif HTTP/1.1" 304 - "http://renault.activities.at/10201637?dir=DESC&mode=grid&order=name&limit=50&page=4" "Mozilla/5.0 (Windows NT 10.0; WOW64; Trident/7.0; rv:11.0) like Gecko"
91.112.65.210 - - [16/Oct/2020:10:14:03 +0200] "GET /images/main_block_corner_right_top.gif HTTP/1.1" 304 - "http://renault.activities.at/10201637?dir=DESC&mode=grid&order=name&limit=50&page=4" "Mozilla/5.0 (Windows NT 10.0; WOW64; Trident/7.0; rv:11.0) like Gecko"
91.112.65.210 - - [16/Oct/2020:10:14:03 +0200] "GET /images/header_block_border.gif HTTP/1.1" 304 - "http://renault.activities.at/10201637?dir=DESC&mode=grid&order=name&limit=50&page=4" "Mozilla/5.0 (Windows NT 10.0; WOW64; Trident/7.0; rv:11.0) like Gecko"
91.112.65.210 - - [16/Oct/2020:10:14:03 +0200] "GET /images/vista-dn.gif HTTP/1.1" 304 - "http://renault.activities.at/10201637?dir=DESC&mode=grid&order=name&limit=50&page=4" "Mozilla/5.0 (Windows NT 10.0; WOW64; Trident/7.0; rv:11.0) like Gecko"
91.112.65.210 - - [16/Oct/2020:10:14:03 +0200] "GET /images/title_border.jpg HTTP/1.1" 304 - "http://renault.activities.at/10201637?dir=DESC&mode=grid&order=name&limit=50&page=4" "Mozilla/5.0 (Windows NT 10.0; WOW64; Trident/7.0; rv:11.0) like Gecko"
91.112.65.210 - - [16/Oct/2020:10:14:03 +0200] "GET /images/title_corner_right_top.jpg HTTP/1.1" 304 - "http://renault.activities.at/10201637?dir=DESC&mode=grid&order=name&limit=50&page=4" "Mozilla/5.0 (Windows NT 10.0; WOW64; Trident/7.0; rv:11.0) like Gecko"
91.112.65.210 - - [16/Oct/2020:10:14:03 +0200] "GET /images/sidebar_title_corner_left_top.gif HTTP/1.1" 304 - "http://renault.activities.at/10201637?dir=DESC&mode=grid&order=name&limit=50&page=4" "Mozilla/5.0 (Windows NT 10.0; WOW64; Trident/7.0; rv:11.0) like Gecko"
91.112.65.210 - - [16/Oct/2020:10:14:03 +0200] "GET /images/button_bg.gif HTTP/1.1" 304 - "http://renault.activities.at/10201637?dir=DESC&mode=grid&order=name&limit=50&page=4" "Mozilla/5.0 (Windows NT 10.0; WOW64; Trident/7.0; rv:11.0) like Gecko"
91.112.65.210 - - [16/Oct/2020:10:14:03 +0200] "GET /images/menu_button_bg.jpg HTTP/1.1" 304 - "http://renault.activities.at/10201637?dir=DESC&mode=grid&order=name&limit=50&page=4" "Mozilla/5.0 (Windows NT 10.0; WOW64; Trident/7.0; rv:11.0) like Gecko"
91.112.65.210 - - [16/Oct/2020:10:14:03 +0200] "GET /images/sidebar_title_corner_right_top.gif HTTP/1.1" 304 - "http://renault.activities.at/10201637?dir=DESC&mode=grid&order=name&limit=50&page=4" "Mozilla/5.0 (Windows NT 10.0; WOW64; Trident/7.0; rv:11.0) like Gecko"
91.112.65.210 - - [16/Oct/2020:10:14:03 +0200] "GET /images/title_border_top.jpg HTTP/1.1" 304 - "http://renault.activities.at/10201637?dir=DESC&mode=grid&order=name&limit=50&page=4" "Mozilla/5.0 (Windows NT 10.0; WOW64; Trident/7.0; rv:11.0) like Gecko"
91.112.65.210 - - [16/Oct/2020:10:14:03 +0200] "GET /images/validation_advice_bg.gif HTTP/1.1" 304 - "http://renault.activities.at/10201637?dir=DESC&mode=grid&order=name&limit=50&page=4" "Mozilla/5.0 (Windows NT 10.0; WOW64; Trident/7.0; rv:11.0) like Gecko"
91.112.65.210 - - [16/Oct/2020:10:14:03 +0200] "GET /images/pager_bg.gif HTTP/1.1" 304 - "http://renault.activities.at/10201637?dir=DESC&mode=grid&order=name&limit=50&page=4" "Mozilla/5.0 (Windows NT 10.0; WOW64; Trident/7.0; rv:11.0) like Gecko"
91.112.65.210 - - [16/Oct/2020:10:14:03 +0200] "GET /images/sidebar_title_border.gif HTTP/1.1" 304 - "http://renault.activities.at/10201637?dir=DESC&mode=grid&order=name&limit=50&page=4" "Mozilla/5.0 (Windows NT 10.0; WOW64; Trident/7.0; rv:11.0) like Gecko"
91.112.65.210 - - [16/Oct/2020:10:14:03 +0200] "GET /images/vista-up.gif HTTP/1.1" 304 - "http://renault.activities.at/10201637?dir=DESC&mode=grid&order=name&limit=50&page=4" "Mozilla/5.0 (Windows NT 10.0; WOW64; Trident/7.0; rv:11.0) like Gecko"
91.112.65.210 - - [16/Oct/2020:10:14:03 +0200] "GET /images/sub_title_bg.jpg HTTP/1.1" 304 - "http://renault.activities.at/10201637?dir=DESC&mode=grid&order=name&limit=50&page=4" "Mozilla/5.0 (Windows NT 10.0; WOW64; Trident/7.0; rv:11.0) like Gecko"
91.112.65.210 - - [16/Oct/2020:10:14:03 +0200] "GET /images/menu_divider.gif HTTP/1.1" 304 - "http://renault.activities.at/10201637?dir=DESC&mode=grid&order=name&limit=50&page=4" "Mozilla/5.0 (Windows NT 10.0; WOW64; Trident/7.0; rv:11.0) like Gecko"
91.112.65.210 - - [16/Oct/2020:10:14:03 +0200] "GET /images/nav_divider.gif HTTP/1.1" 304 - "http://renault.activities.at/10201637?dir=DESC&mode=grid&order=name&limit=50&page=4" "Mozilla/5.0 (Windows NT 10.0; WOW64; Trident/7.0; rv:11.0) like Gecko"
91.112.65.210 - - [16/Oct/2020:10:14:03 +0200] "GET /images/button_left_bg.gif HTTP/1.1" 304 - "http://renault.activities.at/10201637?dir=DESC&mode=grid&order=name&limit=50&page=4" "Mozilla/5.0 (Windows NT 10.0; WOW64; Trident/7.0; rv:11.0) like Gecko"
91.112.65.210 - - [16/Oct/2020:10:14:03 +0200] "GET /images/top_links_divider.gif HTTP/1.1" 304 - "http://renault.activities.at/10201637?dir=DESC&mode=grid&order=name&limit=50&page=4" "Mozilla/5.0 (Windows NT 10.0; WOW64; Trident/7.0; rv:11.0) like Gecko"
91.112.65.210 - - [16/Oct/2020:10:14:03 +0200] "GET /images/success_msg_icon.gif HTTP/1.1" 200 1024 "http://renault.activities.at/10201637?dir=DESC&mode=grid&order=name&limit=50&page=4" "Mozilla/5.0 (Windows NT 10.0; WOW64; Trident/7.0; rv:11.0) like Gecko"
91.112.65.210 - - [16/Oct/2020:10:14:03 +0200] "GET /images/button_right_bg.gif HTTP/1.1" 304 - "http://renault.activities.at/10201637?dir=DESC&mode=grid&order=name&limit=50&page=4" "Mozilla/5.0 (Windows NT 10.0; WOW64; Trident/7.0; rv:11.0) like Gecko"
91.112.65.210 - - [16/Oct/2020:10:14:03 +0200] "GET /images/title_corner_left_top.jpg HTTP/1.1" 304 - "http://renault.activities.at/10201637?dir=DESC&mode=grid&order=name&limit=50&page=4" "Mozilla/5.0 (Windows NT 10.0; WOW64; Trident/7.0; rv:11.0) like Gecko"
91.112.65.210 - - [16/Oct/2020:10:14:03 +0200] "GET /images/sidebar_title_border_top.gif HTTP/1.1" 304 - "http://renault.activities.at/10201637?dir=DESC&mode=grid&order=name&limit=50&page=4" "Mozilla/5.0 (Windows NT 10.0; WOW64; Trident/7.0; rv:11.0) like Gecko"
91.112.65.210 - - [16/Oct/2020:10:14:03 +0200] "GET /images/footer_divider.gif HTTP/1.1" 304 - "http://renault.activities.at/10201637?dir=DESC&mode=grid&order=name&limit=50&page=4" "Mozilla/5.0 (Windows NT 10.0; WOW64; Trident/7.0; rv:11.0) like Gecko"
193.194.132.29 - - [16/Oct/2020:10:14:04 +0200] "POST /action?loadrequest=true HTTP/1.1" 302 150 "http://renault.activities.at/action?loadrequest=true" "Mozilla/5.0 (Windows NT 10.0; Win64; x64) AppleWebKit/537.36 (KHTML, like Gecko) Chrome/64.0.3282.140 Safari/537.36 Edge/17.17134"
193.194.132.29 - - [16/Oct/2020:10:14:05 +0200] "GET /action?loadrequest=true HTTP/1.1" 200 6248 "http://renault.activities.at/action?loadrequest=true" "Mozilla/5.0 (Windows NT 10.0; Win64; x64) AppleWebKit/537.36 (KHTML, like Gecko) Chrome/64.0.3282.140 Safari/537.36 Edge/17.17134"
91.112.65.210 - - [16/Oct/2020:10:14:08 +0200] "GET /10201637?dir=DESC&mode=grid&order=name&limit=50&page=5 HTTP/1.1" 200 6381 "http://renault.activities.at/10201637?dir=DESC&mode=grid&order=name&limit=50&page=4" "Mozilla/5.0 (Windows NT 10.0; WOW64; Trident/7.0; rv:11.0) like Gecko"
91.112.65.210 - - [16/Oct/2020:10:14:10 +0200] "GET /js/default.js HTTP/1.1" 304 - "http://renault.activities.at/10201637?dir=DESC&mode=grid&order=name&limit=50&page=5" "Mozilla/5.0 (Windows NT 10.0; WOW64; Trident/7.0; rv:11.0) like Gecko"
91.112.65.210 - - [16/Oct/2020:10:14:10 +0200] "GET /js/prototip.js HTTP/1.1" 304 - "http://renault.activities.at/10201637?dir=DESC&mode=grid&order=name&limit=50&page=5" "Mozilla/5.0 (Windows NT 10.0; WOW64; Trident/7.0; rv:11.0) like Gecko"
91.112.65.210 - - [16/Oct/2020:10:14:10 +0200] "GET /css/reset.css HTTP/1.1" 304 - "http://renault.activities.at/10201637?dir=DESC&mode=grid&order=name&limit=50&page=5" "Mozilla/5.0 (Windows NT 10.0; WOW64; Trident/7.0; rv:11.0) like Gecko"
91.112.65.210 - - [16/Oct/2020:10:14:10 +0200] "GET /css/styles.css HTTP/1.1" 304 - "http://renault.activities.at/10201637?dir=DESC&mode=grid&order=name&limit=50&page=5" "Mozilla/5.0 (Windows NT 10.0; WOW64; Trident/7.0; rv:11.0) like Gecko"
91.112.65.210 - - [16/Oct/2020:10:14:10 +0200] "GET /css/clears.css HTTP/1.1" 304 - "http://renault.activities.at/10201637?dir=DESC&mode=grid&order=name&limit=50&page=5" "Mozilla/5.0 (Windows NT 10.0; WOW64; Trident/7.0; rv:11.0) like Gecko"
91.112.65.210 - - [16/Oct/2020:10:14:10 +0200] "GET /css/print.css HTTP/1.1" 304 - "http://renault.activities.at/10201637?dir=DESC&mode=grid&order=name&limit=50&page=5" "Mozilla/5.0 (Windows NT 10.0; WOW64; Trident/7.0; rv:11.0) like Gecko"
91.112.65.210 - - [16/Oct/2020:10:14:10 +0200] "GET /js/checkout.css HTTP/1.1" 304 - "http://renault.activities.at/10201637?dir=DESC&mode=grid&order=name&limit=50&page=5" "Mozilla/5.0 (Windows NT 10.0; WOW64; Trident/7.0; rv:11.0) like Gecko"
91.112.65.210 - - [16/Oct/2020:10:14:10 +0200] "GET /css/prototip.css HTTP/1.1" 304 - "http://renault.activities.at/10201637?dir=DESC&mode=grid&order=name&limit=50&page=5" "Mozilla/5.0 (Windows NT 10.0; WOW64; Trident/7.0; rv:11.0) like Gecko"
91.112.65.210 - - [16/Oct/2020:10:14:10 +0200] "GET /css/themes/default.css HTTP/1.1" 304 - "http://renault.activities.at/10201637?dir=DESC&mode=grid&order=name&limit=50&page=5" "Mozilla/5.0 (Windows NT 10.0; WOW64; Trident/7.0; rv:11.0) like Gecko"
91.112.65.210 - - [16/Oct/2020:10:14:10 +0200] "GET /css/themes/alphacube.css HTTP/1.1" 304 - "http://renault.activities.at/10201637?dir=DESC&mode=grid&order=name&limit=50&page=5" "Mozilla/5.0 (Windows NT 10.0; WOW64; Trident/7.0; rv:11.0) like Gecko"
91.112.65.210 - - [16/Oct/2020:10:14:10 +0200] "GET /js/ProduktGrp.js HTTP/1.1" 304 - "http://renault.activities.at/10201637?dir=DESC&mode=grid&order=name&limit=50&page=5" "Mozilla/5.0 (Windows NT 10.0; WOW64; Trident/7.0; rv:11.0) like Gecko"
91.112.65.210 - - [16/Oct/2020:10:14:10 +0200] "GET /images/loading.gif HTTP/1.1" 304 - "http://renault.activities.at/10201637?dir=DESC&mode=grid&order=name&limit=50&page=5" "Mozilla/5.0 (Windows NT 10.0; WOW64; Trident/7.0; rv:11.0) like Gecko"
91.112.65.210 - - [16/Oct/2020:10:14:10 +0200] "GET /images/main_block_corner_left_top.gif HTTP/1.1" 304 - "http://renault.activities.at/10201637?dir=DESC&mode=grid&order=name&limit=50&page=5" "Mozilla/5.0 (Windows NT 10.0; WOW64; Trident/7.0; rv:11.0) like Gecko"
91.112.65.210 - - [16/Oct/2020:10:14:10 +0200] "GET /images/header_block_corner_right_top.gif HTTP/1.1" 304 - "http://renault.activities.at/10201637?dir=DESC&mode=grid&order=name&limit=50&page=5" "Mozilla/5.0 (Windows NT 10.0; WOW64; Trident/7.0; rv:11.0) like Gecko"
91.112.65.210 - - [16/Oct/2020:10:14:10 +0200] "GET /images/main_block_border.gif HTTP/1.1" 304 - "http://renault.activities.at/10201637?dir=DESC&mode=grid&order=name&limit=50&page=5" "Mozilla/5.0 (Windows NT 10.0; WOW64; Trident/7.0; rv:11.0) like Gecko"
91.112.65.210 - - [16/Oct/2020:10:14:10 +0200] "GET /images/header_block_corner_left_top.gif HTTP/1.1" 304 - "http://renault.activities.at/10201637?dir=DESC&mode=grid&order=name&limit=50&page=5" "Mozilla/5.0 (Windows NT 10.0; WOW64; Trident/7.0; rv:11.0) like Gecko"
91.112.65.210 - - [16/Oct/2020:10:14:10 +0200] "GET /images/main_block_corner_right_bot.gif HTTP/1.1" 304 - "http://renault.activities.at/10201637?dir=DESC&mode=grid&order=name&limit=50&page=5" "Mozilla/5.0 (Windows NT 10.0; WOW64; Trident/7.0; rv:11.0) like Gecko"
91.112.65.210 - - [16/Oct/2020:10:14:10 +0200] "GET /images/main_block_corner_right_top.gif HTTP/1.1" 304 - "http://renault.activities.at/10201637?dir=DESC&mode=grid&order=name&limit=50&page=5" "Mozilla/5.0 (Windows NT 10.0; WOW64; Trident/7.0; rv:11.0) like Gecko"
91.112.65.210 - - [16/Oct/2020:10:14:10 +0200] "GET /images/search_bg.gif HTTP/1.1" 304 - "http://renault.activities.at/10201637?dir=DESC&mode=grid&order=name&limit=50&page=5" "Mozilla/5.0 (Windows NT 10.0; WOW64; Trident/7.0; rv:11.0) like Gecko"
91.112.65.210 - - [16/Oct/2020:10:14:10 +0200] "GET /images/header_block_border.gif HTTP/1.1" 304 - "http://renault.activities.at/10201637?dir=DESC&mode=grid&order=name&limit=50&page=5" "Mozilla/5.0 (Windows NT 10.0; WOW64; Trident/7.0; rv:11.0) like Gecko"
91.112.65.210 - - [16/Oct/2020:10:14:10 +0200] "GET /images/main_block_corner_left_bot.gif HTTP/1.1" 304 - "http://renault.activities.at/10201637?dir=DESC&mode=grid&order=name&limit=50&page=5" "Mozilla/5.0 (Windows NT 10.0; WOW64; Trident/7.0; rv:11.0) like Gecko"
91.112.65.210 - - [16/Oct/2020:10:14:10 +0200] "GET /images/nav_divider.gif HTTP/1.1" 304 - "http://renault.activities.at/10201637?dir=DESC&mode=grid&order=name&limit=50&page=5" "Mozilla/5.0 (Windows NT 10.0; WOW64; Trident/7.0; rv:11.0) like Gecko"
91.112.65.210 - - [16/Oct/2020:10:14:10 +0200] "GET /images/title_border_top.jpg HTTP/1.1" 304 - "http://renault.activities.at/10201637?dir=DESC&mode=grid&order=name&limit=50&page=5" "Mozilla/5.0 (Windows NT 10.0; WOW64; Trident/7.0; rv:11.0) like Gecko"
91.112.65.210 - - [16/Oct/2020:10:14:10 +0200] "GET /images/footer_divider.gif HTTP/1.1" 304 - "http://renault.activities.at/10201637?dir=DESC&mode=grid&order=name&limit=50&page=5" "Mozilla/5.0 (Windows NT 10.0; WOW64; Trident/7.0; rv:11.0) like Gecko"
91.112.65.210 - - [16/Oct/2020:10:14:10 +0200] "GET /images/button_right_bg.gif HTTP/1.1" 304 - "http://renault.activities.at/10201637?dir=DESC&mode=grid&order=name&limit=50&page=5" "Mozilla/5.0 (Windows NT 10.0; WOW64; Trident/7.0; rv:11.0) like Gecko"
91.112.65.210 - - [16/Oct/2020:10:14:10 +0200] "GET /images/sidebar_title_corner_left_top.gif HTTP/1.1" 304 - "http://renault.activities.at/10201637?dir=DESC&mode=grid&order=name&limit=50&page=5" "Mozilla/5.0 (Windows NT 10.0; WOW64; Trident/7.0; rv:11.0) like Gecko"
91.112.65.210 - - [16/Oct/2020:10:14:10 +0200] "GET /images/sidebar_title_border_top.gif HTTP/1.1" 304 - "http://renault.activities.at/10201637?dir=DESC&mode=grid&order=name&limit=50&page=5" "Mozilla/5.0 (Windows NT 10.0; WOW64; Trident/7.0; rv:11.0) like Gecko"
91.112.65.210 - - [16/Oct/2020:10:14:10 +0200] "GET /loadthumbnail.php?id=10848346&width=113 HTTP/1.1" 200 2340 "http://renault.activities.at/10201637?dir=DESC&mode=grid&order=name&limit=50&page=5" "Mozilla/5.0 (Windows NT 10.0; WOW64; Trident/7.0; rv:11.0) like Gecko"
91.112.65.210 - - [16/Oct/2020:10:14:10 +0200] "GET /images/button_bg.gif HTTP/1.1" 304 - "http://renault.activities.at/10201637?dir=DESC&mode=grid&order=name&limit=50&page=5" "Mozilla/5.0 (Windows NT 10.0; WOW64; Trident/7.0; rv:11.0) like Gecko"
91.112.65.210 - - [16/Oct/2020:10:14:10 +0200] "GET /images/sidebar_title_border.gif HTTP/1.1" 304 - "http://renault.activities.at/10201637?dir=DESC&mode=grid&order=name&limit=50&page=5" "Mozilla/5.0 (Windows NT 10.0; WOW64; Trident/7.0; rv:11.0) like Gecko"
91.112.65.210 - - [16/Oct/2020:10:14:10 +0200] "GET /images/sidebar_title_corner_right_top.gif HTTP/1.1" 304 - "http://renault.activities.at/10201637?dir=DESC&mode=grid&order=name&limit=50&page=5" "Mozilla/5.0 (Windows NT 10.0; WOW64; Trident/7.0; rv:11.0) like Gecko"
91.112.65.210 - - [16/Oct/2020:10:14:10 +0200] "GET /images/menu_divider.gif HTTP/1.1" 304 - "http://renault.activities.at/10201637?dir=DESC&mode=grid&order=name&limit=50&page=5" "Mozilla/5.0 (Windows NT 10.0; WOW64; Trident/7.0; rv:11.0) like Gecko"
91.112.65.210 - - [16/Oct/2020:10:14:10 +0200] "GET /images/menu_button_bg.jpg HTTP/1.1" 304 - "http://renault.activities.at/10201637?dir=DESC&mode=grid&order=name&limit=50&page=5" "Mozilla/5.0 (Windows NT 10.0; WOW64; Trident/7.0; rv:11.0) like Gecko"
91.112.65.210 - - [16/Oct/2020:10:14:10 +0200] "GET /images/sub_title_bg.jpg HTTP/1.1" 304 - "http://renault.activities.at/10201637?dir=DESC&mode=grid&order=name&limit=50&page=5" "Mozilla/5.0 (Windows NT 10.0; WOW64; Trident/7.0; rv:11.0) like Gecko"
91.112.65.210 - - [16/Oct/2020:10:14:10 +0200] "GET /images/vista-up.gif HTTP/1.1" 304 - "http://renault.activities.at/10201637?dir=DESC&mode=grid&order=name&limit=50&page=5" "Mozilla/5.0 (Windows NT 10.0; WOW64; Trident/7.0; rv:11.0) like Gecko"
91.112.65.210 - - [16/Oct/2020:10:14:10 +0200] "GET /images/button_left_bg.gif HTTP/1.1" 304 - "http://renault.activities.at/10201637?dir=DESC&mode=grid&order=name&limit=50&page=5" "Mozilla/5.0 (Windows NT 10.0; WOW64; Trident/7.0; rv:11.0) like Gecko"
91.112.65.210 - - [16/Oct/2020:10:14:10 +0200] "GET /images/title_border.jpg HTTP/1.1" 304 - "http://renault.activities.at/10201637?dir=DESC&mode=grid&order=name&limit=50&page=5" "Mozilla/5.0 (Windows NT 10.0; WOW64; Trident/7.0; rv:11.0) like Gecko"
91.112.65.210 - - [16/Oct/2020:10:14:10 +0200] "GET /images/vista-dn.gif HTTP/1.1" 304 - "http://renault.activities.at/10201637?dir=DESC&mode=grid&order=name&limit=50&page=5" "Mozilla/5.0 (Windows NT 10.0; WOW64; Trident/7.0; rv:11.0) like Gecko"
91.112.65.210 - - [16/Oct/2020:10:14:10 +0200] "GET /images/top_links_divider.gif HTTP/1.1" 304 - "http://renault.activities.at/10201637?dir=DESC&mode=grid&order=name&limit=50&page=5" "Mozilla/5.0 (Windows NT 10.0; WOW64; Trident/7.0; rv:11.0) like Gecko"
91.112.65.210 - - [16/Oct/2020:10:14:10 +0200] "GET /images/validation_advice_bg.gif HTTP/1.1" 304 - "http://renault.activities.at/10201637?dir=DESC&mode=grid&order=name&limit=50&page=5" "Mozilla/5.0 (Windows NT 10.0; WOW64; Trident/7.0; rv:11.0) like Gecko"
91.112.65.210 - - [16/Oct/2020:10:14:10 +0200] "GET /images/title_corner_left_top.jpg HTTP/1.1" 304 - "http://renault.activities.at/10201637?dir=DESC&mode=grid&order=name&limit=50&page=5" "Mozilla/5.0 (Windows NT 10.0; WOW64; Trident/7.0; rv:11.0) like Gecko"
91.112.65.210 - - [16/Oct/2020:10:14:10 +0200] "GET /images/title_corner_right_top.jpg HTTP/1.1" 304 - "http://renault.activities.at/10201637?dir=DESC&mode=grid&order=name&limit=50&page=5" "Mozilla/5.0 (Windows NT 10.0; WOW64; Trident/7.0; rv:11.0) like Gecko"
193.194.132.29 - - [16/Oct/2020:10:14:09 +0200] "GET /12306211 HTTP/1.1" 200 9871 "-" "Mozilla/5.0 (Windows NT 10.0; Win64; x64) AppleWebKit/537.36 (KHTML, like Gecko) Chrome/64.0.3282.140 Safari/537.36 Edge/17.17134"
193.194.132.29 - - [16/Oct/2020:10:14:11 +0200] "GET /js/actionorder.js HTTP/1.1" 200 4403 "http://renault.activities.at/12306211" "Mozilla/5.0 (Windows NT 10.0; Win64; x64) AppleWebKit/537.36 (KHTML, like Gecko) Chrome/64.0.3282.140 Safari/537.36 Edge/17.17134"
193.194.132.29 - - [16/Oct/2020:10:14:11 +0200] "GET /js/actiontabs.js HTTP/1.1" 200 519 "http://renault.activities.at/12306211" "Mozilla/5.0 (Windows NT 10.0; Win64; x64) AppleWebKit/537.36 (KHTML, like Gecko) Chrome/64.0.3282.140 Safari/537.36 Edge/17.17134"
193.194.132.29 - - [16/Oct/2020:10:14:11 +0200] "GET /images/icons/basket_remove.gif HTTP/1.1" 200 1015 "http://renault.activities.at/12306211" "Mozilla/5.0 (Windows NT 10.0; Win64; x64) AppleWebKit/537.36 (KHTML, like Gecko) Chrome/64.0.3282.140 Safari/537.36 Edge/17.17134"
193.194.132.29 - - [16/Oct/2020:10:14:11 +0200] "GET /loadthumbnail.php?id=12309079&width=200&height=280 HTTP/1.1" 200 6004 "http://renault.activities.at/12306211" "Mozilla/5.0 (Windows NT 10.0; Win64; x64) AppleWebKit/537.36 (KHTML, like Gecko) Chrome/64.0.3282.140 Safari/537.36 Edge/17.17134"
193.194.132.29 - - [16/Oct/2020:10:14:11 +0200] "GET /images/tabs_corner_left_top.gif HTTP/1.1" 200 99 "http://renault.activities.at/12306211" "Mozilla/5.0 (Windows NT 10.0; Win64; x64) AppleWebKit/537.36 (KHTML, like Gecko) Chrome/64.0.3282.140 Safari/537.36 Edge/17.17134"
193.194.132.29 - - [16/Oct/2020:10:14:11 +0200] "GET /images/tabs_button_corner_left_top.gif HTTP/1.1" 200 132 "http://renault.activities.at/12306211" "Mozilla/5.0 (Windows NT 10.0; Win64; x64) AppleWebKit/537.36 (KHTML, like Gecko) Chrome/64.0.3282.140 Safari/537.36 Edge/17.17134"
193.194.132.29 - - [16/Oct/2020:10:14:11 +0200] "GET /images/tabs_corner_left_bot.gif HTTP/1.1" 200 98 "http://renault.activities.at/12306211" "Mozilla/5.0 (Windows NT 10.0; Win64; x64) AppleWebKit/537.36 (KHTML, like Gecko) Chrome/64.0.3282.140 Safari/537.36 Edge/17.17134"
193.194.132.29 - - [16/Oct/2020:10:14:11 +0200] "GET /images/tabs_corner_right_bot.gif HTTP/1.1" 200 99 "http://renault.activities.at/12306211" "Mozilla/5.0 (Windows NT 10.0; Win64; x64) AppleWebKit/537.36 (KHTML, like Gecko) Chrome/64.0.3282.140 Safari/537.36 Edge/17.17134"
193.194.132.29 - - [16/Oct/2020:10:14:11 +0200] "GET /images/tabs_button_corner_left_top_active.gif HTTP/1.1" 200 138 "http://renault.activities.at/12306211" "Mozilla/5.0 (Windows NT 10.0; Win64; x64) AppleWebKit/537.36 (KHTML, like Gecko) Chrome/64.0.3282.140 Safari/537.36 Edge/17.17134"
193.194.132.29 - - [16/Oct/2020:10:14:11 +0200] "GET /images/tabs_corner_right_top.gif HTTP/1.1" 200 98 "http://renault.activities.at/12306211" "Mozilla/5.0 (Windows NT 10.0; Win64; x64) AppleWebKit/537.36 (KHTML, like Gecko) Chrome/64.0.3282.140 Safari/537.36 Edge/17.17134"
193.194.132.29 - - [16/Oct/2020:10:14:11 +0200] "GET /loadthumbnail.php?id=12312484&width=200&height=280 HTTP/1.1" 200 4176 "http://renault.activities.at/12306211" "Mozilla/5.0 (Windows NT 10.0; Win64; x64) AppleWebKit/537.36 (KHTML, like Gecko) Chrome/64.0.3282.140 Safari/537.36 Edge/17.17134"
193.194.132.29 - - [16/Oct/2020:10:14:11 +0200] "GET /loadthumbnail.php?id=12312487&width=200&height=280 HTTP/1.1" 200 3618 "http://renault.activities.at/12306211" "Mozilla/5.0 (Windows NT 10.0; Win64; x64) AppleWebKit/537.36 (KHTML, like Gecko) Chrome/64.0.3282.140 Safari/537.36 Edge/17.17134"
193.194.132.29 - - [16/Oct/2020:10:14:11 +0200] "GET /loadthumbnail.php?id=12312485&width=200&height=280 HTTP/1.1" 200 3413 "http://renault.activities.at/12306211" "Mozilla/5.0 (Windows NT 10.0; Win64; x64) AppleWebKit/537.36 (KHTML, like Gecko) Chrome/64.0.3282.140 Safari/537.36 Edge/17.17134"
193.194.132.29 - - [16/Oct/2020:10:14:11 +0200] "GET /loadthumbnail.php?id=12312486&width=200&height=280 HTTP/1.1" 200 4626 "http://renault.activities.at/12306211" "Mozilla/5.0 (Windows NT 10.0; Win64; x64) AppleWebKit/537.36 (KHTML, like Gecko) Chrome/64.0.3282.140 Safari/537.36 Edge/17.17134"
193.194.132.29 - - [16/Oct/2020:10:14:11 +0200] "GET /loadthumbnail.php?id=12309079&width=200&height=200 HTTP/1.1" 200 6004 "http://renault.activities.at/12306211" "Mozilla/5.0 (Windows NT 10.0; Win64; x64) AppleWebKit/537.36 (KHTML, like Gecko) Chrome/64.0.3282.140 Safari/537.36 Edge/17.17134"
193.194.132.29 - - [16/Oct/2020:10:14:11 +0200] "GET /images/tabs_button_corner_right_top.gif HTTP/1.1" 200 132 "http://renault.activities.at/12306211" "Mozilla/5.0 (Windows NT 10.0; Win64; x64) AppleWebKit/537.36 (KHTML, like Gecko) Chrome/64.0.3282.140 Safari/537.36 Edge/17.17134"
193.194.132.29 - - [16/Oct/2020:10:14:11 +0200] "GET /images/tabs_border.gif HTTP/1.1" 200 43 "http://renault.activities.at/12306211" "Mozilla/5.0 (Windows NT 10.0; Win64; x64) AppleWebKit/537.36 (KHTML, like Gecko) Chrome/64.0.3282.140 Safari/537.36 Edge/17.17134"
193.194.132.29 - - [16/Oct/2020:10:14:11 +0200] "GET /images/tabs_button_corner_right_top_active.gif HTTP/1.1" 200 136 "http://renault.activities.at/12306211" "Mozilla/5.0 (Windows NT 10.0; Win64; x64) AppleWebKit/537.36 (KHTML, like Gecko) Chrome/64.0.3282.140 Safari/537.36 Edge/17.17134"
193.194.132.29 - - [16/Oct/2020:10:14:14 +0200] "GET /images/vista-up-hover.gif HTTP/1.1" 200 130 "http://renault.activities.at/12306211" "Mozilla/5.0 (Windows NT 10.0; Win64; x64) AppleWebKit/537.36 (KHTML, like Gecko) Chrome/64.0.3282.140 Safari/537.36 Edge/17.17134"
91.112.65.210 - - [16/Oct/2020:10:14:17 +0200] "GET /images/pager_bg.gif HTTP/1.1" 304 - "http://renault.activities.at/10201637?dir=DESC&mode=grid&order=name&limit=50&page=5" "Mozilla/5.0 (Windows NT 10.0; WOW64; Trident/7.0; rv:11.0) like Gecko"
80.120.210.179 - - [16/Oct/2020:10:14:27 +0200] "GET /reload?ser=1602836067269 HTTP/1.1" 200 28 "http://renault.activities.at/result?searchterm=true&search=Schlauchschal" "Mozilla/5.0 (Windows NT 10.0; WOW64; Trident/7.0; rv:11.0) like Gecko"
80.122.46.22 - - [16/Oct/2020:10:14:31 +0200] "GET /reload?ser=1602836071947 HTTP/1.1" 200 28 "http://renault.activities.at/12306211" "Mozilla/5.0 (Windows NT 10.0; Win64; x64) AppleWebKit/537.36 (KHTML, like Gecko) Chrome/86.0.4240.75 Safari/537.36"
91.112.65.210 - - [16/Oct/2020:10:14:39 +0200] "GET /10201637?dir=DESC&mode=grid&order=name&limit=50&page=2 HTTP/1.1" 200 13694 "http://renault.activities.at/10201637?dir=DESC&mode=grid&order=name&limit=50&page=5" "Mozilla/5.0 (Windows NT 10.0; WOW64; Trident/7.0; rv:11.0) like Gecko"
91.112.65.210 - - [16/Oct/2020:10:14:41 +0200] "GET /js/default.js HTTP/1.1" 304 - "http://renault.activities.at/10201637?dir=DESC&mode=grid&order=name&limit=50&page=2" "Mozilla/5.0 (Windows NT 10.0; WOW64; Trident/7.0; rv:11.0) like Gecko"
91.112.65.210 - - [16/Oct/2020:10:14:41 +0200] "GET /js/prototip.js HTTP/1.1" 304 - "http://renault.activities.at/10201637?dir=DESC&mode=grid&order=name&limit=50&page=2" "Mozilla/5.0 (Windows NT 10.0; WOW64; Trident/7.0; rv:11.0) like Gecko"
91.112.65.210 - - [16/Oct/2020:10:14:41 +0200] "GET /css/reset.css HTTP/1.1" 304 - "http://renault.activities.at/10201637?dir=DESC&mode=grid&order=name&limit=50&page=2" "Mozilla/5.0 (Windows NT 10.0; WOW64; Trident/7.0; rv:11.0) like Gecko"
91.112.65.210 - - [16/Oct/2020:10:14:41 +0200] "GET /css/styles.css HTTP/1.1" 304 - "http://renault.activities.at/10201637?dir=DESC&mode=grid&order=name&limit=50&page=2" "Mozilla/5.0 (Windows NT 10.0; WOW64; Trident/7.0; rv:11.0) like Gecko"
91.112.65.210 - - [16/Oct/2020:10:14:41 +0200] "GET /css/clears.css HTTP/1.1" 304 - "http://renault.activities.at/10201637?dir=DESC&mode=grid&order=name&limit=50&page=2" "Mozilla/5.0 (Windows NT 10.0; WOW64; Trident/7.0; rv:11.0) like Gecko"
91.112.65.210 - - [16/Oct/2020:10:14:41 +0200] "GET /js/checkout.css HTTP/1.1" 304 - "http://renault.activities.at/10201637?dir=DESC&mode=grid&order=name&limit=50&page=2" "Mozilla/5.0 (Windows NT 10.0; WOW64; Trident/7.0; rv:11.0) like Gecko"
91.112.65.210 - - [16/Oct/2020:10:14:41 +0200] "GET /css/print.css HTTP/1.1" 304 - "http://renault.activities.at/10201637?dir=DESC&mode=grid&order=name&limit=50&page=2" "Mozilla/5.0 (Windows NT 10.0; WOW64; Trident/7.0; rv:11.0) like Gecko"
91.112.65.210 - - [16/Oct/2020:10:14:41 +0200] "GET /css/prototip.css HTTP/1.1" 304 - "http://renault.activities.at/10201637?dir=DESC&mode=grid&order=name&limit=50&page=2" "Mozilla/5.0 (Windows NT 10.0; WOW64; Trident/7.0; rv:11.0) like Gecko"
91.112.65.210 - - [16/Oct/2020:10:14:41 +0200] "GET /css/themes/default.css HTTP/1.1" 304 - "http://renault.activities.at/10201637?dir=DESC&mode=grid&order=name&limit=50&page=2" "Mozilla/5.0 (Windows NT 10.0; WOW64; Trident/7.0; rv:11.0) like Gecko"
91.112.65.210 - - [16/Oct/2020:10:14:41 +0200] "GET /css/themes/alphacube.css HTTP/1.1" 304 - "http://renault.activities.at/10201637?dir=DESC&mode=grid&order=name&limit=50&page=2" "Mozilla/5.0 (Windows NT 10.0; WOW64; Trident/7.0; rv:11.0) like Gecko"
91.112.65.210 - - [16/Oct/2020:10:14:41 +0200] "GET /js/ProduktGrp.js HTTP/1.1" 304 - "http://renault.activities.at/10201637?dir=DESC&mode=grid&order=name&limit=50&page=2" "Mozilla/5.0 (Windows NT 10.0; WOW64; Trident/7.0; rv:11.0) like Gecko"
91.112.65.210 - - [16/Oct/2020:10:14:41 +0200] "GET /images/loading.gif HTTP/1.1" 304 - "http://renault.activities.at/10201637?dir=DESC&mode=grid&order=name&limit=50&page=2" "Mozilla/5.0 (Windows NT 10.0; WOW64; Trident/7.0; rv:11.0) like Gecko"
91.112.65.210 - - [16/Oct/2020:10:14:41 +0200] "GET /images/main_block_corner_left_top.gif HTTP/1.1" 304 - "http://renault.activities.at/10201637?dir=DESC&mode=grid&order=name&limit=50&page=2" "Mozilla/5.0 (Windows NT 10.0; WOW64; Trident/7.0; rv:11.0) like Gecko"
91.112.65.210 - - [16/Oct/2020:10:14:41 +0200] "GET /images/main_block_corner_right_top.gif HTTP/1.1" 304 - "http://renault.activities.at/10201637?dir=DESC&mode=grid&order=name&limit=50&page=2" "Mozilla/5.0 (Windows NT 10.0; WOW64; Trident/7.0; rv:11.0) like Gecko"
91.112.65.210 - - [16/Oct/2020:10:14:41 +0200] "GET /images/header_block_corner_right_top.gif HTTP/1.1" 304 - "http://renault.activities.at/10201637?dir=DESC&mode=grid&order=name&limit=50&page=2" "Mozilla/5.0 (Windows NT 10.0; WOW64; Trident/7.0; rv:11.0) like Gecko"
91.112.65.210 - - [16/Oct/2020:10:14:41 +0200] "GET /images/main_block_corner_left_bot.gif HTTP/1.1" 304 - "http://renault.activities.at/10201637?dir=DESC&mode=grid&order=name&limit=50&page=2" "Mozilla/5.0 (Windows NT 10.0; WOW64; Trident/7.0; rv:11.0) like Gecko"
91.112.65.210 - - [16/Oct/2020:10:14:41 +0200] "GET /images/search_bg.gif HTTP/1.1" 304 - "http://renault.activities.at/10201637?dir=DESC&mode=grid&order=name&limit=50&page=2" "Mozilla/5.0 (Windows NT 10.0; WOW64; Trident/7.0; rv:11.0) like Gecko"
91.112.65.210 - - [16/Oct/2020:10:14:41 +0200] "GET /images/header_block_border.gif HTTP/1.1" 304 - "http://renault.activities.at/10201637?dir=DESC&mode=grid&order=name&limit=50&page=2" "Mozilla/5.0 (Windows NT 10.0; WOW64; Trident/7.0; rv:11.0) like Gecko"
