91.112.65.210 - - [16/Oct/2020:10:28:42 +0200] "GET /css/themes/alphacube/bottom_left-c.gif HTTP/1.1" 304 - "http://renault.activities.at/10260283" "Mozilla/5.0 (Windows NT 10.0; WOW64; Trident/7.0; rv:11.0) like Gecko"
91.112.65.210 - - [16/Oct/2020:10:28:42 +0200] "GET /css/themes/alphacube/button-close-focus.gif HTTP/1.1" 304 - "http://renault.activities.at/10260283" "Mozilla/5.0 (Windows NT 10.0; WOW64; Trident/7.0; rv:11.0) like Gecko"
91.112.65.210 - - [16/Oct/2020:10:28:42 +0200] "GET /css/themes/alphacube/bottom_right-c.gif HTTP/1.1" 304 - "http://renault.activities.at/10260283" "Mozilla/5.0 (Windows NT 10.0; WOW64; Trident/7.0; rv:11.0) like Gecko"
80.120.210.179 - - [16/Oct/2020:10:28:41 +0200] "GET /reload?ser=1602836921117 HTTP/1.1" 200 28 "http://renault.activities.at/result?searchterm=true&search=Schlauchschal" "Mozilla/5.0 (Windows NT 10.0; WOW64; Trident/7.0; rv:11.0) like Gecko"
80.122.53.106 - - [16/Oct/2020:10:28:42 +0200] "GET /reload?ser=1602836943118 HTTP/1.1" 200 28 "http://renault.activities.at/10201442" "Mozilla/5.0 (Windows NT 10.0; WOW64) AppleWebKit/537.36 (KHTML, like Gecko) Chrome/80.0.3987.87 Safari/537.36"
91.112.65.210 - - [16/Oct/2020:10:28:41 +0200] "GET /11278067?print=true HTTP/1.1" 200 2657 "http://renault.activities.at/10260283" "Mozilla/5.0 (Windows NT 10.0; WOW64; Trident/7.0; rv:11.0) like Gecko"
91.112.65.210 - - [16/Oct/2020:10:28:44 +0200] "GET /js/default.js HTTP/1.1" 304 - "http://renault.activities.at/11278067?print=true" "Mozilla/5.0 (Windows NT 10.0; WOW64; Trident/7.0; rv:11.0) like Gecko"
91.112.65.210 - - [16/Oct/2020:10:28:44 +0200] "GET /css/reset.css HTTP/1.1" 304 - "http://renault.activities.at/11278067?print=true" "Mozilla/5.0 (Windows NT 10.0; WOW64; Trident/7.0; rv:11.0) like Gecko"
91.112.65.210 - - [16/Oct/2020:10:28:44 +0200] "GET /css/styles.css HTTP/1.1" 304 - "http://renault.activities.at/11278067?print=true" "Mozilla/5.0 (Windows NT 10.0; WOW64; Trident/7.0; rv:11.0) like Gecko"
91.112.65.210 - - [16/Oct/2020:10:28:44 +0200] "GET /css/clears.css HTTP/1.1" 304 - "http://renault.activities.at/11278067?print=true" "Mozilla/5.0 (Windows NT 10.0; WOW64; Trident/7.0; rv:11.0) like Gecko"
91.112.65.210 - - [16/Oct/2020:10:28:44 +0200] "GET /css/print.css HTTP/1.1" 304 - "http://renault.activities.at/11278067?print=true" "Mozilla/5.0 (Windows NT 10.0; WOW64; Trident/7.0; rv:11.0) like Gecko"
91.112.65.210 - - [16/Oct/2020:10:28:44 +0200] "GET /js/checkout.css HTTP/1.1" 304 - "http://renault.activities.at/11278067?print=true" "Mozilla/5.0 (Windows NT 10.0; WOW64; Trident/7.0; rv:11.0) like Gecko"
91.112.65.210 - - [16/Oct/2020:10:28:44 +0200] "GET /css/prototip.css HTTP/1.1" 304 - "http://renault.activities.at/11278067?print=true" "Mozilla/5.0 (Windows NT 10.0; WOW64; Trident/7.0; rv:11.0) like Gecko"
91.112.65.210 - - [16/Oct/2020:10:28:44 +0200] "GET /css/themes/default.css HTTP/1.1" 304 - "http://renault.activities.at/11278067?print=true" "Mozilla/5.0 (Windows NT 10.0; WOW64; Trident/7.0; rv:11.0) like Gecko"
91.112.65.210 - - [16/Oct/2020:10:28:44 +0200] "GET /css/themes/alphacube.css HTTP/1.1" 304 - "http://renault.activities.at/11278067?print=true" "Mozilla/5.0 (Windows NT 10.0; WOW64; Trident/7.0; rv:11.0) like Gecko"
91.112.65.210 - - [16/Oct/2020:10:28:44 +0200] "GET /js/magiczoom/magiczoom.css HTTP/1.1" 304 - "http://renault.activities.at/11278067?print=true" "Mozilla/5.0 (Windows NT 10.0; WOW64; Trident/7.0; rv:11.0) like Gecko"
91.112.65.210 - - [16/Oct/2020:10:28:44 +0200] "GET /js/magiczoom/magiczoom.js HTTP/1.1" 304 - "http://renault.activities.at/11278067?print=true" "Mozilla/5.0 (Windows NT 10.0; WOW64; Trident/7.0; rv:11.0) like Gecko"
91.112.65.210 - - [16/Oct/2020:10:28:44 +0200] "GET /js/Produkt.js HTTP/1.1" 304 - "http://renault.activities.at/11278067?print=true" "Mozilla/5.0 (Windows NT 10.0; WOW64; Trident/7.0; rv:11.0) like Gecko"
91.112.65.210 - - [16/Oct/2020:10:28:44 +0200] "GET /loadthumbnail.php?id=11304834&width=250 HTTP/1.1" 200 2026 "http://renault.activities.at/11278067?print=true" "Mozilla/5.0 (Windows NT 10.0; WOW64; Trident/7.0; rv:11.0) like Gecko"
91.112.65.210 - - [16/Oct/2020:10:28:45 +0200] "GET /loadthumbnail.php?id=11304834&width=900&height=900 HTTP/1.1" 200 6209 "http://renault.activities.at/11278067?print=true" "Mozilla/5.0 (Windows NT 10.0; WOW64; Trident/7.0; rv:11.0) like Gecko"
91.112.65.210 - - [16/Oct/2020:10:28:45 +0200] "GET /js/magiczoom/graphics/hint.gif HTTP/1.1" 304 - "http://renault.activities.at/11278067?print=true" "Mozilla/5.0 (Windows NT 10.0; WOW64; Trident/7.0; rv:11.0) like Gecko"
80.122.46.22 - - [16/Oct/2020:10:28:47 +0200] "GET /reload?ser=1602836927964 HTTP/1.1" 200 28 "http://renault.activities.at/12306211" "Mozilla/5.0 (Windows NT 10.0; Win64; x64) AppleWebKit/537.36 (KHTML, like Gecko) Chrome/86.0.4240.75 Safari/537.36"
91.112.65.210 - - [16/Oct/2020:10:28:49 +0200] "GET /null HTTP/1.1" 200 3621 "http://renault.activities.at/10260283" "Mozilla/5.0 (Windows NT 10.0; WOW64; Trident/7.0; rv:11.0) like Gecko"
91.112.65.210 - - [16/Oct/2020:10:28:50 +0200] "GET /js/default.js HTTP/1.1" 304 - "http://renault.activities.at/null" "Mozilla/5.0 (Windows NT 10.0; WOW64; Trident/7.0; rv:11.0) like Gecko"
91.112.65.210 - - [16/Oct/2020:10:28:50 +0200] "GET /css/reset.css HTTP/1.1" 304 - "http://renault.activities.at/null" "Mozilla/5.0 (Windows NT 10.0; WOW64; Trident/7.0; rv:11.0) like Gecko"
91.112.65.210 - - [16/Oct/2020:10:28:50 +0200] "GET /css/styles.css HTTP/1.1" 304 - "http://renault.activities.at/null" "Mozilla/5.0 (Windows NT 10.0; WOW64; Trident/7.0; rv:11.0) like Gecko"
91.112.65.210 - - [16/Oct/2020:10:28:50 +0200] "GET /css/clears.css HTTP/1.1" 304 - "http://renault.activities.at/null" "Mozilla/5.0 (Windows NT 10.0; WOW64; Trident/7.0; rv:11.0) like Gecko"
91.112.65.210 - - [16/Oct/2020:10:28:50 +0200] "GET /css/print.css HTTP/1.1" 304 - "http://renault.activities.at/null" "Mozilla/5.0 (Windows NT 10.0; WOW64; Trident/7.0; rv:11.0) like Gecko"
91.112.65.210 - - [16/Oct/2020:10:28:50 +0200] "GET /js/checkout.css HTTP/1.1" 304 - "http://renault.activities.at/null" "Mozilla/5.0 (Windows NT 10.0; WOW64; Trident/7.0; rv:11.0) like Gecko"
91.112.65.210 - - [16/Oct/2020:10:28:50 +0200] "GET /css/prototip.css HTTP/1.1" 304 - "http://renault.activities.at/null" "Mozilla/5.0 (Windows NT 10.0; WOW64; Trident/7.0; rv:11.0) like Gecko"
91.112.65.210 - - [16/Oct/2020:10:28:50 +0200] "GET /css/themes/default.css HTTP/1.1" 304 - "http://renault.activities.at/null" "Mozilla/5.0 (Windows NT 10.0; WOW64; Trident/7.0; rv:11.0) like Gecko"
91.112.65.210 - - [16/Oct/2020:10:28:50 +0200] "GET /css/themes/alphacube.css HTTP/1.1" 304 - "http://renault.activities.at/null" "Mozilla/5.0 (Windows NT 10.0; WOW64; Trident/7.0; rv:11.0) like Gecko"
80.120.210.179 - - [16/Oct/2020:10:29:14 +0200] "GET /reload?ser=1602836953205 HTTP/1.1" 200 28 "http://renault.activities.at/result?searchterm=true&search=schlauch" "Mozilla/5.0 (Windows NT 10.0; Win64; x64) AppleWebKit/537.36 (KHTML, like Gecko) Chrome/86.0.4240.75 Safari/537.36"
212.152.246.131 - - [16/Oct/2020:10:29:16 +0200] "GET /reload?ser=1602837145866 HTTP/1.1" 200 28 "http://renault.activities.at/" "Mozilla/5.0 (Windows NT 10.0; Win64; x64) AppleWebKit/537.36 (KHTML, like Gecko) Chrome/86.0.4240.75 Safari/537.36"
212.152.158.195 - - [16/Oct/2020:10:29:18 +0200] "GET /reload?ser=1602836958397 HTTP/1.1" 200 28 "http://renault.activities.at/success" "Mozilla/5.0 (Windows NT 10.0; Win64; x64) AppleWebKit/537.36 (KHTML, like Gecko) Chrome/86.0.4240.75 Safari/537.36"
91.112.65.210 - - [16/Oct/2020:10:29:21 +0200] "GET /10260294 HTTP/1.1" 200 5013 "http://renault.activities.at/10260283" "Mozilla/5.0 (Windows NT 10.0; WOW64; Trident/7.0; rv:11.0) like Gecko"
91.112.65.210 - - [16/Oct/2020:10:29:23 +0200] "GET /js/default.js HTTP/1.1" 304 - "http://renault.activities.at/10260294" "Mozilla/5.0 (Windows NT 10.0; WOW64; Trident/7.0; rv:11.0) like Gecko"
91.112.65.210 - - [16/Oct/2020:10:29:23 +0200] "GET /js/prototip.js HTTP/1.1" 304 - "http://renault.activities.at/10260294" "Mozilla/5.0 (Windows NT 10.0; WOW64; Trident/7.0; rv:11.0) like Gecko"
91.112.65.210 - - [16/Oct/2020:10:29:23 +0200] "GET /css/reset.css HTTP/1.1" 304 - "http://renault.activities.at/10260294" "Mozilla/5.0 (Windows NT 10.0; WOW64; Trident/7.0; rv:11.0) like Gecko"
91.112.65.210 - - [16/Oct/2020:10:29:23 +0200] "GET /css/styles.css HTTP/1.1" 304 - "http://renault.activities.at/10260294" "Mozilla/5.0 (Windows NT 10.0; WOW64; Trident/7.0; rv:11.0) like Gecko"
91.112.65.210 - - [16/Oct/2020:10:29:23 +0200] "GET /css/clears.css HTTP/1.1" 304 - "http://renault.activities.at/10260294" "Mozilla/5.0 (Windows NT 10.0; WOW64; Trident/7.0; rv:11.0) like Gecko"
91.112.65.210 - - [16/Oct/2020:10:29:23 +0200] "GET /css/print.css HTTP/1.1" 304 - "http://renault.activities.at/10260294" "Mozilla/5.0 (Windows NT 10.0; WOW64; Trident/7.0; rv:11.0) like Gecko"
91.112.65.210 - - [16/Oct/2020:10:29:23 +0200] "GET /js/checkout.css HTTP/1.1" 304 - "http://renault.activities.at/10260294" "Mozilla/5.0 (Windows NT 10.0; WOW64; Trident/7.0; rv:11.0) like Gecko"
91.112.65.210 - - [16/Oct/2020:10:29:23 +0200] "GET /css/prototip.css HTTP/1.1" 304 - "http://renault.activities.at/10260294" "Mozilla/5.0 (Windows NT 10.0; WOW64; Trident/7.0; rv:11.0) like Gecko"
91.112.65.210 - - [16/Oct/2020:10:29:23 +0200] "GET /css/themes/default.css HTTP/1.1" 304 - "http://renault.activities.at/10260294" "Mozilla/5.0 (Windows NT 10.0; WOW64; Trident/7.0; rv:11.0) like Gecko"
91.112.65.210 - - [16/Oct/2020:10:29:23 +0200] "GET /css/themes/alphacube.css HTTP/1.1" 304 - "http://renault.activities.at/10260294" "Mozilla/5.0 (Windows NT 10.0; WOW64; Trident/7.0; rv:11.0) like Gecko"
91.112.65.210 - - [16/Oct/2020:10:29:23 +0200] "GET /js/ProduktGrp.js HTTP/1.1" 304 - "http://renault.activities.at/10260294" "Mozilla/5.0 (Windows NT 10.0; WOW64; Trident/7.0; rv:11.0) like Gecko"
91.112.65.210 - - [16/Oct/2020:10:29:23 +0200] "GET /images/loading.gif HTTP/1.1" 304 - "http://renault.activities.at/10260294" "Mozilla/5.0 (Windows NT 10.0; WOW64; Trident/7.0; rv:11.0) like Gecko"
91.112.65.210 - - [16/Oct/2020:10:29:23 +0200] "GET /images/search_bg.gif HTTP/1.1" 304 - "http://renault.activities.at/10260294" "Mozilla/5.0 (Windows NT 10.0; WOW64; Trident/7.0; rv:11.0) like Gecko"
91.112.65.210 - - [16/Oct/2020:10:29:23 +0200] "GET /images/main_block_corner_right_top.gif HTTP/1.1" 304 - "http://renault.activities.at/10260294" "Mozilla/5.0 (Windows NT 10.0; WOW64; Trident/7.0; rv:11.0) like Gecko"
91.112.65.210 - - [16/Oct/2020:10:29:23 +0200] "GET /images/header_block_corner_right_top.gif HTTP/1.1" 304 - "http://renault.activities.at/10260294" "Mozilla/5.0 (Windows NT 10.0; WOW64; Trident/7.0; rv:11.0) like Gecko"
91.112.65.210 - - [16/Oct/2020:10:29:23 +0200] "GET /images/main_block_corner_left_top.gif HTTP/1.1" 304 - "http://renault.activities.at/10260294" "Mozilla/5.0 (Windows NT 10.0; WOW64; Trident/7.0; rv:11.0) like Gecko"
91.112.65.210 - - [16/Oct/2020:10:29:23 +0200] "GET /images/header_block_border.gif HTTP/1.1" 304 - "http://renault.activities.at/10260294" "Mozilla/5.0 (Windows NT 10.0; WOW64; Trident/7.0; rv:11.0) like Gecko"
91.112.65.210 - - [16/Oct/2020:10:29:23 +0200] "GET /images/main_block_border.gif HTTP/1.1" 304 - "http://renault.activities.at/10260294" "Mozilla/5.0 (Windows NT 10.0; WOW64; Trident/7.0; rv:11.0) like Gecko"
91.112.65.210 - - [16/Oct/2020:10:29:23 +0200] "GET /images/main_block_corner_right_bot.gif HTTP/1.1" 304 - "http://renault.activities.at/10260294" "Mozilla/5.0 (Windows NT 10.0; WOW64; Trident/7.0; rv:11.0) like Gecko"
91.112.65.210 - - [16/Oct/2020:10:29:23 +0200] "GET /images/header_block_corner_left_top.gif HTTP/1.1" 304 - "http://renault.activities.at/10260294" "Mozilla/5.0 (Windows NT 10.0; WOW64; Trident/7.0; rv:11.0) like Gecko"
91.112.65.210 - - [16/Oct/2020:10:29:23 +0200] "GET /images/main_block_corner_left_bot.gif HTTP/1.1" 304 - "http://renault.activities.at/10260294" "Mozilla/5.0 (Windows NT 10.0; WOW64; Trident/7.0; rv:11.0) like Gecko"
91.112.65.210 - - [16/Oct/2020:10:29:23 +0200] "GET /images/nav_divider.gif HTTP/1.1" 304 - "http://renault.activities.at/10260294" "Mozilla/5.0 (Windows NT 10.0; WOW64; Trident/7.0; rv:11.0) like Gecko"
91.112.65.210 - - [16/Oct/2020:10:29:23 +0200] "GET /images/title_corner_left_top.jpg HTTP/1.1" 304 - "http://renault.activities.at/10260294" "Mozilla/5.0 (Windows NT 10.0; WOW64; Trident/7.0; rv:11.0) like Gecko"
91.112.65.210 - - [16/Oct/2020:10:29:23 +0200] "GET /images/sidebar_title_border.gif HTTP/1.1" 304 - "http://renault.activities.at/10260294" "Mozilla/5.0 (Windows NT 10.0; WOW64; Trident/7.0; rv:11.0) like Gecko"
91.112.65.210 - - [16/Oct/2020:10:29:23 +0200] "GET /images/title_border.jpg HTTP/1.1" 304 - "http://renault.activities.at/10260294" "Mozilla/5.0 (Windows NT 10.0; WOW64; Trident/7.0; rv:11.0) like Gecko"
91.112.65.210 - - [16/Oct/2020:10:29:23 +0200] "GET /images/menu_divider.gif HTTP/1.1" 304 - "http://renault.activities.at/10260294" "Mozilla/5.0 (Windows NT 10.0; WOW64; Trident/7.0; rv:11.0) like Gecko"
91.112.65.210 - - [16/Oct/2020:10:29:23 +0200] "GET /images/menu_button_bg.jpg HTTP/1.1" 304 - "http://renault.activities.at/10260294" "Mozilla/5.0 (Windows NT 10.0; WOW64; Trident/7.0; rv:11.0) like Gecko"
91.112.65.210 - - [16/Oct/2020:10:29:23 +0200] "GET /images/sidebar_title_border_top.gif HTTP/1.1" 304 - "http://renault.activities.at/10260294" "Mozilla/5.0 (Windows NT 10.0; WOW64; Trident/7.0; rv:11.0) like Gecko"
91.112.65.210 - - [16/Oct/2020:10:29:23 +0200] "GET /images/title_corner_right_top.jpg HTTP/1.1" 304 - "http://renault.activities.at/10260294" "Mozilla/5.0 (Windows NT 10.0; WOW64; Trident/7.0; rv:11.0) like Gecko"
91.112.65.210 - - [16/Oct/2020:10:29:23 +0200] "GET /images/button_left_bg.gif HTTP/1.1" 304 - "http://renault.activities.at/10260294" "Mozilla/5.0 (Windows NT 10.0; WOW64; Trident/7.0; rv:11.0) like Gecko"
91.112.65.210 - - [16/Oct/2020:10:29:23 +0200] "GET /images/top_links_divider.gif HTTP/1.1" 304 - "http://renault.activities.at/10260294" "Mozilla/5.0 (Windows NT 10.0; WOW64; Trident/7.0; rv:11.0) like Gecko"
91.112.65.210 - - [16/Oct/2020:10:29:23 +0200] "GET /images/note_msg_icon.gif HTTP/1.1" 304 - "http://renault.activities.at/10260294" "Mozilla/5.0 (Windows NT 10.0; WOW64; Trident/7.0; rv:11.0) like Gecko"
91.112.65.210 - - [16/Oct/2020:10:29:23 +0200] "GET /images/title_border_top.jpg HTTP/1.1" 304 - "http://renault.activities.at/10260294" "Mozilla/5.0 (Windows NT 10.0; WOW64; Trident/7.0; rv:11.0) like Gecko"
91.112.65.210 - - [16/Oct/2020:10:29:23 +0200] "GET /images/button_right_bg.gif HTTP/1.1" 304 - "http://renault.activities.at/10260294" "Mozilla/5.0 (Windows NT 10.0; WOW64; Trident/7.0; rv:11.0) like Gecko"
91.112.65.210 - - [16/Oct/2020:10:29:23 +0200] "GET /images/sidebar_title_corner_right_top.gif HTTP/1.1" 304 - "http://renault.activities.at/10260294" "Mozilla/5.0 (Windows NT 10.0; WOW64; Trident/7.0; rv:11.0) like Gecko"
91.112.65.210 - - [16/Oct/2020:10:29:23 +0200] "GET /images/button_bg.gif HTTP/1.1" 304 - "http://renault.activities.at/10260294" "Mozilla/5.0 (Windows NT 10.0; WOW64; Trident/7.0; rv:11.0) like Gecko"
91.112.65.210 - - [16/Oct/2020:10:29:23 +0200] "GET /images/sidebar_title_corner_left_top.gif HTTP/1.1" 304 - "http://renault.activities.at/10260294" "Mozilla/5.0 (Windows NT 10.0; WOW64; Trident/7.0; rv:11.0) like Gecko"
91.112.65.210 - - [16/Oct/2020:10:29:23 +0200] "GET /images/footer_divider.gif HTTP/1.1" 304 - "http://renault.activities.at/10260294" "Mozilla/5.0 (Windows NT 10.0; WOW64; Trident/7.0; rv:11.0) like Gecko"
193.194.132.29 - - [16/Oct/2020:10:29:27 +0200] "GET /reload?ser=1602836967748 HTTP/1.1" 200 28 "http://renault.activities.at/login?required=true" "Mozilla/5.0 (Windows NT 10.0; Win64; x64) AppleWebKit/537.36 (KHTML, like Gecko) Chrome/64.0.3282.140 Safari/537.36 Edge/17.17134"
193.194.132.27 - - [16/Oct/2020:10:29:28 +0200] "GET /reload?ser=1602836968606 HTTP/1.1" 200 28 "http://renault.2web.at/account" "Mozilla/5.0 (Windows NT 10.0; Win64; x64) AppleWebKit/537.36 (KHTML, like Gecko) Chrome/86.0.4240.75 Safari/537.36"
193.194.132.29 - - [16/Oct/2020:10:29:36 +0200] "GET /reload?ser=1602836976189 HTTP/1.1" 200 28 "http://renault.activities.at/12306211" "Mozilla/5.0 (Windows NT 10.0; Win64; x64) AppleWebKit/537.36 (KHTML, like Gecko) Chrome/64.0.3282.140 Safari/537.36 Edge/17.17134"
91.112.65.210 - - [16/Oct/2020:10:29:36 +0200] "GET /10260283 HTTP/1.1" 200 6197 "http://renault.activities.at/10260294" "Mozilla/5.0 (Windows NT 10.0; WOW64; Trident/7.0; rv:11.0) like Gecko"
91.112.65.210 - - [16/Oct/2020:10:29:38 +0200] "GET /js/default.js HTTP/1.1" 304 - "http://renault.activities.at/10260283" "Mozilla/5.0 (Windows NT 10.0; WOW64; Trident/7.0; rv:11.0) like Gecko"
91.112.65.210 - - [16/Oct/2020:10:29:38 +0200] "GET /js/prototip.js HTTP/1.1" 304 - "http://renault.activities.at/10260283" "Mozilla/5.0 (Windows NT 10.0; WOW64; Trident/7.0; rv:11.0) like Gecko"
91.112.65.210 - - [16/Oct/2020:10:29:38 +0200] "GET /css/reset.css HTTP/1.1" 304 - "http://renault.activities.at/10260283" "Mozilla/5.0 (Windows NT 10.0; WOW64; Trident/7.0; rv:11.0) like Gecko"
91.112.65.210 - - [16/Oct/2020:10:29:38 +0200] "GET /css/styles.css HTTP/1.1" 304 - "http://renault.activities.at/10260283" "Mozilla/5.0 (Windows NT 10.0; WOW64; Trident/7.0; rv:11.0) like Gecko"
91.112.65.210 - - [16/Oct/2020:10:29:38 +0200] "GET /css/clears.css HTTP/1.1" 304 - "http://renault.activities.at/10260283" "Mozilla/5.0 (Windows NT 10.0; WOW64; Trident/7.0; rv:11.0) like Gecko"
91.112.65.210 - - [16/Oct/2020:10:29:38 +0200] "GET /css/print.css HTTP/1.1" 304 - "http://renault.activities.at/10260283" "Mozilla/5.0 (Windows NT 10.0; WOW64; Trident/7.0; rv:11.0) like Gecko"
91.112.65.210 - - [16/Oct/2020:10:29:38 +0200] "GET /js/checkout.css HTTP/1.1" 304 - "http://renault.activities.at/10260283" "Mozilla/5.0 (Windows NT 10.0; WOW64; Trident/7.0; rv:11.0) like Gecko"
91.112.65.210 - - [16/Oct/2020:10:29:38 +0200] "GET /css/prototip.css HTTP/1.1" 304 - "http://renault.activities.at/10260283" "Mozilla/5.0 (Windows NT 10.0; WOW64; Trident/7.0; rv:11.0) like Gecko"
91.112.65.210 - - [16/Oct/2020:10:29:38 +0200] "GET /css/themes/default.css HTTP/1.1" 304 - "http://renault.activities.at/10260283" "Mozilla/5.0 (Windows NT 10.0; WOW64; Trident/7.0; rv:11.0) like Gecko"
91.112.65.210 - - [16/Oct/2020:10:29:38 +0200] "GET /css/themes/alphacube.css HTTP/1.1" 304 - "http://renault.activities.at/10260283" "Mozilla/5.0 (Windows NT 10.0; WOW64; Trident/7.0; rv:11.0) like Gecko"
91.112.65.210 - - [16/Oct/2020:10:29:38 +0200] "GET /js/ProduktGrp.js HTTP/1.1" 304 - "http://renault.activities.at/10260283" "Mozilla/5.0 (Windows NT 10.0; WOW64; Trident/7.0; rv:11.0) like Gecko"
91.112.65.210 - - [16/Oct/2020:10:29:38 +0200] "GET /images/loading.gif HTTP/1.1" 304 - "http://renault.activities.at/10260283" "Mozilla/5.0 (Windows NT 10.0; WOW64; Trident/7.0; rv:11.0) like Gecko"
91.112.65.210 - - [16/Oct/2020:10:29:38 +0200] "GET /images/main_block_corner_right_bot.gif HTTP/1.1" 304 - "http://renault.activities.at/10260283" "Mozilla/5.0 (Windows NT 10.0; WOW64; Trident/7.0; rv:11.0) like Gecko"
91.112.65.210 - - [16/Oct/2020:10:29:38 +0200] "GET /images/header_block_corner_right_top.gif HTTP/1.1" 304 - "http://renault.activities.at/10260283" "Mozilla/5.0 (Windows NT 10.0; WOW64; Trident/7.0; rv:11.0) like Gecko"
91.112.65.210 - - [16/Oct/2020:10:29:38 +0200] "GET /images/main_block_border.gif HTTP/1.1" 304 - "http://renault.activities.at/10260283" "Mozilla/5.0 (Windows NT 10.0; WOW64; Trident/7.0; rv:11.0) like Gecko"
91.112.65.210 - - [16/Oct/2020:10:29:38 +0200] "GET /images/header_block_border.gif HTTP/1.1" 304 - "http://renault.activities.at/10260283" "Mozilla/5.0 (Windows NT 10.0; WOW64; Trident/7.0; rv:11.0) like Gecko"
91.112.65.210 - - [16/Oct/2020:10:29:38 +0200] "GET /images/main_block_corner_left_top.gif HTTP/1.1" 304 - "http://renault.activities.at/10260283" "Mozilla/5.0 (Windows NT 10.0; WOW64; Trident/7.0; rv:11.0) like Gecko"
91.112.65.210 - - [16/Oct/2020:10:29:38 +0200] "GET /images/header_block_corner_left_top.gif HTTP/1.1" 304 - "http://renault.activities.at/10260283" "Mozilla/5.0 (Windows NT 10.0; WOW64; Trident/7.0; rv:11.0) like Gecko"
91.112.65.210 - - [16/Oct/2020:10:29:38 +0200] "GET /images/search_bg.gif HTTP/1.1" 304 - "http://renault.activities.at/10260283" "Mozilla/5.0 (Windows NT 10.0; WOW64; Trident/7.0; rv:11.0) like Gecko"
91.112.65.210 - - [16/Oct/2020:10:29:38 +0200] "GET /images/main_block_corner_right_top.gif HTTP/1.1" 304 - "http://renault.activities.at/10260283" "Mozilla/5.0 (Windows NT 10.0; WOW64; Trident/7.0; rv:11.0) like Gecko"
91.112.65.210 - - [16/Oct/2020:10:29:38 +0200] "GET /images/main_block_corner_left_bot.gif HTTP/1.1" 304 - "http://renault.activities.at/10260283" "Mozilla/5.0 (Windows NT 10.0; WOW64; Trident/7.0; rv:11.0) like Gecko"
91.112.65.210 - - [16/Oct/2020:10:29:38 +0200] "GET /images/vista-dn.gif HTTP/1.1" 304 - "http://renault.activities.at/10260283" "Mozilla/5.0 (Windows NT 10.0; WOW64; Trident/7.0; rv:11.0) like Gecko"
91.112.65.210 - - [16/Oct/2020:10:29:38 +0200] "GET /images/menu_divider.gif HTTP/1.1" 304 - "http://renault.activities.at/10260283" "Mozilla/5.0 (Windows NT 10.0; WOW64; Trident/7.0; rv:11.0) like Gecko"
91.112.65.210 - - [16/Oct/2020:10:29:38 +0200] "GET /images/sidebar_title_border_top.gif HTTP/1.1" 304 - "http://renault.activities.at/10260283" "Mozilla/5.0 (Windows NT 10.0; WOW64; Trident/7.0; rv:11.0) like Gecko"
91.112.65.210 - - [16/Oct/2020:10:29:38 +0200] "GET /images/button_bg.gif HTTP/1.1" 304 - "http://renault.activities.at/10260283" "Mozilla/5.0 (Windows NT 10.0; WOW64; Trident/7.0; rv:11.0) like Gecko"
91.112.65.210 - - [16/Oct/2020:10:29:38 +0200] "GET /images/sidebar_title_corner_right_top.gif HTTP/1.1" 304 - "http://renault.activities.at/10260283" "Mozilla/5.0 (Windows NT 10.0; WOW64; Trident/7.0; rv:11.0) like Gecko"
91.112.65.210 - - [16/Oct/2020:10:29:38 +0200] "GET /images/button_left_bg.gif HTTP/1.1" 304 - "http://renault.activities.at/10260283" "Mozilla/5.0 (Windows NT 10.0; WOW64; Trident/7.0; rv:11.0) like Gecko"
91.112.65.210 - - [16/Oct/2020:10:29:38 +0200] "GET /images/title_border_top.jpg HTTP/1.1" 304 - "http://renault.activities.at/10260283" "Mozilla/5.0 (Windows NT 10.0; WOW64; Trident/7.0; rv:11.0) like Gecko"
91.112.65.210 - - [16/Oct/2020:10:29:38 +0200] "GET /images/footer_divider.gif HTTP/1.1" 304 - "http://renault.activities.at/10260283" "Mozilla/5.0 (Windows NT 10.0; WOW64; Trident/7.0; rv:11.0) like Gecko"
91.112.65.210 - - [16/Oct/2020:10:29:38 +0200] "GET /images/sidebar_title_corner_left_top.gif HTTP/1.1" 304 - "http://renault.activities.at/10260283" "Mozilla/5.0 (Windows NT 10.0; WOW64; Trident/7.0; rv:11.0) like Gecko"
91.112.65.210 - - [16/Oct/2020:10:29:38 +0200] "GET /images/title_border.jpg HTTP/1.1" 304 - "http://renault.activities.at/10260283" "Mozilla/5.0 (Windows NT 10.0; WOW64; Trident/7.0; rv:11.0) like Gecko"
91.112.65.210 - - [16/Oct/2020:10:29:38 +0200] "GET /images/title_corner_right_top.jpg HTTP/1.1" 304 - "http://renault.activities.at/10260283" "Mozilla/5.0 (Windows NT 10.0; WOW64; Trident/7.0; rv:11.0) like Gecko"
91.112.65.210 - - [16/Oct/2020:10:29:38 +0200] "GET /images/title_corner_left_top.jpg HTTP/1.1" 304 - "http://renault.activities.at/10260283" "Mozilla/5.0 (Windows NT 10.0; WOW64; Trident/7.0; rv:11.0) like Gecko"
91.112.65.210 - - [16/Oct/2020:10:29:38 +0200] "GET /images/menu_button_bg.jpg HTTP/1.1" 304 - "http://renault.activities.at/10260283" "Mozilla/5.0 (Windows NT 10.0; WOW64; Trident/7.0; rv:11.0) like Gecko"
91.112.65.210 - - [16/Oct/2020:10:29:38 +0200] "GET /images/vista-up.gif HTTP/1.1" 304 - "http://renault.activities.at/10260283" "Mozilla/5.0 (Windows NT 10.0; WOW64; Trident/7.0; rv:11.0) like Gecko"
91.112.65.210 - - [16/Oct/2020:10:29:38 +0200] "GET /images/sidebar_title_border.gif HTTP/1.1" 304 - "http://renault.activities.at/10260283" "Mozilla/5.0 (Windows NT 10.0; WOW64; Trident/7.0; rv:11.0) like Gecko"
91.112.65.210 - - [16/Oct/2020:10:29:38 +0200] "GET /images/nav_divider.gif HTTP/1.1" 304 - "http://renault.activities.at/10260283" "Mozilla/5.0 (Windows NT 10.0; WOW64; Trident/7.0; rv:11.0) like Gecko"
91.112.65.210 - - [16/Oct/2020:10:29:38 +0200] "GET /images/top_links_divider.gif HTTP/1.1" 304 - "http://renault.activities.at/10260283" "Mozilla/5.0 (Windows NT 10.0; WOW64; Trident/7.0; rv:11.0) like Gecko"
91.112.65.210 - - [16/Oct/2020:10:29:38 +0200] "GET /images/button_right_bg.gif HTTP/1.1" 304 - "http://renault.activities.at/10260283" "Mozilla/5.0 (Windows NT 10.0; WOW64; Trident/7.0; rv:11.0) like Gecko"
91.112.65.210 - - [16/Oct/2020:10:29:38 +0200] "GET /images/pager_bg.gif HTTP/1.1" 304 - "http://renault.activities.at/10260283" "Mozilla/5.0 (Windows NT 10.0; WOW64; Trident/7.0; rv:11.0) like Gecko"
91.112.65.210 - - [16/Oct/2020:10:29:38 +0200] "GET /images/validation_advice_bg.gif HTTP/1.1" 304 - "http://renault.activities.at/10260283" "Mozilla/5.0 (Windows NT 10.0; WOW64; Trident/7.0; rv:11.0) like Gecko"
80.120.210.179 - - [16/Oct/2020:10:29:42 +0200] "GET /reload?ser=1602836982108 HTTP/1.1" 200 28 "http://renault.activities.at/result?searchterm=true&search=Schlauchschal" "Mozilla/5.0 (Windows NT 10.0; WOW64; Trident/7.0; rv:11.0) like Gecko"
80.122.53.106 - - [16/Oct/2020:10:29:43 +0200] "GET /reload?ser=1602837004118 HTTP/1.1" 200 28 "http://renault.activities.at/10201442" "Mozilla/5.0 (Windows NT 10.0; WOW64) AppleWebKit/537.36 (KHTML, like Gecko) Chrome/80.0.3987.87 Safari/537.36"
80.122.46.22 - - [16/Oct/2020:10:29:48 +0200] "GET /reload?ser=1602836988948 HTTP/1.1" 200 28 "http://renault.activities.at/12306211" "Mozilla/5.0 (Windows NT 10.0; Win64; x64) AppleWebKit/537.36 (KHTML, like Gecko) Chrome/86.0.4240.75 Safari/537.36"
91.112.65.210 - - [16/Oct/2020:10:29:58 +0200] "GET /10260301 HTTP/1.1" 200 7397 "http://renault.activities.at/10260283" "Mozilla/5.0 (Windows NT 10.0; WOW64; Trident/7.0; rv:11.0) like Gecko"
91.112.65.210 - - [16/Oct/2020:10:30:01 +0200] "GET /js/default.js HTTP/1.1" 304 - "http://renault.activities.at/10260301" "Mozilla/5.0 (Windows NT 10.0; WOW64; Trident/7.0; rv:11.0) like Gecko"
91.112.65.210 - - [16/Oct/2020:10:30:01 +0200] "GET /js/prototip.js HTTP/1.1" 304 - "http://renault.activities.at/10260301" "Mozilla/5.0 (Windows NT 10.0; WOW64; Trident/7.0; rv:11.0) like Gecko"
91.112.65.210 - - [16/Oct/2020:10:30:01 +0200] "GET /css/reset.css HTTP/1.1" 304 - "http://renault.activities.at/10260301" "Mozilla/5.0 (Windows NT 10.0; WOW64; Trident/7.0; rv:11.0) like Gecko"
91.112.65.210 - - [16/Oct/2020:10:30:01 +0200] "GET /css/styles.css HTTP/1.1" 304 - "http://renault.activities.at/10260301" "Mozilla/5.0 (Windows NT 10.0; WOW64; Trident/7.0; rv:11.0) like Gecko"
91.112.65.210 - - [16/Oct/2020:10:30:01 +0200] "GET /css/clears.css HTTP/1.1" 304 - "http://renault.activities.at/10260301" "Mozilla/5.0 (Windows NT 10.0; WOW64; Trident/7.0; rv:11.0) like Gecko"
91.112.65.210 - - [16/Oct/2020:10:30:01 +0200] "GET /css/print.css HTTP/1.1" 304 - "http://renault.activities.at/10260301" "Mozilla/5.0 (Windows NT 10.0; WOW64; Trident/7.0; rv:11.0) like Gecko"
91.112.65.210 - - [16/Oct/2020:10:30:01 +0200] "GET /js/checkout.css HTTP/1.1" 304 - "http://renault.activities.at/10260301" "Mozilla/5.0 (Windows NT 10.0; WOW64; Trident/7.0; rv:11.0) like Gecko"
91.112.65.210 - - [16/Oct/2020:10:30:01 +0200] "GET /css/prototip.css HTTP/1.1" 304 - "http://renault.activities.at/10260301" "Mozilla/5.0 (Windows NT 10.0; WOW64; Trident/7.0; rv:11.0) like Gecko"
91.112.65.210 - - [16/Oct/2020:10:30:01 +0200] "GET /css/themes/alphacube.css HTTP/1.1" 304 - "http://renault.activities.at/10260301" "Mozilla/5.0 (Windows NT 10.0; WOW64; Trident/7.0; rv:11.0) like Gecko"
91.112.65.210 - - [16/Oct/2020:10:30:01 +0200] "GET /css/themes/default.css HTTP/1.1" 304 - "http://renault.activities.at/10260301" "Mozilla/5.0 (Windows NT 10.0; WOW64; Trident/7.0; rv:11.0) like Gecko"
91.112.65.210 - - [16/Oct/2020:10:30:01 +0200] "GET /js/ProduktGrp.js HTTP/1.1" 304 - "http://renault.activities.at/10260301" "Mozilla/5.0 (Windows NT 10.0; WOW64; Trident/7.0; rv:11.0) like Gecko"
91.112.65.210 - - [16/Oct/2020:10:30:01 +0200] "GET /images/loading.gif HTTP/1.1" 304 - "http://renault.activities.at/10260301" "Mozilla/5.0 (Windows NT 10.0; WOW64; Trident/7.0; rv:11.0) like Gecko"
91.112.65.210 - - [16/Oct/2020:10:30:01 +0200] "GET /images/main_block_corner_right_top.gif HTTP/1.1" 304 - "http://renault.activities.at/10260301" "Mozilla/5.0 (Windows NT 10.0; WOW64; Trident/7.0; rv:11.0) like Gecko"
91.112.65.210 - - [16/Oct/2020:10:30:01 +0200] "GET /images/header_block_corner_right_top.gif HTTP/1.1" 304 - "http://renault.activities.at/10260301" "Mozilla/5.0 (Windows NT 10.0; WOW64; Trident/7.0; rv:11.0) like Gecko"
91.112.65.210 - - [16/Oct/2020:10:30:01 +0200] "GET /images/main_block_corner_left_top.gif HTTP/1.1" 304 - "http://renault.activities.at/10260301" "Mozilla/5.0 (Windows NT 10.0; WOW64; Trident/7.0; rv:11.0) like Gecko"
91.112.65.210 - - [16/Oct/2020:10:30:01 +0200] "GET /images/header_block_corner_left_top.gif HTTP/1.1" 304 - "http://renault.activities.at/10260301" "Mozilla/5.0 (Windows NT 10.0; WOW64; Trident/7.0; rv:11.0) like Gecko"
91.112.65.210 - - [16/Oct/2020:10:30:01 +0200] "GET /images/main_block_border.gif HTTP/1.1" 304 - "http://renault.activities.at/10260301" "Mozilla/5.0 (Windows NT 10.0; WOW64; Trident/7.0; rv:11.0) like Gecko"
91.112.65.210 - - [16/Oct/2020:10:30:01 +0200] "GET /images/main_block_corner_right_bot.gif HTTP/1.1" 304 - "http://renault.activities.at/10260301" "Mozilla/5.0 (Windows NT 10.0; WOW64; Trident/7.0; rv:11.0) like Gecko"
91.112.65.210 - - [16/Oct/2020:10:30:01 +0200] "GET /images/main_block_corner_left_bot.gif HTTP/1.1" 304 - "http://renault.activities.at/10260301" "Mozilla/5.0 (Windows NT 10.0; WOW64; Trident/7.0; rv:11.0) like Gecko"
91.112.65.210 - - [16/Oct/2020:10:30:01 +0200] "GET /images/header_block_border.gif HTTP/1.1" 304 - "http://renault.activities.at/10260301" "Mozilla/5.0 (Windows NT 10.0; WOW64; Trident/7.0; rv:11.0) like Gecko"
91.112.65.210 - - [16/Oct/2020:10:30:01 +0200] "GET /images/search_bg.gif HTTP/1.1" 304 - "http://renault.activities.at/10260301" "Mozilla/5.0 (Windows NT 10.0; WOW64; Trident/7.0; rv:11.0) like Gecko"
91.112.65.210 - - [16/Oct/2020:10:30:01 +0200] "GET /images/validation_advice_bg.gif HTTP/1.1" 304 - "http://renault.activities.at/10260301" "Mozilla/5.0 (Windows NT 10.0; WOW64; Trident/7.0; rv:11.0) like Gecko"
91.112.65.210 - - [16/Oct/2020:10:30:01 +0200] "GET /images/footer_divider.gif HTTP/1.1" 304 - "http://renault.activities.at/10260301" "Mozilla/5.0 (Windows NT 10.0; WOW64; Trident/7.0; rv:11.0) like Gecko"
91.112.65.210 - - [16/Oct/2020:10:30:01 +0200] "GET /images/nav_divider.gif HTTP/1.1" 304 - "http://renault.activities.at/10260301" "Mozilla/5.0 (Windows NT 10.0; WOW64; Trident/7.0; rv:11.0) like Gecko"
91.112.65.210 - - [16/Oct/2020:10:30:01 +0200] "GET /images/vista-dn.gif HTTP/1.1" 304 - "http://renault.activities.at/10260301" "Mozilla/5.0 (Windows NT 10.0; WOW64; Trident/7.0; rv:11.0) like Gecko"
91.112.65.210 - - [16/Oct/2020:10:30:01 +0200] "GET /images/title_border.jpg HTTP/1.1" 304 - "http://renault.activities.at/10260301" "Mozilla/5.0 (Windows NT 10.0; WOW64; Trident/7.0; rv:11.0) like Gecko"
91.112.65.210 - - [16/Oct/2020:10:30:01 +0200] "GET /images/sidebar_title_corner_left_top.gif HTTP/1.1" 304 - "http://renault.activities.at/10260301" "Mozilla/5.0 (Windows NT 10.0; WOW64; Trident/7.0; rv:11.0) like Gecko"
91.112.65.210 - - [16/Oct/2020:10:30:01 +0200] "GET /images/pager_bg.gif HTTP/1.1" 304 - "http://renault.activities.at/10260301" "Mozilla/5.0 (Windows NT 10.0; WOW64; Trident/7.0; rv:11.0) like Gecko"
91.112.65.210 - - [16/Oct/2020:10:30:01 +0200] "GET /images/title_border_top.jpg HTTP/1.1" 304 - "http://renault.activities.at/10260301" "Mozilla/5.0 (Windows NT 10.0; WOW64; Trident/7.0; rv:11.0) like Gecko"
91.112.65.210 - - [16/Oct/2020:10:30:01 +0200] "GET /images/top_links_divider.gif HTTP/1.1" 304 - "http://renault.activities.at/10260301" "Mozilla/5.0 (Windows NT 10.0; WOW64; Trident/7.0; rv:11.0) like Gecko"
91.112.65.210 - - [16/Oct/2020:10:30:01 +0200] "GET /images/sidebar_title_corner_right_top.gif HTTP/1.1" 304 - "http://renault.activities.at/10260301" "Mozilla/5.0 (Windows NT 10.0; WOW64; Trident/7.0; rv:11.0) like Gecko"
91.112.65.210 - - [16/Oct/2020:10:30:01 +0200] "GET /images/menu_divider.gif HTTP/1.1" 304 - "http://renault.activities.at/10260301" "Mozilla/5.0 (Windows NT 10.0; WOW64; Trident/7.0; rv:11.0) like Gecko"
91.112.65.210 - - [16/Oct/2020:10:30:01 +0200] "GET /images/button_left_bg.gif HTTP/1.1" 304 - "http://renault.activities.at/10260301" "Mozilla/5.0 (Windows NT 10.0; WOW64; Trident/7.0; rv:11.0) like Gecko"
91.112.65.210 - - [16/Oct/2020:10:30:01 +0200] "GET /images/title_corner_left_top.jpg HTTP/1.1" 304 - "http://renault.activities.at/10260301" "Mozilla/5.0 (Windows NT 10.0; WOW64; Trident/7.0; rv:11.0) like Gecko"
91.112.65.210 - - [16/Oct/2020:10:30:01 +0200] "GET /images/sidebar_title_border.gif HTTP/1.1" 304 - "http://renault.activities.at/10260301" "Mozilla/5.0 (Windows NT 10.0; WOW64; Trident/7.0; rv:11.0) like Gecko"
91.112.65.210 - - [16/Oct/2020:10:30:01 +0200] "GET /images/menu_button_bg.jpg HTTP/1.1" 304 - "http://renault.activities.at/10260301" "Mozilla/5.0 (Windows NT 10.0; WOW64; Trident/7.0; rv:11.0) like Gecko"
91.112.65.210 - - [16/Oct/2020:10:30:01 +0200] "GET /images/vista-up.gif HTTP/1.1" 304 - "http://renault.activities.at/10260301" "Mozilla/5.0 (Windows NT 10.0; WOW64; Trident/7.0; rv:11.0) like Gecko"
91.112.65.210 - - [16/Oct/2020:10:30:01 +0200] "GET /images/button_bg.gif HTTP/1.1" 304 - "http://renault.activities.at/10260301" "Mozilla/5.0 (Windows NT 10.0; WOW64; Trident/7.0; rv:11.0) like Gecko"
91.112.65.210 - - [16/Oct/2020:10:30:01 +0200] "GET /images/sidebar_title_border_top.gif HTTP/1.1" 304 - "http://renault.activities.at/10260301" "Mozilla/5.0 (Windows NT 10.0; WOW64; Trident/7.0; rv:11.0) like Gecko"
91.112.65.210 - - [16/Oct/2020:10:30:01 +0200] "GET /images/title_corner_right_top.jpg HTTP/1.1" 304 - "http://renault.activities.at/10260301" "Mozilla/5.0 (Windows NT 10.0; WOW64; Trident/7.0; rv:11.0) like Gecko"
91.112.65.210 - - [16/Oct/2020:10:30:01 +0200] "GET /images/button_right_bg.gif HTTP/1.1" 304 - "http://renault.activities.at/10260301" "Mozilla/5.0 (Windows NT 10.0; WOW64; Trident/7.0; rv:11.0) like Gecko"
80.120.210.179 - - [16/Oct/2020:10:30:15 +0200] "GET /reload?ser=1602837014195 HTTP/1.1" 200 28 "http://renault.activities.at/result?searchterm=true&search=schlauch" "Mozilla/5.0 (Windows NT 10.0; Win64; x64) AppleWebKit/537.36 (KHTML, like Gecko) Chrome/86.0.4240.75 Safari/537.36"
212.152.246.131 - - [16/Oct/2020:10:30:17 +0200] "GET /reload?ser=1602837206857 HTTP/1.1" 200 28 "http://renault.activities.at/" "Mozilla/5.0 (Windows NT 10.0; Win64; x64) AppleWebKit/537.36 (KHTML, like Gecko) Chrome/86.0.4240.75 Safari/537.36"
212.152.158.195 - - [16/Oct/2020:10:30:19 +0200] "GET /reload?ser=1602837019395 HTTP/1.1" 200 28 "http://renault.activities.at/success" "Mozilla/5.0 (Windows NT 10.0; Win64; x64) AppleWebKit/537.36 (KHTML, like Gecko) Chrome/86.0.4240.75 Safari/537.36"
193.194.132.29 - - [16/Oct/2020:10:30:29 +0200] "GET /reload?ser=1602837029746 HTTP/1.1" 200 28 "http://renault.activities.at/login?required=true" "Mozilla/5.0 (Windows NT 10.0; Win64; x64) AppleWebKit/537.36 (KHTML, like Gecko) Chrome/64.0.3282.140 Safari/537.36 Edge/17.17134"
193.194.132.27 - - [16/Oct/2020:10:30:30 +0200] "GET /reload?ser=1602837030609 HTTP/1.1" 200 28 "http://renault.2web.at/account" "Mozilla/5.0 (Windows NT 10.0; Win64; x64) AppleWebKit/537.36 (KHTML, like Gecko) Chrome/86.0.4240.75 Safari/537.36"
80.122.53.106 - - [16/Oct/2020:10:30:34 +0200] "GET / HTTP/1.1" 200 6357 "http://renault.activities.at/10201442" "Mozilla/5.0 (Windows NT 10.0; WOW64) AppleWebKit/537.36 (KHTML, like Gecko) Chrome/80.0.3987.87 Safari/537.36"
193.194.132.29 - - [16/Oct/2020:10:30:38 +0200] "GET /reload?ser=1602837038195 HTTP/1.1" 200 28 "http://renault.activities.at/12306211" "Mozilla/5.0 (Windows NT 10.0; Win64; x64) AppleWebKit/537.36 (KHTML, like Gecko) Chrome/64.0.3282.140 Safari/537.36 Edge/17.17134"
80.120.210.179 - - [16/Oct/2020:10:30:43 +0200] "GET /reload?ser=1602837043095 HTTP/1.1" 200 28 "http://renault.activities.at/result?searchterm=true&search=Schlauchschal" "Mozilla/5.0 (Windows NT 10.0; WOW64; Trident/7.0; rv:11.0) like Gecko"
80.122.46.22 - - [16/Oct/2020:10:30:49 +0200] "GET /reload?ser=1602837049963 HTTP/1.1" 200 28 "http://renault.activities.at/12306211" "Mozilla/5.0 (Windows NT 10.0; Win64; x64) AppleWebKit/537.36 (KHTML, like Gecko) Chrome/86.0.4240.75 Safari/537.36"
91.112.65.210 - - [16/Oct/2020:10:31:01 +0200] "GET /reload?ser=1602837061910 HTTP/1.1" 200 28 "http://renault.activities.at/10260301" "Mozilla/5.0 (Windows NT 10.0; WOW64; Trident/7.0; rv:11.0) like Gecko"
80.120.210.179 - - [16/Oct/2020:10:31:16 +0200] "GET /reload?ser=1602837075197 HTTP/1.1" 200 28 "http://renault.activities.at/result?searchterm=true&search=schlauch" "Mozilla/5.0 (Windows NT 10.0; Win64; x64) AppleWebKit/537.36 (KHTML, like Gecko) Chrome/86.0.4240.75 Safari/537.36"
212.152.246.131 - - [16/Oct/2020:10:31:18 +0200] "GET /reload?ser=1602837267855 HTTP/1.1" 200 28 "http://renault.activities.at/" "Mozilla/5.0 (Windows NT 10.0; Win64; x64) AppleWebKit/537.36 (KHTML, like Gecko) Chrome/86.0.4240.75 Safari/537.36"
212.152.158.195 - - [16/Oct/2020:10:31:20 +0200] "GET /reload?ser=1602837080401 HTTP/1.1" 200 28 "http://renault.activities.at/success" "Mozilla/5.0 (Windows NT 10.0; Win64; x64) AppleWebKit/537.36 (KHTML, like Gecko) Chrome/86.0.4240.75 Safari/537.36"
193.194.132.29 - - [16/Oct/2020:10:31:31 +0200] "GET /reload?ser=1602837091740 HTTP/1.1" 200 28 "http://renault.activities.at/login?required=true" "Mozilla/5.0 (Windows NT 10.0; Win64; x64) AppleWebKit/537.36 (KHTML, like Gecko) Chrome/64.0.3282.140 Safari/537.36 Edge/17.17134"
193.194.132.27 - - [16/Oct/2020:10:31:32 +0200] "GET /reload?ser=1602837092606 HTTP/1.1" 200 28 "http://renault.2web.at/account" "Mozilla/5.0 (Windows NT 10.0; Win64; x64) AppleWebKit/537.36 (KHTML, like Gecko) Chrome/86.0.4240.75 Safari/537.36"
80.122.53.106 - - [16/Oct/2020:10:31:36 +0200] "GET /reload?ser=1602837117119 HTTP/1.1" 200 28 "http://renault.activities.at/" "Mozilla/5.0 (Windows NT 10.0; WOW64) AppleWebKit/537.36 (KHTML, like Gecko) Chrome/80.0.3987.87 Safari/537.36"
193.194.132.29 - - [16/Oct/2020:10:31:40 +0200] "GET /reload?ser=1602837100185 HTTP/1.1" 200 28 "http://renault.activities.at/12306211" "Mozilla/5.0 (Windows NT 10.0; Win64; x64) AppleWebKit/537.36 (KHTML, like Gecko) Chrome/64.0.3282.140 Safari/537.36 Edge/17.17134"
80.120.210.179 - - [16/Oct/2020:10:31:44 +0200] "GET /reload?ser=1602837104033 HTTP/1.1" 200 28 "http://renault.activities.at/result?searchterm=true&search=Schlauchschal" "Mozilla/5.0 (Windows NT 10.0; WOW64; Trident/7.0; rv:11.0) like Gecko"
80.122.46.22 - - [16/Oct/2020:10:31:50 +0200] "GET /reload?ser=1602837110963 HTTP/1.1" 200 28 "http://renault.activities.at/12306211" "Mozilla/5.0 (Windows NT 10.0; Win64; x64) AppleWebKit/537.36 (KHTML, like Gecko) Chrome/86.0.4240.75 Safari/537.36"
91.112.65.210 - - [16/Oct/2020:10:32:02 +0200] "GET /reload?ser=1602837122855 HTTP/1.1" 200 28 "http://renault.activities.at/10260301" "Mozilla/5.0 (Windows NT 10.0; WOW64; Trident/7.0; rv:11.0) like Gecko"
80.120.210.179 - - [16/Oct/2020:10:32:17 +0200] "GET /reload?ser=1602837136204 HTTP/1.1" 200 28 "http://renault.activities.at/result?searchterm=true&search=schlauch" "Mozilla/5.0 (Windows NT 10.0; Win64; x64) AppleWebKit/537.36 (KHTML, like Gecko) Chrome/86.0.4240.75 Safari/537.36"
212.152.246.131 - - [16/Oct/2020:10:32:19 +0200] "GET /reload?ser=1602837328856 HTTP/1.1" 200 28 "http://renault.activities.at/" "Mozilla/5.0 (Windows NT 10.0; Win64; x64) AppleWebKit/537.36 (KHTML, like Gecko) Chrome/86.0.4240.75 Safari/537.36"
212.152.158.195 - - [16/Oct/2020:10:32:21 +0200] "GET /reload?ser=1602837141410 HTTP/1.1" 200 28 "http://renault.activities.at/success" "Mozilla/5.0 (Windows NT 10.0; Win64; x64) AppleWebKit/537.36 (KHTML, like Gecko) Chrome/86.0.4240.75 Safari/537.36"
193.194.132.29 - - [16/Oct/2020:10:32:33 +0200] "GET /reload?ser=1602837153740 HTTP/1.1" 200 28 "http://renault.activities.at/login?required=true" "Mozilla/5.0 (Windows NT 10.0; Win64; x64) AppleWebKit/537.36 (KHTML, like Gecko) Chrome/64.0.3282.140 Safari/537.36 Edge/17.17134"
193.194.132.27 - - [16/Oct/2020:10:32:34 +0200] "GET /reload?ser=1602837154627 HTTP/1.1" 200 28 "http://renault.2web.at/account" "Mozilla/5.0 (Windows NT 10.0; Win64; x64) AppleWebKit/537.36 (KHTML, like Gecko) Chrome/86.0.4240.75 Safari/537.36"
80.122.53.106 - - [16/Oct/2020:10:32:37 +0200] "GET /reload?ser=1602837178118 HTTP/1.1" 200 28 "http://renault.activities.at/" "Mozilla/5.0 (Windows NT 10.0; WOW64) AppleWebKit/537.36 (KHTML, like Gecko) Chrome/80.0.3987.87 Safari/537.36"
193.194.132.29 - - [16/Oct/2020:10:32:42 +0200] "GET /reload?ser=1602837162184 HTTP/1.1" 200 28 "http://renault.activities.at/12306211" "Mozilla/5.0 (Windows NT 10.0; Win64; x64) AppleWebKit/537.36 (KHTML, like Gecko) Chrome/64.0.3282.140 Safari/537.36 Edge/17.17134"
80.120.210.179 - - [16/Oct/2020:10:32:45 +0200] "GET /reload?ser=1602837164993 HTTP/1.1" 200 28 "http://renault.activities.at/result?searchterm=true&search=Schlauchschal" "Mozilla/5.0 (Windows NT 10.0; WOW64; Trident/7.0; rv:11.0) like Gecko"
80.122.46.22 - - [16/Oct/2020:10:32:51 +0200] "GET /reload?ser=1602837171947 HTTP/1.1" 200 28 "http://renault.activities.at/12306211" "Mozilla/5.0 (Windows NT 10.0; Win64; x64) AppleWebKit/537.36 (KHTML, like Gecko) Chrome/86.0.4240.75 Safari/537.36"
91.112.65.210 - - [16/Oct/2020:10:33:03 +0200] "GET /reload?ser=1602837183795 HTTP/1.1" 200 28 "http://renault.activities.at/10260301" "Mozilla/5.0 (Windows NT 10.0; WOW64; Trident/7.0; rv:11.0) like Gecko"
80.120.210.179 - - [16/Oct/2020:10:33:18 +0200] "GET /reload?ser=1602837197201 HTTP/1.1" 200 28 "http://renault.activities.at/result?searchterm=true&search=schlauch" "Mozilla/5.0 (Windows NT 10.0; Win64; x64) AppleWebKit/537.36 (KHTML, like Gecko) Chrome/86.0.4240.75 Safari/537.36"
212.152.246.131 - - [16/Oct/2020:10:33:20 +0200] "GET /reload?ser=1602837389857 HTTP/1.1" 200 28 "http://renault.activities.at/" "Mozilla/5.0 (Windows NT 10.0; Win64; x64) AppleWebKit/537.36 (KHTML, like Gecko) Chrome/86.0.4240.75 Safari/537.36"
212.152.158.195 - - [16/Oct/2020:10:33:22 +0200] "GET /reload?ser=1602837202419 HTTP/1.1" 200 28 "http://renault.activities.at/success" "Mozilla/5.0 (Windows NT 10.0; Win64; x64) AppleWebKit/537.36 (KHTML, like Gecko) Chrome/86.0.4240.75 Safari/537.36"
193.194.132.29 - - [16/Oct/2020:10:33:35 +0200] "GET /reload?ser=1602837215751 HTTP/1.1" 200 28 "http://renault.activities.at/login?required=true" "Mozilla/5.0 (Windows NT 10.0; Win64; x64) AppleWebKit/537.36 (KHTML, like Gecko) Chrome/64.0.3282.140 Safari/537.36 Edge/17.17134"
193.194.132.27 - - [16/Oct/2020:10:33:36 +0200] "GET /reload?ser=1602837216604 HTTP/1.1" 200 28 "http://renault.2web.at/account" "Mozilla/5.0 (Windows NT 10.0; Win64; x64) AppleWebKit/537.36 (KHTML, like Gecko) Chrome/86.0.4240.75 Safari/537.36"
80.122.53.106 - - [16/Oct/2020:10:33:38 +0200] "GET /reload?ser=1602837239118 HTTP/1.1" 200 28 "http://renault.activities.at/" "Mozilla/5.0 (Windows NT 10.0; WOW64) AppleWebKit/537.36 (KHTML, like Gecko) Chrome/80.0.3987.87 Safari/537.36"
193.194.132.29 - - [16/Oct/2020:10:33:44 +0200] "GET /reload?ser=1602837224183 HTTP/1.1" 200 28 "http://renault.activities.at/12306211" "Mozilla/5.0 (Windows NT 10.0; Win64; x64) AppleWebKit/537.36 (KHTML, like Gecko) Chrome/64.0.3282.140 Safari/537.36 Edge/17.17134"
80.120.210.179 - - [16/Oct/2020:10:33:46 +0200] "GET /reload?ser=1602837225935 HTTP/1.1" 200 28 "http://renault.activities.at/result?searchterm=true&search=Schlauchschal" "Mozilla/5.0 (Windows NT 10.0; WOW64; Trident/7.0; rv:11.0) like Gecko"
80.122.46.22 - - [16/Oct/2020:10:33:52 +0200] "GET /reload?ser=1602837232947 HTTP/1.1" 200 28 "http://renault.activities.at/12306211" "Mozilla/5.0 (Windows NT 10.0; Win64; x64) AppleWebKit/537.36 (KHTML, like Gecko) Chrome/86.0.4240.75 Safari/537.36"
91.112.65.210 - - [16/Oct/2020:10:34:04 +0200] "GET /reload?ser=1602837244754 HTTP/1.1" 200 28 "http://renault.activities.at/10260301" "Mozilla/5.0 (Windows NT 10.0; WOW64; Trident/7.0; rv:11.0) like Gecko"
80.120.210.179 - - [16/Oct/2020:10:34:19 +0200] "GET /reload?ser=1602837258205 HTTP/1.1" 200 28 "http://renault.activities.at/result?searchterm=true&search=schlauch" "Mozilla/5.0 (Windows NT 10.0; Win64; x64) AppleWebKit/537.36 (KHTML, like Gecko) Chrome/86.0.4240.75 Safari/537.36"
212.152.246.131 - - [16/Oct/2020:10:34:21 +0200] "GET /reload?ser=1602837450865 HTTP/1.1" 200 28 "http://renault.activities.at/" "Mozilla/5.0 (Windows NT 10.0; Win64; x64) AppleWebKit/537.36 (KHTML, like Gecko) Chrome/86.0.4240.75 Safari/537.36"
212.152.158.195 - - [16/Oct/2020:10:34:23 +0200] "GET /reload?ser=1602837263429 HTTP/1.1" 200 28 "http://renault.activities.at/success" "Mozilla/5.0 (Windows NT 10.0; Win64; x64) AppleWebKit/537.36 (KHTML, like Gecko) Chrome/86.0.4240.75 Safari/537.36"
193.194.132.29 - - [16/Oct/2020:10:34:37 +0200] "GET /reload?ser=1602837277740 HTTP/1.1" 200 28 "http://renault.activities.at/login?required=true" "Mozilla/5.0 (Windows NT 10.0; Win64; x64) AppleWebKit/537.36 (KHTML, like Gecko) Chrome/64.0.3282.140 Safari/537.36 Edge/17.17134"
193.194.132.27 - - [16/Oct/2020:10:34:38 +0200] "GET /reload?ser=1602837278613 HTTP/1.1" 200 28 "http://renault.2web.at/account" "Mozilla/5.0 (Windows NT 10.0; Win64; x64) AppleWebKit/537.36 (KHTML, like Gecko) Chrome/86.0.4240.75 Safari/537.36"
80.122.53.106 - - [16/Oct/2020:10:34:39 +0200] "GET /reload?ser=1602837300118 HTTP/1.1" 200 28 "http://renault.activities.at/" "Mozilla/5.0 (Windows NT 10.0; WOW64) AppleWebKit/537.36 (KHTML, like Gecko) Chrome/80.0.3987.87 Safari/537.36"
193.194.132.29 - - [16/Oct/2020:10:34:46 +0200] "GET /reload?ser=1602837286187 HTTP/1.1" 200 28 "http://renault.activities.at/12306211" "Mozilla/5.0 (Windows NT 10.0; Win64; x64) AppleWebKit/537.36 (KHTML, like Gecko) Chrome/64.0.3282.140 Safari/537.36 Edge/17.17134"
80.120.210.179 - - [16/Oct/2020:10:34:47 +0200] "GET /reload?ser=1602837286923 HTTP/1.1" 200 28 "http://renault.activities.at/result?searchterm=true&search=Schlauchschal" "Mozilla/5.0 (Windows NT 10.0; WOW64; Trident/7.0; rv:11.0) like Gecko"
80.122.46.22 - - [16/Oct/2020:10:34:53 +0200] "GET /reload?ser=1602837293948 HTTP/1.1" 200 28 "http://renault.activities.at/12306211" "Mozilla/5.0 (Windows NT 10.0; Win64; x64) AppleWebKit/537.36 (KHTML, like Gecko) Chrome/86.0.4240.75 Safari/537.36"
91.112.65.210 - - [16/Oct/2020:10:35:05 +0200] "GET /reload?ser=1602837305712 HTTP/1.1" 200 28 "http://renault.activities.at/10260301" "Mozilla/5.0 (Windows NT 10.0; WOW64; Trident/7.0; rv:11.0) like Gecko"
80.120.210.179 - - [16/Oct/2020:10:35:20 +0200] "GET /reload?ser=1602837319192 HTTP/1.1" 200 28 "http://renault.activities.at/result?searchterm=true&search=schlauch" "Mozilla/5.0 (Windows NT 10.0; Win64; x64) AppleWebKit/537.36 (KHTML, like Gecko) Chrome/86.0.4240.75 Safari/537.36"
212.152.246.131 - - [16/Oct/2020:10:35:22 +0200] "GET /reload?ser=1602837511865 HTTP/1.1" 200 28 "http://renault.activities.at/" "Mozilla/5.0 (Windows NT 10.0; Win64; x64) AppleWebKit/537.36 (KHTML, like Gecko) Chrome/86.0.4240.75 Safari/537.36"
212.152.158.195 - - [16/Oct/2020:10:35:25 +0200] "GET /reload?ser=1602837325438 HTTP/1.1" 200 28 "http://renault.activities.at/success" "Mozilla/5.0 (Windows NT 10.0; Win64; x64) AppleWebKit/537.36 (KHTML, like Gecko) Chrome/86.0.4240.75 Safari/537.36"
193.194.132.29 - - [16/Oct/2020:10:35:39 +0200] "GET /reload?ser=1602837339732 HTTP/1.1" 200 28 "http://renault.activities.at/login?required=true" "Mozilla/5.0 (Windows NT 10.0; Win64; x64) AppleWebKit/537.36 (KHTML, like Gecko) Chrome/64.0.3282.140 Safari/537.36 Edge/17.17134"
80.122.53.106 - - [16/Oct/2020:10:35:40 +0200] "GET /reload?ser=1602837361118 HTTP/1.1" 200 28 "http://renault.activities.at/" "Mozilla/5.0 (Windows NT 10.0; WOW64) AppleWebKit/537.36 (KHTML, like Gecko) Chrome/80.0.3987.87 Safari/537.36"
193.194.132.27 - - [16/Oct/2020:10:35:40 +0200] "GET /reload?ser=1602837340614 HTTP/1.1" 200 28 "http://renault.2web.at/account" "Mozilla/5.0 (Windows NT 10.0; Win64; x64) AppleWebKit/537.36 (KHTML, like Gecko) Chrome/86.0.4240.75 Safari/537.36"
80.120.210.179 - - [16/Oct/2020:10:35:48 +0200] "GET /reload?ser=1602837347913 HTTP/1.1" 200 28 "http://renault.activities.at/result?searchterm=true&search=Schlauchschal" "Mozilla/5.0 (Windows NT 10.0; WOW64; Trident/7.0; rv:11.0) like Gecko"
193.194.132.29 - - [16/Oct/2020:10:35:48 +0200] "GET /reload?ser=1602837348204 HTTP/1.1" 200 28 "http://renault.activities.at/12306211" "Mozilla/5.0 (Windows NT 10.0; Win64; x64) AppleWebKit/537.36 (KHTML, like Gecko) Chrome/64.0.3282.140 Safari/537.36 Edge/17.17134"
80.122.46.22 - - [16/Oct/2020:10:35:54 +0200] "GET /reload?ser=1602837354947 HTTP/1.1" 200 28 "http://renault.activities.at/12306211" "Mozilla/5.0 (Windows NT 10.0; Win64; x64) AppleWebKit/537.36 (KHTML, like Gecko) Chrome/86.0.4240.75 Safari/537.36"
91.112.65.210 - - [16/Oct/2020:10:36:06 +0200] "GET /reload?ser=1602837366678 HTTP/1.1" 200 28 "http://renault.activities.at/10260301" "Mozilla/5.0 (Windows NT 10.0; WOW64; Trident/7.0; rv:11.0) like Gecko"
80.120.210.179 - - [16/Oct/2020:10:36:21 +0200] "GET /reload?ser=1602837380194 HTTP/1.1" 200 28 "http://renault.activities.at/result?searchterm=true&search=schlauch" "Mozilla/5.0 (Windows NT 10.0; Win64; x64) AppleWebKit/537.36 (KHTML, like Gecko) Chrome/86.0.4240.75 Safari/537.36"
