80.120.210.179 - - [16/Oct/2020:11:27:33 +0200] "GET /reload?ser=1602840452192 HTTP/1.1" 200 28 "http://renault.activities.at/result?searchterm=true&search=schlauch" "Mozilla/5.0 (Windows NT 10.0; Win64; x64) AppleWebKit/537.36 (KHTML, like Gecko) Chrome/86.0.4240.75 Safari/537.36"
80.120.210.179 - - [16/Oct/2020:11:27:37 +0200] "GET /reload?ser=1602840457550 HTTP/1.1" 200 28 "http://renault.activities.at/result?searchterm=true&search=Schlauchschal" "Mozilla/5.0 (Windows NT 10.0; WOW64; Trident/7.0; rv:11.0) like Gecko"
80.120.5.131 - - [16/Oct/2020:11:27:38 +0200] "POST /result?searchterm=true&search=typen HTTP/1.1" 200 5990 "http://renault.activities.at/result?searchterm=true&search=typen" "Mozilla/5.0 (Windows NT 10.0; Win64; x64) AppleWebKit/537.36 (KHTML, like Gecko) Chrome/86.0.4240.75 Safari/537.36"
80.120.5.131 - - [16/Oct/2020:11:27:41 +0200] "GET /images/success_msg_icon.gif HTTP/1.1" 200 1024 "http://renault.activities.at/css/styles.css" "Mozilla/5.0 (Windows NT 10.0; Win64; x64) AppleWebKit/537.36 (KHTML, like Gecko) Chrome/86.0.4240.75 Safari/537.36"
80.122.53.106 - - [16/Oct/2020:11:27:41 +0200] "GET /reload?ser=1602840482117 HTTP/1.1" 200 28 "http://renault.activities.at/" "Mozilla/5.0 (Windows NT 10.0; WOW64) AppleWebKit/537.36 (KHTML, like Gecko) Chrome/80.0.3987.87 Safari/537.36"
80.123.225.38 - - [16/Oct/2020:11:27:44 +0200] "GET /reload?ser=1602840464831 HTTP/1.1" 200 28 "http://renault.activities.at/10201442?dir=DESC&mode=grid&order=name&limit=15&page=13" "Mozilla/5.0 (Windows NT 6.1; WOW64; Trident/7.0; rv:11.0) like Gecko"
80.120.5.131 - - [16/Oct/2020:11:27:42 +0200] "GET /checkout HTTP/1.1" 200 11666 "http://renault.activities.at/result?searchterm=true&search=typen" "Mozilla/5.0 (Windows NT 10.0; Win64; x64) AppleWebKit/537.36 (KHTML, like Gecko) Chrome/86.0.4240.75 Safari/537.36"
80.120.5.131 - - [16/Oct/2020:11:27:47 +0200] "GET /images/ajax_loading.gif HTTP/1.1" 200 1542 "http://renault.activities.at/checkout" "Mozilla/5.0 (Windows NT 10.0; Win64; x64) AppleWebKit/537.36 (KHTML, like Gecko) Chrome/86.0.4240.75 Safari/537.36"
80.120.5.131 - - [16/Oct/2020:11:27:47 +0200] "GET /js/checkout2.js HTTP/1.1" 200 4122 "http://renault.activities.at/checkout" "Mozilla/5.0 (Windows NT 10.0; Win64; x64) AppleWebKit/537.36 (KHTML, like Gecko) Chrome/86.0.4240.75 Safari/537.36"
80.120.5.131 - - [16/Oct/2020:11:27:47 +0200] "GET /images/step_marker.gif HTTP/1.1" 200 650 "http://renault.activities.at/css/styles.css" "Mozilla/5.0 (Windows NT 10.0; Win64; x64) AppleWebKit/537.36 (KHTML, like Gecko) Chrome/86.0.4240.75 Safari/537.36"
80.120.5.131 - - [16/Oct/2020:11:27:47 +0200] "GET /images/step_bg.jpg HTTP/1.1" 200 319 "http://renault.activities.at/css/styles.css" "Mozilla/5.0 (Windows NT 10.0; Win64; x64) AppleWebKit/537.36 (KHTML, like Gecko) Chrome/86.0.4240.75 Safari/537.36"
80.120.5.131 - - [16/Oct/2020:11:27:47 +0200] "GET /images/checkout_border_top.gif HTTP/1.1" 200 156 "http://renault.activities.at/css/styles.css" "Mozilla/5.0 (Windows NT 10.0; Win64; x64) AppleWebKit/537.36 (KHTML, like Gecko) Chrome/86.0.4240.75 Safari/537.36"
80.120.5.131 - - [16/Oct/2020:11:27:47 +0200] "GET /images/checkout_border.gif HTTP/1.1" 200 43 "http://renault.activities.at/css/styles.css" "Mozilla/5.0 (Windows NT 10.0; Win64; x64) AppleWebKit/537.36 (KHTML, like Gecko) Chrome/86.0.4240.75 Safari/537.36"
80.120.5.131 - - [16/Oct/2020:11:27:47 +0200] "GET /loadthumbnail.php?id=10201939 HTTP/1.1" 200 201 "http://renault.activities.at/checkout" "Mozilla/5.0 (Windows NT 10.0; Win64; x64) AppleWebKit/537.36 (KHTML, like Gecko) Chrome/86.0.4240.75 Safari/537.36"
80.120.5.131 - - [16/Oct/2020:11:27:47 +0200] "GET /loadthumbnail.php?id=10202698 HTTP/1.1" 200 16686 "http://renault.activities.at/checkout" "Mozilla/5.0 (Windows NT 10.0; Win64; x64) AppleWebKit/537.36 (KHTML, like Gecko) Chrome/86.0.4240.75 Safari/537.36"
193.194.132.27 - - [16/Oct/2020:11:27:51 +0200] "GET /reload?ser=1602840471704 HTTP/1.1" 200 28 "http://renault.2web.at/result?searchterm=true&search=zoe" "Mozilla/5.0 (Windows NT 10.0; Win64; x64) AppleWebKit/537.36 (KHTML, like Gecko) Chrome/86.0.4240.75 Safari/537.36"
80.120.5.131 - - [16/Oct/2020:11:28:08 +0200] "POST /docheckout HTTP/1.1" 200 462 "http://renault.activities.at/checkout" "Mozilla/5.0 (Windows NT 10.0; Win64; x64) AppleWebKit/537.36 (KHTML, like Gecko) Chrome/86.0.4240.75 Safari/537.36"
80.120.5.131 - - [16/Oct/2020:11:28:11 +0200] "POST /docheckout HTTP/1.1" 200 607 "http://renault.activities.at/checkout" "Mozilla/5.0 (Windows NT 10.0; Win64; x64) AppleWebKit/537.36 (KHTML, like Gecko) Chrome/86.0.4240.75 Safari/537.36"
80.120.5.131 - - [16/Oct/2020:11:28:13 +0200] "GET /images/error_msg_icon.gif HTTP/1.1" 200 1013 "http://renault.activities.at/checkout" "Mozilla/5.0 (Windows NT 10.0; Win64; x64) AppleWebKit/537.36 (KHTML, like Gecko) Chrome/86.0.4240.75 Safari/537.36"
212.152.246.131 - - [16/Oct/2020:11:28:14 +0200] "GET /reload?ser=1602840683857 HTTP/1.1" 200 28 "http://renault.activities.at/" "Mozilla/5.0 (Windows NT 10.0; Win64; x64) AppleWebKit/537.36 (KHTML, like Gecko) Chrome/86.0.4240.75 Safari/537.36"
138.21.12.23 - - [16/Oct/2020:11:28:16 +0200] "GET /reload?ser=1602840496545 HTTP/1.1" 200 28 "http://renault.2web.at/cart" "Mozilla/5.0 (Windows NT 10.0; Win64; x64) AppleWebKit/537.36 (KHTML, like Gecko) Chrome/86.0.4240.75 Safari/537.36"
80.120.5.131 - - [16/Oct/2020:11:28:18 +0200] "POST /docheckout HTTP/1.1" 200 68 "http://renault.activities.at/checkout" "Mozilla/5.0 (Windows NT 10.0; Win64; x64) AppleWebKit/537.36 (KHTML, like Gecko) Chrome/86.0.4240.75 Safari/537.36"
80.120.5.131 - - [16/Oct/2020:11:28:20 +0200] "GET /success HTTP/1.1" 200 3794 "http://renault.activities.at/checkout" "Mozilla/5.0 (Windows NT 10.0; Win64; x64) AppleWebKit/537.36 (KHTML, like Gecko) Chrome/86.0.4240.75 Safari/537.36"
193.194.132.29 - - [16/Oct/2020:11:28:21 +0200] "GET /reload?ser=1602840501787 HTTP/1.1" 200 28 "http://renault.activities.at/login?required=true" "Mozilla/5.0 (Windows NT 10.0; Win64; x64) AppleWebKit/537.36 (KHTML, like Gecko) Chrome/64.0.3282.140 Safari/537.36 Edge/17.17134"
80.120.5.131 - - [16/Oct/2020:11:28:22 +0200] "POST /docheckout HTTP/1.1" 200 81 "http://renault.activities.at/checkout" "Mozilla/5.0 (Windows NT 10.0; Win64; x64) AppleWebKit/537.36 (KHTML, like Gecko) Chrome/86.0.4240.75 Safari/537.36"
213.90.59.82 - - [16/Oct/2020:11:28:22 +0200] "GET /reload?ser=1602840496968 HTTP/1.1" 200 28 "http://renault.activities.at/12310865" "Mozilla/5.0 (Windows NT 5.1; rv:52.0) Gecko/20100101 Firefox/52.0"
193.194.132.29 - - [16/Oct/2020:11:28:30 +0200] "GET /reload?ser=1602840510242 HTTP/1.1" 200 28 "http://renault.activities.at/12306211" "Mozilla/5.0 (Windows NT 10.0; Win64; x64) AppleWebKit/537.36 (KHTML, like Gecko) Chrome/64.0.3282.140 Safari/537.36 Edge/17.17134"
80.120.210.179 - - [16/Oct/2020:11:28:34 +0200] "GET /reload?ser=1602840513192 HTTP/1.1" 200 28 "http://renault.activities.at/result?searchterm=true&search=schlauch" "Mozilla/5.0 (Windows NT 10.0; Win64; x64) AppleWebKit/537.36 (KHTML, like Gecko) Chrome/86.0.4240.75 Safari/537.36"
80.120.210.179 - - [16/Oct/2020:11:28:38 +0200] "GET /reload?ser=1602840518492 HTTP/1.1" 200 28 "http://renault.activities.at/result?searchterm=true&search=Schlauchschal" "Mozilla/5.0 (Windows NT 10.0; WOW64; Trident/7.0; rv:11.0) like Gecko"
207.46.13.80 - - [16/Oct/2020:11:28:37 +0200] "GET /10201442?dir=DESC&mode=grid&order=name&limit=15&page=27 HTTP/1.1" 302 150 "-" "Mozilla/5.0 (compatible; bingbot/2.0; +http://www.bing.com/bingbot.htm)"
207.46.13.80 - - [16/Oct/2020:11:28:40 +0200] "GET /login?required=true HTTP/1.1" 200 2085 "-" "Mozilla/5.0 (compatible; bingbot/2.0; +http://www.bing.com/bingbot.htm)"
80.122.53.106 - - [16/Oct/2020:11:28:42 +0200] "GET /reload?ser=1602840543118 HTTP/1.1" 200 28 "http://renault.activities.at/" "Mozilla/5.0 (Windows NT 10.0; WOW64) AppleWebKit/537.36 (KHTML, like Gecko) Chrome/80.0.3987.87 Safari/537.36"
80.123.225.38 - - [16/Oct/2020:11:28:45 +0200] "GET /reload?ser=1602840525811 HTTP/1.1" 200 28 "http://renault.activities.at/10201442?dir=DESC&mode=grid&order=name&limit=15&page=13" "Mozilla/5.0 (Windows NT 6.1; WOW64; Trident/7.0; rv:11.0) like Gecko"
193.194.132.27 - - [16/Oct/2020:11:28:53 +0200] "GET /reload?ser=1602840533708 HTTP/1.1" 200 28 "http://renault.2web.at/result?searchterm=true&search=zoe" "Mozilla/5.0 (Windows NT 10.0; Win64; x64) AppleWebKit/537.36 (KHTML, like Gecko) Chrome/86.0.4240.75 Safari/537.36"
212.152.246.131 - - [16/Oct/2020:11:29:15 +0200] "GET /reload?ser=1602840744861 HTTP/1.1" 200 28 "http://renault.activities.at/" "Mozilla/5.0 (Windows NT 10.0; Win64; x64) AppleWebKit/537.36 (KHTML, like Gecko) Chrome/86.0.4240.75 Safari/537.36"
138.21.12.23 - - [16/Oct/2020:11:29:18 +0200] "GET /reload?ser=1602840558544 HTTP/1.1" 200 28 "http://renault.2web.at/cart" "Mozilla/5.0 (Windows NT 10.0; Win64; x64) AppleWebKit/537.36 (KHTML, like Gecko) Chrome/86.0.4240.75 Safari/537.36"
213.90.59.82 - - [16/Oct/2020:11:29:23 +0200] "GET /reload?ser=1602840557920 HTTP/1.1" 200 28 "http://renault.activities.at/12310865" "Mozilla/5.0 (Windows NT 5.1; rv:52.0) Gecko/20100101 Firefox/52.0"
193.194.132.29 - - [16/Oct/2020:11:29:23 +0200] "GET /reload?ser=1602840563791 HTTP/1.1" 200 28 "http://renault.activities.at/login?required=true" "Mozilla/5.0 (Windows NT 10.0; Win64; x64) AppleWebKit/537.36 (KHTML, like Gecko) Chrome/64.0.3282.140 Safari/537.36 Edge/17.17134"
193.194.132.29 - - [16/Oct/2020:11:29:32 +0200] "GET /reload?ser=1602840572246 HTTP/1.1" 200 28 "http://renault.activities.at/12306211" "Mozilla/5.0 (Windows NT 10.0; Win64; x64) AppleWebKit/537.36 (KHTML, like Gecko) Chrome/64.0.3282.140 Safari/537.36 Edge/17.17134"
80.120.210.179 - - [16/Oct/2020:11:29:35 +0200] "GET /reload?ser=1602840574192 HTTP/1.1" 200 28 "http://renault.activities.at/result?searchterm=true&search=schlauch" "Mozilla/5.0 (Windows NT 10.0; Win64; x64) AppleWebKit/537.36 (KHTML, like Gecko) Chrome/86.0.4240.75 Safari/537.36"
80.120.210.179 - - [16/Oct/2020:11:29:39 +0200] "GET /reload?ser=1602840579439 HTTP/1.1" 200 28 "http://renault.activities.at/result?searchterm=true&search=Schlauchschal" "Mozilla/5.0 (Windows NT 10.0; WOW64; Trident/7.0; rv:11.0) like Gecko"
80.122.53.106 - - [16/Oct/2020:11:29:43 +0200] "GET /reload?ser=1602840604118 HTTP/1.1" 200 28 "http://renault.activities.at/" "Mozilla/5.0 (Windows NT 10.0; WOW64) AppleWebKit/537.36 (KHTML, like Gecko) Chrome/80.0.3987.87 Safari/537.36"
80.123.225.38 - - [16/Oct/2020:11:29:46 +0200] "GET /reload?ser=1602840586758 HTTP/1.1" 200 28 "http://renault.activities.at/10201442?dir=DESC&mode=grid&order=name&limit=15&page=13" "Mozilla/5.0 (Windows NT 6.1; WOW64; Trident/7.0; rv:11.0) like Gecko"
193.194.132.27 - - [16/Oct/2020:11:29:55 +0200] "GET /reload?ser=1602840595710 HTTP/1.1" 200 28 "http://renault.2web.at/result?searchterm=true&search=zoe" "Mozilla/5.0 (Windows NT 10.0; Win64; x64) AppleWebKit/537.36 (KHTML, like Gecko) Chrome/86.0.4240.75 Safari/537.36"
212.152.246.131 - - [16/Oct/2020:11:30:16 +0200] "GET /reload?ser=1602840805869 HTTP/1.1" 200 28 "http://renault.activities.at/" "Mozilla/5.0 (Windows NT 10.0; Win64; x64) AppleWebKit/537.36 (KHTML, like Gecko) Chrome/86.0.4240.75 Safari/537.36"
138.21.12.23 - - [16/Oct/2020:11:30:20 +0200] "GET /reload?ser=1602840620554 HTTP/1.1" 200 28 "http://renault.2web.at/cart" "Mozilla/5.0 (Windows NT 10.0; Win64; x64) AppleWebKit/537.36 (KHTML, like Gecko) Chrome/86.0.4240.75 Safari/537.36"
213.90.59.82 - - [16/Oct/2020:11:30:24 +0200] "GET /reload?ser=1602840618844 HTTP/1.1" 200 28 "http://renault.activities.at/12310865" "Mozilla/5.0 (Windows NT 5.1; rv:52.0) Gecko/20100101 Firefox/52.0"
193.194.132.29 - - [16/Oct/2020:11:30:25 +0200] "GET /reload?ser=1602840625784 HTTP/1.1" 200 28 "http://renault.activities.at/login?required=true" "Mozilla/5.0 (Windows NT 10.0; Win64; x64) AppleWebKit/537.36 (KHTML, like Gecko) Chrome/64.0.3282.140 Safari/537.36 Edge/17.17134"
193.194.132.29 - - [16/Oct/2020:11:30:34 +0200] "GET /reload?ser=1602840634244 HTTP/1.1" 200 28 "http://renault.activities.at/12306211" "Mozilla/5.0 (Windows NT 10.0; Win64; x64) AppleWebKit/537.36 (KHTML, like Gecko) Chrome/64.0.3282.140 Safari/537.36 Edge/17.17134"
80.120.210.179 - - [16/Oct/2020:11:30:36 +0200] "GET /reload?ser=1602840635200 HTTP/1.1" 200 28 "http://renault.activities.at/result?searchterm=true&search=schlauch" "Mozilla/5.0 (Windows NT 10.0; Win64; x64) AppleWebKit/537.36 (KHTML, like Gecko) Chrome/86.0.4240.75 Safari/537.36"
80.120.210.179 - - [16/Oct/2020:11:30:40 +0200] "GET /reload?ser=1602840640408 HTTP/1.1" 200 28 "http://renault.activities.at/result?searchterm=true&search=Schlauchschal" "Mozilla/5.0 (Windows NT 10.0; WOW64; Trident/7.0; rv:11.0) like Gecko"
80.122.53.106 - - [16/Oct/2020:11:30:44 +0200] "GET /reload?ser=1602840665118 HTTP/1.1" 200 28 "http://renault.activities.at/" "Mozilla/5.0 (Windows NT 10.0; WOW64) AppleWebKit/537.36 (KHTML, like Gecko) Chrome/80.0.3987.87 Safari/537.36"
80.123.225.38 - - [16/Oct/2020:11:30:47 +0200] "GET /reload?ser=1602840647700 HTTP/1.1" 200 28 "http://renault.activities.at/10201442?dir=DESC&mode=grid&order=name&limit=15&page=13" "Mozilla/5.0 (Windows NT 6.1; WOW64; Trident/7.0; rv:11.0) like Gecko"
193.194.132.27 - - [16/Oct/2020:11:30:57 +0200] "GET /reload?ser=1602840657720 HTTP/1.1" 200 28 "http://renault.2web.at/result?searchterm=true&search=zoe" "Mozilla/5.0 (Windows NT 10.0; Win64; x64) AppleWebKit/537.36 (KHTML, like Gecko) Chrome/86.0.4240.75 Safari/537.36"
212.152.246.131 - - [16/Oct/2020:11:31:17 +0200] "GET /reload?ser=1602840866857 HTTP/1.1" 200 28 "http://renault.activities.at/" "Mozilla/5.0 (Windows NT 10.0; Win64; x64) AppleWebKit/537.36 (KHTML, like Gecko) Chrome/86.0.4240.75 Safari/537.36"
80.120.210.179 - - [16/Oct/2020:11:31:17 +0200] "GET /result?searchterm=true&search=schlauch HTTP/1.1" 200 5816 "http://renault.activities.at/result?searchterm=true&search=schlauch" "Mozilla/5.0 (Windows NT 10.0; Win64; x64) AppleWebKit/537.36 (KHTML, like Gecko) Chrome/86.0.4240.75 Safari/537.36"
80.120.210.179 - - [16/Oct/2020:11:31:21 +0200] "GET /result?searchterm=true&search=schlauch HTTP/1.1" 200 5816 "http://renault.activities.at/result?searchterm=true&search=schlauch" "Mozilla/5.0 (Windows NT 10.0; Win64; x64) AppleWebKit/537.36 (KHTML, like Gecko) Chrome/86.0.4240.75 Safari/537.36"
138.21.12.23 - - [16/Oct/2020:11:31:22 +0200] "GET /reload?ser=1602840682550 HTTP/1.1" 200 28 "http://renault.2web.at/cart" "Mozilla/5.0 (Windows NT 10.0; Win64; x64) AppleWebKit/537.36 (KHTML, like Gecko) Chrome/86.0.4240.75 Safari/537.36"
80.120.210.179 - - [16/Oct/2020:11:31:23 +0200] "GET /12306145?print=true HTTP/1.1" 200 2675 "http://renault.activities.at/result?searchterm=true&search=schlauch" "Mozilla/5.0 (Windows NT 10.0; Win64; x64) AppleWebKit/537.36 (KHTML, like Gecko) Chrome/86.0.4240.75 Safari/537.36"
213.90.59.82 - - [16/Oct/2020:11:31:25 +0200] "GET /reload?ser=1602840679782 HTTP/1.1" 200 28 "http://renault.activities.at/12310865" "Mozilla/5.0 (Windows NT 5.1; rv:52.0) Gecko/20100101 Firefox/52.0"
193.194.132.29 - - [16/Oct/2020:11:31:27 +0200] "GET /reload?ser=1602840687782 HTTP/1.1" 200 28 "http://renault.activities.at/login?required=true" "Mozilla/5.0 (Windows NT 10.0; Win64; x64) AppleWebKit/537.36 (KHTML, like Gecko) Chrome/64.0.3282.140 Safari/537.36 Edge/17.17134"
193.194.132.29 - - [16/Oct/2020:11:31:36 +0200] "GET /reload?ser=1602840696247 HTTP/1.1" 200 28 "http://renault.activities.at/12306211" "Mozilla/5.0 (Windows NT 10.0; Win64; x64) AppleWebKit/537.36 (KHTML, like Gecko) Chrome/64.0.3282.140 Safari/537.36 Edge/17.17134"
80.120.210.179 - - [16/Oct/2020:11:31:41 +0200] "GET /reload?ser=1602840701381 HTTP/1.1" 200 28 "http://renault.activities.at/result?searchterm=true&search=Schlauchschal" "Mozilla/5.0 (Windows NT 10.0; WOW64; Trident/7.0; rv:11.0) like Gecko"
80.123.225.38 - - [16/Oct/2020:11:31:42 +0200] "GET /10201442?dir=DESC&mode=grid&order=name&limit=15&page=11 HTTP/1.1" 200 8840 "http://renault.activities.at/10201442?dir=DESC&mode=grid&order=name&limit=15&page=13" "Mozilla/5.0 (Windows NT 6.1; WOW64; Trident/7.0; rv:11.0) like Gecko"
80.122.53.106 - - [16/Oct/2020:11:31:45 +0200] "GET /reload?ser=1602840726118 HTTP/1.1" 200 28 "http://renault.activities.at/" "Mozilla/5.0 (Windows NT 10.0; WOW64) AppleWebKit/537.36 (KHTML, like Gecko) Chrome/80.0.3987.87 Safari/537.36"
193.194.132.27 - - [16/Oct/2020:11:32:00 +0200] "GET /reload?ser=1602840719719 HTTP/1.1" 200 28 "http://renault.2web.at/result?searchterm=true&search=zoe" "Mozilla/5.0 (Windows NT 10.0; Win64; x64) AppleWebKit/537.36 (KHTML, like Gecko) Chrome/86.0.4240.75 Safari/537.36"
80.123.225.38 - - [16/Oct/2020:11:31:58 +0200] "GET /10201442?dir=DESC&mode=grid&order=name&limit=15&page=12 HTTP/1.1" 200 9097 "http://renault.activities.at/10201442?dir=DESC&mode=grid&order=name&limit=15&page=11" "Mozilla/5.0 (Windows NT 6.1; WOW64; Trident/7.0; rv:11.0) like Gecko"
80.123.225.38 - - [16/Oct/2020:11:32:07 +0200] "GET /images/vista-dn-hover.gif HTTP/1.1" 200 127 "http://renault.activities.at/10201442?dir=DESC&mode=grid&order=name&limit=15&page=12" "Mozilla/5.0 (Windows NT 6.1; WOW64; Trident/7.0; rv:11.0) like Gecko"
80.123.225.38 - - [16/Oct/2020:11:32:09 +0200] "GET /10201442?dir=DESC&mode=grid&order=name&limit=15&page=13 HTTP/1.1" 200 9121 "http://renault.activities.at/10201442?dir=DESC&mode=grid&order=name&limit=15&page=12" "Mozilla/5.0 (Windows NT 6.1; WOW64; Trident/7.0; rv:11.0) like Gecko"
212.152.246.131 - - [16/Oct/2020:11:32:18 +0200] "GET /reload?ser=1602840927856 HTTP/1.1" 200 28 "http://renault.activities.at/" "Mozilla/5.0 (Windows NT 10.0; Win64; x64) AppleWebKit/537.36 (KHTML, like Gecko) Chrome/86.0.4240.75 Safari/537.36"
80.120.210.179 - - [16/Oct/2020:11:32:23 +0200] "GET /reload?ser=1602840742192 HTTP/1.1" 200 28 "http://renault.activities.at/result?searchterm=true&search=schlauch" "Mozilla/5.0 (Windows NT 10.0; Win64; x64) AppleWebKit/537.36 (KHTML, like Gecko) Chrome/86.0.4240.75 Safari/537.36"
138.21.12.23 - - [16/Oct/2020:11:32:24 +0200] "GET /reload?ser=1602840744543 HTTP/1.1" 200 28 "http://renault.2web.at/cart" "Mozilla/5.0 (Windows NT 10.0; Win64; x64) AppleWebKit/537.36 (KHTML, like Gecko) Chrome/86.0.4240.75 Safari/537.36"
80.123.225.38 - - [16/Oct/2020:11:32:22 +0200] "GET /10201442?dir=DESC&mode=grid&order=name&limit=15&page=14 HTTP/1.1" 200 8943 "http://renault.activities.at/10201442?dir=DESC&mode=grid&order=name&limit=15&page=13" "Mozilla/5.0 (Windows NT 6.1; WOW64; Trident/7.0; rv:11.0) like Gecko"
80.123.225.38 - - [16/Oct/2020:11:32:25 +0200] "GET /loadthumbnail.php?id=10746885&width=113 HTTP/1.1" 200 3633 "http://renault.activities.at/10201442?dir=DESC&mode=grid&order=name&limit=15&page=14" "Mozilla/5.0 (Windows NT 6.1; WOW64; Trident/7.0; rv:11.0) like Gecko"
80.123.225.38 - - [16/Oct/2020:11:32:25 +0200] "GET /loadthumbnail.php?id=11435680&width=113 HTTP/1.1" 200 3562 "http://renault.activities.at/10201442?dir=DESC&mode=grid&order=name&limit=15&page=14" "Mozilla/5.0 (Windows NT 6.1; WOW64; Trident/7.0; rv:11.0) like Gecko"
80.123.225.38 - - [16/Oct/2020:11:32:25 +0200] "GET /loadthumbnail.php?id=10259680&width=113 HTTP/1.1" 200 1966 "http://renault.activities.at/10201442?dir=DESC&mode=grid&order=name&limit=15&page=14" "Mozilla/5.0 (Windows NT 6.1; WOW64; Trident/7.0; rv:11.0) like Gecko"
80.123.225.38 - - [16/Oct/2020:11:32:25 +0200] "GET /loadthumbnail.php?id=12205689&width=113 HTTP/1.1" 200 2478 "http://renault.activities.at/10201442?dir=DESC&mode=grid&order=name&limit=15&page=14" "Mozilla/5.0 (Windows NT 6.1; WOW64; Trident/7.0; rv:11.0) like Gecko"
80.123.225.38 - - [16/Oct/2020:11:32:25 +0200] "GET /loadthumbnail.php?id=11245117&width=113 HTTP/1.1" 200 2832 "http://renault.activities.at/10201442?dir=DESC&mode=grid&order=name&limit=15&page=14" "Mozilla/5.0 (Windows NT 6.1; WOW64; Trident/7.0; rv:11.0) like Gecko"
80.123.225.38 - - [16/Oct/2020:11:32:25 +0200] "GET /loadthumbnail.php?id=11831534&width=113 HTTP/1.1" 200 4126 "http://renault.activities.at/10201442?dir=DESC&mode=grid&order=name&limit=15&page=14" "Mozilla/5.0 (Windows NT 6.1; WOW64; Trident/7.0; rv:11.0) like Gecko"
80.123.225.38 - - [16/Oct/2020:11:32:25 +0200] "GET /loadthumbnail.php?id=12121724&width=113 HTTP/1.1" 200 2468 "http://renault.activities.at/10201442?dir=DESC&mode=grid&order=name&limit=15&page=14" "Mozilla/5.0 (Windows NT 6.1; WOW64; Trident/7.0; rv:11.0) like Gecko"
80.123.225.38 - - [16/Oct/2020:11:32:25 +0200] "GET /loadthumbnail.php?id=12122782&width=113 HTTP/1.1" 200 4559 "http://renault.activities.at/10201442?dir=DESC&mode=grid&order=name&limit=15&page=14" "Mozilla/5.0 (Windows NT 6.1; WOW64; Trident/7.0; rv:11.0) like Gecko"
80.123.225.38 - - [16/Oct/2020:11:32:25 +0200] "GET /loadthumbnail.php?id=12088270&width=113 HTTP/1.1" 200 2783 "http://renault.activities.at/10201442?dir=DESC&mode=grid&order=name&limit=15&page=14" "Mozilla/5.0 (Windows NT 6.1; WOW64; Trident/7.0; rv:11.0) like Gecko"
80.123.225.38 - - [16/Oct/2020:11:32:25 +0200] "GET /loadthumbnail.php?id=12040651&width=113 HTTP/1.1" 200 3124 "http://renault.activities.at/10201442?dir=DESC&mode=grid&order=name&limit=15&page=14" "Mozilla/5.0 (Windows NT 6.1; WOW64; Trident/7.0; rv:11.0) like Gecko"
80.123.225.38 - - [16/Oct/2020:11:32:25 +0200] "GET /loadthumbnail.php?id=12040662&width=113 HTTP/1.1" 200 4115 "http://renault.activities.at/10201442?dir=DESC&mode=grid&order=name&limit=15&page=14" "Mozilla/5.0 (Windows NT 6.1; WOW64; Trident/7.0; rv:11.0) like Gecko"
80.123.225.38 - - [16/Oct/2020:11:32:25 +0200] "GET /loadthumbnail.php?id=12101538&width=113 HTTP/1.1" 200 2597 "http://renault.activities.at/10201442?dir=DESC&mode=grid&order=name&limit=15&page=14" "Mozilla/5.0 (Windows NT 6.1; WOW64; Trident/7.0; rv:11.0) like Gecko"
80.123.225.38 - - [16/Oct/2020:11:32:26 +0200] "GET /loadthumbnail.php?id=11927086&width=113 HTTP/1.1" 200 2978 "http://renault.activities.at/10201442?dir=DESC&mode=grid&order=name&limit=15&page=14" "Mozilla/5.0 (Windows NT 6.1; WOW64; Trident/7.0; rv:11.0) like Gecko"
80.123.225.38 - - [16/Oct/2020:11:32:26 +0200] "GET /loadthumbnail.php?id=12088624&width=113 HTTP/1.1" 200 2886 "http://renault.activities.at/10201442?dir=DESC&mode=grid&order=name&limit=15&page=14" "Mozilla/5.0 (Windows NT 6.1; WOW64; Trident/7.0; rv:11.0) like Gecko"
213.90.59.82 - - [16/Oct/2020:11:32:26 +0200] "GET /reload?ser=1602840740720 HTTP/1.1" 200 28 "http://renault.activities.at/12310865" "Mozilla/5.0 (Windows NT 5.1; rv:52.0) Gecko/20100101 Firefox/52.0"
193.194.132.29 - - [16/Oct/2020:11:32:29 +0200] "GET /reload?ser=1602840749794 HTTP/1.1" 200 28 "http://renault.activities.at/login?required=true" "Mozilla/5.0 (Windows NT 10.0; Win64; x64) AppleWebKit/537.36 (KHTML, like Gecko) Chrome/64.0.3282.140 Safari/537.36 Edge/17.17134"
193.194.132.29 - - [16/Oct/2020:11:32:38 +0200] "GET /reload?ser=1602840758244 HTTP/1.1" 200 28 "http://renault.activities.at/12306211" "Mozilla/5.0 (Windows NT 10.0; Win64; x64) AppleWebKit/537.36 (KHTML, like Gecko) Chrome/64.0.3282.140 Safari/537.36 Edge/17.17134"
80.123.225.38 - - [16/Oct/2020:11:32:36 +0200] "GET /10201442?dir=DESC&mode=grid&order=name&limit=15&page=15 HTTP/1.1" 200 8926 "http://renault.activities.at/10201442?dir=DESC&mode=grid&order=name&limit=15&page=14" "Mozilla/5.0 (Windows NT 6.1; WOW64; Trident/7.0; rv:11.0) like Gecko"
80.123.225.38 - - [16/Oct/2020:11:32:39 +0200] "GET /loadthumbnail.php?id=12134932&width=113 HTTP/1.1" 200 2975 "http://renault.activities.at/10201442?dir=DESC&mode=grid&order=name&limit=15&page=15" "Mozilla/5.0 (Windows NT 6.1; WOW64; Trident/7.0; rv:11.0) like Gecko"
80.123.225.38 - - [16/Oct/2020:11:32:39 +0200] "GET /loadthumbnail.php?id=11906025&width=113 HTTP/1.1" 200 2994 "http://renault.activities.at/10201442?dir=DESC&mode=grid&order=name&limit=15&page=15" "Mozilla/5.0 (Windows NT 6.1; WOW64; Trident/7.0; rv:11.0) like Gecko"
80.123.225.38 - - [16/Oct/2020:11:32:39 +0200] "GET /loadthumbnail.php?id=11784466&width=113 HTTP/1.1" 200 3044 "http://renault.activities.at/10201442?dir=DESC&mode=grid&order=name&limit=15&page=15" "Mozilla/5.0 (Windows NT 6.1; WOW64; Trident/7.0; rv:11.0) like Gecko"
80.123.225.38 - - [16/Oct/2020:11:32:39 +0200] "GET /loadthumbnail.php?id=11784465&width=113 HTTP/1.1" 200 2824 "http://renault.activities.at/10201442?dir=DESC&mode=grid&order=name&limit=15&page=15" "Mozilla/5.0 (Windows NT 6.1; WOW64; Trident/7.0; rv:11.0) like Gecko"
80.123.225.38 - - [16/Oct/2020:11:32:39 +0200] "GET /loadthumbnail.php?id=12201241&width=113 HTTP/1.1" 200 4244 "http://renault.activities.at/10201442?dir=DESC&mode=grid&order=name&limit=15&page=15" "Mozilla/5.0 (Windows NT 6.1; WOW64; Trident/7.0; rv:11.0) like Gecko"
80.123.225.38 - - [16/Oct/2020:11:32:39 +0200] "GET /loadthumbnail.php?id=11784479&width=113 HTTP/1.1" 200 2490 "http://renault.activities.at/10201442?dir=DESC&mode=grid&order=name&limit=15&page=15" "Mozilla/5.0 (Windows NT 6.1; WOW64; Trident/7.0; rv:11.0) like Gecko"
80.123.225.38 - - [16/Oct/2020:11:32:40 +0200] "GET /loadthumbnail.php?id=12022099&width=113 HTTP/1.1" 200 2908 "http://renault.activities.at/10201442?dir=DESC&mode=grid&order=name&limit=15&page=15" "Mozilla/5.0 (Windows NT 6.1; WOW64; Trident/7.0; rv:11.0) like Gecko"
80.123.225.38 - - [16/Oct/2020:11:32:40 +0200] "GET /loadthumbnail.php?id=11784464&width=113 HTTP/1.1" 200 2802 "http://renault.activities.at/10201442?dir=DESC&mode=grid&order=name&limit=15&page=15" "Mozilla/5.0 (Windows NT 6.1; WOW64; Trident/7.0; rv:11.0) like Gecko"
80.123.225.38 - - [16/Oct/2020:11:32:40 +0200] "GET /loadthumbnail.php?id=11659629&width=113 HTTP/1.1" 200 2748 "http://renault.activities.at/10201442?dir=DESC&mode=grid&order=name&limit=15&page=15" "Mozilla/5.0 (Windows NT 6.1; WOW64; Trident/7.0; rv:11.0) like Gecko"
80.123.225.38 - - [16/Oct/2020:11:32:40 +0200] "GET /loadthumbnail.php?id=11435681&width=113 HTTP/1.1" 200 3946 "http://renault.activities.at/10201442?dir=DESC&mode=grid&order=name&limit=15&page=15" "Mozilla/5.0 (Windows NT 6.1; WOW64; Trident/7.0; rv:11.0) like Gecko"
80.123.225.38 - - [16/Oct/2020:11:32:40 +0200] "GET /loadthumbnail.php?id=11340121&width=113 HTTP/1.1" 200 4540 "http://renault.activities.at/10201442?dir=DESC&mode=grid&order=name&limit=15&page=15" "Mozilla/5.0 (Windows NT 6.1; WOW64; Trident/7.0; rv:11.0) like Gecko"
80.123.225.38 - - [16/Oct/2020:11:32:40 +0200] "GET /loadthumbnail.php?id=11340122&width=113 HTTP/1.1" 200 3786 "http://renault.activities.at/10201442?dir=DESC&mode=grid&order=name&limit=15&page=15" "Mozilla/5.0 (Windows NT 6.1; WOW64; Trident/7.0; rv:11.0) like Gecko"
80.123.225.38 - - [16/Oct/2020:11:32:40 +0200] "GET /loadthumbnail.php?id=11831340&width=113 HTTP/1.1" 200 4684 "http://renault.activities.at/10201442?dir=DESC&mode=grid&order=name&limit=15&page=15" "Mozilla/5.0 (Windows NT 6.1; WOW64; Trident/7.0; rv:11.0) like Gecko"
80.123.225.38 - - [16/Oct/2020:11:32:40 +0200] "GET /loadthumbnail.php?id=11489779&width=113 HTTP/1.1" 200 1080 "http://renault.activities.at/10201442?dir=DESC&mode=grid&order=name&limit=15&page=15" "Mozilla/5.0 (Windows NT 6.1; WOW64; Trident/7.0; rv:11.0) like Gecko"
80.123.225.38 - - [16/Oct/2020:11:32:40 +0200] "GET /loadthumbnail.php?id=12299988&width=113 HTTP/1.1" 200 2207 "http://renault.activities.at/10201442?dir=DESC&mode=grid&order=name&limit=15&page=15" "Mozilla/5.0 (Windows NT 6.1; WOW64; Trident/7.0; rv:11.0) like Gecko"
80.120.210.179 - - [16/Oct/2020:11:32:42 +0200] "GET /reload?ser=1602840762353 HTTP/1.1" 200 28 "http://renault.activities.at/result?searchterm=true&search=Schlauchschal" "Mozilla/5.0 (Windows NT 10.0; WOW64; Trident/7.0; rv:11.0) like Gecko"
80.122.53.106 - - [16/Oct/2020:11:32:46 +0200] "GET /reload?ser=1602840787118 HTTP/1.1" 200 28 "http://renault.activities.at/" "Mozilla/5.0 (Windows NT 10.0; WOW64) AppleWebKit/537.36 (KHTML, like Gecko) Chrome/80.0.3987.87 Safari/537.36"
80.123.225.38 - - [16/Oct/2020:11:32:45 +0200] "GET /10201442?dir=DESC&mode=grid&order=name&limit=15&page=16 HTTP/1.1" 200 8905 "http://renault.activities.at/10201442?dir=DESC&mode=grid&order=name&limit=15&page=15" "Mozilla/5.0 (Windows NT 6.1; WOW64; Trident/7.0; rv:11.0) like Gecko"
80.123.225.38 - - [16/Oct/2020:11:32:49 +0200] "GET /loadthumbnail.php?id=12029408&width=113 HTTP/1.1" 200 2367 "http://renault.activities.at/10201442?dir=DESC&mode=grid&order=name&limit=15&page=16" "Mozilla/5.0 (Windows NT 6.1; WOW64; Trident/7.0; rv:11.0) like Gecko"
80.123.225.38 - - [16/Oct/2020:11:32:49 +0200] "GET /loadthumbnail.php?id=12305845&width=113 HTTP/1.1" 200 2418 "http://renault.activities.at/10201442?dir=DESC&mode=grid&order=name&limit=15&page=16" "Mozilla/5.0 (Windows NT 6.1; WOW64; Trident/7.0; rv:11.0) like Gecko"
80.123.225.38 - - [16/Oct/2020:11:32:49 +0200] "GET /loadthumbnail.php?id=12283836&width=113 HTTP/1.1" 200 3320 "http://renault.activities.at/10201442?dir=DESC&mode=grid&order=name&limit=15&page=16" "Mozilla/5.0 (Windows NT 6.1; WOW64; Trident/7.0; rv:11.0) like Gecko"
80.123.225.38 - - [16/Oct/2020:11:32:49 +0200] "GET /loadthumbnail.php?id=12243604&width=113 HTTP/1.1" 200 3094 "http://renault.activities.at/10201442?dir=DESC&mode=grid&order=name&limit=15&page=16" "Mozilla/5.0 (Windows NT 6.1; WOW64; Trident/7.0; rv:11.0) like Gecko"
80.123.225.38 - - [16/Oct/2020:11:32:49 +0200] "GET /loadthumbnail.php?id=12243596&width=113 HTTP/1.1" 200 2926 "http://renault.activities.at/10201442?dir=DESC&mode=grid&order=name&limit=15&page=16" "Mozilla/5.0 (Windows NT 6.1; WOW64; Trident/7.0; rv:11.0) like Gecko"
80.123.225.38 - - [16/Oct/2020:11:32:49 +0200] "GET /loadthumbnail.php?id=12243600&width=113 HTTP/1.1" 200 3157 "http://renault.activities.at/10201442?dir=DESC&mode=grid&order=name&limit=15&page=16" "Mozilla/5.0 (Windows NT 6.1; WOW64; Trident/7.0; rv:11.0) like Gecko"
80.123.225.38 - - [16/Oct/2020:11:32:49 +0200] "GET /loadthumbnail.php?id=11434114&width=113 HTTP/1.1" 200 4564 "http://renault.activities.at/10201442?dir=DESC&mode=grid&order=name&limit=15&page=16" "Mozilla/5.0 (Windows NT 6.1; WOW64; Trident/7.0; rv:11.0) like Gecko"
80.123.225.38 - - [16/Oct/2020:11:32:49 +0200] "GET /loadthumbnail.php?id=12276317&width=113 HTTP/1.1" 200 2783 "http://renault.activities.at/10201442?dir=DESC&mode=grid&order=name&limit=15&page=16" "Mozilla/5.0 (Windows NT 6.1; WOW64; Trident/7.0; rv:11.0) like Gecko"
80.123.225.38 - - [16/Oct/2020:11:32:49 +0200] "GET /loadthumbnail.php?id=12273107&width=113 HTTP/1.1" 200 2790 "http://renault.activities.at/10201442?dir=DESC&mode=grid&order=name&limit=15&page=16" "Mozilla/5.0 (Windows NT 6.1; WOW64; Trident/7.0; rv:11.0) like Gecko"
80.123.225.38 - - [16/Oct/2020:11:32:49 +0200] "GET /loadthumbnail.php?id=12273108&width=113 HTTP/1.1" 200 3033 "http://renault.activities.at/10201442?dir=DESC&mode=grid&order=name&limit=15&page=16" "Mozilla/5.0 (Windows NT 6.1; WOW64; Trident/7.0; rv:11.0) like Gecko"
80.123.225.38 - - [16/Oct/2020:11:32:49 +0200] "GET /loadthumbnail.php?id=10745359&width=113 HTTP/1.1" 200 4202 "http://renault.activities.at/10201442?dir=DESC&mode=grid&order=name&limit=15&page=16" "Mozilla/5.0 (Windows NT 6.1; WOW64; Trident/7.0; rv:11.0) like Gecko"
80.123.225.38 - - [16/Oct/2020:11:32:49 +0200] "GET /loadthumbnail.php?id=11211825&width=113 HTTP/1.1" 200 1953 "http://renault.activities.at/10201442?dir=DESC&mode=grid&order=name&limit=15&page=16" "Mozilla/5.0 (Windows NT 6.1; WOW64; Trident/7.0; rv:11.0) like Gecko"
80.123.225.38 - - [16/Oct/2020:11:32:49 +0200] "GET /loadthumbnail.php?id=10614830&width=113 HTTP/1.1" 200 2000 "http://renault.activities.at/10201442?dir=DESC&mode=grid&order=name&limit=15&page=16" "Mozilla/5.0 (Windows NT 6.1; WOW64; Trident/7.0; rv:11.0) like Gecko"
80.123.225.38 - - [16/Oct/2020:11:32:49 +0200] "GET /loadthumbnail.php?id=12029412&width=113 HTTP/1.1" 200 3690 "http://renault.activities.at/10201442?dir=DESC&mode=grid&order=name&limit=15&page=16" "Mozilla/5.0 (Windows NT 6.1; WOW64; Trident/7.0; rv:11.0) like Gecko"
80.123.225.38 - - [16/Oct/2020:11:32:49 +0200] "GET /loadthumbnail.php?id=11573493&width=113 HTTP/1.1" 200 8256 "http://renault.activities.at/10201442?dir=DESC&mode=grid&order=name&limit=15&page=16" "Mozilla/5.0 (Windows NT 6.1; WOW64; Trident/7.0; rv:11.0) like Gecko"
80.123.225.38 - - [16/Oct/2020:11:32:55 +0200] "GET /10201442?dir=DESC&mode=grid&order=name&limit=15&page=17 HTTP/1.1" 200 9021 "http://renault.activities.at/10201442?dir=DESC&mode=grid&order=name&limit=15&page=16" "Mozilla/5.0 (Windows NT 6.1; WOW64; Trident/7.0; rv:11.0) like Gecko"
80.123.225.38 - - [16/Oct/2020:11:32:59 +0200] "GET /loadthumbnail.php?id=11489794&width=113 HTTP/1.1" 200 2829 "http://renault.activities.at/10201442?dir=DESC&mode=grid&order=name&limit=15&page=17" "Mozilla/5.0 (Windows NT 6.1; WOW64; Trident/7.0; rv:11.0) like Gecko"
80.123.225.38 - - [16/Oct/2020:11:32:59 +0200] "GET /loadthumbnail.php?id=11521730&width=113 HTTP/1.1" 200 2841 "http://renault.activities.at/10201442?dir=DESC&mode=grid&order=name&limit=15&page=17" "Mozilla/5.0 (Windows NT 6.1; WOW64; Trident/7.0; rv:11.0) like Gecko"
80.123.225.38 - - [16/Oct/2020:11:32:59 +0200] "GET /loadthumbnail.php?id=11489786&width=113 HTTP/1.1" 200 2751 "http://renault.activities.at/10201442?dir=DESC&mode=grid&order=name&limit=15&page=17" "Mozilla/5.0 (Windows NT 6.1; WOW64; Trident/7.0; rv:11.0) like Gecko"
80.123.225.38 - - [16/Oct/2020:11:32:59 +0200] "GET /loadthumbnail.php?id=11108158&width=113 HTTP/1.1" 200 1545 "http://renault.activities.at/10201442?dir=DESC&mode=grid&order=name&limit=15&page=17" "Mozilla/5.0 (Windows NT 6.1; WOW64; Trident/7.0; rv:11.0) like Gecko"
80.123.225.38 - - [16/Oct/2020:11:32:59 +0200] "GET /loadthumbnail.php?id=11721290&width=113 HTTP/1.1" 200 1179 "http://renault.activities.at/10201442?dir=DESC&mode=grid&order=name&limit=15&page=17" "Mozilla/5.0 (Windows NT 6.1; WOW64; Trident/7.0; rv:11.0) like Gecko"
80.123.225.38 - - [16/Oct/2020:11:32:59 +0200] "GET /loadthumbnail.php?id=11355691&width=113 HTTP/1.1" 200 1198 "http://renault.activities.at/10201442?dir=DESC&mode=grid&order=name&limit=15&page=17" "Mozilla/5.0 (Windows NT 6.1; WOW64; Trident/7.0; rv:11.0) like Gecko"
80.123.225.38 - - [16/Oct/2020:11:32:59 +0200] "GET /loadthumbnail.php?id=10260174&width=113 HTTP/1.1" 200 3715 "http://renault.activities.at/10201442?dir=DESC&mode=grid&order=name&limit=15&page=17" "Mozilla/5.0 (Windows NT 6.1; WOW64; Trident/7.0; rv:11.0) like Gecko"
80.123.225.38 - - [16/Oct/2020:11:32:59 +0200] "GET /loadthumbnail.php?id=11730239&width=113 HTTP/1.1" 200 4665 "http://renault.activities.at/10201442?dir=DESC&mode=grid&order=name&limit=15&page=17" "Mozilla/5.0 (Windows NT 6.1; WOW64; Trident/7.0; rv:11.0) like Gecko"
80.123.225.38 - - [16/Oct/2020:11:32:59 +0200] "GET /loadthumbnail.php?id=10260190&width=113 HTTP/1.1" 200 4509 "http://renault.activities.at/10201442?dir=DESC&mode=grid&order=name&limit=15&page=17" "Mozilla/5.0 (Windows NT 6.1; WOW64; Trident/7.0; rv:11.0) like Gecko"
80.123.225.38 - - [16/Oct/2020:11:32:59 +0200] "GET /loadthumbnail.php?id=11213903&width=113 HTTP/1.1" 200 2398 "http://renault.activities.at/10201442?dir=DESC&mode=grid&order=name&limit=15&page=17" "Mozilla/5.0 (Windows NT 6.1; WOW64; Trident/7.0; rv:11.0) like Gecko"
80.123.225.38 - - [16/Oct/2020:11:32:59 +0200] "GET /loadthumbnail.php?id=11310683&width=113 HTTP/1.1" 200 1776 "http://renault.activities.at/10201442?dir=DESC&mode=grid&order=name&limit=15&page=17" "Mozilla/5.0 (Windows NT 6.1; WOW64; Trident/7.0; rv:11.0) like Gecko"
80.123.225.38 - - [16/Oct/2020:11:32:59 +0200] "GET /loadthumbnail.php?id=11213910&width=113 HTTP/1.1" 200 2091 "http://renault.activities.at/10201442?dir=DESC&mode=grid&order=name&limit=15&page=17" "Mozilla/5.0 (Windows NT 6.1; WOW64; Trident/7.0; rv:11.0) like Gecko"
193.194.132.27 - - [16/Oct/2020:11:33:01 +0200] "GET /reload?ser=1602840781720 HTTP/1.1" 200 28 "http://renault.2web.at/result?searchterm=true&search=zoe" "Mozilla/5.0 (Windows NT 10.0; Win64; x64) AppleWebKit/537.36 (KHTML, like Gecko) Chrome/86.0.4240.75 Safari/537.36"
80.123.225.38 - - [16/Oct/2020:11:33:06 +0200] "GET /10201442?dir=DESC&mode=grid&order=name&limit=15&page=18 HTTP/1.1" 200 8826 "http://renault.activities.at/10201442?dir=DESC&mode=grid&order=name&limit=15&page=17" "Mozilla/5.0 (Windows NT 6.1; WOW64; Trident/7.0; rv:11.0) like Gecko"
80.123.225.38 - - [16/Oct/2020:11:33:09 +0200] "GET /loadthumbnail.php?id=10986339&width=113 HTTP/1.1" 200 3068 "http://renault.activities.at/10201442?dir=DESC&mode=grid&order=name&limit=15&page=18" "Mozilla/5.0 (Windows NT 6.1; WOW64; Trident/7.0; rv:11.0) like Gecko"
80.123.225.38 - - [16/Oct/2020:11:33:09 +0200] "GET /loadthumbnail.php?id=11036127&width=113 HTTP/1.1" 200 1099 "http://renault.activities.at/10201442?dir=DESC&mode=grid&order=name&limit=15&page=18" "Mozilla/5.0 (Windows NT 6.1; WOW64; Trident/7.0; rv:11.0) like Gecko"
80.123.225.38 - - [16/Oct/2020:11:33:09 +0200] "GET /loadthumbnail.php?id=10261230&width=113 HTTP/1.1" 200 1170 "http://renault.activities.at/10201442?dir=DESC&mode=grid&order=name&limit=15&page=18" "Mozilla/5.0 (Windows NT 6.1; WOW64; Trident/7.0; rv:11.0) like Gecko"
80.123.225.38 - - [16/Oct/2020:11:33:09 +0200] "GET /loadthumbnail.php?id=11788552&width=113 HTTP/1.1" 200 3318 "http://renault.activities.at/10201442?dir=DESC&mode=grid&order=name&limit=15&page=18" "Mozilla/5.0 (Windows NT 6.1; WOW64; Trident/7.0; rv:11.0) like Gecko"
80.123.225.38 - - [16/Oct/2020:11:33:09 +0200] "GET /loadthumbnail.php?id=10260910&width=113 HTTP/1.1" 200 3135 "http://renault.activities.at/10201442?dir=DESC&mode=grid&order=name&limit=15&page=18" "Mozilla/5.0 (Windows NT 6.1; WOW64; Trident/7.0; rv:11.0) like Gecko"
80.123.225.38 - - [16/Oct/2020:11:33:09 +0200] "GET /loadthumbnail.php?id=10260877&width=113 HTTP/1.1" 200 1170 "http://renault.activities.at/10201442?dir=DESC&mode=grid&order=name&limit=15&page=18" "Mozilla/5.0 (Windows NT 6.1; WOW64; Trident/7.0; rv:11.0) like Gecko"
80.123.225.38 - - [16/Oct/2020:11:33:10 +0200] "GET /loadthumbnail.php?id=11036339&width=113 HTTP/1.1" 200 1330 "http://renault.activities.at/10201442?dir=DESC&mode=grid&order=name&limit=15&page=18" "Mozilla/5.0 (Windows NT 6.1; WOW64; Trident/7.0; rv:11.0) like Gecko"
80.123.225.38 - - [16/Oct/2020:11:33:10 +0200] "GET /loadthumbnail.php?id=12294743&width=113 HTTP/1.1" 200 2695 "http://renault.activities.at/10201442?dir=DESC&mode=grid&order=name&limit=15&page=18" "Mozilla/5.0 (Windows NT 6.1; WOW64; Trident/7.0; rv:11.0) like Gecko"
80.123.225.38 - - [16/Oct/2020:11:33:10 +0200] "GET /loadthumbnail.php?id=11255648&width=113 HTTP/1.1" 200 1285 "http://renault.activities.at/10201442?dir=DESC&mode=grid&order=name&limit=15&page=18" "Mozilla/5.0 (Windows NT 6.1; WOW64; Trident/7.0; rv:11.0) like Gecko"
80.123.225.38 - - [16/Oct/2020:11:33:10 +0200] "GET /loadthumbnail.php?id=10260863&width=113 HTTP/1.1" 200 1170 "http://renault.activities.at/10201442?dir=DESC&mode=grid&order=name&limit=15&page=18" "Mozilla/5.0 (Windows NT 6.1; WOW64; Trident/7.0; rv:11.0) like Gecko"
80.123.225.38 - - [16/Oct/2020:11:33:10 +0200] "GET /loadthumbnail.php?id=11036124&width=113 HTTP/1.1" 200 1328 "http://renault.activities.at/10201442?dir=DESC&mode=grid&order=name&limit=15&page=18" "Mozilla/5.0 (Windows NT 6.1; WOW64; Trident/7.0; rv:11.0) like Gecko"
80.123.225.38 - - [16/Oct/2020:11:33:10 +0200] "GET /loadthumbnail.php?id=10260861&width=113 HTTP/1.1" 200 1170 "http://renault.activities.at/10201442?dir=DESC&mode=grid&order=name&limit=15&page=18" "Mozilla/5.0 (Windows NT 6.1; WOW64; Trident/7.0; rv:11.0) like Gecko"
80.123.225.38 - - [16/Oct/2020:11:33:10 +0200] "GET /loadthumbnail.php?id=11885850&width=113 HTTP/1.1" 200 1552 "http://renault.activities.at/10201442?dir=DESC&mode=grid&order=name&limit=15&page=18" "Mozilla/5.0 (Windows NT 6.1; WOW64; Trident/7.0; rv:11.0) like Gecko"
80.123.225.38 - - [16/Oct/2020:11:33:10 +0200] "GET /loadthumbnail.php?id=10260875&width=113 HTTP/1.1" 200 1170 "http://renault.activities.at/10201442?dir=DESC&mode=grid&order=name&limit=15&page=18" "Mozilla/5.0 (Windows NT 6.1; WOW64; Trident/7.0; rv:11.0) like Gecko"
212.152.246.131 - - [16/Oct/2020:11:33:19 +0200] "GET /reload?ser=1602840988856 HTTP/1.1" 200 28 "http://renault.activities.at/" "Mozilla/5.0 (Windows NT 10.0; Win64; x64) AppleWebKit/537.36 (KHTML, like Gecko) Chrome/86.0.4240.75 Safari/537.36"
80.120.210.179 - - [16/Oct/2020:11:33:24 +0200] "GET /reload?ser=1602840803192 HTTP/1.1" 200 28 "http://renault.activities.at/result?searchterm=true&search=schlauch" "Mozilla/5.0 (Windows NT 10.0; Win64; x64) AppleWebKit/537.36 (KHTML, like Gecko) Chrome/86.0.4240.75 Safari/537.36"
138.21.12.23 - - [16/Oct/2020:11:33:26 +0200] "GET /reload?ser=1602840806542 HTTP/1.1" 200 28 "http://renault.2web.at/cart" "Mozilla/5.0 (Windows NT 10.0; Win64; x64) AppleWebKit/537.36 (KHTML, like Gecko) Chrome/86.0.4240.75 Safari/537.36"
213.90.59.82 - - [16/Oct/2020:11:33:27 +0200] "GET /reload?ser=1602840801668 HTTP/1.1" 200 28 "http://renault.activities.at/12310865" "Mozilla/5.0 (Windows NT 5.1; rv:52.0) Gecko/20100101 Firefox/52.0"
193.194.132.29 - - [16/Oct/2020:11:33:31 +0200] "GET /reload?ser=1602840811793 HTTP/1.1" 200 28 "http://renault.activities.at/login?required=true" "Mozilla/5.0 (Windows NT 10.0; Win64; x64) AppleWebKit/537.36 (KHTML, like Gecko) Chrome/64.0.3282.140 Safari/537.36 Edge/17.17134"
80.123.225.38 - - [16/Oct/2020:11:33:32 +0200] "POST /10201442?dir=DESC&mode=grid&order=name&limit=15&page=18 HTTP/1.1" 200 9014 "http://renault.activities.at/10201442?dir=DESC&mode=grid&order=name&limit=15&page=18" "Mozilla/5.0 (Windows NT 6.1; WOW64; Trident/7.0; rv:11.0) like Gecko"
80.123.225.38 - - [16/Oct/2020:11:33:34 +0200] "GET /images/success_msg_icon.gif HTTP/1.1" 200 1024 "http://renault.activities.at/10201442?dir=DESC&mode=grid&order=name&limit=15&page=18" "Mozilla/5.0 (Windows NT 6.1; WOW64; Trident/7.0; rv:11.0) like Gecko"
193.194.132.29 - - [16/Oct/2020:11:33:40 +0200] "GET /reload?ser=1602840820239 HTTP/1.1" 200 28 "http://renault.activities.at/12306211" "Mozilla/5.0 (Windows NT 10.0; Win64; x64) AppleWebKit/537.36 (KHTML, like Gecko) Chrome/64.0.3282.140 Safari/537.36 Edge/17.17134"
80.120.210.179 - - [16/Oct/2020:11:33:43 +0200] "GET /reload?ser=1602840823316 HTTP/1.1" 200 28 "http://renault.activities.at/result?searchterm=true&search=Schlauchschal" "Mozilla/5.0 (Windows NT 10.0; WOW64; Trident/7.0; rv:11.0) like Gecko"
80.122.53.106 - - [16/Oct/2020:11:33:47 +0200] "GET /reload?ser=1602840848118 HTTP/1.1" 200 28 "http://renault.activities.at/" "Mozilla/5.0 (Windows NT 10.0; WOW64) AppleWebKit/537.36 (KHTML, like Gecko) Chrome/80.0.3987.87 Safari/537.36"
80.123.225.38 - - [16/Oct/2020:11:33:48 +0200] "GET /checkout HTTP/1.1" 200 10299 "http://renault.activities.at/10201442?dir=DESC&mode=grid&order=name&limit=15&page=18" "Mozilla/5.0 (Windows NT 6.1; WOW64; Trident/7.0; rv:11.0) like Gecko"
80.123.225.38 - - [16/Oct/2020:11:33:52 +0200] "GET /js/checkout2.js HTTP/1.1" 200 4122 "http://renault.activities.at/checkout" "Mozilla/5.0 (Windows NT 6.1; WOW64; Trident/7.0; rv:11.0) like Gecko"
80.123.225.38 - - [16/Oct/2020:11:33:52 +0200] "GET /images/ajax_loading.gif HTTP/1.1" 200 1542 "http://renault.activities.at/checkout" "Mozilla/5.0 (Windows NT 6.1; WOW64; Trident/7.0; rv:11.0) like Gecko"
80.123.225.38 - - [16/Oct/2020:11:33:52 +0200] "GET /images/checkout_border.gif HTTP/1.1" 200 43 "http://renault.activities.at/checkout" "Mozilla/5.0 (Windows NT 6.1; WOW64; Trident/7.0; rv:11.0) like Gecko"
80.123.225.38 - - [16/Oct/2020:11:33:52 +0200] "GET /images/step_bg.jpg HTTP/1.1" 200 319 "http://renault.activities.at/checkout" "Mozilla/5.0 (Windows NT 6.1; WOW64; Trident/7.0; rv:11.0) like Gecko"
80.123.225.38 - - [16/Oct/2020:11:33:52 +0200] "GET /images/step_marker.gif HTTP/1.1" 200 650 "http://renault.activities.at/checkout" "Mozilla/5.0 (Windows NT 6.1; WOW64; Trident/7.0; rv:11.0) like Gecko"
80.123.225.38 - - [16/Oct/2020:11:33:52 +0200] "GET /images/checkout_border_top.gif HTTP/1.1" 200 156 "http://renault.activities.at/checkout" "Mozilla/5.0 (Windows NT 6.1; WOW64; Trident/7.0; rv:11.0) like Gecko"
80.123.225.38 - - [16/Oct/2020:11:33:52 +0200] "GET /loadthumbnail.php?id=10201939 HTTP/1.1" 200 201 "http://renault.activities.at/checkout" "Mozilla/5.0 (Windows NT 6.1; WOW64; Trident/7.0; rv:11.0) like Gecko"
80.123.225.38 - - [16/Oct/2020:11:33:52 +0200] "GET /loadthumbnail.php?id=10202698 HTTP/1.1" 200 16686 "http://renault.activities.at/checkout" "Mozilla/5.0 (Windows NT 6.1; WOW64; Trident/7.0; rv:11.0) like Gecko"
80.123.225.38 - - [16/Oct/2020:11:33:59 +0200] "POST /docheckout HTTP/1.1" 200 459 "http://renault.activities.at/checkout" "Mozilla/5.0 (Windows NT 6.1; WOW64; Trident/7.0; rv:11.0) like Gecko"
193.194.132.27 - - [16/Oct/2020:11:34:03 +0200] "GET /reload?ser=1602840843719 HTTP/1.1" 200 28 "http://renault.2web.at/result?searchterm=true&search=zoe" "Mozilla/5.0 (Windows NT 10.0; Win64; x64) AppleWebKit/537.36 (KHTML, like Gecko) Chrome/86.0.4240.75 Safari/537.36"
80.123.225.38 - - [16/Oct/2020:11:34:03 +0200] "POST /docheckout HTTP/1.1" 200 611 "http://renault.activities.at/checkout" "Mozilla/5.0 (Windows NT 6.1; WOW64; Trident/7.0; rv:11.0) like Gecko"
80.123.225.38 - - [16/Oct/2020:11:34:05 +0200] "GET /images/error_msg_icon.gif HTTP/1.1" 200 1013 "http://renault.activities.at/checkout" "Mozilla/5.0 (Windows NT 6.1; WOW64; Trident/7.0; rv:11.0) like Gecko"
80.123.225.38 - - [16/Oct/2020:11:34:08 +0200] "POST /docheckout HTTP/1.1" 200 68 "http://renault.activities.at/checkout" "Mozilla/5.0 (Windows NT 6.1; WOW64; Trident/7.0; rv:11.0) like Gecko"
80.123.225.38 - - [16/Oct/2020:11:34:11 +0200] "GET /success HTTP/1.1" 200 3794 "http://renault.activities.at/checkout" "Mozilla/5.0 (Windows NT 6.1; WOW64; Trident/7.0; rv:11.0) like Gecko"
212.152.246.131 - - [16/Oct/2020:11:34:20 +0200] "GET /reload?ser=1602841049858 HTTP/1.1" 200 28 "http://renault.activities.at/" "Mozilla/5.0 (Windows NT 10.0; Win64; x64) AppleWebKit/537.36 (KHTML, like Gecko) Chrome/86.0.4240.75 Safari/537.36"
80.120.210.179 - - [16/Oct/2020:11:34:26 +0200] "GET /reload?ser=1602840865192 HTTP/1.1" 200 28 "http://renault.activities.at/result?searchterm=true&search=schlauch" "Mozilla/5.0 (Windows NT 10.0; Win64; x64) AppleWebKit/537.36 (KHTML, like Gecko) Chrome/86.0.4240.75 Safari/537.36"
213.90.59.82 - - [16/Oct/2020:11:34:28 +0200] "GET /reload?ser=1602840862642 HTTP/1.1" 200 28 "http://renault.activities.at/12310865" "Mozilla/5.0 (Windows NT 5.1; rv:52.0) Gecko/20100101 Firefox/52.0"
193.194.132.29 - - [16/Oct/2020:11:34:33 +0200] "GET /reload?ser=1602840873789 HTTP/1.1" 200 28 "http://renault.activities.at/login?required=true" "Mozilla/5.0 (Windows NT 10.0; Win64; x64) AppleWebKit/537.36 (KHTML, like Gecko) Chrome/64.0.3282.140 Safari/537.36 Edge/17.17134"
193.194.132.29 - - [16/Oct/2020:11:34:42 +0200] "GET /reload?ser=1602840882239 HTTP/1.1" 200 28 "http://renault.activities.at/12306211" "Mozilla/5.0 (Windows NT 10.0; Win64; x64) AppleWebKit/537.36 (KHTML, like Gecko) Chrome/64.0.3282.140 Safari/537.36 Edge/17.17134"
80.120.210.179 - - [16/Oct/2020:11:34:44 +0200] "GET /reload?ser=1602840884269 HTTP/1.1" 200 28 "http://renault.activities.at/result?searchterm=true&search=Schlauchschal" "Mozilla/5.0 (Windows NT 10.0; WOW64; Trident/7.0; rv:11.0) like Gecko"
80.122.53.106 - - [16/Oct/2020:11:34:48 +0200] "GET /reload?ser=1602840909118 HTTP/1.1" 200 28 "http://renault.activities.at/" "Mozilla/5.0 (Windows NT 10.0; WOW64) AppleWebKit/537.36 (KHTML, like Gecko) Chrome/80.0.3987.87 Safari/537.36"
193.194.132.27 - - [16/Oct/2020:11:35:05 +0200] "GET /reload?ser=1602840905728 HTTP/1.1" 200 28 "http://renault.2web.at/result?searchterm=true&search=zoe" "Mozilla/5.0 (Windows NT 10.0; Win64; x64) AppleWebKit/537.36 (KHTML, like Gecko) Chrome/86.0.4240.75 Safari/537.36"
212.152.246.131 - - [16/Oct/2020:11:35:21 +0200] "GET /reload?ser=1602841110862 HTTP/1.1" 200 28 "http://renault.activities.at/" "Mozilla/5.0 (Windows NT 10.0; Win64; x64) AppleWebKit/537.36 (KHTML, like Gecko) Chrome/86.0.4240.75 Safari/537.36"
80.120.210.179 - - [16/Oct/2020:11:35:27 +0200] "GET /reload?ser=1602840926192 HTTP/1.1" 200 28 "http://renault.activities.at/result?searchterm=true&search=schlauch" "Mozilla/5.0 (Windows NT 10.0; Win64; x64) AppleWebKit/537.36 (KHTML, like Gecko) Chrome/86.0.4240.75 Safari/537.36"
213.90.59.82 - - [16/Oct/2020:11:35:29 +0200] "GET /reload?ser=1602840923596 HTTP/1.1" 200 28 "http://renault.activities.at/12310865" "Mozilla/5.0 (Windows NT 5.1; rv:52.0) Gecko/20100101 Firefox/52.0"
193.194.132.29 - - [16/Oct/2020:11:35:35 +0200] "GET /reload?ser=1602840935798 HTTP/1.1" 200 28 "http://renault.activities.at/login?required=true" "Mozilla/5.0 (Windows NT 10.0; Win64; x64) AppleWebKit/537.36 (KHTML, like Gecko) Chrome/64.0.3282.140 Safari/537.36 Edge/17.17134"
193.194.132.29 - - [16/Oct/2020:11:35:44 +0200] "GET /reload?ser=1602840944244 HTTP/1.1" 200 28 "http://renault.activities.at/12306211" "Mozilla/5.0 (Windows NT 10.0; Win64; x64) AppleWebKit/537.36 (KHTML, like Gecko) Chrome/64.0.3282.140 Safari/537.36 Edge/17.17134"
80.120.210.179 - - [16/Oct/2020:11:35:45 +0200] "GET /reload?ser=1602840945217 HTTP/1.1" 200 28 "http://renault.activities.at/result?searchterm=true&search=Schlauchschal" "Mozilla/5.0 (Windows NT 10.0; WOW64; Trident/7.0; rv:11.0) like Gecko"
80.122.53.106 - - [16/Oct/2020:11:35:49 +0200] "GET /reload?ser=1602840970119 HTTP/1.1" 200 28 "http://renault.activities.at/" "Mozilla/5.0 (Windows NT 10.0; WOW64) AppleWebKit/537.36 (KHTML, like Gecko) Chrome/80.0.3987.87 Safari/537.36"
193.194.132.27 - - [16/Oct/2020:11:36:07 +0200] "GET /reload?ser=1602840967724 HTTP/1.1" 200 28 "http://renault.2web.at/result?searchterm=true&search=zoe" "Mozilla/5.0 (Windows NT 10.0; Win64; x64) AppleWebKit/537.36 (KHTML, like Gecko) Chrome/86.0.4240.75 Safari/537.36"
