185.58.53.32 - - [22/Oct/2020:08:52:31 +0200] "GET /js/checkout2.js HTTP/1.1" 200 4122 "http://renault.activities.at/checkout" "Mozilla/5.0 (Windows NT 10.0; Win64; x64) AppleWebKit/537.36 (KHTML, like Gecko) Chrome/86.0.4240.111 Safari/537.36"
185.58.53.32 - - [22/Oct/2020:08:52:31 +0200] "GET /images/ajax_loading.gif HTTP/1.1" 200 1542 "http://renault.activities.at/checkout" "Mozilla/5.0 (Windows NT 10.0; Win64; x64) AppleWebKit/537.36 (KHTML, like Gecko) Chrome/86.0.4240.111 Safari/537.36"
185.58.53.32 - - [22/Oct/2020:08:52:31 +0200] "GET /images/step_bg.jpg HTTP/1.1" 200 319 "http://renault.activities.at/css/styles.css" "Mozilla/5.0 (Windows NT 10.0; Win64; x64) AppleWebKit/537.36 (KHTML, like Gecko) Chrome/86.0.4240.111 Safari/537.36"
185.58.53.32 - - [22/Oct/2020:08:52:31 +0200] "GET /images/step_marker.gif HTTP/1.1" 200 650 "http://renault.activities.at/css/styles.css" "Mozilla/5.0 (Windows NT 10.0; Win64; x64) AppleWebKit/537.36 (KHTML, like Gecko) Chrome/86.0.4240.111 Safari/537.36"
185.58.53.32 - - [22/Oct/2020:08:52:31 +0200] "GET /images/checkout_border_top.gif HTTP/1.1" 200 156 "http://renault.activities.at/css/styles.css" "Mozilla/5.0 (Windows NT 10.0; Win64; x64) AppleWebKit/537.36 (KHTML, like Gecko) Chrome/86.0.4240.111 Safari/537.36"
185.58.53.32 - - [22/Oct/2020:08:52:31 +0200] "GET /images/checkout_border.gif HTTP/1.1" 200 43 "http://renault.activities.at/css/styles.css" "Mozilla/5.0 (Windows NT 10.0; Win64; x64) AppleWebKit/537.36 (KHTML, like Gecko) Chrome/86.0.4240.111 Safari/537.36"
185.58.53.32 - - [22/Oct/2020:08:52:31 +0200] "GET /loadthumbnail.php?id=10201939 HTTP/1.1" 200 201 "http://renault.activities.at/checkout" "Mozilla/5.0 (Windows NT 10.0; Win64; x64) AppleWebKit/537.36 (KHTML, like Gecko) Chrome/86.0.4240.111 Safari/537.36"
185.58.53.32 - - [22/Oct/2020:08:52:31 +0200] "GET /loadthumbnail.php?id=10202698 HTTP/1.1" 200 16686 "http://renault.activities.at/checkout" "Mozilla/5.0 (Windows NT 10.0; Win64; x64) AppleWebKit/537.36 (KHTML, like Gecko) Chrome/86.0.4240.111 Safari/537.36"
193.194.132.26 - - [22/Oct/2020:08:52:34 +0200] "GET /reload?ser=1603349554588 HTTP/1.1" 200 28 "http://renault.2web.at/result?searchterm=true&search=husse" "Mozilla/5.0 (Windows NT 10.0; Win64; x64) AppleWebKit/537.36 (KHTML, like Gecko) Chrome/86.0.4240.75 Safari/537.36"
185.58.53.32 - - [22/Oct/2020:08:52:32 +0200] "POST /docheckout HTTP/1.1" 200 436 "http://renault.activities.at/checkout" "Mozilla/5.0 (Windows NT 10.0; Win64; x64) AppleWebKit/537.36 (KHTML, like Gecko) Chrome/86.0.4240.111 Safari/537.36"
185.58.53.32 - - [22/Oct/2020:08:52:36 +0200] "POST /docheckout HTTP/1.1" 200 771 "http://renault.activities.at/checkout" "Mozilla/5.0 (Windows NT 10.0; Win64; x64) AppleWebKit/537.36 (KHTML, like Gecko) Chrome/86.0.4240.111 Safari/537.36"
185.58.53.32 - - [22/Oct/2020:08:52:38 +0200] "GET /images/error_msg_icon.gif HTTP/1.1" 200 1013 "http://renault.activities.at/checkout" "Mozilla/5.0 (Windows NT 10.0; Win64; x64) AppleWebKit/537.36 (KHTML, like Gecko) Chrome/86.0.4240.111 Safari/537.36"
185.58.53.32 - - [22/Oct/2020:08:52:42 +0200] "POST /docheckout HTTP/1.1" 200 68 "http://renault.activities.at/checkout" "Mozilla/5.0 (Windows NT 10.0; Win64; x64) AppleWebKit/537.36 (KHTML, like Gecko) Chrome/86.0.4240.111 Safari/537.36"
185.58.53.32 - - [22/Oct/2020:08:52:45 +0200] "GET /success HTTP/1.1" 200 3793 "http://renault.activities.at/checkout" "Mozilla/5.0 (Windows NT 10.0; Win64; x64) AppleWebKit/537.36 (KHTML, like Gecko) Chrome/86.0.4240.111 Safari/537.36"
193.194.132.26 - - [22/Oct/2020:08:53:36 +0200] "GET /reload?ser=1603349616598 HTTP/1.1" 200 28 "http://renault.2web.at/result?searchterm=true&search=husse" "Mozilla/5.0 (Windows NT 10.0; Win64; x64) AppleWebKit/537.36 (KHTML, like Gecko) Chrome/86.0.4240.75 Safari/537.36"
185.58.53.32 - - [22/Oct/2020:08:53:48 +0200] "GET /reload?ser=1603349628539 HTTP/1.1" 200 28 "http://renault.activities.at/success" "Mozilla/5.0 (Windows NT 10.0; Win64; x64) AppleWebKit/537.36 (KHTML, like Gecko) Chrome/86.0.4240.111 Safari/537.36"
193.194.132.26 - - [22/Oct/2020:08:54:38 +0200] "GET /reload?ser=1603349678605 HTTP/1.1" 200 28 "http://renault.2web.at/result?searchterm=true&search=husse" "Mozilla/5.0 (Windows NT 10.0; Win64; x64) AppleWebKit/537.36 (KHTML, like Gecko) Chrome/86.0.4240.75 Safari/537.36"
185.58.53.32 - - [22/Oct/2020:08:54:49 +0200] "GET /reload?ser=1603349689546 HTTP/1.1" 200 28 "http://renault.activities.at/success" "Mozilla/5.0 (Windows NT 10.0; Win64; x64) AppleWebKit/537.36 (KHTML, like Gecko) Chrome/86.0.4240.111 Safari/537.36"
193.194.132.26 - - [22/Oct/2020:08:55:40 +0200] "GET /reload?ser=1603349740593 HTTP/1.1" 200 28 "http://renault.2web.at/result?searchterm=true&search=husse" "Mozilla/5.0 (Windows NT 10.0; Win64; x64) AppleWebKit/537.36 (KHTML, like Gecko) Chrome/86.0.4240.75 Safari/537.36"
185.58.53.32 - - [22/Oct/2020:08:55:50 +0200] "GET /reload?ser=1603349750548 HTTP/1.1" 200 28 "http://renault.activities.at/success" "Mozilla/5.0 (Windows NT 10.0; Win64; x64) AppleWebKit/537.36 (KHTML, like Gecko) Chrome/86.0.4240.111 Safari/537.36"
193.194.132.26 - - [22/Oct/2020:08:56:42 +0200] "GET /reload?ser=1603349802606 HTTP/1.1" 200 28 "http://renault.2web.at/result?searchterm=true&search=husse" "Mozilla/5.0 (Windows NT 10.0; Win64; x64) AppleWebKit/537.36 (KHTML, like Gecko) Chrome/86.0.4240.75 Safari/537.36"
185.58.53.32 - - [22/Oct/2020:08:56:51 +0200] "GET /reload?ser=1603349811547 HTTP/1.1" 200 28 "http://renault.activities.at/success" "Mozilla/5.0 (Windows NT 10.0; Win64; x64) AppleWebKit/537.36 (KHTML, like Gecko) Chrome/86.0.4240.111 Safari/537.36"
193.194.132.26 - - [22/Oct/2020:08:57:44 +0200] "GET /reload?ser=1603349864591 HTTP/1.1" 200 28 "http://renault.2web.at/result?searchterm=true&search=husse" "Mozilla/5.0 (Windows NT 10.0; Win64; x64) AppleWebKit/537.36 (KHTML, like Gecko) Chrome/86.0.4240.75 Safari/537.36"
185.58.53.32 - - [22/Oct/2020:08:57:52 +0200] "GET /reload?ser=1603349872547 HTTP/1.1" 200 28 "http://renault.activities.at/success" "Mozilla/5.0 (Windows NT 10.0; Win64; x64) AppleWebKit/537.36 (KHTML, like Gecko) Chrome/86.0.4240.111 Safari/537.36"
193.194.132.26 - - [22/Oct/2020:08:58:46 +0200] "GET /reload?ser=1603349926592 HTTP/1.1" 200 28 "http://renault.2web.at/result?searchterm=true&search=husse" "Mozilla/5.0 (Windows NT 10.0; Win64; x64) AppleWebKit/537.36 (KHTML, like Gecko) Chrome/86.0.4240.75 Safari/537.36"
185.58.53.32 - - [22/Oct/2020:08:58:53 +0200] "GET /reload?ser=1603349933548 HTTP/1.1" 200 28 "http://renault.activities.at/success" "Mozilla/5.0 (Windows NT 10.0; Win64; x64) AppleWebKit/537.36 (KHTML, like Gecko) Chrome/86.0.4240.111 Safari/537.36"
193.194.132.26 - - [22/Oct/2020:08:59:48 +0200] "GET /reload?ser=1603349988629 HTTP/1.1" 200 28 "http://renault.2web.at/result?searchterm=true&search=husse" "Mozilla/5.0 (Windows NT 10.0; Win64; x64) AppleWebKit/537.36 (KHTML, like Gecko) Chrome/86.0.4240.75 Safari/537.36"
185.58.53.32 - - [22/Oct/2020:08:59:54 +0200] "GET /reload?ser=1603349994547 HTTP/1.1" 200 28 "http://renault.activities.at/success" "Mozilla/5.0 (Windows NT 10.0; Win64; x64) AppleWebKit/537.36 (KHTML, like Gecko) Chrome/86.0.4240.111 Safari/537.36"
193.194.132.26 - - [22/Oct/2020:09:00:50 +0200] "GET /reload?ser=1603350050595 HTTP/1.1" 200 28 "http://renault.2web.at/result?searchterm=true&search=husse" "Mozilla/5.0 (Windows NT 10.0; Win64; x64) AppleWebKit/537.36 (KHTML, like Gecko) Chrome/86.0.4240.75 Safari/537.36"
185.58.53.32 - - [22/Oct/2020:09:00:55 +0200] "GET /reload?ser=1603350055547 HTTP/1.1" 200 28 "http://renault.activities.at/success" "Mozilla/5.0 (Windows NT 10.0; Win64; x64) AppleWebKit/537.36 (KHTML, like Gecko) Chrome/86.0.4240.111 Safari/537.36"
193.194.132.26 - - [22/Oct/2020:09:01:52 +0200] "GET /reload?ser=1603350112601 HTTP/1.1" 200 28 "http://renault.2web.at/result?searchterm=true&search=husse" "Mozilla/5.0 (Windows NT 10.0; Win64; x64) AppleWebKit/537.36 (KHTML, like Gecko) Chrome/86.0.4240.75 Safari/537.36"
185.58.53.32 - - [22/Oct/2020:09:01:56 +0200] "GET /reload?ser=1603350116547 HTTP/1.1" 200 28 "http://renault.activities.at/success" "Mozilla/5.0 (Windows NT 10.0; Win64; x64) AppleWebKit/537.36 (KHTML, like Gecko) Chrome/86.0.4240.111 Safari/537.36"
193.194.132.26 - - [22/Oct/2020:09:02:54 +0200] "GET /reload?ser=1603350174603 HTTP/1.1" 200 28 "http://renault.2web.at/result?searchterm=true&search=husse" "Mozilla/5.0 (Windows NT 10.0; Win64; x64) AppleWebKit/537.36 (KHTML, like Gecko) Chrome/86.0.4240.75 Safari/537.36"
185.58.53.32 - - [22/Oct/2020:09:02:57 +0200] "GET /reload?ser=1603350177547 HTTP/1.1" 200 28 "http://renault.activities.at/success" "Mozilla/5.0 (Windows NT 10.0; Win64; x64) AppleWebKit/537.36 (KHTML, like Gecko) Chrome/86.0.4240.111 Safari/537.36"
193.194.132.26 - - [22/Oct/2020:09:03:56 +0200] "GET /reload?ser=1603350236608 HTTP/1.1" 200 28 "http://renault.2web.at/result?searchterm=true&search=husse" "Mozilla/5.0 (Windows NT 10.0; Win64; x64) AppleWebKit/537.36 (KHTML, like Gecko) Chrome/86.0.4240.75 Safari/537.36"
185.58.53.32 - - [22/Oct/2020:09:03:58 +0200] "GET /reload?ser=1603350238547 HTTP/1.1" 200 28 "http://renault.activities.at/success" "Mozilla/5.0 (Windows NT 10.0; Win64; x64) AppleWebKit/537.36 (KHTML, like Gecko) Chrome/86.0.4240.111 Safari/537.36"
193.194.132.26 - - [22/Oct/2020:09:04:58 +0200] "GET /reload?ser=1603350298615 HTTP/1.1" 200 28 "http://renault.2web.at/result?searchterm=true&search=husse" "Mozilla/5.0 (Windows NT 10.0; Win64; x64) AppleWebKit/537.36 (KHTML, like Gecko) Chrome/86.0.4240.75 Safari/537.36"
185.58.53.32 - - [22/Oct/2020:09:04:59 +0200] "GET /reload?ser=1603350299548 HTTP/1.1" 200 28 "http://renault.activities.at/success" "Mozilla/5.0 (Windows NT 10.0; Win64; x64) AppleWebKit/537.36 (KHTML, like Gecko) Chrome/86.0.4240.111 Safari/537.36"
185.58.53.32 - - [22/Oct/2020:09:06:00 +0200] "GET /reload?ser=1603350360547 HTTP/1.1" 200 28 "http://renault.activities.at/success" "Mozilla/5.0 (Windows NT 10.0; Win64; x64) AppleWebKit/537.36 (KHTML, like Gecko) Chrome/86.0.4240.111 Safari/537.36"
193.194.132.26 - - [22/Oct/2020:09:06:00 +0200] "GET /reload?ser=1603350360612 HTTP/1.1" 200 28 "http://renault.2web.at/result?searchterm=true&search=husse" "Mozilla/5.0 (Windows NT 10.0; Win64; x64) AppleWebKit/537.36 (KHTML, like Gecko) Chrome/86.0.4240.75 Safari/537.36"
185.58.53.32 - - [22/Oct/2020:09:07:01 +0200] "GET /reload?ser=1603350421547 HTTP/1.1" 200 28 "http://renault.activities.at/success" "Mozilla/5.0 (Windows NT 10.0; Win64; x64) AppleWebKit/537.36 (KHTML, like Gecko) Chrome/86.0.4240.111 Safari/537.36"
193.194.132.26 - - [22/Oct/2020:09:07:02 +0200] "GET /reload?ser=1603350422614 HTTP/1.1" 200 28 "http://renault.2web.at/result?searchterm=true&search=husse" "Mozilla/5.0 (Windows NT 10.0; Win64; x64) AppleWebKit/537.36 (KHTML, like Gecko) Chrome/86.0.4240.75 Safari/537.36"
80.120.5.131 - - [22/Oct/2020:09:07:52 +0200] "GET / HTTP/1.1" 200 3273 "-" "Mozilla/5.0 (Windows NT 10.0; Win64; x64) AppleWebKit/537.36 (KHTML, like Gecko) Chrome/86.0.4240.75 Safari/537.36"
80.120.5.131 - - [22/Oct/2020:09:07:53 +0200] "GET /css/clears.css HTTP/1.1" 200 851 "http://renault.activities.at/" "Mozilla/5.0 (Windows NT 10.0; Win64; x64) AppleWebKit/537.36 (KHTML, like Gecko) Chrome/86.0.4240.75 Safari/537.36"
80.120.5.131 - - [22/Oct/2020:09:07:53 +0200] "GET /js/checkout.css HTTP/1.1" 200 359 "http://renault.activities.at/" "Mozilla/5.0 (Windows NT 10.0; Win64; x64) AppleWebKit/537.36 (KHTML, like Gecko) Chrome/86.0.4240.75 Safari/537.36"
80.120.5.131 - - [22/Oct/2020:09:07:53 +0200] "GET /css/reset.css HTTP/1.1" 200 1356 "http://renault.activities.at/" "Mozilla/5.0 (Windows NT 10.0; Win64; x64) AppleWebKit/537.36 (KHTML, like Gecko) Chrome/86.0.4240.75 Safari/537.36"
80.120.5.131 - - [22/Oct/2020:09:07:53 +0200] "GET /css/prototip.css HTTP/1.1" 200 968 "http://renault.activities.at/" "Mozilla/5.0 (Windows NT 10.0; Win64; x64) AppleWebKit/537.36 (KHTML, like Gecko) Chrome/86.0.4240.75 Safari/537.36"
80.120.5.131 - - [22/Oct/2020:09:07:53 +0200] "GET /js/default.js HTTP/1.1" 200 14698 "http://renault.activities.at/" "Mozilla/5.0 (Windows NT 10.0; Win64; x64) AppleWebKit/537.36 (KHTML, like Gecko) Chrome/86.0.4240.75 Safari/537.36"
80.120.5.131 - - [22/Oct/2020:09:07:53 +0200] "GET /css/themes/alphacube.css HTTP/1.1" 200 743 "http://renault.activities.at/" "Mozilla/5.0 (Windows NT 10.0; Win64; x64) AppleWebKit/537.36 (KHTML, like Gecko) Chrome/86.0.4240.75 Safari/537.36"
80.120.5.131 - - [22/Oct/2020:09:07:53 +0200] "GET /css/styles.css HTTP/1.1" 200 14664 "http://renault.activities.at/" "Mozilla/5.0 (Windows NT 10.0; Win64; x64) AppleWebKit/537.36 (KHTML, like Gecko) Chrome/86.0.4240.75 Safari/537.36"
80.120.5.131 - - [22/Oct/2020:09:07:53 +0200] "GET /css/themes/default.css HTTP/1.1" 200 769 "http://renault.activities.at/" "Mozilla/5.0 (Windows NT 10.0; Win64; x64) AppleWebKit/537.36 (KHTML, like Gecko) Chrome/86.0.4240.75 Safari/537.36"
80.120.5.131 - - [22/Oct/2020:09:07:53 +0200] "GET /js/flashdetection.js HTTP/1.1" 200 1059 "http://renault.activities.at/" "Mozilla/5.0 (Windows NT 10.0; Win64; x64) AppleWebKit/537.36 (KHTML, like Gecko) Chrome/86.0.4240.75 Safari/537.36"
80.120.5.131 - - [22/Oct/2020:09:07:53 +0200] "GET /js/index.php?c=auto&f=,prototype/prototype.js,prototype/validation.js,scriptaculous/builder.js,scriptaculous/effects.js,scriptaculous/dragdrop.js,scriptaculous/controls.js,scriptaculous/slider.js,varien/js.js,varien/form.js,varien/menu.js,mage/translate.js,mage/cookies.js,varien/product.js,spinner/SpinnerControl.jsmin.js,prototype/window.js,prototype/window_ext.js HTTP/1.1" 200 94182 "http://renault.activities.at/" "Mozilla/5.0 (Windows NT 10.0; Win64; x64) AppleWebKit/537.36 (KHTML, like Gecko) Chrome/86.0.4240.75 Safari/537.36"
80.120.5.131 - - [22/Oct/2020:09:07:53 +0200] "GET /images/main_block_corner_right_bot.gif HTTP/1.1" 200 158 "http://renault.activities.at/css/styles.css" "Mozilla/5.0 (Windows NT 10.0; Win64; x64) AppleWebKit/537.36 (KHTML, like Gecko) Chrome/86.0.4240.75 Safari/537.36"
80.120.5.131 - - [22/Oct/2020:09:07:53 +0200] "GET /images/main_block_border.gif HTTP/1.1" 200 43 "http://renault.activities.at/css/styles.css" "Mozilla/5.0 (Windows NT 10.0; Win64; x64) AppleWebKit/537.36 (KHTML, like Gecko) Chrome/86.0.4240.75 Safari/537.36"
80.120.5.131 - - [22/Oct/2020:09:07:53 +0200] "GET /images/header_block_border.gif HTTP/1.1" 200 43 "http://renault.activities.at/css/styles.css" "Mozilla/5.0 (Windows NT 10.0; Win64; x64) AppleWebKit/537.36 (KHTML, like Gecko) Chrome/86.0.4240.75 Safari/537.36"
80.120.5.131 - - [22/Oct/2020:09:07:53 +0200] "GET /css/print.css HTTP/1.1" 200 543 "http://renault.activities.at/" "Mozilla/5.0 (Windows NT 10.0; Win64; x64) AppleWebKit/537.36 (KHTML, like Gecko) Chrome/86.0.4240.75 Safari/537.36"
80.120.5.131 - - [22/Oct/2020:09:07:53 +0200] "GET /images/main_block_corner_left_bot.gif HTTP/1.1" 200 159 "http://renault.activities.at/css/styles.css" "Mozilla/5.0 (Windows NT 10.0; Win64; x64) AppleWebKit/537.36 (KHTML, like Gecko) Chrome/86.0.4240.75 Safari/537.36"
80.120.5.131 - - [22/Oct/2020:09:07:53 +0200] "GET /images/header_block_corner_left_top.gif HTTP/1.1" 200 160 "http://renault.activities.at/css/styles.css" "Mozilla/5.0 (Windows NT 10.0; Win64; x64) AppleWebKit/537.36 (KHTML, like Gecko) Chrome/86.0.4240.75 Safari/537.36"
80.120.5.131 - - [22/Oct/2020:09:07:53 +0200] "GET /images/header_block_corner_right_top.gif HTTP/1.1" 200 160 "http://renault.activities.at/css/styles.css" "Mozilla/5.0 (Windows NT 10.0; Win64; x64) AppleWebKit/537.36 (KHTML, like Gecko) Chrome/86.0.4240.75 Safari/537.36"
80.120.5.131 - - [22/Oct/2020:09:07:53 +0200] "GET /images/main_block_corner_left_top.gif HTTP/1.1" 200 159 "http://renault.activities.at/css/styles.css" "Mozilla/5.0 (Windows NT 10.0; Win64; x64) AppleWebKit/537.36 (KHTML, like Gecko) Chrome/86.0.4240.75 Safari/537.36"
80.120.5.131 - - [22/Oct/2020:09:07:53 +0200] "GET /images/main_block_corner_right_top.gif HTTP/1.1" 200 159 "http://renault.activities.at/css/styles.css" "Mozilla/5.0 (Windows NT 10.0; Win64; x64) AppleWebKit/537.36 (KHTML, like Gecko) Chrome/86.0.4240.75 Safari/537.36"
80.120.5.131 - - [22/Oct/2020:09:07:53 +0200] "GET /images/title_border.jpg HTTP/1.1" 200 304 "http://renault.activities.at/css/styles.css" "Mozilla/5.0 (Windows NT 10.0; Win64; x64) AppleWebKit/537.36 (KHTML, like Gecko) Chrome/86.0.4240.75 Safari/537.36"
80.120.5.131 - - [22/Oct/2020:09:07:53 +0200] "GET /images/title_border_top.jpg HTTP/1.1" 200 336 "http://renault.activities.at/css/styles.css" "Mozilla/5.0 (Windows NT 10.0; Win64; x64) AppleWebKit/537.36 (KHTML, like Gecko) Chrome/86.0.4240.75 Safari/537.36"
80.120.5.131 - - [22/Oct/2020:09:07:53 +0200] "GET /images/title_corner_left_top.jpg HTTP/1.1" 200 372 "http://renault.activities.at/css/styles.css" "Mozilla/5.0 (Windows NT 10.0; Win64; x64) AppleWebKit/537.36 (KHTML, like Gecko) Chrome/86.0.4240.75 Safari/537.36"
80.120.5.131 - - [22/Oct/2020:09:07:53 +0200] "GET /images/title_corner_right_top.jpg HTTP/1.1" 200 389 "http://renault.activities.at/css/styles.css" "Mozilla/5.0 (Windows NT 10.0; Win64; x64) AppleWebKit/537.36 (KHTML, like Gecko) Chrome/86.0.4240.75 Safari/537.36"
80.120.5.131 - - [22/Oct/2020:09:07:53 +0200] "GET /loadthumbnail.php?id=11127982 HTTP/1.1" 200 399614 "http://renault.activities.at/" "Mozilla/5.0 (Windows NT 10.0; Win64; x64) AppleWebKit/537.36 (KHTML, like Gecko) Chrome/86.0.4240.75 Safari/537.36"
80.120.5.131 - - [22/Oct/2020:09:07:54 +0200] "GET /images/favicon.ico HTTP/1.1" 404 305 "http://renault.activities.at/" "Mozilla/5.0 (Windows NT 10.0; Win64; x64) AppleWebKit/537.36 (KHTML, like Gecko) Chrome/86.0.4240.75 Safari/537.36"
80.120.5.131 - - [22/Oct/2020:09:07:55 +0200] "GET /login HTTP/1.1" 200 2085 "http://renault.activities.at/" "Mozilla/5.0 (Windows NT 10.0; Win64; x64) AppleWebKit/537.36 (KHTML, like Gecko) Chrome/86.0.4240.75 Safari/537.36"
80.120.5.131 - - [22/Oct/2020:09:07:56 +0200] "GET /images/button_left_bg.gif HTTP/1.1" 200 564 "http://renault.activities.at/css/styles.css" "Mozilla/5.0 (Windows NT 10.0; Win64; x64) AppleWebKit/537.36 (KHTML, like Gecko) Chrome/86.0.4240.75 Safari/537.36"
80.120.5.131 - - [22/Oct/2020:09:07:56 +0200] "GET /images/button_right_bg.gif HTTP/1.1" 200 561 "http://renault.activities.at/css/styles.css" "Mozilla/5.0 (Windows NT 10.0; Win64; x64) AppleWebKit/537.36 (KHTML, like Gecko) Chrome/86.0.4240.75 Safari/537.36"
80.120.5.131 - - [22/Oct/2020:09:07:56 +0200] "GET /images/button_bg.gif HTTP/1.1" 200 151 "http://renault.activities.at/css/styles.css" "Mozilla/5.0 (Windows NT 10.0; Win64; x64) AppleWebKit/537.36 (KHTML, like Gecko) Chrome/86.0.4240.75 Safari/537.36"
185.58.53.32 - - [22/Oct/2020:09:08:02 +0200] "GET /reload?ser=1603350482544 HTTP/1.1" 200 28 "http://renault.activities.at/success" "Mozilla/5.0 (Windows NT 10.0; Win64; x64) AppleWebKit/537.36 (KHTML, like Gecko) Chrome/86.0.4240.111 Safari/537.36"
193.194.132.26 - - [22/Oct/2020:09:08:04 +0200] "GET /reload?ser=1603350484616 HTTP/1.1" 200 28 "http://renault.2web.at/result?searchterm=true&search=husse" "Mozilla/5.0 (Windows NT 10.0; Win64; x64) AppleWebKit/537.36 (KHTML, like Gecko) Chrome/86.0.4240.75 Safari/537.36"
80.120.5.131 - - [22/Oct/2020:09:08:13 +0200] "POST /login HTTP/1.1" 200 2170 "http://renault.activities.at/login" "Mozilla/5.0 (Windows NT 10.0; Win64; x64) AppleWebKit/537.36 (KHTML, like Gecko) Chrome/86.0.4240.75 Safari/537.36"
80.120.5.131 - - [22/Oct/2020:09:08:15 +0200] "GET /images/error_msg_icon.gif HTTP/1.1" 200 1013 "http://renault.activities.at/css/styles.css" "Mozilla/5.0 (Windows NT 10.0; Win64; x64) AppleWebKit/537.36 (KHTML, like Gecko) Chrome/86.0.4240.75 Safari/537.36"
80.120.5.131 - - [22/Oct/2020:09:08:32 +0200] "POST /login HTTP/1.1" 200 2170 "http://renault.activities.at/login" "Mozilla/5.0 (Windows NT 10.0; Win64; x64) AppleWebKit/537.36 (KHTML, like Gecko) Chrome/86.0.4240.75 Safari/537.36"
80.120.5.131 - - [22/Oct/2020:09:08:43 +0200] "POST /login HTTP/1.1" 302 140 "http://renault.activities.at/login" "Mozilla/5.0 (Windows NT 10.0; Win64; x64) AppleWebKit/537.36 (KHTML, like Gecko) Chrome/86.0.4240.75 Safari/537.36"
80.120.5.131 - - [22/Oct/2020:09:08:45 +0200] "GET /account HTTP/1.1" 200 6441 "http://renault.activities.at/login" "Mozilla/5.0 (Windows NT 10.0; Win64; x64) AppleWebKit/537.36 (KHTML, like Gecko) Chrome/86.0.4240.75 Safari/537.36"
80.120.5.131 - - [22/Oct/2020:09:08:45 +0200] "POST /login HTTP/1.1" 302 140 "http://renault.activities.at/login" "Mozilla/5.0 (Windows NT 10.0; Win64; x64) AppleWebKit/537.36 (KHTML, like Gecko) Chrome/86.0.4240.75 Safari/537.36"
80.120.5.131 - - [22/Oct/2020:09:08:49 +0200] "GET /account HTTP/1.1" 200 6441 "http://renault.activities.at/login" "Mozilla/5.0 (Windows NT 10.0; Win64; x64) AppleWebKit/537.36 (KHTML, like Gecko) Chrome/86.0.4240.75 Safari/537.36"
80.120.5.131 - - [22/Oct/2020:09:08:51 +0200] "GET /js/account.js HTTP/1.1" 200 953 "http://renault.activities.at/account" "Mozilla/5.0 (Windows NT 10.0; Win64; x64) AppleWebKit/537.36 (KHTML, like Gecko) Chrome/86.0.4240.75 Safari/537.36"
80.120.5.131 - - [22/Oct/2020:09:08:51 +0200] "GET /loadthumbnail.php?id=11423690&width=50&height=50 HTTP/1.1" 200 848 "http://renault.activities.at/account" "Mozilla/5.0 (Windows NT 10.0; Win64; x64) AppleWebKit/537.36 (KHTML, like Gecko) Chrome/86.0.4240.75 Safari/537.36"
80.120.5.131 - - [22/Oct/2020:09:08:51 +0200] "GET /loadthumbnail.php?id=11775715&width=50&height=50 HTTP/1.1" 200 1309 "http://renault.activities.at/account" "Mozilla/5.0 (Windows NT 10.0; Win64; x64) AppleWebKit/537.36 (KHTML, like Gecko) Chrome/86.0.4240.75 Safari/537.36"
80.120.5.131 - - [22/Oct/2020:09:08:51 +0200] "GET /images/search_bg.gif HTTP/1.1" 200 1726 "http://renault.activities.at/css/styles.css" "Mozilla/5.0 (Windows NT 10.0; Win64; x64) AppleWebKit/537.36 (KHTML, like Gecko) Chrome/86.0.4240.75 Safari/537.36"
80.120.5.131 - - [22/Oct/2020:09:08:51 +0200] "GET /loadthumbnail.php?id=11831534&width=50&height=50 HTTP/1.1" 200 1055 "http://renault.activities.at/account" "Mozilla/5.0 (Windows NT 10.0; Win64; x64) AppleWebKit/537.36 (KHTML, like Gecko) Chrome/86.0.4240.75 Safari/537.36"
80.120.5.131 - - [22/Oct/2020:09:08:51 +0200] "GET /loadthumbnail.php?id=12094811&width=50&height=50 HTTP/1.1" 200 6229 "http://renault.activities.at/account" "Mozilla/5.0 (Windows NT 10.0; Win64; x64) AppleWebKit/537.36 (KHTML, like Gecko) Chrome/86.0.4240.75 Safari/537.36"
80.120.5.131 - - [22/Oct/2020:09:08:51 +0200] "GET /loadthumbnail.php?id=10848346&width=50&height=50 HTTP/1.1" 200 1103 "http://renault.activities.at/account" "Mozilla/5.0 (Windows NT 10.0; Win64; x64) AppleWebKit/537.36 (KHTML, like Gecko) Chrome/86.0.4240.75 Safari/537.36"
80.120.5.131 - - [22/Oct/2020:09:08:51 +0200] "GET /loadthumbnail.php?id=11532883&width=50&height=50 HTTP/1.1" 200 4395 "http://renault.activities.at/account" "Mozilla/5.0 (Windows NT 10.0; Win64; x64) AppleWebKit/537.36 (KHTML, like Gecko) Chrome/86.0.4240.75 Safari/537.36"
80.120.5.131 - - [22/Oct/2020:09:08:51 +0200] "GET /images/menu_button_bg.jpg HTTP/1.1" 200 322 "http://renault.activities.at/css/styles.css" "Mozilla/5.0 (Windows NT 10.0; Win64; x64) AppleWebKit/537.36 (KHTML, like Gecko) Chrome/86.0.4240.75 Safari/537.36"
80.120.5.131 - - [22/Oct/2020:09:08:51 +0200] "GET /images/menu_divider.gif HTTP/1.1" 200 176 "http://renault.activities.at/css/styles.css" "Mozilla/5.0 (Windows NT 10.0; Win64; x64) AppleWebKit/537.36 (KHTML, like Gecko) Chrome/86.0.4240.75 Safari/537.36"
80.120.5.131 - - [22/Oct/2020:09:08:51 +0200] "GET /images/sidebar_title_corner_right_top.gif HTTP/1.1" 200 383 "http://renault.activities.at/css/styles.css" "Mozilla/5.0 (Windows NT 10.0; Win64; x64) AppleWebKit/537.36 (KHTML, like Gecko) Chrome/86.0.4240.75 Safari/537.36"
80.120.5.131 - - [22/Oct/2020:09:08:52 +0200] "GET /images/sidebar_title_corner_left_top.gif HTTP/1.1" 200 1124 "http://renault.activities.at/css/styles.css" "Mozilla/5.0 (Windows NT 10.0; Win64; x64) AppleWebKit/537.36 (KHTML, like Gecko) Chrome/86.0.4240.75 Safari/537.36"
80.120.5.131 - - [22/Oct/2020:09:08:52 +0200] "GET /images/sidebar_title_border_top.gif HTTP/1.1" 200 155 "http://renault.activities.at/css/styles.css" "Mozilla/5.0 (Windows NT 10.0; Win64; x64) AppleWebKit/537.36 (KHTML, like Gecko) Chrome/86.0.4240.75 Safari/537.36"
80.120.5.131 - - [22/Oct/2020:09:08:52 +0200] "GET /images/sidebar_title_border.gif HTTP/1.1" 200 43 "http://renault.activities.at/css/styles.css" "Mozilla/5.0 (Windows NT 10.0; Win64; x64) AppleWebKit/537.36 (KHTML, like Gecko) Chrome/86.0.4240.75 Safari/537.36"
80.120.5.131 - - [22/Oct/2020:09:08:52 +0200] "GET /images/top_links_divider.gif HTTP/1.1" 200 44 "http://renault.activities.at/css/styles.css" "Mozilla/5.0 (Windows NT 10.0; Win64; x64) AppleWebKit/537.36 (KHTML, like Gecko) Chrome/86.0.4240.75 Safari/537.36"
80.120.5.131 - - [22/Oct/2020:09:08:52 +0200] "GET /images/nav_divider.gif HTTP/1.1" 200 43 "http://renault.activities.at/css/styles.css" "Mozilla/5.0 (Windows NT 10.0; Win64; x64) AppleWebKit/537.36 (KHTML, like Gecko) Chrome/86.0.4240.75 Safari/537.36"
80.120.5.131 - - [22/Oct/2020:09:08:52 +0200] "GET /images/footer_divider.gif HTTP/1.1" 200 44 "http://renault.activities.at/css/styles.css" "Mozilla/5.0 (Windows NT 10.0; Win64; x64) AppleWebKit/537.36 (KHTML, like Gecko) Chrome/86.0.4240.75 Safari/537.36"
80.120.5.131 - - [22/Oct/2020:09:08:52 +0200] "GET /loadthumbnail.php?id=11423689&width=50&height=50 HTTP/1.1" 200 838 "http://renault.activities.at/account" "Mozilla/5.0 (Windows NT 10.0; Win64; x64) AppleWebKit/537.36 (KHTML, like Gecko) Chrome/86.0.4240.75 Safari/537.36"
80.120.5.131 - - [22/Oct/2020:09:08:52 +0200] "GET /loadthumbnail.php?id=12088443&width=50&height=50 HTTP/1.1" 200 1765 "http://renault.activities.at/account" "Mozilla/5.0 (Windows NT 10.0; Win64; x64) AppleWebKit/537.36 (KHTML, like Gecko) Chrome/86.0.4240.75 Safari/537.36"
185.58.53.32 - - [22/Oct/2020:09:09:03 +0200] "GET /reload?ser=1603350543542 HTTP/1.1" 200 28 "http://renault.activities.at/success" "Mozilla/5.0 (Windows NT 10.0; Win64; x64) AppleWebKit/537.36 (KHTML, like Gecko) Chrome/86.0.4240.111 Safari/537.36"
80.120.5.131 - - [22/Oct/2020:09:09:01 +0200] "GET /result?searchterm=true&search=kennzeichen HTTP/1.1" 200 8867 "http://renault.activities.at/account" "Mozilla/5.0 (Windows NT 10.0; Win64; x64) AppleWebKit/537.36 (KHTML, like Gecko) Chrome/86.0.4240.75 Safari/537.36"
80.120.5.131 - - [22/Oct/2020:09:09:04 +0200] "GET /js/prototip.js HTTP/1.1" 200 4588 "http://renault.activities.at/result?searchterm=true&search=kennzeichen" "Mozilla/5.0 (Windows NT 10.0; Win64; x64) AppleWebKit/537.36 (KHTML, like Gecko) Chrome/86.0.4240.75 Safari/537.36"
80.120.5.131 - - [22/Oct/2020:09:09:04 +0200] "GET /js/ProduktGrp.js HTTP/1.1" 200 1569 "http://renault.activities.at/result?searchterm=true&search=kennzeichen" "Mozilla/5.0 (Windows NT 10.0; Win64; x64) AppleWebKit/537.36 (KHTML, like Gecko) Chrome/86.0.4240.75 Safari/537.36"
80.120.5.131 - - [22/Oct/2020:09:09:04 +0200] "GET /images/loading.gif HTTP/1.1" 200 3208 "http://renault.activities.at/result?searchterm=true&search=kennzeichen" "Mozilla/5.0 (Windows NT 10.0; Win64; x64) AppleWebKit/537.36 (KHTML, like Gecko) Chrome/86.0.4240.75 Safari/537.36"
80.120.5.131 - - [22/Oct/2020:09:09:04 +0200] "GET /loadthumbnail.php?id=10260910&width=113 HTTP/1.1" 200 3135 "http://renault.activities.at/result?searchterm=true&search=kennzeichen" "Mozilla/5.0 (Windows NT 10.0; Win64; x64) AppleWebKit/537.36 (KHTML, like Gecko) Chrome/86.0.4240.75 Safari/537.36"
80.120.5.131 - - [22/Oct/2020:09:09:04 +0200] "GET /loadthumbnail.php?id=10260877&width=113 HTTP/1.1" 200 1170 "http://renault.activities.at/result?searchterm=true&search=kennzeichen" "Mozilla/5.0 (Windows NT 10.0; Win64; x64) AppleWebKit/537.36 (KHTML, like Gecko) Chrome/86.0.4240.75 Safari/537.36"
80.120.5.131 - - [22/Oct/2020:09:09:04 +0200] "GET /loadthumbnail.php?id=10203255 HTTP/1.1" 200 137 "http://renault.activities.at/result?searchterm=true&search=kennzeichen" "Mozilla/5.0 (Windows NT 10.0; Win64; x64) AppleWebKit/537.36 (KHTML, like Gecko) Chrome/86.0.4240.75 Safari/537.36"
80.120.5.131 - - [22/Oct/2020:09:09:04 +0200] "GET /loadthumbnail.php?id=10261230&width=113 HTTP/1.1" 200 1170 "http://renault.activities.at/result?searchterm=true&search=kennzeichen" "Mozilla/5.0 (Windows NT 10.0; Win64; x64) AppleWebKit/537.36 (KHTML, like Gecko) Chrome/86.0.4240.75 Safari/537.36"
80.120.5.131 - - [22/Oct/2020:09:09:04 +0200] "GET /loadthumbnail.php?id=10203276 HTTP/1.1" 200 75 "http://renault.activities.at/result?searchterm=true&search=kennzeichen" "Mozilla/5.0 (Windows NT 10.0; Win64; x64) AppleWebKit/537.36 (KHTML, like Gecko) Chrome/86.0.4240.75 Safari/537.36"
80.120.5.131 - - [22/Oct/2020:09:09:04 +0200] "GET /loadthumbnail.php?id=11036127&width=113 HTTP/1.1" 200 1099 "http://renault.activities.at/result?searchterm=true&search=kennzeichen" "Mozilla/5.0 (Windows NT 10.0; Win64; x64) AppleWebKit/537.36 (KHTML, like Gecko) Chrome/86.0.4240.75 Safari/537.36"
80.120.5.131 - - [22/Oct/2020:09:09:04 +0200] "GET /images/pager_bg.gif HTTP/1.1" 200 150 "http://renault.activities.at/css/styles.css" "Mozilla/5.0 (Windows NT 10.0; Win64; x64) AppleWebKit/537.36 (KHTML, like Gecko) Chrome/86.0.4240.75 Safari/537.36"
80.120.5.131 - - [22/Oct/2020:09:09:04 +0200] "GET /images/vista-up.gif HTTP/1.1" 200 131 "http://renault.activities.at/css/styles.css" "Mozilla/5.0 (Windows NT 10.0; Win64; x64) AppleWebKit/537.36 (KHTML, like Gecko) Chrome/86.0.4240.75 Safari/537.36"
80.120.5.131 - - [22/Oct/2020:09:09:04 +0200] "GET /images/vista-dn.gif HTTP/1.1" 200 128 "http://renault.activities.at/css/styles.css" "Mozilla/5.0 (Windows NT 10.0; Win64; x64) AppleWebKit/537.36 (KHTML, like Gecko) Chrome/86.0.4240.75 Safari/537.36"
80.120.5.131 - - [22/Oct/2020:09:09:04 +0200] "GET /loadthumbnail.php?id=11255648&width=113 HTTP/1.1" 200 1285 "http://renault.activities.at/result?searchterm=true&search=kennzeichen" "Mozilla/5.0 (Windows NT 10.0; Win64; x64) AppleWebKit/537.36 (KHTML, like Gecko) Chrome/86.0.4240.75 Safari/537.36"
80.120.5.131 - - [22/Oct/2020:09:09:04 +0200] "GET /loadthumbnail.php?id=10260863&width=113 HTTP/1.1" 200 1170 "http://renault.activities.at/result?searchterm=true&search=kennzeichen" "Mozilla/5.0 (Windows NT 10.0; Win64; x64) AppleWebKit/537.36 (KHTML, like Gecko) Chrome/86.0.4240.75 Safari/537.36"
80.120.5.131 - - [22/Oct/2020:09:09:04 +0200] "GET /loadthumbnail.php?id=11036339&width=113 HTTP/1.1" 200 1330 "http://renault.activities.at/result?searchterm=true&search=kennzeichen" "Mozilla/5.0 (Windows NT 10.0; Win64; x64) AppleWebKit/537.36 (KHTML, like Gecko) Chrome/86.0.4240.75 Safari/537.36"
80.120.5.131 - - [22/Oct/2020:09:09:04 +0200] "GET /loadthumbnail.php?id=11036124&width=113 HTTP/1.1" 200 1328 "http://renault.activities.at/result?searchterm=true&search=kennzeichen" "Mozilla/5.0 (Windows NT 10.0; Win64; x64) AppleWebKit/537.36 (KHTML, like Gecko) Chrome/86.0.4240.75 Safari/537.36"
80.120.5.131 - - [22/Oct/2020:09:09:04 +0200] "GET /loadthumbnail.php?id=12294743&width=113 HTTP/1.1" 200 2695 "http://renault.activities.at/result?searchterm=true&search=kennzeichen" "Mozilla/5.0 (Windows NT 10.0; Win64; x64) AppleWebKit/537.36 (KHTML, like Gecko) Chrome/86.0.4240.75 Safari/537.36"
80.120.5.131 - - [22/Oct/2020:09:09:04 +0200] "GET /loadthumbnail.php?id=10203650&width=113 HTTP/1.1" 200 2741 "http://renault.activities.at/result?searchterm=true&search=kennzeichen" "Mozilla/5.0 (Windows NT 10.0; Win64; x64) AppleWebKit/537.36 (KHTML, like Gecko) Chrome/86.0.4240.75 Safari/537.36"
80.120.5.131 - - [22/Oct/2020:09:09:05 +0200] "GET /loadthumbnail.php?id=10260861&width=113 HTTP/1.1" 200 1170 "http://renault.activities.at/result?searchterm=true&search=kennzeichen" "Mozilla/5.0 (Windows NT 10.0; Win64; x64) AppleWebKit/537.36 (KHTML, like Gecko) Chrome/86.0.4240.75 Safari/537.36"
80.120.5.131 - - [22/Oct/2020:09:09:05 +0200] "GET /loadthumbnail.php?id=11885850&width=113 HTTP/1.1" 200 1552 "http://renault.activities.at/result?searchterm=true&search=kennzeichen" "Mozilla/5.0 (Windows NT 10.0; Win64; x64) AppleWebKit/537.36 (KHTML, like Gecko) Chrome/86.0.4240.75 Safari/537.36"
80.120.5.131 - - [22/Oct/2020:09:09:05 +0200] "GET /loadthumbnail.php?id=10260875&width=113 HTTP/1.1" 200 1170 "http://renault.activities.at/result?searchterm=true&search=kennzeichen" "Mozilla/5.0 (Windows NT 10.0; Win64; x64) AppleWebKit/537.36 (KHTML, like Gecko) Chrome/86.0.4240.75 Safari/537.36"
80.120.5.131 - - [22/Oct/2020:09:09:05 +0200] "GET /loadthumbnail.php?id=11885851&width=113 HTTP/1.1" 200 1576 "http://renault.activities.at/result?searchterm=true&search=kennzeichen" "Mozilla/5.0 (Windows NT 10.0; Win64; x64) AppleWebKit/537.36 (KHTML, like Gecko) Chrome/86.0.4240.75 Safari/537.36"
80.120.5.131 - - [22/Oct/2020:09:09:01 +0200] "POST /axjaxrequest?mode=suggest HTTP/1.1" 200 175 "http://renault.activities.at/account" "Mozilla/5.0 (Windows NT 10.0; Win64; x64) AppleWebKit/537.36 (KHTML, like Gecko) Chrome/86.0.4240.75 Safari/537.36"
193.194.132.26 - - [22/Oct/2020:09:09:06 +0200] "GET /reload?ser=1603350546619 HTTP/1.1" 200 28 "http://renault.2web.at/result?searchterm=true&search=husse" "Mozilla/5.0 (Windows NT 10.0; Win64; x64) AppleWebKit/537.36 (KHTML, like Gecko) Chrome/86.0.4240.75 Safari/537.36"
80.120.5.131 - - [22/Oct/2020:09:09:08 +0200] "GET /images/vista-dn-hover.gif HTTP/1.1" 200 127 "http://renault.activities.at/css/styles.css" "Mozilla/5.0 (Windows NT 10.0; Win64; x64) AppleWebKit/537.36 (KHTML, like Gecko) Chrome/86.0.4240.75 Safari/537.36"
80.120.5.131 - - [22/Oct/2020:09:09:08 +0200] "GET /images/vista-up-hover.gif HTTP/1.1" 200 130 "http://renault.activities.at/css/styles.css" "Mozilla/5.0 (Windows NT 10.0; Win64; x64) AppleWebKit/537.36 (KHTML, like Gecko) Chrome/86.0.4240.75 Safari/537.36"
80.120.5.131 - - [22/Oct/2020:09:09:11 +0200] "POST /result?searchterm=true&search=kennzeichen HTTP/1.1" 200 9057 "http://renault.activities.at/result?searchterm=true&search=kennzeichen" "Mozilla/5.0 (Windows NT 10.0; Win64; x64) AppleWebKit/537.36 (KHTML, like Gecko) Chrome/86.0.4240.75 Safari/537.36"
80.120.5.131 - - [22/Oct/2020:09:09:15 +0200] "GET /images/success_msg_icon.gif HTTP/1.1" 200 1024 "http://renault.activities.at/css/styles.css" "Mozilla/5.0 (Windows NT 10.0; Win64; x64) AppleWebKit/537.36 (KHTML, like Gecko) Chrome/86.0.4240.75 Safari/537.36"
80.120.5.131 - - [22/Oct/2020:09:09:19 +0200] "POST /result?searchterm=true&search=kennzeichen HTTP/1.1" 200 9061 "http://renault.activities.at/result?searchterm=true&search=kennzeichen" "Mozilla/5.0 (Windows NT 10.0; Win64; x64) AppleWebKit/537.36 (KHTML, like Gecko) Chrome/86.0.4240.75 Safari/537.36"
80.120.5.131 - - [22/Oct/2020:09:09:26 +0200] "POST /result?searchterm=true&search=kennzeichen HTTP/1.1" 200 9060 "http://renault.activities.at/result?searchterm=true&search=kennzeichen" "Mozilla/5.0 (Windows NT 10.0; Win64; x64) AppleWebKit/537.36 (KHTML, like Gecko) Chrome/86.0.4240.75 Safari/537.36"
80.120.5.131 - - [22/Oct/2020:09:09:36 +0200] "POST /result?searchterm=true&search=kennzeichen HTTP/1.1" 200 9064 "http://renault.activities.at/result?searchterm=true&search=kennzeichen" "Mozilla/5.0 (Windows NT 10.0; Win64; x64) AppleWebKit/537.36 (KHTML, like Gecko) Chrome/86.0.4240.75 Safari/537.36"
80.120.5.131 - - [22/Oct/2020:09:09:45 +0200] "POST /result?searchterm=true&search=kennzeichen HTTP/1.1" 200 9064 "http://renault.activities.at/result?searchterm=true&search=kennzeichen" "Mozilla/5.0 (Windows NT 10.0; Win64; x64) AppleWebKit/537.36 (KHTML, like Gecko) Chrome/86.0.4240.75 Safari/537.36"
80.120.5.131 - - [22/Oct/2020:09:09:54 +0200] "POST /result?searchterm=true&search=kennzeichen HTTP/1.1" 200 9064 "http://renault.activities.at/result?searchterm=true&search=kennzeichen" "Mozilla/5.0 (Windows NT 10.0; Win64; x64) AppleWebKit/537.36 (KHTML, like Gecko) Chrome/86.0.4240.75 Safari/537.36"
185.58.53.32 - - [22/Oct/2020:09:10:04 +0200] "GET /reload?ser=1603350604540 HTTP/1.1" 200 28 "http://renault.activities.at/success" "Mozilla/5.0 (Windows NT 10.0; Win64; x64) AppleWebKit/537.36 (KHTML, like Gecko) Chrome/86.0.4240.111 Safari/537.36"
80.120.5.131 - - [22/Oct/2020:09:10:05 +0200] "POST /result?searchterm=true&search=kennzeichen HTTP/1.1" 200 9065 "http://renault.activities.at/result?searchterm=true&search=kennzeichen" "Mozilla/5.0 (Windows NT 10.0; Win64; x64) AppleWebKit/537.36 (KHTML, like Gecko) Chrome/86.0.4240.75 Safari/537.36"
193.194.132.26 - - [22/Oct/2020:09:10:08 +0200] "GET /reload?ser=1603350608618 HTTP/1.1" 200 28 "http://renault.2web.at/result?searchterm=true&search=husse" "Mozilla/5.0 (Windows NT 10.0; Win64; x64) AppleWebKit/537.36 (KHTML, like Gecko) Chrome/86.0.4240.75 Safari/537.36"
80.120.5.131 - - [22/Oct/2020:09:10:16 +0200] "POST /result?searchterm=true&search=kennzeichen HTTP/1.1" 200 9071 "http://renault.activities.at/result?searchterm=true&search=kennzeichen" "Mozilla/5.0 (Windows NT 10.0; Win64; x64) AppleWebKit/537.36 (KHTML, like Gecko) Chrome/86.0.4240.75 Safari/537.36"
80.120.5.131 - - [22/Oct/2020:09:10:24 +0200] "GET /result?dir=DESC&mode=grid&order=name&limit=15&page=2&search=kennzeichen HTTP/1.1" 200 8796 "http://renault.activities.at/result?searchterm=true&search=kennzeichen" "Mozilla/5.0 (Windows NT 10.0; Win64; x64) AppleWebKit/537.36 (KHTML, like Gecko) Chrome/86.0.4240.75 Safari/537.36"
80.120.5.131 - - [22/Oct/2020:09:10:27 +0200] "GET /loadthumbnail.php?id=10203275 HTTP/1.1" 200 85 "http://renault.activities.at/result?dir=DESC&mode=grid&order=name&limit=15&page=2&search=kennzeichen" "Mozilla/5.0 (Windows NT 10.0; Win64; x64) AppleWebKit/537.36 (KHTML, like Gecko) Chrome/86.0.4240.75 Safari/537.36"
80.120.5.131 - - [22/Oct/2020:09:10:27 +0200] "GET /loadthumbnail.php?id=10915652&width=113 HTTP/1.1" 200 1387 "http://renault.activities.at/result?dir=DESC&mode=grid&order=name&limit=15&page=2&search=kennzeichen" "Mozilla/5.0 (Windows NT 10.0; Win64; x64) AppleWebKit/537.36 (KHTML, like Gecko) Chrome/86.0.4240.75 Safari/537.36"
80.120.5.131 - - [22/Oct/2020:09:10:27 +0200] "GET /loadthumbnail.php?id=11036126&width=113 HTTP/1.1" 200 1377 "http://renault.activities.at/result?dir=DESC&mode=grid&order=name&limit=15&page=2&search=kennzeichen" "Mozilla/5.0 (Windows NT 10.0; Win64; x64) AppleWebKit/537.36 (KHTML, like Gecko) Chrome/86.0.4240.75 Safari/537.36"
80.120.5.131 - - [22/Oct/2020:09:10:27 +0200] "GET /loadthumbnail.php?id=10919466&width=113 HTTP/1.1" 200 1477 "http://renault.activities.at/result?dir=DESC&mode=grid&order=name&limit=15&page=2&search=kennzeichen" "Mozilla/5.0 (Windows NT 10.0; Win64; x64) AppleWebKit/537.36 (KHTML, like Gecko) Chrome/86.0.4240.75 Safari/537.36"
80.120.5.131 - - [22/Oct/2020:09:10:27 +0200] "GET /loadthumbnail.php?id=10260890&width=113 HTTP/1.1" 200 1170 "http://renault.activities.at/result?dir=DESC&mode=grid&order=name&limit=15&page=2&search=kennzeichen" "Mozilla/5.0 (Windows NT 10.0; Win64; x64) AppleWebKit/537.36 (KHTML, like Gecko) Chrome/86.0.4240.75 Safari/537.36"
80.120.5.131 - - [22/Oct/2020:09:10:27 +0200] "GET /loadthumbnail.php?id=10915886&width=113 HTTP/1.1" 200 1376 "http://renault.activities.at/result?dir=DESC&mode=grid&order=name&limit=15&page=2&search=kennzeichen" "Mozilla/5.0 (Windows NT 10.0; Win64; x64) AppleWebKit/537.36 (KHTML, like Gecko) Chrome/86.0.4240.75 Safari/537.36"
80.120.5.131 - - [22/Oct/2020:09:10:27 +0200] "GET /loadthumbnail.php?id=11141133&width=113 HTTP/1.1" 200 1050 "http://renault.activities.at/result?dir=DESC&mode=grid&order=name&limit=15&page=2&search=kennzeichen" "Mozilla/5.0 (Windows NT 10.0; Win64; x64) AppleWebKit/537.36 (KHTML, like Gecko) Chrome/86.0.4240.75 Safari/537.36"
80.120.5.131 - - [22/Oct/2020:09:10:27 +0200] "GET /loadthumbnail.php?id=11243081&width=113 HTTP/1.1" 200 1218 "http://renault.activities.at/result?dir=DESC&mode=grid&order=name&limit=15&page=2&search=kennzeichen" "Mozilla/5.0 (Windows NT 10.0; Win64; x64) AppleWebKit/537.36 (KHTML, like Gecko) Chrome/86.0.4240.75 Safari/537.36"
80.120.5.131 - - [22/Oct/2020:09:10:27 +0200] "GET /loadthumbnail.php?id=12244856&width=113 HTTP/1.1" 200 5659 "http://renault.activities.at/result?dir=DESC&mode=grid&order=name&limit=15&page=2&search=kennzeichen" "Mozilla/5.0 (Windows NT 10.0; Win64; x64) AppleWebKit/537.36 (KHTML, like Gecko) Chrome/86.0.4240.75 Safari/537.36"
80.120.5.131 - - [22/Oct/2020:09:10:27 +0200] "GET /loadthumbnail.php?id=10995605&width=113 HTTP/1.1" 200 1252 "http://renault.activities.at/result?dir=DESC&mode=grid&order=name&limit=15&page=2&search=kennzeichen" "Mozilla/5.0 (Windows NT 10.0; Win64; x64) AppleWebKit/537.36 (KHTML, like Gecko) Chrome/86.0.4240.75 Safari/537.36"
80.120.5.131 - - [22/Oct/2020:09:10:33 +0200] "POST /result?dir=DESC&mode=grid&order=name&limit=15&page=2&search=kennzeichen HTTP/1.1" 200 8904 "http://renault.activities.at/result?dir=DESC&mode=grid&order=name&limit=15&page=2&search=kennzeichen" "Mozilla/5.0 (Windows NT 10.0; Win64; x64) AppleWebKit/537.36 (KHTML, like Gecko) Chrome/86.0.4240.75 Safari/537.36"
80.120.5.131 - - [22/Oct/2020:09:10:42 +0200] "POST /result?dir=DESC&mode=grid&order=name&limit=15&page=2&search=kennzeichen HTTP/1.1" 200 8904 "http://renault.activities.at/result?dir=DESC&mode=grid&order=name&limit=15&page=2&search=kennzeichen" "Mozilla/5.0 (Windows NT 10.0; Win64; x64) AppleWebKit/537.36 (KHTML, like Gecko) Chrome/86.0.4240.75 Safari/537.36"
80.120.5.131 - - [22/Oct/2020:09:10:49 +0200] "POST /result?dir=DESC&mode=grid&order=name&limit=15&page=2&search=kennzeichen HTTP/1.1" 200 8906 "http://renault.activities.at/result?dir=DESC&mode=grid&order=name&limit=15&page=2&search=kennzeichen" "Mozilla/5.0 (Windows NT 10.0; Win64; x64) AppleWebKit/537.36 (KHTML, like Gecko) Chrome/86.0.4240.75 Safari/537.36"
80.120.5.131 - - [22/Oct/2020:09:10:55 +0200] "POST /result?dir=DESC&mode=grid&order=name&limit=15&page=2&search=kennzeichen HTTP/1.1" 200 8903 "http://renault.activities.at/result?dir=DESC&mode=grid&order=name&limit=15&page=2&search=kennzeichen" "Mozilla/5.0 (Windows NT 10.0; Win64; x64) AppleWebKit/537.36 (KHTML, like Gecko) Chrome/86.0.4240.75 Safari/537.36"
185.58.53.32 - - [22/Oct/2020:09:11:05 +0200] "GET /reload?ser=1603350665538 HTTP/1.1" 200 28 "http://renault.activities.at/success" "Mozilla/5.0 (Windows NT 10.0; Win64; x64) AppleWebKit/537.36 (KHTML, like Gecko) Chrome/86.0.4240.111 Safari/537.36"
80.120.5.131 - - [22/Oct/2020:09:11:03 +0200] "POST /result?dir=DESC&mode=grid&order=name&limit=15&page=2&search=kennzeichen HTTP/1.1" 200 8904 "http://renault.activities.at/result?dir=DESC&mode=grid&order=name&limit=15&page=2&search=kennzeichen" "Mozilla/5.0 (Windows NT 10.0; Win64; x64) AppleWebKit/537.36 (KHTML, like Gecko) Chrome/86.0.4240.75 Safari/537.36"
193.194.132.26 - - [22/Oct/2020:09:11:10 +0200] "GET /reload?ser=1603350670626 HTTP/1.1" 200 28 "http://renault.2web.at/result?searchterm=true&search=husse" "Mozilla/5.0 (Windows NT 10.0; Win64; x64) AppleWebKit/537.36 (KHTML, like Gecko) Chrome/86.0.4240.75 Safari/537.36"
80.120.5.131 - - [22/Oct/2020:09:11:12 +0200] "POST /result?dir=DESC&mode=grid&order=name&limit=15&page=2&search=kennzeichen HTTP/1.1" 200 8903 "http://renault.activities.at/result?dir=DESC&mode=grid&order=name&limit=15&page=2&search=kennzeichen" "Mozilla/5.0 (Windows NT 10.0; Win64; x64) AppleWebKit/537.36 (KHTML, like Gecko) Chrome/86.0.4240.75 Safari/537.36"
80.120.5.131 - - [22/Oct/2020:09:11:18 +0200] "POST /result?dir=DESC&mode=grid&order=name&limit=15&page=2&search=kennzeichen HTTP/1.1" 200 8904 "http://renault.activities.at/result?dir=DESC&mode=grid&order=name&limit=15&page=2&search=kennzeichen" "Mozilla/5.0 (Windows NT 10.0; Win64; x64) AppleWebKit/537.36 (KHTML, like Gecko) Chrome/86.0.4240.75 Safari/537.36"
185.58.53.32 - - [22/Oct/2020:09:12:06 +0200] "GET /reload?ser=1603350726536 HTTP/1.1" 200 28 "http://renault.activities.at/success" "Mozilla/5.0 (Windows NT 10.0; Win64; x64) AppleWebKit/537.36 (KHTML, like Gecko) Chrome/86.0.4240.111 Safari/537.36"
193.194.132.26 - - [22/Oct/2020:09:12:12 +0200] "GET /reload?ser=1603350732629 HTTP/1.1" 200 28 "http://renault.2web.at/result?searchterm=true&search=husse" "Mozilla/5.0 (Windows NT 10.0; Win64; x64) AppleWebKit/537.36 (KHTML, like Gecko) Chrome/86.0.4240.75 Safari/537.36"
80.120.5.131 - - [22/Oct/2020:09:12:22 +0200] "GET /reload?ser=1603350742576 HTTP/1.1" 200 28 "http://renault.activities.at/result?dir=DESC&mode=grid&order=name&limit=15&page=2&search=kennzeichen" "Mozilla/5.0 (Windows NT 10.0; Win64; x64) AppleWebKit/537.36 (KHTML, like Gecko) Chrome/86.0.4240.75 Safari/537.36"
185.58.53.32 - - [22/Oct/2020:09:13:07 +0200] "GET /reload?ser=1603350787536 HTTP/1.1" 200 28 "http://renault.activities.at/success" "Mozilla/5.0 (Windows NT 10.0; Win64; x64) AppleWebKit/537.36 (KHTML, like Gecko) Chrome/86.0.4240.111 Safari/537.36"
193.194.132.26 - - [22/Oct/2020:09:13:14 +0200] "GET /reload?ser=1603350794694 HTTP/1.1" 200 28 "http://renault.2web.at/result?searchterm=true&search=husse" "Mozilla/5.0 (Windows NT 10.0; Win64; x64) AppleWebKit/537.36 (KHTML, like Gecko) Chrome/86.0.4240.75 Safari/537.36"
80.120.5.131 - - [22/Oct/2020:09:13:23 +0200] "GET /reload?ser=1603350803559 HTTP/1.1" 200 28 "http://renault.activities.at/result?dir=DESC&mode=grid&order=name&limit=15&page=2&search=kennzeichen" "Mozilla/5.0 (Windows NT 10.0; Win64; x64) AppleWebKit/537.36 (KHTML, like Gecko) Chrome/86.0.4240.75 Safari/537.36"
185.58.53.32 - - [22/Oct/2020:09:14:08 +0200] "GET /reload?ser=1603350848536 HTTP/1.1" 200 28 "http://renault.activities.at/success" "Mozilla/5.0 (Windows NT 10.0; Win64; x64) AppleWebKit/537.36 (KHTML, like Gecko) Chrome/86.0.4240.111 Safari/537.36"
193.194.132.26 - - [22/Oct/2020:09:14:16 +0200] "GET /reload?ser=1603350856622 HTTP/1.1" 200 28 "http://renault.2web.at/result?searchterm=true&search=husse" "Mozilla/5.0 (Windows NT 10.0; Win64; x64) AppleWebKit/537.36 (KHTML, like Gecko) Chrome/86.0.4240.75 Safari/537.36"
80.120.5.131 - - [22/Oct/2020:09:14:24 +0200] "GET /reload?ser=1603350864524 HTTP/1.1" 200 28 "http://renault.activities.at/result?dir=DESC&mode=grid&order=name&limit=15&page=2&search=kennzeichen" "Mozilla/5.0 (Windows NT 10.0; Win64; x64) AppleWebKit/537.36 (KHTML, like Gecko) Chrome/86.0.4240.75 Safari/537.36"
185.58.53.32 - - [22/Oct/2020:09:15:09 +0200] "GET /reload?ser=1603350909534 HTTP/1.1" 200 28 "http://renault.activities.at/success" "Mozilla/5.0 (Windows NT 10.0; Win64; x64) AppleWebKit/537.36 (KHTML, like Gecko) Chrome/86.0.4240.111 Safari/537.36"
193.194.132.26 - - [22/Oct/2020:09:15:18 +0200] "GET /reload?ser=1603350918624 HTTP/1.1" 200 28 "http://renault.2web.at/result?searchterm=true&search=husse" "Mozilla/5.0 (Windows NT 10.0; Win64; x64) AppleWebKit/537.36 (KHTML, like Gecko) Chrome/86.0.4240.75 Safari/537.36"
80.120.5.131 - - [22/Oct/2020:09:15:25 +0200] "GET /reload?ser=1603350925499 HTTP/1.1" 200 28 "http://renault.activities.at/result?dir=DESC&mode=grid&order=name&limit=15&page=2&search=kennzeichen" "Mozilla/5.0 (Windows NT 10.0; Win64; x64) AppleWebKit/537.36 (KHTML, like Gecko) Chrome/86.0.4240.75 Safari/537.36"
185.58.53.32 - - [22/Oct/2020:09:16:10 +0200] "GET /reload?ser=1603350970533 HTTP/1.1" 200 28 "http://renault.activities.at/success" "Mozilla/5.0 (Windows NT 10.0; Win64; x64) AppleWebKit/537.36 (KHTML, like Gecko) Chrome/86.0.4240.111 Safari/537.36"
193.194.132.26 - - [22/Oct/2020:09:16:20 +0200] "GET /reload?ser=1603350980623 HTTP/1.1" 200 28 "http://renault.2web.at/result?searchterm=true&search=husse" "Mozilla/5.0 (Windows NT 10.0; Win64; x64) AppleWebKit/537.36 (KHTML, like Gecko) Chrome/86.0.4240.75 Safari/537.36"
80.120.5.131 - - [22/Oct/2020:09:16:26 +0200] "GET /reload?ser=1603350986454 HTTP/1.1" 200 28 "http://renault.activities.at/result?dir=DESC&mode=grid&order=name&limit=15&page=2&search=kennzeichen" "Mozilla/5.0 (Windows NT 10.0; Win64; x64) AppleWebKit/537.36 (KHTML, like Gecko) Chrome/86.0.4240.75 Safari/537.36"
185.58.53.32 - - [22/Oct/2020:09:17:11 +0200] "GET /reload?ser=1603351031532 HTTP/1.1" 200 28 "http://renault.activities.at/success" "Mozilla/5.0 (Windows NT 10.0; Win64; x64) AppleWebKit/537.36 (KHTML, like Gecko) Chrome/86.0.4240.111 Safari/537.36"
193.194.132.26 - - [22/Oct/2020:09:17:22 +0200] "GET /reload?ser=1603351042624 HTTP/1.1" 200 28 "http://renault.2web.at/result?searchterm=true&search=husse" "Mozilla/5.0 (Windows NT 10.0; Win64; x64) AppleWebKit/537.36 (KHTML, like Gecko) Chrome/86.0.4240.75 Safari/537.36"
80.120.5.131 - - [22/Oct/2020:09:17:27 +0200] "GET /reload?ser=1603351047402 HTTP/1.1" 200 28 "http://renault.activities.at/result?dir=DESC&mode=grid&order=name&limit=15&page=2&search=kennzeichen" "Mozilla/5.0 (Windows NT 10.0; Win64; x64) AppleWebKit/537.36 (KHTML, like Gecko) Chrome/86.0.4240.75 Safari/537.36"
185.58.53.32 - - [22/Oct/2020:09:18:12 +0200] "GET /reload?ser=1603351092533 HTTP/1.1" 200 28 "http://renault.activities.at/success" "Mozilla/5.0 (Windows NT 10.0; Win64; x64) AppleWebKit/537.36 (KHTML, like Gecko) Chrome/86.0.4240.111 Safari/537.36"
193.194.132.26 - - [22/Oct/2020:09:18:24 +0200] "GET /reload?ser=1603351104628 HTTP/1.1" 200 28 "http://renault.2web.at/result?searchterm=true&search=husse" "Mozilla/5.0 (Windows NT 10.0; Win64; x64) AppleWebKit/537.36 (KHTML, like Gecko) Chrome/86.0.4240.75 Safari/537.36"
80.120.5.131 - - [22/Oct/2020:09:18:28 +0200] "GET /reload?ser=1603351108355 HTTP/1.1" 200 28 "http://renault.activities.at/result?dir=DESC&mode=grid&order=name&limit=15&page=2&search=kennzeichen" "Mozilla/5.0 (Windows NT 10.0; Win64; x64) AppleWebKit/537.36 (KHTML, like Gecko) Chrome/86.0.4240.75 Safari/537.36"
185.58.53.32 - - [22/Oct/2020:09:19:13 +0200] "GET /reload?ser=1603351153532 HTTP/1.1" 200 28 "http://renault.activities.at/success" "Mozilla/5.0 (Windows NT 10.0; Win64; x64) AppleWebKit/537.36 (KHTML, like Gecko) Chrome/86.0.4240.111 Safari/537.36"
