80.123.225.38 - - [22/Oct/2020:14:55:41 +0200] "GET /images/main_block_corner_right_top.gif HTTP/1.1" 304 - "http://renault.activities.at/" "Mozilla/5.0 (Windows NT 6.1; WOW64; Trident/7.0; rv:11.0) like Gecko"
80.123.225.38 - - [22/Oct/2020:14:55:41 +0200] "GET /images/header_block_corner_right_top.gif HTTP/1.1" 304 - "http://renault.activities.at/" "Mozilla/5.0 (Windows NT 6.1; WOW64; Trident/7.0; rv:11.0) like Gecko"
80.123.225.38 - - [22/Oct/2020:14:55:41 +0200] "GET /images/title_corner_right_top.jpg HTTP/1.1" 304 - "http://renault.activities.at/" "Mozilla/5.0 (Windows NT 6.1; WOW64; Trident/7.0; rv:11.0) like Gecko"
80.123.225.38 - - [22/Oct/2020:14:55:41 +0200] "GET /images/main_block_corner_right_bot.gif HTTP/1.1" 304 - "http://renault.activities.at/" "Mozilla/5.0 (Windows NT 6.1; WOW64; Trident/7.0; rv:11.0) like Gecko"
80.123.225.38 - - [22/Oct/2020:14:55:41 +0200] "GET /images/header_block_border.gif HTTP/1.1" 304 - "http://renault.activities.at/" "Mozilla/5.0 (Windows NT 6.1; WOW64; Trident/7.0; rv:11.0) like Gecko"
157.97.69.246 - - [22/Oct/2020:14:56:00 +0200] "POST /result?searchterm=true&search=w%E4rmepad HTTP/1.1" 200 6122 "http://renault.activities.at/result?searchterm=true&search=w%E4rmepad" "Mozilla/5.0 (Windows NT 10.0) AppleWebKit/537.36 (KHTML, like Gecko) Chrome/86.0.4240.111 Safari/537.36"
157.97.69.246 - - [22/Oct/2020:14:56:03 +0200] "GET /images/success_msg_icon.gif HTTP/1.1" 200 1024 "http://renault.activities.at/css/styles.css" "Mozilla/5.0 (Windows NT 10.0) AppleWebKit/537.36 (KHTML, like Gecko) Chrome/86.0.4240.111 Safari/537.36"
157.97.69.246 - - [22/Oct/2020:14:56:07 +0200] "GET /cart HTTP/1.1" 200 5033 "http://renault.activities.at/result?searchterm=true&search=w%E4rmepad" "Mozilla/5.0 (Windows NT 10.0) AppleWebKit/537.36 (KHTML, like Gecko) Chrome/86.0.4240.111 Safari/537.36"
157.97.69.246 - - [22/Oct/2020:14:56:09 +0200] "GET /loadthumbnail.php?id=10232009&width=16&height=16 HTTP/1.1" 200 700 "http://renault.activities.at/cart" "Mozilla/5.0 (Windows NT 10.0) AppleWebKit/537.36 (KHTML, like Gecko) Chrome/86.0.4240.111 Safari/537.36"
157.97.69.246 - - [22/Oct/2020:14:56:09 +0200] "GET /loadthumbnail.php?id=11967857&width=100 HTTP/1.1" 200 1976 "http://renault.activities.at/cart" "Mozilla/5.0 (Windows NT 10.0) AppleWebKit/537.36 (KHTML, like Gecko) Chrome/86.0.4240.111 Safari/537.36"
157.97.69.246 - - [22/Oct/2020:14:56:21 +0200] "GET /checkout HTTP/1.1" 200 10244 "http://renault.activities.at/cart" "Mozilla/5.0 (Windows NT 10.0) AppleWebKit/537.36 (KHTML, like Gecko) Chrome/86.0.4240.111 Safari/537.36"
157.97.69.246 - - [22/Oct/2020:14:56:25 +0200] "GET /js/checkout2.js HTTP/1.1" 200 4122 "http://renault.activities.at/checkout" "Mozilla/5.0 (Windows NT 10.0) AppleWebKit/537.36 (KHTML, like Gecko) Chrome/86.0.4240.111 Safari/537.36"
157.97.69.246 - - [22/Oct/2020:14:56:25 +0200] "GET /images/ajax_loading.gif HTTP/1.1" 200 1542 "http://renault.activities.at/checkout" "Mozilla/5.0 (Windows NT 10.0) AppleWebKit/537.36 (KHTML, like Gecko) Chrome/86.0.4240.111 Safari/537.36"
157.97.69.246 - - [22/Oct/2020:14:56:26 +0200] "GET /images/step_bg.jpg HTTP/1.1" 200 319 "http://renault.activities.at/css/styles.css" "Mozilla/5.0 (Windows NT 10.0) AppleWebKit/537.36 (KHTML, like Gecko) Chrome/86.0.4240.111 Safari/537.36"
157.97.69.246 - - [22/Oct/2020:14:56:26 +0200] "GET /images/step_marker.gif HTTP/1.1" 200 650 "http://renault.activities.at/css/styles.css" "Mozilla/5.0 (Windows NT 10.0) AppleWebKit/537.36 (KHTML, like Gecko) Chrome/86.0.4240.111 Safari/537.36"
157.97.69.246 - - [22/Oct/2020:14:56:26 +0200] "GET /images/checkout_border.gif HTTP/1.1" 200 43 "http://renault.activities.at/css/styles.css" "Mozilla/5.0 (Windows NT 10.0) AppleWebKit/537.36 (KHTML, like Gecko) Chrome/86.0.4240.111 Safari/537.36"
157.97.69.246 - - [22/Oct/2020:14:56:26 +0200] "GET /images/checkout_border_top.gif HTTP/1.1" 200 156 "http://renault.activities.at/css/styles.css" "Mozilla/5.0 (Windows NT 10.0) AppleWebKit/537.36 (KHTML, like Gecko) Chrome/86.0.4240.111 Safari/537.36"
157.97.69.246 - - [22/Oct/2020:14:56:25 +0200] "GET /loadthumbnail.php?id=10201939 HTTP/1.1" 200 201 "http://renault.activities.at/checkout" "Mozilla/5.0 (Windows NT 10.0) AppleWebKit/537.36 (KHTML, like Gecko) Chrome/86.0.4240.111 Safari/537.36"
157.97.69.246 - - [22/Oct/2020:14:56:25 +0200] "GET /loadthumbnail.php?id=10202698 HTTP/1.1" 200 16686 "http://renault.activities.at/checkout" "Mozilla/5.0 (Windows NT 10.0) AppleWebKit/537.36 (KHTML, like Gecko) Chrome/86.0.4240.111 Safari/537.36"
193.194.132.26 - - [22/Oct/2020:14:56:31 +0200] "GET /reload?ser=1603371391140 HTTP/1.1" 200 28 "http://renault.2web.at/result?searchterm=true&search=husse" "Mozilla/5.0 (Windows NT 10.0; Win64; x64) AppleWebKit/537.36 (KHTML, like Gecko) Chrome/86.0.4240.75 Safari/537.36"
80.120.5.131 - - [22/Oct/2020:14:56:32 +0200] "GET /reload?ser=1603371392329 HTTP/1.1" 200 28 "http://renault.activities.at/success" "Mozilla/5.0 (Windows NT 10.0; Win64; x64) AppleWebKit/537.36 (KHTML, like Gecko) Chrome/86.0.4240.75 Safari/537.36"
80.123.225.38 - - [22/Oct/2020:14:56:41 +0200] "GET /reload?ser=1603371401158 HTTP/1.1" 200 28 "http://renault.activities.at/" "Mozilla/5.0 (Windows NT 6.1; WOW64; Trident/7.0; rv:11.0) like Gecko"
157.97.69.246 - - [22/Oct/2020:14:57:26 +0200] "GET /reload?ser=1603371446378 HTTP/1.1" 200 28 "http://renault.activities.at/checkout" "Mozilla/5.0 (Windows NT 10.0) AppleWebKit/537.36 (KHTML, like Gecko) Chrome/86.0.4240.111 Safari/537.36"
193.194.132.26 - - [22/Oct/2020:14:57:33 +0200] "GET /reload?ser=1603371453140 HTTP/1.1" 200 28 "http://renault.2web.at/result?searchterm=true&search=husse" "Mozilla/5.0 (Windows NT 10.0; Win64; x64) AppleWebKit/537.36 (KHTML, like Gecko) Chrome/86.0.4240.75 Safari/537.36"
80.120.5.131 - - [22/Oct/2020:14:57:33 +0200] "GET /reload?ser=1603371453327 HTTP/1.1" 200 28 "http://renault.activities.at/success" "Mozilla/5.0 (Windows NT 10.0; Win64; x64) AppleWebKit/537.36 (KHTML, like Gecko) Chrome/86.0.4240.75 Safari/537.36"
157.97.69.246 - - [22/Oct/2020:14:57:31 +0200] "POST /docheckout HTTP/1.1" 200 445 "http://renault.activities.at/checkout" "Mozilla/5.0 (Windows NT 10.0) AppleWebKit/537.36 (KHTML, like Gecko) Chrome/86.0.4240.111 Safari/537.36"
157.97.69.246 - - [22/Oct/2020:14:57:35 +0200] "POST /docheckout HTTP/1.1" 200 571 "http://renault.activities.at/checkout" "Mozilla/5.0 (Windows NT 10.0) AppleWebKit/537.36 (KHTML, like Gecko) Chrome/86.0.4240.111 Safari/537.36"
157.97.69.246 - - [22/Oct/2020:14:57:39 +0200] "POST /docheckout HTTP/1.1" 200 68 "http://renault.activities.at/checkout" "Mozilla/5.0 (Windows NT 10.0) AppleWebKit/537.36 (KHTML, like Gecko) Chrome/86.0.4240.111 Safari/537.36"
80.123.225.38 - - [22/Oct/2020:14:57:41 +0200] "GET /reload?ser=1603371461819 HTTP/1.1" 200 28 "http://renault.activities.at/" "Mozilla/5.0 (Windows NT 6.1; WOW64; Trident/7.0; rv:11.0) like Gecko"
157.97.69.246 - - [22/Oct/2020:14:57:42 +0200] "GET /success HTTP/1.1" 200 3782 "http://renault.activities.at/checkout" "Mozilla/5.0 (Windows NT 10.0) AppleWebKit/537.36 (KHTML, like Gecko) Chrome/86.0.4240.111 Safari/537.36"
193.194.132.26 - - [22/Oct/2020:14:58:35 +0200] "GET /reload?ser=1603371515137 HTTP/1.1" 200 28 "http://renault.2web.at/result?searchterm=true&search=husse" "Mozilla/5.0 (Windows NT 10.0; Win64; x64) AppleWebKit/537.36 (KHTML, like Gecko) Chrome/86.0.4240.75 Safari/537.36"
80.120.5.131 - - [22/Oct/2020:14:58:35 +0200] "GET /reload?ser=1603371515338 HTTP/1.1" 200 28 "http://renault.activities.at/success" "Mozilla/5.0 (Windows NT 10.0; Win64; x64) AppleWebKit/537.36 (KHTML, like Gecko) Chrome/86.0.4240.75 Safari/537.36"
80.123.225.38 - - [22/Oct/2020:14:58:42 +0200] "GET /reload?ser=1603371522489 HTTP/1.1" 200 28 "http://renault.activities.at/" "Mozilla/5.0 (Windows NT 6.1; WOW64; Trident/7.0; rv:11.0) like Gecko"
157.97.69.246 - - [22/Oct/2020:14:58:44 +0200] "GET /reload?ser=1603371524993 HTTP/1.1" 200 28 "http://renault.activities.at/success" "Mozilla/5.0 (Windows NT 10.0) AppleWebKit/537.36 (KHTML, like Gecko) Chrome/86.0.4240.111 Safari/537.36"
80.120.5.131 - - [22/Oct/2020:14:59:36 +0200] "GET /reload?ser=1603371576337 HTTP/1.1" 200 28 "http://renault.activities.at/success" "Mozilla/5.0 (Windows NT 10.0; Win64; x64) AppleWebKit/537.36 (KHTML, like Gecko) Chrome/86.0.4240.75 Safari/537.36"
193.194.132.26 - - [22/Oct/2020:14:59:37 +0200] "GET /reload?ser=1603371577138 HTTP/1.1" 200 28 "http://renault.2web.at/result?searchterm=true&search=husse" "Mozilla/5.0 (Windows NT 10.0; Win64; x64) AppleWebKit/537.36 (KHTML, like Gecko) Chrome/86.0.4240.75 Safari/537.36"
80.123.225.38 - - [22/Oct/2020:14:59:43 +0200] "GET /reload?ser=1603371583156 HTTP/1.1" 200 28 "http://renault.activities.at/" "Mozilla/5.0 (Windows NT 6.1; WOW64; Trident/7.0; rv:11.0) like Gecko"
157.97.69.246 - - [22/Oct/2020:14:59:45 +0200] "GET /reload?ser=1603371585991 HTTP/1.1" 200 28 "http://renault.activities.at/success" "Mozilla/5.0 (Windows NT 10.0) AppleWebKit/537.36 (KHTML, like Gecko) Chrome/86.0.4240.111 Safari/537.36"
80.120.5.131 - - [22/Oct/2020:15:00:37 +0200] "GET /reload?ser=1603371637328 HTTP/1.1" 200 28 "http://renault.activities.at/success" "Mozilla/5.0 (Windows NT 10.0; Win64; x64) AppleWebKit/537.36 (KHTML, like Gecko) Chrome/86.0.4240.75 Safari/537.36"
193.194.132.26 - - [22/Oct/2020:15:00:39 +0200] "GET /reload?ser=1603371639143 HTTP/1.1" 200 28 "http://renault.2web.at/result?searchterm=true&search=husse" "Mozilla/5.0 (Windows NT 10.0; Win64; x64) AppleWebKit/537.36 (KHTML, like Gecko) Chrome/86.0.4240.75 Safari/537.36"
80.123.225.38 - - [22/Oct/2020:15:00:43 +0200] "GET /reload?ser=1603371643830 HTTP/1.1" 200 28 "http://renault.activities.at/" "Mozilla/5.0 (Windows NT 6.1; WOW64; Trident/7.0; rv:11.0) like Gecko"
157.97.69.246 - - [22/Oct/2020:15:00:46 +0200] "GET /reload?ser=1603371647004 HTTP/1.1" 200 28 "http://renault.activities.at/success" "Mozilla/5.0 (Windows NT 10.0) AppleWebKit/537.36 (KHTML, like Gecko) Chrome/86.0.4240.111 Safari/537.36"
80.120.5.131 - - [22/Oct/2020:15:01:38 +0200] "GET /reload?ser=1603371698337 HTTP/1.1" 200 28 "http://renault.activities.at/success" "Mozilla/5.0 (Windows NT 10.0; Win64; x64) AppleWebKit/537.36 (KHTML, like Gecko) Chrome/86.0.4240.75 Safari/537.36"
193.194.132.26 - - [22/Oct/2020:15:01:41 +0200] "GET /reload?ser=1603371701140 HTTP/1.1" 200 28 "http://renault.2web.at/result?searchterm=true&search=husse" "Mozilla/5.0 (Windows NT 10.0; Win64; x64) AppleWebKit/537.36 (KHTML, like Gecko) Chrome/86.0.4240.75 Safari/537.36"
80.123.225.38 - - [22/Oct/2020:15:01:44 +0200] "GET /reload?ser=1603371704494 HTTP/1.1" 200 28 "http://renault.activities.at/" "Mozilla/5.0 (Windows NT 6.1; WOW64; Trident/7.0; rv:11.0) like Gecko"
157.97.69.246 - - [22/Oct/2020:15:01:48 +0200] "GET /reload?ser=1603371708996 HTTP/1.1" 200 28 "http://renault.activities.at/success" "Mozilla/5.0 (Windows NT 10.0) AppleWebKit/537.36 (KHTML, like Gecko) Chrome/86.0.4240.111 Safari/537.36"
80.120.5.131 - - [22/Oct/2020:15:02:39 +0200] "GET /reload?ser=1603371759337 HTTP/1.1" 200 28 "http://renault.activities.at/success" "Mozilla/5.0 (Windows NT 10.0; Win64; x64) AppleWebKit/537.36 (KHTML, like Gecko) Chrome/86.0.4240.75 Safari/537.36"
193.194.132.26 - - [22/Oct/2020:15:02:43 +0200] "GET /reload?ser=1603371763145 HTTP/1.1" 200 28 "http://renault.2web.at/result?searchterm=true&search=husse" "Mozilla/5.0 (Windows NT 10.0; Win64; x64) AppleWebKit/537.36 (KHTML, like Gecko) Chrome/86.0.4240.75 Safari/537.36"
80.123.225.38 - - [22/Oct/2020:15:02:45 +0200] "GET /reload?ser=1603371765160 HTTP/1.1" 200 28 "http://renault.activities.at/" "Mozilla/5.0 (Windows NT 6.1; WOW64; Trident/7.0; rv:11.0) like Gecko"
157.97.69.246 - - [22/Oct/2020:15:02:49 +0200] "GET /reload?ser=1603371769990 HTTP/1.1" 200 28 "http://renault.activities.at/success" "Mozilla/5.0 (Windows NT 10.0) AppleWebKit/537.36 (KHTML, like Gecko) Chrome/86.0.4240.111 Safari/537.36"
80.120.5.131 - - [22/Oct/2020:15:03:41 +0200] "GET /reload?ser=1603371821330 HTTP/1.1" 200 28 "http://renault.activities.at/success" "Mozilla/5.0 (Windows NT 10.0; Win64; x64) AppleWebKit/537.36 (KHTML, like Gecko) Chrome/86.0.4240.75 Safari/537.36"
52.87.171.209 - - [22/Oct/2020:15:03:42 +0200] "GET /login HTTP/1.1" 200 2085 "-" "Mozilla/5.0 (Windows NT 10.0; Win64; x64) AppleWebKit/537.36 (KHTML, like Gecko) Chrome/63.0.3239.84 Safari/537.36"
52.87.171.209 - - [22/Oct/2020:15:03:44 +0200] "GET /images/favicon.ico HTTP/1.1" 404 305 "-" "Mozilla/5.0 (Windows NT 10.0; Win64; x64) AppleWebKit/537.36 (KHTML, like Gecko) Chrome/63.0.3239.84 Safari/537.36"
193.194.132.26 - - [22/Oct/2020:15:03:45 +0200] "GET /reload?ser=1603371825140 HTTP/1.1" 200 28 "http://renault.2web.at/result?searchterm=true&search=husse" "Mozilla/5.0 (Windows NT 10.0; Win64; x64) AppleWebKit/537.36 (KHTML, like Gecko) Chrome/86.0.4240.75 Safari/537.36"
80.123.225.38 - - [22/Oct/2020:15:03:45 +0200] "GET /reload?ser=1603371825845 HTTP/1.1" 200 28 "http://renault.activities.at/" "Mozilla/5.0 (Windows NT 6.1; WOW64; Trident/7.0; rv:11.0) like Gecko"
157.97.69.246 - - [22/Oct/2020:15:03:50 +0200] "GET /reload?ser=1603371830997 HTTP/1.1" 200 28 "http://renault.activities.at/success" "Mozilla/5.0 (Windows NT 10.0) AppleWebKit/537.36 (KHTML, like Gecko) Chrome/86.0.4240.111 Safari/537.36"
80.120.5.131 - - [22/Oct/2020:15:04:42 +0200] "GET /reload?ser=1603371882338 HTTP/1.1" 200 28 "http://renault.activities.at/success" "Mozilla/5.0 (Windows NT 10.0; Win64; x64) AppleWebKit/537.36 (KHTML, like Gecko) Chrome/86.0.4240.75 Safari/537.36"
80.123.225.38 - - [22/Oct/2020:15:04:46 +0200] "GET /reload?ser=1603371886528 HTTP/1.1" 200 28 "http://renault.activities.at/" "Mozilla/5.0 (Windows NT 6.1; WOW64; Trident/7.0; rv:11.0) like Gecko"
193.194.132.26 - - [22/Oct/2020:15:04:47 +0200] "GET /reload?ser=1603371887140 HTTP/1.1" 200 28 "http://renault.2web.at/result?searchterm=true&search=husse" "Mozilla/5.0 (Windows NT 10.0; Win64; x64) AppleWebKit/537.36 (KHTML, like Gecko) Chrome/86.0.4240.75 Safari/537.36"
157.97.69.246 - - [22/Oct/2020:15:04:51 +0200] "GET /reload?ser=1603371891990 HTTP/1.1" 200 28 "http://renault.activities.at/success" "Mozilla/5.0 (Windows NT 10.0) AppleWebKit/537.36 (KHTML, like Gecko) Chrome/86.0.4240.111 Safari/537.36"
80.120.5.131 - - [22/Oct/2020:15:05:43 +0200] "GET /reload?ser=1603371943341 HTTP/1.1" 200 28 "http://renault.activities.at/success" "Mozilla/5.0 (Windows NT 10.0; Win64; x64) AppleWebKit/537.36 (KHTML, like Gecko) Chrome/86.0.4240.75 Safari/537.36"
80.123.225.38 - - [22/Oct/2020:15:05:47 +0200] "GET /reload?ser=1603371947193 HTTP/1.1" 200 28 "http://renault.activities.at/" "Mozilla/5.0 (Windows NT 6.1; WOW64; Trident/7.0; rv:11.0) like Gecko"
193.194.132.26 - - [22/Oct/2020:15:05:49 +0200] "GET /reload?ser=1603371949139 HTTP/1.1" 200 28 "http://renault.2web.at/result?searchterm=true&search=husse" "Mozilla/5.0 (Windows NT 10.0; Win64; x64) AppleWebKit/537.36 (KHTML, like Gecko) Chrome/86.0.4240.75 Safari/537.36"
157.97.69.246 - - [22/Oct/2020:15:05:52 +0200] "GET /reload?ser=1603371952991 HTTP/1.1" 200 28 "http://renault.activities.at/success" "Mozilla/5.0 (Windows NT 10.0) AppleWebKit/537.36 (KHTML, like Gecko) Chrome/86.0.4240.111 Safari/537.36"
80.120.5.131 - - [22/Oct/2020:15:06:44 +0200] "GET /reload?ser=1603372004344 HTTP/1.1" 200 28 "http://renault.activities.at/success" "Mozilla/5.0 (Windows NT 10.0; Win64; x64) AppleWebKit/537.36 (KHTML, like Gecko) Chrome/86.0.4240.75 Safari/537.36"
80.123.225.38 - - [22/Oct/2020:15:06:47 +0200] "GET /reload?ser=1603372007868 HTTP/1.1" 200 28 "http://renault.activities.at/" "Mozilla/5.0 (Windows NT 6.1; WOW64; Trident/7.0; rv:11.0) like Gecko"
193.194.132.26 - - [22/Oct/2020:15:06:51 +0200] "GET /reload?ser=1603372011146 HTTP/1.1" 200 28 "http://renault.2web.at/result?searchterm=true&search=husse" "Mozilla/5.0 (Windows NT 10.0; Win64; x64) AppleWebKit/537.36 (KHTML, like Gecko) Chrome/86.0.4240.75 Safari/537.36"
157.97.69.246 - - [22/Oct/2020:15:06:53 +0200] "GET /reload?ser=1603372013991 HTTP/1.1" 200 28 "http://renault.activities.at/success" "Mozilla/5.0 (Windows NT 10.0) AppleWebKit/537.36 (KHTML, like Gecko) Chrome/86.0.4240.111 Safari/537.36"
80.120.5.131 - - [22/Oct/2020:15:07:46 +0200] "GET /reload?ser=1603372066337 HTTP/1.1" 200 28 "http://renault.activities.at/success" "Mozilla/5.0 (Windows NT 10.0; Win64; x64) AppleWebKit/537.36 (KHTML, like Gecko) Chrome/86.0.4240.75 Safari/537.36"
80.123.225.38 - - [22/Oct/2020:15:07:48 +0200] "GET /reload?ser=1603372068524 HTTP/1.1" 200 28 "http://renault.activities.at/" "Mozilla/5.0 (Windows NT 6.1; WOW64; Trident/7.0; rv:11.0) like Gecko"
193.194.132.26 - - [22/Oct/2020:15:07:53 +0200] "GET /reload?ser=1603372073141 HTTP/1.1" 200 28 "http://renault.2web.at/result?searchterm=true&search=husse" "Mozilla/5.0 (Windows NT 10.0; Win64; x64) AppleWebKit/537.36 (KHTML, like Gecko) Chrome/86.0.4240.75 Safari/537.36"
157.97.69.246 - - [22/Oct/2020:15:07:54 +0200] "GET /reload?ser=1603372074993 HTTP/1.1" 200 28 "http://renault.activities.at/success" "Mozilla/5.0 (Windows NT 10.0) AppleWebKit/537.36 (KHTML, like Gecko) Chrome/86.0.4240.111 Safari/537.36"
80.120.5.131 - - [22/Oct/2020:15:08:47 +0200] "GET /reload?ser=1603372127331 HTTP/1.1" 200 28 "http://renault.activities.at/success" "Mozilla/5.0 (Windows NT 10.0; Win64; x64) AppleWebKit/537.36 (KHTML, like Gecko) Chrome/86.0.4240.75 Safari/537.36"
80.123.225.38 - - [22/Oct/2020:15:08:49 +0200] "GET /reload?ser=1603372129189 HTTP/1.1" 200 28 "http://renault.activities.at/" "Mozilla/5.0 (Windows NT 6.1; WOW64; Trident/7.0; rv:11.0) like Gecko"
193.194.132.26 - - [22/Oct/2020:15:08:55 +0200] "GET /reload?ser=1603372135146 HTTP/1.1" 200 28 "http://renault.2web.at/result?searchterm=true&search=husse" "Mozilla/5.0 (Windows NT 10.0; Win64; x64) AppleWebKit/537.36 (KHTML, like Gecko) Chrome/86.0.4240.75 Safari/537.36"
157.97.69.246 - - [22/Oct/2020:15:08:55 +0200] "GET /reload?ser=1603372135991 HTTP/1.1" 200 28 "http://renault.activities.at/success" "Mozilla/5.0 (Windows NT 10.0) AppleWebKit/537.36 (KHTML, like Gecko) Chrome/86.0.4240.111 Safari/537.36"
80.120.5.131 - - [22/Oct/2020:15:09:48 +0200] "GET /reload?ser=1603372188332 HTTP/1.1" 200 28 "http://renault.activities.at/success" "Mozilla/5.0 (Windows NT 10.0; Win64; x64) AppleWebKit/537.36 (KHTML, like Gecko) Chrome/86.0.4240.75 Safari/537.36"
80.123.225.38 - - [22/Oct/2020:15:09:49 +0200] "GET /reload?ser=1603372189880 HTTP/1.1" 200 28 "http://renault.activities.at/" "Mozilla/5.0 (Windows NT 6.1; WOW64; Trident/7.0; rv:11.0) like Gecko"
157.97.69.246 - - [22/Oct/2020:15:09:56 +0200] "GET /reload?ser=1603372197000 HTTP/1.1" 200 28 "http://renault.activities.at/success" "Mozilla/5.0 (Windows NT 10.0) AppleWebKit/537.36 (KHTML, like Gecko) Chrome/86.0.4240.111 Safari/537.36"
193.194.132.26 - - [22/Oct/2020:15:09:57 +0200] "GET /reload?ser=1603372197141 HTTP/1.1" 200 28 "http://renault.2web.at/result?searchterm=true&search=husse" "Mozilla/5.0 (Windows NT 10.0; Win64; x64) AppleWebKit/537.36 (KHTML, like Gecko) Chrome/86.0.4240.75 Safari/537.36"
80.123.225.38 - - [22/Oct/2020:15:10:50 +0200] "GET /reload?ser=1603372250544 HTTP/1.1" 200 28 "http://renault.activities.at/" "Mozilla/5.0 (Windows NT 6.1; WOW64; Trident/7.0; rv:11.0) like Gecko"
80.120.5.131 - - [22/Oct/2020:15:10:50 +0200] "GET /reload?ser=1603372250332 HTTP/1.1" 200 28 "http://renault.activities.at/success" "Mozilla/5.0 (Windows NT 10.0; Win64; x64) AppleWebKit/537.36 (KHTML, like Gecko) Chrome/86.0.4240.75 Safari/537.36"
157.97.69.246 - - [22/Oct/2020:15:10:57 +0200] "GET /reload?ser=1603372257990 HTTP/1.1" 200 28 "http://renault.activities.at/success" "Mozilla/5.0 (Windows NT 10.0) AppleWebKit/537.36 (KHTML, like Gecko) Chrome/86.0.4240.111 Safari/537.36"
193.194.132.26 - - [22/Oct/2020:15:10:59 +0200] "GET /reload?ser=1603372259140 HTTP/1.1" 200 28 "http://renault.2web.at/result?searchterm=true&search=husse" "Mozilla/5.0 (Windows NT 10.0; Win64; x64) AppleWebKit/537.36 (KHTML, like Gecko) Chrome/86.0.4240.75 Safari/537.36"
80.123.225.38 - - [22/Oct/2020:15:11:51 +0200] "GET /reload?ser=1603372311220 HTTP/1.1" 200 28 "http://renault.activities.at/" "Mozilla/5.0 (Windows NT 6.1; WOW64; Trident/7.0; rv:11.0) like Gecko"
80.120.5.131 - - [22/Oct/2020:15:11:51 +0200] "GET /reload?ser=1603372311334 HTTP/1.1" 200 28 "http://renault.activities.at/success" "Mozilla/5.0 (Windows NT 10.0; Win64; x64) AppleWebKit/537.36 (KHTML, like Gecko) Chrome/86.0.4240.75 Safari/537.36"
157.97.69.246 - - [22/Oct/2020:15:11:58 +0200] "GET /reload?ser=1603372318991 HTTP/1.1" 200 28 "http://renault.activities.at/success" "Mozilla/5.0 (Windows NT 10.0) AppleWebKit/537.36 (KHTML, like Gecko) Chrome/86.0.4240.111 Safari/537.36"
193.194.132.26 - - [22/Oct/2020:15:12:01 +0200] "GET /reload?ser=1603372321141 HTTP/1.1" 200 28 "http://renault.2web.at/result?searchterm=true&search=husse" "Mozilla/5.0 (Windows NT 10.0; Win64; x64) AppleWebKit/537.36 (KHTML, like Gecko) Chrome/86.0.4240.75 Safari/537.36"
80.123.225.38 - - [22/Oct/2020:15:12:51 +0200] "GET /reload?ser=1603372371886 HTTP/1.1" 200 28 "http://renault.activities.at/" "Mozilla/5.0 (Windows NT 6.1; WOW64; Trident/7.0; rv:11.0) like Gecko"
80.120.5.131 - - [22/Oct/2020:15:12:52 +0200] "GET /reload?ser=1603372372334 HTTP/1.1" 200 28 "http://renault.activities.at/success" "Mozilla/5.0 (Windows NT 10.0; Win64; x64) AppleWebKit/537.36 (KHTML, like Gecko) Chrome/86.0.4240.75 Safari/537.36"
157.97.69.246 - - [22/Oct/2020:15:12:59 +0200] "GET /reload?ser=1603372379990 HTTP/1.1" 200 28 "http://renault.activities.at/success" "Mozilla/5.0 (Windows NT 10.0) AppleWebKit/537.36 (KHTML, like Gecko) Chrome/86.0.4240.111 Safari/537.36"
193.194.132.26 - - [22/Oct/2020:15:13:03 +0200] "GET /reload?ser=1603372383142 HTTP/1.1" 200 28 "http://renault.2web.at/result?searchterm=true&search=husse" "Mozilla/5.0 (Windows NT 10.0; Win64; x64) AppleWebKit/537.36 (KHTML, like Gecko) Chrome/86.0.4240.75 Safari/537.36"
80.123.225.38 - - [22/Oct/2020:15:13:52 +0200] "GET /reload?ser=1603372432559 HTTP/1.1" 200 28 "http://renault.activities.at/" "Mozilla/5.0 (Windows NT 6.1; WOW64; Trident/7.0; rv:11.0) like Gecko"
80.120.5.131 - - [22/Oct/2020:15:13:53 +0200] "GET /reload?ser=1603372433331 HTTP/1.1" 200 28 "http://renault.activities.at/success" "Mozilla/5.0 (Windows NT 10.0; Win64; x64) AppleWebKit/537.36 (KHTML, like Gecko) Chrome/86.0.4240.75 Safari/537.36"
157.97.69.246 - - [22/Oct/2020:15:14:01 +0200] "GET /reload?ser=1603372441990 HTTP/1.1" 200 28 "http://renault.activities.at/success" "Mozilla/5.0 (Windows NT 10.0) AppleWebKit/537.36 (KHTML, like Gecko) Chrome/86.0.4240.111 Safari/537.36"
193.194.132.26 - - [22/Oct/2020:15:14:05 +0200] "GET /reload?ser=1603372445142 HTTP/1.1" 200 28 "http://renault.2web.at/result?searchterm=true&search=husse" "Mozilla/5.0 (Windows NT 10.0; Win64; x64) AppleWebKit/537.36 (KHTML, like Gecko) Chrome/86.0.4240.75 Safari/537.36"
80.123.225.38 - - [22/Oct/2020:15:14:53 +0200] "GET /reload?ser=1603372493225 HTTP/1.1" 200 28 "http://renault.activities.at/" "Mozilla/5.0 (Windows NT 6.1; WOW64; Trident/7.0; rv:11.0) like Gecko"
80.120.5.131 - - [22/Oct/2020:15:14:54 +0200] "GET /reload?ser=1603372494339 HTTP/1.1" 200 28 "http://renault.activities.at/success" "Mozilla/5.0 (Windows NT 10.0; Win64; x64) AppleWebKit/537.36 (KHTML, like Gecko) Chrome/86.0.4240.75 Safari/537.36"
193.194.132.26 - - [22/Oct/2020:15:15:07 +0200] "GET /reload?ser=1603372507142 HTTP/1.1" 200 28 "http://renault.2web.at/result?searchterm=true&search=husse" "Mozilla/5.0 (Windows NT 10.0; Win64; x64) AppleWebKit/537.36 (KHTML, like Gecko) Chrome/86.0.4240.75 Safari/537.36"
80.123.225.38 - - [22/Oct/2020:15:15:53 +0200] "GET /reload?ser=1603372553890 HTTP/1.1" 200 28 "http://renault.activities.at/" "Mozilla/5.0 (Windows NT 6.1; WOW64; Trident/7.0; rv:11.0) like Gecko"
80.120.5.131 - - [22/Oct/2020:15:15:55 +0200] "GET /reload?ser=1603372555339 HTTP/1.1" 200 28 "http://renault.activities.at/success" "Mozilla/5.0 (Windows NT 10.0; Win64; x64) AppleWebKit/537.36 (KHTML, like Gecko) Chrome/86.0.4240.75 Safari/537.36"
193.194.132.26 - - [22/Oct/2020:15:16:09 +0200] "GET /reload?ser=1603372569144 HTTP/1.1" 200 28 "http://renault.2web.at/result?searchterm=true&search=husse" "Mozilla/5.0 (Windows NT 10.0; Win64; x64) AppleWebKit/537.36 (KHTML, like Gecko) Chrome/86.0.4240.75 Safari/537.36"
80.123.225.38 - - [22/Oct/2020:15:16:54 +0200] "GET /reload?ser=1603372614556 HTTP/1.1" 200 28 "http://renault.activities.at/" "Mozilla/5.0 (Windows NT 6.1; WOW64; Trident/7.0; rv:11.0) like Gecko"
80.120.5.131 - - [22/Oct/2020:15:16:56 +0200] "GET /reload?ser=1603372616345 HTTP/1.1" 200 28 "http://renault.activities.at/success" "Mozilla/5.0 (Windows NT 10.0; Win64; x64) AppleWebKit/537.36 (KHTML, like Gecko) Chrome/86.0.4240.75 Safari/537.36"
193.194.132.26 - - [22/Oct/2020:15:17:11 +0200] "GET /reload?ser=1603372631152 HTTP/1.1" 200 28 "http://renault.2web.at/result?searchterm=true&search=husse" "Mozilla/5.0 (Windows NT 10.0; Win64; x64) AppleWebKit/537.36 (KHTML, like Gecko) Chrome/86.0.4240.75 Safari/537.36"
80.123.225.38 - - [22/Oct/2020:15:17:55 +0200] "GET /reload?ser=1603372675224 HTTP/1.1" 200 28 "http://renault.activities.at/" "Mozilla/5.0 (Windows NT 6.1; WOW64; Trident/7.0; rv:11.0) like Gecko"
80.120.5.131 - - [22/Oct/2020:15:17:58 +0200] "GET /reload?ser=1603372678337 HTTP/1.1" 200 28 "http://renault.activities.at/success" "Mozilla/5.0 (Windows NT 10.0; Win64; x64) AppleWebKit/537.36 (KHTML, like Gecko) Chrome/86.0.4240.75 Safari/537.36"
193.194.132.26 - - [22/Oct/2020:15:18:13 +0200] "GET /reload?ser=1603372693170 HTTP/1.1" 200 28 "http://renault.2web.at/result?searchterm=true&search=husse" "Mozilla/5.0 (Windows NT 10.0; Win64; x64) AppleWebKit/537.36 (KHTML, like Gecko) Chrome/86.0.4240.75 Safari/537.36"
80.123.225.38 - - [22/Oct/2020:15:18:55 +0200] "GET /reload?ser=1603372735899 HTTP/1.1" 200 28 "http://renault.activities.at/" "Mozilla/5.0 (Windows NT 6.1; WOW64; Trident/7.0; rv:11.0) like Gecko"
80.120.5.131 - - [22/Oct/2020:15:18:59 +0200] "GET /reload?ser=1603372739333 HTTP/1.1" 200 28 "http://renault.activities.at/success" "Mozilla/5.0 (Windows NT 10.0; Win64; x64) AppleWebKit/537.36 (KHTML, like Gecko) Chrome/86.0.4240.75 Safari/537.36"
193.194.132.26 - - [22/Oct/2020:15:19:15 +0200] "GET /reload?ser=1603372755161 HTTP/1.1" 200 28 "http://renault.2web.at/result?searchterm=true&search=husse" "Mozilla/5.0 (Windows NT 10.0; Win64; x64) AppleWebKit/537.36 (KHTML, like Gecko) Chrome/86.0.4240.75 Safari/537.36"
80.123.225.38 - - [22/Oct/2020:15:19:56 +0200] "GET /reload?ser=1603372796573 HTTP/1.1" 200 28 "http://renault.activities.at/" "Mozilla/5.0 (Windows NT 6.1; WOW64; Trident/7.0; rv:11.0) like Gecko"
80.120.5.131 - - [22/Oct/2020:15:20:00 +0200] "GET /reload?ser=1603372800330 HTTP/1.1" 200 28 "http://renault.activities.at/success" "Mozilla/5.0 (Windows NT 10.0; Win64; x64) AppleWebKit/537.36 (KHTML, like Gecko) Chrome/86.0.4240.75 Safari/537.36"
193.194.132.26 - - [22/Oct/2020:15:20:17 +0200] "GET /reload?ser=1603372817170 HTTP/1.1" 200 28 "http://renault.2web.at/result?searchterm=true&search=husse" "Mozilla/5.0 (Windows NT 10.0; Win64; x64) AppleWebKit/537.36 (KHTML, like Gecko) Chrome/86.0.4240.75 Safari/537.36"
80.123.225.38 - - [22/Oct/2020:15:20:57 +0200] "GET /reload?ser=1603372857241 HTTP/1.1" 200 28 "http://renault.activities.at/" "Mozilla/5.0 (Windows NT 6.1; WOW64; Trident/7.0; rv:11.0) like Gecko"
80.120.5.131 - - [22/Oct/2020:15:21:01 +0200] "GET /reload?ser=1603372861331 HTTP/1.1" 200 28 "http://renault.activities.at/success" "Mozilla/5.0 (Windows NT 10.0; Win64; x64) AppleWebKit/537.36 (KHTML, like Gecko) Chrome/86.0.4240.75 Safari/537.36"
193.194.132.26 - - [22/Oct/2020:15:21:19 +0200] "GET /reload?ser=1603372879174 HTTP/1.1" 200 28 "http://renault.2web.at/result?searchterm=true&search=husse" "Mozilla/5.0 (Windows NT 10.0; Win64; x64) AppleWebKit/537.36 (KHTML, like Gecko) Chrome/86.0.4240.75 Safari/537.36"
80.123.225.38 - - [22/Oct/2020:15:21:57 +0200] "GET /reload?ser=1603372917920 HTTP/1.1" 200 28 "http://renault.activities.at/" "Mozilla/5.0 (Windows NT 6.1; WOW64; Trident/7.0; rv:11.0) like Gecko"
80.120.5.131 - - [22/Oct/2020:15:22:02 +0200] "GET /reload?ser=1603372922342 HTTP/1.1" 200 28 "http://renault.activities.at/success" "Mozilla/5.0 (Windows NT 10.0; Win64; x64) AppleWebKit/537.36 (KHTML, like Gecko) Chrome/86.0.4240.75 Safari/537.36"
193.194.132.26 - - [22/Oct/2020:15:22:22 +0200] "GET /reload?ser=1603372941184 HTTP/1.1" 200 28 "http://renault.2web.at/result?searchterm=true&search=husse" "Mozilla/5.0 (Windows NT 10.0; Win64; x64) AppleWebKit/537.36 (KHTML, like Gecko) Chrome/86.0.4240.75 Safari/537.36"
80.123.225.38 - - [22/Oct/2020:15:22:58 +0200] "GET /reload?ser=1603372978602 HTTP/1.1" 200 28 "http://renault.activities.at/" "Mozilla/5.0 (Windows NT 6.1; WOW64; Trident/7.0; rv:11.0) like Gecko"
80.120.5.131 - - [22/Oct/2020:15:23:03 +0200] "GET /reload?ser=1603372983343 HTTP/1.1" 200 28 "http://renault.activities.at/success" "Mozilla/5.0 (Windows NT 10.0; Win64; x64) AppleWebKit/537.36 (KHTML, like Gecko) Chrome/86.0.4240.75 Safari/537.36"
193.194.132.26 - - [22/Oct/2020:15:23:24 +0200] "GET /reload?ser=1603373004185 HTTP/1.1" 200 28 "http://renault.2web.at/result?searchterm=true&search=husse" "Mozilla/5.0 (Windows NT 10.0; Win64; x64) AppleWebKit/537.36 (KHTML, like Gecko) Chrome/86.0.4240.75 Safari/537.36"
80.123.225.38 - - [22/Oct/2020:15:23:59 +0200] "GET /reload?ser=1603373039268 HTTP/1.1" 200 28 "http://renault.activities.at/" "Mozilla/5.0 (Windows NT 6.1; WOW64; Trident/7.0; rv:11.0) like Gecko"
80.120.5.131 - - [22/Oct/2020:15:24:04 +0200] "GET /reload?ser=1603373044340 HTTP/1.1" 200 28 "http://renault.activities.at/success" "Mozilla/5.0 (Windows NT 10.0; Win64; x64) AppleWebKit/537.36 (KHTML, like Gecko) Chrome/86.0.4240.75 Safari/537.36"
193.194.132.26 - - [22/Oct/2020:15:24:26 +0200] "GET /reload?ser=1603373066187 HTTP/1.1" 200 28 "http://renault.2web.at/result?searchterm=true&search=husse" "Mozilla/5.0 (Windows NT 10.0; Win64; x64) AppleWebKit/537.36 (KHTML, like Gecko) Chrome/86.0.4240.75 Safari/537.36"
80.123.225.38 - - [22/Oct/2020:15:24:59 +0200] "GET /reload?ser=1603373099944 HTTP/1.1" 200 28 "http://renault.activities.at/" "Mozilla/5.0 (Windows NT 6.1; WOW64; Trident/7.0; rv:11.0) like Gecko"
80.120.5.131 - - [22/Oct/2020:15:25:05 +0200] "GET /reload?ser=1603373105342 HTTP/1.1" 200 28 "http://renault.activities.at/success" "Mozilla/5.0 (Windows NT 10.0; Win64; x64) AppleWebKit/537.36 (KHTML, like Gecko) Chrome/86.0.4240.75 Safari/537.36"
193.194.132.26 - - [22/Oct/2020:15:25:28 +0200] "GET /reload?ser=1603373128195 HTTP/1.1" 200 28 "http://renault.2web.at/result?searchterm=true&search=husse" "Mozilla/5.0 (Windows NT 10.0; Win64; x64) AppleWebKit/537.36 (KHTML, like Gecko) Chrome/86.0.4240.75 Safari/537.36"
80.123.225.38 - - [22/Oct/2020:15:26:00 +0200] "GET /reload?ser=1603373160630 HTTP/1.1" 200 28 "http://renault.activities.at/" "Mozilla/5.0 (Windows NT 6.1; WOW64; Trident/7.0; rv:11.0) like Gecko"
80.120.5.131 - - [22/Oct/2020:15:26:06 +0200] "GET /reload?ser=1603373166345 HTTP/1.1" 200 28 "http://renault.activities.at/success" "Mozilla/5.0 (Windows NT 10.0; Win64; x64) AppleWebKit/537.36 (KHTML, like Gecko) Chrome/86.0.4240.75 Safari/537.36"
193.194.132.26 - - [22/Oct/2020:15:26:30 +0200] "GET /reload?ser=1603373190193 HTTP/1.1" 200 28 "http://renault.2web.at/result?searchterm=true&search=husse" "Mozilla/5.0 (Windows NT 10.0; Win64; x64) AppleWebKit/537.36 (KHTML, like Gecko) Chrome/86.0.4240.75 Safari/537.36"
80.123.225.38 - - [22/Oct/2020:15:27:01 +0200] "GET /reload?ser=1603373221293 HTTP/1.1" 200 28 "http://renault.activities.at/" "Mozilla/5.0 (Windows NT 6.1; WOW64; Trident/7.0; rv:11.0) like Gecko"
80.120.5.131 - - [22/Oct/2020:15:27:08 +0200] "GET /reload?ser=1603373228343 HTTP/1.1" 200 28 "http://renault.activities.at/success" "Mozilla/5.0 (Windows NT 10.0; Win64; x64) AppleWebKit/537.36 (KHTML, like Gecko) Chrome/86.0.4240.75 Safari/537.36"
193.194.132.26 - - [22/Oct/2020:15:27:32 +0200] "GET /reload?ser=1603373252199 HTTP/1.1" 200 28 "http://renault.2web.at/result?searchterm=true&search=husse" "Mozilla/5.0 (Windows NT 10.0; Win64; x64) AppleWebKit/537.36 (KHTML, like Gecko) Chrome/86.0.4240.75 Safari/537.36"
80.123.225.38 - - [22/Oct/2020:15:28:01 +0200] "GET /reload?ser=1603373281960 HTTP/1.1" 200 28 "http://renault.activities.at/" "Mozilla/5.0 (Windows NT 6.1; WOW64; Trident/7.0; rv:11.0) like Gecko"
80.120.5.131 - - [22/Oct/2020:15:28:09 +0200] "GET /reload?ser=1603373289341 HTTP/1.1" 200 28 "http://renault.activities.at/success" "Mozilla/5.0 (Windows NT 10.0; Win64; x64) AppleWebKit/537.36 (KHTML, like Gecko) Chrome/86.0.4240.75 Safari/537.36"
193.194.132.26 - - [22/Oct/2020:15:28:36 +0200] "GET /reload?ser=1603373314202 HTTP/1.1" 200 28 "http://renault.2web.at/result?searchterm=true&search=husse" "Mozilla/5.0 (Windows NT 10.0; Win64; x64) AppleWebKit/537.36 (KHTML, like Gecko) Chrome/86.0.4240.75 Safari/537.36"
80.123.225.38 - - [22/Oct/2020:15:29:02 +0200] "GET /reload?ser=1603373342638 HTTP/1.1" 200 28 "http://renault.activities.at/" "Mozilla/5.0 (Windows NT 6.1; WOW64; Trident/7.0; rv:11.0) like Gecko"
80.120.5.131 - - [22/Oct/2020:15:29:10 +0200] "GET /reload?ser=1603373350343 HTTP/1.1" 200 28 "http://renault.activities.at/success" "Mozilla/5.0 (Windows NT 10.0; Win64; x64) AppleWebKit/537.36 (KHTML, like Gecko) Chrome/86.0.4240.75 Safari/537.36"
193.194.132.26 - - [22/Oct/2020:15:29:37 +0200] "GET /reload?ser=1603373377206 HTTP/1.1" 200 28 "http://renault.2web.at/result?searchterm=true&search=husse" "Mozilla/5.0 (Windows NT 10.0; Win64; x64) AppleWebKit/537.36 (KHTML, like Gecko) Chrome/86.0.4240.75 Safari/537.36"
80.123.225.38 - - [22/Oct/2020:15:30:03 +0200] "GET /reload?ser=1603373403303 HTTP/1.1" 200 28 "http://renault.activities.at/" "Mozilla/5.0 (Windows NT 6.1; WOW64; Trident/7.0; rv:11.0) like Gecko"
80.120.5.131 - - [22/Oct/2020:15:30:12 +0200] "GET /reload?ser=1603373412343 HTTP/1.1" 200 28 "http://renault.activities.at/success" "Mozilla/5.0 (Windows NT 10.0; Win64; x64) AppleWebKit/537.36 (KHTML, like Gecko) Chrome/86.0.4240.75 Safari/537.36"
193.194.132.26 - - [22/Oct/2020:15:30:39 +0200] "GET /reload?ser=1603373439213 HTTP/1.1" 200 28 "http://renault.2web.at/result?searchterm=true&search=husse" "Mozilla/5.0 (Windows NT 10.0; Win64; x64) AppleWebKit/537.36 (KHTML, like Gecko) Chrome/86.0.4240.75 Safari/537.36"
80.123.225.38 - - [22/Oct/2020:15:31:03 +0200] "GET /reload?ser=1603373463974 HTTP/1.1" 200 28 "http://renault.activities.at/" "Mozilla/5.0 (Windows NT 6.1; WOW64; Trident/7.0; rv:11.0) like Gecko"
80.120.5.131 - - [22/Oct/2020:15:31:13 +0200] "GET /reload?ser=1603373473343 HTTP/1.1" 200 28 "http://renault.activities.at/success" "Mozilla/5.0 (Windows NT 10.0; Win64; x64) AppleWebKit/537.36 (KHTML, like Gecko) Chrome/86.0.4240.75 Safari/537.36"
193.194.132.26 - - [22/Oct/2020:15:31:41 +0200] "GET /reload?ser=1603373501215 HTTP/1.1" 200 28 "http://renault.2web.at/result?searchterm=true&search=husse" "Mozilla/5.0 (Windows NT 10.0; Win64; x64) AppleWebKit/537.36 (KHTML, like Gecko) Chrome/86.0.4240.75 Safari/537.36"
80.123.225.38 - - [22/Oct/2020:15:32:04 +0200] "GET /reload?ser=1603373524647 HTTP/1.1" 200 28 "http://renault.activities.at/" "Mozilla/5.0 (Windows NT 6.1; WOW64; Trident/7.0; rv:11.0) like Gecko"
80.120.5.131 - - [22/Oct/2020:15:32:14 +0200] "GET /reload?ser=1603373534331 HTTP/1.1" 200 28 "http://renault.activities.at/success" "Mozilla/5.0 (Windows NT 10.0; Win64; x64) AppleWebKit/537.36 (KHTML, like Gecko) Chrome/86.0.4240.75 Safari/537.36"
193.194.132.26 - - [22/Oct/2020:15:32:43 +0200] "GET /reload?ser=1603373563218 HTTP/1.1" 200 28 "http://renault.2web.at/result?searchterm=true&search=husse" "Mozilla/5.0 (Windows NT 10.0; Win64; x64) AppleWebKit/537.36 (KHTML, like Gecko) Chrome/86.0.4240.75 Safari/537.36"
80.123.225.38 - - [22/Oct/2020:15:33:05 +0200] "GET /reload?ser=1603373585311 HTTP/1.1" 200 28 "http://renault.activities.at/" "Mozilla/5.0 (Windows NT 6.1; WOW64; Trident/7.0; rv:11.0) like Gecko"
80.120.5.131 - - [22/Oct/2020:15:33:15 +0200] "GET /reload?ser=1603373595340 HTTP/1.1" 200 28 "http://renault.activities.at/success" "Mozilla/5.0 (Windows NT 10.0; Win64; x64) AppleWebKit/537.36 (KHTML, like Gecko) Chrome/86.0.4240.75 Safari/537.36"
193.194.132.26 - - [22/Oct/2020:15:33:45 +0200] "GET /reload?ser=1603373625222 HTTP/1.1" 200 28 "http://renault.2web.at/result?searchterm=true&search=husse" "Mozilla/5.0 (Windows NT 10.0; Win64; x64) AppleWebKit/537.36 (KHTML, like Gecko) Chrome/86.0.4240.75 Safari/537.36"
80.123.225.38 - - [22/Oct/2020:15:34:05 +0200] "GET /reload?ser=1603373645978 HTTP/1.1" 200 28 "http://renault.activities.at/" "Mozilla/5.0 (Windows NT 6.1; WOW64; Trident/7.0; rv:11.0) like Gecko"
80.120.5.131 - - [22/Oct/2020:15:34:16 +0200] "GET /reload?ser=1603373656343 HTTP/1.1" 200 28 "http://renault.activities.at/success" "Mozilla/5.0 (Windows NT 10.0; Win64; x64) AppleWebKit/537.36 (KHTML, like Gecko) Chrome/86.0.4240.75 Safari/537.36"
193.194.132.26 - - [22/Oct/2020:15:34:47 +0200] "GET /reload?ser=1603373687224 HTTP/1.1" 200 28 "http://renault.2web.at/result?searchterm=true&search=husse" "Mozilla/5.0 (Windows NT 10.0; Win64; x64) AppleWebKit/537.36 (KHTML, like Gecko) Chrome/86.0.4240.75 Safari/537.36"
80.123.225.38 - - [22/Oct/2020:15:35:06 +0200] "GET /reload?ser=1603373706645 HTTP/1.1" 200 28 "http://renault.activities.at/" "Mozilla/5.0 (Windows NT 6.1; WOW64; Trident/7.0; rv:11.0) like Gecko"
80.120.5.131 - - [22/Oct/2020:15:35:17 +0200] "GET /reload?ser=1603373717332 HTTP/1.1" 200 28 "http://renault.activities.at/success" "Mozilla/5.0 (Windows NT 10.0; Win64; x64) AppleWebKit/537.36 (KHTML, like Gecko) Chrome/86.0.4240.75 Safari/537.36"
193.194.132.26 - - [22/Oct/2020:15:35:49 +0200] "GET /reload?ser=1603373749225 HTTP/1.1" 200 28 "http://renault.2web.at/result?searchterm=true&search=husse" "Mozilla/5.0 (Windows NT 10.0; Win64; x64) AppleWebKit/537.36 (KHTML, like Gecko) Chrome/86.0.4240.75 Safari/537.36"
80.123.225.38 - - [22/Oct/2020:15:36:07 +0200] "GET /reload?ser=1603373767326 HTTP/1.1" 200 28 "http://renault.activities.at/" "Mozilla/5.0 (Windows NT 6.1; WOW64; Trident/7.0; rv:11.0) like Gecko"
80.120.5.131 - - [22/Oct/2020:15:36:18 +0200] "GET /reload?ser=1603373778338 HTTP/1.1" 200 28 "http://renault.activities.at/success" "Mozilla/5.0 (Windows NT 10.0; Win64; x64) AppleWebKit/537.36 (KHTML, like Gecko) Chrome/86.0.4240.75 Safari/537.36"
193.194.132.26 - - [22/Oct/2020:15:36:51 +0200] "GET /reload?ser=1603373811235 HTTP/1.1" 200 28 "http://renault.2web.at/result?searchterm=true&search=husse" "Mozilla/5.0 (Windows NT 10.0; Win64; x64) AppleWebKit/537.36 (KHTML, like Gecko) Chrome/86.0.4240.75 Safari/537.36"
80.123.225.38 - - [22/Oct/2020:15:37:07 +0200] "GET /reload?ser=1603373827993 HTTP/1.1" 200 28 "http://renault.activities.at/" "Mozilla/5.0 (Windows NT 6.1; WOW64; Trident/7.0; rv:11.0) like Gecko"
80.120.5.131 - - [22/Oct/2020:15:37:19 +0200] "GET /reload?ser=1603373839335 HTTP/1.1" 200 28 "http://renault.activities.at/success" "Mozilla/5.0 (Windows NT 10.0; Win64; x64) AppleWebKit/537.36 (KHTML, like Gecko) Chrome/86.0.4240.75 Safari/537.36"
193.194.132.26 - - [22/Oct/2020:15:37:53 +0200] "GET /reload?ser=1603373873236 HTTP/1.1" 200 28 "http://renault.2web.at/result?searchterm=true&search=husse" "Mozilla/5.0 (Windows NT 10.0; Win64; x64) AppleWebKit/537.36 (KHTML, like Gecko) Chrome/86.0.4240.75 Safari/537.36"
80.123.225.38 - - [22/Oct/2020:15:38:08 +0200] "GET /reload?ser=1603373888679 HTTP/1.1" 200 28 "http://renault.activities.at/" "Mozilla/5.0 (Windows NT 6.1; WOW64; Trident/7.0; rv:11.0) like Gecko"
80.120.5.131 - - [22/Oct/2020:15:38:20 +0200] "GET /reload?ser=1603373900339 HTTP/1.1" 200 28 "http://renault.activities.at/success" "Mozilla/5.0 (Windows NT 10.0; Win64; x64) AppleWebKit/537.36 (KHTML, like Gecko) Chrome/86.0.4240.75 Safari/537.36"
193.194.132.26 - - [22/Oct/2020:15:38:55 +0200] "GET /reload?ser=1603373935239 HTTP/1.1" 200 28 "http://renault.2web.at/result?searchterm=true&search=husse" "Mozilla/5.0 (Windows NT 10.0; Win64; x64) AppleWebKit/537.36 (KHTML, like Gecko) Chrome/86.0.4240.75 Safari/537.36"
80.123.225.38 - - [22/Oct/2020:15:39:09 +0200] "GET /reload?ser=1603373949363 HTTP/1.1" 200 28 "http://renault.activities.at/" "Mozilla/5.0 (Windows NT 6.1; WOW64; Trident/7.0; rv:11.0) like Gecko"
80.120.5.131 - - [22/Oct/2020:15:39:21 +0200] "GET /reload?ser=1603373961334 HTTP/1.1" 200 28 "http://renault.activities.at/success" "Mozilla/5.0 (Windows NT 10.0; Win64; x64) AppleWebKit/537.36 (KHTML, like Gecko) Chrome/86.0.4240.75 Safari/537.36"
193.194.132.26 - - [22/Oct/2020:15:39:57 +0200] "GET /reload?ser=1603373997292 HTTP/1.1" 200 28 "http://renault.2web.at/result?searchterm=true&search=husse" "Mozilla/5.0 (Windows NT 10.0; Win64; x64) AppleWebKit/537.36 (KHTML, like Gecko) Chrome/86.0.4240.75 Safari/537.36"
80.123.225.38 - - [22/Oct/2020:15:40:10 +0200] "GET /reload?ser=1603374010038 HTTP/1.1" 200 28 "http://renault.activities.at/" "Mozilla/5.0 (Windows NT 6.1; WOW64; Trident/7.0; rv:11.0) like Gecko"
80.120.5.131 - - [22/Oct/2020:15:40:22 +0200] "GET /reload?ser=1603374022345 HTTP/1.1" 200 28 "http://renault.activities.at/success" "Mozilla/5.0 (Windows NT 10.0; Win64; x64) AppleWebKit/537.36 (KHTML, like Gecko) Chrome/86.0.4240.75 Safari/537.36"
193.194.132.26 - - [22/Oct/2020:15:40:59 +0200] "GET /reload?ser=1603374059266 HTTP/1.1" 200 28 "http://renault.2web.at/result?searchterm=true&search=husse" "Mozilla/5.0 (Windows NT 10.0; Win64; x64) AppleWebKit/537.36 (KHTML, like Gecko) Chrome/86.0.4240.75 Safari/537.36"
80.123.225.38 - - [22/Oct/2020:15:41:10 +0200] "GET /reload?ser=1603374070715 HTTP/1.1" 200 28 "http://renault.activities.at/" "Mozilla/5.0 (Windows NT 6.1; WOW64; Trident/7.0; rv:11.0) like Gecko"
80.120.5.131 - - [22/Oct/2020:15:41:23 +0200] "GET /reload?ser=1603374083331 HTTP/1.1" 200 28 "http://renault.activities.at/success" "Mozilla/5.0 (Windows NT 10.0; Win64; x64) AppleWebKit/537.36 (KHTML, like Gecko) Chrome/86.0.4240.75 Safari/537.36"
193.194.132.26 - - [22/Oct/2020:15:42:01 +0200] "GET /reload?ser=1603374121243 HTTP/1.1" 200 28 "http://renault.2web.at/result?searchterm=true&search=husse" "Mozilla/5.0 (Windows NT 10.0; Win64; x64) AppleWebKit/537.36 (KHTML, like Gecko) Chrome/86.0.4240.75 Safari/537.36"
80.123.225.38 - - [22/Oct/2020:15:42:11 +0200] "GET /reload?ser=1603374131388 HTTP/1.1" 200 28 "http://renault.activities.at/" "Mozilla/5.0 (Windows NT 6.1; WOW64; Trident/7.0; rv:11.0) like Gecko"
80.120.5.131 - - [22/Oct/2020:15:42:24 +0200] "GET /reload?ser=1603374144344 HTTP/1.1" 200 28 "http://renault.activities.at/success" "Mozilla/5.0 (Windows NT 10.0; Win64; x64) AppleWebKit/537.36 (KHTML, like Gecko) Chrome/86.0.4240.75 Safari/537.36"
193.194.132.26 - - [22/Oct/2020:15:43:03 +0200] "GET /reload?ser=1603374183248 HTTP/1.1" 200 28 "http://renault.2web.at/result?searchterm=true&search=husse" "Mozilla/5.0 (Windows NT 10.0; Win64; x64) AppleWebKit/537.36 (KHTML, like Gecko) Chrome/86.0.4240.75 Safari/537.36"
80.123.225.38 - - [22/Oct/2020:15:43:12 +0200] "GET /reload?ser=1603374192055 HTTP/1.1" 200 28 "http://renault.activities.at/" "Mozilla/5.0 (Windows NT 6.1; WOW64; Trident/7.0; rv:11.0) like Gecko"
80.120.5.131 - - [22/Oct/2020:15:43:26 +0200] "GET /reload?ser=1603374206341 HTTP/1.1" 200 28 "http://renault.activities.at/success" "Mozilla/5.0 (Windows NT 10.0; Win64; x64) AppleWebKit/537.36 (KHTML, like Gecko) Chrome/86.0.4240.75 Safari/537.36"
193.194.132.26 - - [22/Oct/2020:15:44:05 +0200] "GET /reload?ser=1603374245274 HTTP/1.1" 200 28 "http://renault.2web.at/result?searchterm=true&search=husse" "Mozilla/5.0 (Windows NT 10.0; Win64; x64) AppleWebKit/537.36 (KHTML, like Gecko) Chrome/86.0.4240.75 Safari/537.36"
80.123.225.38 - - [22/Oct/2020:15:44:12 +0200] "GET /reload?ser=1603374252731 HTTP/1.1" 200 28 "http://renault.activities.at/" "Mozilla/5.0 (Windows NT 6.1; WOW64; Trident/7.0; rv:11.0) like Gecko"
80.120.5.131 - - [22/Oct/2020:15:44:27 +0200] "GET /reload?ser=1603374267344 HTTP/1.1" 200 28 "http://renault.activities.at/success" "Mozilla/5.0 (Windows NT 10.0; Win64; x64) AppleWebKit/537.36 (KHTML, like Gecko) Chrome/86.0.4240.75 Safari/537.36"
193.194.132.26 - - [22/Oct/2020:15:45:07 +0200] "GET /reload?ser=1603374307249 HTTP/1.1" 200 28 "http://renault.2web.at/result?searchterm=true&search=husse" "Mozilla/5.0 (Windows NT 10.0; Win64; x64) AppleWebKit/537.36 (KHTML, like Gecko) Chrome/86.0.4240.75 Safari/537.36"
80.123.225.38 - - [22/Oct/2020:15:45:13 +0200] "GET /reload?ser=1603374313406 HTTP/1.1" 200 28 "http://renault.activities.at/" "Mozilla/5.0 (Windows NT 6.1; WOW64; Trident/7.0; rv:11.0) like Gecko"
80.120.5.131 - - [22/Oct/2020:15:45:28 +0200] "GET /reload?ser=1603374328331 HTTP/1.1" 200 28 "http://renault.activities.at/success" "Mozilla/5.0 (Windows NT 10.0; Win64; x64) AppleWebKit/537.36 (KHTML, like Gecko) Chrome/86.0.4240.75 Safari/537.36"
193.194.132.26 - - [22/Oct/2020:15:46:09 +0200] "GET /reload?ser=1603374369255 HTTP/1.1" 200 28 "http://renault.2web.at/result?searchterm=true&search=husse" "Mozilla/5.0 (Windows NT 10.0; Win64; x64) AppleWebKit/537.36 (KHTML, like Gecko) Chrome/86.0.4240.75 Safari/537.36"
80.123.225.38 - - [22/Oct/2020:15:46:14 +0200] "GET /reload?ser=1603374374073 HTTP/1.1" 200 28 "http://renault.activities.at/" "Mozilla/5.0 (Windows NT 6.1; WOW64; Trident/7.0; rv:11.0) like Gecko"
80.120.5.131 - - [22/Oct/2020:15:46:29 +0200] "GET /reload?ser=1603374389343 HTTP/1.1" 200 28 "http://renault.activities.at/success" "Mozilla/5.0 (Windows NT 10.0; Win64; x64) AppleWebKit/537.36 (KHTML, like Gecko) Chrome/86.0.4240.75 Safari/537.36"
193.194.132.26 - - [22/Oct/2020:15:47:11 +0200] "GET /reload?ser=1603374431254 HTTP/1.1" 200 28 "http://renault.2web.at/result?searchterm=true&search=husse" "Mozilla/5.0 (Windows NT 10.0; Win64; x64) AppleWebKit/537.36 (KHTML, like Gecko) Chrome/86.0.4240.75 Safari/537.36"
80.123.225.38 - - [22/Oct/2020:15:47:14 +0200] "GET /reload?ser=1603374434748 HTTP/1.1" 200 28 "http://renault.activities.at/" "Mozilla/5.0 (Windows NT 6.1; WOW64; Trident/7.0; rv:11.0) like Gecko"
80.120.5.131 - - [22/Oct/2020:15:47:30 +0200] "GET /reload?ser=1603374450337 HTTP/1.1" 200 28 "http://renault.activities.at/success" "Mozilla/5.0 (Windows NT 10.0; Win64; x64) AppleWebKit/537.36 (KHTML, like Gecko) Chrome/86.0.4240.75 Safari/537.36"
193.194.132.26 - - [22/Oct/2020:15:48:13 +0200] "GET /reload?ser=1603374493264 HTTP/1.1" 200 28 "http://renault.2web.at/result?searchterm=true&search=husse" "Mozilla/5.0 (Windows NT 10.0; Win64; x64) AppleWebKit/537.36 (KHTML, like Gecko) Chrome/86.0.4240.75 Safari/537.36"
80.123.225.38 - - [22/Oct/2020:15:48:15 +0200] "GET /reload?ser=1603374495423 HTTP/1.1" 200 28 "http://renault.activities.at/" "Mozilla/5.0 (Windows NT 6.1; WOW64; Trident/7.0; rv:11.0) like Gecko"
80.120.5.131 - - [22/Oct/2020:15:48:32 +0200] "GET /reload?ser=1603374512337 HTTP/1.1" 200 28 "http://renault.activities.at/success" "Mozilla/5.0 (Windows NT 10.0; Win64; x64) AppleWebKit/537.36 (KHTML, like Gecko) Chrome/86.0.4240.75 Safari/537.36"
193.194.132.26 - - [22/Oct/2020:15:49:15 +0200] "GET /reload?ser=1603374555260 HTTP/1.1" 200 28 "http://renault.2web.at/result?searchterm=true&search=husse" "Mozilla/5.0 (Windows NT 10.0; Win64; x64) AppleWebKit/537.36 (KHTML, like Gecko) Chrome/86.0.4240.75 Safari/537.36"
80.123.225.38 - - [22/Oct/2020:15:49:16 +0200] "GET /reload?ser=1603374556127 HTTP/1.1" 200 28 "http://renault.activities.at/" "Mozilla/5.0 (Windows NT 6.1; WOW64; Trident/7.0; rv:11.0) like Gecko"
80.120.5.131 - - [22/Oct/2020:15:49:33 +0200] "GET /reload?ser=1603374573333 HTTP/1.1" 200 28 "http://renault.activities.at/success" "Mozilla/5.0 (Windows NT 10.0; Win64; x64) AppleWebKit/537.36 (KHTML, like Gecko) Chrome/86.0.4240.75 Safari/537.36"
80.123.225.38 - - [22/Oct/2020:15:50:16 +0200] "GET /reload?ser=1603374616803 HTTP/1.1" 200 28 "http://renault.activities.at/" "Mozilla/5.0 (Windows NT 6.1; WOW64; Trident/7.0; rv:11.0) like Gecko"
193.194.132.26 - - [22/Oct/2020:15:50:17 +0200] "GET /reload?ser=1603374617261 HTTP/1.1" 200 28 "http://renault.2web.at/result?searchterm=true&search=husse" "Mozilla/5.0 (Windows NT 10.0; Win64; x64) AppleWebKit/537.36 (KHTML, like Gecko) Chrome/86.0.4240.75 Safari/537.36"
80.120.5.131 - - [22/Oct/2020:15:50:35 +0200] "GET /reload?ser=1603374635326 HTTP/1.1" 200 28 "http://renault.activities.at/success" "Mozilla/5.0 (Windows NT 10.0; Win64; x64) AppleWebKit/537.36 (KHTML, like Gecko) Chrome/86.0.4240.75 Safari/537.36"
80.123.225.38 - - [22/Oct/2020:15:51:17 +0200] "GET /reload?ser=1603374677489 HTTP/1.1" 200 28 "http://renault.activities.at/" "Mozilla/5.0 (Windows NT 6.1; WOW64; Trident/7.0; rv:11.0) like Gecko"
193.194.132.26 - - [22/Oct/2020:15:51:19 +0200] "GET /reload?ser=1603374679265 HTTP/1.1" 200 28 "http://renault.2web.at/result?searchterm=true&search=husse" "Mozilla/5.0 (Windows NT 10.0; Win64; x64) AppleWebKit/537.36 (KHTML, like Gecko) Chrome/86.0.4240.75 Safari/537.36"
80.120.5.131 - - [22/Oct/2020:15:51:37 +0200] "GET /reload?ser=1603374697325 HTTP/1.1" 200 28 "http://renault.activities.at/success" "Mozilla/5.0 (Windows NT 10.0; Win64; x64) AppleWebKit/537.36 (KHTML, like Gecko) Chrome/86.0.4240.75 Safari/537.36"
80.123.225.38 - - [22/Oct/2020:15:52:18 +0200] "GET /reload?ser=1603374738155 HTTP/1.1" 200 28 "http://renault.activities.at/" "Mozilla/5.0 (Windows NT 6.1; WOW64; Trident/7.0; rv:11.0) like Gecko"
193.194.132.26 - - [22/Oct/2020:15:52:21 +0200] "GET /reload?ser=1603374741270 HTTP/1.1" 200 28 "http://renault.2web.at/result?searchterm=true&search=husse" "Mozilla/5.0 (Windows NT 10.0; Win64; x64) AppleWebKit/537.36 (KHTML, like Gecko) Chrome/86.0.4240.75 Safari/537.36"
