193.194.132.26 - - [23/Oct/2020:09:11:02 +0200] "GET /reload?ser=1603437062730 HTTP/1.1" 200 28 "http://renault.2web.at/account" "Mozilla/5.0 (Windows NT 10.0; Win64; x64) AppleWebKit/537.36 (KHTML, like Gecko) Chrome/86.0.4240.75 Safari/537.36"
80.120.5.131 - - [23/Oct/2020:09:11:43 +0200] "GET /reload?ser=1603437103996 HTTP/1.1" 200 1242 "http://renault.activities.at/success" "Mozilla/5.0 (Windows NT 10.0; Win64; x64) AppleWebKit/537.36 (KHTML, like Gecko) Chrome/86.0.4240.75 Safari/537.36"
193.194.132.26 - - [23/Oct/2020:09:12:04 +0200] "GET /reload?ser=1603437124728 HTTP/1.1" 200 28 "http://renault.2web.at/account" "Mozilla/5.0 (Windows NT 10.0; Win64; x64) AppleWebKit/537.36 (KHTML, like Gecko) Chrome/86.0.4240.75 Safari/537.36"
80.120.5.131 - - [23/Oct/2020:09:12:44 +0200] "GET /reload?ser=1603437164999 HTTP/1.1" 200 1237 "http://renault.activities.at/success" "Mozilla/5.0 (Windows NT 10.0; Win64; x64) AppleWebKit/537.36 (KHTML, like Gecko) Chrome/86.0.4240.75 Safari/537.36"
193.194.132.26 - - [23/Oct/2020:09:13:06 +0200] "GET /reload?ser=1603437186728 HTTP/1.1" 200 28 "http://renault.2web.at/account" "Mozilla/5.0 (Windows NT 10.0; Win64; x64) AppleWebKit/537.36 (KHTML, like Gecko) Chrome/86.0.4240.75 Safari/537.36"
80.120.5.131 - - [23/Oct/2020:09:13:45 +0200] "GET /reload?ser=1603437226000 HTTP/1.1" 200 1236 "http://renault.activities.at/success" "Mozilla/5.0 (Windows NT 10.0; Win64; x64) AppleWebKit/537.36 (KHTML, like Gecko) Chrome/86.0.4240.75 Safari/537.36"
193.194.132.26 - - [23/Oct/2020:09:14:08 +0200] "GET /reload?ser=1603437248729 HTTP/1.1" 200 28 "http://renault.2web.at/account" "Mozilla/5.0 (Windows NT 10.0; Win64; x64) AppleWebKit/537.36 (KHTML, like Gecko) Chrome/86.0.4240.75 Safari/537.36"
80.120.5.131 - - [23/Oct/2020:09:14:47 +0200] "GET /reload?ser=1603437286988 HTTP/1.1" 200 1240 "http://renault.activities.at/success" "Mozilla/5.0 (Windows NT 10.0; Win64; x64) AppleWebKit/537.36 (KHTML, like Gecko) Chrome/86.0.4240.75 Safari/537.36"
193.194.132.26 - - [23/Oct/2020:09:15:10 +0200] "GET /reload?ser=1603437310731 HTTP/1.1" 200 28 "http://renault.2web.at/account" "Mozilla/5.0 (Windows NT 10.0; Win64; x64) AppleWebKit/537.36 (KHTML, like Gecko) Chrome/86.0.4240.75 Safari/537.36"
207.46.13.252 - - [23/Oct/2020:09:15:10 +0200] "GET /10201634?dir=DESC&mode=grid&order=name&limit=15&page=3 HTTP/1.1" 302 150 "-" "Mozilla/5.0 (compatible; bingbot/2.0; +http://www.bing.com/bingbot.htm)"
207.46.13.252 - - [23/Oct/2020:09:15:13 +0200] "GET /login?required=true HTTP/1.1" 200 2085 "-" "Mozilla/5.0 (compatible; bingbot/2.0; +http://www.bing.com/bingbot.htm)"
80.120.5.131 - - [23/Oct/2020:09:15:47 +0200] "GET /reload?ser=1603437347987 HTTP/1.1" 200 1239 "http://renault.activities.at/success" "Mozilla/5.0 (Windows NT 10.0; Win64; x64) AppleWebKit/537.36 (KHTML, like Gecko) Chrome/86.0.4240.75 Safari/537.36"
193.194.132.26 - - [23/Oct/2020:09:16:12 +0200] "GET /reload?ser=1603437372731 HTTP/1.1" 200 28 "http://renault.2web.at/account" "Mozilla/5.0 (Windows NT 10.0; Win64; x64) AppleWebKit/537.36 (KHTML, like Gecko) Chrome/86.0.4240.75 Safari/537.36"
80.120.5.131 - - [23/Oct/2020:09:16:49 +0200] "GET /reload?ser=1603437408994 HTTP/1.1" 200 1234 "http://renault.activities.at/success" "Mozilla/5.0 (Windows NT 10.0; Win64; x64) AppleWebKit/537.36 (KHTML, like Gecko) Chrome/86.0.4240.75 Safari/537.36"
193.194.132.26 - - [23/Oct/2020:09:17:14 +0200] "GET /reload?ser=1603437434731 HTTP/1.1" 200 28 "http://renault.2web.at/account" "Mozilla/5.0 (Windows NT 10.0; Win64; x64) AppleWebKit/537.36 (KHTML, like Gecko) Chrome/86.0.4240.75 Safari/537.36"
80.120.5.131 - - [23/Oct/2020:09:17:49 +0200] "GET /reload?ser=1603437469996 HTTP/1.1" 200 1246 "http://renault.activities.at/success" "Mozilla/5.0 (Windows NT 10.0; Win64; x64) AppleWebKit/537.36 (KHTML, like Gecko) Chrome/86.0.4240.75 Safari/537.36"
193.194.132.26 - - [23/Oct/2020:09:18:16 +0200] "GET /reload?ser=1603437496731 HTTP/1.1" 200 28 "http://renault.2web.at/account" "Mozilla/5.0 (Windows NT 10.0; Win64; x64) AppleWebKit/537.36 (KHTML, like Gecko) Chrome/86.0.4240.75 Safari/537.36"
80.120.5.131 - - [23/Oct/2020:09:18:50 +0200] "GET /reload?ser=1603437530993 HTTP/1.1" 200 1234 "http://renault.activities.at/success" "Mozilla/5.0 (Windows NT 10.0; Win64; x64) AppleWebKit/537.36 (KHTML, like Gecko) Chrome/86.0.4240.75 Safari/537.36"
193.194.132.26 - - [23/Oct/2020:09:19:18 +0200] "GET /reload?ser=1603437558733 HTTP/1.1" 200 28 "http://renault.2web.at/account" "Mozilla/5.0 (Windows NT 10.0; Win64; x64) AppleWebKit/537.36 (KHTML, like Gecko) Chrome/86.0.4240.75 Safari/537.36"
80.120.5.131 - - [23/Oct/2020:09:19:51 +0200] "GET /reload?ser=1603437591992 HTTP/1.1" 200 1249 "http://renault.activities.at/success" "Mozilla/5.0 (Windows NT 10.0; Win64; x64) AppleWebKit/537.36 (KHTML, like Gecko) Chrome/86.0.4240.75 Safari/537.36"
193.194.132.26 - - [23/Oct/2020:09:20:20 +0200] "GET /reload?ser=1603437620732 HTTP/1.1" 200 28 "http://renault.2web.at/account" "Mozilla/5.0 (Windows NT 10.0; Win64; x64) AppleWebKit/537.36 (KHTML, like Gecko) Chrome/86.0.4240.75 Safari/537.36"
80.120.5.131 - - [23/Oct/2020:09:20:52 +0200] "GET /reload?ser=1603437652985 HTTP/1.1" 200 1235 "http://renault.activities.at/success" "Mozilla/5.0 (Windows NT 10.0; Win64; x64) AppleWebKit/537.36 (KHTML, like Gecko) Chrome/86.0.4240.75 Safari/537.36"
193.194.132.26 - - [23/Oct/2020:09:21:22 +0200] "GET /reload?ser=1603437682736 HTTP/1.1" 200 28 "http://renault.2web.at/account" "Mozilla/5.0 (Windows NT 10.0; Win64; x64) AppleWebKit/537.36 (KHTML, like Gecko) Chrome/86.0.4240.75 Safari/537.36"
80.120.5.131 - - [23/Oct/2020:09:21:53 +0200] "GET /reload?ser=1603437713986 HTTP/1.1" 200 1238 "http://renault.activities.at/success" "Mozilla/5.0 (Windows NT 10.0; Win64; x64) AppleWebKit/537.36 (KHTML, like Gecko) Chrome/86.0.4240.75 Safari/537.36"
193.194.132.26 - - [23/Oct/2020:09:22:24 +0200] "GET /reload?ser=1603437744740 HTTP/1.1" 200 28 "http://renault.2web.at/account" "Mozilla/5.0 (Windows NT 10.0; Win64; x64) AppleWebKit/537.36 (KHTML, like Gecko) Chrome/86.0.4240.75 Safari/537.36"
80.120.5.131 - - [23/Oct/2020:09:22:54 +0200] "GET /reload?ser=1603437774986 HTTP/1.1" 200 1249 "http://renault.activities.at/success" "Mozilla/5.0 (Windows NT 10.0; Win64; x64) AppleWebKit/537.36 (KHTML, like Gecko) Chrome/86.0.4240.75 Safari/537.36"
213.153.47.173 - - [23/Oct/2020:09:23:07 +0200] "GET /layout.php HTTP/1.1" 200 1558 "-" "Mozilla/5.0 (Windows NT 10.0; Win64; x64) AppleWebKit/537.36 (KHTML, like Gecko) Chrome/85.0.4183.121 Safari/537.36 OPR/71.0.3770.284"
213.153.47.173 - - [23/Oct/2020:09:23:08 +0200] "GET /images/favicon.ico HTTP/1.1" 404 305 "-" "Mozilla/5.0 (Windows NT 10.0; Win64; x64) AppleWebKit/537.36 (KHTML, like Gecko) Chrome/85.0.4183.121 Safari/537.36 OPR/71.0.3770.284"
213.153.47.173 - - [23/Oct/2020:09:23:08 +0200] "GET /layout.php HTTP/1.1" 200 1558 "-" "Mozilla/5.0 (Windows NT 10.0; Win64; x64) AppleWebKit/537.36 (KHTML, like Gecko) Chrome/85.0.4183.121 Safari/537.36 OPR/71.0.3770.284"
213.153.47.173 - - [23/Oct/2020:09:23:09 +0200] "GET /js/index.php?c=auto&f=,prototype/prototype.js,prototype/validation.js,scriptaculous/builder.js,scriptaculous/effects.js,scriptaculous/dragdrop.js,scriptaculous/controls.js,scriptaculous/slider.js,varien/js.js,varien/form.js,varien/menu.js,mage/translate.js,mage/cookies.js,varien/product.js,spinner/SpinnerControl.jsmin.js,prototype/window.js,prototype/window_ext.js HTTP/1.1" 304 - "http://renault.activities.at/layout.php" "Mozilla/5.0 (Windows NT 10.0; Win64; x64) AppleWebKit/537.36 (KHTML, like Gecko) Chrome/85.0.4183.121 Safari/537.36 OPR/71.0.3770.284"
213.153.47.173 - - [23/Oct/2020:09:23:09 +0200] "GET /images/favicon.ico HTTP/1.1" 404 305 "http://renault.activities.at/layout.php" "Mozilla/5.0 (Windows NT 10.0; Win64; x64) AppleWebKit/537.36 (KHTML, like Gecko) Chrome/85.0.4183.121 Safari/537.36 OPR/71.0.3770.284"
213.153.47.173 - - [23/Oct/2020:09:23:11 +0200] "GET /login HTTP/1.1" 200 2085 "http://renault.activities.at/layout.php" "Mozilla/5.0 (Windows NT 10.0; Win64; x64) AppleWebKit/537.36 (KHTML, like Gecko) Chrome/85.0.4183.121 Safari/537.36 OPR/71.0.3770.284"
213.153.47.173 - - [23/Oct/2020:09:23:12 +0200] "GET /js/index.php?c=auto&f=,prototype/prototype.js,prototype/validation.js,scriptaculous/builder.js,scriptaculous/effects.js,scriptaculous/dragdrop.js,scriptaculous/controls.js,scriptaculous/slider.js,varien/js.js,varien/form.js,varien/menu.js,mage/translate.js,mage/cookies.js,varien/product.js,spinner/SpinnerControl.jsmin.js,prototype/window.js,prototype/window_ext.js HTTP/1.1" 304 - "http://renault.activities.at/login" "Mozilla/5.0 (Windows NT 10.0; Win64; x64) AppleWebKit/537.36 (KHTML, like Gecko) Chrome/85.0.4183.121 Safari/537.36 OPR/71.0.3770.284"
193.194.132.26 - - [23/Oct/2020:09:23:26 +0200] "GET /reload?ser=1603437806743 HTTP/1.1" 200 28 "http://renault.2web.at/account" "Mozilla/5.0 (Windows NT 10.0; Win64; x64) AppleWebKit/537.36 (KHTML, like Gecko) Chrome/86.0.4240.75 Safari/537.36"
80.120.5.131 - - [23/Oct/2020:09:23:56 +0200] "GET /reload?ser=1603437835999 HTTP/1.1" 200 1245 "http://renault.activities.at/success" "Mozilla/5.0 (Windows NT 10.0; Win64; x64) AppleWebKit/537.36 (KHTML, like Gecko) Chrome/86.0.4240.75 Safari/537.36"
213.153.47.173 - - [23/Oct/2020:09:24:12 +0200] "GET /reload?ser=1603437852344 HTTP/1.1" 200 28 "http://renault.activities.at/login" "Mozilla/5.0 (Windows NT 10.0; Win64; x64) AppleWebKit/537.36 (KHTML, like Gecko) Chrome/85.0.4183.121 Safari/537.36 OPR/71.0.3770.284"
213.153.47.173 - - [23/Oct/2020:09:24:17 +0200] "POST /login HTTP/1.1" 302 140 "http://renault.activities.at/login" "Mozilla/5.0 (Windows NT 10.0; Win64; x64) AppleWebKit/537.36 (KHTML, like Gecko) Chrome/85.0.4183.121 Safari/537.36 OPR/71.0.3770.284"
213.153.47.173 - - [23/Oct/2020:09:24:19 +0200] "GET /account HTTP/1.1" 200 5931 "http://renault.activities.at/login" "Mozilla/5.0 (Windows NT 10.0; Win64; x64) AppleWebKit/537.36 (KHTML, like Gecko) Chrome/85.0.4183.121 Safari/537.36 OPR/71.0.3770.284"
213.153.47.173 - - [23/Oct/2020:09:24:20 +0200] "POST /login HTTP/1.1" 302 140 "http://renault.activities.at/login" "Mozilla/5.0 (Windows NT 10.0; Win64; x64) AppleWebKit/537.36 (KHTML, like Gecko) Chrome/85.0.4183.121 Safari/537.36 OPR/71.0.3770.284"
213.153.47.173 - - [23/Oct/2020:09:24:23 +0200] "GET /account HTTP/1.1" 200 5931 "http://renault.activities.at/login" "Mozilla/5.0 (Windows NT 10.0; Win64; x64) AppleWebKit/537.36 (KHTML, like Gecko) Chrome/85.0.4183.121 Safari/537.36 OPR/71.0.3770.284"
213.153.47.173 - - [23/Oct/2020:09:24:25 +0200] "GET /js/index.php?c=auto&f=,prototype/prototype.js,prototype/validation.js,scriptaculous/builder.js,scriptaculous/effects.js,scriptaculous/dragdrop.js,scriptaculous/controls.js,scriptaculous/slider.js,varien/js.js,varien/form.js,varien/menu.js,mage/translate.js,mage/cookies.js,varien/product.js,spinner/SpinnerControl.jsmin.js,prototype/window.js,prototype/window_ext.js HTTP/1.1" 304 - "http://renault.activities.at/account" "Mozilla/5.0 (Windows NT 10.0; Win64; x64) AppleWebKit/537.36 (KHTML, like Gecko) Chrome/85.0.4183.121 Safari/537.36 OPR/71.0.3770.284"
193.194.132.26 - - [23/Oct/2020:09:24:28 +0200] "GET /reload?ser=1603437868751 HTTP/1.1" 200 28 "http://renault.2web.at/account" "Mozilla/5.0 (Windows NT 10.0; Win64; x64) AppleWebKit/537.36 (KHTML, like Gecko) Chrome/86.0.4240.75 Safari/537.36"
213.153.47.173 - - [23/Oct/2020:09:24:36 +0200] "GET /action HTTP/1.1" 200 3913 "http://renault.activities.at/account" "Mozilla/5.0 (Windows NT 10.0; Win64; x64) AppleWebKit/537.36 (KHTML, like Gecko) Chrome/85.0.4183.121 Safari/537.36 OPR/71.0.3770.284"
213.153.47.173 - - [23/Oct/2020:09:24:38 +0200] "GET /js/index.php?c=auto&f=,prototype/prototype.js,prototype/validation.js,scriptaculous/builder.js,scriptaculous/effects.js,scriptaculous/dragdrop.js,scriptaculous/controls.js,scriptaculous/slider.js,varien/js.js,varien/form.js,varien/menu.js,mage/translate.js,mage/cookies.js,varien/product.js,spinner/SpinnerControl.jsmin.js,prototype/window.js,prototype/window_ext.js HTTP/1.1" 304 - "http://renault.activities.at/action" "Mozilla/5.0 (Windows NT 10.0; Win64; x64) AppleWebKit/537.36 (KHTML, like Gecko) Chrome/85.0.4183.121 Safari/537.36 OPR/71.0.3770.284"
213.153.47.173 - - [23/Oct/2020:09:24:40 +0200] "GET /action?mode=2 HTTP/1.1" 200 5091 "http://renault.activities.at/action" "Mozilla/5.0 (Windows NT 10.0; Win64; x64) AppleWebKit/537.36 (KHTML, like Gecko) Chrome/85.0.4183.121 Safari/537.36 OPR/71.0.3770.284"
213.153.47.173 - - [23/Oct/2020:09:24:41 +0200] "GET /js/index.php?c=auto&f=,prototype/prototype.js,prototype/validation.js,scriptaculous/builder.js,scriptaculous/effects.js,scriptaculous/dragdrop.js,scriptaculous/controls.js,scriptaculous/slider.js,varien/js.js,varien/form.js,varien/menu.js,mage/translate.js,mage/cookies.js,varien/product.js,spinner/SpinnerControl.jsmin.js,prototype/window.js,prototype/window_ext.js HTTP/1.1" 304 - "http://renault.activities.at/action?mode=2" "Mozilla/5.0 (Windows NT 10.0; Win64; x64) AppleWebKit/537.36 (KHTML, like Gecko) Chrome/85.0.4183.121 Safari/537.36 OPR/71.0.3770.284"
80.120.5.131 - - [23/Oct/2020:09:24:57 +0200] "GET /reload?ser=1603437896991 HTTP/1.1" 200 1243 "http://renault.activities.at/success" "Mozilla/5.0 (Windows NT 10.0; Win64; x64) AppleWebKit/537.36 (KHTML, like Gecko) Chrome/86.0.4240.75 Safari/537.36"
213.153.47.173 - - [23/Oct/2020:09:25:07 +0200] "GET /12306211 HTTP/1.1" 200 6639 "http://renault.activities.at/action?mode=2" "Mozilla/5.0 (Windows NT 10.0; Win64; x64) AppleWebKit/537.36 (KHTML, like Gecko) Chrome/85.0.4183.121 Safari/537.36 OPR/71.0.3770.284"
213.153.47.173 - - [23/Oct/2020:09:25:09 +0200] "GET /js/actionorder.js HTTP/1.1" 200 4403 "http://renault.activities.at/12306211" "Mozilla/5.0 (Windows NT 10.0; Win64; x64) AppleWebKit/537.36 (KHTML, like Gecko) Chrome/85.0.4183.121 Safari/537.36 OPR/71.0.3770.284"
213.153.47.173 - - [23/Oct/2020:09:25:09 +0200] "GET /js/actiontabs.js HTTP/1.1" 200 519 "http://renault.activities.at/12306211" "Mozilla/5.0 (Windows NT 10.0; Win64; x64) AppleWebKit/537.36 (KHTML, like Gecko) Chrome/85.0.4183.121 Safari/537.36 OPR/71.0.3770.284"
213.153.47.173 - - [23/Oct/2020:09:25:09 +0200] "GET /js/index.php?c=auto&f=,prototype/prototype.js,prototype/validation.js,scriptaculous/builder.js,scriptaculous/effects.js,scriptaculous/dragdrop.js,scriptaculous/controls.js,scriptaculous/slider.js,varien/js.js,varien/form.js,varien/menu.js,mage/translate.js,mage/cookies.js,varien/product.js,spinner/SpinnerControl.jsmin.js,prototype/window.js,prototype/window_ext.js HTTP/1.1" 304 - "http://renault.activities.at/12306211" "Mozilla/5.0 (Windows NT 10.0; Win64; x64) AppleWebKit/537.36 (KHTML, like Gecko) Chrome/85.0.4183.121 Safari/537.36 OPR/71.0.3770.284"
213.153.47.173 - - [23/Oct/2020:09:25:09 +0200] "GET /loadthumbnail.php?id=12309079&width=200&height=200 HTTP/1.1" 200 6004 "http://renault.activities.at/12306211" "Mozilla/5.0 (Windows NT 10.0; Win64; x64) AppleWebKit/537.36 (KHTML, like Gecko) Chrome/85.0.4183.121 Safari/537.36 OPR/71.0.3770.284"
213.153.47.173 - - [23/Oct/2020:09:25:10 +0200] "GET /images/tabs_border.gif HTTP/1.1" 200 43 "http://renault.activities.at/css/styles.css" "Mozilla/5.0 (Windows NT 10.0; Win64; x64) AppleWebKit/537.36 (KHTML, like Gecko) Chrome/85.0.4183.121 Safari/537.36 OPR/71.0.3770.284"
213.153.47.173 - - [23/Oct/2020:09:25:10 +0200] "GET /images/tabs_button_corner_left_top.gif HTTP/1.1" 200 132 "http://renault.activities.at/css/styles.css" "Mozilla/5.0 (Windows NT 10.0; Win64; x64) AppleWebKit/537.36 (KHTML, like Gecko) Chrome/85.0.4183.121 Safari/537.36 OPR/71.0.3770.284"
213.153.47.173 - - [23/Oct/2020:09:25:10 +0200] "GET /loadthumbnail.php?id=12309079&width=200&height=280 HTTP/1.1" 200 6004 "http://renault.activities.at/12306211" "Mozilla/5.0 (Windows NT 10.0; Win64; x64) AppleWebKit/537.36 (KHTML, like Gecko) Chrome/85.0.4183.121 Safari/537.36 OPR/71.0.3770.284"
213.153.47.173 - - [23/Oct/2020:09:25:10 +0200] "GET /images/tabs_corner_right_bot.gif HTTP/1.1" 200 99 "http://renault.activities.at/css/styles.css" "Mozilla/5.0 (Windows NT 10.0; Win64; x64) AppleWebKit/537.36 (KHTML, like Gecko) Chrome/85.0.4183.121 Safari/537.36 OPR/71.0.3770.284"
213.153.47.173 - - [23/Oct/2020:09:25:10 +0200] "GET /loadthumbnail.php?id=12312484&width=200&height=280 HTTP/1.1" 200 4176 "http://renault.activities.at/12306211" "Mozilla/5.0 (Windows NT 10.0; Win64; x64) AppleWebKit/537.36 (KHTML, like Gecko) Chrome/85.0.4183.121 Safari/537.36 OPR/71.0.3770.284"
213.153.47.173 - - [23/Oct/2020:09:25:10 +0200] "GET /loadthumbnail.php?id=12312486&width=200&height=280 HTTP/1.1" 200 4626 "http://renault.activities.at/12306211" "Mozilla/5.0 (Windows NT 10.0; Win64; x64) AppleWebKit/537.36 (KHTML, like Gecko) Chrome/85.0.4183.121 Safari/537.36 OPR/71.0.3770.284"
213.153.47.173 - - [23/Oct/2020:09:25:10 +0200] "GET /images/tabs_button_corner_right_top_active.gif HTTP/1.1" 200 136 "http://renault.activities.at/css/styles.css" "Mozilla/5.0 (Windows NT 10.0; Win64; x64) AppleWebKit/537.36 (KHTML, like Gecko) Chrome/85.0.4183.121 Safari/537.36 OPR/71.0.3770.284"
213.153.47.173 - - [23/Oct/2020:09:25:10 +0200] "GET /images/tabs_corner_right_top.gif HTTP/1.1" 200 98 "http://renault.activities.at/css/styles.css" "Mozilla/5.0 (Windows NT 10.0; Win64; x64) AppleWebKit/537.36 (KHTML, like Gecko) Chrome/85.0.4183.121 Safari/537.36 OPR/71.0.3770.284"
213.153.47.173 - - [23/Oct/2020:09:25:10 +0200] "GET /images/tabs_button_corner_right_top.gif HTTP/1.1" 200 132 "http://renault.activities.at/css/styles.css" "Mozilla/5.0 (Windows NT 10.0; Win64; x64) AppleWebKit/537.36 (KHTML, like Gecko) Chrome/85.0.4183.121 Safari/537.36 OPR/71.0.3770.284"
213.153.47.173 - - [23/Oct/2020:09:25:10 +0200] "GET /loadthumbnail.php?id=12312485&width=200&height=280 HTTP/1.1" 200 3413 "http://renault.activities.at/12306211" "Mozilla/5.0 (Windows NT 10.0; Win64; x64) AppleWebKit/537.36 (KHTML, like Gecko) Chrome/85.0.4183.121 Safari/537.36 OPR/71.0.3770.284"
213.153.47.173 - - [23/Oct/2020:09:25:10 +0200] "GET /images/tabs_corner_left_top.gif HTTP/1.1" 200 99 "http://renault.activities.at/css/styles.css" "Mozilla/5.0 (Windows NT 10.0; Win64; x64) AppleWebKit/537.36 (KHTML, like Gecko) Chrome/85.0.4183.121 Safari/537.36 OPR/71.0.3770.284"
213.153.47.173 - - [23/Oct/2020:09:25:10 +0200] "GET /images/tabs_corner_left_bot.gif HTTP/1.1" 200 98 "http://renault.activities.at/css/styles.css" "Mozilla/5.0 (Windows NT 10.0; Win64; x64) AppleWebKit/537.36 (KHTML, like Gecko) Chrome/85.0.4183.121 Safari/537.36 OPR/71.0.3770.284"
213.153.47.173 - - [23/Oct/2020:09:25:10 +0200] "GET /loadthumbnail.php?id=12312487&width=200&height=280 HTTP/1.1" 200 3618 "http://renault.activities.at/12306211" "Mozilla/5.0 (Windows NT 10.0; Win64; x64) AppleWebKit/537.36 (KHTML, like Gecko) Chrome/85.0.4183.121 Safari/537.36 OPR/71.0.3770.284"
213.153.47.173 - - [23/Oct/2020:09:25:10 +0200] "GET /images/tabs_button_corner_left_top_active.gif HTTP/1.1" 200 138 "http://renault.activities.at/css/styles.css" "Mozilla/5.0 (Windows NT 10.0; Win64; x64) AppleWebKit/537.36 (KHTML, like Gecko) Chrome/85.0.4183.121 Safari/537.36 OPR/71.0.3770.284"
193.194.132.26 - - [23/Oct/2020:09:25:30 +0200] "GET /reload?ser=1603437930749 HTTP/1.1" 200 28 "http://renault.2web.at/account" "Mozilla/5.0 (Windows NT 10.0; Win64; x64) AppleWebKit/537.36 (KHTML, like Gecko) Chrome/86.0.4240.75 Safari/537.36"
80.120.5.131 - - [23/Oct/2020:09:25:58 +0200] "GET /reload?ser=1603437957996 HTTP/1.1" 200 1234 "http://renault.activities.at/success" "Mozilla/5.0 (Windows NT 10.0; Win64; x64) AppleWebKit/537.36 (KHTML, like Gecko) Chrome/86.0.4240.75 Safari/537.36"
213.153.47.173 - - [23/Oct/2020:09:26:09 +0200] "GET /10201442 HTTP/1.1" 200 8548 "http://renault.activities.at/12306211" "Mozilla/5.0 (Windows NT 10.0; Win64; x64) AppleWebKit/537.36 (KHTML, like Gecko) Chrome/85.0.4183.121 Safari/537.36 OPR/71.0.3770.284"
213.153.47.173 - - [23/Oct/2020:09:26:13 +0200] "GET /js/index.php?c=auto&f=,prototype/prototype.js,prototype/validation.js,scriptaculous/builder.js,scriptaculous/effects.js,scriptaculous/dragdrop.js,scriptaculous/controls.js,scriptaculous/slider.js,varien/js.js,varien/form.js,varien/menu.js,mage/translate.js,mage/cookies.js,varien/product.js,spinner/SpinnerControl.jsmin.js,prototype/window.js,prototype/window_ext.js HTTP/1.1" 304 - "http://renault.activities.at/10201442" "Mozilla/5.0 (Windows NT 10.0; Win64; x64) AppleWebKit/537.36 (KHTML, like Gecko) Chrome/85.0.4183.121 Safari/537.36 OPR/71.0.3770.284"
213.153.47.173 - - [23/Oct/2020:09:26:10 +0200] "GET /reload?ser=1603437970230 HTTP/1.1" 200 28 "http://renault.activities.at/12306211" "Mozilla/5.0 (Windows NT 10.0; Win64; x64) AppleWebKit/537.36 (KHTML, like Gecko) Chrome/85.0.4183.121 Safari/537.36 OPR/71.0.3770.284"
213.153.47.173 - - [23/Oct/2020:09:26:19 +0200] "POST /axjaxrequest?mode=suggest HTTP/1.1" 200 385 "http://renault.activities.at/10201442" "Mozilla/5.0 (Windows NT 10.0; Win64; x64) AppleWebKit/537.36 (KHTML, like Gecko) Chrome/85.0.4183.121 Safari/537.36 OPR/71.0.3770.284"
213.153.47.173 - - [23/Oct/2020:09:26:20 +0200] "POST /axjaxrequest?mode=suggest HTTP/1.1" 200 160 "http://renault.activities.at/10201442" "Mozilla/5.0 (Windows NT 10.0; Win64; x64) AppleWebKit/537.36 (KHTML, like Gecko) Chrome/85.0.4183.121 Safari/537.36 OPR/71.0.3770.284"
213.153.47.173 - - [23/Oct/2020:09:26:21 +0200] "POST /axjaxrequest?mode=suggest HTTP/1.1" 200 145 "http://renault.activities.at/10201442" "Mozilla/5.0 (Windows NT 10.0; Win64; x64) AppleWebKit/537.36 (KHTML, like Gecko) Chrome/85.0.4183.121 Safari/537.36 OPR/71.0.3770.284"
213.153.47.173 - - [23/Oct/2020:09:26:24 +0200] "GET /result?searchterm=true&search=GA01 HTTP/1.1" 200 5969 "http://renault.activities.at/10201442" "Mozilla/5.0 (Windows NT 10.0; Win64; x64) AppleWebKit/537.36 (KHTML, like Gecko) Chrome/85.0.4183.121 Safari/537.36 OPR/71.0.3770.284"
213.153.47.173 - - [23/Oct/2020:09:26:26 +0200] "GET /js/index.php?c=auto&f=,prototype/prototype.js,prototype/validation.js,scriptaculous/builder.js,scriptaculous/effects.js,scriptaculous/dragdrop.js,scriptaculous/controls.js,scriptaculous/slider.js,varien/js.js,varien/form.js,varien/menu.js,mage/translate.js,mage/cookies.js,varien/product.js,spinner/SpinnerControl.jsmin.js,prototype/window.js,prototype/window_ext.js HTTP/1.1" 304 - "http://renault.activities.at/result?searchterm=true&search=GA01" "Mozilla/5.0 (Windows NT 10.0; Win64; x64) AppleWebKit/537.36 (KHTML, like Gecko) Chrome/85.0.4183.121 Safari/537.36 OPR/71.0.3770.284"
213.153.47.173 - - [23/Oct/2020:09:26:26 +0200] "GET /loadthumbnail.php?id=12230578&width=113 HTTP/1.1" 200 1402 "http://renault.activities.at/result?searchterm=true&search=GA01" "Mozilla/5.0 (Windows NT 10.0; Win64; x64) AppleWebKit/537.36 (KHTML, like Gecko) Chrome/85.0.4183.121 Safari/537.36 OPR/71.0.3770.284"
213.153.47.173 - - [23/Oct/2020:09:26:26 +0200] "GET /loadthumbnail.php?id=12230577&width=113 HTTP/1.1" 200 1374 "http://renault.activities.at/result?searchterm=true&search=GA01" "Mozilla/5.0 (Windows NT 10.0; Win64; x64) AppleWebKit/537.36 (KHTML, like Gecko) Chrome/85.0.4183.121 Safari/537.36 OPR/71.0.3770.284"
193.194.132.26 - - [23/Oct/2020:09:26:32 +0200] "GET /reload?ser=1603437992753 HTTP/1.1" 200 28 "http://renault.2web.at/account" "Mozilla/5.0 (Windows NT 10.0; Win64; x64) AppleWebKit/537.36 (KHTML, like Gecko) Chrome/86.0.4240.75 Safari/537.36"
213.153.47.173 - - [23/Oct/2020:09:26:43 +0200] "GET /action HTTP/1.1" 200 3913 "http://renault.activities.at/result?searchterm=true&search=GA01" "Mozilla/5.0 (Windows NT 10.0; Win64; x64) AppleWebKit/537.36 (KHTML, like Gecko) Chrome/85.0.4183.121 Safari/537.36 OPR/71.0.3770.284"
213.153.47.173 - - [23/Oct/2020:09:26:44 +0200] "GET /js/index.php?c=auto&f=,prototype/prototype.js,prototype/validation.js,scriptaculous/builder.js,scriptaculous/effects.js,scriptaculous/dragdrop.js,scriptaculous/controls.js,scriptaculous/slider.js,varien/js.js,varien/form.js,varien/menu.js,mage/translate.js,mage/cookies.js,varien/product.js,spinner/SpinnerControl.jsmin.js,prototype/window.js,prototype/window_ext.js HTTP/1.1" 304 - "http://renault.activities.at/action" "Mozilla/5.0 (Windows NT 10.0; Win64; x64) AppleWebKit/537.36 (KHTML, like Gecko) Chrome/85.0.4183.121 Safari/537.36 OPR/71.0.3770.284"
213.153.47.173 - - [23/Oct/2020:09:26:46 +0200] "GET /action?mode=2 HTTP/1.1" 200 5091 "http://renault.activities.at/action" "Mozilla/5.0 (Windows NT 10.0; Win64; x64) AppleWebKit/537.36 (KHTML, like Gecko) Chrome/85.0.4183.121 Safari/537.36 OPR/71.0.3770.284"
213.153.47.173 - - [23/Oct/2020:09:26:48 +0200] "GET /js/index.php?c=auto&f=,prototype/prototype.js,prototype/validation.js,scriptaculous/builder.js,scriptaculous/effects.js,scriptaculous/dragdrop.js,scriptaculous/controls.js,scriptaculous/slider.js,varien/js.js,varien/form.js,varien/menu.js,mage/translate.js,mage/cookies.js,varien/product.js,spinner/SpinnerControl.jsmin.js,prototype/window.js,prototype/window_ext.js HTTP/1.1" 304 - "http://renault.activities.at/action?mode=2" "Mozilla/5.0 (Windows NT 10.0; Win64; x64) AppleWebKit/537.36 (KHTML, like Gecko) Chrome/85.0.4183.121 Safari/537.36 OPR/71.0.3770.284"
213.153.47.173 - - [23/Oct/2020:09:26:52 +0200] "GET /12306211 HTTP/1.1" 200 6639 "http://renault.activities.at/action?mode=2" "Mozilla/5.0 (Windows NT 10.0; Win64; x64) AppleWebKit/537.36 (KHTML, like Gecko) Chrome/85.0.4183.121 Safari/537.36 OPR/71.0.3770.284"
213.153.47.173 - - [23/Oct/2020:09:26:54 +0200] "GET /js/index.php?c=auto&f=,prototype/prototype.js,prototype/validation.js,scriptaculous/builder.js,scriptaculous/effects.js,scriptaculous/dragdrop.js,scriptaculous/controls.js,scriptaculous/slider.js,varien/js.js,varien/form.js,varien/menu.js,mage/translate.js,mage/cookies.js,varien/product.js,spinner/SpinnerControl.jsmin.js,prototype/window.js,prototype/window_ext.js HTTP/1.1" 304 - "http://renault.activities.at/12306211" "Mozilla/5.0 (Windows NT 10.0; Win64; x64) AppleWebKit/537.36 (KHTML, like Gecko) Chrome/85.0.4183.121 Safari/537.36 OPR/71.0.3770.284"
80.120.5.131 - - [23/Oct/2020:09:26:59 +0200] "GET /reload?ser=1603438018984 HTTP/1.1" 200 1239 "http://renault.activities.at/success" "Mozilla/5.0 (Windows NT 10.0; Win64; x64) AppleWebKit/537.36 (KHTML, like Gecko) Chrome/86.0.4240.75 Safari/537.36"
193.194.132.26 - - [23/Oct/2020:09:27:34 +0200] "GET /reload?ser=1603438054754 HTTP/1.1" 200 28 "http://renault.2web.at/account" "Mozilla/5.0 (Windows NT 10.0; Win64; x64) AppleWebKit/537.36 (KHTML, like Gecko) Chrome/86.0.4240.75 Safari/537.36"
213.153.47.173 - - [23/Oct/2020:09:27:45 +0200] "POST /axjaxrequest?mode=suggest HTTP/1.1" 200 385 "http://renault.activities.at/12306211" "Mozilla/5.0 (Windows NT 10.0; Win64; x64) AppleWebKit/537.36 (KHTML, like Gecko) Chrome/85.0.4183.121 Safari/537.36 OPR/71.0.3770.284"
213.153.47.173 - - [23/Oct/2020:09:27:46 +0200] "POST /axjaxrequest?mode=suggest HTTP/1.1" 200 160 "http://renault.activities.at/12306211" "Mozilla/5.0 (Windows NT 10.0; Win64; x64) AppleWebKit/537.36 (KHTML, like Gecko) Chrome/85.0.4183.121 Safari/537.36 OPR/71.0.3770.284"
213.153.47.173 - - [23/Oct/2020:09:27:47 +0200] "POST /axjaxrequest?mode=suggest HTTP/1.1" 200 145 "http://renault.activities.at/12306211" "Mozilla/5.0 (Windows NT 10.0; Win64; x64) AppleWebKit/537.36 (KHTML, like Gecko) Chrome/85.0.4183.121 Safari/537.36 OPR/71.0.3770.284"
213.153.47.173 - - [23/Oct/2020:09:27:48 +0200] "GET /result?searchterm=true&search=GA01 HTTP/1.1" 200 5969 "http://renault.activities.at/12306211" "Mozilla/5.0 (Windows NT 10.0; Win64; x64) AppleWebKit/537.36 (KHTML, like Gecko) Chrome/85.0.4183.121 Safari/537.36 OPR/71.0.3770.284"
213.153.47.173 - - [23/Oct/2020:09:27:51 +0200] "GET /js/index.php?c=auto&f=,prototype/prototype.js,prototype/validation.js,scriptaculous/builder.js,scriptaculous/effects.js,scriptaculous/dragdrop.js,scriptaculous/controls.js,scriptaculous/slider.js,varien/js.js,varien/form.js,varien/menu.js,mage/translate.js,mage/cookies.js,varien/product.js,spinner/SpinnerControl.jsmin.js,prototype/window.js,prototype/window_ext.js HTTP/1.1" 304 - "http://renault.activities.at/result?searchterm=true&search=GA01" "Mozilla/5.0 (Windows NT 10.0; Win64; x64) AppleWebKit/537.36 (KHTML, like Gecko) Chrome/85.0.4183.121 Safari/537.36 OPR/71.0.3770.284"
80.120.5.131 - - [23/Oct/2020:09:28:00 +0200] "GET /reload?ser=1603438079987 HTTP/1.1" 200 1236 "http://renault.activities.at/success" "Mozilla/5.0 (Windows NT 10.0; Win64; x64) AppleWebKit/537.36 (KHTML, like Gecko) Chrome/86.0.4240.75 Safari/537.36"
193.194.132.26 - - [23/Oct/2020:09:28:36 +0200] "GET /reload?ser=1603438116753 HTTP/1.1" 200 28 "http://renault.2web.at/account" "Mozilla/5.0 (Windows NT 10.0; Win64; x64) AppleWebKit/537.36 (KHTML, like Gecko) Chrome/86.0.4240.75 Safari/537.36"
213.153.47.173 - - [23/Oct/2020:09:28:51 +0200] "GET /reload?ser=1603438131132 HTTP/1.1" 200 28 "http://renault.activities.at/result?searchterm=true&search=GA01" "Mozilla/5.0 (Windows NT 10.0; Win64; x64) AppleWebKit/537.36 (KHTML, like Gecko) Chrome/85.0.4183.121 Safari/537.36 OPR/71.0.3770.284"
80.120.5.131 - - [23/Oct/2020:09:29:01 +0200] "GET /reload?ser=1603438140985 HTTP/1.1" 200 1232 "http://renault.activities.at/success" "Mozilla/5.0 (Windows NT 10.0; Win64; x64) AppleWebKit/537.36 (KHTML, like Gecko) Chrome/86.0.4240.75 Safari/537.36"
193.194.132.26 - - [23/Oct/2020:09:29:38 +0200] "GET /reload?ser=1603438178756 HTTP/1.1" 200 28 "http://renault.2web.at/account" "Mozilla/5.0 (Windows NT 10.0; Win64; x64) AppleWebKit/537.36 (KHTML, like Gecko) Chrome/86.0.4240.75 Safari/537.36"
213.153.47.173 - - [23/Oct/2020:09:29:52 +0200] "GET /reload?ser=1603438192138 HTTP/1.1" 200 28 "http://renault.activities.at/result?searchterm=true&search=GA01" "Mozilla/5.0 (Windows NT 10.0; Win64; x64) AppleWebKit/537.36 (KHTML, like Gecko) Chrome/85.0.4183.121 Safari/537.36 OPR/71.0.3770.284"
80.120.5.131 - - [23/Oct/2020:09:30:02 +0200] "GET /reload?ser=1603438201999 HTTP/1.1" 200 1236 "http://renault.activities.at/success" "Mozilla/5.0 (Windows NT 10.0; Win64; x64) AppleWebKit/537.36 (KHTML, like Gecko) Chrome/86.0.4240.75 Safari/537.36"
193.194.132.26 - - [23/Oct/2020:09:30:40 +0200] "GET /reload?ser=1603438240756 HTTP/1.1" 200 28 "http://renault.2web.at/account" "Mozilla/5.0 (Windows NT 10.0; Win64; x64) AppleWebKit/537.36 (KHTML, like Gecko) Chrome/86.0.4240.75 Safari/537.36"
213.153.47.173 - - [23/Oct/2020:09:30:53 +0200] "GET /reload?ser=1603438253114 HTTP/1.1" 200 28 "http://renault.activities.at/result?searchterm=true&search=GA01" "Mozilla/5.0 (Windows NT 10.0; Win64; x64) AppleWebKit/537.36 (KHTML, like Gecko) Chrome/85.0.4183.121 Safari/537.36 OPR/71.0.3770.284"
80.120.5.131 - - [23/Oct/2020:09:31:03 +0200] "GET /reload?ser=1603438262997 HTTP/1.1" 200 1238 "http://renault.activities.at/success" "Mozilla/5.0 (Windows NT 10.0; Win64; x64) AppleWebKit/537.36 (KHTML, like Gecko) Chrome/86.0.4240.75 Safari/537.36"
213.153.47.173 - - [23/Oct/2020:09:31:34 +0200] "POST /axjaxrequest?mode=suggest HTTP/1.1" 200 771 "http://renault.activities.at/result?searchterm=true&search=GA01" "Mozilla/5.0 (Windows NT 10.0; Win64; x64) AppleWebKit/537.36 (KHTML, like Gecko) Chrome/85.0.4183.121 Safari/537.36 OPR/71.0.3770.284"
213.153.47.173 - - [23/Oct/2020:09:31:35 +0200] "POST /axjaxrequest?mode=suggest HTTP/1.1" 200 716 "http://renault.activities.at/result?searchterm=true&search=GA01" "Mozilla/5.0 (Windows NT 10.0; Win64; x64) AppleWebKit/537.36 (KHTML, like Gecko) Chrome/85.0.4183.121 Safari/537.36 OPR/71.0.3770.284"
213.153.47.173 - - [23/Oct/2020:09:31:38 +0200] "POST /axjaxrequest?mode=suggest HTTP/1.1" 200 152 "http://renault.activities.at/result?searchterm=true&search=GA01" "Mozilla/5.0 (Windows NT 10.0; Win64; x64) AppleWebKit/537.36 (KHTML, like Gecko) Chrome/85.0.4183.121 Safari/537.36 OPR/71.0.3770.284"
213.153.47.173 - - [23/Oct/2020:09:31:39 +0200] "POST /axjaxrequest?mode=suggest HTTP/1.1" 200 152 "http://renault.activities.at/result?searchterm=true&search=GA01" "Mozilla/5.0 (Windows NT 10.0; Win64; x64) AppleWebKit/537.36 (KHTML, like Gecko) Chrome/85.0.4183.121 Safari/537.36 OPR/71.0.3770.284"
213.153.47.173 - - [23/Oct/2020:09:31:40 +0200] "POST /axjaxrequest?mode=suggest HTTP/1.1" 200 112 "http://renault.activities.at/result?searchterm=true&search=GA01" "Mozilla/5.0 (Windows NT 10.0; Win64; x64) AppleWebKit/537.36 (KHTML, like Gecko) Chrome/85.0.4183.121 Safari/537.36 OPR/71.0.3770.284"
193.194.132.26 - - [23/Oct/2020:09:31:42 +0200] "GET /reload?ser=1603438302759 HTTP/1.1" 200 28 "http://renault.2web.at/account" "Mozilla/5.0 (Windows NT 10.0; Win64; x64) AppleWebKit/537.36 (KHTML, like Gecko) Chrome/86.0.4240.75 Safari/537.36"
213.153.47.173 - - [23/Oct/2020:09:31:43 +0200] "GET /result?searchterm=true&search=POS3045 HTTP/1.1" 200 5874 "http://renault.activities.at/result?searchterm=true&search=GA01" "Mozilla/5.0 (Windows NT 10.0; Win64; x64) AppleWebKit/537.36 (KHTML, like Gecko) Chrome/85.0.4183.121 Safari/537.36 OPR/71.0.3770.284"
213.153.47.173 - - [23/Oct/2020:09:31:44 +0200] "GET /result?searchterm=true&search=POS3045 HTTP/1.1" 200 5874 "http://renault.activities.at/result?searchterm=true&search=GA01" "Mozilla/5.0 (Windows NT 10.0; Win64; x64) AppleWebKit/537.36 (KHTML, like Gecko) Chrome/85.0.4183.121 Safari/537.36 OPR/71.0.3770.284"
213.153.47.173 - - [23/Oct/2020:09:31:46 +0200] "GET /js/index.php?c=auto&f=,prototype/prototype.js,prototype/validation.js,scriptaculous/builder.js,scriptaculous/effects.js,scriptaculous/dragdrop.js,scriptaculous/controls.js,scriptaculous/slider.js,varien/js.js,varien/form.js,varien/menu.js,mage/translate.js,mage/cookies.js,varien/product.js,spinner/SpinnerControl.jsmin.js,prototype/window.js,prototype/window_ext.js HTTP/1.1" 304 - "http://renault.activities.at/result?searchterm=true&search=POS3045" "Mozilla/5.0 (Windows NT 10.0; Win64; x64) AppleWebKit/537.36 (KHTML, like Gecko) Chrome/85.0.4183.121 Safari/537.36 OPR/71.0.3770.284"
213.153.47.173 - - [23/Oct/2020:09:31:46 +0200] "GET /loadthumbnail.php?id=12312484&width=113 HTTP/1.1" 200 1891 "http://renault.activities.at/result?searchterm=true&search=POS3045" "Mozilla/5.0 (Windows NT 10.0; Win64; x64) AppleWebKit/537.36 (KHTML, like Gecko) Chrome/85.0.4183.121 Safari/537.36 OPR/71.0.3770.284"
80.120.5.131 - - [23/Oct/2020:09:32:04 +0200] "GET /reload?ser=1603438323987 HTTP/1.1" 200 1235 "http://renault.activities.at/success" "Mozilla/5.0 (Windows NT 10.0; Win64; x64) AppleWebKit/537.36 (KHTML, like Gecko) Chrome/86.0.4240.75 Safari/537.36"
213.153.47.173 - - [23/Oct/2020:09:32:43 +0200] "POST /axjaxrequest?mode=suggest HTTP/1.1" 200 112 "http://renault.activities.at/result?searchterm=true&search=POS3045" "Mozilla/5.0 (Windows NT 10.0; Win64; x64) AppleWebKit/537.36 (KHTML, like Gecko) Chrome/85.0.4183.121 Safari/537.36 OPR/71.0.3770.284"
193.194.132.26 - - [23/Oct/2020:09:32:44 +0200] "GET /reload?ser=1603438364757 HTTP/1.1" 200 28 "http://renault.2web.at/account" "Mozilla/5.0 (Windows NT 10.0; Win64; x64) AppleWebKit/537.36 (KHTML, like Gecko) Chrome/86.0.4240.75 Safari/537.36"
213.153.47.173 - - [23/Oct/2020:09:32:45 +0200] "GET /result?searchterm=true&search=POS3046 HTTP/1.1" 200 5874 "http://renault.activities.at/result?searchterm=true&search=POS3045" "Mozilla/5.0 (Windows NT 10.0; Win64; x64) AppleWebKit/537.36 (KHTML, like Gecko) Chrome/85.0.4183.121 Safari/537.36 OPR/71.0.3770.284"
213.153.47.173 - - [23/Oct/2020:09:32:47 +0200] "GET /js/index.php?c=auto&f=,prototype/prototype.js,prototype/validation.js,scriptaculous/builder.js,scriptaculous/effects.js,scriptaculous/dragdrop.js,scriptaculous/controls.js,scriptaculous/slider.js,varien/js.js,varien/form.js,varien/menu.js,mage/translate.js,mage/cookies.js,varien/product.js,spinner/SpinnerControl.jsmin.js,prototype/window.js,prototype/window_ext.js HTTP/1.1" 304 - "http://renault.activities.at/result?searchterm=true&search=POS3046" "Mozilla/5.0 (Windows NT 10.0; Win64; x64) AppleWebKit/537.36 (KHTML, like Gecko) Chrome/85.0.4183.121 Safari/537.36 OPR/71.0.3770.284"
213.153.47.173 - - [23/Oct/2020:09:32:47 +0200] "GET /loadthumbnail.php?id=12312485&width=113 HTTP/1.1" 200 1592 "http://renault.activities.at/result?searchterm=true&search=POS3046" "Mozilla/5.0 (Windows NT 10.0; Win64; x64) AppleWebKit/537.36 (KHTML, like Gecko) Chrome/85.0.4183.121 Safari/537.36 OPR/71.0.3770.284"
213.153.47.173 - - [23/Oct/2020:09:32:46 +0200] "GET /reload?ser=1603438366827 HTTP/1.1" 200 28 "http://renault.activities.at/result?searchterm=true&search=POS3045" "Mozilla/5.0 (Windows NT 10.0; Win64; x64) AppleWebKit/537.36 (KHTML, like Gecko) Chrome/85.0.4183.121 Safari/537.36 OPR/71.0.3770.284"
80.120.5.131 - - [23/Oct/2020:09:33:05 +0200] "GET /reload?ser=1603438384992 HTTP/1.1" 200 1249 "http://renault.activities.at/success" "Mozilla/5.0 (Windows NT 10.0; Win64; x64) AppleWebKit/537.36 (KHTML, like Gecko) Chrome/86.0.4240.75 Safari/537.36"
213.153.47.173 - - [23/Oct/2020:09:33:06 +0200] "GET /css/themes/alphacube/top_mid.gif HTTP/1.1" 200 833 "http://renault.activities.at/css/themes/alphacube.css" "Mozilla/5.0 (Windows NT 10.0; Win64; x64) AppleWebKit/537.36 (KHTML, like Gecko) Chrome/85.0.4183.121 Safari/537.36 OPR/71.0.3770.284"
213.153.47.173 - - [23/Oct/2020:09:33:06 +0200] "GET /css/themes/alphacube/frame_right.gif HTTP/1.1" 200 64 "http://renault.activities.at/css/themes/alphacube.css" "Mozilla/5.0 (Windows NT 10.0; Win64; x64) AppleWebKit/537.36 (KHTML, like Gecko) Chrome/85.0.4183.121 Safari/537.36 OPR/71.0.3770.284"
213.153.47.173 - - [23/Oct/2020:09:33:06 +0200] "GET /css/themes/alphacube/frame_left.gif HTTP/1.1" 200 64 "http://renault.activities.at/css/themes/alphacube.css" "Mozilla/5.0 (Windows NT 10.0; Win64; x64) AppleWebKit/537.36 (KHTML, like Gecko) Chrome/85.0.4183.121 Safari/537.36 OPR/71.0.3770.284"
213.153.47.173 - - [23/Oct/2020:09:33:06 +0200] "GET /css/themes/alphacube/bottom_middle.gif HTTP/1.1" 200 44 "http://renault.activities.at/css/themes/alphacube.css" "Mozilla/5.0 (Windows NT 10.0; Win64; x64) AppleWebKit/537.36 (KHTML, like Gecko) Chrome/85.0.4183.121 Safari/537.36 OPR/71.0.3770.284"
213.153.47.173 - - [23/Oct/2020:09:33:06 +0200] "GET /css/themes/alphacube/bottom_right-c.gif HTTP/1.1" 200 62 "http://renault.activities.at/css/themes/alphacube.css" "Mozilla/5.0 (Windows NT 10.0; Win64; x64) AppleWebKit/537.36 (KHTML, like Gecko) Chrome/85.0.4183.121 Safari/537.36 OPR/71.0.3770.284"
213.153.47.173 - - [23/Oct/2020:09:33:06 +0200] "GET /css/themes/alphacube/bottom_left-c.gif HTTP/1.1" 200 62 "http://renault.activities.at/css/themes/alphacube.css" "Mozilla/5.0 (Windows NT 10.0; Win64; x64) AppleWebKit/537.36 (KHTML, like Gecko) Chrome/85.0.4183.121 Safari/537.36 OPR/71.0.3770.284"
213.153.47.173 - - [23/Oct/2020:09:33:06 +0200] "GET /css/themes/alphacube/top_right.gif HTTP/1.1" 200 972 "http://renault.activities.at/css/themes/alphacube.css" "Mozilla/5.0 (Windows NT 10.0; Win64; x64) AppleWebKit/537.36 (KHTML, like Gecko) Chrome/85.0.4183.121 Safari/537.36 OPR/71.0.3770.284"
213.153.47.173 - - [23/Oct/2020:09:33:06 +0200] "GET /css/themes/alphacube/button-close-focus.gif HTTP/1.1" 200 699 "http://renault.activities.at/css/themes/alphacube.css" "Mozilla/5.0 (Windows NT 10.0; Win64; x64) AppleWebKit/537.36 (KHTML, like Gecko) Chrome/85.0.4183.121 Safari/537.36 OPR/71.0.3770.284"
213.153.47.173 - - [23/Oct/2020:09:33:06 +0200] "GET /css/themes/alphacube/top_left.gif HTTP/1.1" 200 973 "http://renault.activities.at/css/themes/alphacube.css" "Mozilla/5.0 (Windows NT 10.0; Win64; x64) AppleWebKit/537.36 (KHTML, like Gecko) Chrome/85.0.4183.121 Safari/537.36 OPR/71.0.3770.284"
213.153.47.173 - - [23/Oct/2020:09:33:06 +0200] "GET /11352369?print=true HTTP/1.1" 200 2934 "http://renault.activities.at/result?searchterm=true&search=POS3046" "Mozilla/5.0 (Windows NT 10.0; Win64; x64) AppleWebKit/537.36 (KHTML, like Gecko) Chrome/85.0.4183.121 Safari/537.36 OPR/71.0.3770.284"
213.153.47.173 - - [23/Oct/2020:09:33:09 +0200] "GET /js/index.php?c=auto&f=,prototype/prototype.js,prototype/validation.js,scriptaculous/builder.js,scriptaculous/effects.js,scriptaculous/dragdrop.js,scriptaculous/controls.js,scriptaculous/slider.js,varien/js.js,varien/form.js,varien/menu.js,mage/translate.js,mage/cookies.js,varien/product.js,spinner/SpinnerControl.jsmin.js,prototype/window.js,prototype/window_ext.js HTTP/1.1" 304 - "http://renault.activities.at/11352369?print=true" "Mozilla/5.0 (Windows NT 10.0; Win64; x64) AppleWebKit/537.36 (KHTML, like Gecko) Chrome/85.0.4183.121 Safari/537.36 OPR/71.0.3770.284"
213.153.47.173 - - [23/Oct/2020:09:33:09 +0200] "GET /js/tabs.js HTTP/1.1" 200 519 "http://renault.activities.at/11352369?print=true" "Mozilla/5.0 (Windows NT 10.0; Win64; x64) AppleWebKit/537.36 (KHTML, like Gecko) Chrome/85.0.4183.121 Safari/537.36 OPR/71.0.3770.284"
213.153.47.173 - - [23/Oct/2020:09:33:09 +0200] "GET /loadthumbnail.php?id=11967857&width=250 HTTP/1.1" 200 10916 "http://renault.activities.at/11352369?print=true" "Mozilla/5.0 (Windows NT 10.0; Win64; x64) AppleWebKit/537.36 (KHTML, like Gecko) Chrome/85.0.4183.121 Safari/537.36 OPR/71.0.3770.284"
213.153.47.173 - - [23/Oct/2020:09:33:10 +0200] "GET /loadthumbnail.php?id=11967857&width=900&height=900 HTTP/1.1" 200 10916 "http://renault.activities.at/11352369?print=true" "Mozilla/5.0 (Windows NT 10.0; Win64; x64) AppleWebKit/537.36 (KHTML, like Gecko) Chrome/85.0.4183.121 Safari/537.36 OPR/71.0.3770.284"
193.194.132.26 - - [23/Oct/2020:09:33:46 +0200] "GET /reload?ser=1603438426759 HTTP/1.1" 200 28 "http://renault.2web.at/account" "Mozilla/5.0 (Windows NT 10.0; Win64; x64) AppleWebKit/537.36 (KHTML, like Gecko) Chrome/86.0.4240.75 Safari/537.36"
80.120.5.131 - - [23/Oct/2020:09:34:06 +0200] "GET /reload?ser=1603438445992 HTTP/1.1" 200 1239 "http://renault.activities.at/success" "Mozilla/5.0 (Windows NT 10.0; Win64; x64) AppleWebKit/537.36 (KHTML, like Gecko) Chrome/86.0.4240.75 Safari/537.36"
193.194.132.26 - - [23/Oct/2020:09:34:48 +0200] "GET /reload?ser=1603438488763 HTTP/1.1" 200 28 "http://renault.2web.at/account" "Mozilla/5.0 (Windows NT 10.0; Win64; x64) AppleWebKit/537.36 (KHTML, like Gecko) Chrome/86.0.4240.75 Safari/537.36"
80.120.5.131 - - [23/Oct/2020:09:35:07 +0200] "GET /reload?ser=1603438506991 HTTP/1.1" 200 1235 "http://renault.activities.at/success" "Mozilla/5.0 (Windows NT 10.0; Win64; x64) AppleWebKit/537.36 (KHTML, like Gecko) Chrome/86.0.4240.75 Safari/537.36"
193.194.132.26 - - [23/Oct/2020:09:35:50 +0200] "GET /reload?ser=1603438550758 HTTP/1.1" 200 28 "http://renault.2web.at/account" "Mozilla/5.0 (Windows NT 10.0; Win64; x64) AppleWebKit/537.36 (KHTML, like Gecko) Chrome/86.0.4240.75 Safari/537.36"
80.120.5.131 - - [23/Oct/2020:09:36:07 +0200] "GET /reload?ser=1603438567984 HTTP/1.1" 200 1242 "http://renault.activities.at/success" "Mozilla/5.0 (Windows NT 10.0; Win64; x64) AppleWebKit/537.36 (KHTML, like Gecko) Chrome/86.0.4240.75 Safari/537.36"
193.194.132.26 - - [23/Oct/2020:09:36:52 +0200] "GET /reload?ser=1603438612763 HTTP/1.1" 200 28 "http://renault.2web.at/account" "Mozilla/5.0 (Windows NT 10.0; Win64; x64) AppleWebKit/537.36 (KHTML, like Gecko) Chrome/86.0.4240.75 Safari/537.36"
80.120.5.131 - - [23/Oct/2020:09:37:09 +0200] "GET /reload?ser=1603438628998 HTTP/1.1" 200 1234 "http://renault.activities.at/success" "Mozilla/5.0 (Windows NT 10.0; Win64; x64) AppleWebKit/537.36 (KHTML, like Gecko) Chrome/86.0.4240.75 Safari/537.36"
193.194.132.26 - - [23/Oct/2020:09:37:54 +0200] "GET /reload?ser=1603438674763 HTTP/1.1" 200 28 "http://renault.2web.at/account" "Mozilla/5.0 (Windows NT 10.0; Win64; x64) AppleWebKit/537.36 (KHTML, like Gecko) Chrome/86.0.4240.75 Safari/537.36"
80.120.5.131 - - [23/Oct/2020:09:38:10 +0200] "GET /reload?ser=1603438689987 HTTP/1.1" 200 1238 "http://renault.activities.at/success" "Mozilla/5.0 (Windows NT 10.0; Win64; x64) AppleWebKit/537.36 (KHTML, like Gecko) Chrome/86.0.4240.75 Safari/537.36"
193.194.132.26 - - [23/Oct/2020:09:38:56 +0200] "GET /reload?ser=1603438736767 HTTP/1.1" 200 28 "http://renault.2web.at/account" "Mozilla/5.0 (Windows NT 10.0; Win64; x64) AppleWebKit/537.36 (KHTML, like Gecko) Chrome/86.0.4240.75 Safari/537.36"
80.120.5.131 - - [23/Oct/2020:09:39:11 +0200] "GET /reload?ser=1603438750985 HTTP/1.1" 200 1240 "http://renault.activities.at/success" "Mozilla/5.0 (Windows NT 10.0; Win64; x64) AppleWebKit/537.36 (KHTML, like Gecko) Chrome/86.0.4240.75 Safari/537.36"
193.194.132.26 - - [23/Oct/2020:09:39:58 +0200] "GET /reload?ser=1603438798768 HTTP/1.1" 200 28 "http://renault.2web.at/account" "Mozilla/5.0 (Windows NT 10.0; Win64; x64) AppleWebKit/537.36 (KHTML, like Gecko) Chrome/86.0.4240.75 Safari/537.36"
80.120.5.131 - - [23/Oct/2020:09:40:12 +0200] "GET /reload?ser=1603438811984 HTTP/1.1" 200 1241 "http://renault.activities.at/success" "Mozilla/5.0 (Windows NT 10.0; Win64; x64) AppleWebKit/537.36 (KHTML, like Gecko) Chrome/86.0.4240.75 Safari/537.36"
193.194.132.26 - - [23/Oct/2020:09:41:00 +0200] "GET /reload?ser=1603438860770 HTTP/1.1" 200 28 "http://renault.2web.at/account" "Mozilla/5.0 (Windows NT 10.0; Win64; x64) AppleWebKit/537.36 (KHTML, like Gecko) Chrome/86.0.4240.75 Safari/537.36"
80.120.5.131 - - [23/Oct/2020:09:41:13 +0200] "GET /reload?ser=1603438872985 HTTP/1.1" 200 1236 "http://renault.activities.at/success" "Mozilla/5.0 (Windows NT 10.0; Win64; x64) AppleWebKit/537.36 (KHTML, like Gecko) Chrome/86.0.4240.75 Safari/537.36"
193.194.132.26 - - [23/Oct/2020:09:42:02 +0200] "GET /reload?ser=1603438922772 HTTP/1.1" 200 28 "http://renault.2web.at/account" "Mozilla/5.0 (Windows NT 10.0; Win64; x64) AppleWebKit/537.36 (KHTML, like Gecko) Chrome/86.0.4240.75 Safari/537.36"
80.120.5.131 - - [23/Oct/2020:09:42:14 +0200] "GET /reload?ser=1603438933988 HTTP/1.1" 200 1238 "http://renault.activities.at/success" "Mozilla/5.0 (Windows NT 10.0; Win64; x64) AppleWebKit/537.36 (KHTML, like Gecko) Chrome/86.0.4240.75 Safari/537.36"
193.194.132.26 - - [23/Oct/2020:09:43:04 +0200] "GET /reload?ser=1603438984777 HTTP/1.1" 200 28 "http://renault.2web.at/account" "Mozilla/5.0 (Windows NT 10.0; Win64; x64) AppleWebKit/537.36 (KHTML, like Gecko) Chrome/86.0.4240.75 Safari/537.36"
80.120.5.131 - - [23/Oct/2020:09:43:15 +0200] "GET /reload?ser=1603438994989 HTTP/1.1" 200 1233 "http://renault.activities.at/success" "Mozilla/5.0 (Windows NT 10.0; Win64; x64) AppleWebKit/537.36 (KHTML, like Gecko) Chrome/86.0.4240.75 Safari/537.36"
193.194.132.26 - - [23/Oct/2020:09:44:06 +0200] "GET /reload?ser=1603439046776 HTTP/1.1" 200 28 "http://renault.2web.at/account" "Mozilla/5.0 (Windows NT 10.0; Win64; x64) AppleWebKit/537.36 (KHTML, like Gecko) Chrome/86.0.4240.75 Safari/537.36"
80.120.5.131 - - [23/Oct/2020:09:44:16 +0200] "GET /reload?ser=1603439055997 HTTP/1.1" 200 1240 "http://renault.activities.at/success" "Mozilla/5.0 (Windows NT 10.0; Win64; x64) AppleWebKit/537.36 (KHTML, like Gecko) Chrome/86.0.4240.75 Safari/537.36"
193.194.132.26 - - [23/Oct/2020:09:45:08 +0200] "GET /reload?ser=1603439108775 HTTP/1.1" 200 28 "http://renault.2web.at/account" "Mozilla/5.0 (Windows NT 10.0; Win64; x64) AppleWebKit/537.36 (KHTML, like Gecko) Chrome/86.0.4240.75 Safari/537.36"
80.120.5.131 - - [23/Oct/2020:09:45:17 +0200] "GET /reload?ser=1603439116985 HTTP/1.1" 200 1242 "http://renault.activities.at/success" "Mozilla/5.0 (Windows NT 10.0; Win64; x64) AppleWebKit/537.36 (KHTML, like Gecko) Chrome/86.0.4240.75 Safari/537.36"
193.194.132.26 - - [23/Oct/2020:09:46:10 +0200] "GET /reload?ser=1603439170778 HTTP/1.1" 200 28 "http://renault.2web.at/account" "Mozilla/5.0 (Windows NT 10.0; Win64; x64) AppleWebKit/537.36 (KHTML, like Gecko) Chrome/86.0.4240.75 Safari/537.36"
80.120.5.131 - - [23/Oct/2020:09:46:18 +0200] "GET /reload?ser=1603439177996 HTTP/1.1" 200 1240 "http://renault.activities.at/success" "Mozilla/5.0 (Windows NT 10.0; Win64; x64) AppleWebKit/537.36 (KHTML, like Gecko) Chrome/86.0.4240.75 Safari/537.36"
193.194.132.26 - - [23/Oct/2020:09:47:12 +0200] "GET /reload?ser=1603439232779 HTTP/1.1" 200 28 "http://renault.2web.at/account" "Mozilla/5.0 (Windows NT 10.0; Win64; x64) AppleWebKit/537.36 (KHTML, like Gecko) Chrome/86.0.4240.75 Safari/537.36"
80.120.5.131 - - [23/Oct/2020:09:47:18 +0200] "GET /reload?ser=1603439238987 HTTP/1.1" 200 1244 "http://renault.activities.at/success" "Mozilla/5.0 (Windows NT 10.0; Win64; x64) AppleWebKit/537.36 (KHTML, like Gecko) Chrome/86.0.4240.75 Safari/537.36"
193.194.132.26 - - [23/Oct/2020:09:48:14 +0200] "GET /reload?ser=1603439294780 HTTP/1.1" 200 28 "http://renault.2web.at/account" "Mozilla/5.0 (Windows NT 10.0; Win64; x64) AppleWebKit/537.36 (KHTML, like Gecko) Chrome/86.0.4240.75 Safari/537.36"
80.120.5.131 - - [23/Oct/2020:09:48:19 +0200] "GET /reload?ser=1603439299981 HTTP/1.1" 200 1236 "http://renault.activities.at/success" "Mozilla/5.0 (Windows NT 10.0; Win64; x64) AppleWebKit/537.36 (KHTML, like Gecko) Chrome/86.0.4240.75 Safari/537.36"
193.194.132.26 - - [23/Oct/2020:09:49:16 +0200] "GET /reload?ser=1603439356779 HTTP/1.1" 200 28 "http://renault.2web.at/account" "Mozilla/5.0 (Windows NT 10.0; Win64; x64) AppleWebKit/537.36 (KHTML, like Gecko) Chrome/86.0.4240.75 Safari/537.36"
80.120.5.131 - - [23/Oct/2020:09:49:21 +0200] "GET /reload?ser=1603439360986 HTTP/1.1" 200 1240 "http://renault.activities.at/success" "Mozilla/5.0 (Windows NT 10.0; Win64; x64) AppleWebKit/537.36 (KHTML, like Gecko) Chrome/86.0.4240.75 Safari/537.36"
193.194.132.26 - - [23/Oct/2020:09:50:18 +0200] "GET /reload?ser=1603439418784 HTTP/1.1" 200 28 "http://renault.2web.at/account" "Mozilla/5.0 (Windows NT 10.0; Win64; x64) AppleWebKit/537.36 (KHTML, like Gecko) Chrome/86.0.4240.75 Safari/537.36"
80.120.5.131 - - [23/Oct/2020:09:50:22 +0200] "GET /reload?ser=1603439421986 HTTP/1.1" 200 1241 "http://renault.activities.at/success" "Mozilla/5.0 (Windows NT 10.0; Win64; x64) AppleWebKit/537.36 (KHTML, like Gecko) Chrome/86.0.4240.75 Safari/537.36"
