80.120.5.131 - - [29/Oct/2020:11:54:26 +0100] "GET /checkout HTTP/1.1" 200 10251 "http://renault.activities.at/result?dir=DESC&mode=grid&order=name&limit=15&page=3&search=poster" "Mozilla/5.0 (Windows NT 10.0; Win64; x64) AppleWebKit/537.36 (KHTML, like Gecko) Chrome/86.0.4240.111 Safari/537.36"
80.120.5.131 - - [29/Oct/2020:11:54:31 +0100] "GET /js/checkout2.js HTTP/1.1" 200 4122 "http://renault.activities.at/checkout" "Mozilla/5.0 (Windows NT 10.0; Win64; x64) AppleWebKit/537.36 (KHTML, like Gecko) Chrome/86.0.4240.111 Safari/537.36"
80.120.5.131 - - [29/Oct/2020:11:54:31 +0100] "GET /images/ajax_loading.gif HTTP/1.1" 200 1542 "http://renault.activities.at/checkout" "Mozilla/5.0 (Windows NT 10.0; Win64; x64) AppleWebKit/537.36 (KHTML, like Gecko) Chrome/86.0.4240.111 Safari/537.36"
80.120.5.131 - - [29/Oct/2020:11:54:31 +0100] "GET /images/step_bg.jpg HTTP/1.1" 200 319 "http://renault.activities.at/css/styles.css" "Mozilla/5.0 (Windows NT 10.0; Win64; x64) AppleWebKit/537.36 (KHTML, like Gecko) Chrome/86.0.4240.111 Safari/537.36"
80.120.5.131 - - [29/Oct/2020:11:54:31 +0100] "GET /images/step_marker.gif HTTP/1.1" 200 650 "http://renault.activities.at/css/styles.css" "Mozilla/5.0 (Windows NT 10.0; Win64; x64) AppleWebKit/537.36 (KHTML, like Gecko) Chrome/86.0.4240.111 Safari/537.36"
80.120.5.131 - - [29/Oct/2020:11:54:31 +0100] "GET /images/checkout_border_top.gif HTTP/1.1" 200 156 "http://renault.activities.at/css/styles.css" "Mozilla/5.0 (Windows NT 10.0; Win64; x64) AppleWebKit/537.36 (KHTML, like Gecko) Chrome/86.0.4240.111 Safari/537.36"
80.120.5.131 - - [29/Oct/2020:11:54:31 +0100] "GET /images/checkout_border.gif HTTP/1.1" 200 43 "http://renault.activities.at/css/styles.css" "Mozilla/5.0 (Windows NT 10.0; Win64; x64) AppleWebKit/537.36 (KHTML, like Gecko) Chrome/86.0.4240.111 Safari/537.36"
80.120.5.131 - - [29/Oct/2020:11:54:31 +0100] "GET /loadthumbnail.php?id=10201939 HTTP/1.1" 200 201 "http://renault.activities.at/checkout" "Mozilla/5.0 (Windows NT 10.0; Win64; x64) AppleWebKit/537.36 (KHTML, like Gecko) Chrome/86.0.4240.111 Safari/537.36"
80.120.5.131 - - [29/Oct/2020:11:54:31 +0100] "GET /loadthumbnail.php?id=10202698 HTTP/1.1" 200 16686 "http://renault.activities.at/checkout" "Mozilla/5.0 (Windows NT 10.0; Win64; x64) AppleWebKit/537.36 (KHTML, like Gecko) Chrome/86.0.4240.111 Safari/537.36"
80.123.225.38 - - [29/Oct/2020:11:54:32 +0100] "GET /checkout HTTP/1.1" 200 10250 "http://renault.activities.at/result?searchterm=true&search=Preis" "Mozilla/5.0 (Windows NT 10.0; Win64; x64; rv:81.0) Gecko/20100101 Firefox/81.0"
80.123.225.38 - - [29/Oct/2020:11:54:36 +0100] "GET /js/checkout2.js HTTP/1.1" 200 4122 "http://renault.activities.at/checkout" "Mozilla/5.0 (Windows NT 10.0; Win64; x64; rv:81.0) Gecko/20100101 Firefox/81.0"
80.123.225.38 - - [29/Oct/2020:11:54:36 +0100] "GET /images/ajax_loading.gif HTTP/1.1" 200 1542 "http://renault.activities.at/checkout" "Mozilla/5.0 (Windows NT 10.0; Win64; x64; rv:81.0) Gecko/20100101 Firefox/81.0"
80.123.225.38 - - [29/Oct/2020:11:54:36 +0100] "GET /images/step_bg.jpg HTTP/1.1" 200 319 "http://renault.activities.at/css/styles.css" "Mozilla/5.0 (Windows NT 10.0; Win64; x64; rv:81.0) Gecko/20100101 Firefox/81.0"
80.123.225.38 - - [29/Oct/2020:11:54:36 +0100] "GET /images/checkout_border_top.gif HTTP/1.1" 200 156 "http://renault.activities.at/css/styles.css" "Mozilla/5.0 (Windows NT 10.0; Win64; x64; rv:81.0) Gecko/20100101 Firefox/81.0"
80.123.225.38 - - [29/Oct/2020:11:54:36 +0100] "GET /images/step_marker.gif HTTP/1.1" 200 650 "http://renault.activities.at/css/styles.css" "Mozilla/5.0 (Windows NT 10.0; Win64; x64; rv:81.0) Gecko/20100101 Firefox/81.0"
80.123.225.38 - - [29/Oct/2020:11:54:36 +0100] "GET /images/checkout_border.gif HTTP/1.1" 200 43 "http://renault.activities.at/css/styles.css" "Mozilla/5.0 (Windows NT 10.0; Win64; x64; rv:81.0) Gecko/20100101 Firefox/81.0"
80.123.225.38 - - [29/Oct/2020:11:54:36 +0100] "GET /loadthumbnail.php?id=10201939 HTTP/1.1" 200 201 "http://renault.activities.at/checkout" "Mozilla/5.0 (Windows NT 10.0; Win64; x64; rv:81.0) Gecko/20100101 Firefox/81.0"
80.123.225.38 - - [29/Oct/2020:11:54:36 +0100] "GET /loadthumbnail.php?id=10202698 HTTP/1.1" 200 16686 "http://renault.activities.at/checkout" "Mozilla/5.0 (Windows NT 10.0; Win64; x64; rv:81.0) Gecko/20100101 Firefox/81.0"
80.123.225.38 - - [29/Oct/2020:11:54:37 +0100] "GET /loadthumbnail.php?id=11127982 HTTP/1.1" 200 399614 "http://renault.activities.at/checkout" "Mozilla/5.0 (Windows NT 10.0; Win64; x64; rv:81.0) Gecko/20100101 Firefox/81.0"
80.120.5.131 - - [29/Oct/2020:11:54:38 +0100] "POST /docheckout HTTP/1.1" 200 451 "http://renault.activities.at/checkout" "Mozilla/5.0 (Windows NT 10.0; Win64; x64) AppleWebKit/537.36 (KHTML, like Gecko) Chrome/86.0.4240.111 Safari/537.36"
80.123.225.38 - - [29/Oct/2020:11:54:39 +0100] "POST /docheckout HTTP/1.1" 200 450 "http://renault.activities.at/checkout" "Mozilla/5.0 (Windows NT 10.0; Win64; x64; rv:81.0) Gecko/20100101 Firefox/81.0"
80.120.5.131 - - [29/Oct/2020:11:54:42 +0100] "POST /docheckout HTTP/1.1" 200 609 "http://renault.activities.at/checkout" "Mozilla/5.0 (Windows NT 10.0; Win64; x64) AppleWebKit/537.36 (KHTML, like Gecko) Chrome/86.0.4240.111 Safari/537.36"
80.120.5.131 - - [29/Oct/2020:11:54:43 +0100] "GET /images/error_msg_icon.gif HTTP/1.1" 200 1013 "http://renault.activities.at/checkout" "Mozilla/5.0 (Windows NT 10.0; Win64; x64) AppleWebKit/537.36 (KHTML, like Gecko) Chrome/86.0.4240.111 Safari/537.36"
80.123.225.38 - - [29/Oct/2020:11:54:43 +0100] "POST /docheckout HTTP/1.1" 200 607 "http://renault.activities.at/checkout" "Mozilla/5.0 (Windows NT 10.0; Win64; x64; rv:81.0) Gecko/20100101 Firefox/81.0"
80.123.225.38 - - [29/Oct/2020:11:54:44 +0100] "GET /images/error_msg_icon.gif HTTP/1.1" 200 1013 "http://renault.activities.at/checkout" "Mozilla/5.0 (Windows NT 10.0; Win64; x64; rv:81.0) Gecko/20100101 Firefox/81.0"
80.120.5.131 - - [29/Oct/2020:11:54:50 +0100] "POST /docheckout HTTP/1.1" 200 68 "http://renault.activities.at/checkout" "Mozilla/5.0 (Windows NT 10.0; Win64; x64) AppleWebKit/537.36 (KHTML, like Gecko) Chrome/86.0.4240.111 Safari/537.36"
80.120.5.131 - - [29/Oct/2020:11:54:52 +0100] "GET /success HTTP/1.1" 200 3784 "http://renault.activities.at/checkout" "Mozilla/5.0 (Windows NT 10.0; Win64; x64) AppleWebKit/537.36 (KHTML, like Gecko) Chrome/86.0.4240.111 Safari/537.36"
138.21.12.22 - - [29/Oct/2020:11:54:55 +0100] "GET /reload?ser=1603968895105 HTTP/1.1" 200 28 "http://renault.2web.at/12318563" "Mozilla/5.0 (Windows NT 10.0; Win64; x64) AppleWebKit/537.36 (KHTML, like Gecko) Chrome/86.0.4240.111 Safari/537.36"
80.123.225.38 - - [29/Oct/2020:11:54:45 +0100] "POST /docheckout HTTP/1.1" 200 68 "http://renault.activities.at/checkout" "Mozilla/5.0 (Windows NT 10.0; Win64; x64; rv:81.0) Gecko/20100101 Firefox/81.0"
80.123.225.38 - - [29/Oct/2020:11:55:09 +0100] "GET /success HTTP/1.1" 200 3784 "http://renault.activities.at/checkout" "Mozilla/5.0 (Windows NT 10.0; Win64; x64; rv:81.0) Gecko/20100101 Firefox/81.0"
80.123.225.38 - - [29/Oct/2020:11:55:11 +0100] "GET /loadthumbnail.php?id=11127982 HTTP/1.1" 200 399614 "http://renault.activities.at/success" "Mozilla/5.0 (Windows NT 10.0; Win64; x64; rv:81.0) Gecko/20100101 Firefox/81.0"
80.122.53.106 - - [29/Oct/2020:11:55:25 +0100] "GET /reload?ser=1603968927310 HTTP/1.1" 200 28 "http://renault.activities.at/10201633" "Mozilla/5.0 (Windows NT 10.0; WOW64) AppleWebKit/537.36 (KHTML, like Gecko) Chrome/80.0.3987.87 Safari/537.36"
80.120.5.131 - - [29/Oct/2020:11:55:54 +0100] "GET /reload?ser=1603968955005 HTTP/1.1" 200 28 "http://renault.activities.at/success" "Mozilla/5.0 (Windows NT 10.0; Win64; x64) AppleWebKit/537.36 (KHTML, like Gecko) Chrome/86.0.4240.111 Safari/537.36"
138.21.12.22 - - [29/Oct/2020:11:55:57 +0100] "GET /reload?ser=1603968957107 HTTP/1.1" 200 28 "http://renault.2web.at/12318563" "Mozilla/5.0 (Windows NT 10.0; Win64; x64) AppleWebKit/537.36 (KHTML, like Gecko) Chrome/86.0.4240.111 Safari/537.36"
80.123.225.38 - - [29/Oct/2020:11:56:11 +0100] "GET /reload?ser=1603968969941 HTTP/1.1" 200 28 "http://renault.activities.at/success" "Mozilla/5.0 (Windows NT 10.0; Win64; x64; rv:81.0) Gecko/20100101 Firefox/81.0"
80.122.53.106 - - [29/Oct/2020:11:56:26 +0100] "GET /reload?ser=1603968987127 HTTP/1.1" 200 28 "http://renault.activities.at/10201633" "Mozilla/5.0 (Windows NT 10.0; WOW64) AppleWebKit/537.36 (KHTML, like Gecko) Chrome/80.0.3987.87 Safari/537.36"
213.153.47.173 - - [29/Oct/2020:11:56:45 +0100] "GET /layout.php HTTP/1.1" 200 1558 "-" "Mozilla/5.0 (Windows NT 10.0; Win64; x64) AppleWebKit/537.36 (KHTML, like Gecko) Chrome/85.0.4183.121 Safari/537.36 OPR/71.0.3770.284"
213.153.47.173 - - [29/Oct/2020:11:56:46 +0100] "GET /images/favicon.ico HTTP/1.1" 404 305 "-" "Mozilla/5.0 (Windows NT 10.0; Win64; x64) AppleWebKit/537.36 (KHTML, like Gecko) Chrome/85.0.4183.121 Safari/537.36 OPR/71.0.3770.284"
138.21.12.22 - - [29/Oct/2020:11:56:59 +0100] "GET /reload?ser=1603969019106 HTTP/1.1" 200 28 "http://renault.2web.at/12318563" "Mozilla/5.0 (Windows NT 10.0; Win64; x64) AppleWebKit/537.36 (KHTML, like Gecko) Chrome/86.0.4240.111 Safari/537.36"
80.123.225.38 - - [29/Oct/2020:11:57:12 +0100] "GET /reload?ser=1603969030721 HTTP/1.1" 200 28 "http://renault.activities.at/success" "Mozilla/5.0 (Windows NT 10.0; Win64; x64; rv:81.0) Gecko/20100101 Firefox/81.0"
80.122.53.106 - - [29/Oct/2020:11:57:27 +0100] "GET /reload?ser=1603969047486 HTTP/1.1" 200 28 "http://renault.activities.at/10201633" "Mozilla/5.0 (Windows NT 10.0; WOW64) AppleWebKit/537.36 (KHTML, like Gecko) Chrome/80.0.3987.87 Safari/537.36"
138.21.12.22 - - [29/Oct/2020:11:58:01 +0100] "GET /reload?ser=1603969081107 HTTP/1.1" 200 28 "http://renault.2web.at/12318563" "Mozilla/5.0 (Windows NT 10.0; Win64; x64) AppleWebKit/537.36 (KHTML, like Gecko) Chrome/86.0.4240.111 Safari/537.36"
80.123.225.38 - - [29/Oct/2020:11:58:13 +0100] "GET /reload?ser=1603969091521 HTTP/1.1" 200 28 "http://renault.activities.at/success" "Mozilla/5.0 (Windows NT 10.0; Win64; x64; rv:81.0) Gecko/20100101 Firefox/81.0"
80.122.53.106 - - [29/Oct/2020:11:58:28 +0100] "GET /reload?ser=1603969108487 HTTP/1.1" 200 28 "http://renault.activities.at/10201633" "Mozilla/5.0 (Windows NT 10.0; WOW64) AppleWebKit/537.36 (KHTML, like Gecko) Chrome/80.0.3987.87 Safari/537.36"
138.21.12.22 - - [29/Oct/2020:11:59:03 +0100] "GET /reload?ser=1603969143109 HTTP/1.1" 200 28 "http://renault.2web.at/12318563" "Mozilla/5.0 (Windows NT 10.0; Win64; x64) AppleWebKit/537.36 (KHTML, like Gecko) Chrome/86.0.4240.111 Safari/537.36"
80.123.225.38 - - [29/Oct/2020:11:59:14 +0100] "GET /reload?ser=1603969152338 HTTP/1.1" 200 28 "http://renault.activities.at/success" "Mozilla/5.0 (Windows NT 10.0; Win64; x64; rv:81.0) Gecko/20100101 Firefox/81.0"
80.122.53.106 - - [29/Oct/2020:11:59:29 +0100] "GET /reload?ser=1603969169487 HTTP/1.1" 200 28 "http://renault.activities.at/10201633" "Mozilla/5.0 (Windows NT 10.0; WOW64) AppleWebKit/537.36 (KHTML, like Gecko) Chrome/80.0.3987.87 Safari/537.36"
138.21.12.22 - - [29/Oct/2020:12:00:05 +0100] "GET /reload?ser=1603969205110 HTTP/1.1" 200 28 "http://renault.2web.at/12318563" "Mozilla/5.0 (Windows NT 10.0; Win64; x64) AppleWebKit/537.36 (KHTML, like Gecko) Chrome/86.0.4240.111 Safari/537.36"
80.123.225.38 - - [29/Oct/2020:12:00:15 +0100] "GET /reload?ser=1603969213277 HTTP/1.1" 200 28 "http://renault.activities.at/success" "Mozilla/5.0 (Windows NT 10.0; Win64; x64; rv:81.0) Gecko/20100101 Firefox/81.0"
80.122.53.106 - - [29/Oct/2020:12:00:30 +0100] "GET /reload?ser=1603969230487 HTTP/1.1" 200 28 "http://renault.activities.at/10201633" "Mozilla/5.0 (Windows NT 10.0; WOW64) AppleWebKit/537.36 (KHTML, like Gecko) Chrome/80.0.3987.87 Safari/537.36"
138.21.12.22 - - [29/Oct/2020:12:01:07 +0100] "GET /reload?ser=1603969267109 HTTP/1.1" 200 28 "http://renault.2web.at/12318563" "Mozilla/5.0 (Windows NT 10.0; Win64; x64) AppleWebKit/537.36 (KHTML, like Gecko) Chrome/86.0.4240.111 Safari/537.36"
80.123.225.38 - - [29/Oct/2020:12:01:16 +0100] "GET /reload?ser=1603969274386 HTTP/1.1" 200 28 "http://renault.activities.at/success" "Mozilla/5.0 (Windows NT 10.0; Win64; x64; rv:81.0) Gecko/20100101 Firefox/81.0"
80.122.53.106 - - [29/Oct/2020:12:01:31 +0100] "GET /reload?ser=1603969291486 HTTP/1.1" 200 28 "http://renault.activities.at/10201633" "Mozilla/5.0 (Windows NT 10.0; WOW64) AppleWebKit/537.36 (KHTML, like Gecko) Chrome/80.0.3987.87 Safari/537.36"
138.21.12.22 - - [29/Oct/2020:12:02:09 +0100] "GET /reload?ser=1603969329112 HTTP/1.1" 200 28 "http://renault.2web.at/12318563" "Mozilla/5.0 (Windows NT 10.0; Win64; x64) AppleWebKit/537.36 (KHTML, like Gecko) Chrome/86.0.4240.111 Safari/537.36"
80.123.225.38 - - [29/Oct/2020:12:02:17 +0100] "GET /reload?ser=1603969335500 HTTP/1.1" 200 28 "http://renault.activities.at/success" "Mozilla/5.0 (Windows NT 10.0; Win64; x64; rv:81.0) Gecko/20100101 Firefox/81.0"
80.122.53.106 - - [29/Oct/2020:12:02:32 +0100] "GET /reload?ser=1603969352486 HTTP/1.1" 200 28 "http://renault.activities.at/10201633" "Mozilla/5.0 (Windows NT 10.0; WOW64) AppleWebKit/537.36 (KHTML, like Gecko) Chrome/80.0.3987.87 Safari/537.36"
138.21.12.22 - - [29/Oct/2020:12:03:11 +0100] "GET /reload?ser=1603969391130 HTTP/1.1" 200 28 "http://renault.2web.at/12318563" "Mozilla/5.0 (Windows NT 10.0; Win64; x64) AppleWebKit/537.36 (KHTML, like Gecko) Chrome/86.0.4240.111 Safari/537.36"
80.123.225.38 - - [29/Oct/2020:12:03:18 +0100] "GET /reload?ser=1603969396604 HTTP/1.1" 200 28 "http://renault.activities.at/success" "Mozilla/5.0 (Windows NT 10.0; Win64; x64; rv:81.0) Gecko/20100101 Firefox/81.0"
80.122.53.106 - - [29/Oct/2020:12:03:33 +0100] "GET /reload?ser=1603969413486 HTTP/1.1" 200 28 "http://renault.activities.at/10201633" "Mozilla/5.0 (Windows NT 10.0; WOW64) AppleWebKit/537.36 (KHTML, like Gecko) Chrome/80.0.3987.87 Safari/537.36"
138.21.12.22 - - [29/Oct/2020:12:04:13 +0100] "GET /reload?ser=1603969453121 HTTP/1.1" 200 28 "http://renault.2web.at/12318563" "Mozilla/5.0 (Windows NT 10.0; Win64; x64) AppleWebKit/537.36 (KHTML, like Gecko) Chrome/86.0.4240.111 Safari/537.36"
80.123.225.38 - - [29/Oct/2020:12:04:19 +0100] "GET /reload?ser=1603969457725 HTTP/1.1" 200 28 "http://renault.activities.at/success" "Mozilla/5.0 (Windows NT 10.0; Win64; x64; rv:81.0) Gecko/20100101 Firefox/81.0"
80.122.53.106 - - [29/Oct/2020:12:04:34 +0100] "GET /reload?ser=1603969474481 HTTP/1.1" 200 28 "http://renault.activities.at/10201633" "Mozilla/5.0 (Windows NT 10.0; WOW64) AppleWebKit/537.36 (KHTML, like Gecko) Chrome/80.0.3987.87 Safari/537.36"
138.21.12.22 - - [29/Oct/2020:12:05:15 +0100] "GET /reload?ser=1603969515121 HTTP/1.1" 200 28 "http://renault.2web.at/12318563" "Mozilla/5.0 (Windows NT 10.0; Win64; x64) AppleWebKit/537.36 (KHTML, like Gecko) Chrome/86.0.4240.111 Safari/537.36"
80.123.225.38 - - [29/Oct/2020:12:05:20 +0100] "GET /reload?ser=1603969518813 HTTP/1.1" 200 28 "http://renault.activities.at/success" "Mozilla/5.0 (Windows NT 10.0; Win64; x64; rv:81.0) Gecko/20100101 Firefox/81.0"
80.122.53.106 - - [29/Oct/2020:12:05:35 +0100] "GET /reload?ser=1603969535460 HTTP/1.1" 200 28 "http://renault.activities.at/10201633" "Mozilla/5.0 (Windows NT 10.0; WOW64) AppleWebKit/537.36 (KHTML, like Gecko) Chrome/80.0.3987.87 Safari/537.36"
138.21.12.22 - - [29/Oct/2020:12:06:17 +0100] "GET /reload?ser=1603969577125 HTTP/1.1" 200 28 "http://renault.2web.at/12318563" "Mozilla/5.0 (Windows NT 10.0; Win64; x64) AppleWebKit/537.36 (KHTML, like Gecko) Chrome/86.0.4240.111 Safari/537.36"
80.123.225.38 - - [29/Oct/2020:12:06:21 +0100] "GET /reload?ser=1603969579787 HTTP/1.1" 200 28 "http://renault.activities.at/success" "Mozilla/5.0 (Windows NT 10.0; Win64; x64; rv:81.0) Gecko/20100101 Firefox/81.0"
80.122.53.106 - - [29/Oct/2020:12:06:36 +0100] "GET /reload?ser=1603969596438 HTTP/1.1" 200 28 "http://renault.activities.at/10201633" "Mozilla/5.0 (Windows NT 10.0; WOW64) AppleWebKit/537.36 (KHTML, like Gecko) Chrome/80.0.3987.87 Safari/537.36"
138.21.12.22 - - [29/Oct/2020:12:07:19 +0100] "GET /reload?ser=1603969639130 HTTP/1.1" 200 28 "http://renault.2web.at/12318563" "Mozilla/5.0 (Windows NT 10.0; Win64; x64) AppleWebKit/537.36 (KHTML, like Gecko) Chrome/86.0.4240.111 Safari/537.36"
80.123.225.38 - - [29/Oct/2020:12:07:22 +0100] "GET /reload?ser=1603969640763 HTTP/1.1" 200 28 "http://renault.activities.at/success" "Mozilla/5.0 (Windows NT 10.0; Win64; x64; rv:81.0) Gecko/20100101 Firefox/81.0"
80.122.53.106 - - [29/Oct/2020:12:07:37 +0100] "GET /reload?ser=1603969657417 HTTP/1.1" 200 28 "http://renault.activities.at/10201633" "Mozilla/5.0 (Windows NT 10.0; WOW64) AppleWebKit/537.36 (KHTML, like Gecko) Chrome/80.0.3987.87 Safari/537.36"
138.21.12.22 - - [29/Oct/2020:12:08:21 +0100] "GET /reload?ser=1603969701132 HTTP/1.1" 200 28 "http://renault.2web.at/12318563" "Mozilla/5.0 (Windows NT 10.0; Win64; x64) AppleWebKit/537.36 (KHTML, like Gecko) Chrome/86.0.4240.111 Safari/537.36"
80.123.225.38 - - [29/Oct/2020:12:08:23 +0100] "GET /reload?ser=1603969701706 HTTP/1.1" 200 28 "http://renault.activities.at/success" "Mozilla/5.0 (Windows NT 10.0; Win64; x64; rv:81.0) Gecko/20100101 Firefox/81.0"
80.122.53.106 - - [29/Oct/2020:12:08:38 +0100] "GET /reload?ser=1603969718396 HTTP/1.1" 200 28 "http://renault.activities.at/10201633" "Mozilla/5.0 (Windows NT 10.0; WOW64) AppleWebKit/537.36 (KHTML, like Gecko) Chrome/80.0.3987.87 Safari/537.36"
138.21.12.22 - - [29/Oct/2020:12:09:23 +0100] "GET /reload?ser=1603969763134 HTTP/1.1" 200 28 "http://renault.2web.at/12318563" "Mozilla/5.0 (Windows NT 10.0; Win64; x64) AppleWebKit/537.36 (KHTML, like Gecko) Chrome/86.0.4240.111 Safari/537.36"
80.123.225.38 - - [29/Oct/2020:12:09:24 +0100] "GET /reload?ser=1603969762663 HTTP/1.1" 200 28 "http://renault.activities.at/success" "Mozilla/5.0 (Windows NT 10.0; Win64; x64; rv:81.0) Gecko/20100101 Firefox/81.0"
80.122.53.106 - - [29/Oct/2020:12:09:39 +0100] "GET /reload?ser=1603969779381 HTTP/1.1" 200 28 "http://renault.activities.at/10201633" "Mozilla/5.0 (Windows NT 10.0; WOW64) AppleWebKit/537.36 (KHTML, like Gecko) Chrome/80.0.3987.87 Safari/537.36"
138.21.12.22 - - [29/Oct/2020:12:10:25 +0100] "GET /reload?ser=1603969825140 HTTP/1.1" 200 28 "http://renault.2web.at/12318563" "Mozilla/5.0 (Windows NT 10.0; Win64; x64) AppleWebKit/537.36 (KHTML, like Gecko) Chrome/86.0.4240.111 Safari/537.36"
80.123.225.38 - - [29/Oct/2020:12:10:25 +0100] "GET /reload?ser=1603969823582 HTTP/1.1" 200 28 "http://renault.activities.at/success" "Mozilla/5.0 (Windows NT 10.0; Win64; x64; rv:81.0) Gecko/20100101 Firefox/81.0"
80.122.53.106 - - [29/Oct/2020:12:10:40 +0100] "GET /reload?ser=1603969840381 HTTP/1.1" 200 28 "http://renault.activities.at/10201633" "Mozilla/5.0 (Windows NT 10.0; WOW64) AppleWebKit/537.36 (KHTML, like Gecko) Chrome/80.0.3987.87 Safari/537.36"
80.123.225.38 - - [29/Oct/2020:12:11:26 +0100] "GET /reload?ser=1603969884458 HTTP/1.1" 200 28 "http://renault.activities.at/success" "Mozilla/5.0 (Windows NT 10.0; Win64; x64; rv:81.0) Gecko/20100101 Firefox/81.0"
138.21.12.22 - - [29/Oct/2020:12:11:27 +0100] "GET /reload?ser=1603969887144 HTTP/1.1" 200 28 "http://renault.2web.at/12318563" "Mozilla/5.0 (Windows NT 10.0; Win64; x64) AppleWebKit/537.36 (KHTML, like Gecko) Chrome/86.0.4240.111 Safari/537.36"
80.122.53.106 - - [29/Oct/2020:12:11:41 +0100] "GET /reload?ser=1603969901381 HTTP/1.1" 200 28 "http://renault.activities.at/10201633" "Mozilla/5.0 (Windows NT 10.0; WOW64) AppleWebKit/537.36 (KHTML, like Gecko) Chrome/80.0.3987.87 Safari/537.36"
80.123.225.38 - - [29/Oct/2020:12:12:27 +0100] "GET /reload?ser=1603969945360 HTTP/1.1" 200 28 "http://renault.activities.at/success" "Mozilla/5.0 (Windows NT 10.0; Win64; x64; rv:81.0) Gecko/20100101 Firefox/81.0"
138.21.12.22 - - [29/Oct/2020:12:12:29 +0100] "GET /reload?ser=1603969949142 HTTP/1.1" 200 28 "http://renault.2web.at/12318563" "Mozilla/5.0 (Windows NT 10.0; Win64; x64) AppleWebKit/537.36 (KHTML, like Gecko) Chrome/86.0.4240.111 Safari/537.36"
80.122.53.106 - - [29/Oct/2020:12:12:42 +0100] "GET /reload?ser=1603969962381 HTTP/1.1" 200 28 "http://renault.activities.at/10201633" "Mozilla/5.0 (Windows NT 10.0; WOW64) AppleWebKit/537.36 (KHTML, like Gecko) Chrome/80.0.3987.87 Safari/537.36"
80.123.225.38 - - [29/Oct/2020:12:13:28 +0100] "GET /reload?ser=1603970006243 HTTP/1.1" 200 28 "http://renault.activities.at/success" "Mozilla/5.0 (Windows NT 10.0; Win64; x64; rv:81.0) Gecko/20100101 Firefox/81.0"
138.21.12.22 - - [29/Oct/2020:12:13:31 +0100] "GET /reload?ser=1603970011143 HTTP/1.1" 200 28 "http://renault.2web.at/12318563" "Mozilla/5.0 (Windows NT 10.0; Win64; x64) AppleWebKit/537.36 (KHTML, like Gecko) Chrome/86.0.4240.111 Safari/537.36"
80.122.53.106 - - [29/Oct/2020:12:13:43 +0100] "GET /reload?ser=1603970023381 HTTP/1.1" 200 28 "http://renault.activities.at/10201633" "Mozilla/5.0 (Windows NT 10.0; WOW64) AppleWebKit/537.36 (KHTML, like Gecko) Chrome/80.0.3987.87 Safari/537.36"
80.123.225.38 - - [29/Oct/2020:12:14:29 +0100] "GET /reload?ser=1603970067112 HTTP/1.1" 200 28 "http://renault.activities.at/success" "Mozilla/5.0 (Windows NT 10.0; Win64; x64; rv:81.0) Gecko/20100101 Firefox/81.0"
138.21.12.22 - - [29/Oct/2020:12:14:33 +0100] "GET /reload?ser=1603970073150 HTTP/1.1" 200 28 "http://renault.2web.at/12318563" "Mozilla/5.0 (Windows NT 10.0; Win64; x64) AppleWebKit/537.36 (KHTML, like Gecko) Chrome/86.0.4240.111 Safari/537.36"
80.122.53.106 - - [29/Oct/2020:12:14:44 +0100] "GET /reload?ser=1603970084381 HTTP/1.1" 200 28 "http://renault.activities.at/10201633" "Mozilla/5.0 (Windows NT 10.0; WOW64) AppleWebKit/537.36 (KHTML, like Gecko) Chrome/80.0.3987.87 Safari/537.36"
80.123.225.38 - - [29/Oct/2020:12:15:30 +0100] "GET /reload?ser=1603970127960 HTTP/1.1" 200 28 "http://renault.activities.at/success" "Mozilla/5.0 (Windows NT 10.0; Win64; x64; rv:81.0) Gecko/20100101 Firefox/81.0"
138.21.12.22 - - [29/Oct/2020:12:15:35 +0100] "GET /reload?ser=1603970135148 HTTP/1.1" 200 28 "http://renault.2web.at/12318563" "Mozilla/5.0 (Windows NT 10.0; Win64; x64) AppleWebKit/537.36 (KHTML, like Gecko) Chrome/86.0.4240.111 Safari/537.36"
80.122.53.106 - - [29/Oct/2020:12:15:45 +0100] "GET /reload?ser=1603970145381 HTTP/1.1" 200 28 "http://renault.activities.at/10201633" "Mozilla/5.0 (Windows NT 10.0; WOW64) AppleWebKit/537.36 (KHTML, like Gecko) Chrome/80.0.3987.87 Safari/537.36"
80.123.225.38 - - [29/Oct/2020:12:16:31 +0100] "GET /reload?ser=1603970188799 HTTP/1.1" 200 28 "http://renault.activities.at/success" "Mozilla/5.0 (Windows NT 10.0; Win64; x64; rv:81.0) Gecko/20100101 Firefox/81.0"
138.21.12.22 - - [29/Oct/2020:12:16:37 +0100] "GET /reload?ser=1603970197150 HTTP/1.1" 200 28 "http://renault.2web.at/12318563" "Mozilla/5.0 (Windows NT 10.0; Win64; x64) AppleWebKit/537.36 (KHTML, like Gecko) Chrome/86.0.4240.111 Safari/537.36"
80.122.53.106 - - [29/Oct/2020:12:16:46 +0100] "GET /reload?ser=1603970206381 HTTP/1.1" 200 28 "http://renault.activities.at/10201633" "Mozilla/5.0 (Windows NT 10.0; WOW64) AppleWebKit/537.36 (KHTML, like Gecko) Chrome/80.0.3987.87 Safari/537.36"
80.123.225.38 - - [29/Oct/2020:12:17:32 +0100] "GET /reload?ser=1603970249753 HTTP/1.1" 200 28 "http://renault.activities.at/success" "Mozilla/5.0 (Windows NT 10.0; Win64; x64; rv:81.0) Gecko/20100101 Firefox/81.0"
138.21.12.22 - - [29/Oct/2020:12:17:39 +0100] "GET /reload?ser=1603970259152 HTTP/1.1" 200 28 "http://renault.2web.at/12318563" "Mozilla/5.0 (Windows NT 10.0; Win64; x64) AppleWebKit/537.36 (KHTML, like Gecko) Chrome/86.0.4240.111 Safari/537.36"
80.122.53.106 - - [29/Oct/2020:12:17:47 +0100] "GET /reload?ser=1603970267381 HTTP/1.1" 200 28 "http://renault.activities.at/10201633" "Mozilla/5.0 (Windows NT 10.0; WOW64) AppleWebKit/537.36 (KHTML, like Gecko) Chrome/80.0.3987.87 Safari/537.36"
80.123.225.38 - - [29/Oct/2020:12:18:33 +0100] "GET /reload?ser=1603970310903 HTTP/1.1" 200 28 "http://renault.activities.at/success" "Mozilla/5.0 (Windows NT 10.0; Win64; x64; rv:81.0) Gecko/20100101 Firefox/81.0"
138.21.12.22 - - [29/Oct/2020:12:18:41 +0100] "GET /reload?ser=1603970321153 HTTP/1.1" 200 28 "http://renault.2web.at/12318563" "Mozilla/5.0 (Windows NT 10.0; Win64; x64) AppleWebKit/537.36 (KHTML, like Gecko) Chrome/86.0.4240.111 Safari/537.36"
80.122.53.106 - - [29/Oct/2020:12:18:48 +0100] "GET /reload?ser=1603970328381 HTTP/1.1" 200 28 "http://renault.activities.at/10201633" "Mozilla/5.0 (Windows NT 10.0; WOW64) AppleWebKit/537.36 (KHTML, like Gecko) Chrome/80.0.3987.87 Safari/537.36"
80.123.225.38 - - [29/Oct/2020:12:19:34 +0100] "GET /reload?ser=1603970372053 HTTP/1.1" 200 28 "http://renault.activities.at/success" "Mozilla/5.0 (Windows NT 10.0; Win64; x64; rv:81.0) Gecko/20100101 Firefox/81.0"
138.21.12.22 - - [29/Oct/2020:12:19:43 +0100] "GET /reload?ser=1603970383154 HTTP/1.1" 200 28 "http://renault.2web.at/12318563" "Mozilla/5.0 (Windows NT 10.0; Win64; x64) AppleWebKit/537.36 (KHTML, like Gecko) Chrome/86.0.4240.111 Safari/537.36"
80.122.53.106 - - [29/Oct/2020:12:19:49 +0100] "GET /reload?ser=1603970389381 HTTP/1.1" 200 28 "http://renault.activities.at/10201633" "Mozilla/5.0 (Windows NT 10.0; WOW64) AppleWebKit/537.36 (KHTML, like Gecko) Chrome/80.0.3987.87 Safari/537.36"
80.123.225.38 - - [29/Oct/2020:12:20:35 +0100] "GET /reload?ser=1603970433205 HTTP/1.1" 200 28 "http://renault.activities.at/success" "Mozilla/5.0 (Windows NT 10.0; Win64; x64; rv:81.0) Gecko/20100101 Firefox/81.0"
138.21.12.22 - - [29/Oct/2020:12:20:45 +0100] "GET /reload?ser=1603970445158 HTTP/1.1" 200 28 "http://renault.2web.at/12318563" "Mozilla/5.0 (Windows NT 10.0; Win64; x64) AppleWebKit/537.36 (KHTML, like Gecko) Chrome/86.0.4240.111 Safari/537.36"
80.122.53.106 - - [29/Oct/2020:12:20:50 +0100] "GET /reload?ser=1603970450381 HTTP/1.1" 200 28 "http://renault.activities.at/10201633" "Mozilla/5.0 (Windows NT 10.0; WOW64) AppleWebKit/537.36 (KHTML, like Gecko) Chrome/80.0.3987.87 Safari/537.36"
80.123.225.38 - - [29/Oct/2020:12:21:36 +0100] "GET /reload?ser=1603970494346 HTTP/1.1" 200 28 "http://renault.activities.at/success" "Mozilla/5.0 (Windows NT 10.0; Win64; x64; rv:81.0) Gecko/20100101 Firefox/81.0"
138.21.12.22 - - [29/Oct/2020:12:21:47 +0100] "GET /reload?ser=1603970507157 HTTP/1.1" 200 28 "http://renault.2web.at/12318563" "Mozilla/5.0 (Windows NT 10.0; Win64; x64) AppleWebKit/537.36 (KHTML, like Gecko) Chrome/86.0.4240.111 Safari/537.36"
80.122.53.106 - - [29/Oct/2020:12:21:51 +0100] "GET /reload?ser=1603970511380 HTTP/1.1" 200 28 "http://renault.activities.at/10201633" "Mozilla/5.0 (Windows NT 10.0; WOW64) AppleWebKit/537.36 (KHTML, like Gecko) Chrome/80.0.3987.87 Safari/537.36"
80.123.225.38 - - [29/Oct/2020:12:22:37 +0100] "GET /reload?ser=1603970555370 HTTP/1.1" 200 28 "http://renault.activities.at/success" "Mozilla/5.0 (Windows NT 10.0; Win64; x64; rv:81.0) Gecko/20100101 Firefox/81.0"
138.21.12.22 - - [29/Oct/2020:12:22:49 +0100] "GET /reload?ser=1603970569158 HTTP/1.1" 200 28 "http://renault.2web.at/12318563" "Mozilla/5.0 (Windows NT 10.0; Win64; x64) AppleWebKit/537.36 (KHTML, like Gecko) Chrome/86.0.4240.111 Safari/537.36"
80.122.53.106 - - [29/Oct/2020:12:22:52 +0100] "GET /reload?ser=1603970572381 HTTP/1.1" 200 28 "http://renault.activities.at/10201633" "Mozilla/5.0 (Windows NT 10.0; WOW64) AppleWebKit/537.36 (KHTML, like Gecko) Chrome/80.0.3987.87 Safari/537.36"
80.123.225.38 - - [29/Oct/2020:12:23:38 +0100] "GET /reload?ser=1603970616315 HTTP/1.1" 200 28 "http://renault.activities.at/success" "Mozilla/5.0 (Windows NT 10.0; Win64; x64; rv:81.0) Gecko/20100101 Firefox/81.0"
138.21.12.22 - - [29/Oct/2020:12:23:51 +0100] "GET /reload?ser=1603970631159 HTTP/1.1" 200 28 "http://renault.2web.at/12318563" "Mozilla/5.0 (Windows NT 10.0; Win64; x64) AppleWebKit/537.36 (KHTML, like Gecko) Chrome/86.0.4240.111 Safari/537.36"
80.122.53.106 - - [29/Oct/2020:12:23:53 +0100] "GET /reload?ser=1603970633381 HTTP/1.1" 200 28 "http://renault.activities.at/10201633" "Mozilla/5.0 (Windows NT 10.0; WOW64) AppleWebKit/537.36 (KHTML, like Gecko) Chrome/80.0.3987.87 Safari/537.36"
80.123.225.38 - - [29/Oct/2020:12:24:39 +0100] "GET /reload?ser=1603970677237 HTTP/1.1" 200 28 "http://renault.activities.at/success" "Mozilla/5.0 (Windows NT 10.0; Win64; x64; rv:81.0) Gecko/20100101 Firefox/81.0"
138.21.12.22 - - [29/Oct/2020:12:24:53 +0100] "GET /reload?ser=1603970693159 HTTP/1.1" 200 28 "http://renault.2web.at/12318563" "Mozilla/5.0 (Windows NT 10.0; Win64; x64) AppleWebKit/537.36 (KHTML, like Gecko) Chrome/86.0.4240.111 Safari/537.36"
80.122.53.106 - - [29/Oct/2020:12:24:54 +0100] "GET /reload?ser=1603970694381 HTTP/1.1" 200 28 "http://renault.activities.at/10201633" "Mozilla/5.0 (Windows NT 10.0; WOW64) AppleWebKit/537.36 (KHTML, like Gecko) Chrome/80.0.3987.87 Safari/537.36"
80.123.225.38 - - [29/Oct/2020:12:25:40 +0100] "GET /reload?ser=1603970738200 HTTP/1.1" 200 28 "http://renault.activities.at/success" "Mozilla/5.0 (Windows NT 10.0; Win64; x64; rv:81.0) Gecko/20100101 Firefox/81.0"
138.21.12.22 - - [29/Oct/2020:12:25:55 +0100] "GET /reload?ser=1603970755165 HTTP/1.1" 200 28 "http://renault.2web.at/12318563" "Mozilla/5.0 (Windows NT 10.0; Win64; x64) AppleWebKit/537.36 (KHTML, like Gecko) Chrome/86.0.4240.111 Safari/537.36"
80.122.53.106 - - [29/Oct/2020:12:25:55 +0100] "GET /reload?ser=1603970755383 HTTP/1.1" 200 28 "http://renault.activities.at/10201633" "Mozilla/5.0 (Windows NT 10.0; WOW64) AppleWebKit/537.36 (KHTML, like Gecko) Chrome/80.0.3987.87 Safari/537.36"
80.123.225.38 - - [29/Oct/2020:12:26:41 +0100] "GET /reload?ser=1603970799159 HTTP/1.1" 200 28 "http://renault.activities.at/success" "Mozilla/5.0 (Windows NT 10.0; Win64; x64; rv:81.0) Gecko/20100101 Firefox/81.0"
80.122.53.106 - - [29/Oct/2020:12:26:56 +0100] "GET /reload?ser=1603970816381 HTTP/1.1" 200 28 "http://renault.activities.at/10201633" "Mozilla/5.0 (Windows NT 10.0; WOW64) AppleWebKit/537.36 (KHTML, like Gecko) Chrome/80.0.3987.87 Safari/537.36"
138.21.12.22 - - [29/Oct/2020:12:26:57 +0100] "GET /reload?ser=1603970817162 HTTP/1.1" 200 28 "http://renault.2web.at/12318563" "Mozilla/5.0 (Windows NT 10.0; Win64; x64) AppleWebKit/537.36 (KHTML, like Gecko) Chrome/86.0.4240.111 Safari/537.36"
80.123.225.38 - - [29/Oct/2020:12:27:42 +0100] "GET /reload?ser=1603970860055 HTTP/1.1" 200 28 "http://renault.activities.at/success" "Mozilla/5.0 (Windows NT 10.0; Win64; x64; rv:81.0) Gecko/20100101 Firefox/81.0"
80.122.53.106 - - [29/Oct/2020:12:27:57 +0100] "GET /reload?ser=1603970877383 HTTP/1.1" 200 28 "http://renault.activities.at/10201633" "Mozilla/5.0 (Windows NT 10.0; WOW64) AppleWebKit/537.36 (KHTML, like Gecko) Chrome/80.0.3987.87 Safari/537.36"
138.21.12.22 - - [29/Oct/2020:12:27:59 +0100] "GET /reload?ser=1603970879164 HTTP/1.1" 200 28 "http://renault.2web.at/12318563" "Mozilla/5.0 (Windows NT 10.0; Win64; x64) AppleWebKit/537.36 (KHTML, like Gecko) Chrome/86.0.4240.111 Safari/537.36"
80.123.225.38 - - [29/Oct/2020:12:28:43 +0100] "GET /reload?ser=1603970920934 HTTP/1.1" 200 28 "http://renault.activities.at/success" "Mozilla/5.0 (Windows NT 10.0; Win64; x64; rv:81.0) Gecko/20100101 Firefox/81.0"
80.122.53.106 - - [29/Oct/2020:12:28:58 +0100] "GET /reload?ser=1603970938381 HTTP/1.1" 200 28 "http://renault.activities.at/10201633" "Mozilla/5.0 (Windows NT 10.0; WOW64) AppleWebKit/537.36 (KHTML, like Gecko) Chrome/80.0.3987.87 Safari/537.36"
138.21.12.22 - - [29/Oct/2020:12:29:01 +0100] "GET /reload?ser=1603970941164 HTTP/1.1" 200 28 "http://renault.2web.at/12318563" "Mozilla/5.0 (Windows NT 10.0; Win64; x64) AppleWebKit/537.36 (KHTML, like Gecko) Chrome/86.0.4240.111 Safari/537.36"
80.123.225.38 - - [29/Oct/2020:12:29:44 +0100] "GET /reload?ser=1603970981812 HTTP/1.1" 200 28 "http://renault.activities.at/success" "Mozilla/5.0 (Windows NT 10.0; Win64; x64; rv:81.0) Gecko/20100101 Firefox/81.0"
80.122.53.106 - - [29/Oct/2020:12:29:59 +0100] "GET /reload?ser=1603970999382 HTTP/1.1" 200 28 "http://renault.activities.at/10201633" "Mozilla/5.0 (Windows NT 10.0; WOW64) AppleWebKit/537.36 (KHTML, like Gecko) Chrome/80.0.3987.87 Safari/537.36"
138.21.12.22 - - [29/Oct/2020:12:30:03 +0100] "GET /reload?ser=1603971003166 HTTP/1.1" 200 28 "http://renault.2web.at/12318563" "Mozilla/5.0 (Windows NT 10.0; Win64; x64) AppleWebKit/537.36 (KHTML, like Gecko) Chrome/86.0.4240.111 Safari/537.36"
80.123.225.38 - - [29/Oct/2020:12:30:45 +0100] "GET /reload?ser=1603971042685 HTTP/1.1" 200 28 "http://renault.activities.at/success" "Mozilla/5.0 (Windows NT 10.0; Win64; x64; rv:81.0) Gecko/20100101 Firefox/81.0"
80.122.53.106 - - [29/Oct/2020:12:31:00 +0100] "GET /reload?ser=1603971060381 HTTP/1.1" 200 28 "http://renault.activities.at/10201633" "Mozilla/5.0 (Windows NT 10.0; WOW64) AppleWebKit/537.36 (KHTML, like Gecko) Chrome/80.0.3987.87 Safari/537.36"
138.21.12.22 - - [29/Oct/2020:12:31:05 +0100] "GET /reload?ser=1603971065169 HTTP/1.1" 200 28 "http://renault.2web.at/12318563" "Mozilla/5.0 (Windows NT 10.0; Win64; x64) AppleWebKit/537.36 (KHTML, like Gecko) Chrome/86.0.4240.111 Safari/537.36"
80.123.225.38 - - [29/Oct/2020:12:31:45 +0100] "GET /reload?ser=1603971103538 HTTP/1.1" 200 28 "http://renault.activities.at/success" "Mozilla/5.0 (Windows NT 10.0; Win64; x64; rv:81.0) Gecko/20100101 Firefox/81.0"
80.122.53.106 - - [29/Oct/2020:12:32:01 +0100] "GET /reload?ser=1603971121382 HTTP/1.1" 200 28 "http://renault.activities.at/10201633" "Mozilla/5.0 (Windows NT 10.0; WOW64) AppleWebKit/537.36 (KHTML, like Gecko) Chrome/80.0.3987.87 Safari/537.36"
138.21.12.22 - - [29/Oct/2020:12:32:07 +0100] "GET /reload?ser=1603971127172 HTTP/1.1" 200 28 "http://renault.2web.at/12318563" "Mozilla/5.0 (Windows NT 10.0; Win64; x64) AppleWebKit/537.36 (KHTML, like Gecko) Chrome/86.0.4240.111 Safari/537.36"
80.123.225.38 - - [29/Oct/2020:12:32:46 +0100] "GET /reload?ser=1603971164359 HTTP/1.1" 200 28 "http://renault.activities.at/success" "Mozilla/5.0 (Windows NT 10.0; Win64; x64; rv:81.0) Gecko/20100101 Firefox/81.0"
80.122.53.106 - - [29/Oct/2020:12:33:02 +0100] "GET /reload?ser=1603971182381 HTTP/1.1" 200 28 "http://renault.activities.at/10201633" "Mozilla/5.0 (Windows NT 10.0; WOW64) AppleWebKit/537.36 (KHTML, like Gecko) Chrome/80.0.3987.87 Safari/537.36"
138.21.12.22 - - [29/Oct/2020:12:33:09 +0100] "GET /reload?ser=1603971189167 HTTP/1.1" 200 28 "http://renault.2web.at/12318563" "Mozilla/5.0 (Windows NT 10.0; Win64; x64) AppleWebKit/537.36 (KHTML, like Gecko) Chrome/86.0.4240.111 Safari/537.36"
80.123.225.38 - - [29/Oct/2020:12:33:47 +0100] "GET /reload?ser=1603971225204 HTTP/1.1" 200 28 "http://renault.activities.at/success" "Mozilla/5.0 (Windows NT 10.0; Win64; x64; rv:81.0) Gecko/20100101 Firefox/81.0"
80.122.53.106 - - [29/Oct/2020:12:34:03 +0100] "GET /reload?ser=1603971243381 HTTP/1.1" 200 28 "http://renault.activities.at/10201633" "Mozilla/5.0 (Windows NT 10.0; WOW64) AppleWebKit/537.36 (KHTML, like Gecko) Chrome/80.0.3987.87 Safari/537.36"
138.21.12.22 - - [29/Oct/2020:12:34:11 +0100] "GET /reload?ser=1603971251168 HTTP/1.1" 200 28 "http://renault.2web.at/12318563" "Mozilla/5.0 (Windows NT 10.0; Win64; x64) AppleWebKit/537.36 (KHTML, like Gecko) Chrome/86.0.4240.111 Safari/537.36"
80.123.225.38 - - [29/Oct/2020:12:34:48 +0100] "GET /reload?ser=1603971286248 HTTP/1.1" 200 28 "http://renault.activities.at/success" "Mozilla/5.0 (Windows NT 10.0; Win64; x64; rv:81.0) Gecko/20100101 Firefox/81.0"
80.122.53.106 - - [29/Oct/2020:12:35:04 +0100] "GET /reload?ser=1603971304382 HTTP/1.1" 200 28 "http://renault.activities.at/10201633" "Mozilla/5.0 (Windows NT 10.0; WOW64) AppleWebKit/537.36 (KHTML, like Gecko) Chrome/80.0.3987.87 Safari/537.36"
138.21.12.22 - - [29/Oct/2020:12:35:13 +0100] "GET /reload?ser=1603971313169 HTTP/1.1" 200 28 "http://renault.2web.at/12318563" "Mozilla/5.0 (Windows NT 10.0; Win64; x64) AppleWebKit/537.36 (KHTML, like Gecko) Chrome/86.0.4240.111 Safari/537.36"
80.123.225.38 - - [29/Oct/2020:12:35:49 +0100] "GET /reload?ser=1603971347378 HTTP/1.1" 200 28 "http://renault.activities.at/success" "Mozilla/5.0 (Windows NT 10.0; Win64; x64; rv:81.0) Gecko/20100101 Firefox/81.0"
80.122.53.106 - - [29/Oct/2020:12:36:05 +0100] "GET /reload?ser=1603971365382 HTTP/1.1" 200 28 "http://renault.activities.at/10201633" "Mozilla/5.0 (Windows NT 10.0; WOW64) AppleWebKit/537.36 (KHTML, like Gecko) Chrome/80.0.3987.87 Safari/537.36"
138.21.12.22 - - [29/Oct/2020:12:36:15 +0100] "GET /reload?ser=1603971375168 HTTP/1.1" 200 28 "http://renault.2web.at/12318563" "Mozilla/5.0 (Windows NT 10.0; Win64; x64) AppleWebKit/537.36 (KHTML, like Gecko) Chrome/86.0.4240.111 Safari/537.36"
80.123.225.38 - - [29/Oct/2020:12:36:50 +0100] "GET /reload?ser=1603971408500 HTTP/1.1" 200 28 "http://renault.activities.at/success" "Mozilla/5.0 (Windows NT 10.0; Win64; x64; rv:81.0) Gecko/20100101 Firefox/81.0"
80.122.53.106 - - [29/Oct/2020:12:37:06 +0100] "GET /reload?ser=1603971426382 HTTP/1.1" 200 28 "http://renault.activities.at/10201633" "Mozilla/5.0 (Windows NT 10.0; WOW64) AppleWebKit/537.36 (KHTML, like Gecko) Chrome/80.0.3987.87 Safari/537.36"
138.21.12.22 - - [29/Oct/2020:12:37:17 +0100] "GET /reload?ser=1603971437169 HTTP/1.1" 200 28 "http://renault.2web.at/12318563" "Mozilla/5.0 (Windows NT 10.0; Win64; x64) AppleWebKit/537.36 (KHTML, like Gecko) Chrome/86.0.4240.111 Safari/537.36"
80.123.225.38 - - [29/Oct/2020:12:37:51 +0100] "GET /reload?ser=1603971469646 HTTP/1.1" 200 28 "http://renault.activities.at/success" "Mozilla/5.0 (Windows NT 10.0; Win64; x64; rv:81.0) Gecko/20100101 Firefox/81.0"
80.122.53.106 - - [29/Oct/2020:12:38:07 +0100] "GET /reload?ser=1603971487381 HTTP/1.1" 200 28 "http://renault.activities.at/10201633" "Mozilla/5.0 (Windows NT 10.0; WOW64) AppleWebKit/537.36 (KHTML, like Gecko) Chrome/80.0.3987.87 Safari/537.36"
138.21.12.22 - - [29/Oct/2020:12:38:19 +0100] "GET /reload?ser=1603971499175 HTTP/1.1" 200 28 "http://renault.2web.at/12318563" "Mozilla/5.0 (Windows NT 10.0; Win64; x64) AppleWebKit/537.36 (KHTML, like Gecko) Chrome/86.0.4240.111 Safari/537.36"
80.123.225.38 - - [29/Oct/2020:12:38:52 +0100] "GET /reload?ser=1603971530802 HTTP/1.1" 200 28 "http://renault.activities.at/success" "Mozilla/5.0 (Windows NT 10.0; Win64; x64; rv:81.0) Gecko/20100101 Firefox/81.0"
80.122.53.106 - - [29/Oct/2020:12:39:08 +0100] "GET /reload?ser=1603971548382 HTTP/1.1" 200 28 "http://renault.activities.at/10201633" "Mozilla/5.0 (Windows NT 10.0; WOW64) AppleWebKit/537.36 (KHTML, like Gecko) Chrome/80.0.3987.87 Safari/537.36"
138.21.12.22 - - [29/Oct/2020:12:39:21 +0100] "GET /reload?ser=1603971561170 HTTP/1.1" 200 28 "http://renault.2web.at/12318563" "Mozilla/5.0 (Windows NT 10.0; Win64; x64) AppleWebKit/537.36 (KHTML, like Gecko) Chrome/86.0.4240.111 Safari/537.36"
80.123.225.38 - - [29/Oct/2020:12:39:53 +0100] "GET /reload?ser=1603971591805 HTTP/1.1" 200 28 "http://renault.activities.at/success" "Mozilla/5.0 (Windows NT 10.0; Win64; x64; rv:81.0) Gecko/20100101 Firefox/81.0"
80.122.53.106 - - [29/Oct/2020:12:40:09 +0100] "GET /reload?ser=1603971609387 HTTP/1.1" 200 28 "http://renault.activities.at/10201633" "Mozilla/5.0 (Windows NT 10.0; WOW64) AppleWebKit/537.36 (KHTML, like Gecko) Chrome/80.0.3987.87 Safari/537.36"
138.21.12.22 - - [29/Oct/2020:12:40:23 +0100] "GET /reload?ser=1603971623173 HTTP/1.1" 200 28 "http://renault.2web.at/12318563" "Mozilla/5.0 (Windows NT 10.0; Win64; x64) AppleWebKit/537.36 (KHTML, like Gecko) Chrome/86.0.4240.111 Safari/537.36"
80.123.225.38 - - [29/Oct/2020:12:40:54 +0100] "GET /reload?ser=1603971652744 HTTP/1.1" 200 28 "http://renault.activities.at/success" "Mozilla/5.0 (Windows NT 10.0; Win64; x64; rv:81.0) Gecko/20100101 Firefox/81.0"
80.122.53.106 - - [29/Oct/2020:12:41:10 +0100] "GET /reload?ser=1603971670386 HTTP/1.1" 200 28 "http://renault.activities.at/10201633" "Mozilla/5.0 (Windows NT 10.0; WOW64) AppleWebKit/537.36 (KHTML, like Gecko) Chrome/80.0.3987.87 Safari/537.36"
138.21.12.22 - - [29/Oct/2020:12:41:25 +0100] "GET /reload?ser=1603971685171 HTTP/1.1" 200 28 "http://renault.2web.at/12318563" "Mozilla/5.0 (Windows NT 10.0; Win64; x64) AppleWebKit/537.36 (KHTML, like Gecko) Chrome/86.0.4240.111 Safari/537.36"
80.123.225.38 - - [29/Oct/2020:12:41:55 +0100] "GET /reload?ser=1603971713723 HTTP/1.1" 200 28 "http://renault.activities.at/success" "Mozilla/5.0 (Windows NT 10.0; Win64; x64; rv:81.0) Gecko/20100101 Firefox/81.0"
80.122.53.106 - - [29/Oct/2020:12:42:11 +0100] "GET /reload?ser=1603971731388 HTTP/1.1" 200 28 "http://renault.activities.at/10201633" "Mozilla/5.0 (Windows NT 10.0; WOW64) AppleWebKit/537.36 (KHTML, like Gecko) Chrome/80.0.3987.87 Safari/537.36"
138.21.12.22 - - [29/Oct/2020:12:42:27 +0100] "GET /reload?ser=1603971747171 HTTP/1.1" 200 28 "http://renault.2web.at/12318563" "Mozilla/5.0 (Windows NT 10.0; Win64; x64) AppleWebKit/537.36 (KHTML, like Gecko) Chrome/86.0.4240.111 Safari/537.36"
80.123.225.38 - - [29/Oct/2020:12:42:56 +0100] "GET /reload?ser=1603971774680 HTTP/1.1" 200 28 "http://renault.activities.at/success" "Mozilla/5.0 (Windows NT 10.0; Win64; x64; rv:81.0) Gecko/20100101 Firefox/81.0"
80.122.53.106 - - [29/Oct/2020:12:43:12 +0100] "GET /reload?ser=1603971792389 HTTP/1.1" 200 28 "http://renault.activities.at/10201633" "Mozilla/5.0 (Windows NT 10.0; WOW64) AppleWebKit/537.36 (KHTML, like Gecko) Chrome/80.0.3987.87 Safari/537.36"
138.21.12.22 - - [29/Oct/2020:12:43:29 +0100] "GET /reload?ser=1603971809171 HTTP/1.1" 200 28 "http://renault.2web.at/12318563" "Mozilla/5.0 (Windows NT 10.0; Win64; x64) AppleWebKit/537.36 (KHTML, like Gecko) Chrome/86.0.4240.111 Safari/537.36"
80.123.225.38 - - [29/Oct/2020:12:43:57 +0100] "GET /reload?ser=1603971835628 HTTP/1.1" 200 28 "http://renault.activities.at/success" "Mozilla/5.0 (Windows NT 10.0; Win64; x64; rv:81.0) Gecko/20100101 Firefox/81.0"
80.122.53.106 - - [29/Oct/2020:12:44:13 +0100] "GET /reload?ser=1603971853390 HTTP/1.1" 200 28 "http://renault.activities.at/10201633" "Mozilla/5.0 (Windows NT 10.0; WOW64) AppleWebKit/537.36 (KHTML, like Gecko) Chrome/80.0.3987.87 Safari/537.36"
138.21.12.22 - - [29/Oct/2020:12:44:31 +0100] "GET /reload?ser=1603971871175 HTTP/1.1" 200 28 "http://renault.2web.at/12318563" "Mozilla/5.0 (Windows NT 10.0; Win64; x64) AppleWebKit/537.36 (KHTML, like Gecko) Chrome/86.0.4240.111 Safari/537.36"
80.123.225.38 - - [29/Oct/2020:12:44:58 +0100] "GET /reload?ser=1603971896519 HTTP/1.1" 200 28 "http://renault.activities.at/success" "Mozilla/5.0 (Windows NT 10.0; Win64; x64; rv:81.0) Gecko/20100101 Firefox/81.0"
80.122.53.106 - - [29/Oct/2020:12:45:14 +0100] "GET /reload?ser=1603971914391 HTTP/1.1" 200 28 "http://renault.activities.at/10201633" "Mozilla/5.0 (Windows NT 10.0; WOW64) AppleWebKit/537.36 (KHTML, like Gecko) Chrome/80.0.3987.87 Safari/537.36"
138.21.12.22 - - [29/Oct/2020:12:45:33 +0100] "GET /reload?ser=1603971933173 HTTP/1.1" 200 28 "http://renault.2web.at/12318563" "Mozilla/5.0 (Windows NT 10.0; Win64; x64) AppleWebKit/537.36 (KHTML, like Gecko) Chrome/86.0.4240.111 Safari/537.36"
80.123.225.38 - - [29/Oct/2020:12:45:59 +0100] "GET /reload?ser=1603971957401 HTTP/1.1" 200 28 "http://renault.activities.at/success" "Mozilla/5.0 (Windows NT 10.0; Win64; x64; rv:81.0) Gecko/20100101 Firefox/81.0"
80.122.53.106 - - [29/Oct/2020:12:46:15 +0100] "GET /reload?ser=1603971975392 HTTP/1.1" 200 28 "http://renault.activities.at/10201633" "Mozilla/5.0 (Windows NT 10.0; WOW64) AppleWebKit/537.36 (KHTML, like Gecko) Chrome/80.0.3987.87 Safari/537.36"
138.21.12.22 - - [29/Oct/2020:12:46:35 +0100] "GET /reload?ser=1603971995174 HTTP/1.1" 200 28 "http://renault.2web.at/12318563" "Mozilla/5.0 (Windows NT 10.0; Win64; x64) AppleWebKit/537.36 (KHTML, like Gecko) Chrome/86.0.4240.111 Safari/537.36"
80.123.225.38 - - [29/Oct/2020:12:47:00 +0100] "GET /reload?ser=1603972018300 HTTP/1.1" 200 28 "http://renault.activities.at/success" "Mozilla/5.0 (Windows NT 10.0; Win64; x64; rv:81.0) Gecko/20100101 Firefox/81.0"
80.122.53.106 - - [29/Oct/2020:12:47:16 +0100] "GET /reload?ser=1603972036392 HTTP/1.1" 200 28 "http://renault.activities.at/10201633" "Mozilla/5.0 (Windows NT 10.0; WOW64) AppleWebKit/537.36 (KHTML, like Gecko) Chrome/80.0.3987.87 Safari/537.36"
138.21.12.22 - - [29/Oct/2020:12:47:37 +0100] "GET /reload?ser=1603972057178 HTTP/1.1" 200 28 "http://renault.2web.at/12318563" "Mozilla/5.0 (Windows NT 10.0; Win64; x64) AppleWebKit/537.36 (KHTML, like Gecko) Chrome/86.0.4240.111 Safari/537.36"
80.123.225.38 - - [29/Oct/2020:12:48:01 +0100] "GET /reload?ser=1603972079166 HTTP/1.1" 200 28 "http://renault.activities.at/success" "Mozilla/5.0 (Windows NT 10.0; Win64; x64; rv:81.0) Gecko/20100101 Firefox/81.0"
80.122.53.106 - - [29/Oct/2020:12:48:17 +0100] "GET /reload?ser=1603972097393 HTTP/1.1" 200 28 "http://renault.activities.at/10201633" "Mozilla/5.0 (Windows NT 10.0; WOW64) AppleWebKit/537.36 (KHTML, like Gecko) Chrome/80.0.3987.87 Safari/537.36"
138.21.12.22 - - [29/Oct/2020:12:48:39 +0100] "GET /reload?ser=1603972119175 HTTP/1.1" 200 28 "http://renault.2web.at/12318563" "Mozilla/5.0 (Windows NT 10.0; Win64; x64) AppleWebKit/537.36 (KHTML, like Gecko) Chrome/86.0.4240.111 Safari/537.36"
80.123.225.38 - - [29/Oct/2020:12:49:02 +0100] "GET /reload?ser=1603972140047 HTTP/1.1" 200 28 "http://renault.activities.at/success" "Mozilla/5.0 (Windows NT 10.0; Win64; x64; rv:81.0) Gecko/20100101 Firefox/81.0"
80.122.53.106 - - [29/Oct/2020:12:49:18 +0100] "GET /reload?ser=1603972158394 HTTP/1.1" 200 28 "http://renault.activities.at/10201633" "Mozilla/5.0 (Windows NT 10.0; WOW64) AppleWebKit/537.36 (KHTML, like Gecko) Chrome/80.0.3987.87 Safari/537.36"
138.21.12.22 - - [29/Oct/2020:12:49:41 +0100] "GET /reload?ser=1603972181176 HTTP/1.1" 200 28 "http://renault.2web.at/12318563" "Mozilla/5.0 (Windows NT 10.0; Win64; x64) AppleWebKit/537.36 (KHTML, like Gecko) Chrome/86.0.4240.111 Safari/537.36"
80.123.225.38 - - [29/Oct/2020:12:50:03 +0100] "GET /reload?ser=1603972200882 HTTP/1.1" 200 28 "http://renault.activities.at/success" "Mozilla/5.0 (Windows NT 10.0; Win64; x64; rv:81.0) Gecko/20100101 Firefox/81.0"
80.122.53.106 - - [29/Oct/2020:12:50:19 +0100] "GET /reload?ser=1603972219393 HTTP/1.1" 200 28 "http://renault.activities.at/10201633" "Mozilla/5.0 (Windows NT 10.0; WOW64) AppleWebKit/537.36 (KHTML, like Gecko) Chrome/80.0.3987.87 Safari/537.36"
138.21.12.22 - - [29/Oct/2020:12:50:43 +0100] "GET /reload?ser=1603972243174 HTTP/1.1" 200 28 "http://renault.2web.at/12318563" "Mozilla/5.0 (Windows NT 10.0; Win64; x64) AppleWebKit/537.36 (KHTML, like Gecko) Chrome/86.0.4240.111 Safari/537.36"
80.123.225.38 - - [29/Oct/2020:12:51:04 +0100] "GET /reload?ser=1603972261774 HTTP/1.1" 200 28 "http://renault.activities.at/success" "Mozilla/5.0 (Windows NT 10.0; Win64; x64; rv:81.0) Gecko/20100101 Firefox/81.0"
80.122.53.106 - - [29/Oct/2020:12:51:20 +0100] "GET /reload?ser=1603972280393 HTTP/1.1" 200 28 "http://renault.activities.at/10201633" "Mozilla/5.0 (Windows NT 10.0; WOW64) AppleWebKit/537.36 (KHTML, like Gecko) Chrome/80.0.3987.87 Safari/537.36"
138.21.12.22 - - [29/Oct/2020:12:51:45 +0100] "GET /reload?ser=1603972305186 HTTP/1.1" 200 28 "http://renault.2web.at/12318563" "Mozilla/5.0 (Windows NT 10.0; Win64; x64) AppleWebKit/537.36 (KHTML, like Gecko) Chrome/86.0.4240.111 Safari/537.36"
80.123.225.38 - - [29/Oct/2020:12:52:05 +0100] "GET /reload?ser=1603972322619 HTTP/1.1" 200 28 "http://renault.activities.at/success" "Mozilla/5.0 (Windows NT 10.0; Win64; x64; rv:81.0) Gecko/20100101 Firefox/81.0"
80.122.53.106 - - [29/Oct/2020:12:52:21 +0100] "GET /reload?ser=1603972341394 HTTP/1.1" 200 28 "http://renault.activities.at/10201633" "Mozilla/5.0 (Windows NT 10.0; WOW64) AppleWebKit/537.36 (KHTML, like Gecko) Chrome/80.0.3987.87 Safari/537.36"
138.21.12.22 - - [29/Oct/2020:12:52:47 +0100] "GET /reload?ser=1603972367297 HTTP/1.1" 200 28 "http://renault.2web.at/12318563" "Mozilla/5.0 (Windows NT 10.0; Win64; x64) AppleWebKit/537.36 (KHTML, like Gecko) Chrome/86.0.4240.111 Safari/537.36"
80.123.225.38 - - [29/Oct/2020:12:53:06 +0100] "GET /reload?ser=1603972383472 HTTP/1.1" 200 28 "http://renault.activities.at/success" "Mozilla/5.0 (Windows NT 10.0; Win64; x64; rv:81.0) Gecko/20100101 Firefox/81.0"
80.122.53.106 - - [29/Oct/2020:12:53:22 +0100] "GET /reload?ser=1603972402394 HTTP/1.1" 200 28 "http://renault.activities.at/10201633" "Mozilla/5.0 (Windows NT 10.0; WOW64) AppleWebKit/537.36 (KHTML, like Gecko) Chrome/80.0.3987.87 Safari/537.36"
138.21.12.22 - - [29/Oct/2020:12:53:49 +0100] "GET /reload?ser=1603972429179 HTTP/1.1" 200 28 "http://renault.2web.at/12318563" "Mozilla/5.0 (Windows NT 10.0; Win64; x64) AppleWebKit/537.36 (KHTML, like Gecko) Chrome/86.0.4240.111 Safari/537.36"
80.123.225.38 - - [29/Oct/2020:12:54:07 +0100] "GET /reload?ser=1603972444326 HTTP/1.1" 200 28 "http://renault.activities.at/success" "Mozilla/5.0 (Windows NT 10.0; Win64; x64; rv:81.0) Gecko/20100101 Firefox/81.0"
80.122.53.106 - - [29/Oct/2020:12:54:23 +0100] "GET /reload?ser=1603972463394 HTTP/1.1" 200 28 "http://renault.activities.at/10201633" "Mozilla/5.0 (Windows NT 10.0; WOW64) AppleWebKit/537.36 (KHTML, like Gecko) Chrome/80.0.3987.87 Safari/537.36"
138.21.12.22 - - [29/Oct/2020:12:54:51 +0100] "GET /reload?ser=1603972491177 HTTP/1.1" 200 28 "http://renault.2web.at/12318563" "Mozilla/5.0 (Windows NT 10.0; Win64; x64) AppleWebKit/537.36 (KHTML, like Gecko) Chrome/86.0.4240.111 Safari/537.36"
80.123.225.38 - - [29/Oct/2020:12:55:08 +0100] "GET /reload?ser=1603972505165 HTTP/1.1" 200 28 "http://renault.activities.at/success" "Mozilla/5.0 (Windows NT 10.0; Win64; x64; rv:81.0) Gecko/20100101 Firefox/81.0"
80.122.53.106 - - [29/Oct/2020:12:55:24 +0100] "GET /reload?ser=1603972524394 HTTP/1.1" 200 28 "http://renault.activities.at/10201633" "Mozilla/5.0 (Windows NT 10.0; WOW64) AppleWebKit/537.36 (KHTML, like Gecko) Chrome/80.0.3987.87 Safari/537.36"
