80.80.251.48 - - [29/Oct/2020:16:15:58 +0100] "GET /images/tabs_button_corner_left_top_active.gif HTTP/1.1" 200 138 "http://renault.activities.at/css/styles.css" "Mozilla/5.0 (Windows NT 10.0; Win64; x64) AppleWebKit/537.36 (KHTML, like Gecko) Chrome/86.0.4240.111 Safari/537.36"
80.80.251.48 - - [29/Oct/2020:16:15:58 +0100] "GET /images/tabs_corner_left_top.gif HTTP/1.1" 200 99 "http://renault.activities.at/css/styles.css" "Mozilla/5.0 (Windows NT 10.0; Win64; x64) AppleWebKit/537.36 (KHTML, like Gecko) Chrome/86.0.4240.111 Safari/537.36"
80.80.251.48 - - [29/Oct/2020:16:15:58 +0100] "GET /images/tabs_border.gif HTTP/1.1" 200 43 "http://renault.activities.at/css/styles.css" "Mozilla/5.0 (Windows NT 10.0; Win64; x64) AppleWebKit/537.36 (KHTML, like Gecko) Chrome/86.0.4240.111 Safari/537.36"
80.80.251.48 - - [29/Oct/2020:16:15:58 +0100] "GET /images/tabs_button_corner_right_top_active.gif HTTP/1.1" 200 136 "http://renault.activities.at/css/styles.css" "Mozilla/5.0 (Windows NT 10.0; Win64; x64) AppleWebKit/537.36 (KHTML, like Gecko) Chrome/86.0.4240.111 Safari/537.36"
80.80.251.48 - - [29/Oct/2020:16:15:58 +0100] "GET /images/tabs_corner_right_top.gif HTTP/1.1" 200 98 "http://renault.activities.at/css/styles.css" "Mozilla/5.0 (Windows NT 10.0; Win64; x64) AppleWebKit/537.36 (KHTML, like Gecko) Chrome/86.0.4240.111 Safari/537.36"
80.80.251.48 - - [29/Oct/2020:16:15:58 +0100] "GET /images/tabs_corner_left_bot.gif HTTP/1.1" 200 98 "http://renault.activities.at/css/styles.css" "Mozilla/5.0 (Windows NT 10.0; Win64; x64) AppleWebKit/537.36 (KHTML, like Gecko) Chrome/86.0.4240.111 Safari/537.36"
80.80.251.48 - - [29/Oct/2020:16:15:58 +0100] "GET /images/tabs_corner_right_bot.gif HTTP/1.1" 200 99 "http://renault.activities.at/css/styles.css" "Mozilla/5.0 (Windows NT 10.0; Win64; x64) AppleWebKit/537.36 (KHTML, like Gecko) Chrome/86.0.4240.111 Safari/537.36"
80.80.251.48 - - [29/Oct/2020:16:15:58 +0100] "GET /loadthumbnail.php?id=11137061&width=900&height=900 HTTP/1.1" 200 42008 "http://renault.activities.at/11136654?print=true" "Mozilla/5.0 (Windows NT 10.0; Win64; x64) AppleWebKit/537.36 (KHTML, like Gecko) Chrome/86.0.4240.111 Safari/537.36"
80.80.251.48 - - [29/Oct/2020:16:15:59 +0100] "GET /js/magiczoom/graphics/hint.gif HTTP/1.1" 200 73 "http://renault.activities.at/js/magiczoom/magiczoom.css" "Mozilla/5.0 (Windows NT 10.0; Win64; x64) AppleWebKit/537.36 (KHTML, like Gecko) Chrome/86.0.4240.111 Safari/537.36"
80.80.251.48 - - [29/Oct/2020:16:15:59 +0100] "GET /js/magiczoom/graphics/zoomin.cur HTTP/1.1" 200 326 "http://renault.activities.at/js/magiczoom/magiczoom.css" "Mozilla/5.0 (Windows NT 10.0; Win64; x64) AppleWebKit/537.36 (KHTML, like Gecko) Chrome/86.0.4240.111 Safari/537.36"
80.80.251.48 - - [29/Oct/2020:16:16:18 +0100] "GET /11307961?print=true HTTP/1.1" 200 2939 "http://renault.activities.at/result?dir=DESC&mode=grid&order=name&limit=50&search=Renault" "Mozilla/5.0 (Windows NT 10.0; Win64; x64) AppleWebKit/537.36 (KHTML, like Gecko) Chrome/86.0.4240.111 Safari/537.36"
80.80.251.48 - - [29/Oct/2020:16:16:21 +0100] "GET /loadthumbnail.php?id=11308367&width=250 HTTP/1.1" 200 5472 "http://renault.activities.at/11307961?print=true" "Mozilla/5.0 (Windows NT 10.0; Win64; x64) AppleWebKit/537.36 (KHTML, like Gecko) Chrome/86.0.4240.111 Safari/537.36"
80.80.251.48 - - [29/Oct/2020:16:16:21 +0100] "GET /loadthumbnail.php?id=11308367&width=900&height=900 HTTP/1.1" 200 35257 "http://renault.activities.at/11307961?print=true" "Mozilla/5.0 (Windows NT 10.0; Win64; x64) AppleWebKit/537.36 (KHTML, like Gecko) Chrome/86.0.4240.111 Safari/537.36"
80.80.251.48 - - [29/Oct/2020:16:16:39 +0100] "GET /reload?ser=1603984599651 HTTP/1.1" 200 28 "http://renault.activities.at/result?dir=DESC&mode=grid&order=name&limit=50&search=Renault" "Mozilla/5.0 (Windows NT 10.0; Win64; x64) AppleWebKit/537.36 (KHTML, like Gecko) Chrome/86.0.4240.111 Safari/537.36"
91.113.165.162 - - [29/Oct/2020:16:16:42 +0100] "GET /reload?ser=1603984602507 HTTP/1.1" 200 28 "http://renault.activities.at/" "Mozilla/5.0 (Windows NT 10.0; Win64; x64) AppleWebKit/537.36 (KHTML, like Gecko) Chrome/86.0.4240.111 Safari/537.36"
80.80.251.48 - - [29/Oct/2020:16:16:49 +0100] "GET /result?dir=DESC&mode=grid&order=name&limit=50&page=2&search=Renault HTTP/1.1" 200 13932 "http://renault.activities.at/result?dir=DESC&mode=grid&order=name&limit=50&search=Renault" "Mozilla/5.0 (Windows NT 10.0; Win64; x64) AppleWebKit/537.36 (KHTML, like Gecko) Chrome/86.0.4240.111 Safari/537.36"
80.80.251.48 - - [29/Oct/2020:16:16:56 +0100] "GET /loadthumbnail.php?id=11090247&width=113 HTTP/1.1" 200 2847 "http://renault.activities.at/result?dir=DESC&mode=grid&order=name&limit=50&page=2&search=Renault" "Mozilla/5.0 (Windows NT 10.0; Win64; x64) AppleWebKit/537.36 (KHTML, like Gecko) Chrome/86.0.4240.111 Safari/537.36"
80.80.251.48 - - [29/Oct/2020:16:16:56 +0100] "GET /loadthumbnail.php?id=11461719&width=113 HTTP/1.1" 200 32753 "http://renault.activities.at/result?dir=DESC&mode=grid&order=name&limit=50&page=2&search=Renault" "Mozilla/5.0 (Windows NT 10.0; Win64; x64) AppleWebKit/537.36 (KHTML, like Gecko) Chrome/86.0.4240.111 Safari/537.36"
80.80.251.48 - - [29/Oct/2020:16:16:56 +0100] "GET /loadthumbnail.php?id=10930552&width=113 HTTP/1.1" 200 2035 "http://renault.activities.at/result?dir=DESC&mode=grid&order=name&limit=50&page=2&search=Renault" "Mozilla/5.0 (Windows NT 10.0; Win64; x64) AppleWebKit/537.36 (KHTML, like Gecko) Chrome/86.0.4240.111 Safari/537.36"
80.80.251.48 - - [29/Oct/2020:16:16:56 +0100] "GET /loadthumbnail.php?id=10930520&width=113 HTTP/1.1" 200 2026 "http://renault.activities.at/result?dir=DESC&mode=grid&order=name&limit=50&page=2&search=Renault" "Mozilla/5.0 (Windows NT 10.0; Win64; x64) AppleWebKit/537.36 (KHTML, like Gecko) Chrome/86.0.4240.111 Safari/537.36"
80.80.251.48 - - [29/Oct/2020:16:16:56 +0100] "GET /loadthumbnail.php?id=11967854&width=113 HTTP/1.1" 200 2106 "http://renault.activities.at/result?dir=DESC&mode=grid&order=name&limit=50&page=2&search=Renault" "Mozilla/5.0 (Windows NT 10.0; Win64; x64) AppleWebKit/537.36 (KHTML, like Gecko) Chrome/86.0.4240.111 Safari/537.36"
80.80.251.48 - - [29/Oct/2020:16:16:56 +0100] "GET /loadthumbnail.php?id=12029409&width=113 HTTP/1.1" 200 2415 "http://renault.activities.at/result?dir=DESC&mode=grid&order=name&limit=50&page=2&search=Renault" "Mozilla/5.0 (Windows NT 10.0; Win64; x64) AppleWebKit/537.36 (KHTML, like Gecko) Chrome/86.0.4240.111 Safari/537.36"
80.80.251.48 - - [29/Oct/2020:16:16:56 +0100] "GET /loadthumbnail.php?id=10309491&width=113 HTTP/1.1" 200 2476 "http://renault.activities.at/result?dir=DESC&mode=grid&order=name&limit=50&page=2&search=Renault" "Mozilla/5.0 (Windows NT 10.0; Win64; x64) AppleWebKit/537.36 (KHTML, like Gecko) Chrome/86.0.4240.111 Safari/537.36"
80.80.251.48 - - [29/Oct/2020:16:16:56 +0100] "GET /loadthumbnail.php?id=11075492&width=113 HTTP/1.1" 200 2349 "http://renault.activities.at/result?dir=DESC&mode=grid&order=name&limit=50&page=2&search=Renault" "Mozilla/5.0 (Windows NT 10.0; Win64; x64) AppleWebKit/537.36 (KHTML, like Gecko) Chrome/86.0.4240.111 Safari/537.36"
80.80.251.48 - - [29/Oct/2020:16:16:56 +0100] "GET /loadthumbnail.php?id=11775715&width=113 HTTP/1.1" 200 3740 "http://renault.activities.at/result?dir=DESC&mode=grid&order=name&limit=50&page=2&search=Renault" "Mozilla/5.0 (Windows NT 10.0; Win64; x64) AppleWebKit/537.36 (KHTML, like Gecko) Chrome/86.0.4240.111 Safari/537.36"
80.80.251.48 - - [29/Oct/2020:16:16:57 +0100] "GET /loadthumbnail.php?id=12094749&width=113 HTTP/1.1" 200 15117 "http://renault.activities.at/result?dir=DESC&mode=grid&order=name&limit=50&page=2&search=Renault" "Mozilla/5.0 (Windows NT 10.0; Win64; x64) AppleWebKit/537.36 (KHTML, like Gecko) Chrome/86.0.4240.111 Safari/537.36"
80.80.251.48 - - [29/Oct/2020:16:16:56 +0100] "GET /loadthumbnail.php?id=10260771&width=113 HTTP/1.1" 200 1878 "http://renault.activities.at/result?dir=DESC&mode=grid&order=name&limit=50&page=2&search=Renault" "Mozilla/5.0 (Windows NT 10.0; Win64; x64) AppleWebKit/537.36 (KHTML, like Gecko) Chrome/86.0.4240.111 Safari/537.36"
80.80.251.48 - - [29/Oct/2020:16:16:57 +0100] "GET /loadthumbnail.php?id=12208107&width=113 HTTP/1.1" 200 2203 "http://renault.activities.at/result?dir=DESC&mode=grid&order=name&limit=50&page=2&search=Renault" "Mozilla/5.0 (Windows NT 10.0; Win64; x64) AppleWebKit/537.36 (KHTML, like Gecko) Chrome/86.0.4240.111 Safari/537.36"
80.80.251.48 - - [29/Oct/2020:16:16:57 +0100] "GET /loadthumbnail.php?id=11146700&width=113 HTTP/1.1" 200 1415 "http://renault.activities.at/result?dir=DESC&mode=grid&order=name&limit=50&page=2&search=Renault" "Mozilla/5.0 (Windows NT 10.0; Win64; x64) AppleWebKit/537.36 (KHTML, like Gecko) Chrome/86.0.4240.111 Safari/537.36"
80.122.221.194 - - [29/Oct/2020:16:16:56 +0100] "GET /reload?ser=1603984616431 HTTP/1.1" 200 28 "http://renault.activities.at/success" "Mozilla/5.0 (Windows NT 10.0; Win64; x64) AppleWebKit/537.36 (KHTML, like Gecko) Chrome/86.0.4240.111 Safari/537.36 Edg/86.0.622.51"
80.80.251.48 - - [29/Oct/2020:16:16:57 +0100] "GET /loadthumbnail.php?id=11423689&width=113 HTTP/1.1" 200 1359 "http://renault.activities.at/result?dir=DESC&mode=grid&order=name&limit=50&page=2&search=Renault" "Mozilla/5.0 (Windows NT 10.0; Win64; x64) AppleWebKit/537.36 (KHTML, like Gecko) Chrome/86.0.4240.111 Safari/537.36"
80.80.251.48 - - [29/Oct/2020:16:16:57 +0100] "GET /loadthumbnail.php?id=10746885&width=113 HTTP/1.1" 200 3633 "http://renault.activities.at/result?dir=DESC&mode=grid&order=name&limit=50&page=2&search=Renault" "Mozilla/5.0 (Windows NT 10.0; Win64; x64) AppleWebKit/537.36 (KHTML, like Gecko) Chrome/86.0.4240.111 Safari/537.36"
80.80.251.48 - - [29/Oct/2020:16:16:57 +0100] "GET /loadthumbnail.php?id=11340121&width=113 HTTP/1.1" 200 4540 "http://renault.activities.at/result?dir=DESC&mode=grid&order=name&limit=50&page=2&search=Renault" "Mozilla/5.0 (Windows NT 10.0; Win64; x64) AppleWebKit/537.36 (KHTML, like Gecko) Chrome/86.0.4240.111 Safari/537.36"
80.80.251.48 - - [29/Oct/2020:16:16:57 +0100] "GET /loadthumbnail.php?id=12305845&width=113 HTTP/1.1" 200 2418 "http://renault.activities.at/result?dir=DESC&mode=grid&order=name&limit=50&page=2&search=Renault" "Mozilla/5.0 (Windows NT 10.0; Win64; x64) AppleWebKit/537.36 (KHTML, like Gecko) Chrome/86.0.4240.111 Safari/537.36"
80.80.251.48 - - [29/Oct/2020:16:16:57 +0100] "GET /loadthumbnail.php?id=11489779&width=113 HTTP/1.1" 200 1080 "http://renault.activities.at/result?dir=DESC&mode=grid&order=name&limit=50&page=2&search=Renault" "Mozilla/5.0 (Windows NT 10.0; Win64; x64) AppleWebKit/537.36 (KHTML, like Gecko) Chrome/86.0.4240.111 Safari/537.36"
80.80.251.48 - - [29/Oct/2020:16:16:57 +0100] "GET /loadthumbnail.php?id=12029408&width=113 HTTP/1.1" 200 2367 "http://renault.activities.at/result?dir=DESC&mode=grid&order=name&limit=50&page=2&search=Renault" "Mozilla/5.0 (Windows NT 10.0; Win64; x64) AppleWebKit/537.36 (KHTML, like Gecko) Chrome/86.0.4240.111 Safari/537.36"
80.80.251.48 - - [29/Oct/2020:16:16:57 +0100] "GET /loadthumbnail.php?id=11434114&width=113 HTTP/1.1" 200 4564 "http://renault.activities.at/result?dir=DESC&mode=grid&order=name&limit=50&page=2&search=Renault" "Mozilla/5.0 (Windows NT 10.0; Win64; x64) AppleWebKit/537.36 (KHTML, like Gecko) Chrome/86.0.4240.111 Safari/537.36"
80.80.251.48 - - [29/Oct/2020:16:16:57 +0100] "GET /loadthumbnail.php?id=12243596&width=113 HTTP/1.1" 200 2926 "http://renault.activities.at/result?dir=DESC&mode=grid&order=name&limit=50&page=2&search=Renault" "Mozilla/5.0 (Windows NT 10.0; Win64; x64) AppleWebKit/537.36 (KHTML, like Gecko) Chrome/86.0.4240.111 Safari/537.36"
80.80.251.48 - - [29/Oct/2020:16:16:57 +0100] "GET /loadthumbnail.php?id=11211825&width=113 HTTP/1.1" 200 1953 "http://renault.activities.at/result?dir=DESC&mode=grid&order=name&limit=50&page=2&search=Renault" "Mozilla/5.0 (Windows NT 10.0; Win64; x64) AppleWebKit/537.36 (KHTML, like Gecko) Chrome/86.0.4240.111 Safari/537.36"
80.80.251.48 - - [29/Oct/2020:16:16:57 +0100] "GET /loadthumbnail.php?id=11489786&width=113 HTTP/1.1" 200 2751 "http://renault.activities.at/result?dir=DESC&mode=grid&order=name&limit=50&page=2&search=Renault" "Mozilla/5.0 (Windows NT 10.0; Win64; x64) AppleWebKit/537.36 (KHTML, like Gecko) Chrome/86.0.4240.111 Safari/537.36"
80.80.251.48 - - [29/Oct/2020:16:16:57 +0100] "GET /loadthumbnail.php?id=12029412&width=113 HTTP/1.1" 200 3690 "http://renault.activities.at/result?dir=DESC&mode=grid&order=name&limit=50&page=2&search=Renault" "Mozilla/5.0 (Windows NT 10.0; Win64; x64) AppleWebKit/537.36 (KHTML, like Gecko) Chrome/86.0.4240.111 Safari/537.36"
80.80.251.48 - - [29/Oct/2020:16:16:57 +0100] "GET /loadthumbnail.php?id=11108158&width=113 HTTP/1.1" 200 1545 "http://renault.activities.at/result?dir=DESC&mode=grid&order=name&limit=50&page=2&search=Renault" "Mozilla/5.0 (Windows NT 10.0; Win64; x64) AppleWebKit/537.36 (KHTML, like Gecko) Chrome/86.0.4240.111 Safari/537.36"
80.80.251.48 - - [29/Oct/2020:16:16:57 +0100] "GET /loadthumbnail.php?id=10260190&width=113 HTTP/1.1" 200 4509 "http://renault.activities.at/result?dir=DESC&mode=grid&order=name&limit=50&page=2&search=Renault" "Mozilla/5.0 (Windows NT 10.0; Win64; x64) AppleWebKit/537.36 (KHTML, like Gecko) Chrome/86.0.4240.111 Safari/537.36"
80.80.251.48 - - [29/Oct/2020:16:16:57 +0100] "GET /loadthumbnail.php?id=12294743&width=113 HTTP/1.1" 200 2695 "http://renault.activities.at/result?dir=DESC&mode=grid&order=name&limit=50&page=2&search=Renault" "Mozilla/5.0 (Windows NT 10.0; Win64; x64) AppleWebKit/537.36 (KHTML, like Gecko) Chrome/86.0.4240.111 Safari/537.36"
80.80.251.48 - - [29/Oct/2020:16:16:57 +0100] "GET /loadthumbnail.php?id=12244843&width=113 HTTP/1.1" 200 6390 "http://renault.activities.at/result?dir=DESC&mode=grid&order=name&limit=50&page=2&search=Renault" "Mozilla/5.0 (Windows NT 10.0; Win64; x64) AppleWebKit/537.36 (KHTML, like Gecko) Chrome/86.0.4240.111 Safari/537.36"
80.80.251.48 - - [29/Oct/2020:16:16:57 +0100] "GET /loadthumbnail.php?id=10271875&width=113 HTTP/1.1" 200 1262 "http://renault.activities.at/result?dir=DESC&mode=grid&order=name&limit=50&page=2&search=Renault" "Mozilla/5.0 (Windows NT 10.0; Win64; x64) AppleWebKit/537.36 (KHTML, like Gecko) Chrome/86.0.4240.111 Safari/537.36"
80.80.251.48 - - [29/Oct/2020:16:16:57 +0100] "GET /loadthumbnail.php?id=12094811&width=113 HTTP/1.1" 200 27912 "http://renault.activities.at/result?dir=DESC&mode=grid&order=name&limit=50&page=2&search=Renault" "Mozilla/5.0 (Windows NT 10.0; Win64; x64) AppleWebKit/537.36 (KHTML, like Gecko) Chrome/86.0.4240.111 Safari/537.36"
80.80.251.48 - - [29/Oct/2020:16:16:57 +0100] "GET /loadthumbnail.php?id=11171345&width=113 HTTP/1.1" 200 2786 "http://renault.activities.at/result?dir=DESC&mode=grid&order=name&limit=50&page=2&search=Renault" "Mozilla/5.0 (Windows NT 10.0; Win64; x64) AppleWebKit/537.36 (KHTML, like Gecko) Chrome/86.0.4240.111 Safari/537.36"
80.80.251.48 - - [29/Oct/2020:16:16:57 +0100] "GET /loadthumbnail.php?id=11171346&width=113 HTTP/1.1" 200 2786 "http://renault.activities.at/result?dir=DESC&mode=grid&order=name&limit=50&page=2&search=Renault" "Mozilla/5.0 (Windows NT 10.0; Win64; x64) AppleWebKit/537.36 (KHTML, like Gecko) Chrome/86.0.4240.111 Safari/537.36"
80.80.251.48 - - [29/Oct/2020:16:16:58 +0100] "GET /loadthumbnail.php?id=10925819&width=113 HTTP/1.1" 200 4429 "http://renault.activities.at/result?dir=DESC&mode=grid&order=name&limit=50&page=2&search=Renault" "Mozilla/5.0 (Windows NT 10.0; Win64; x64) AppleWebKit/537.36 (KHTML, like Gecko) Chrome/86.0.4240.111 Safari/537.36"
80.80.251.48 - - [29/Oct/2020:16:16:58 +0100] "GET /loadthumbnail.php?id=10925818&width=113 HTTP/1.1" 200 1753 "http://renault.activities.at/result?dir=DESC&mode=grid&order=name&limit=50&page=2&search=Renault" "Mozilla/5.0 (Windows NT 10.0; Win64; x64) AppleWebKit/537.36 (KHTML, like Gecko) Chrome/86.0.4240.111 Safari/537.36"
80.80.251.48 - - [29/Oct/2020:16:16:58 +0100] "GET /loadthumbnail.php?id=11340118&width=113 HTTP/1.1" 200 5862 "http://renault.activities.at/result?dir=DESC&mode=grid&order=name&limit=50&page=2&search=Renault" "Mozilla/5.0 (Windows NT 10.0; Win64; x64) AppleWebKit/537.36 (KHTML, like Gecko) Chrome/86.0.4240.111 Safari/537.36"
80.80.251.48 - - [29/Oct/2020:16:16:58 +0100] "GET /loadthumbnail.php?id=12029410&width=113 HTTP/1.1" 200 3108 "http://renault.activities.at/result?dir=DESC&mode=grid&order=name&limit=50&page=2&search=Renault" "Mozilla/5.0 (Windows NT 10.0; Win64; x64) AppleWebKit/537.36 (KHTML, like Gecko) Chrome/86.0.4240.111 Safari/537.36"
80.80.251.48 - - [29/Oct/2020:16:16:58 +0100] "GET /loadthumbnail.php?id=11340120&width=113 HTTP/1.1" 200 2962 "http://renault.activities.at/result?dir=DESC&mode=grid&order=name&limit=50&page=2&search=Renault" "Mozilla/5.0 (Windows NT 10.0; Win64; x64) AppleWebKit/537.36 (KHTML, like Gecko) Chrome/86.0.4240.111 Safari/537.36"
80.80.251.48 - - [29/Oct/2020:16:16:58 +0100] "GET /loadthumbnail.php?id=11500398&width=113 HTTP/1.1" 200 21704 "http://renault.activities.at/result?dir=DESC&mode=grid&order=name&limit=50&page=2&search=Renault" "Mozilla/5.0 (Windows NT 10.0; Win64; x64) AppleWebKit/537.36 (KHTML, like Gecko) Chrome/86.0.4240.111 Safari/537.36"
80.80.251.48 - - [29/Oct/2020:16:16:58 +0100] "GET /loadthumbnail.php?id=11500416&width=113 HTTP/1.1" 200 21073 "http://renault.activities.at/result?dir=DESC&mode=grid&order=name&limit=50&page=2&search=Renault" "Mozilla/5.0 (Windows NT 10.0; Win64; x64) AppleWebKit/537.36 (KHTML, like Gecko) Chrome/86.0.4240.111 Safari/537.36"
80.80.251.48 - - [29/Oct/2020:16:16:58 +0100] "GET /loadthumbnail.php?id=12239245&width=113 HTTP/1.1" 200 3605 "http://renault.activities.at/result?dir=DESC&mode=grid&order=name&limit=50&page=2&search=Renault" "Mozilla/5.0 (Windows NT 10.0; Win64; x64) AppleWebKit/537.36 (KHTML, like Gecko) Chrome/86.0.4240.111 Safari/537.36"
80.80.251.48 - - [29/Oct/2020:16:16:58 +0100] "GET /loadthumbnail.php?id=12176991&width=113 HTTP/1.1" 200 3227 "http://renault.activities.at/result?dir=DESC&mode=grid&order=name&limit=50&page=2&search=Renault" "Mozilla/5.0 (Windows NT 10.0; Win64; x64) AppleWebKit/537.36 (KHTML, like Gecko) Chrome/86.0.4240.111 Safari/537.36"
80.80.251.48 - - [29/Oct/2020:16:16:58 +0100] "GET /loadthumbnail.php?id=12176987&width=113 HTTP/1.1" 200 3020 "http://renault.activities.at/result?dir=DESC&mode=grid&order=name&limit=50&page=2&search=Renault" "Mozilla/5.0 (Windows NT 10.0; Win64; x64) AppleWebKit/537.36 (KHTML, like Gecko) Chrome/86.0.4240.111 Safari/537.36"
80.80.251.48 - - [29/Oct/2020:16:16:58 +0100] "GET /loadthumbnail.php?id=12176983&width=113 HTTP/1.1" 200 2917 "http://renault.activities.at/result?dir=DESC&mode=grid&order=name&limit=50&page=2&search=Renault" "Mozilla/5.0 (Windows NT 10.0; Win64; x64) AppleWebKit/537.36 (KHTML, like Gecko) Chrome/86.0.4240.111 Safari/537.36"
80.80.251.48 - - [29/Oct/2020:16:16:58 +0100] "GET /loadthumbnail.php?id=12176979&width=113 HTTP/1.1" 200 2612 "http://renault.activities.at/result?dir=DESC&mode=grid&order=name&limit=50&page=2&search=Renault" "Mozilla/5.0 (Windows NT 10.0; Win64; x64) AppleWebKit/537.36 (KHTML, like Gecko) Chrome/86.0.4240.111 Safari/537.36"
80.80.251.48 - - [29/Oct/2020:16:16:58 +0100] "GET /loadthumbnail.php?id=11877752&width=113 HTTP/1.1" 200 41752 "http://renault.activities.at/result?dir=DESC&mode=grid&order=name&limit=50&page=2&search=Renault" "Mozilla/5.0 (Windows NT 10.0; Win64; x64) AppleWebKit/537.36 (KHTML, like Gecko) Chrome/86.0.4240.111 Safari/537.36"
80.80.251.48 - - [29/Oct/2020:16:16:58 +0100] "GET /loadthumbnail.php?id=12230773&width=113 HTTP/1.1" 200 39654 "http://renault.activities.at/result?dir=DESC&mode=grid&order=name&limit=50&page=2&search=Renault" "Mozilla/5.0 (Windows NT 10.0; Win64; x64) AppleWebKit/537.36 (KHTML, like Gecko) Chrome/86.0.4240.111 Safari/537.36"
80.80.251.48 - - [29/Oct/2020:16:16:58 +0100] "GET /loadthumbnail.php?id=12140010&width=113 HTTP/1.1" 200 28414 "http://renault.activities.at/result?dir=DESC&mode=grid&order=name&limit=50&page=2&search=Renault" "Mozilla/5.0 (Windows NT 10.0; Win64; x64) AppleWebKit/537.36 (KHTML, like Gecko) Chrome/86.0.4240.111 Safari/537.36"
80.80.251.48 - - [29/Oct/2020:16:17:15 +0100] "GET /images/vista-up-hover.gif HTTP/1.1" 200 130 "http://renault.activities.at/css/styles.css" "Mozilla/5.0 (Windows NT 10.0; Win64; x64) AppleWebKit/537.36 (KHTML, like Gecko) Chrome/86.0.4240.111 Safari/537.36"
80.80.251.48 - - [29/Oct/2020:16:17:16 +0100] "GET /11351144?print=true HTTP/1.1" 200 2632 "http://renault.activities.at/result?dir=DESC&mode=grid&order=name&limit=50&page=2&search=Renault" "Mozilla/5.0 (Windows NT 10.0; Win64; x64) AppleWebKit/537.36 (KHTML, like Gecko) Chrome/86.0.4240.111 Safari/537.36"
80.80.251.48 - - [29/Oct/2020:16:17:17 +0100] "GET /loadthumbnail.php?id=11775715&width=250 HTTP/1.1" 200 14004 "http://renault.activities.at/11351144?print=true" "Mozilla/5.0 (Windows NT 10.0; Win64; x64) AppleWebKit/537.36 (KHTML, like Gecko) Chrome/86.0.4240.111 Safari/537.36"
80.80.251.48 - - [29/Oct/2020:16:17:18 +0100] "GET /loadthumbnail.php?id=11775715&width=900&height=900 HTTP/1.1" 200 175211 "http://renault.activities.at/11351144?print=true" "Mozilla/5.0 (Windows NT 10.0; Win64; x64) AppleWebKit/537.36 (KHTML, like Gecko) Chrome/86.0.4240.111 Safari/537.36"
157.55.39.134 - - [29/Oct/2020:16:17:18 +0100] "GET /10260003?dir=DESC&mode=grid&order=name&limit=15&page=1&cat=10260300 HTTP/1.1" 200 6422 "-" "Mozilla/5.0 (compatible; bingbot/2.0; +http://www.bing.com/bingbot.htm)"
91.113.165.162 - - [29/Oct/2020:16:17:43 +0100] "GET /reload?ser=1603984663507 HTTP/1.1" 200 28 "http://renault.activities.at/" "Mozilla/5.0 (Windows NT 10.0; Win64; x64) AppleWebKit/537.36 (KHTML, like Gecko) Chrome/86.0.4240.111 Safari/537.36"
80.122.221.194 - - [29/Oct/2020:16:17:57 +0100] "GET /reload?ser=1603984677410 HTTP/1.1" 200 28 "http://renault.activities.at/success" "Mozilla/5.0 (Windows NT 10.0; Win64; x64) AppleWebKit/537.36 (KHTML, like Gecko) Chrome/86.0.4240.111 Safari/537.36 Edg/86.0.622.51"
80.80.251.48 - - [29/Oct/2020:16:17:58 +0100] "GET /reload?ser=1603984678603 HTTP/1.1" 200 28 "http://renault.activities.at/result?dir=DESC&mode=grid&order=name&limit=50&page=2&search=Renault" "Mozilla/5.0 (Windows NT 10.0; Win64; x64) AppleWebKit/537.36 (KHTML, like Gecko) Chrome/86.0.4240.111 Safari/537.36"
80.80.251.48 - - [29/Oct/2020:16:18:00 +0100] "GET /717102?print=true HTTP/1.1" 200 2707 "http://renault.activities.at/result?dir=DESC&mode=grid&order=name&limit=50&page=2&search=Renault" "Mozilla/5.0 (Windows NT 10.0; Win64; x64) AppleWebKit/537.36 (KHTML, like Gecko) Chrome/86.0.4240.111 Safari/537.36"
80.80.251.48 - - [29/Oct/2020:16:18:03 +0100] "GET /loadthumbnail.php?id=11423689&width=250 HTTP/1.1" 200 3293 "http://renault.activities.at/717102?print=true" "Mozilla/5.0 (Windows NT 10.0; Win64; x64) AppleWebKit/537.36 (KHTML, like Gecko) Chrome/86.0.4240.111 Safari/537.36"
80.80.251.48 - - [29/Oct/2020:16:18:04 +0100] "GET /loadthumbnail.php?id=11423689&width=900&height=900 HTTP/1.1" 200 21629 "http://renault.activities.at/717102?print=true" "Mozilla/5.0 (Windows NT 10.0; Win64; x64) AppleWebKit/537.36 (KHTML, like Gecko) Chrome/86.0.4240.111 Safari/537.36"
80.80.251.48 - - [29/Oct/2020:16:18:22 +0100] "GET /11875093?print=true HTTP/1.1" 200 2634 "http://renault.activities.at/result?dir=DESC&mode=grid&order=name&limit=50&page=2&search=Renault" "Mozilla/5.0 (Windows NT 10.0; Win64; x64) AppleWebKit/537.36 (KHTML, like Gecko) Chrome/86.0.4240.111 Safari/537.36"
80.80.251.48 - - [29/Oct/2020:16:18:25 +0100] "GET /loadthumbnail.php?id=12029408&width=250 HTTP/1.1" 200 8108 "http://renault.activities.at/11875093?print=true" "Mozilla/5.0 (Windows NT 10.0; Win64; x64) AppleWebKit/537.36 (KHTML, like Gecko) Chrome/86.0.4240.111 Safari/537.36"
80.80.251.48 - - [29/Oct/2020:16:18:25 +0100] "GET /loadthumbnail.php?id=12029408&width=900&height=900 HTTP/1.1" 200 64004 "http://renault.activities.at/11875093?print=true" "Mozilla/5.0 (Windows NT 10.0; Win64; x64) AppleWebKit/537.36 (KHTML, like Gecko) Chrome/86.0.4240.111 Safari/537.36"
91.113.165.162 - - [29/Oct/2020:16:18:44 +0100] "GET /reload?ser=1603984724500 HTTP/1.1" 200 28 "http://renault.activities.at/" "Mozilla/5.0 (Windows NT 10.0; Win64; x64) AppleWebKit/537.36 (KHTML, like Gecko) Chrome/86.0.4240.111 Safari/537.36"
80.122.221.194 - - [29/Oct/2020:16:18:58 +0100] "GET /reload?ser=1603984738381 HTTP/1.1" 200 28 "http://renault.activities.at/success" "Mozilla/5.0 (Windows NT 10.0; Win64; x64) AppleWebKit/537.36 (KHTML, like Gecko) Chrome/86.0.4240.111 Safari/537.36 Edg/86.0.622.51"
80.80.251.48 - - [29/Oct/2020:16:18:59 +0100] "GET /reload?ser=1603984739678 HTTP/1.1" 200 28 "http://renault.activities.at/result?dir=DESC&mode=grid&order=name&limit=50&page=2&search=Renault" "Mozilla/5.0 (Windows NT 10.0; Win64; x64) AppleWebKit/537.36 (KHTML, like Gecko) Chrome/86.0.4240.111 Safari/537.36"
80.80.251.48 - - [29/Oct/2020:16:19:41 +0100] "GET /images/vista-dn-hover.gif HTTP/1.1" 200 127 "http://renault.activities.at/css/styles.css" "Mozilla/5.0 (Windows NT 10.0; Win64; x64) AppleWebKit/537.36 (KHTML, like Gecko) Chrome/86.0.4240.111 Safari/537.36"
91.113.165.162 - - [29/Oct/2020:16:19:45 +0100] "GET /reload?ser=1603984785505 HTTP/1.1" 200 28 "http://renault.activities.at/" "Mozilla/5.0 (Windows NT 10.0; Win64; x64) AppleWebKit/537.36 (KHTML, like Gecko) Chrome/86.0.4240.111 Safari/537.36"
80.122.221.194 - - [29/Oct/2020:16:19:59 +0100] "GET /reload?ser=1603984799329 HTTP/1.1" 200 28 "http://renault.activities.at/success" "Mozilla/5.0 (Windows NT 10.0; Win64; x64) AppleWebKit/537.36 (KHTML, like Gecko) Chrome/86.0.4240.111 Safari/537.36 Edg/86.0.622.51"
80.80.251.48 - - [29/Oct/2020:16:19:59 +0100] "GET /result?dir=DESC&mode=grid&order=name&limit=50&page=3&search=Renault HTTP/1.1" 200 9648 "http://renault.activities.at/result?dir=DESC&mode=grid&order=name&limit=50&page=2&search=Renault" "Mozilla/5.0 (Windows NT 10.0; Win64; x64) AppleWebKit/537.36 (KHTML, like Gecko) Chrome/86.0.4240.111 Safari/537.36"
80.80.251.48 - - [29/Oct/2020:16:20:03 +0100] "GET /loadthumbnail.php?id=11319988&width=113 HTTP/1.1" 200 44228 "http://renault.activities.at/result?dir=DESC&mode=grid&order=name&limit=50&page=3&search=Renault" "Mozilla/5.0 (Windows NT 10.0; Win64; x64) AppleWebKit/537.36 (KHTML, like Gecko) Chrome/86.0.4240.111 Safari/537.36"
80.80.251.48 - - [29/Oct/2020:16:20:03 +0100] "GET /loadthumbnail.php?id=11165054&width=113 HTTP/1.1" 200 34777 "http://renault.activities.at/result?dir=DESC&mode=grid&order=name&limit=50&page=3&search=Renault" "Mozilla/5.0 (Windows NT 10.0; Win64; x64) AppleWebKit/537.36 (KHTML, like Gecko) Chrome/86.0.4240.111 Safari/537.36"
80.80.251.48 - - [29/Oct/2020:16:20:03 +0100] "GET /loadthumbnail.php?id=12139710&width=113 HTTP/1.1" 200 34483 "http://renault.activities.at/result?dir=DESC&mode=grid&order=name&limit=50&page=3&search=Renault" "Mozilla/5.0 (Windows NT 10.0; Win64; x64) AppleWebKit/537.36 (KHTML, like Gecko) Chrome/86.0.4240.111 Safari/537.36"
80.80.251.48 - - [29/Oct/2020:16:20:03 +0100] "GET /loadthumbnail.php?id=11031880&width=113 HTTP/1.1" 200 39263 "http://renault.activities.at/result?dir=DESC&mode=grid&order=name&limit=50&page=3&search=Renault" "Mozilla/5.0 (Windows NT 10.0; Win64; x64) AppleWebKit/537.36 (KHTML, like Gecko) Chrome/86.0.4240.111 Safari/537.36"
80.80.251.48 - - [29/Oct/2020:16:20:03 +0100] "GET /loadthumbnail.php?id=11314432&width=113 HTTP/1.1" 200 36566 "http://renault.activities.at/result?dir=DESC&mode=grid&order=name&limit=50&page=3&search=Renault" "Mozilla/5.0 (Windows NT 10.0; Win64; x64) AppleWebKit/537.36 (KHTML, like Gecko) Chrome/86.0.4240.111 Safari/537.36"
80.80.251.48 - - [29/Oct/2020:16:20:03 +0100] "GET /loadthumbnail.php?id=11658180&width=113 HTTP/1.1" 200 29422 "http://renault.activities.at/result?dir=DESC&mode=grid&order=name&limit=50&page=3&search=Renault" "Mozilla/5.0 (Windows NT 10.0; Win64; x64) AppleWebKit/537.36 (KHTML, like Gecko) Chrome/86.0.4240.111 Safari/537.36"
80.80.251.48 - - [29/Oct/2020:16:20:04 +0100] "GET /loadthumbnail.php?id=11319983&width=113 HTTP/1.1" 200 38992 "http://renault.activities.at/result?dir=DESC&mode=grid&order=name&limit=50&page=3&search=Renault" "Mozilla/5.0 (Windows NT 10.0; Win64; x64) AppleWebKit/537.36 (KHTML, like Gecko) Chrome/86.0.4240.111 Safari/537.36"
80.80.251.48 - - [29/Oct/2020:16:20:04 +0100] "GET /loadthumbnail.php?id=11715013&width=113 HTTP/1.1" 200 33856 "http://renault.activities.at/result?dir=DESC&mode=grid&order=name&limit=50&page=3&search=Renault" "Mozilla/5.0 (Windows NT 10.0; Win64; x64) AppleWebKit/537.36 (KHTML, like Gecko) Chrome/86.0.4240.111 Safari/537.36"
80.80.251.48 - - [29/Oct/2020:16:20:04 +0100] "GET /loadthumbnail.php?id=11715017&width=113 HTTP/1.1" 200 37395 "http://renault.activities.at/result?dir=DESC&mode=grid&order=name&limit=50&page=3&search=Renault" "Mozilla/5.0 (Windows NT 10.0; Win64; x64) AppleWebKit/537.36 (KHTML, like Gecko) Chrome/86.0.4240.111 Safari/537.36"
80.80.251.48 - - [29/Oct/2020:16:20:00 +0100] "GET /reload?ser=1603984800656 HTTP/1.1" 200 28 "http://renault.activities.at/result?dir=DESC&mode=grid&order=name&limit=50&page=2&search=Renault" "Mozilla/5.0 (Windows NT 10.0; Win64; x64) AppleWebKit/537.36 (KHTML, like Gecko) Chrome/86.0.4240.111 Safari/537.36"
80.80.251.48 - - [29/Oct/2020:16:20:04 +0100] "GET /loadthumbnail.php?id=12231767&width=113 HTTP/1.1" 200 30758 "http://renault.activities.at/result?dir=DESC&mode=grid&order=name&limit=50&page=3&search=Renault" "Mozilla/5.0 (Windows NT 10.0; Win64; x64) AppleWebKit/537.36 (KHTML, like Gecko) Chrome/86.0.4240.111 Safari/537.36"
80.80.251.48 - - [29/Oct/2020:16:20:04 +0100] "GET /loadthumbnail.php?id=11342066&width=113 HTTP/1.1" 200 28015 "http://renault.activities.at/result?dir=DESC&mode=grid&order=name&limit=50&page=3&search=Renault" "Mozilla/5.0 (Windows NT 10.0; Win64; x64) AppleWebKit/537.36 (KHTML, like Gecko) Chrome/86.0.4240.111 Safari/537.36"
80.80.251.48 - - [29/Oct/2020:16:20:04 +0100] "GET /loadthumbnail.php?id=11342067&width=113 HTTP/1.1" 200 21913 "http://renault.activities.at/result?dir=DESC&mode=grid&order=name&limit=50&page=3&search=Renault" "Mozilla/5.0 (Windows NT 10.0; Win64; x64) AppleWebKit/537.36 (KHTML, like Gecko) Chrome/86.0.4240.111 Safari/537.36"
80.80.251.48 - - [29/Oct/2020:16:20:04 +0100] "GET /loadthumbnail.php?id=12231771&width=113 HTTP/1.1" 200 30339 "http://renault.activities.at/result?dir=DESC&mode=grid&order=name&limit=50&page=3&search=Renault" "Mozilla/5.0 (Windows NT 10.0; Win64; x64) AppleWebKit/537.36 (KHTML, like Gecko) Chrome/86.0.4240.111 Safari/537.36"
80.80.251.48 - - [29/Oct/2020:16:20:04 +0100] "GET /loadthumbnail.php?id=11164747&width=113 HTTP/1.1" 200 26121 "http://renault.activities.at/result?dir=DESC&mode=grid&order=name&limit=50&page=3&search=Renault" "Mozilla/5.0 (Windows NT 10.0; Win64; x64) AppleWebKit/537.36 (KHTML, like Gecko) Chrome/86.0.4240.111 Safari/537.36"
80.80.251.48 - - [29/Oct/2020:16:20:04 +0100] "GET /loadthumbnail.php?id=11319984&width=113 HTTP/1.1" 200 28924 "http://renault.activities.at/result?dir=DESC&mode=grid&order=name&limit=50&page=3&search=Renault" "Mozilla/5.0 (Windows NT 10.0; Win64; x64) AppleWebKit/537.36 (KHTML, like Gecko) Chrome/86.0.4240.111 Safari/537.36"
80.80.251.48 - - [29/Oct/2020:16:20:04 +0100] "GET /loadthumbnail.php?id=11319961&width=113 HTTP/1.1" 200 27077 "http://renault.activities.at/result?dir=DESC&mode=grid&order=name&limit=50&page=3&search=Renault" "Mozilla/5.0 (Windows NT 10.0; Win64; x64) AppleWebKit/537.36 (KHTML, like Gecko) Chrome/86.0.4240.111 Safari/537.36"
80.80.251.48 - - [29/Oct/2020:16:20:04 +0100] "GET /loadthumbnail.php?id=12139706&width=113 HTTP/1.1" 200 28671 "http://renault.activities.at/result?dir=DESC&mode=grid&order=name&limit=50&page=3&search=Renault" "Mozilla/5.0 (Windows NT 10.0; Win64; x64) AppleWebKit/537.36 (KHTML, like Gecko) Chrome/86.0.4240.111 Safari/537.36"
80.80.251.48 - - [29/Oct/2020:16:20:04 +0100] "GET /loadthumbnail.php?id=11577924&width=113 HTTP/1.1" 200 28282 "http://renault.activities.at/result?dir=DESC&mode=grid&order=name&limit=50&page=3&search=Renault" "Mozilla/5.0 (Windows NT 10.0; Win64; x64) AppleWebKit/537.36 (KHTML, like Gecko) Chrome/86.0.4240.111 Safari/537.36"
80.80.251.48 - - [29/Oct/2020:16:20:04 +0100] "GET /loadthumbnail.php?id=11334756&width=113 HTTP/1.1" 200 24626 "http://renault.activities.at/result?dir=DESC&mode=grid&order=name&limit=50&page=3&search=Renault" "Mozilla/5.0 (Windows NT 10.0; Win64; x64) AppleWebKit/537.36 (KHTML, like Gecko) Chrome/86.0.4240.111 Safari/537.36"
80.80.251.48 - - [29/Oct/2020:16:20:04 +0100] "GET /loadthumbnail.php?id=10970931&width=113 HTTP/1.1" 200 6246 "http://renault.activities.at/result?dir=DESC&mode=grid&order=name&limit=50&page=3&search=Renault" "Mozilla/5.0 (Windows NT 10.0; Win64; x64) AppleWebKit/537.36 (KHTML, like Gecko) Chrome/86.0.4240.111 Safari/537.36"
80.80.251.48 - - [29/Oct/2020:16:20:04 +0100] "GET /loadthumbnail.php?id=11334755&width=113 HTTP/1.1" 200 23865 "http://renault.activities.at/result?dir=DESC&mode=grid&order=name&limit=50&page=3&search=Renault" "Mozilla/5.0 (Windows NT 10.0; Win64; x64) AppleWebKit/537.36 (KHTML, like Gecko) Chrome/86.0.4240.111 Safari/537.36"
80.80.251.48 - - [29/Oct/2020:16:20:05 +0100] "GET /loadthumbnail.php?id=11658108&width=113 HTTP/1.1" 200 27184 "http://renault.activities.at/result?dir=DESC&mode=grid&order=name&limit=50&page=3&search=Renault" "Mozilla/5.0 (Windows NT 10.0; Win64; x64) AppleWebKit/537.36 (KHTML, like Gecko) Chrome/86.0.4240.111 Safari/537.36"
80.80.251.48 - - [29/Oct/2020:16:20:05 +0100] "GET /loadthumbnail.php?id=12205692&width=113 HTTP/1.1" 200 4881 "http://renault.activities.at/result?dir=DESC&mode=grid&order=name&limit=50&page=3&search=Renault" "Mozilla/5.0 (Windows NT 10.0; Win64; x64) AppleWebKit/537.36 (KHTML, like Gecko) Chrome/86.0.4240.111 Safari/537.36"
80.80.251.48 - - [29/Oct/2020:16:20:05 +0100] "GET /loadthumbnail.php?id=11423838&width=113 HTTP/1.1" 200 2865 "http://renault.activities.at/result?dir=DESC&mode=grid&order=name&limit=50&page=3&search=Renault" "Mozilla/5.0 (Windows NT 10.0; Win64; x64) AppleWebKit/537.36 (KHTML, like Gecko) Chrome/86.0.4240.111 Safari/537.36"
80.80.251.48 - - [29/Oct/2020:16:20:18 +0100] "GET /10764754?print=true HTTP/1.1" 200 3030 "http://renault.activities.at/result?dir=DESC&mode=grid&order=name&limit=50&page=3&search=Renault" "Mozilla/5.0 (Windows NT 10.0; Win64; x64) AppleWebKit/537.36 (KHTML, like Gecko) Chrome/86.0.4240.111 Safari/537.36"
80.80.251.48 - - [29/Oct/2020:16:20:20 +0100] "GET /loadthumbnail.php?id=11423838&width=250 HTTP/1.1" 200 8660 "http://renault.activities.at/10764754?print=true" "Mozilla/5.0 (Windows NT 10.0; Win64; x64) AppleWebKit/537.36 (KHTML, like Gecko) Chrome/86.0.4240.111 Safari/537.36"
80.80.251.48 - - [29/Oct/2020:16:20:20 +0100] "GET /loadthumbnail.php?id=11423838&width=83 HTTP/1.1" 200 1972 "http://renault.activities.at/10764754?print=true" "Mozilla/5.0 (Windows NT 10.0; Win64; x64) AppleWebKit/537.36 (KHTML, like Gecko) Chrome/86.0.4240.111 Safari/537.36"
80.80.251.48 - - [29/Oct/2020:16:20:20 +0100] "GET /loadthumbnail.php?id=11423839&width=83 HTTP/1.1" 200 1353 "http://renault.activities.at/10764754?print=true" "Mozilla/5.0 (Windows NT 10.0; Win64; x64) AppleWebKit/537.36 (KHTML, like Gecko) Chrome/86.0.4240.111 Safari/537.36"
80.80.251.48 - - [29/Oct/2020:16:20:20 +0100] "GET /loadthumbnail.php?id=11423838&width=900&height=900 HTTP/1.1" 200 67855 "http://renault.activities.at/10764754?print=true" "Mozilla/5.0 (Windows NT 10.0; Win64; x64) AppleWebKit/537.36 (KHTML, like Gecko) Chrome/86.0.4240.111 Safari/537.36"
80.80.251.48 - - [29/Oct/2020:16:20:21 +0100] "GET /loadthumbnail.php?id=11423839&width=250 HTTP/1.1" 200 3773 "http://renault.activities.at/10764754?print=true" "Mozilla/5.0 (Windows NT 10.0; Win64; x64) AppleWebKit/537.36 (KHTML, like Gecko) Chrome/86.0.4240.111 Safari/537.36"
80.80.251.48 - - [29/Oct/2020:16:20:37 +0100] "POST /axjaxrequest?mode=suggest HTTP/1.1" 200 112 "http://renault.activities.at/result?dir=DESC&mode=grid&order=name&limit=50&page=3&search=Renault" "Mozilla/5.0 (Windows NT 10.0; Win64; x64) AppleWebKit/537.36 (KHTML, like Gecko) Chrome/86.0.4240.111 Safari/537.36"
80.80.251.48 - - [29/Oct/2020:16:20:37 +0100] "GET /result?searchterm=true&search=notizbuch HTTP/1.1" 200 5784 "http://renault.activities.at/result?dir=DESC&mode=grid&order=name&limit=50&page=3&search=Renault" "Mozilla/5.0 (Windows NT 10.0; Win64; x64) AppleWebKit/537.36 (KHTML, like Gecko) Chrome/86.0.4240.111 Safari/537.36"
91.113.165.162 - - [29/Oct/2020:16:20:46 +0100] "GET /reload?ser=1603984846505 HTTP/1.1" 200 28 "http://renault.activities.at/" "Mozilla/5.0 (Windows NT 10.0; Win64; x64) AppleWebKit/537.36 (KHTML, like Gecko) Chrome/86.0.4240.111 Safari/537.36"
80.122.221.194 - - [29/Oct/2020:16:21:00 +0100] "GET /reload?ser=1603984860289 HTTP/1.1" 200 28 "http://renault.activities.at/success" "Mozilla/5.0 (Windows NT 10.0; Win64; x64) AppleWebKit/537.36 (KHTML, like Gecko) Chrome/86.0.4240.111 Safari/537.36 Edg/86.0.622.51"
80.80.251.48 - - [29/Oct/2020:16:21:17 +0100] "GET /logout HTTP/1.1" 302 140 "http://renault.activities.at/result?searchterm=true&search=notizbuch" "Mozilla/5.0 (Windows NT 10.0; Win64; x64) AppleWebKit/537.36 (KHTML, like Gecko) Chrome/86.0.4240.111 Safari/537.36"
80.80.251.48 - - [29/Oct/2020:16:21:18 +0100] "GET /logout HTTP/1.1" 200 1583 "http://renault.activities.at/result?searchterm=true&search=notizbuch" "Mozilla/5.0 (Windows NT 10.0; Win64; x64) AppleWebKit/537.36 (KHTML, like Gecko) Chrome/86.0.4240.111 Safari/537.36"
91.113.165.162 - - [29/Oct/2020:16:21:47 +0100] "GET /reload?ser=1603984907504 HTTP/1.1" 200 28 "http://renault.activities.at/" "Mozilla/5.0 (Windows NT 10.0; Win64; x64) AppleWebKit/537.36 (KHTML, like Gecko) Chrome/86.0.4240.111 Safari/537.36"
80.122.221.194 - - [29/Oct/2020:16:22:01 +0100] "GET /reload?ser=1603984921225 HTTP/1.1" 200 28 "http://renault.activities.at/success" "Mozilla/5.0 (Windows NT 10.0; Win64; x64) AppleWebKit/537.36 (KHTML, like Gecko) Chrome/86.0.4240.111 Safari/537.36 Edg/86.0.622.51"
91.113.165.162 - - [29/Oct/2020:16:22:48 +0100] "GET /reload?ser=1603984968512 HTTP/1.1" 200 28 "http://renault.activities.at/" "Mozilla/5.0 (Windows NT 10.0; Win64; x64) AppleWebKit/537.36 (KHTML, like Gecko) Chrome/86.0.4240.111 Safari/537.36"
80.122.221.194 - - [29/Oct/2020:16:23:02 +0100] "GET /reload?ser=1603984982173 HTTP/1.1" 200 28 "http://renault.activities.at/success" "Mozilla/5.0 (Windows NT 10.0; Win64; x64) AppleWebKit/537.36 (KHTML, like Gecko) Chrome/86.0.4240.111 Safari/537.36 Edg/86.0.622.51"
91.113.165.162 - - [29/Oct/2020:16:23:49 +0100] "GET /reload?ser=1603985029508 HTTP/1.1" 200 28 "http://renault.activities.at/" "Mozilla/5.0 (Windows NT 10.0; Win64; x64) AppleWebKit/537.36 (KHTML, like Gecko) Chrome/86.0.4240.111 Safari/537.36"
80.122.221.194 - - [29/Oct/2020:16:24:03 +0100] "GET /reload?ser=1603985043129 HTTP/1.1" 200 28 "http://renault.activities.at/success" "Mozilla/5.0 (Windows NT 10.0; Win64; x64) AppleWebKit/537.36 (KHTML, like Gecko) Chrome/86.0.4240.111 Safari/537.36 Edg/86.0.622.51"
91.113.165.162 - - [29/Oct/2020:16:24:50 +0100] "GET /reload?ser=1603985090510 HTTP/1.1" 200 28 "http://renault.activities.at/" "Mozilla/5.0 (Windows NT 10.0; Win64; x64) AppleWebKit/537.36 (KHTML, like Gecko) Chrome/86.0.4240.111 Safari/537.36"
80.122.221.194 - - [29/Oct/2020:16:25:04 +0100] "GET /reload?ser=1603985104100 HTTP/1.1" 200 28 "http://renault.activities.at/success" "Mozilla/5.0 (Windows NT 10.0; Win64; x64) AppleWebKit/537.36 (KHTML, like Gecko) Chrome/86.0.4240.111 Safari/537.36 Edg/86.0.622.51"
91.113.165.162 - - [29/Oct/2020:16:25:51 +0100] "GET /reload?ser=1603985151505 HTTP/1.1" 200 28 "http://renault.activities.at/" "Mozilla/5.0 (Windows NT 10.0; Win64; x64) AppleWebKit/537.36 (KHTML, like Gecko) Chrome/86.0.4240.111 Safari/537.36"
80.122.221.194 - - [29/Oct/2020:16:26:05 +0100] "GET /reload?ser=1603985165069 HTTP/1.1" 200 28 "http://renault.activities.at/success" "Mozilla/5.0 (Windows NT 10.0; Win64; x64) AppleWebKit/537.36 (KHTML, like Gecko) Chrome/86.0.4240.111 Safari/537.36 Edg/86.0.622.51"
91.113.165.162 - - [29/Oct/2020:16:26:52 +0100] "GET /reload?ser=1603985212506 HTTP/1.1" 200 28 "http://renault.activities.at/" "Mozilla/5.0 (Windows NT 10.0; Win64; x64) AppleWebKit/537.36 (KHTML, like Gecko) Chrome/86.0.4240.111 Safari/537.36"
80.122.221.194 - - [29/Oct/2020:16:27:06 +0100] "GET /reload?ser=1603985226043 HTTP/1.1" 200 28 "http://renault.activities.at/success" "Mozilla/5.0 (Windows NT 10.0; Win64; x64) AppleWebKit/537.36 (KHTML, like Gecko) Chrome/86.0.4240.111 Safari/537.36 Edg/86.0.622.51"
91.113.165.162 - - [29/Oct/2020:16:27:53 +0100] "GET /reload?ser=1603985273502 HTTP/1.1" 200 28 "http://renault.activities.at/" "Mozilla/5.0 (Windows NT 10.0; Win64; x64) AppleWebKit/537.36 (KHTML, like Gecko) Chrome/86.0.4240.111 Safari/537.36"
80.122.221.194 - - [29/Oct/2020:16:28:07 +0100] "GET /reload?ser=1603985287008 HTTP/1.1" 200 28 "http://renault.activities.at/success" "Mozilla/5.0 (Windows NT 10.0; Win64; x64) AppleWebKit/537.36 (KHTML, like Gecko) Chrome/86.0.4240.111 Safari/537.36 Edg/86.0.622.51"
91.113.165.162 - - [29/Oct/2020:16:28:54 +0100] "GET /reload?ser=1603985334506 HTTP/1.1" 200 28 "http://renault.activities.at/" "Mozilla/5.0 (Windows NT 10.0; Win64; x64) AppleWebKit/537.36 (KHTML, like Gecko) Chrome/86.0.4240.111 Safari/537.36"
80.122.221.194 - - [29/Oct/2020:16:29:07 +0100] "GET /reload?ser=1603985347977 HTTP/1.1" 200 28 "http://renault.activities.at/success" "Mozilla/5.0 (Windows NT 10.0; Win64; x64) AppleWebKit/537.36 (KHTML, like Gecko) Chrome/86.0.4240.111 Safari/537.36 Edg/86.0.622.51"
91.113.165.162 - - [29/Oct/2020:16:29:55 +0100] "GET /reload?ser=1603985395509 HTTP/1.1" 200 28 "http://renault.activities.at/" "Mozilla/5.0 (Windows NT 10.0; Win64; x64) AppleWebKit/537.36 (KHTML, like Gecko) Chrome/86.0.4240.111 Safari/537.36"
80.122.221.194 - - [29/Oct/2020:16:30:09 +0100] "GET /reload?ser=1603985409151 HTTP/1.1" 200 28 "http://renault.activities.at/success" "Mozilla/5.0 (Windows NT 10.0; Win64; x64) AppleWebKit/537.36 (KHTML, like Gecko) Chrome/86.0.4240.111 Safari/537.36 Edg/86.0.622.51"
91.113.165.162 - - [29/Oct/2020:16:30:56 +0100] "GET /reload?ser=1603985456515 HTTP/1.1" 200 28 "http://renault.activities.at/" "Mozilla/5.0 (Windows NT 10.0; Win64; x64) AppleWebKit/537.36 (KHTML, like Gecko) Chrome/86.0.4240.111 Safari/537.36"
80.122.221.194 - - [29/Oct/2020:16:31:10 +0100] "GET /reload?ser=1603985470209 HTTP/1.1" 200 28 "http://renault.activities.at/success" "Mozilla/5.0 (Windows NT 10.0; Win64; x64) AppleWebKit/537.36 (KHTML, like Gecko) Chrome/86.0.4240.111 Safari/537.36 Edg/86.0.622.51"
80.120.210.179 - - [29/Oct/2020:16:31:24 +0100] "GET /account HTTP/1.1" 302 150 "-" "Mozilla/5.0 (Windows NT 10.0; WOW64; Trident/7.0; rv:11.0) like Gecko"
80.120.210.179 - - [29/Oct/2020:16:31:24 +0100] "GET /login?required=true HTTP/1.1" 200 2085 "-" "Mozilla/5.0 (Windows NT 10.0; WOW64; Trident/7.0; rv:11.0) like Gecko"
80.120.210.179 - - [29/Oct/2020:16:31:25 +0100] "GET /css/reset.css HTTP/1.1" 200 1356 "http://renault.activities.at/login?required=true" "Mozilla/5.0 (Windows NT 10.0; WOW64; Trident/7.0; rv:11.0) like Gecko"
80.120.210.179 - - [29/Oct/2020:16:31:25 +0100] "GET /css/clears.css HTTP/1.1" 200 851 "http://renault.activities.at/login?required=true" "Mozilla/5.0 (Windows NT 10.0; WOW64; Trident/7.0; rv:11.0) like Gecko"
80.120.210.179 - - [29/Oct/2020:16:31:25 +0100] "GET /css/print.css HTTP/1.1" 200 543 "http://renault.activities.at/login?required=true" "Mozilla/5.0 (Windows NT 10.0; WOW64; Trident/7.0; rv:11.0) like Gecko"
80.120.210.179 - - [29/Oct/2020:16:31:25 +0100] "GET /js/default.js HTTP/1.1" 200 14698 "http://renault.activities.at/login?required=true" "Mozilla/5.0 (Windows NT 10.0; WOW64; Trident/7.0; rv:11.0) like Gecko"
80.120.210.179 - - [29/Oct/2020:16:31:25 +0100] "GET /css/styles.css HTTP/1.1" 200 14664 "http://renault.activities.at/login?required=true" "Mozilla/5.0 (Windows NT 10.0; WOW64; Trident/7.0; rv:11.0) like Gecko"
80.120.210.179 - - [29/Oct/2020:16:31:25 +0100] "GET /js/checkout.css HTTP/1.1" 200 359 "http://renault.activities.at/login?required=true" "Mozilla/5.0 (Windows NT 10.0; WOW64; Trident/7.0; rv:11.0) like Gecko"
80.120.210.179 - - [29/Oct/2020:16:31:25 +0100] "GET /css/themes/default.css HTTP/1.1" 200 769 "http://renault.activities.at/login?required=true" "Mozilla/5.0 (Windows NT 10.0; WOW64; Trident/7.0; rv:11.0) like Gecko"
80.120.210.179 - - [29/Oct/2020:16:31:25 +0100] "GET /css/prototip.css HTTP/1.1" 200 968 "http://renault.activities.at/login?required=true" "Mozilla/5.0 (Windows NT 10.0; WOW64; Trident/7.0; rv:11.0) like Gecko"
80.120.210.179 - - [29/Oct/2020:16:31:25 +0100] "GET /css/themes/alphacube.css HTTP/1.1" 200 743 "http://renault.activities.at/login?required=true" "Mozilla/5.0 (Windows NT 10.0; WOW64; Trident/7.0; rv:11.0) like Gecko"
80.120.210.179 - - [29/Oct/2020:16:31:25 +0100] "GET /js/index.php?c=auto&f=,prototype/prototype.js,prototype/validation.js,scriptaculous/builder.js,scriptaculous/effects.js,scriptaculous/dragdrop.js,scriptaculous/controls.js,scriptaculous/slider.js,varien/js.js,varien/form.js,varien/menu.js,mage/translate.js,mage/cookies.js,varien/product.js,spinner/SpinnerControl.jsmin.js,prototype/window.js,prototype/window_ext.js HTTP/1.1" 200 94182 "http://renault.activities.at/login?required=true" "Mozilla/5.0 (Windows NT 10.0; WOW64; Trident/7.0; rv:11.0) like Gecko"
80.120.210.179 - - [29/Oct/2020:16:31:25 +0100] "GET /images/main_block_border.gif HTTP/1.1" 200 43 "http://renault.activities.at/login?required=true" "Mozilla/5.0 (Windows NT 10.0; WOW64; Trident/7.0; rv:11.0) like Gecko"
80.120.210.179 - - [29/Oct/2020:16:31:25 +0100] "GET /images/main_block_corner_left_top.gif HTTP/1.1" 200 159 "http://renault.activities.at/login?required=true" "Mozilla/5.0 (Windows NT 10.0; WOW64; Trident/7.0; rv:11.0) like Gecko"
80.120.210.179 - - [29/Oct/2020:16:31:25 +0100] "GET /images/main_block_corner_right_bot.gif HTTP/1.1" 200 158 "http://renault.activities.at/login?required=true" "Mozilla/5.0 (Windows NT 10.0; WOW64; Trident/7.0; rv:11.0) like Gecko"
80.120.210.179 - - [29/Oct/2020:16:31:25 +0100] "GET /images/main_block_corner_left_bot.gif HTTP/1.1" 200 159 "http://renault.activities.at/login?required=true" "Mozilla/5.0 (Windows NT 10.0; WOW64; Trident/7.0; rv:11.0) like Gecko"
80.120.210.179 - - [29/Oct/2020:16:31:25 +0100] "GET /images/main_block_corner_right_top.gif HTTP/1.1" 200 159 "http://renault.activities.at/login?required=true" "Mozilla/5.0 (Windows NT 10.0; WOW64; Trident/7.0; rv:11.0) like Gecko"
80.120.210.179 - - [29/Oct/2020:16:31:25 +0100] "GET /images/header_block_border.gif HTTP/1.1" 200 43 "http://renault.activities.at/login?required=true" "Mozilla/5.0 (Windows NT 10.0; WOW64; Trident/7.0; rv:11.0) like Gecko"
80.120.210.179 - - [29/Oct/2020:16:31:25 +0100] "GET /images/header_block_corner_left_top.gif HTTP/1.1" 200 160 "http://renault.activities.at/login?required=true" "Mozilla/5.0 (Windows NT 10.0; WOW64; Trident/7.0; rv:11.0) like Gecko"
80.120.210.179 - - [29/Oct/2020:16:31:25 +0100] "GET /images/header_block_corner_right_top.gif HTTP/1.1" 200 160 "http://renault.activities.at/login?required=true" "Mozilla/5.0 (Windows NT 10.0; WOW64; Trident/7.0; rv:11.0) like Gecko"
80.120.210.179 - - [29/Oct/2020:16:31:25 +0100] "GET /images/title_border.jpg HTTP/1.1" 200 304 "http://renault.activities.at/login?required=true" "Mozilla/5.0 (Windows NT 10.0; WOW64; Trident/7.0; rv:11.0) like Gecko"
80.120.210.179 - - [29/Oct/2020:16:31:25 +0100] "GET /images/title_border_top.jpg HTTP/1.1" 200 336 "http://renault.activities.at/login?required=true" "Mozilla/5.0 (Windows NT 10.0; WOW64; Trident/7.0; rv:11.0) like Gecko"
80.120.210.179 - - [29/Oct/2020:16:31:26 +0100] "GET /images/title_corner_right_top.jpg HTTP/1.1" 200 389 "http://renault.activities.at/login?required=true" "Mozilla/5.0 (Windows NT 10.0; WOW64; Trident/7.0; rv:11.0) like Gecko"
80.120.210.179 - - [29/Oct/2020:16:31:26 +0100] "GET /images/title_corner_left_top.jpg HTTP/1.1" 200 372 "http://renault.activities.at/login?required=true" "Mozilla/5.0 (Windows NT 10.0; WOW64; Trident/7.0; rv:11.0) like Gecko"
80.120.210.179 - - [29/Oct/2020:16:31:26 +0100] "GET /images/button_right_bg.gif HTTP/1.1" 200 561 "http://renault.activities.at/login?required=true" "Mozilla/5.0 (Windows NT 10.0; WOW64; Trident/7.0; rv:11.0) like Gecko"
80.120.210.179 - - [29/Oct/2020:16:31:26 +0100] "GET /images/button_left_bg.gif HTTP/1.1" 200 564 "http://renault.activities.at/login?required=true" "Mozilla/5.0 (Windows NT 10.0; WOW64; Trident/7.0; rv:11.0) like Gecko"
80.120.210.179 - - [29/Oct/2020:16:31:26 +0100] "GET /images/button_bg.gif HTTP/1.1" 200 151 "http://renault.activities.at/login?required=true" "Mozilla/5.0 (Windows NT 10.0; WOW64; Trident/7.0; rv:11.0) like Gecko"
80.120.210.179 - - [29/Oct/2020:16:31:25 +0100] "GET /loadthumbnail.php?id=11127982 HTTP/1.1" 200 399614 "http://renault.activities.at/login?required=true" "Mozilla/5.0 (Windows NT 10.0; WOW64; Trident/7.0; rv:11.0) like Gecko"
80.120.210.179 - - [29/Oct/2020:16:31:35 +0100] "POST /login HTTP/1.1" 302 152 "http://renault.activities.at/login?required=true" "Mozilla/5.0 (Windows NT 10.0; WOW64; Trident/7.0; rv:11.0) like Gecko"
80.120.210.179 - - [29/Oct/2020:16:31:37 +0100] "GET /account?loadrequest=true HTTP/1.1" 200 6221 "http://renault.activities.at/login?required=true" "Mozilla/5.0 (Windows NT 10.0; WOW64; Trident/7.0; rv:11.0) like Gecko"
80.120.210.179 - - [29/Oct/2020:16:31:38 +0100] "POST /login HTTP/1.1" 302 140 "http://renault.activities.at/login?required=true" "Mozilla/5.0 (Windows NT 10.0; WOW64; Trident/7.0; rv:11.0) like Gecko"
