212.152.246.129 - - [17/Nov/2020:15:41:01 +0100] "GET /css/clears.css HTTP/1.1" 304 - "http://renault.activities.at/success" "Mozilla/5.0 (Windows NT 10.0; WOW64; Trident/7.0; rv:11.0) like Gecko"
212.152.246.129 - - [17/Nov/2020:15:41:01 +0100] "GET /js/checkout.css HTTP/1.1" 304 - "http://renault.activities.at/success" "Mozilla/5.0 (Windows NT 10.0; WOW64; Trident/7.0; rv:11.0) like Gecko"
212.152.246.129 - - [17/Nov/2020:15:41:01 +0100] "GET /css/print.css HTTP/1.1" 304 - "http://renault.activities.at/success" "Mozilla/5.0 (Windows NT 10.0; WOW64; Trident/7.0; rv:11.0) like Gecko"
212.152.246.129 - - [17/Nov/2020:15:41:01 +0100] "GET /css/prototip.css HTTP/1.1" 304 - "http://renault.activities.at/success" "Mozilla/5.0 (Windows NT 10.0; WOW64; Trident/7.0; rv:11.0) like Gecko"
212.152.246.129 - - [17/Nov/2020:15:41:01 +0100] "GET /css/themes/default.css HTTP/1.1" 304 - "http://renault.activities.at/success" "Mozilla/5.0 (Windows NT 10.0; WOW64; Trident/7.0; rv:11.0) like Gecko"
212.152.246.129 - - [17/Nov/2020:15:41:01 +0100] "GET /css/themes/alphacube.css HTTP/1.1" 304 - "http://renault.activities.at/success" "Mozilla/5.0 (Windows NT 10.0; WOW64; Trident/7.0; rv:11.0) like Gecko"
212.152.246.129 - - [17/Nov/2020:15:41:01 +0100] "GET /images/search_bg.gif HTTP/1.1" 304 - "http://renault.activities.at/success" "Mozilla/5.0 (Windows NT 10.0; WOW64; Trident/7.0; rv:11.0) like Gecko"
212.152.246.129 - - [17/Nov/2020:15:41:01 +0100] "GET /images/header_block_corner_right_top.gif HTTP/1.1" 304 - "http://renault.activities.at/success" "Mozilla/5.0 (Windows NT 10.0; WOW64; Trident/7.0; rv:11.0) like Gecko"
212.152.246.129 - - [17/Nov/2020:15:41:01 +0100] "GET /images/header_block_border.gif HTTP/1.1" 304 - "http://renault.activities.at/success" "Mozilla/5.0 (Windows NT 10.0; WOW64; Trident/7.0; rv:11.0) like Gecko"
212.152.246.129 - - [17/Nov/2020:15:41:01 +0100] "GET /images/header_block_corner_left_top.gif HTTP/1.1" 304 - "http://renault.activities.at/success" "Mozilla/5.0 (Windows NT 10.0; WOW64; Trident/7.0; rv:11.0) like Gecko"
212.152.246.129 - - [17/Nov/2020:15:41:01 +0100] "GET /images/footer_divider.gif HTTP/1.1" 304 - "http://renault.activities.at/success" "Mozilla/5.0 (Windows NT 10.0; WOW64; Trident/7.0; rv:11.0) like Gecko"
212.152.246.129 - - [17/Nov/2020:15:41:01 +0100] "GET /images/main_block_corner_left_bot.gif HTTP/1.1" 304 - "http://renault.activities.at/success" "Mozilla/5.0 (Windows NT 10.0; WOW64; Trident/7.0; rv:11.0) like Gecko"
212.152.246.129 - - [17/Nov/2020:15:41:01 +0100] "GET /images/main_block_border.gif HTTP/1.1" 304 - "http://renault.activities.at/success" "Mozilla/5.0 (Windows NT 10.0; WOW64; Trident/7.0; rv:11.0) like Gecko"
212.152.246.129 - - [17/Nov/2020:15:41:01 +0100] "GET /images/top_links_divider.gif HTTP/1.1" 304 - "http://renault.activities.at/success" "Mozilla/5.0 (Windows NT 10.0; WOW64; Trident/7.0; rv:11.0) like Gecko"
212.152.246.129 - - [17/Nov/2020:15:41:01 +0100] "GET /images/title_border_top.jpg HTTP/1.1" 304 - "http://renault.activities.at/success" "Mozilla/5.0 (Windows NT 10.0; WOW64; Trident/7.0; rv:11.0) like Gecko"
212.152.246.129 - - [17/Nov/2020:15:41:01 +0100] "GET /images/main_block_corner_right_bot.gif HTTP/1.1" 304 - "http://renault.activities.at/success" "Mozilla/5.0 (Windows NT 10.0; WOW64; Trident/7.0; rv:11.0) like Gecko"
212.152.246.129 - - [17/Nov/2020:15:41:01 +0100] "GET /images/title_corner_left_top.jpg HTTP/1.1" 304 - "http://renault.activities.at/success" "Mozilla/5.0 (Windows NT 10.0; WOW64; Trident/7.0; rv:11.0) like Gecko"
212.152.246.129 - - [17/Nov/2020:15:41:01 +0100] "GET /images/title_corner_right_top.jpg HTTP/1.1" 304 - "http://renault.activities.at/success" "Mozilla/5.0 (Windows NT 10.0; WOW64; Trident/7.0; rv:11.0) like Gecko"
212.152.246.129 - - [17/Nov/2020:15:41:01 +0100] "GET /images/main_block_corner_left_top.gif HTTP/1.1" 304 - "http://renault.activities.at/success" "Mozilla/5.0 (Windows NT 10.0; WOW64; Trident/7.0; rv:11.0) like Gecko"
212.152.246.129 - - [17/Nov/2020:15:41:01 +0100] "GET /images/main_block_corner_right_top.gif HTTP/1.1" 304 - "http://renault.activities.at/success" "Mozilla/5.0 (Windows NT 10.0; WOW64; Trident/7.0; rv:11.0) like Gecko"
212.152.246.129 - - [17/Nov/2020:15:41:01 +0100] "GET /images/nav_divider.gif HTTP/1.1" 304 - "http://renault.activities.at/success" "Mozilla/5.0 (Windows NT 10.0; WOW64; Trident/7.0; rv:11.0) like Gecko"
212.152.246.129 - - [17/Nov/2020:15:41:01 +0100] "GET /images/title_border.jpg HTTP/1.1" 304 - "http://renault.activities.at/success" "Mozilla/5.0 (Windows NT 10.0; WOW64; Trident/7.0; rv:11.0) like Gecko"
212.152.246.129 - - [17/Nov/2020:15:41:01 +0100] "GET /images/button_left_bg.gif HTTP/1.1" 304 - "http://renault.activities.at/success" "Mozilla/5.0 (Windows NT 10.0; WOW64; Trident/7.0; rv:11.0) like Gecko"
212.152.246.129 - - [17/Nov/2020:15:41:01 +0100] "GET /images/menu_divider.gif HTTP/1.1" 304 - "http://renault.activities.at/success" "Mozilla/5.0 (Windows NT 10.0; WOW64; Trident/7.0; rv:11.0) like Gecko"
212.152.246.129 - - [17/Nov/2020:15:41:01 +0100] "GET /images/menu_button_bg.jpg HTTP/1.1" 304 - "http://renault.activities.at/success" "Mozilla/5.0 (Windows NT 10.0; WOW64; Trident/7.0; rv:11.0) like Gecko"
212.152.246.129 - - [17/Nov/2020:15:41:05 +0100] "GET /12324218 HTTP/1.1" 200 5568 "http://renault.activities.at/success" "Mozilla/5.0 (Windows NT 10.0; WOW64; Trident/7.0; rv:11.0) like Gecko"
212.152.246.129 - - [17/Nov/2020:15:41:07 +0100] "GET /js/default.js HTTP/1.1" 304 - "http://renault.activities.at/12324218" "Mozilla/5.0 (Windows NT 10.0; WOW64; Trident/7.0; rv:11.0) like Gecko"
212.152.246.129 - - [17/Nov/2020:15:41:07 +0100] "GET /css/reset.css HTTP/1.1" 304 - "http://renault.activities.at/12324218" "Mozilla/5.0 (Windows NT 10.0; WOW64; Trident/7.0; rv:11.0) like Gecko"
212.152.246.129 - - [17/Nov/2020:15:41:07 +0100] "GET /css/styles.css HTTP/1.1" 304 - "http://renault.activities.at/12324218" "Mozilla/5.0 (Windows NT 10.0; WOW64; Trident/7.0; rv:11.0) like Gecko"
212.152.246.129 - - [17/Nov/2020:15:41:07 +0100] "GET /css/print.css HTTP/1.1" 304 - "http://renault.activities.at/12324218" "Mozilla/5.0 (Windows NT 10.0; WOW64; Trident/7.0; rv:11.0) like Gecko"
212.152.246.129 - - [17/Nov/2020:15:41:07 +0100] "GET /css/clears.css HTTP/1.1" 304 - "http://renault.activities.at/12324218" "Mozilla/5.0 (Windows NT 10.0; WOW64; Trident/7.0; rv:11.0) like Gecko"
212.152.246.129 - - [17/Nov/2020:15:41:07 +0100] "GET /js/checkout.css HTTP/1.1" 304 - "http://renault.activities.at/12324218" "Mozilla/5.0 (Windows NT 10.0; WOW64; Trident/7.0; rv:11.0) like Gecko"
212.152.246.129 - - [17/Nov/2020:15:41:07 +0100] "GET /css/themes/default.css HTTP/1.1" 304 - "http://renault.activities.at/12324218" "Mozilla/5.0 (Windows NT 10.0; WOW64; Trident/7.0; rv:11.0) like Gecko"
212.152.246.129 - - [17/Nov/2020:15:41:07 +0100] "GET /css/prototip.css HTTP/1.1" 304 - "http://renault.activities.at/12324218" "Mozilla/5.0 (Windows NT 10.0; WOW64; Trident/7.0; rv:11.0) like Gecko"
212.152.246.129 - - [17/Nov/2020:15:41:07 +0100] "GET /css/themes/alphacube.css HTTP/1.1" 304 - "http://renault.activities.at/12324218" "Mozilla/5.0 (Windows NT 10.0; WOW64; Trident/7.0; rv:11.0) like Gecko"
212.152.246.129 - - [17/Nov/2020:15:41:07 +0100] "GET /images/main_block_corner_left_bot.gif HTTP/1.1" 304 - "http://renault.activities.at/12324218" "Mozilla/5.0 (Windows NT 10.0; WOW64; Trident/7.0; rv:11.0) like Gecko"
212.152.246.129 - - [17/Nov/2020:15:41:07 +0100] "GET /images/header_block_border.gif HTTP/1.1" 304 - "http://renault.activities.at/12324218" "Mozilla/5.0 (Windows NT 10.0; WOW64; Trident/7.0; rv:11.0) like Gecko"
212.152.246.129 - - [17/Nov/2020:15:41:07 +0100] "GET /images/header_block_corner_left_top.gif HTTP/1.1" 304 - "http://renault.activities.at/12324218" "Mozilla/5.0 (Windows NT 10.0; WOW64; Trident/7.0; rv:11.0) like Gecko"
212.152.246.129 - - [17/Nov/2020:15:41:07 +0100] "GET /images/main_block_corner_right_top.gif HTTP/1.1" 304 - "http://renault.activities.at/12324218" "Mozilla/5.0 (Windows NT 10.0; WOW64; Trident/7.0; rv:11.0) like Gecko"
212.152.246.129 - - [17/Nov/2020:15:41:07 +0100] "GET /images/main_block_corner_left_top.gif HTTP/1.1" 304 - "http://renault.activities.at/12324218" "Mozilla/5.0 (Windows NT 10.0; WOW64; Trident/7.0; rv:11.0) like Gecko"
212.152.246.129 - - [17/Nov/2020:15:41:07 +0100] "GET /images/main_block_corner_right_bot.gif HTTP/1.1" 304 - "http://renault.activities.at/12324218" "Mozilla/5.0 (Windows NT 10.0; WOW64; Trident/7.0; rv:11.0) like Gecko"
212.152.246.129 - - [17/Nov/2020:15:41:07 +0100] "GET /images/search_bg.gif HTTP/1.1" 304 - "http://renault.activities.at/12324218" "Mozilla/5.0 (Windows NT 10.0; WOW64; Trident/7.0; rv:11.0) like Gecko"
212.152.246.129 - - [17/Nov/2020:15:41:07 +0100] "GET /images/main_block_border.gif HTTP/1.1" 304 - "http://renault.activities.at/12324218" "Mozilla/5.0 (Windows NT 10.0; WOW64; Trident/7.0; rv:11.0) like Gecko"
212.152.246.129 - - [17/Nov/2020:15:41:07 +0100] "GET /loadthumbnail.php?id=12273142&width=50&height=50 HTTP/1.1" 200 934 "http://renault.activities.at/12324218" "Mozilla/5.0 (Windows NT 10.0; WOW64; Trident/7.0; rv:11.0) like Gecko"
212.152.246.129 - - [17/Nov/2020:15:41:07 +0100] "GET /images/header_block_corner_right_top.gif HTTP/1.1" 304 - "http://renault.activities.at/12324218" "Mozilla/5.0 (Windows NT 10.0; WOW64; Trident/7.0; rv:11.0) like Gecko"
212.152.246.129 - - [17/Nov/2020:15:41:07 +0100] "GET /images/footer_divider.gif HTTP/1.1" 304 - "http://renault.activities.at/12324218" "Mozilla/5.0 (Windows NT 10.0; WOW64; Trident/7.0; rv:11.0) like Gecko"
212.152.246.129 - - [17/Nov/2020:15:41:07 +0100] "GET /images/title_corner_left_top.jpg HTTP/1.1" 304 - "http://renault.activities.at/12324218" "Mozilla/5.0 (Windows NT 10.0; WOW64; Trident/7.0; rv:11.0) like Gecko"
212.152.246.129 - - [17/Nov/2020:15:41:07 +0100] "GET /images/sidebar_title_corner_right_top.gif HTTP/1.1" 304 - "http://renault.activities.at/12324218" "Mozilla/5.0 (Windows NT 10.0; WOW64; Trident/7.0; rv:11.0) like Gecko"
212.152.246.129 - - [17/Nov/2020:15:41:07 +0100] "GET /images/sidebar_title_corner_left_top.gif HTTP/1.1" 304 - "http://renault.activities.at/12324218" "Mozilla/5.0 (Windows NT 10.0; WOW64; Trident/7.0; rv:11.0) like Gecko"
212.152.246.129 - - [17/Nov/2020:15:41:07 +0100] "GET /images/top_links_divider.gif HTTP/1.1" 304 - "http://renault.activities.at/12324218" "Mozilla/5.0 (Windows NT 10.0; WOW64; Trident/7.0; rv:11.0) like Gecko"
212.152.246.129 - - [17/Nov/2020:15:41:07 +0100] "GET /images/title_border_top.jpg HTTP/1.1" 304 - "http://renault.activities.at/12324218" "Mozilla/5.0 (Windows NT 10.0; WOW64; Trident/7.0; rv:11.0) like Gecko"
212.152.246.129 - - [17/Nov/2020:15:41:07 +0100] "GET /images/title_border.jpg HTTP/1.1" 304 - "http://renault.activities.at/12324218" "Mozilla/5.0 (Windows NT 10.0; WOW64; Trident/7.0; rv:11.0) like Gecko"
212.152.246.129 - - [17/Nov/2020:15:41:07 +0100] "GET /images/menu_divider.gif HTTP/1.1" 304 - "http://renault.activities.at/12324218" "Mozilla/5.0 (Windows NT 10.0; WOW64; Trident/7.0; rv:11.0) like Gecko"
212.152.246.129 - - [17/Nov/2020:15:41:07 +0100] "GET /images/sidebar_title_border_top.gif HTTP/1.1" 304 - "http://renault.activities.at/12324218" "Mozilla/5.0 (Windows NT 10.0; WOW64; Trident/7.0; rv:11.0) like Gecko"
212.152.246.129 - - [17/Nov/2020:15:41:07 +0100] "GET /images/menu_button_bg.jpg HTTP/1.1" 304 - "http://renault.activities.at/12324218" "Mozilla/5.0 (Windows NT 10.0; WOW64; Trident/7.0; rv:11.0) like Gecko"
212.152.246.129 - - [17/Nov/2020:15:41:07 +0100] "GET /images/button_left_bg.gif HTTP/1.1" 304 - "http://renault.activities.at/12324218" "Mozilla/5.0 (Windows NT 10.0; WOW64; Trident/7.0; rv:11.0) like Gecko"
212.152.246.129 - - [17/Nov/2020:15:41:07 +0100] "GET /images/sidebar_title_border.gif HTTP/1.1" 304 - "http://renault.activities.at/12324218" "Mozilla/5.0 (Windows NT 10.0; WOW64; Trident/7.0; rv:11.0) like Gecko"
212.152.246.129 - - [17/Nov/2020:15:41:08 +0100] "GET /images/button_bg.gif HTTP/1.1" 304 - "http://renault.activities.at/12324218" "Mozilla/5.0 (Windows NT 10.0; WOW64; Trident/7.0; rv:11.0) like Gecko"
212.152.246.129 - - [17/Nov/2020:15:41:08 +0100] "GET /images/pager_bg.gif HTTP/1.1" 304 - "http://renault.activities.at/12324218" "Mozilla/5.0 (Windows NT 10.0; WOW64; Trident/7.0; rv:11.0) like Gecko"
212.152.246.129 - - [17/Nov/2020:15:41:08 +0100] "GET /images/title_corner_right_top.jpg HTTP/1.1" 304 - "http://renault.activities.at/12324218" "Mozilla/5.0 (Windows NT 10.0; WOW64; Trident/7.0; rv:11.0) like Gecko"
212.152.246.129 - - [17/Nov/2020:15:41:08 +0100] "GET /images/button_right_bg.gif HTTP/1.1" 304 - "http://renault.activities.at/12324218" "Mozilla/5.0 (Windows NT 10.0; WOW64; Trident/7.0; rv:11.0) like Gecko"
212.152.246.129 - - [17/Nov/2020:15:41:08 +0100] "GET /images/nav_divider.gif HTTP/1.1" 304 - "http://renault.activities.at/12324218" "Mozilla/5.0 (Windows NT 10.0; WOW64; Trident/7.0; rv:11.0) like Gecko"
212.152.246.129 - - [17/Nov/2020:15:41:07 +0100] "GET /12324218?print=true HTTP/1.1" 200 2058 "-" "Mozilla/5.0 (Windows NT 10.0; WOW64; Trident/7.0; rv:11.0) like Gecko"
212.152.246.129 - - [17/Nov/2020:15:41:09 +0100] "GET /css/styles.css HTTP/1.1" 304 - "http://renault.activities.at/12324218?print=true" "Mozilla/5.0 (Windows NT 10.0; WOW64; Trident/7.0; rv:11.0) like Gecko"
212.152.246.129 - - [17/Nov/2020:15:41:09 +0100] "GET /css/reset.css HTTP/1.1" 304 - "http://renault.activities.at/12324218?print=true" "Mozilla/5.0 (Windows NT 10.0; WOW64; Trident/7.0; rv:11.0) like Gecko"
212.152.246.129 - - [17/Nov/2020:15:41:09 +0100] "GET /js/default.js HTTP/1.1" 304 - "http://renault.activities.at/12324218?print=true" "Mozilla/5.0 (Windows NT 10.0; WOW64; Trident/7.0; rv:11.0) like Gecko"
212.152.246.129 - - [17/Nov/2020:15:41:09 +0100] "GET /css/print.css HTTP/1.1" 304 - "http://renault.activities.at/12324218?print=true" "Mozilla/5.0 (Windows NT 10.0; WOW64; Trident/7.0; rv:11.0) like Gecko"
212.152.246.129 - - [17/Nov/2020:15:41:09 +0100] "GET /css/clears.css HTTP/1.1" 304 - "http://renault.activities.at/12324218?print=true" "Mozilla/5.0 (Windows NT 10.0; WOW64; Trident/7.0; rv:11.0) like Gecko"
212.152.246.129 - - [17/Nov/2020:15:41:09 +0100] "GET /js/checkout.css HTTP/1.1" 304 - "http://renault.activities.at/12324218?print=true" "Mozilla/5.0 (Windows NT 10.0; WOW64; Trident/7.0; rv:11.0) like Gecko"
212.152.246.129 - - [17/Nov/2020:15:41:09 +0100] "GET /css/themes/default.css HTTP/1.1" 304 - "http://renault.activities.at/12324218?print=true" "Mozilla/5.0 (Windows NT 10.0; WOW64; Trident/7.0; rv:11.0) like Gecko"
212.152.246.129 - - [17/Nov/2020:15:41:09 +0100] "GET /css/prototip.css HTTP/1.1" 304 - "http://renault.activities.at/12324218?print=true" "Mozilla/5.0 (Windows NT 10.0; WOW64; Trident/7.0; rv:11.0) like Gecko"
212.152.246.129 - - [17/Nov/2020:15:41:09 +0100] "GET /css/themes/alphacube.css HTTP/1.1" 304 - "http://renault.activities.at/12324218?print=true" "Mozilla/5.0 (Windows NT 10.0; WOW64; Trident/7.0; rv:11.0) like Gecko"
212.152.246.129 - - [17/Nov/2020:15:41:09 +0100] "GET /images/button_left_bg.gif HTTP/1.1" 304 - "http://renault.activities.at/12324218?print=true" "Mozilla/5.0 (Windows NT 10.0; WOW64; Trident/7.0; rv:11.0) like Gecko"
212.152.246.129 - - [17/Nov/2020:15:41:09 +0100] "GET /images/button_right_bg.gif HTTP/1.1" 304 - "http://renault.activities.at/12324218?print=true" "Mozilla/5.0 (Windows NT 10.0; WOW64; Trident/7.0; rv:11.0) like Gecko"
212.152.246.129 - - [17/Nov/2020:15:41:09 +0100] "GET /images/button_bg.gif HTTP/1.1" 304 - "http://renault.activities.at/12324218?print=true" "Mozilla/5.0 (Windows NT 10.0; WOW64; Trident/7.0; rv:11.0) like Gecko"
212.152.246.129 - - [17/Nov/2020:15:41:09 +0100] "GET /css/reset.css HTTP/1.1" 304 - "-" "Mozilla/5.0 (Windows NT 10.0; WOW64; Trident/7.0; rv:11.0) like Gecko"
212.152.246.129 - - [17/Nov/2020:15:41:09 +0100] "GET /js/default.js HTTP/1.1" 304 - "-" "Mozilla/5.0 (Windows NT 10.0; WOW64; Trident/7.0; rv:11.0) like Gecko"
212.152.246.129 - - [17/Nov/2020:15:41:09 +0100] "GET /css/print.css HTTP/1.1" 304 - "-" "Mozilla/5.0 (Windows NT 10.0; WOW64; Trident/7.0; rv:11.0) like Gecko"
212.152.246.129 - - [17/Nov/2020:15:41:09 +0100] "GET /css/clears.css HTTP/1.1" 304 - "-" "Mozilla/5.0 (Windows NT 10.0; WOW64; Trident/7.0; rv:11.0) like Gecko"
212.152.246.129 - - [17/Nov/2020:15:41:09 +0100] "GET /js/checkout.css HTTP/1.1" 304 - "-" "Mozilla/5.0 (Windows NT 10.0; WOW64; Trident/7.0; rv:11.0) like Gecko"
212.152.246.129 - - [17/Nov/2020:15:41:09 +0100] "GET /css/styles.css HTTP/1.1" 304 - "-" "Mozilla/5.0 (Windows NT 10.0; WOW64; Trident/7.0; rv:11.0) like Gecko"
212.152.246.129 - - [17/Nov/2020:15:41:09 +0100] "GET /css/prototip.css HTTP/1.1" 304 - "-" "Mozilla/5.0 (Windows NT 10.0; WOW64; Trident/7.0; rv:11.0) like Gecko"
212.152.246.129 - - [17/Nov/2020:15:41:09 +0100] "GET /css/themes/default.css HTTP/1.1" 304 - "-" "Mozilla/5.0 (Windows NT 10.0; WOW64; Trident/7.0; rv:11.0) like Gecko"
212.152.246.129 - - [17/Nov/2020:15:41:09 +0100] "GET /css/themes/alphacube.css HTTP/1.1" 304 - "-" "Mozilla/5.0 (Windows NT 10.0; WOW64; Trident/7.0; rv:11.0) like Gecko"
80.123.225.38 - - [17/Nov/2020:15:41:15 +0100] "GET /reload?ser=1605624077461 HTTP/1.1" 200 28 "http://renault.activities.at/success" "Mozilla/5.0 (Windows NT 10.0; WOW64; Trident/7.0; rv:11.0) like Gecko"
85.193.135.14 - - [17/Nov/2020:15:41:41 +0100] "GET /reload?ser=1605624101945 HTTP/1.1" 200 28 "http://renault.activities.at/orders?loadrequest=true" "Mozilla/5.0 (Windows NT 10.0; Win64; x64) AppleWebKit/537.36 (KHTML, like Gecko) Chrome/86.0.4240.198 Safari/537.36"
212.152.246.129 - - [17/Nov/2020:15:42:08 +0100] "GET /reload?ser=1605624128006 HTTP/1.1" 200 28 "http://renault.activities.at/12324218" "Mozilla/5.0 (Windows NT 10.0; WOW64; Trident/7.0; rv:11.0) like Gecko"
80.123.225.38 - - [17/Nov/2020:15:42:16 +0100] "GET /reload?ser=1605624138446 HTTP/1.1" 200 28 "http://renault.activities.at/success" "Mozilla/5.0 (Windows NT 10.0; WOW64; Trident/7.0; rv:11.0) like Gecko"
85.193.135.14 - - [17/Nov/2020:15:42:42 +0100] "GET /reload?ser=1605624162946 HTTP/1.1" 200 28 "http://renault.activities.at/orders?loadrequest=true" "Mozilla/5.0 (Windows NT 10.0; Win64; x64) AppleWebKit/537.36 (KHTML, like Gecko) Chrome/86.0.4240.198 Safari/537.36"
212.152.246.129 - - [17/Nov/2020:15:42:57 +0100] "GET /css/themes/alphacube/bottom_middle.gif HTTP/1.1" 304 - "http://renault.activities.at/12324218" "Mozilla/5.0 (Windows NT 10.0; WOW64; Trident/7.0; rv:11.0) like Gecko"
212.152.246.129 - - [17/Nov/2020:15:42:57 +0100] "GET /css/themes/alphacube/frame_left.gif HTTP/1.1" 304 - "http://renault.activities.at/12324218" "Mozilla/5.0 (Windows NT 10.0; WOW64; Trident/7.0; rv:11.0) like Gecko"
212.152.246.129 - - [17/Nov/2020:15:42:57 +0100] "GET /css/themes/alphacube/frame_right.gif HTTP/1.1" 304 - "http://renault.activities.at/12324218" "Mozilla/5.0 (Windows NT 10.0; WOW64; Trident/7.0; rv:11.0) like Gecko"
212.152.246.129 - - [17/Nov/2020:15:42:57 +0100] "GET /css/themes/alphacube/top_mid.gif HTTP/1.1" 304 - "http://renault.activities.at/12324218" "Mozilla/5.0 (Windows NT 10.0; WOW64; Trident/7.0; rv:11.0) like Gecko"
212.152.246.129 - - [17/Nov/2020:15:42:57 +0100] "GET /css/themes/alphacube/button-close-focus.gif HTTP/1.1" 304 - "http://renault.activities.at/12324218" "Mozilla/5.0 (Windows NT 10.0; WOW64; Trident/7.0; rv:11.0) like Gecko"
212.152.246.129 - - [17/Nov/2020:15:42:57 +0100] "GET /css/themes/alphacube/top_right.gif HTTP/1.1" 304 - "http://renault.activities.at/12324218" "Mozilla/5.0 (Windows NT 10.0; WOW64; Trident/7.0; rv:11.0) like Gecko"
212.152.246.129 - - [17/Nov/2020:15:42:57 +0100] "GET /css/themes/alphacube/top_left.gif HTTP/1.1" 304 - "http://renault.activities.at/12324218" "Mozilla/5.0 (Windows NT 10.0; WOW64; Trident/7.0; rv:11.0) like Gecko"
212.152.246.129 - - [17/Nov/2020:15:42:57 +0100] "GET /css/themes/alphacube/bottom_right-c.gif HTTP/1.1" 304 - "http://renault.activities.at/12324218" "Mozilla/5.0 (Windows NT 10.0; WOW64; Trident/7.0; rv:11.0) like Gecko"
212.152.246.129 - - [17/Nov/2020:15:42:57 +0100] "GET /css/themes/alphacube/bottom_left-c.gif HTTP/1.1" 304 - "http://renault.activities.at/12324218" "Mozilla/5.0 (Windows NT 10.0; WOW64; Trident/7.0; rv:11.0) like Gecko"
212.152.246.129 - - [17/Nov/2020:15:42:57 +0100] "GET /12255180?print=true HTTP/1.1" 200 2658 "http://renault.activities.at/12324218" "Mozilla/5.0 (Windows NT 10.0; WOW64; Trident/7.0; rv:11.0) like Gecko"
212.152.246.129 - - [17/Nov/2020:15:43:00 +0100] "GET /js/default.js HTTP/1.1" 304 - "http://renault.activities.at/12255180?print=true" "Mozilla/5.0 (Windows NT 10.0; WOW64; Trident/7.0; rv:11.0) like Gecko"
212.152.246.129 - - [17/Nov/2020:15:43:00 +0100] "GET /css/reset.css HTTP/1.1" 304 - "http://renault.activities.at/12255180?print=true" "Mozilla/5.0 (Windows NT 10.0; WOW64; Trident/7.0; rv:11.0) like Gecko"
212.152.246.129 - - [17/Nov/2020:15:43:00 +0100] "GET /css/styles.css HTTP/1.1" 304 - "http://renault.activities.at/12255180?print=true" "Mozilla/5.0 (Windows NT 10.0; WOW64; Trident/7.0; rv:11.0) like Gecko"
212.152.246.129 - - [17/Nov/2020:15:43:00 +0100] "GET /css/print.css HTTP/1.1" 304 - "http://renault.activities.at/12255180?print=true" "Mozilla/5.0 (Windows NT 10.0; WOW64; Trident/7.0; rv:11.0) like Gecko"
212.152.246.129 - - [17/Nov/2020:15:43:00 +0100] "GET /js/checkout.css HTTP/1.1" 304 - "http://renault.activities.at/12255180?print=true" "Mozilla/5.0 (Windows NT 10.0; WOW64; Trident/7.0; rv:11.0) like Gecko"
212.152.246.129 - - [17/Nov/2020:15:43:00 +0100] "GET /css/clears.css HTTP/1.1" 304 - "http://renault.activities.at/12255180?print=true" "Mozilla/5.0 (Windows NT 10.0; WOW64; Trident/7.0; rv:11.0) like Gecko"
212.152.246.129 - - [17/Nov/2020:15:43:00 +0100] "GET /css/prototip.css HTTP/1.1" 304 - "http://renault.activities.at/12255180?print=true" "Mozilla/5.0 (Windows NT 10.0; WOW64; Trident/7.0; rv:11.0) like Gecko"
212.152.246.129 - - [17/Nov/2020:15:43:00 +0100] "GET /css/themes/default.css HTTP/1.1" 304 - "http://renault.activities.at/12255180?print=true" "Mozilla/5.0 (Windows NT 10.0; WOW64; Trident/7.0; rv:11.0) like Gecko"
212.152.246.129 - - [17/Nov/2020:15:43:00 +0100] "GET /css/themes/alphacube.css HTTP/1.1" 304 - "http://renault.activities.at/12255180?print=true" "Mozilla/5.0 (Windows NT 10.0; WOW64; Trident/7.0; rv:11.0) like Gecko"
212.152.246.129 - - [17/Nov/2020:15:43:00 +0100] "GET /js/magiczoom/magiczoom.css HTTP/1.1" 304 - "http://renault.activities.at/12255180?print=true" "Mozilla/5.0 (Windows NT 10.0; WOW64; Trident/7.0; rv:11.0) like Gecko"
212.152.246.129 - - [17/Nov/2020:15:43:00 +0100] "GET /js/magiczoom/magiczoom.js HTTP/1.1" 304 - "http://renault.activities.at/12255180?print=true" "Mozilla/5.0 (Windows NT 10.0; WOW64; Trident/7.0; rv:11.0) like Gecko"
212.152.246.129 - - [17/Nov/2020:15:43:00 +0100] "GET /js/Produkt.js HTTP/1.1" 304 - "http://renault.activities.at/12255180?print=true" "Mozilla/5.0 (Windows NT 10.0; WOW64; Trident/7.0; rv:11.0) like Gecko"
212.152.246.129 - - [17/Nov/2020:15:43:00 +0100] "GET /images/loading.gif HTTP/1.1" 304 - "http://renault.activities.at/12255180?print=true" "Mozilla/5.0 (Windows NT 10.0; WOW64; Trident/7.0; rv:11.0) like Gecko"
212.152.246.129 - - [17/Nov/2020:15:43:00 +0100] "GET /images/vista-up.gif HTTP/1.1" 304 - "http://renault.activities.at/12255180?print=true" "Mozilla/5.0 (Windows NT 10.0; WOW64; Trident/7.0; rv:11.0) like Gecko"
212.152.246.129 - - [17/Nov/2020:15:43:00 +0100] "GET /images/vista-dn.gif HTTP/1.1" 304 - "http://renault.activities.at/12255180?print=true" "Mozilla/5.0 (Windows NT 10.0; WOW64; Trident/7.0; rv:11.0) like Gecko"
212.152.246.129 - - [17/Nov/2020:15:43:00 +0100] "GET /images/validation_advice_bg.gif HTTP/1.1" 304 - "http://renault.activities.at/12255180?print=true" "Mozilla/5.0 (Windows NT 10.0; WOW64; Trident/7.0; rv:11.0) like Gecko"
212.152.246.129 - - [17/Nov/2020:15:43:00 +0100] "GET /js/magiczoom/graphics/hint.gif HTTP/1.1" 304 - "http://renault.activities.at/12255180?print=true" "Mozilla/5.0 (Windows NT 10.0; WOW64; Trident/7.0; rv:11.0) like Gecko"
212.152.246.129 - - [17/Nov/2020:15:43:02 +0100] "GET /graphics/zoomin.cur HTTP/1.1" 200 3610 "http://renault.activities.at/12255180?print=true" "Mozilla/5.0 (Windows NT 10.0; WOW64; Trident/7.0; rv:11.0) like Gecko"
212.152.246.129 - - [17/Nov/2020:15:43:07 +0100] "GET /graphics/zoomin.cur HTTP/1.1" 200 3610 "http://renault.activities.at/12255180?print=true" "Mozilla/5.0 (Windows NT 10.0; WOW64; Trident/7.0; rv:11.0) like Gecko"
212.152.246.129 - - [17/Nov/2020:15:43:09 +0100] "GET /reload?ser=1605624188947 HTTP/1.1" 200 28 "http://renault.activities.at/12324218" "Mozilla/5.0 (Windows NT 10.0; WOW64; Trident/7.0; rv:11.0) like Gecko"
212.152.246.129 - - [17/Nov/2020:15:43:09 +0100] "GET /null HTTP/1.1" 200 3610 "http://renault.activities.at/12324218" "Mozilla/5.0 (Windows NT 10.0; WOW64; Trident/7.0; rv:11.0) like Gecko"
212.152.246.129 - - [17/Nov/2020:15:43:11 +0100] "GET /css/reset.css HTTP/1.1" 304 - "http://renault.activities.at/null" "Mozilla/5.0 (Windows NT 10.0; WOW64; Trident/7.0; rv:11.0) like Gecko"
212.152.246.129 - - [17/Nov/2020:15:43:11 +0100] "GET /js/default.js HTTP/1.1" 304 - "http://renault.activities.at/null" "Mozilla/5.0 (Windows NT 10.0; WOW64; Trident/7.0; rv:11.0) like Gecko"
212.152.246.129 - - [17/Nov/2020:15:43:11 +0100] "GET /css/clears.css HTTP/1.1" 304 - "http://renault.activities.at/null" "Mozilla/5.0 (Windows NT 10.0; WOW64; Trident/7.0; rv:11.0) like Gecko"
212.152.246.129 - - [17/Nov/2020:15:43:11 +0100] "GET /css/styles.css HTTP/1.1" 304 - "http://renault.activities.at/null" "Mozilla/5.0 (Windows NT 10.0; WOW64; Trident/7.0; rv:11.0) like Gecko"
212.152.246.129 - - [17/Nov/2020:15:43:11 +0100] "GET /css/print.css HTTP/1.1" 304 - "http://renault.activities.at/null" "Mozilla/5.0 (Windows NT 10.0; WOW64; Trident/7.0; rv:11.0) like Gecko"
212.152.246.129 - - [17/Nov/2020:15:43:11 +0100] "GET /js/checkout.css HTTP/1.1" 304 - "http://renault.activities.at/null" "Mozilla/5.0 (Windows NT 10.0; WOW64; Trident/7.0; rv:11.0) like Gecko"
212.152.246.129 - - [17/Nov/2020:15:43:11 +0100] "GET /css/prototip.css HTTP/1.1" 304 - "http://renault.activities.at/null" "Mozilla/5.0 (Windows NT 10.0; WOW64; Trident/7.0; rv:11.0) like Gecko"
212.152.246.129 - - [17/Nov/2020:15:43:11 +0100] "GET /css/themes/default.css HTTP/1.1" 304 - "http://renault.activities.at/null" "Mozilla/5.0 (Windows NT 10.0; WOW64; Trident/7.0; rv:11.0) like Gecko"
212.152.246.129 - - [17/Nov/2020:15:43:11 +0100] "GET /css/themes/alphacube.css HTTP/1.1" 304 - "http://renault.activities.at/null" "Mozilla/5.0 (Windows NT 10.0; WOW64; Trident/7.0; rv:11.0) like Gecko"
80.123.225.38 - - [17/Nov/2020:15:43:17 +0100] "GET /reload?ser=1605624199411 HTTP/1.1" 200 28 "http://renault.activities.at/success" "Mozilla/5.0 (Windows NT 10.0; WOW64; Trident/7.0; rv:11.0) like Gecko"
85.193.135.14 - - [17/Nov/2020:15:43:43 +0100] "GET /reload?ser=1605624223946 HTTP/1.1" 200 28 "http://renault.activities.at/orders?loadrequest=true" "Mozilla/5.0 (Windows NT 10.0; Win64; x64) AppleWebKit/537.36 (KHTML, like Gecko) Chrome/86.0.4240.198 Safari/537.36"
212.152.246.129 - - [17/Nov/2020:15:44:10 +0100] "GET /reload?ser=1605624249947 HTTP/1.1" 200 28 "http://renault.activities.at/12324218" "Mozilla/5.0 (Windows NT 10.0; WOW64; Trident/7.0; rv:11.0) like Gecko"
80.123.225.38 - - [17/Nov/2020:15:44:18 +0100] "GET /reload?ser=1605624260392 HTTP/1.1" 200 28 "http://renault.activities.at/success" "Mozilla/5.0 (Windows NT 10.0; WOW64; Trident/7.0; rv:11.0) like Gecko"
85.193.135.14 - - [17/Nov/2020:15:44:44 +0100] "GET /reload?ser=1605624284946 HTTP/1.1" 200 28 "http://renault.activities.at/orders?loadrequest=true" "Mozilla/5.0 (Windows NT 10.0; Win64; x64) AppleWebKit/537.36 (KHTML, like Gecko) Chrome/86.0.4240.198 Safari/537.36"
212.152.246.129 - - [17/Nov/2020:15:45:11 +0100] "GET /reload?ser=1605624310930 HTTP/1.1" 200 28 "http://renault.activities.at/12324218" "Mozilla/5.0 (Windows NT 10.0; WOW64; Trident/7.0; rv:11.0) like Gecko"
80.123.225.38 - - [17/Nov/2020:15:45:19 +0100] "GET /reload?ser=1605624321356 HTTP/1.1" 200 28 "http://renault.activities.at/success" "Mozilla/5.0 (Windows NT 10.0; WOW64; Trident/7.0; rv:11.0) like Gecko"
85.193.135.14 - - [17/Nov/2020:15:45:45 +0100] "GET /reload?ser=1605624345946 HTTP/1.1" 200 28 "http://renault.activities.at/orders?loadrequest=true" "Mozilla/5.0 (Windows NT 10.0; Win64; x64) AppleWebKit/537.36 (KHTML, like Gecko) Chrome/86.0.4240.198 Safari/537.36"
212.152.246.129 - - [17/Nov/2020:15:46:12 +0100] "GET /reload?ser=1605624371908 HTTP/1.1" 200 28 "http://renault.activities.at/12324218" "Mozilla/5.0 (Windows NT 10.0; WOW64; Trident/7.0; rv:11.0) like Gecko"
80.123.225.38 - - [17/Nov/2020:15:46:20 +0100] "GET /reload?ser=1605624382330 HTTP/1.1" 200 28 "http://renault.activities.at/success" "Mozilla/5.0 (Windows NT 10.0; WOW64; Trident/7.0; rv:11.0) like Gecko"
85.193.135.14 - - [17/Nov/2020:15:46:46 +0100] "GET /reload?ser=1605624406945 HTTP/1.1" 200 28 "http://renault.activities.at/orders?loadrequest=true" "Mozilla/5.0 (Windows NT 10.0; Win64; x64) AppleWebKit/537.36 (KHTML, like Gecko) Chrome/86.0.4240.198 Safari/537.36"
212.152.246.129 - - [17/Nov/2020:15:47:12 +0100] "GET /reload?ser=1605624432881 HTTP/1.1" 200 28 "http://renault.activities.at/12324218" "Mozilla/5.0 (Windows NT 10.0; WOW64; Trident/7.0; rv:11.0) like Gecko"
80.123.225.38 - - [17/Nov/2020:15:47:21 +0100] "GET /reload?ser=1605624443308 HTTP/1.1" 200 28 "http://renault.activities.at/success" "Mozilla/5.0 (Windows NT 10.0; WOW64; Trident/7.0; rv:11.0) like Gecko"
85.193.135.14 - - [17/Nov/2020:15:47:47 +0100] "GET /reload?ser=1605624467946 HTTP/1.1" 200 28 "http://renault.activities.at/orders?loadrequest=true" "Mozilla/5.0 (Windows NT 10.0; Win64; x64) AppleWebKit/537.36 (KHTML, like Gecko) Chrome/86.0.4240.198 Safari/537.36"
212.152.246.129 - - [17/Nov/2020:15:48:13 +0100] "GET /reload?ser=1605624493883 HTTP/1.1" 200 28 "http://renault.activities.at/12324218" "Mozilla/5.0 (Windows NT 10.0; WOW64; Trident/7.0; rv:11.0) like Gecko"
80.123.225.38 - - [17/Nov/2020:15:48:22 +0100] "GET /reload?ser=1605624504281 HTTP/1.1" 200 28 "http://renault.activities.at/success" "Mozilla/5.0 (Windows NT 10.0; WOW64; Trident/7.0; rv:11.0) like Gecko"
85.193.135.14 - - [17/Nov/2020:15:48:48 +0100] "GET /reload?ser=1605624528946 HTTP/1.1" 200 28 "http://renault.activities.at/orders?loadrequest=true" "Mozilla/5.0 (Windows NT 10.0; Win64; x64) AppleWebKit/537.36 (KHTML, like Gecko) Chrome/86.0.4240.198 Safari/537.36"
212.152.246.129 - - [17/Nov/2020:15:49:14 +0100] "GET /reload?ser=1605624554828 HTTP/1.1" 200 28 "http://renault.activities.at/12324218" "Mozilla/5.0 (Windows NT 10.0; WOW64; Trident/7.0; rv:11.0) like Gecko"
80.123.225.38 - - [17/Nov/2020:15:49:23 +0100] "GET /reload?ser=1605624565241 HTTP/1.1" 200 28 "http://renault.activities.at/success" "Mozilla/5.0 (Windows NT 10.0; WOW64; Trident/7.0; rv:11.0) like Gecko"
85.193.135.14 - - [17/Nov/2020:15:49:49 +0100] "GET /reload?ser=1605624589945 HTTP/1.1" 200 28 "http://renault.activities.at/orders?loadrequest=true" "Mozilla/5.0 (Windows NT 10.0; Win64; x64) AppleWebKit/537.36 (KHTML, like Gecko) Chrome/86.0.4240.198 Safari/537.36"
212.152.246.129 - - [17/Nov/2020:15:50:15 +0100] "GET /reload?ser=1605624615823 HTTP/1.1" 200 28 "http://renault.activities.at/12324218" "Mozilla/5.0 (Windows NT 10.0; WOW64; Trident/7.0; rv:11.0) like Gecko"
80.123.225.38 - - [17/Nov/2020:15:50:24 +0100] "GET /reload?ser=1605624626231 HTTP/1.1" 200 28 "http://renault.activities.at/success" "Mozilla/5.0 (Windows NT 10.0; WOW64; Trident/7.0; rv:11.0) like Gecko"
85.193.135.14 - - [17/Nov/2020:15:50:50 +0100] "GET /reload?ser=1605624650946 HTTP/1.1" 200 28 "http://renault.activities.at/orders?loadrequest=true" "Mozilla/5.0 (Windows NT 10.0; Win64; x64) AppleWebKit/537.36 (KHTML, like Gecko) Chrome/86.0.4240.198 Safari/537.36"
212.152.246.129 - - [17/Nov/2020:15:51:16 +0100] "GET /reload?ser=1605624676786 HTTP/1.1" 200 28 "http://renault.activities.at/12324218" "Mozilla/5.0 (Windows NT 10.0; WOW64; Trident/7.0; rv:11.0) like Gecko"
80.123.225.38 - - [17/Nov/2020:15:51:25 +0100] "GET /reload?ser=1605624687257 HTTP/1.1" 200 28 "http://renault.activities.at/success" "Mozilla/5.0 (Windows NT 10.0; WOW64; Trident/7.0; rv:11.0) like Gecko"
85.193.135.14 - - [17/Nov/2020:15:51:52 +0100] "GET /reload?ser=1605624712946 HTTP/1.1" 200 28 "http://renault.activities.at/orders?loadrequest=true" "Mozilla/5.0 (Windows NT 10.0; Win64; x64) AppleWebKit/537.36 (KHTML, like Gecko) Chrome/86.0.4240.198 Safari/537.36"
212.152.246.129 - - [17/Nov/2020:15:52:17 +0100] "GET /reload?ser=1605624737755 HTTP/1.1" 200 28 "http://renault.activities.at/12324218" "Mozilla/5.0 (Windows NT 10.0; WOW64; Trident/7.0; rv:11.0) like Gecko"
80.123.225.38 - - [17/Nov/2020:15:52:26 +0100] "GET /reload?ser=1605624748296 HTTP/1.1" 200 28 "http://renault.activities.at/success" "Mozilla/5.0 (Windows NT 10.0; WOW64; Trident/7.0; rv:11.0) like Gecko"
85.193.135.14 - - [17/Nov/2020:15:52:53 +0100] "GET /reload?ser=1605624773946 HTTP/1.1" 200 28 "http://renault.activities.at/orders?loadrequest=true" "Mozilla/5.0 (Windows NT 10.0; Win64; x64) AppleWebKit/537.36 (KHTML, like Gecko) Chrome/86.0.4240.198 Safari/537.36"
212.152.246.129 - - [17/Nov/2020:15:53:18 +0100] "GET /reload?ser=1605624798760 HTTP/1.1" 200 28 "http://renault.activities.at/12324218" "Mozilla/5.0 (Windows NT 10.0; WOW64; Trident/7.0; rv:11.0) like Gecko"
80.123.225.38 - - [17/Nov/2020:15:53:27 +0100] "GET /reload?ser=1605624809422 HTTP/1.1" 200 28 "http://renault.activities.at/success" "Mozilla/5.0 (Windows NT 10.0; WOW64; Trident/7.0; rv:11.0) like Gecko"
85.193.135.14 - - [17/Nov/2020:15:53:54 +0100] "GET /reload?ser=1605624834945 HTTP/1.1" 200 28 "http://renault.activities.at/orders?loadrequest=true" "Mozilla/5.0 (Windows NT 10.0; Win64; x64) AppleWebKit/537.36 (KHTML, like Gecko) Chrome/86.0.4240.198 Safari/537.36"
212.152.246.129 - - [17/Nov/2020:15:54:19 +0100] "GET /reload?ser=1605624859705 HTTP/1.1" 200 28 "http://renault.activities.at/12324218" "Mozilla/5.0 (Windows NT 10.0; WOW64; Trident/7.0; rv:11.0) like Gecko"
80.123.225.38 - - [17/Nov/2020:15:54:28 +0100] "GET /reload?ser=1605624870470 HTTP/1.1" 200 28 "http://renault.activities.at/success" "Mozilla/5.0 (Windows NT 10.0; WOW64; Trident/7.0; rv:11.0) like Gecko"
85.193.135.14 - - [17/Nov/2020:15:54:55 +0100] "GET /reload?ser=1605624895945 HTTP/1.1" 200 28 "http://renault.activities.at/orders?loadrequest=true" "Mozilla/5.0 (Windows NT 10.0; Win64; x64) AppleWebKit/537.36 (KHTML, like Gecko) Chrome/86.0.4240.198 Safari/537.36"
212.152.246.129 - - [17/Nov/2020:15:55:20 +0100] "GET /reload?ser=1605624920679 HTTP/1.1" 200 28 "http://renault.activities.at/12324218" "Mozilla/5.0 (Windows NT 10.0; WOW64; Trident/7.0; rv:11.0) like Gecko"
80.123.225.38 - - [17/Nov/2020:15:55:29 +0100] "GET /reload?ser=1605624931511 HTTP/1.1" 200 28 "http://renault.activities.at/success" "Mozilla/5.0 (Windows NT 10.0; WOW64; Trident/7.0; rv:11.0) like Gecko"
85.193.135.14 - - [17/Nov/2020:15:55:56 +0100] "GET /reload?ser=1605624956945 HTTP/1.1" 200 28 "http://renault.activities.at/orders?loadrequest=true" "Mozilla/5.0 (Windows NT 10.0; Win64; x64) AppleWebKit/537.36 (KHTML, like Gecko) Chrome/86.0.4240.198 Safari/537.36"
207.46.13.87 - - [17/Nov/2020:15:56:13 +0100] "GET /10260003?dir=ASC&mode=grid&order=name&limit=15&page=4 HTTP/1.1" 200 4894 "-" "Mozilla/5.0 (compatible; bingbot/2.0; +http://www.bing.com/bingbot.htm)"
212.152.246.129 - - [17/Nov/2020:15:56:21 +0100] "GET /reload?ser=1605624981622 HTTP/1.1" 200 28 "http://renault.activities.at/12324218" "Mozilla/5.0 (Windows NT 10.0; WOW64; Trident/7.0; rv:11.0) like Gecko"
80.123.225.38 - - [17/Nov/2020:15:56:30 +0100] "GET /reload?ser=1605624992519 HTTP/1.1" 200 28 "http://renault.activities.at/success" "Mozilla/5.0 (Windows NT 10.0; WOW64; Trident/7.0; rv:11.0) like Gecko"
85.193.135.14 - - [17/Nov/2020:15:56:58 +0100] "GET /reload?ser=1605625018946 HTTP/1.1" 200 28 "http://renault.activities.at/orders?loadrequest=true" "Mozilla/5.0 (Windows NT 10.0; Win64; x64) AppleWebKit/537.36 (KHTML, like Gecko) Chrome/86.0.4240.198 Safari/537.36"
212.152.246.129 - - [17/Nov/2020:15:57:22 +0100] "GET /reload?ser=1605625042601 HTTP/1.1" 200 28 "http://renault.activities.at/12324218" "Mozilla/5.0 (Windows NT 10.0; WOW64; Trident/7.0; rv:11.0) like Gecko"
80.123.225.38 - - [17/Nov/2020:15:57:31 +0100] "GET /reload?ser=1605625053520 HTTP/1.1" 200 28 "http://renault.activities.at/success" "Mozilla/5.0 (Windows NT 10.0; WOW64; Trident/7.0; rv:11.0) like Gecko"
85.193.135.14 - - [17/Nov/2020:15:57:59 +0100] "GET /reload?ser=1605625079946 HTTP/1.1" 200 28 "http://renault.activities.at/orders?loadrequest=true" "Mozilla/5.0 (Windows NT 10.0; Win64; x64) AppleWebKit/537.36 (KHTML, like Gecko) Chrome/86.0.4240.198 Safari/537.36"
212.152.246.129 - - [17/Nov/2020:15:58:23 +0100] "GET /reload?ser=1605625103590 HTTP/1.1" 200 28 "http://renault.activities.at/12324218" "Mozilla/5.0 (Windows NT 10.0; WOW64; Trident/7.0; rv:11.0) like Gecko"
80.123.225.38 - - [17/Nov/2020:15:58:32 +0100] "GET /reload?ser=1605625114488 HTTP/1.1" 200 28 "http://renault.activities.at/success" "Mozilla/5.0 (Windows NT 10.0; WOW64; Trident/7.0; rv:11.0) like Gecko"
85.193.135.14 - - [17/Nov/2020:15:59:00 +0100] "GET /reload?ser=1605625140946 HTTP/1.1" 200 28 "http://renault.activities.at/orders?loadrequest=true" "Mozilla/5.0 (Windows NT 10.0; Win64; x64) AppleWebKit/537.36 (KHTML, like Gecko) Chrome/86.0.4240.198 Safari/537.36"
213.153.47.173 - - [17/Nov/2020:15:59:17 +0100] "GET /layout.php HTTP/1.1" 200 1558 "-" "Mozilla/5.0 (Windows NT 10.0; Win64; x64) AppleWebKit/537.36 (KHTML, like Gecko) Chrome/86.0.4240.183 Safari/537.36 OPR/72.0.3815.320"
213.153.47.173 - - [17/Nov/2020:15:59:18 +0100] "GET /images/favicon.ico HTTP/1.1" 404 305 "-" "Mozilla/5.0 (Windows NT 10.0; Win64; x64) AppleWebKit/537.36 (KHTML, like Gecko) Chrome/86.0.4240.183 Safari/537.36 OPR/72.0.3815.320"
212.152.246.129 - - [17/Nov/2020:15:59:24 +0100] "GET /reload?ser=1605625164573 HTTP/1.1" 200 28 "http://renault.activities.at/12324218" "Mozilla/5.0 (Windows NT 10.0; WOW64; Trident/7.0; rv:11.0) like Gecko"
80.123.225.38 - - [17/Nov/2020:15:59:33 +0100] "GET /reload?ser=1605625175493 HTTP/1.1" 200 28 "http://renault.activities.at/success" "Mozilla/5.0 (Windows NT 10.0; WOW64; Trident/7.0; rv:11.0) like Gecko"
85.193.135.14 - - [17/Nov/2020:16:00:01 +0100] "GET /reload?ser=1605625201946 HTTP/1.1" 200 28 "http://renault.activities.at/orders?loadrequest=true" "Mozilla/5.0 (Windows NT 10.0; Win64; x64) AppleWebKit/537.36 (KHTML, like Gecko) Chrome/86.0.4240.198 Safari/537.36"
212.152.246.129 - - [17/Nov/2020:16:00:25 +0100] "GET /reload?ser=1605625225544 HTTP/1.1" 200 28 "http://renault.activities.at/12324218" "Mozilla/5.0 (Windows NT 10.0; WOW64; Trident/7.0; rv:11.0) like Gecko"
80.123.225.38 - - [17/Nov/2020:16:00:34 +0100] "GET /reload?ser=1605625236480 HTTP/1.1" 200 28 "http://renault.activities.at/success" "Mozilla/5.0 (Windows NT 10.0; WOW64; Trident/7.0; rv:11.0) like Gecko"
85.193.135.14 - - [17/Nov/2020:16:01:02 +0100] "GET /reload?ser=1605625262945 HTTP/1.1" 200 28 "http://renault.activities.at/orders?loadrequest=true" "Mozilla/5.0 (Windows NT 10.0; Win64; x64) AppleWebKit/537.36 (KHTML, like Gecko) Chrome/86.0.4240.198 Safari/537.36"
212.152.246.129 - - [17/Nov/2020:16:01:26 +0100] "GET /reload?ser=1605625286521 HTTP/1.1" 200 28 "http://renault.activities.at/12324218" "Mozilla/5.0 (Windows NT 10.0; WOW64; Trident/7.0; rv:11.0) like Gecko"
80.123.225.38 - - [17/Nov/2020:16:01:35 +0100] "GET /reload?ser=1605625297462 HTTP/1.1" 200 28 "http://renault.activities.at/success" "Mozilla/5.0 (Windows NT 10.0; WOW64; Trident/7.0; rv:11.0) like Gecko"
85.193.135.14 - - [17/Nov/2020:16:02:04 +0100] "GET /reload?ser=1605625324946 HTTP/1.1" 200 28 "http://renault.activities.at/orders?loadrequest=true" "Mozilla/5.0 (Windows NT 10.0; Win64; x64) AppleWebKit/537.36 (KHTML, like Gecko) Chrome/86.0.4240.198 Safari/537.36"
212.152.246.129 - - [17/Nov/2020:16:02:27 +0100] "GET /reload?ser=1605625347502 HTTP/1.1" 200 28 "http://renault.activities.at/12324218" "Mozilla/5.0 (Windows NT 10.0; WOW64; Trident/7.0; rv:11.0) like Gecko"
80.123.225.38 - - [17/Nov/2020:16:02:36 +0100] "GET /reload?ser=1605625358452 HTTP/1.1" 200 28 "http://renault.activities.at/success" "Mozilla/5.0 (Windows NT 10.0; WOW64; Trident/7.0; rv:11.0) like Gecko"
85.193.135.14 - - [17/Nov/2020:16:03:05 +0100] "GET /reload?ser=1605625385946 HTTP/1.1" 200 28 "http://renault.activities.at/orders?loadrequest=true" "Mozilla/5.0 (Windows NT 10.0; Win64; x64) AppleWebKit/537.36 (KHTML, like Gecko) Chrome/86.0.4240.198 Safari/537.36"
212.152.246.129 - - [17/Nov/2020:16:03:28 +0100] "GET /reload?ser=1605625408458 HTTP/1.1" 200 28 "http://renault.activities.at/12324218" "Mozilla/5.0 (Windows NT 10.0; WOW64; Trident/7.0; rv:11.0) like Gecko"
80.123.225.38 - - [17/Nov/2020:16:03:38 +0100] "GET /reload?ser=1605625420318 HTTP/1.1" 200 28 "http://renault.activities.at/success" "Mozilla/5.0 (Windows NT 10.0; WOW64; Trident/7.0; rv:11.0) like Gecko"
85.193.135.14 - - [17/Nov/2020:16:04:06 +0100] "GET /reload?ser=1605625446946 HTTP/1.1" 200 28 "http://renault.activities.at/orders?loadrequest=true" "Mozilla/5.0 (Windows NT 10.0; Win64; x64) AppleWebKit/537.36 (KHTML, like Gecko) Chrome/86.0.4240.198 Safari/537.36"
212.152.246.129 - - [17/Nov/2020:16:04:29 +0100] "GET /reload?ser=1605625469464 HTTP/1.1" 200 28 "http://renault.activities.at/12324218" "Mozilla/5.0 (Windows NT 10.0; WOW64; Trident/7.0; rv:11.0) like Gecko"
80.123.225.38 - - [17/Nov/2020:16:04:39 +0100] "GET /reload?ser=1605625481340 HTTP/1.1" 200 28 "http://renault.activities.at/success" "Mozilla/5.0 (Windows NT 10.0; WOW64; Trident/7.0; rv:11.0) like Gecko"
85.193.135.14 - - [17/Nov/2020:16:05:07 +0100] "GET /reload?ser=1605625507946 HTTP/1.1" 200 28 "http://renault.activities.at/orders?loadrequest=true" "Mozilla/5.0 (Windows NT 10.0; Win64; x64) AppleWebKit/537.36 (KHTML, like Gecko) Chrome/86.0.4240.198 Safari/537.36"
212.152.246.129 - - [17/Nov/2020:16:05:30 +0100] "GET /reload?ser=1605625530481 HTTP/1.1" 200 28 "http://renault.activities.at/12324218" "Mozilla/5.0 (Windows NT 10.0; WOW64; Trident/7.0; rv:11.0) like Gecko"
80.123.225.38 - - [17/Nov/2020:16:05:40 +0100] "GET /reload?ser=1605625542332 HTTP/1.1" 200 28 "http://renault.activities.at/success" "Mozilla/5.0 (Windows NT 10.0; WOW64; Trident/7.0; rv:11.0) like Gecko"
213.153.47.173 - - [17/Nov/2020:16:05:47 +0100] "GET /layout.php HTTP/1.1" 200 1558 "-" "Mozilla/5.0 (Windows NT 10.0; Win64; x64) AppleWebKit/537.36 (KHTML, like Gecko) Chrome/86.0.4240.183 Safari/537.36 OPR/72.0.3815.320"
213.153.47.173 - - [17/Nov/2020:16:05:48 +0100] "GET /images/favicon.ico HTTP/1.1" 404 305 "-" "Mozilla/5.0 (Windows NT 10.0; Win64; x64) AppleWebKit/537.36 (KHTML, like Gecko) Chrome/86.0.4240.183 Safari/537.36 OPR/72.0.3815.320"
85.193.135.14 - - [17/Nov/2020:16:06:08 +0100] "GET /reload?ser=1605625568946 HTTP/1.1" 200 28 "http://renault.activities.at/orders?loadrequest=true" "Mozilla/5.0 (Windows NT 10.0; Win64; x64) AppleWebKit/537.36 (KHTML, like Gecko) Chrome/86.0.4240.198 Safari/537.36"
212.152.246.129 - - [17/Nov/2020:16:06:31 +0100] "GET /reload?ser=1605625591447 HTTP/1.1" 200 28 "http://renault.activities.at/12324218" "Mozilla/5.0 (Windows NT 10.0; WOW64; Trident/7.0; rv:11.0) like Gecko"
80.123.225.38 - - [17/Nov/2020:16:06:41 +0100] "GET /reload?ser=1605625603341 HTTP/1.1" 200 28 "http://renault.activities.at/success" "Mozilla/5.0 (Windows NT 10.0; WOW64; Trident/7.0; rv:11.0) like Gecko"
85.193.135.14 - - [17/Nov/2020:16:07:09 +0100] "GET /reload?ser=1605625629945 HTTP/1.1" 200 28 "http://renault.activities.at/orders?loadrequest=true" "Mozilla/5.0 (Windows NT 10.0; Win64; x64) AppleWebKit/537.36 (KHTML, like Gecko) Chrome/86.0.4240.198 Safari/537.36"
212.152.246.129 - - [17/Nov/2020:16:07:32 +0100] "GET /reload?ser=1605625652464 HTTP/1.1" 200 28 "http://renault.activities.at/12324218" "Mozilla/5.0 (Windows NT 10.0; WOW64; Trident/7.0; rv:11.0) like Gecko"
80.123.225.38 - - [17/Nov/2020:16:07:42 +0100] "GET /reload?ser=1605625664324 HTTP/1.1" 200 28 "http://renault.activities.at/success" "Mozilla/5.0 (Windows NT 10.0; WOW64; Trident/7.0; rv:11.0) like Gecko"
213.153.47.173 - - [17/Nov/2020:16:07:48 +0100] "GET /account HTTP/1.1" 302 150 "-" "Mozilla/5.0 (Windows NT 10.0; Win64; x64; rv:82.0) Gecko/20100101 Firefox/82.0"
213.153.47.173 - - [17/Nov/2020:16:07:49 +0100] "GET /login?required=true HTTP/1.1" 200 2085 "-" "Mozilla/5.0 (Windows NT 10.0; Win64; x64; rv:82.0) Gecko/20100101 Firefox/82.0"
213.153.47.173 - - [17/Nov/2020:16:07:50 +0100] "GET /css/reset.css HTTP/1.1" 200 1356 "http://renault.activities.at/login?required=true" "Mozilla/5.0 (Windows NT 10.0; Win64; x64; rv:82.0) Gecko/20100101 Firefox/82.0"
213.153.47.173 - - [17/Nov/2020:16:07:50 +0100] "GET /css/clears.css HTTP/1.1" 200 851 "http://renault.activities.at/login?required=true" "Mozilla/5.0 (Windows NT 10.0; Win64; x64; rv:82.0) Gecko/20100101 Firefox/82.0"
213.153.47.173 - - [17/Nov/2020:16:07:50 +0100] "GET /css/print.css HTTP/1.1" 200 543 "http://renault.activities.at/login?required=true" "Mozilla/5.0 (Windows NT 10.0; Win64; x64; rv:82.0) Gecko/20100101 Firefox/82.0"
213.153.47.173 - - [17/Nov/2020:16:07:50 +0100] "GET /css/styles.css HTTP/1.1" 200 14664 "http://renault.activities.at/login?required=true" "Mozilla/5.0 (Windows NT 10.0; Win64; x64; rv:82.0) Gecko/20100101 Firefox/82.0"
213.153.47.173 - - [17/Nov/2020:16:07:50 +0100] "GET /js/default.js HTTP/1.1" 200 14698 "http://renault.activities.at/login?required=true" "Mozilla/5.0 (Windows NT 10.0; Win64; x64; rv:82.0) Gecko/20100101 Firefox/82.0"
213.153.47.173 - - [17/Nov/2020:16:07:50 +0100] "GET /js/checkout.css HTTP/1.1" 200 359 "http://renault.activities.at/login?required=true" "Mozilla/5.0 (Windows NT 10.0; Win64; x64; rv:82.0) Gecko/20100101 Firefox/82.0"
213.153.47.173 - - [17/Nov/2020:16:07:50 +0100] "GET /css/prototip.css HTTP/1.1" 200 968 "http://renault.activities.at/login?required=true" "Mozilla/5.0 (Windows NT 10.0; Win64; x64; rv:82.0) Gecko/20100101 Firefox/82.0"
213.153.47.173 - - [17/Nov/2020:16:07:50 +0100] "GET /css/themes/default.css HTTP/1.1" 200 769 "http://renault.activities.at/login?required=true" "Mozilla/5.0 (Windows NT 10.0; Win64; x64; rv:82.0) Gecko/20100101 Firefox/82.0"
213.153.47.173 - - [17/Nov/2020:16:07:50 +0100] "GET /css/themes/alphacube.css HTTP/1.1" 200 743 "http://renault.activities.at/login?required=true" "Mozilla/5.0 (Windows NT 10.0; Win64; x64; rv:82.0) Gecko/20100101 Firefox/82.0"
213.153.47.173 - - [17/Nov/2020:16:07:50 +0100] "GET /js/index.php?c=auto&f=,prototype/prototype.js,prototype/validation.js,scriptaculous/builder.js,scriptaculous/effects.js,scriptaculous/dragdrop.js,scriptaculous/controls.js,scriptaculous/slider.js,varien/js.js,varien/form.js,varien/menu.js,mage/translate.js,mage/cookies.js,varien/product.js,spinner/SpinnerControl.jsmin.js,prototype/window.js,prototype/window_ext.js HTTP/1.1" 200 94182 "http://renault.activities.at/login?required=true" "Mozilla/5.0 (Windows NT 10.0; Win64; x64; rv:82.0) Gecko/20100101 Firefox/82.0"
213.153.47.173 - - [17/Nov/2020:16:07:50 +0100] "GET /images/main_block_border.gif HTTP/1.1" 200 43 "http://renault.activities.at/css/styles.css" "Mozilla/5.0 (Windows NT 10.0; Win64; x64; rv:82.0) Gecko/20100101 Firefox/82.0"
213.153.47.173 - - [17/Nov/2020:16:07:50 +0100] "GET /images/main_block_corner_right_bot.gif HTTP/1.1" 200 158 "http://renault.activities.at/css/styles.css" "Mozilla/5.0 (Windows NT 10.0; Win64; x64; rv:82.0) Gecko/20100101 Firefox/82.0"
213.153.47.173 - - [17/Nov/2020:16:07:50 +0100] "GET /images/main_block_corner_left_bot.gif HTTP/1.1" 200 159 "http://renault.activities.at/css/styles.css" "Mozilla/5.0 (Windows NT 10.0; Win64; x64; rv:82.0) Gecko/20100101 Firefox/82.0"
213.153.47.173 - - [17/Nov/2020:16:07:50 +0100] "GET /images/header_block_corner_left_top.gif HTTP/1.1" 200 160 "http://renault.activities.at/css/styles.css" "Mozilla/5.0 (Windows NT 10.0; Win64; x64; rv:82.0) Gecko/20100101 Firefox/82.0"
213.153.47.173 - - [17/Nov/2020:16:07:50 +0100] "GET /images/header_block_corner_right_top.gif HTTP/1.1" 200 160 "http://renault.activities.at/css/styles.css" "Mozilla/5.0 (Windows NT 10.0; Win64; x64; rv:82.0) Gecko/20100101 Firefox/82.0"
213.153.47.173 - - [17/Nov/2020:16:07:50 +0100] "GET /images/header_block_border.gif HTTP/1.1" 200 43 "http://renault.activities.at/css/styles.css" "Mozilla/5.0 (Windows NT 10.0; Win64; x64; rv:82.0) Gecko/20100101 Firefox/82.0"
213.153.47.173 - - [17/Nov/2020:16:07:50 +0100] "GET /images/main_block_corner_right_top.gif HTTP/1.1" 200 159 "http://renault.activities.at/css/styles.css" "Mozilla/5.0 (Windows NT 10.0; Win64; x64; rv:82.0) Gecko/20100101 Firefox/82.0"
213.153.47.173 - - [17/Nov/2020:16:07:50 +0100] "GET /images/main_block_corner_left_top.gif HTTP/1.1" 200 159 "http://renault.activities.at/css/styles.css" "Mozilla/5.0 (Windows NT 10.0; Win64; x64; rv:82.0) Gecko/20100101 Firefox/82.0"
213.153.47.173 - - [17/Nov/2020:16:07:50 +0100] "GET /images/title_border.jpg HTTP/1.1" 200 304 "http://renault.activities.at/css/styles.css" "Mozilla/5.0 (Windows NT 10.0; Win64; x64; rv:82.0) Gecko/20100101 Firefox/82.0"
213.153.47.173 - - [17/Nov/2020:16:07:50 +0100] "GET /images/title_border_top.jpg HTTP/1.1" 200 336 "http://renault.activities.at/css/styles.css" "Mozilla/5.0 (Windows NT 10.0; Win64; x64; rv:82.0) Gecko/20100101 Firefox/82.0"
