88.116.10.164 - - [23/Nov/2020:11:17:38 +0100] "GET /reload?ser=1606126658329 HTTP/1.1" 200 28 "http://renault.activities.at/10201637?dir=DESC&mode=grid&order=name&limit=15&page=2" "Mozilla/5.0 (Windows NT 10.0; Win64; x64) AppleWebKit/537.36 (KHTML, like Gecko) Chrome/86.0.4240.198 Safari/537.36"
193.194.132.27 - - [23/Nov/2020:11:17:58 +0100] "GET /reload?ser=1606126677832 HTTP/1.1" 200 28 "http://renault.2web.at/account" "Mozilla/5.0 (Windows NT 10.0; Win64; x64) AppleWebKit/537.36 (KHTML, like Gecko) Chrome/86.0.4240.198 Safari/537.36"
80.120.5.131 - - [23/Nov/2020:11:18:15 +0100] "GET /reload?ser=1606126695199 HTTP/1.1" 200 28 "http://renault.activities.at/result?searchterm=true&search=100%25" "Mozilla/5.0 (Windows NT 10.0; Win64; x64) AppleWebKit/537.36 (KHTML, like Gecko) Chrome/86.0.4240.198 Safari/537.36"
88.116.10.164 - - [23/Nov/2020:11:18:39 +0100] "GET /reload?ser=1606126719332 HTTP/1.1" 200 28 "http://renault.activities.at/10201637?dir=DESC&mode=grid&order=name&limit=15&page=2" "Mozilla/5.0 (Windows NT 10.0; Win64; x64) AppleWebKit/537.36 (KHTML, like Gecko) Chrome/86.0.4240.198 Safari/537.36"
193.194.132.27 - - [23/Nov/2020:11:19:00 +0100] "GET /reload?ser=1606126739832 HTTP/1.1" 200 28 "http://renault.2web.at/account" "Mozilla/5.0 (Windows NT 10.0; Win64; x64) AppleWebKit/537.36 (KHTML, like Gecko) Chrome/86.0.4240.198 Safari/537.36"
80.120.5.131 - - [23/Nov/2020:11:19:16 +0100] "GET /reload?ser=1606126756199 HTTP/1.1" 200 28 "http://renault.activities.at/result?searchterm=true&search=100%25" "Mozilla/5.0 (Windows NT 10.0; Win64; x64) AppleWebKit/537.36 (KHTML, like Gecko) Chrome/86.0.4240.198 Safari/537.36"
88.116.10.164 - - [23/Nov/2020:11:19:41 +0100] "GET /reload?ser=1606126781335 HTTP/1.1" 200 28 "http://renault.activities.at/10201637?dir=DESC&mode=grid&order=name&limit=15&page=2" "Mozilla/5.0 (Windows NT 10.0; Win64; x64) AppleWebKit/537.36 (KHTML, like Gecko) Chrome/86.0.4240.198 Safari/537.36"
193.194.132.27 - - [23/Nov/2020:11:20:02 +0100] "GET /reload?ser=1606126801832 HTTP/1.1" 200 28 "http://renault.2web.at/account" "Mozilla/5.0 (Windows NT 10.0; Win64; x64) AppleWebKit/537.36 (KHTML, like Gecko) Chrome/86.0.4240.198 Safari/537.36"
80.120.5.131 - - [23/Nov/2020:11:20:17 +0100] "GET /reload?ser=1606126817199 HTTP/1.1" 200 28 "http://renault.activities.at/result?searchterm=true&search=100%25" "Mozilla/5.0 (Windows NT 10.0; Win64; x64) AppleWebKit/537.36 (KHTML, like Gecko) Chrome/86.0.4240.198 Safari/537.36"
88.116.10.164 - - [23/Nov/2020:11:20:42 +0100] "GET /reload?ser=1606126842338 HTTP/1.1" 200 28 "http://renault.activities.at/10201637?dir=DESC&mode=grid&order=name&limit=15&page=2" "Mozilla/5.0 (Windows NT 10.0; Win64; x64) AppleWebKit/537.36 (KHTML, like Gecko) Chrome/86.0.4240.198 Safari/537.36"
193.194.132.27 - - [23/Nov/2020:11:21:04 +0100] "GET /reload?ser=1606126863832 HTTP/1.1" 200 28 "http://renault.2web.at/account" "Mozilla/5.0 (Windows NT 10.0; Win64; x64) AppleWebKit/537.36 (KHTML, like Gecko) Chrome/86.0.4240.198 Safari/537.36"
80.120.5.131 - - [23/Nov/2020:11:21:18 +0100] "GET /reload?ser=1606126878199 HTTP/1.1" 200 28 "http://renault.activities.at/result?searchterm=true&search=100%25" "Mozilla/5.0 (Windows NT 10.0; Win64; x64) AppleWebKit/537.36 (KHTML, like Gecko) Chrome/86.0.4240.198 Safari/537.36"
88.116.10.164 - - [23/Nov/2020:11:21:43 +0100] "GET /reload?ser=1606126903328 HTTP/1.1" 200 28 "http://renault.activities.at/10201637?dir=DESC&mode=grid&order=name&limit=15&page=2" "Mozilla/5.0 (Windows NT 10.0; Win64; x64) AppleWebKit/537.36 (KHTML, like Gecko) Chrome/86.0.4240.198 Safari/537.36"
193.194.132.27 - - [23/Nov/2020:11:22:06 +0100] "GET /reload?ser=1606126925834 HTTP/1.1" 200 28 "http://renault.2web.at/account" "Mozilla/5.0 (Windows NT 10.0; Win64; x64) AppleWebKit/537.36 (KHTML, like Gecko) Chrome/86.0.4240.198 Safari/537.36"
80.120.5.131 - - [23/Nov/2020:11:22:19 +0100] "GET /reload?ser=1606126939199 HTTP/1.1" 200 28 "http://renault.activities.at/result?searchterm=true&search=100%25" "Mozilla/5.0 (Windows NT 10.0; Win64; x64) AppleWebKit/537.36 (KHTML, like Gecko) Chrome/86.0.4240.198 Safari/537.36"
88.116.10.164 - - [23/Nov/2020:11:22:44 +0100] "GET /reload?ser=1606126964324 HTTP/1.1" 200 28 "http://renault.activities.at/10201637?dir=DESC&mode=grid&order=name&limit=15&page=2" "Mozilla/5.0 (Windows NT 10.0; Win64; x64) AppleWebKit/537.36 (KHTML, like Gecko) Chrome/86.0.4240.198 Safari/537.36"
193.194.132.27 - - [23/Nov/2020:11:23:08 +0100] "GET /reload?ser=1606126987834 HTTP/1.1" 200 28 "http://renault.2web.at/account" "Mozilla/5.0 (Windows NT 10.0; Win64; x64) AppleWebKit/537.36 (KHTML, like Gecko) Chrome/86.0.4240.198 Safari/537.36"
80.120.5.131 - - [23/Nov/2020:11:23:21 +0100] "GET /reload?ser=1606127001199 HTTP/1.1" 200 28 "http://renault.activities.at/result?searchterm=true&search=100%25" "Mozilla/5.0 (Windows NT 10.0; Win64; x64) AppleWebKit/537.36 (KHTML, like Gecko) Chrome/86.0.4240.198 Safari/537.36"
88.116.10.164 - - [23/Nov/2020:11:23:45 +0100] "GET /reload?ser=1606127025335 HTTP/1.1" 200 28 "http://renault.activities.at/10201637?dir=DESC&mode=grid&order=name&limit=15&page=2" "Mozilla/5.0 (Windows NT 10.0; Win64; x64) AppleWebKit/537.36 (KHTML, like Gecko) Chrome/86.0.4240.198 Safari/537.36"
193.194.132.27 - - [23/Nov/2020:11:24:10 +0100] "GET /reload?ser=1606127049836 HTTP/1.1" 200 28 "http://renault.2web.at/account" "Mozilla/5.0 (Windows NT 10.0; Win64; x64) AppleWebKit/537.36 (KHTML, like Gecko) Chrome/86.0.4240.198 Safari/537.36"
80.120.5.131 - - [23/Nov/2020:11:24:23 +0100] "GET /reload?ser=1606127063200 HTTP/1.1" 200 28 "http://renault.activities.at/result?searchterm=true&search=100%25" "Mozilla/5.0 (Windows NT 10.0; Win64; x64) AppleWebKit/537.36 (KHTML, like Gecko) Chrome/86.0.4240.198 Safari/537.36"
88.116.10.164 - - [23/Nov/2020:11:24:46 +0100] "GET /reload?ser=1606127086331 HTTP/1.1" 200 28 "http://renault.activities.at/10201637?dir=DESC&mode=grid&order=name&limit=15&page=2" "Mozilla/5.0 (Windows NT 10.0; Win64; x64) AppleWebKit/537.36 (KHTML, like Gecko) Chrome/86.0.4240.198 Safari/537.36"
193.194.132.27 - - [23/Nov/2020:11:25:12 +0100] "GET /reload?ser=1606127111835 HTTP/1.1" 200 28 "http://renault.2web.at/account" "Mozilla/5.0 (Windows NT 10.0; Win64; x64) AppleWebKit/537.36 (KHTML, like Gecko) Chrome/86.0.4240.198 Safari/537.36"
80.120.5.131 - - [23/Nov/2020:11:25:24 +0100] "GET /reload?ser=1606127124198 HTTP/1.1" 200 28 "http://renault.activities.at/result?searchterm=true&search=100%25" "Mozilla/5.0 (Windows NT 10.0; Win64; x64) AppleWebKit/537.36 (KHTML, like Gecko) Chrome/86.0.4240.198 Safari/537.36"
88.116.10.164 - - [23/Nov/2020:11:25:47 +0100] "GET /reload?ser=1606127147324 HTTP/1.1" 200 28 "http://renault.activities.at/10201637?dir=DESC&mode=grid&order=name&limit=15&page=2" "Mozilla/5.0 (Windows NT 10.0; Win64; x64) AppleWebKit/537.36 (KHTML, like Gecko) Chrome/86.0.4240.198 Safari/537.36"
193.194.132.27 - - [23/Nov/2020:11:26:14 +0100] "GET /reload?ser=1606127173835 HTTP/1.1" 200 28 "http://renault.2web.at/account" "Mozilla/5.0 (Windows NT 10.0; Win64; x64) AppleWebKit/537.36 (KHTML, like Gecko) Chrome/86.0.4240.198 Safari/537.36"
80.120.5.131 - - [23/Nov/2020:11:26:26 +0100] "GET /reload?ser=1606127186198 HTTP/1.1" 200 28 "http://renault.activities.at/result?searchterm=true&search=100%25" "Mozilla/5.0 (Windows NT 10.0; Win64; x64) AppleWebKit/537.36 (KHTML, like Gecko) Chrome/86.0.4240.198 Safari/537.36"
88.116.10.164 - - [23/Nov/2020:11:26:48 +0100] "GET /reload?ser=1606127208325 HTTP/1.1" 200 28 "http://renault.activities.at/10201637?dir=DESC&mode=grid&order=name&limit=15&page=2" "Mozilla/5.0 (Windows NT 10.0; Win64; x64) AppleWebKit/537.36 (KHTML, like Gecko) Chrome/86.0.4240.198 Safari/537.36"
193.194.132.27 - - [23/Nov/2020:11:27:16 +0100] "GET /reload?ser=1606127235838 HTTP/1.1" 200 28 "http://renault.2web.at/account" "Mozilla/5.0 (Windows NT 10.0; Win64; x64) AppleWebKit/537.36 (KHTML, like Gecko) Chrome/86.0.4240.198 Safari/537.36"
80.120.5.131 - - [23/Nov/2020:11:27:27 +0100] "GET /reload?ser=1606127247198 HTTP/1.1" 200 28 "http://renault.activities.at/result?searchterm=true&search=100%25" "Mozilla/5.0 (Windows NT 10.0; Win64; x64) AppleWebKit/537.36 (KHTML, like Gecko) Chrome/86.0.4240.198 Safari/537.36"
88.116.10.164 - - [23/Nov/2020:11:27:49 +0100] "GET /reload?ser=1606127269331 HTTP/1.1" 200 28 "http://renault.activities.at/10201637?dir=DESC&mode=grid&order=name&limit=15&page=2" "Mozilla/5.0 (Windows NT 10.0; Win64; x64) AppleWebKit/537.36 (KHTML, like Gecko) Chrome/86.0.4240.198 Safari/537.36"
193.194.132.27 - - [23/Nov/2020:11:28:18 +0100] "GET /reload?ser=1606127297836 HTTP/1.1" 200 28 "http://renault.2web.at/account" "Mozilla/5.0 (Windows NT 10.0; Win64; x64) AppleWebKit/537.36 (KHTML, like Gecko) Chrome/86.0.4240.198 Safari/537.36"
80.120.5.131 - - [23/Nov/2020:11:28:28 +0100] "GET /reload?ser=1606127308198 HTTP/1.1" 200 28 "http://renault.activities.at/result?searchterm=true&search=100%25" "Mozilla/5.0 (Windows NT 10.0; Win64; x64) AppleWebKit/537.36 (KHTML, like Gecko) Chrome/86.0.4240.198 Safari/537.36"
88.116.10.164 - - [23/Nov/2020:11:28:50 +0100] "GET /reload?ser=1606127330329 HTTP/1.1" 200 28 "http://renault.activities.at/10201637?dir=DESC&mode=grid&order=name&limit=15&page=2" "Mozilla/5.0 (Windows NT 10.0; Win64; x64) AppleWebKit/537.36 (KHTML, like Gecko) Chrome/86.0.4240.198 Safari/537.36"
193.194.132.27 - - [23/Nov/2020:11:29:20 +0100] "GET /reload?ser=1606127359839 HTTP/1.1" 200 28 "http://renault.2web.at/account" "Mozilla/5.0 (Windows NT 10.0; Win64; x64) AppleWebKit/537.36 (KHTML, like Gecko) Chrome/86.0.4240.198 Safari/537.36"
80.120.5.131 - - [23/Nov/2020:11:29:29 +0100] "GET /reload?ser=1606127369198 HTTP/1.1" 200 28 "http://renault.activities.at/result?searchterm=true&search=100%25" "Mozilla/5.0 (Windows NT 10.0; Win64; x64) AppleWebKit/537.36 (KHTML, like Gecko) Chrome/86.0.4240.198 Safari/537.36"
88.116.10.164 - - [23/Nov/2020:11:29:51 +0100] "GET /reload?ser=1606127391333 HTTP/1.1" 200 28 "http://renault.activities.at/10201637?dir=DESC&mode=grid&order=name&limit=15&page=2" "Mozilla/5.0 (Windows NT 10.0; Win64; x64) AppleWebKit/537.36 (KHTML, like Gecko) Chrome/86.0.4240.198 Safari/537.36"
193.194.132.27 - - [23/Nov/2020:11:30:22 +0100] "GET /reload?ser=1606127421840 HTTP/1.1" 200 28 "http://renault.2web.at/account" "Mozilla/5.0 (Windows NT 10.0; Win64; x64) AppleWebKit/537.36 (KHTML, like Gecko) Chrome/86.0.4240.198 Safari/537.36"
80.120.5.131 - - [23/Nov/2020:11:30:30 +0100] "GET /reload?ser=1606127430197 HTTP/1.1" 200 28 "http://renault.activities.at/result?searchterm=true&search=100%25" "Mozilla/5.0 (Windows NT 10.0; Win64; x64) AppleWebKit/537.36 (KHTML, like Gecko) Chrome/86.0.4240.198 Safari/537.36"
88.116.10.164 - - [23/Nov/2020:11:30:52 +0100] "GET /reload?ser=1606127452329 HTTP/1.1" 200 28 "http://renault.activities.at/10201637?dir=DESC&mode=grid&order=name&limit=15&page=2" "Mozilla/5.0 (Windows NT 10.0; Win64; x64) AppleWebKit/537.36 (KHTML, like Gecko) Chrome/86.0.4240.198 Safari/537.36"
193.194.132.27 - - [23/Nov/2020:11:31:24 +0100] "GET /reload?ser=1606127483844 HTTP/1.1" 200 28 "http://renault.2web.at/account" "Mozilla/5.0 (Windows NT 10.0; Win64; x64) AppleWebKit/537.36 (KHTML, like Gecko) Chrome/86.0.4240.198 Safari/537.36"
80.120.5.131 - - [23/Nov/2020:11:31:31 +0100] "GET /reload?ser=1606127491198 HTTP/1.1" 200 28 "http://renault.activities.at/result?searchterm=true&search=100%25" "Mozilla/5.0 (Windows NT 10.0; Win64; x64) AppleWebKit/537.36 (KHTML, like Gecko) Chrome/86.0.4240.198 Safari/537.36"
88.116.10.164 - - [23/Nov/2020:11:31:53 +0100] "GET /reload?ser=1606127513329 HTTP/1.1" 200 28 "http://renault.activities.at/10201637?dir=DESC&mode=grid&order=name&limit=15&page=2" "Mozilla/5.0 (Windows NT 10.0; Win64; x64) AppleWebKit/537.36 (KHTML, like Gecko) Chrome/86.0.4240.198 Safari/537.36"
193.194.132.27 - - [23/Nov/2020:11:32:26 +0100] "GET /reload?ser=1606127545842 HTTP/1.1" 200 28 "http://renault.2web.at/account" "Mozilla/5.0 (Windows NT 10.0; Win64; x64) AppleWebKit/537.36 (KHTML, like Gecko) Chrome/86.0.4240.198 Safari/537.36"
80.120.5.131 - - [23/Nov/2020:11:32:32 +0100] "GET /reload?ser=1606127552197 HTTP/1.1" 200 28 "http://renault.activities.at/result?searchterm=true&search=100%25" "Mozilla/5.0 (Windows NT 10.0; Win64; x64) AppleWebKit/537.36 (KHTML, like Gecko) Chrome/86.0.4240.198 Safari/537.36"
88.116.10.164 - - [23/Nov/2020:11:32:55 +0100] "GET /reload?ser=1606127575337 HTTP/1.1" 200 28 "http://renault.activities.at/10201637?dir=DESC&mode=grid&order=name&limit=15&page=2" "Mozilla/5.0 (Windows NT 10.0; Win64; x64) AppleWebKit/537.36 (KHTML, like Gecko) Chrome/86.0.4240.198 Safari/537.36"
193.194.132.27 - - [23/Nov/2020:11:33:28 +0100] "GET /reload?ser=1606127607847 HTTP/1.1" 200 28 "http://renault.2web.at/account" "Mozilla/5.0 (Windows NT 10.0; Win64; x64) AppleWebKit/537.36 (KHTML, like Gecko) Chrome/86.0.4240.198 Safari/537.36"
80.120.5.131 - - [23/Nov/2020:11:33:33 +0100] "GET /reload?ser=1606127613198 HTTP/1.1" 200 28 "http://renault.activities.at/result?searchterm=true&search=100%25" "Mozilla/5.0 (Windows NT 10.0; Win64; x64) AppleWebKit/537.36 (KHTML, like Gecko) Chrome/86.0.4240.198 Safari/537.36"
88.116.10.164 - - [23/Nov/2020:11:33:57 +0100] "GET /reload?ser=1606127637330 HTTP/1.1" 200 28 "http://renault.activities.at/10201637?dir=DESC&mode=grid&order=name&limit=15&page=2" "Mozilla/5.0 (Windows NT 10.0; Win64; x64) AppleWebKit/537.36 (KHTML, like Gecko) Chrome/86.0.4240.198 Safari/537.36"
193.194.132.27 - - [23/Nov/2020:11:34:30 +0100] "GET /reload?ser=1606127669852 HTTP/1.1" 200 28 "http://renault.2web.at/account" "Mozilla/5.0 (Windows NT 10.0; Win64; x64) AppleWebKit/537.36 (KHTML, like Gecko) Chrome/86.0.4240.198 Safari/537.36"
80.120.5.131 - - [23/Nov/2020:11:34:34 +0100] "GET /reload?ser=1606127674197 HTTP/1.1" 200 28 "http://renault.activities.at/result?searchterm=true&search=100%25" "Mozilla/5.0 (Windows NT 10.0; Win64; x64) AppleWebKit/537.36 (KHTML, like Gecko) Chrome/86.0.4240.198 Safari/537.36"
80.44.21.247 - - [23/Nov/2020:11:34:47 +0100] "GET /login?required=true HTTP/1.1" 200 7269 "http://renault.activities.at/checkout" "Mozilla/5.0 (Windows NT 10.0; Win64; x64) AppleWebKit/537.36 (KHTML, like Gecko) Chrome/76.0.3809.71 Safari/537.36"
104.227.235.135 - - [23/Nov/2020:11:34:48 +0100] "GET /login?required=true HTTP/1.1" 200 7269 "http://renault.activities.at/checkout" "Mozilla/5.0 (iPhone; CPU iPhone OS 13_7 like Mac OS X) AppleWebKit/605.1.15 (KHTML, like Gecko) Version/13.1.2 Mobile/15E148 Safari/604.1"
88.116.10.164 - - [23/Nov/2020:11:34:58 +0100] "GET /reload?ser=1606127698330 HTTP/1.1" 200 28 "http://renault.activities.at/10201637?dir=DESC&mode=grid&order=name&limit=15&page=2" "Mozilla/5.0 (Windows NT 10.0; Win64; x64) AppleWebKit/537.36 (KHTML, like Gecko) Chrome/86.0.4240.198 Safari/537.36"
193.194.132.27 - - [23/Nov/2020:11:35:32 +0100] "GET /reload?ser=1606127731856 HTTP/1.1" 200 28 "http://renault.2web.at/account" "Mozilla/5.0 (Windows NT 10.0; Win64; x64) AppleWebKit/537.36 (KHTML, like Gecko) Chrome/86.0.4240.198 Safari/537.36"
80.120.5.131 - - [23/Nov/2020:11:35:35 +0100] "GET /reload?ser=1606127735198 HTTP/1.1" 200 28 "http://renault.activities.at/result?searchterm=true&search=100%25" "Mozilla/5.0 (Windows NT 10.0; Win64; x64) AppleWebKit/537.36 (KHTML, like Gecko) Chrome/86.0.4240.198 Safari/537.36"
88.116.10.164 - - [23/Nov/2020:11:35:59 +0100] "GET /reload?ser=1606127759329 HTTP/1.1" 200 28 "http://renault.activities.at/10201637?dir=DESC&mode=grid&order=name&limit=15&page=2" "Mozilla/5.0 (Windows NT 10.0; Win64; x64) AppleWebKit/537.36 (KHTML, like Gecko) Chrome/86.0.4240.198 Safari/537.36"
193.194.132.27 - - [23/Nov/2020:11:36:34 +0100] "GET /reload?ser=1606127793862 HTTP/1.1" 200 28 "http://renault.2web.at/account" "Mozilla/5.0 (Windows NT 10.0; Win64; x64) AppleWebKit/537.36 (KHTML, like Gecko) Chrome/86.0.4240.198 Safari/537.36"
80.120.5.131 - - [23/Nov/2020:11:36:37 +0100] "GET /reload?ser=1606127797197 HTTP/1.1" 200 28 "http://renault.activities.at/result?searchterm=true&search=100%25" "Mozilla/5.0 (Windows NT 10.0; Win64; x64) AppleWebKit/537.36 (KHTML, like Gecko) Chrome/86.0.4240.198 Safari/537.36"
88.116.10.164 - - [23/Nov/2020:11:37:00 +0100] "GET /reload?ser=1606127820322 HTTP/1.1" 200 28 "http://renault.activities.at/10201637?dir=DESC&mode=grid&order=name&limit=15&page=2" "Mozilla/5.0 (Windows NT 10.0; Win64; x64) AppleWebKit/537.36 (KHTML, like Gecko) Chrome/86.0.4240.198 Safari/537.36"
193.194.132.27 - - [23/Nov/2020:11:37:36 +0100] "GET /reload?ser=1606127855873 HTTP/1.1" 200 28 "http://renault.2web.at/account" "Mozilla/5.0 (Windows NT 10.0; Win64; x64) AppleWebKit/537.36 (KHTML, like Gecko) Chrome/86.0.4240.198 Safari/537.36"
80.120.5.131 - - [23/Nov/2020:11:37:38 +0100] "GET /reload?ser=1606127858197 HTTP/1.1" 200 28 "http://renault.activities.at/result?searchterm=true&search=100%25" "Mozilla/5.0 (Windows NT 10.0; Win64; x64) AppleWebKit/537.36 (KHTML, like Gecko) Chrome/86.0.4240.198 Safari/537.36"
88.116.10.164 - - [23/Nov/2020:11:38:01 +0100] "GET /reload?ser=1606127881329 HTTP/1.1" 200 28 "http://renault.activities.at/10201637?dir=DESC&mode=grid&order=name&limit=15&page=2" "Mozilla/5.0 (Windows NT 10.0; Win64; x64) AppleWebKit/537.36 (KHTML, like Gecko) Chrome/86.0.4240.198 Safari/537.36"
193.194.132.27 - - [23/Nov/2020:11:38:38 +0100] "GET /reload?ser=1606127917869 HTTP/1.1" 200 28 "http://renault.2web.at/account" "Mozilla/5.0 (Windows NT 10.0; Win64; x64) AppleWebKit/537.36 (KHTML, like Gecko) Chrome/86.0.4240.198 Safari/537.36"
80.120.5.131 - - [23/Nov/2020:11:38:39 +0100] "GET /reload?ser=1606127919197 HTTP/1.1" 200 28 "http://renault.activities.at/result?searchterm=true&search=100%25" "Mozilla/5.0 (Windows NT 10.0; Win64; x64) AppleWebKit/537.36 (KHTML, like Gecko) Chrome/86.0.4240.198 Safari/537.36"
88.116.10.164 - - [23/Nov/2020:11:39:03 +0100] "GET /reload?ser=1606127943329 HTTP/1.1" 200 28 "http://renault.activities.at/10201637?dir=DESC&mode=grid&order=name&limit=15&page=2" "Mozilla/5.0 (Windows NT 10.0; Win64; x64) AppleWebKit/537.36 (KHTML, like Gecko) Chrome/86.0.4240.198 Safari/537.36"
80.120.5.131 - - [23/Nov/2020:11:39:40 +0100] "GET /reload?ser=1606127980197 HTTP/1.1" 200 28 "http://renault.activities.at/result?searchterm=true&search=100%25" "Mozilla/5.0 (Windows NT 10.0; Win64; x64) AppleWebKit/537.36 (KHTML, like Gecko) Chrome/86.0.4240.198 Safari/537.36"
193.194.132.27 - - [23/Nov/2020:11:39:40 +0100] "GET /reload?ser=1606127979875 HTTP/1.1" 200 28 "http://renault.2web.at/account" "Mozilla/5.0 (Windows NT 10.0; Win64; x64) AppleWebKit/537.36 (KHTML, like Gecko) Chrome/86.0.4240.198 Safari/537.36"
88.116.10.164 - - [23/Nov/2020:11:40:04 +0100] "GET /reload?ser=1606128004324 HTTP/1.1" 200 28 "http://renault.activities.at/10201637?dir=DESC&mode=grid&order=name&limit=15&page=2" "Mozilla/5.0 (Windows NT 10.0; Win64; x64) AppleWebKit/537.36 (KHTML, like Gecko) Chrome/86.0.4240.198 Safari/537.36"
80.120.5.131 - - [23/Nov/2020:11:40:41 +0100] "GET /reload?ser=1606128041197 HTTP/1.1" 200 28 "http://renault.activities.at/result?searchterm=true&search=100%25" "Mozilla/5.0 (Windows NT 10.0; Win64; x64) AppleWebKit/537.36 (KHTML, like Gecko) Chrome/86.0.4240.198 Safari/537.36"
193.194.132.27 - - [23/Nov/2020:11:40:42 +0100] "GET /reload?ser=1606128041876 HTTP/1.1" 200 28 "http://renault.2web.at/account" "Mozilla/5.0 (Windows NT 10.0; Win64; x64) AppleWebKit/537.36 (KHTML, like Gecko) Chrome/86.0.4240.198 Safari/537.36"
88.116.10.164 - - [23/Nov/2020:11:41:05 +0100] "GET /reload?ser=1606128065327 HTTP/1.1" 200 28 "http://renault.activities.at/10201637?dir=DESC&mode=grid&order=name&limit=15&page=2" "Mozilla/5.0 (Windows NT 10.0; Win64; x64) AppleWebKit/537.36 (KHTML, like Gecko) Chrome/86.0.4240.198 Safari/537.36"
80.120.5.131 - - [23/Nov/2020:11:41:42 +0100] "GET /reload?ser=1606128102197 HTTP/1.1" 200 28 "http://renault.activities.at/result?searchterm=true&search=100%25" "Mozilla/5.0 (Windows NT 10.0; Win64; x64) AppleWebKit/537.36 (KHTML, like Gecko) Chrome/86.0.4240.198 Safari/537.36"
193.194.132.27 - - [23/Nov/2020:11:41:44 +0100] "GET /reload?ser=1606128103879 HTTP/1.1" 200 28 "http://renault.2web.at/account" "Mozilla/5.0 (Windows NT 10.0; Win64; x64) AppleWebKit/537.36 (KHTML, like Gecko) Chrome/86.0.4240.198 Safari/537.36"
88.116.10.164 - - [23/Nov/2020:11:42:06 +0100] "GET /reload?ser=1606128126328 HTTP/1.1" 200 28 "http://renault.activities.at/10201637?dir=DESC&mode=grid&order=name&limit=15&page=2" "Mozilla/5.0 (Windows NT 10.0; Win64; x64) AppleWebKit/537.36 (KHTML, like Gecko) Chrome/86.0.4240.198 Safari/537.36"
80.120.5.131 - - [23/Nov/2020:11:42:43 +0100] "GET /reload?ser=1606128163197 HTTP/1.1" 200 28 "http://renault.activities.at/result?searchterm=true&search=100%25" "Mozilla/5.0 (Windows NT 10.0; Win64; x64) AppleWebKit/537.36 (KHTML, like Gecko) Chrome/86.0.4240.198 Safari/537.36"
193.194.132.27 - - [23/Nov/2020:11:42:46 +0100] "GET /reload?ser=1606128165881 HTTP/1.1" 200 28 "http://renault.2web.at/account" "Mozilla/5.0 (Windows NT 10.0; Win64; x64) AppleWebKit/537.36 (KHTML, like Gecko) Chrome/86.0.4240.198 Safari/537.36"
88.116.10.164 - - [23/Nov/2020:11:43:07 +0100] "GET /reload?ser=1606128187331 HTTP/1.1" 200 28 "http://renault.activities.at/10201637?dir=DESC&mode=grid&order=name&limit=15&page=2" "Mozilla/5.0 (Windows NT 10.0; Win64; x64) AppleWebKit/537.36 (KHTML, like Gecko) Chrome/86.0.4240.198 Safari/537.36"
80.120.5.131 - - [23/Nov/2020:11:43:45 +0100] "GET /reload?ser=1606128225197 HTTP/1.1" 200 28 "http://renault.activities.at/result?searchterm=true&search=100%25" "Mozilla/5.0 (Windows NT 10.0; Win64; x64) AppleWebKit/537.36 (KHTML, like Gecko) Chrome/86.0.4240.198 Safari/537.36"
193.194.132.27 - - [23/Nov/2020:11:43:48 +0100] "GET /reload?ser=1606128227883 HTTP/1.1" 200 28 "http://renault.2web.at/account" "Mozilla/5.0 (Windows NT 10.0; Win64; x64) AppleWebKit/537.36 (KHTML, like Gecko) Chrome/86.0.4240.198 Safari/537.36"
88.116.10.164 - - [23/Nov/2020:11:44:08 +0100] "GET /reload?ser=1606128248325 HTTP/1.1" 200 28 "http://renault.activities.at/10201637?dir=DESC&mode=grid&order=name&limit=15&page=2" "Mozilla/5.0 (Windows NT 10.0; Win64; x64) AppleWebKit/537.36 (KHTML, like Gecko) Chrome/86.0.4240.198 Safari/537.36"
80.120.5.131 - - [23/Nov/2020:11:44:46 +0100] "GET /reload?ser=1606128286197 HTTP/1.1" 200 28 "http://renault.activities.at/result?searchterm=true&search=100%25" "Mozilla/5.0 (Windows NT 10.0; Win64; x64) AppleWebKit/537.36 (KHTML, like Gecko) Chrome/86.0.4240.198 Safari/537.36"
193.194.132.27 - - [23/Nov/2020:11:44:50 +0100] "GET /reload?ser=1606128289886 HTTP/1.1" 200 28 "http://renault.2web.at/account" "Mozilla/5.0 (Windows NT 10.0; Win64; x64) AppleWebKit/537.36 (KHTML, like Gecko) Chrome/86.0.4240.198 Safari/537.36"
88.116.10.164 - - [23/Nov/2020:11:45:09 +0100] "GET /reload?ser=1606128309329 HTTP/1.1" 200 28 "http://renault.activities.at/10201637?dir=DESC&mode=grid&order=name&limit=15&page=2" "Mozilla/5.0 (Windows NT 10.0; Win64; x64) AppleWebKit/537.36 (KHTML, like Gecko) Chrome/86.0.4240.198 Safari/537.36"
80.120.5.131 - - [23/Nov/2020:11:45:47 +0100] "GET /reload?ser=1606128347197 HTTP/1.1" 200 28 "http://renault.activities.at/result?searchterm=true&search=100%25" "Mozilla/5.0 (Windows NT 10.0; Win64; x64) AppleWebKit/537.36 (KHTML, like Gecko) Chrome/86.0.4240.198 Safari/537.36"
193.194.132.27 - - [23/Nov/2020:11:45:52 +0100] "GET /reload?ser=1606128351888 HTTP/1.1" 200 28 "http://renault.2web.at/account" "Mozilla/5.0 (Windows NT 10.0; Win64; x64) AppleWebKit/537.36 (KHTML, like Gecko) Chrome/86.0.4240.198 Safari/537.36"
88.116.10.164 - - [23/Nov/2020:11:46:11 +0100] "GET /reload?ser=1606128371318 HTTP/1.1" 200 28 "http://renault.activities.at/10201637?dir=DESC&mode=grid&order=name&limit=15&page=2" "Mozilla/5.0 (Windows NT 10.0; Win64; x64) AppleWebKit/537.36 (KHTML, like Gecko) Chrome/86.0.4240.198 Safari/537.36"
80.120.5.131 - - [23/Nov/2020:11:46:48 +0100] "GET /reload?ser=1606128408197 HTTP/1.1" 200 28 "http://renault.activities.at/result?searchterm=true&search=100%25" "Mozilla/5.0 (Windows NT 10.0; Win64; x64) AppleWebKit/537.36 (KHTML, like Gecko) Chrome/86.0.4240.198 Safari/537.36"
193.194.132.27 - - [23/Nov/2020:11:46:54 +0100] "GET /reload?ser=1606128413891 HTTP/1.1" 200 28 "http://renault.2web.at/account" "Mozilla/5.0 (Windows NT 10.0; Win64; x64) AppleWebKit/537.36 (KHTML, like Gecko) Chrome/86.0.4240.198 Safari/537.36"
88.116.10.164 - - [23/Nov/2020:11:47:13 +0100] "GET /reload?ser=1606128433318 HTTP/1.1" 200 28 "http://renault.activities.at/10201637?dir=DESC&mode=grid&order=name&limit=15&page=2" "Mozilla/5.0 (Windows NT 10.0; Win64; x64) AppleWebKit/537.36 (KHTML, like Gecko) Chrome/86.0.4240.198 Safari/537.36"
80.120.5.131 - - [23/Nov/2020:11:47:49 +0100] "GET /reload?ser=1606128469197 HTTP/1.1" 200 28 "http://renault.activities.at/result?searchterm=true&search=100%25" "Mozilla/5.0 (Windows NT 10.0; Win64; x64) AppleWebKit/537.36 (KHTML, like Gecko) Chrome/86.0.4240.198 Safari/537.36"
193.194.132.27 - - [23/Nov/2020:11:47:56 +0100] "GET /reload?ser=1606128475898 HTTP/1.1" 200 28 "http://renault.2web.at/account" "Mozilla/5.0 (Windows NT 10.0; Win64; x64) AppleWebKit/537.36 (KHTML, like Gecko) Chrome/86.0.4240.198 Safari/537.36"
88.116.10.164 - - [23/Nov/2020:11:48:14 +0100] "GET /reload?ser=1606128494318 HTTP/1.1" 200 28 "http://renault.activities.at/10201637?dir=DESC&mode=grid&order=name&limit=15&page=2" "Mozilla/5.0 (Windows NT 10.0; Win64; x64) AppleWebKit/537.36 (KHTML, like Gecko) Chrome/86.0.4240.198 Safari/537.36"
80.120.5.131 - - [23/Nov/2020:11:48:50 +0100] "GET /reload?ser=1606128530197 HTTP/1.1" 200 28 "http://renault.activities.at/result?searchterm=true&search=100%25" "Mozilla/5.0 (Windows NT 10.0; Win64; x64) AppleWebKit/537.36 (KHTML, like Gecko) Chrome/86.0.4240.198 Safari/537.36"
193.194.132.27 - - [23/Nov/2020:11:48:58 +0100] "GET /reload?ser=1606128537896 HTTP/1.1" 200 28 "http://renault.2web.at/account" "Mozilla/5.0 (Windows NT 10.0; Win64; x64) AppleWebKit/537.36 (KHTML, like Gecko) Chrome/86.0.4240.198 Safari/537.36"
88.116.10.164 - - [23/Nov/2020:11:49:15 +0100] "GET /reload?ser=1606128555327 HTTP/1.1" 200 28 "http://renault.activities.at/10201637?dir=DESC&mode=grid&order=name&limit=15&page=2" "Mozilla/5.0 (Windows NT 10.0; Win64; x64) AppleWebKit/537.36 (KHTML, like Gecko) Chrome/86.0.4240.198 Safari/537.36"
80.120.5.131 - - [23/Nov/2020:11:49:51 +0100] "GET /reload?ser=1606128591197 HTTP/1.1" 200 28 "http://renault.activities.at/result?searchterm=true&search=100%25" "Mozilla/5.0 (Windows NT 10.0; Win64; x64) AppleWebKit/537.36 (KHTML, like Gecko) Chrome/86.0.4240.198 Safari/537.36"
193.194.132.27 - - [23/Nov/2020:11:50:00 +0100] "GET /reload?ser=1606128599901 HTTP/1.1" 200 28 "http://renault.2web.at/account" "Mozilla/5.0 (Windows NT 10.0; Win64; x64) AppleWebKit/537.36 (KHTML, like Gecko) Chrome/86.0.4240.198 Safari/537.36"
88.116.10.164 - - [23/Nov/2020:11:50:16 +0100] "GET /reload?ser=1606128616325 HTTP/1.1" 200 28 "http://renault.activities.at/10201637?dir=DESC&mode=grid&order=name&limit=15&page=2" "Mozilla/5.0 (Windows NT 10.0; Win64; x64) AppleWebKit/537.36 (KHTML, like Gecko) Chrome/86.0.4240.198 Safari/537.36"
80.120.5.131 - - [23/Nov/2020:11:50:52 +0100] "GET /reload?ser=1606128652197 HTTP/1.1" 200 28 "http://renault.activities.at/result?searchterm=true&search=100%25" "Mozilla/5.0 (Windows NT 10.0; Win64; x64) AppleWebKit/537.36 (KHTML, like Gecko) Chrome/86.0.4240.198 Safari/537.36"
193.194.132.27 - - [23/Nov/2020:11:51:02 +0100] "GET /reload?ser=1606128661899 HTTP/1.1" 200 28 "http://renault.2web.at/account" "Mozilla/5.0 (Windows NT 10.0; Win64; x64) AppleWebKit/537.36 (KHTML, like Gecko) Chrome/86.0.4240.198 Safari/537.36"
88.116.10.164 - - [23/Nov/2020:11:51:17 +0100] "GET /reload?ser=1606128677328 HTTP/1.1" 200 28 "http://renault.activities.at/10201637?dir=DESC&mode=grid&order=name&limit=15&page=2" "Mozilla/5.0 (Windows NT 10.0; Win64; x64) AppleWebKit/537.36 (KHTML, like Gecko) Chrome/86.0.4240.198 Safari/537.36"
80.120.5.131 - - [23/Nov/2020:11:51:53 +0100] "GET /reload?ser=1606128713196 HTTP/1.1" 200 28 "http://renault.activities.at/result?searchterm=true&search=100%25" "Mozilla/5.0 (Windows NT 10.0; Win64; x64) AppleWebKit/537.36 (KHTML, like Gecko) Chrome/86.0.4240.198 Safari/537.36"
193.194.132.27 - - [23/Nov/2020:11:52:04 +0100] "GET /reload?ser=1606128723899 HTTP/1.1" 200 28 "http://renault.2web.at/account" "Mozilla/5.0 (Windows NT 10.0; Win64; x64) AppleWebKit/537.36 (KHTML, like Gecko) Chrome/86.0.4240.198 Safari/537.36"
88.116.10.164 - - [23/Nov/2020:11:52:19 +0100] "GET /reload?ser=1606128739324 HTTP/1.1" 200 28 "http://renault.activities.at/10201637?dir=DESC&mode=grid&order=name&limit=15&page=2" "Mozilla/5.0 (Windows NT 10.0; Win64; x64) AppleWebKit/537.36 (KHTML, like Gecko) Chrome/86.0.4240.198 Safari/537.36"
80.120.5.131 - - [23/Nov/2020:11:52:54 +0100] "GET /reload?ser=1606128774196 HTTP/1.1" 200 28 "http://renault.activities.at/result?searchterm=true&search=100%25" "Mozilla/5.0 (Windows NT 10.0; Win64; x64) AppleWebKit/537.36 (KHTML, like Gecko) Chrome/86.0.4240.198 Safari/537.36"
193.194.132.27 - - [23/Nov/2020:11:53:06 +0100] "GET /reload?ser=1606128785908 HTTP/1.1" 200 28 "http://renault.2web.at/account" "Mozilla/5.0 (Windows NT 10.0; Win64; x64) AppleWebKit/537.36 (KHTML, like Gecko) Chrome/86.0.4240.198 Safari/537.36"
88.116.10.164 - - [23/Nov/2020:11:53:20 +0100] "GET /reload?ser=1606128800327 HTTP/1.1" 200 28 "http://renault.activities.at/10201637?dir=DESC&mode=grid&order=name&limit=15&page=2" "Mozilla/5.0 (Windows NT 10.0; Win64; x64) AppleWebKit/537.36 (KHTML, like Gecko) Chrome/86.0.4240.198 Safari/537.36"
80.120.5.131 - - [23/Nov/2020:11:53:55 +0100] "GET /reload?ser=1606128835196 HTTP/1.1" 200 28 "http://renault.activities.at/result?searchterm=true&search=100%25" "Mozilla/5.0 (Windows NT 10.0; Win64; x64) AppleWebKit/537.36 (KHTML, like Gecko) Chrome/86.0.4240.198 Safari/537.36"
193.194.132.27 - - [23/Nov/2020:11:54:08 +0100] "GET /reload?ser=1606128847902 HTTP/1.1" 200 28 "http://renault.2web.at/account" "Mozilla/5.0 (Windows NT 10.0; Win64; x64) AppleWebKit/537.36 (KHTML, like Gecko) Chrome/86.0.4240.198 Safari/537.36"
88.116.10.164 - - [23/Nov/2020:11:54:21 +0100] "GET /reload?ser=1606128861329 HTTP/1.1" 200 28 "http://renault.activities.at/10201637?dir=DESC&mode=grid&order=name&limit=15&page=2" "Mozilla/5.0 (Windows NT 10.0; Win64; x64) AppleWebKit/537.36 (KHTML, like Gecko) Chrome/86.0.4240.198 Safari/537.36"
80.120.5.131 - - [23/Nov/2020:11:54:56 +0100] "GET /reload?ser=1606128896196 HTTP/1.1" 200 28 "http://renault.activities.at/result?searchterm=true&search=100%25" "Mozilla/5.0 (Windows NT 10.0; Win64; x64) AppleWebKit/537.36 (KHTML, like Gecko) Chrome/86.0.4240.198 Safari/537.36"
193.194.132.27 - - [23/Nov/2020:11:55:10 +0100] "GET /reload?ser=1606128909910 HTTP/1.1" 200 28 "http://renault.2web.at/account" "Mozilla/5.0 (Windows NT 10.0; Win64; x64) AppleWebKit/537.36 (KHTML, like Gecko) Chrome/86.0.4240.198 Safari/537.36"
88.117.232.26 - - [23/Nov/2020:11:55:13 +0100] "GET /login HTTP/1.1" 200 2085 "-" "Mozilla/5.0 (Windows NT 10.0; Win64; x64) AppleWebKit/537.36 (KHTML, like Gecko) Chrome/87.0.4280.66 Safari/537.36"
88.117.232.26 - - [23/Nov/2020:11:55:14 +0100] "GET /js/default.js HTTP/1.1" 200 14698 "http://renault.activities.at/login" "Mozilla/5.0 (Windows NT 10.0; Win64; x64) AppleWebKit/537.36 (KHTML, like Gecko) Chrome/87.0.4280.66 Safari/537.36"
88.117.232.26 - - [23/Nov/2020:11:55:14 +0100] "GET /css/reset.css HTTP/1.1" 200 1356 "http://renault.activities.at/login" "Mozilla/5.0 (Windows NT 10.0; Win64; x64) AppleWebKit/537.36 (KHTML, like Gecko) Chrome/87.0.4280.66 Safari/537.36"
88.117.232.26 - - [23/Nov/2020:11:55:14 +0100] "GET /css/clears.css HTTP/1.1" 200 851 "http://renault.activities.at/login" "Mozilla/5.0 (Windows NT 10.0; Win64; x64) AppleWebKit/537.36 (KHTML, like Gecko) Chrome/87.0.4280.66 Safari/537.36"
88.117.232.26 - - [23/Nov/2020:11:55:14 +0100] "GET /js/checkout.css HTTP/1.1" 200 359 "http://renault.activities.at/login" "Mozilla/5.0 (Windows NT 10.0; Win64; x64) AppleWebKit/537.36 (KHTML, like Gecko) Chrome/87.0.4280.66 Safari/537.36"
88.117.232.26 - - [23/Nov/2020:11:55:14 +0100] "GET /css/prototip.css HTTP/1.1" 200 968 "http://renault.activities.at/login" "Mozilla/5.0 (Windows NT 10.0; Win64; x64) AppleWebKit/537.36 (KHTML, like Gecko) Chrome/87.0.4280.66 Safari/537.36"
88.117.232.26 - - [23/Nov/2020:11:55:14 +0100] "GET /css/styles.css HTTP/1.1" 200 14664 "http://renault.activities.at/login" "Mozilla/5.0 (Windows NT 10.0; Win64; x64) AppleWebKit/537.36 (KHTML, like Gecko) Chrome/87.0.4280.66 Safari/537.36"
88.117.232.26 - - [23/Nov/2020:11:55:14 +0100] "GET /css/themes/default.css HTTP/1.1" 200 769 "http://renault.activities.at/login" "Mozilla/5.0 (Windows NT 10.0; Win64; x64) AppleWebKit/537.36 (KHTML, like Gecko) Chrome/87.0.4280.66 Safari/537.36"
88.117.232.26 - - [23/Nov/2020:11:55:14 +0100] "GET /css/themes/alphacube.css HTTP/1.1" 200 743 "http://renault.activities.at/login" "Mozilla/5.0 (Windows NT 10.0; Win64; x64) AppleWebKit/537.36 (KHTML, like Gecko) Chrome/87.0.4280.66 Safari/537.36"
88.117.232.26 - - [23/Nov/2020:11:55:14 +0100] "GET /js/index.php?c=auto&f=,prototype/prototype.js,prototype/validation.js,scriptaculous/builder.js,scriptaculous/effects.js,scriptaculous/dragdrop.js,scriptaculous/controls.js,scriptaculous/slider.js,varien/js.js,varien/form.js,varien/menu.js,mage/translate.js,mage/cookies.js,varien/product.js,spinner/SpinnerControl.jsmin.js,prototype/window.js,prototype/window_ext.js HTTP/1.1" 200 94182 "http://renault.activities.at/login" "Mozilla/5.0 (Windows NT 10.0; Win64; x64) AppleWebKit/537.36 (KHTML, like Gecko) Chrome/87.0.4280.66 Safari/537.36"
88.117.232.26 - - [23/Nov/2020:11:55:14 +0100] "GET /images/main_block_border.gif HTTP/1.1" 200 43 "http://renault.activities.at/css/styles.css" "Mozilla/5.0 (Windows NT 10.0; Win64; x64) AppleWebKit/537.36 (KHTML, like Gecko) Chrome/87.0.4280.66 Safari/537.36"
88.117.232.26 - - [23/Nov/2020:11:55:14 +0100] "GET /images/main_block_corner_left_bot.gif HTTP/1.1" 200 159 "http://renault.activities.at/css/styles.css" "Mozilla/5.0 (Windows NT 10.0; Win64; x64) AppleWebKit/537.36 (KHTML, like Gecko) Chrome/87.0.4280.66 Safari/537.36"
88.117.232.26 - - [23/Nov/2020:11:55:14 +0100] "GET /images/main_block_corner_right_bot.gif HTTP/1.1" 200 158 "http://renault.activities.at/css/styles.css" "Mozilla/5.0 (Windows NT 10.0; Win64; x64) AppleWebKit/537.36 (KHTML, like Gecko) Chrome/87.0.4280.66 Safari/537.36"
88.117.232.26 - - [23/Nov/2020:11:55:14 +0100] "GET /images/header_block_border.gif HTTP/1.1" 200 43 "http://renault.activities.at/css/styles.css" "Mozilla/5.0 (Windows NT 10.0; Win64; x64) AppleWebKit/537.36 (KHTML, like Gecko) Chrome/87.0.4280.66 Safari/537.36"
88.117.232.26 - - [23/Nov/2020:11:55:14 +0100] "GET /images/header_block_corner_left_top.gif HTTP/1.1" 200 160 "http://renault.activities.at/css/styles.css" "Mozilla/5.0 (Windows NT 10.0; Win64; x64) AppleWebKit/537.36 (KHTML, like Gecko) Chrome/87.0.4280.66 Safari/537.36"
88.117.232.26 - - [23/Nov/2020:11:55:14 +0100] "GET /css/print.css HTTP/1.1" 200 543 "http://renault.activities.at/login" "Mozilla/5.0 (Windows NT 10.0; Win64; x64) AppleWebKit/537.36 (KHTML, like Gecko) Chrome/87.0.4280.66 Safari/537.36"
88.117.232.26 - - [23/Nov/2020:11:55:14 +0100] "GET /images/title_corner_right_top.jpg HTTP/1.1" 200 389 "http://renault.activities.at/css/styles.css" "Mozilla/5.0 (Windows NT 10.0; Win64; x64) AppleWebKit/537.36 (KHTML, like Gecko) Chrome/87.0.4280.66 Safari/537.36"
88.117.232.26 - - [23/Nov/2020:11:55:14 +0100] "GET /images/main_block_corner_right_top.gif HTTP/1.1" 200 159 "http://renault.activities.at/css/styles.css" "Mozilla/5.0 (Windows NT 10.0; Win64; x64) AppleWebKit/537.36 (KHTML, like Gecko) Chrome/87.0.4280.66 Safari/537.36"
88.117.232.26 - - [23/Nov/2020:11:55:14 +0100] "GET /images/header_block_corner_right_top.gif HTTP/1.1" 200 160 "http://renault.activities.at/css/styles.css" "Mozilla/5.0 (Windows NT 10.0; Win64; x64) AppleWebKit/537.36 (KHTML, like Gecko) Chrome/87.0.4280.66 Safari/537.36"
88.117.232.26 - - [23/Nov/2020:11:55:14 +0100] "GET /images/title_corner_left_top.jpg HTTP/1.1" 200 372 "http://renault.activities.at/css/styles.css" "Mozilla/5.0 (Windows NT 10.0; Win64; x64) AppleWebKit/537.36 (KHTML, like Gecko) Chrome/87.0.4280.66 Safari/537.36"
88.117.232.26 - - [23/Nov/2020:11:55:14 +0100] "GET /images/button_left_bg.gif HTTP/1.1" 200 564 "http://renault.activities.at/css/styles.css" "Mozilla/5.0 (Windows NT 10.0; Win64; x64) AppleWebKit/537.36 (KHTML, like Gecko) Chrome/87.0.4280.66 Safari/537.36"
88.117.232.26 - - [23/Nov/2020:11:55:14 +0100] "GET /images/main_block_corner_left_top.gif HTTP/1.1" 200 159 "http://renault.activities.at/css/styles.css" "Mozilla/5.0 (Windows NT 10.0; Win64; x64) AppleWebKit/537.36 (KHTML, like Gecko) Chrome/87.0.4280.66 Safari/537.36"
88.117.232.26 - - [23/Nov/2020:11:55:14 +0100] "GET /images/title_border.jpg HTTP/1.1" 200 304 "http://renault.activities.at/css/styles.css" "Mozilla/5.0 (Windows NT 10.0; Win64; x64) AppleWebKit/537.36 (KHTML, like Gecko) Chrome/87.0.4280.66 Safari/537.36"
88.117.232.26 - - [23/Nov/2020:11:55:14 +0100] "GET /images/title_border_top.jpg HTTP/1.1" 200 336 "http://renault.activities.at/css/styles.css" "Mozilla/5.0 (Windows NT 10.0; Win64; x64) AppleWebKit/537.36 (KHTML, like Gecko) Chrome/87.0.4280.66 Safari/537.36"
88.117.232.26 - - [23/Nov/2020:11:55:14 +0100] "GET /images/button_right_bg.gif HTTP/1.1" 200 561 "http://renault.activities.at/css/styles.css" "Mozilla/5.0 (Windows NT 10.0; Win64; x64) AppleWebKit/537.36 (KHTML, like Gecko) Chrome/87.0.4280.66 Safari/537.36"
88.117.232.26 - - [23/Nov/2020:11:55:14 +0100] "GET /images/button_bg.gif HTTP/1.1" 200 151 "http://renault.activities.at/css/styles.css" "Mozilla/5.0 (Windows NT 10.0; Win64; x64) AppleWebKit/537.36 (KHTML, like Gecko) Chrome/87.0.4280.66 Safari/537.36"
88.117.232.26 - - [23/Nov/2020:11:55:14 +0100] "GET /loadthumbnail.php?id=11127982 HTTP/1.1" 200 399614 "http://renault.activities.at/login" "Mozilla/5.0 (Windows NT 10.0; Win64; x64) AppleWebKit/537.36 (KHTML, like Gecko) Chrome/87.0.4280.66 Safari/537.36"
88.117.232.26 - - [23/Nov/2020:11:55:15 +0100] "GET /images/favicon.ico HTTP/1.1" 404 305 "http://renault.activities.at/login" "Mozilla/5.0 (Windows NT 10.0; Win64; x64) AppleWebKit/537.36 (KHTML, like Gecko) Chrome/87.0.4280.66 Safari/537.36"
88.116.10.164 - - [23/Nov/2020:11:55:22 +0100] "GET /reload?ser=1606128922323 HTTP/1.1" 200 28 "http://renault.activities.at/10201637?dir=DESC&mode=grid&order=name&limit=15&page=2" "Mozilla/5.0 (Windows NT 10.0; Win64; x64) AppleWebKit/537.36 (KHTML, like Gecko) Chrome/86.0.4240.198 Safari/537.36"
88.117.232.26 - - [23/Nov/2020:11:55:45 +0100] "GET /login HTTP/1.1" 200 2085 "-" "Mozilla/5.0 (Windows NT 10.0; Win64; x64) AppleWebKit/537.36 (KHTML, like Gecko) Chrome/87.0.4280.66 Safari/537.36"
88.117.232.26 - - [23/Nov/2020:11:55:53 +0100] "POST /login HTTP/1.1" 302 140 "http://renault.activities.at/login" "Mozilla/5.0 (Windows NT 10.0; Win64; x64) AppleWebKit/537.36 (KHTML, like Gecko) Chrome/87.0.4280.66 Safari/537.36"
88.117.232.26 - - [23/Nov/2020:11:55:55 +0100] "GET /account HTTP/1.1" 200 5891 "http://renault.activities.at/login" "Mozilla/5.0 (Windows NT 10.0; Win64; x64) AppleWebKit/537.36 (KHTML, like Gecko) Chrome/87.0.4280.66 Safari/537.36"
88.117.232.26 - - [23/Nov/2020:11:55:57 +0100] "GET /js/account.js HTTP/1.1" 200 953 "http://renault.activities.at/account" "Mozilla/5.0 (Windows NT 10.0; Win64; x64) AppleWebKit/537.36 (KHTML, like Gecko) Chrome/87.0.4280.66 Safari/537.36"
88.117.232.26 - - [23/Nov/2020:11:55:57 +0100] "GET /images/top_links_divider.gif HTTP/1.1" 200 44 "http://renault.activities.at/css/styles.css" "Mozilla/5.0 (Windows NT 10.0; Win64; x64) AppleWebKit/537.36 (KHTML, like Gecko) Chrome/87.0.4280.66 Safari/537.36"
88.117.232.26 - - [23/Nov/2020:11:55:57 +0100] "GET /images/menu_button_bg.jpg HTTP/1.1" 200 322 "http://renault.activities.at/css/styles.css" "Mozilla/5.0 (Windows NT 10.0; Win64; x64) AppleWebKit/537.36 (KHTML, like Gecko) Chrome/87.0.4280.66 Safari/537.36"
88.117.232.26 - - [23/Nov/2020:11:55:57 +0100] "GET /images/nav_divider.gif HTTP/1.1" 200 43 "http://renault.activities.at/css/styles.css" "Mozilla/5.0 (Windows NT 10.0; Win64; x64) AppleWebKit/537.36 (KHTML, like Gecko) Chrome/87.0.4280.66 Safari/537.36"
88.117.232.26 - - [23/Nov/2020:11:55:57 +0100] "GET /images/menu_divider.gif HTTP/1.1" 200 176 "http://renault.activities.at/css/styles.css" "Mozilla/5.0 (Windows NT 10.0; Win64; x64) AppleWebKit/537.36 (KHTML, like Gecko) Chrome/87.0.4280.66 Safari/537.36"
88.117.232.26 - - [23/Nov/2020:11:55:57 +0100] "GET /images/search_bg.gif HTTP/1.1" 200 1726 "http://renault.activities.at/css/styles.css" "Mozilla/5.0 (Windows NT 10.0; Win64; x64) AppleWebKit/537.36 (KHTML, like Gecko) Chrome/87.0.4280.66 Safari/537.36"
88.117.232.26 - - [23/Nov/2020:11:55:57 +0100] "GET /images/sidebar_title_border.gif HTTP/1.1" 200 43 "http://renault.activities.at/css/styles.css" "Mozilla/5.0 (Windows NT 10.0; Win64; x64) AppleWebKit/537.36 (KHTML, like Gecko) Chrome/87.0.4280.66 Safari/537.36"
88.117.232.26 - - [23/Nov/2020:11:55:57 +0100] "GET /images/sidebar_title_corner_right_top.gif HTTP/1.1" 200 383 "http://renault.activities.at/css/styles.css" "Mozilla/5.0 (Windows NT 10.0; Win64; x64) AppleWebKit/537.36 (KHTML, like Gecko) Chrome/87.0.4280.66 Safari/537.36"
88.117.232.26 - - [23/Nov/2020:11:55:57 +0100] "GET /images/sidebar_title_corner_left_top.gif HTTP/1.1" 200 1124 "http://renault.activities.at/css/styles.css" "Mozilla/5.0 (Windows NT 10.0; Win64; x64) AppleWebKit/537.36 (KHTML, like Gecko) Chrome/87.0.4280.66 Safari/537.36"
88.117.232.26 - - [23/Nov/2020:11:55:57 +0100] "GET /images/sidebar_title_border_top.gif HTTP/1.1" 200 155 "http://renault.activities.at/css/styles.css" "Mozilla/5.0 (Windows NT 10.0; Win64; x64) AppleWebKit/537.36 (KHTML, like Gecko) Chrome/87.0.4280.66 Safari/537.36"
88.117.232.26 - - [23/Nov/2020:11:55:57 +0100] "GET /images/footer_divider.gif HTTP/1.1" 200 44 "http://renault.activities.at/css/styles.css" "Mozilla/5.0 (Windows NT 10.0; Win64; x64) AppleWebKit/537.36 (KHTML, like Gecko) Chrome/87.0.4280.66 Safari/537.36"
88.117.232.26 - - [23/Nov/2020:11:55:57 +0100] "GET /loadthumbnail.php?id=12309079&width=50&height=50 HTTP/1.1" 200 1141 "http://renault.activities.at/account" "Mozilla/5.0 (Windows NT 10.0; Win64; x64) AppleWebKit/537.36 (KHTML, like Gecko) Chrome/87.0.4280.66 Safari/537.36"
80.120.5.131 - - [23/Nov/2020:11:55:57 +0100] "GET /reload?ser=1606128957197 HTTP/1.1" 200 28 "http://renault.activities.at/result?searchterm=true&search=100%25" "Mozilla/5.0 (Windows NT 10.0; Win64; x64) AppleWebKit/537.36 (KHTML, like Gecko) Chrome/86.0.4240.198 Safari/537.36"
88.117.232.26 - - [23/Nov/2020:11:55:59 +0100] "GET /css/themes/alphacube/bottom_middle.gif HTTP/1.1" 200 44 "http://renault.activities.at/css/themes/alphacube.css" "Mozilla/5.0 (Windows NT 10.0; Win64; x64) AppleWebKit/537.36 (KHTML, like Gecko) Chrome/87.0.4280.66 Safari/537.36"
88.117.232.26 - - [23/Nov/2020:11:55:59 +0100] "GET /css/themes/alphacube/top_mid.gif HTTP/1.1" 200 833 "http://renault.activities.at/css/themes/alphacube.css" "Mozilla/5.0 (Windows NT 10.0; Win64; x64) AppleWebKit/537.36 (KHTML, like Gecko) Chrome/87.0.4280.66 Safari/537.36"
88.117.232.26 - - [23/Nov/2020:11:55:59 +0100] "GET /css/themes/alphacube/frame_right.gif HTTP/1.1" 200 64 "http://renault.activities.at/css/themes/alphacube.css" "Mozilla/5.0 (Windows NT 10.0; Win64; x64) AppleWebKit/537.36 (KHTML, like Gecko) Chrome/87.0.4280.66 Safari/537.36"
88.117.232.26 - - [23/Nov/2020:11:55:59 +0100] "GET /css/themes/alphacube/frame_left.gif HTTP/1.1" 200 64 "http://renault.activities.at/css/themes/alphacube.css" "Mozilla/5.0 (Windows NT 10.0; Win64; x64) AppleWebKit/537.36 (KHTML, like Gecko) Chrome/87.0.4280.66 Safari/537.36"
88.117.232.26 - - [23/Nov/2020:11:55:59 +0100] "GET /css/themes/alphacube/bottom_left-c.gif HTTP/1.1" 200 62 "http://renault.activities.at/css/themes/alphacube.css" "Mozilla/5.0 (Windows NT 10.0; Win64; x64) AppleWebKit/537.36 (KHTML, like Gecko) Chrome/87.0.4280.66 Safari/537.36"
88.117.232.26 - - [23/Nov/2020:11:55:59 +0100] "GET /css/themes/alphacube/bottom_right-c.gif HTTP/1.1" 200 62 "http://renault.activities.at/css/themes/alphacube.css" "Mozilla/5.0 (Windows NT 10.0; Win64; x64) AppleWebKit/537.36 (KHTML, like Gecko) Chrome/87.0.4280.66 Safari/537.36"
88.117.232.26 - - [23/Nov/2020:11:55:59 +0100] "GET /css/themes/alphacube/button-close-focus.gif HTTP/1.1" 200 699 "http://renault.activities.at/css/themes/alphacube.css" "Mozilla/5.0 (Windows NT 10.0; Win64; x64) AppleWebKit/537.36 (KHTML, like Gecko) Chrome/87.0.4280.66 Safari/537.36"
88.117.232.26 - - [23/Nov/2020:11:55:59 +0100] "GET /css/themes/alphacube/top_left.gif HTTP/1.1" 200 973 "http://renault.activities.at/css/themes/alphacube.css" "Mozilla/5.0 (Windows NT 10.0; Win64; x64) AppleWebKit/537.36 (KHTML, like Gecko) Chrome/87.0.4280.66 Safari/537.36"
88.117.232.26 - - [23/Nov/2020:11:55:59 +0100] "GET /css/themes/alphacube/top_right.gif HTTP/1.1" 200 972 "http://renault.activities.at/css/themes/alphacube.css" "Mozilla/5.0 (Windows NT 10.0; Win64; x64) AppleWebKit/537.36 (KHTML, like Gecko) Chrome/87.0.4280.66 Safari/537.36"
88.117.232.26 - - [23/Nov/2020:11:55:59 +0100] "GET /12306145?print=true HTTP/1.1" 200 2669 "http://renault.activities.at/account" "Mozilla/5.0 (Windows NT 10.0; Win64; x64) AppleWebKit/537.36 (KHTML, like Gecko) Chrome/87.0.4280.66 Safari/537.36"
88.117.232.26 - - [23/Nov/2020:11:56:01 +0100] "GET /js/magiczoom/magiczoom.css HTTP/1.1" 200 1210 "http://renault.activities.at/12306145?print=true" "Mozilla/5.0 (Windows NT 10.0; Win64; x64) AppleWebKit/537.36 (KHTML, like Gecko) Chrome/87.0.4280.66 Safari/537.36"
88.117.232.26 - - [23/Nov/2020:11:56:01 +0100] "GET /js/magiczoom/magiczoom.js HTTP/1.1" 200 26397 "http://renault.activities.at/12306145?print=true" "Mozilla/5.0 (Windows NT 10.0; Win64; x64) AppleWebKit/537.36 (KHTML, like Gecko) Chrome/87.0.4280.66 Safari/537.36"
88.117.232.26 - - [23/Nov/2020:11:56:01 +0100] "GET /js/Produkt.js HTTP/1.1" 200 852 "http://renault.activities.at/12306145?print=true" "Mozilla/5.0 (Windows NT 10.0; Win64; x64) AppleWebKit/537.36 (KHTML, like Gecko) Chrome/87.0.4280.66 Safari/537.36"
88.117.232.26 - - [23/Nov/2020:11:56:01 +0100] "GET /images/loading.gif HTTP/1.1" 200 3208 "http://renault.activities.at/12306145?print=true" "Mozilla/5.0 (Windows NT 10.0; Win64; x64) AppleWebKit/537.36 (KHTML, like Gecko) Chrome/87.0.4280.66 Safari/537.36"
88.117.232.26 - - [23/Nov/2020:11:56:01 +0100] "GET /images/vista-up.gif HTTP/1.1" 200 131 "http://renault.activities.at/css/styles.css" "Mozilla/5.0 (Windows NT 10.0; Win64; x64) AppleWebKit/537.36 (KHTML, like Gecko) Chrome/87.0.4280.66 Safari/537.36"
88.117.232.26 - - [23/Nov/2020:11:56:01 +0100] "GET /images/vista-dn.gif HTTP/1.1" 200 128 "http://renault.activities.at/css/styles.css" "Mozilla/5.0 (Windows NT 10.0; Win64; x64) AppleWebKit/537.36 (KHTML, like Gecko) Chrome/87.0.4280.66 Safari/537.36"
88.117.232.26 - - [23/Nov/2020:11:56:01 +0100] "GET /loadthumbnail.php?id=12309079&width=250 HTTP/1.1" 200 8155 "http://renault.activities.at/12306145?print=true" "Mozilla/5.0 (Windows NT 10.0; Win64; x64) AppleWebKit/537.36 (KHTML, like Gecko) Chrome/87.0.4280.66 Safari/537.36"
88.117.232.26 - - [23/Nov/2020:11:56:01 +0100] "GET /loadthumbnail.php?id=12309079&width=900&height=900 HTTP/1.1" 200 99068 "http://renault.activities.at/12306145?print=true" "Mozilla/5.0 (Windows NT 10.0; Win64; x64) AppleWebKit/537.36 (KHTML, like Gecko) Chrome/87.0.4280.66 Safari/537.36"
88.117.232.26 - - [23/Nov/2020:11:56:01 +0100] "GET /js/magiczoom/graphics/hint.gif HTTP/1.1" 200 73 "http://renault.activities.at/js/magiczoom/magiczoom.css" "Mozilla/5.0 (Windows NT 10.0; Win64; x64) AppleWebKit/537.36 (KHTML, like Gecko) Chrome/87.0.4280.66 Safari/537.36"
88.117.232.26 - - [23/Nov/2020:11:56:03 +0100] "GET /js/magiczoom/graphics/zoomin.cur HTTP/1.1" 200 326 "http://renault.activities.at/js/magiczoom/magiczoom.css" "Mozilla/5.0 (Windows NT 10.0; Win64; x64) AppleWebKit/537.36 (KHTML, like Gecko) Chrome/87.0.4280.66 Safari/537.36"
88.117.232.26 - - [23/Nov/2020:11:56:07 +0100] "GET /orders HTTP/1.1" 200 5196 "http://renault.activities.at/account" "Mozilla/5.0 (Windows NT 10.0; Win64; x64) AppleWebKit/537.36 (KHTML, like Gecko) Chrome/87.0.4280.66 Safari/537.36"
88.117.232.26 - - [23/Nov/2020:11:56:09 +0100] "GET /images/pager_bg.gif HTTP/1.1" 200 150 "http://renault.activities.at/css/styles.css" "Mozilla/5.0 (Windows NT 10.0; Win64; x64) AppleWebKit/537.36 (KHTML, like Gecko) Chrome/87.0.4280.66 Safari/537.36"
193.194.132.27 - - [23/Nov/2020:11:56:12 +0100] "GET /reload?ser=1606128971904 HTTP/1.1" 200 28 "http://renault.2web.at/account" "Mozilla/5.0 (Windows NT 10.0; Win64; x64) AppleWebKit/537.36 (KHTML, like Gecko) Chrome/86.0.4240.198 Safari/537.36"
88.117.232.26 - - [23/Nov/2020:11:56:16 +0100] "GET / HTTP/1.1" 200 6019 "http://renault.activities.at/orders" "Mozilla/5.0 (Windows NT 10.0; Win64; x64) AppleWebKit/537.36 (KHTML, like Gecko) Chrome/87.0.4280.66 Safari/537.36"
88.117.232.26 - - [23/Nov/2020:11:56:17 +0100] "GET /action HTTP/1.1" 200 3910 "http://renault.activities.at/orders" "Mozilla/5.0 (Windows NT 10.0; Win64; x64) AppleWebKit/537.36 (KHTML, like Gecko) Chrome/87.0.4280.66 Safari/537.36"
88.117.232.26 - - [23/Nov/2020:11:56:19 +0100] "GET /images/note_msg_icon.gif HTTP/1.1" 200 1022 "http://renault.activities.at/css/styles.css" "Mozilla/5.0 (Windows NT 10.0; Win64; x64) AppleWebKit/537.36 (KHTML, like Gecko) Chrome/87.0.4280.66 Safari/537.36"
