80.123.225.38 - - [04/Dec/2020:15:28:50 +0100] "GET /images/header_block_corner_left_top.gif HTTP/1.1" 304 - "http://renault.activities.at/account?loadrequest=true" "Mozilla/5.0 (Windows NT 10.0; WOW64; Trident/7.0; rv:11.0) like Gecko"
80.123.225.38 - - [04/Dec/2020:15:28:50 +0100] "GET /images/main_block_border.gif HTTP/1.1" 304 - "http://renault.activities.at/account?loadrequest=true" "Mozilla/5.0 (Windows NT 10.0; WOW64; Trident/7.0; rv:11.0) like Gecko"
80.123.225.38 - - [04/Dec/2020:15:28:50 +0100] "GET /images/header_block_corner_right_top.gif HTTP/1.1" 304 - "http://renault.activities.at/account?loadrequest=true" "Mozilla/5.0 (Windows NT 10.0; WOW64; Trident/7.0; rv:11.0) like Gecko"
80.123.225.38 - - [04/Dec/2020:15:28:50 +0100] "GET /images/header_block_border.gif HTTP/1.1" 304 - "http://renault.activities.at/account?loadrequest=true" "Mozilla/5.0 (Windows NT 10.0; WOW64; Trident/7.0; rv:11.0) like Gecko"
80.123.225.38 - - [04/Dec/2020:15:28:50 +0100] "GET /images/search_bg.gif HTTP/1.1" 200 1726 "http://renault.activities.at/account?loadrequest=true" "Mozilla/5.0 (Windows NT 10.0; WOW64; Trident/7.0; rv:11.0) like Gecko"
80.123.225.38 - - [04/Dec/2020:15:28:50 +0100] "GET /images/main_block_corner_left_top.gif HTTP/1.1" 304 - "http://renault.activities.at/account?loadrequest=true" "Mozilla/5.0 (Windows NT 10.0; WOW64; Trident/7.0; rv:11.0) like Gecko"
80.123.225.38 - - [04/Dec/2020:15:28:50 +0100] "GET /images/main_block_corner_left_bot.gif HTTP/1.1" 304 - "http://renault.activities.at/account?loadrequest=true" "Mozilla/5.0 (Windows NT 10.0; WOW64; Trident/7.0; rv:11.0) like Gecko"
80.123.225.38 - - [04/Dec/2020:15:28:50 +0100] "GET /images/main_block_corner_right_bot.gif HTTP/1.1" 304 - "http://renault.activities.at/account?loadrequest=true" "Mozilla/5.0 (Windows NT 10.0; WOW64; Trident/7.0; rv:11.0) like Gecko"
80.123.225.38 - - [04/Dec/2020:15:28:50 +0100] "GET /images/top_links_divider.gif HTTP/1.1" 200 44 "http://renault.activities.at/account?loadrequest=true" "Mozilla/5.0 (Windows NT 10.0; WOW64; Trident/7.0; rv:11.0) like Gecko"
80.123.225.38 - - [04/Dec/2020:15:28:50 +0100] "GET /images/main_block_corner_right_top.gif HTTP/1.1" 304 - "http://renault.activities.at/account?loadrequest=true" "Mozilla/5.0 (Windows NT 10.0; WOW64; Trident/7.0; rv:11.0) like Gecko"
80.123.225.38 - - [04/Dec/2020:15:28:50 +0100] "GET /loadthumbnail.php?id=12138224&width=50&height=50 HTTP/1.1" 200 1328 "http://renault.activities.at/account?loadrequest=true" "Mozilla/5.0 (Windows NT 10.0; WOW64; Trident/7.0; rv:11.0) like Gecko"
80.123.225.38 - - [04/Dec/2020:15:28:50 +0100] "GET /images/menu_button_bg.jpg HTTP/1.1" 200 322 "http://renault.activities.at/account?loadrequest=true" "Mozilla/5.0 (Windows NT 10.0; WOW64; Trident/7.0; rv:11.0) like Gecko"
80.123.225.38 - - [04/Dec/2020:15:28:50 +0100] "GET /images/nav_divider.gif HTTP/1.1" 200 43 "http://renault.activities.at/account?loadrequest=true" "Mozilla/5.0 (Windows NT 10.0; WOW64; Trident/7.0; rv:11.0) like Gecko"
80.123.225.38 - - [04/Dec/2020:15:28:50 +0100] "GET /images/menu_divider.gif HTTP/1.1" 200 176 "http://renault.activities.at/account?loadrequest=true" "Mozilla/5.0 (Windows NT 10.0; WOW64; Trident/7.0; rv:11.0) like Gecko"
80.123.225.38 - - [04/Dec/2020:15:28:50 +0100] "GET /images/button_left_bg.gif HTTP/1.1" 304 - "http://renault.activities.at/account?loadrequest=true" "Mozilla/5.0 (Windows NT 10.0; WOW64; Trident/7.0; rv:11.0) like Gecko"
80.123.225.38 - - [04/Dec/2020:15:28:50 +0100] "GET /images/sidebar_title_border_top.gif HTTP/1.1" 200 155 "http://renault.activities.at/account?loadrequest=true" "Mozilla/5.0 (Windows NT 10.0; WOW64; Trident/7.0; rv:11.0) like Gecko"
80.123.225.38 - - [04/Dec/2020:15:28:50 +0100] "GET /images/sidebar_title_border.gif HTTP/1.1" 200 43 "http://renault.activities.at/account?loadrequest=true" "Mozilla/5.0 (Windows NT 10.0; WOW64; Trident/7.0; rv:11.0) like Gecko"
80.123.225.38 - - [04/Dec/2020:15:28:50 +0100] "GET /images/sidebar_title_corner_left_top.gif HTTP/1.1" 200 1124 "http://renault.activities.at/account?loadrequest=true" "Mozilla/5.0 (Windows NT 10.0; WOW64; Trident/7.0; rv:11.0) like Gecko"
80.123.225.38 - - [04/Dec/2020:15:28:50 +0100] "GET /images/button_right_bg.gif HTTP/1.1" 304 - "http://renault.activities.at/account?loadrequest=true" "Mozilla/5.0 (Windows NT 10.0; WOW64; Trident/7.0; rv:11.0) like Gecko"
80.123.225.38 - - [04/Dec/2020:15:28:50 +0100] "GET /images/button_bg.gif HTTP/1.1" 304 - "http://renault.activities.at/account?loadrequest=true" "Mozilla/5.0 (Windows NT 10.0; WOW64; Trident/7.0; rv:11.0) like Gecko"
80.123.225.38 - - [04/Dec/2020:15:28:50 +0100] "GET /images/sidebar_title_corner_right_top.gif HTTP/1.1" 200 383 "http://renault.activities.at/account?loadrequest=true" "Mozilla/5.0 (Windows NT 10.0; WOW64; Trident/7.0; rv:11.0) like Gecko"
80.123.225.38 - - [04/Dec/2020:15:28:50 +0100] "GET /images/title_border.jpg HTTP/1.1" 304 - "http://renault.activities.at/account?loadrequest=true" "Mozilla/5.0 (Windows NT 10.0; WOW64; Trident/7.0; rv:11.0) like Gecko"
80.123.225.38 - - [04/Dec/2020:15:28:50 +0100] "GET /images/title_border_top.jpg HTTP/1.1" 304 - "http://renault.activities.at/account?loadrequest=true" "Mozilla/5.0 (Windows NT 10.0; WOW64; Trident/7.0; rv:11.0) like Gecko"
80.123.225.38 - - [04/Dec/2020:15:28:50 +0100] "GET /images/title_corner_left_top.jpg HTTP/1.1" 304 - "http://renault.activities.at/account?loadrequest=true" "Mozilla/5.0 (Windows NT 10.0; WOW64; Trident/7.0; rv:11.0) like Gecko"
80.123.225.38 - - [04/Dec/2020:15:28:50 +0100] "GET /images/title_corner_right_top.jpg HTTP/1.1" 304 - "http://renault.activities.at/account?loadrequest=true" "Mozilla/5.0 (Windows NT 10.0; WOW64; Trident/7.0; rv:11.0) like Gecko"
80.123.225.38 - - [04/Dec/2020:15:28:50 +0100] "GET /images/footer_divider.gif HTTP/1.1" 200 44 "http://renault.activities.at/account?loadrequest=true" "Mozilla/5.0 (Windows NT 10.0; WOW64; Trident/7.0; rv:11.0) like Gecko"
81.189.133.90 - - [04/Dec/2020:15:29:00 +0100] "GET /reload?ser=1607092140732 HTTP/1.1" 200 28 "http://renault.activities.at/logout" "Mozilla/5.0 (Windows NT 10.0; WOW64; Trident/7.0; rv:11.0) like Gecko"
80.123.225.38 - - [04/Dec/2020:15:28:59 +0100] "GET /result?searchterm=true&search=duster+zubeh%F6r HTTP/1.1" 200 6247 "http://renault.activities.at/account?loadrequest=true" "Mozilla/5.0 (Windows NT 10.0; WOW64; Trident/7.0; rv:11.0) like Gecko"
80.123.225.38 - - [04/Dec/2020:15:29:01 +0100] "GET /js/prototip.js HTTP/1.1" 200 4588 "http://renault.activities.at/result?searchterm=true&search=duster+zubeh%F6r" "Mozilla/5.0 (Windows NT 10.0; WOW64; Trident/7.0; rv:11.0) like Gecko"
80.123.225.38 - - [04/Dec/2020:15:29:01 +0100] "GET /css/reset.css HTTP/1.1" 304 - "http://renault.activities.at/result?searchterm=true&search=duster+zubeh%F6r" "Mozilla/5.0 (Windows NT 10.0; WOW64; Trident/7.0; rv:11.0) like Gecko"
80.123.225.38 - - [04/Dec/2020:15:29:01 +0100] "GET /js/default.js HTTP/1.1" 304 - "http://renault.activities.at/result?searchterm=true&search=duster+zubeh%F6r" "Mozilla/5.0 (Windows NT 10.0; WOW64; Trident/7.0; rv:11.0) like Gecko"
80.123.225.38 - - [04/Dec/2020:15:29:01 +0100] "GET /css/styles.css HTTP/1.1" 304 - "http://renault.activities.at/result?searchterm=true&search=duster+zubeh%F6r" "Mozilla/5.0 (Windows NT 10.0; WOW64; Trident/7.0; rv:11.0) like Gecko"
80.123.225.38 - - [04/Dec/2020:15:29:01 +0100] "GET /css/clears.css HTTP/1.1" 304 - "http://renault.activities.at/result?searchterm=true&search=duster+zubeh%F6r" "Mozilla/5.0 (Windows NT 10.0; WOW64; Trident/7.0; rv:11.0) like Gecko"
80.123.225.38 - - [04/Dec/2020:15:29:01 +0100] "GET /js/checkout.css HTTP/1.1" 304 - "http://renault.activities.at/result?searchterm=true&search=duster+zubeh%F6r" "Mozilla/5.0 (Windows NT 10.0; WOW64; Trident/7.0; rv:11.0) like Gecko"
80.123.225.38 - - [04/Dec/2020:15:29:01 +0100] "GET /css/print.css HTTP/1.1" 304 - "http://renault.activities.at/result?searchterm=true&search=duster+zubeh%F6r" "Mozilla/5.0 (Windows NT 10.0; WOW64; Trident/7.0; rv:11.0) like Gecko"
80.123.225.38 - - [04/Dec/2020:15:29:01 +0100] "GET /css/themes/default.css HTTP/1.1" 304 - "http://renault.activities.at/result?searchterm=true&search=duster+zubeh%F6r" "Mozilla/5.0 (Windows NT 10.0; WOW64; Trident/7.0; rv:11.0) like Gecko"
80.123.225.38 - - [04/Dec/2020:15:29:01 +0100] "GET /css/themes/alphacube.css HTTP/1.1" 304 - "http://renault.activities.at/result?searchterm=true&search=duster+zubeh%F6r" "Mozilla/5.0 (Windows NT 10.0; WOW64; Trident/7.0; rv:11.0) like Gecko"
80.123.225.38 - - [04/Dec/2020:15:29:01 +0100] "GET /css/prototip.css HTTP/1.1" 304 - "http://renault.activities.at/result?searchterm=true&search=duster+zubeh%F6r" "Mozilla/5.0 (Windows NT 10.0; WOW64; Trident/7.0; rv:11.0) like Gecko"
80.123.225.38 - - [04/Dec/2020:15:29:01 +0100] "GET /js/ProduktGrp.js HTTP/1.1" 200 1569 "http://renault.activities.at/result?searchterm=true&search=duster+zubeh%F6r" "Mozilla/5.0 (Windows NT 10.0; WOW64; Trident/7.0; rv:11.0) like Gecko"
80.123.225.38 - - [04/Dec/2020:15:29:01 +0100] "GET /images/loading.gif HTTP/1.1" 200 3208 "http://renault.activities.at/result?searchterm=true&search=duster+zubeh%F6r" "Mozilla/5.0 (Windows NT 10.0; WOW64; Trident/7.0; rv:11.0) like Gecko"
80.123.225.38 - - [04/Dec/2020:15:29:02 +0100] "GET /images/header_block_corner_right_top.gif HTTP/1.1" 304 - "http://renault.activities.at/result?searchterm=true&search=duster+zubeh%F6r" "Mozilla/5.0 (Windows NT 10.0; WOW64; Trident/7.0; rv:11.0) like Gecko"
80.123.225.38 - - [04/Dec/2020:15:29:02 +0100] "GET /images/header_block_border.gif HTTP/1.1" 304 - "http://renault.activities.at/result?searchterm=true&search=duster+zubeh%F6r" "Mozilla/5.0 (Windows NT 10.0; WOW64; Trident/7.0; rv:11.0) like Gecko"
80.123.225.38 - - [04/Dec/2020:15:29:02 +0100] "GET /images/search_bg.gif HTTP/1.1" 304 - "http://renault.activities.at/result?searchterm=true&search=duster+zubeh%F6r" "Mozilla/5.0 (Windows NT 10.0; WOW64; Trident/7.0; rv:11.0) like Gecko"
80.123.225.38 - - [04/Dec/2020:15:29:02 +0100] "GET /images/main_block_border.gif HTTP/1.1" 304 - "http://renault.activities.at/result?searchterm=true&search=duster+zubeh%F6r" "Mozilla/5.0 (Windows NT 10.0; WOW64; Trident/7.0; rv:11.0) like Gecko"
80.123.225.38 - - [04/Dec/2020:15:29:01 +0100] "GET /loadthumbnail.php?id=10203255 HTTP/1.1" 200 137 "http://renault.activities.at/result?searchterm=true&search=duster+zubeh%F6r" "Mozilla/5.0 (Windows NT 10.0; WOW64; Trident/7.0; rv:11.0) like Gecko"
80.123.225.38 - - [04/Dec/2020:15:29:02 +0100] "GET /images/main_block_corner_left_top.gif HTTP/1.1" 304 - "http://renault.activities.at/result?searchterm=true&search=duster+zubeh%F6r" "Mozilla/5.0 (Windows NT 10.0; WOW64; Trident/7.0; rv:11.0) like Gecko"
80.123.225.38 - - [04/Dec/2020:15:29:01 +0100] "GET /loadthumbnail.php?id=12174323&width=113 HTTP/1.1" 200 6446 "http://renault.activities.at/result?searchterm=true&search=duster+zubeh%F6r" "Mozilla/5.0 (Windows NT 10.0; WOW64; Trident/7.0; rv:11.0) like Gecko"
80.123.225.38 - - [04/Dec/2020:15:29:02 +0100] "GET /images/main_block_corner_right_top.gif HTTP/1.1" 304 - "http://renault.activities.at/result?searchterm=true&search=duster+zubeh%F6r" "Mozilla/5.0 (Windows NT 10.0; WOW64; Trident/7.0; rv:11.0) like Gecko"
80.123.225.38 - - [04/Dec/2020:15:29:01 +0100] "GET /loadthumbnail.php?id=12310511&width=113 HTTP/1.1" 200 2831 "http://renault.activities.at/result?searchterm=true&search=duster+zubeh%F6r" "Mozilla/5.0 (Windows NT 10.0; WOW64; Trident/7.0; rv:11.0) like Gecko"
80.123.225.38 - - [04/Dec/2020:15:29:02 +0100] "GET /images/main_block_corner_left_bot.gif HTTP/1.1" 304 - "http://renault.activities.at/result?searchterm=true&search=duster+zubeh%F6r" "Mozilla/5.0 (Windows NT 10.0; WOW64; Trident/7.0; rv:11.0) like Gecko"
80.123.225.38 - - [04/Dec/2020:15:29:02 +0100] "GET /loadthumbnail.php?id=12064393&width=113 HTTP/1.1" 200 2870 "http://renault.activities.at/result?searchterm=true&search=duster+zubeh%F6r" "Mozilla/5.0 (Windows NT 10.0; WOW64; Trident/7.0; rv:11.0) like Gecko"
80.123.225.38 - - [04/Dec/2020:15:29:02 +0100] "GET /images/main_block_corner_right_bot.gif HTTP/1.1" 304 - "http://renault.activities.at/result?searchterm=true&search=duster+zubeh%F6r" "Mozilla/5.0 (Windows NT 10.0; WOW64; Trident/7.0; rv:11.0) like Gecko"
80.123.225.38 - - [04/Dec/2020:15:29:02 +0100] "GET /images/validation_advice_bg.gif HTTP/1.1" 200 134 "http://renault.activities.at/result?searchterm=true&search=duster+zubeh%F6r" "Mozilla/5.0 (Windows NT 10.0; WOW64; Trident/7.0; rv:11.0) like Gecko"
80.123.225.38 - - [04/Dec/2020:15:29:02 +0100] "GET /images/footer_divider.gif HTTP/1.1" 304 - "http://renault.activities.at/result?searchterm=true&search=duster+zubeh%F6r" "Mozilla/5.0 (Windows NT 10.0; WOW64; Trident/7.0; rv:11.0) like Gecko"
80.123.225.38 - - [04/Dec/2020:15:29:02 +0100] "GET /images/vista-up.gif HTTP/1.1" 200 131 "http://renault.activities.at/result?searchterm=true&search=duster+zubeh%F6r" "Mozilla/5.0 (Windows NT 10.0; WOW64; Trident/7.0; rv:11.0) like Gecko"
80.123.225.38 - - [04/Dec/2020:15:29:02 +0100] "GET /images/header_block_corner_left_top.gif HTTP/1.1" 304 - "http://renault.activities.at/result?searchterm=true&search=duster+zubeh%F6r" "Mozilla/5.0 (Windows NT 10.0; WOW64; Trident/7.0; rv:11.0) like Gecko"
80.123.225.38 - - [04/Dec/2020:15:29:02 +0100] "GET /images/title_corner_left_top.jpg HTTP/1.1" 304 - "http://renault.activities.at/result?searchterm=true&search=duster+zubeh%F6r" "Mozilla/5.0 (Windows NT 10.0; WOW64; Trident/7.0; rv:11.0) like Gecko"
80.123.225.38 - - [04/Dec/2020:15:29:02 +0100] "GET /images/vista-dn.gif HTTP/1.1" 200 128 "http://renault.activities.at/result?searchterm=true&search=duster+zubeh%F6r" "Mozilla/5.0 (Windows NT 10.0; WOW64; Trident/7.0; rv:11.0) like Gecko"
80.123.225.38 - - [04/Dec/2020:15:29:02 +0100] "GET /images/title_corner_right_top.jpg HTTP/1.1" 304 - "http://renault.activities.at/result?searchterm=true&search=duster+zubeh%F6r" "Mozilla/5.0 (Windows NT 10.0; WOW64; Trident/7.0; rv:11.0) like Gecko"
80.123.225.38 - - [04/Dec/2020:15:29:02 +0100] "GET /images/pager_bg.gif HTTP/1.1" 200 150 "http://renault.activities.at/result?searchterm=true&search=duster+zubeh%F6r" "Mozilla/5.0 (Windows NT 10.0; WOW64; Trident/7.0; rv:11.0) like Gecko"
80.123.225.38 - - [04/Dec/2020:15:29:02 +0100] "GET /images/title_border_top.jpg HTTP/1.1" 304 - "http://renault.activities.at/result?searchterm=true&search=duster+zubeh%F6r" "Mozilla/5.0 (Windows NT 10.0; WOW64; Trident/7.0; rv:11.0) like Gecko"
80.123.225.38 - - [04/Dec/2020:15:29:02 +0100] "GET /images/title_border.jpg HTTP/1.1" 304 - "http://renault.activities.at/result?searchterm=true&search=duster+zubeh%F6r" "Mozilla/5.0 (Windows NT 10.0; WOW64; Trident/7.0; rv:11.0) like Gecko"
80.123.225.38 - - [04/Dec/2020:15:29:02 +0100] "GET /images/sidebar_title_corner_right_top.gif HTTP/1.1" 304 - "http://renault.activities.at/result?searchterm=true&search=duster+zubeh%F6r" "Mozilla/5.0 (Windows NT 10.0; WOW64; Trident/7.0; rv:11.0) like Gecko"
80.123.225.38 - - [04/Dec/2020:15:29:02 +0100] "GET /images/button_right_bg.gif HTTP/1.1" 304 - "http://renault.activities.at/result?searchterm=true&search=duster+zubeh%F6r" "Mozilla/5.0 (Windows NT 10.0; WOW64; Trident/7.0; rv:11.0) like Gecko"
80.123.225.38 - - [04/Dec/2020:15:29:02 +0100] "GET /images/menu_button_bg.jpg HTTP/1.1" 304 - "http://renault.activities.at/result?searchterm=true&search=duster+zubeh%F6r" "Mozilla/5.0 (Windows NT 10.0; WOW64; Trident/7.0; rv:11.0) like Gecko"
80.123.225.38 - - [04/Dec/2020:15:29:02 +0100] "GET /images/button_left_bg.gif HTTP/1.1" 304 - "http://renault.activities.at/result?searchterm=true&search=duster+zubeh%F6r" "Mozilla/5.0 (Windows NT 10.0; WOW64; Trident/7.0; rv:11.0) like Gecko"
80.123.225.38 - - [04/Dec/2020:15:29:02 +0100] "GET /images/button_bg.gif HTTP/1.1" 304 - "http://renault.activities.at/result?searchterm=true&search=duster+zubeh%F6r" "Mozilla/5.0 (Windows NT 10.0; WOW64; Trident/7.0; rv:11.0) like Gecko"
80.123.225.38 - - [04/Dec/2020:15:29:02 +0100] "GET /images/sidebar_title_border_top.gif HTTP/1.1" 304 - "http://renault.activities.at/result?searchterm=true&search=duster+zubeh%F6r" "Mozilla/5.0 (Windows NT 10.0; WOW64; Trident/7.0; rv:11.0) like Gecko"
80.123.225.38 - - [04/Dec/2020:15:29:02 +0100] "GET /images/sidebar_title_corner_left_top.gif HTTP/1.1" 304 - "http://renault.activities.at/result?searchterm=true&search=duster+zubeh%F6r" "Mozilla/5.0 (Windows NT 10.0; WOW64; Trident/7.0; rv:11.0) like Gecko"
80.123.225.38 - - [04/Dec/2020:15:29:02 +0100] "GET /images/nav_divider.gif HTTP/1.1" 304 - "http://renault.activities.at/result?searchterm=true&search=duster+zubeh%F6r" "Mozilla/5.0 (Windows NT 10.0; WOW64; Trident/7.0; rv:11.0) like Gecko"
80.123.225.38 - - [04/Dec/2020:15:29:02 +0100] "GET /images/menu_divider.gif HTTP/1.1" 304 - "http://renault.activities.at/result?searchterm=true&search=duster+zubeh%F6r" "Mozilla/5.0 (Windows NT 10.0; WOW64; Trident/7.0; rv:11.0) like Gecko"
80.123.225.38 - - [04/Dec/2020:15:29:02 +0100] "GET /images/sidebar_title_border.gif HTTP/1.1" 304 - "http://renault.activities.at/result?searchterm=true&search=duster+zubeh%F6r" "Mozilla/5.0 (Windows NT 10.0; WOW64; Trident/7.0; rv:11.0) like Gecko"
80.123.225.38 - - [04/Dec/2020:15:29:02 +0100] "GET /images/top_links_divider.gif HTTP/1.1" 304 - "http://renault.activities.at/result?searchterm=true&search=duster+zubeh%F6r" "Mozilla/5.0 (Windows NT 10.0; WOW64; Trident/7.0; rv:11.0) like Gecko"
80.123.225.38 - - [04/Dec/2020:15:29:00 +0100] "POST /axjaxrequest?mode=suggest HTTP/1.1" 200 21 "http://renault.activities.at/account?loadrequest=true" "Mozilla/5.0 (Windows NT 10.0; WOW64; Trident/7.0; rv:11.0) like Gecko"
81.189.133.90 - - [04/Dec/2020:15:30:01 +0100] "GET /reload?ser=1607092201399 HTTP/1.1" 200 28 "http://renault.activities.at/logout" "Mozilla/5.0 (Windows NT 10.0; WOW64; Trident/7.0; rv:11.0) like Gecko"
80.123.225.38 - - [04/Dec/2020:15:30:02 +0100] "GET /reload?ser=1607092203088 HTTP/1.1" 200 28 "http://renault.activities.at/result?searchterm=true&search=duster+zubeh%F6r" "Mozilla/5.0 (Windows NT 10.0; WOW64; Trident/7.0; rv:11.0) like Gecko"
81.189.133.90 - - [04/Dec/2020:15:31:02 +0100] "GET /reload?ser=1607092262063 HTTP/1.1" 200 28 "http://renault.activities.at/logout" "Mozilla/5.0 (Windows NT 10.0; WOW64; Trident/7.0; rv:11.0) like Gecko"
80.123.225.38 - - [04/Dec/2020:15:31:03 +0100] "GET /reload?ser=1607092264069 HTTP/1.1" 200 28 "http://renault.activities.at/result?searchterm=true&search=duster+zubeh%F6r" "Mozilla/5.0 (Windows NT 10.0; WOW64; Trident/7.0; rv:11.0) like Gecko"
81.189.133.90 - - [04/Dec/2020:15:32:02 +0100] "GET /reload?ser=1607092322756 HTTP/1.1" 200 28 "http://renault.activities.at/logout" "Mozilla/5.0 (Windows NT 10.0; WOW64; Trident/7.0; rv:11.0) like Gecko"
80.123.225.38 - - [04/Dec/2020:15:32:04 +0100] "GET /reload?ser=1607092325074 HTTP/1.1" 200 28 "http://renault.activities.at/result?searchterm=true&search=duster+zubeh%F6r" "Mozilla/5.0 (Windows NT 10.0; WOW64; Trident/7.0; rv:11.0) like Gecko"
81.189.133.90 - - [04/Dec/2020:15:33:03 +0100] "GET /reload?ser=1607092383435 HTTP/1.1" 200 28 "http://renault.activities.at/logout" "Mozilla/5.0 (Windows NT 10.0; WOW64; Trident/7.0; rv:11.0) like Gecko"
80.123.225.38 - - [04/Dec/2020:15:33:05 +0100] "GET /reload?ser=1607092386076 HTTP/1.1" 200 28 "http://renault.activities.at/result?searchterm=true&search=duster+zubeh%F6r" "Mozilla/5.0 (Windows NT 10.0; WOW64; Trident/7.0; rv:11.0) like Gecko"
81.189.133.90 - - [04/Dec/2020:15:34:04 +0100] "GET /reload?ser=1607092444066 HTTP/1.1" 200 28 "http://renault.activities.at/logout" "Mozilla/5.0 (Windows NT 10.0; WOW64; Trident/7.0; rv:11.0) like Gecko"
80.123.225.38 - - [04/Dec/2020:15:34:06 +0100] "GET /reload?ser=1607092447054 HTTP/1.1" 200 28 "http://renault.activities.at/result?searchterm=true&search=duster+zubeh%F6r" "Mozilla/5.0 (Windows NT 10.0; WOW64; Trident/7.0; rv:11.0) like Gecko"
81.189.133.90 - - [04/Dec/2020:15:35:04 +0100] "GET /reload?ser=1607092504770 HTTP/1.1" 200 28 "http://renault.activities.at/logout" "Mozilla/5.0 (Windows NT 10.0; WOW64; Trident/7.0; rv:11.0) like Gecko"
80.123.225.38 - - [04/Dec/2020:15:35:07 +0100] "GET /reload?ser=1607092508054 HTTP/1.1" 200 28 "http://renault.activities.at/result?searchterm=true&search=duster+zubeh%F6r" "Mozilla/5.0 (Windows NT 10.0; WOW64; Trident/7.0; rv:11.0) like Gecko"
81.189.133.90 - - [04/Dec/2020:15:36:05 +0100] "GET /reload?ser=1607092565421 HTTP/1.1" 200 28 "http://renault.activities.at/logout" "Mozilla/5.0 (Windows NT 10.0; WOW64; Trident/7.0; rv:11.0) like Gecko"
80.123.225.38 - - [04/Dec/2020:15:36:08 +0100] "GET /reload?ser=1607092569045 HTTP/1.1" 200 28 "http://renault.activities.at/result?searchterm=true&search=duster+zubeh%F6r" "Mozilla/5.0 (Windows NT 10.0; WOW64; Trident/7.0; rv:11.0) like Gecko"
81.189.133.90 - - [04/Dec/2020:15:37:06 +0100] "GET /reload?ser=1607092626132 HTTP/1.1" 200 28 "http://renault.activities.at/logout" "Mozilla/5.0 (Windows NT 10.0; WOW64; Trident/7.0; rv:11.0) like Gecko"
80.123.225.38 - - [04/Dec/2020:15:37:09 +0100] "GET /reload?ser=1607092630129 HTTP/1.1" 200 28 "http://renault.activities.at/result?searchterm=true&search=duster+zubeh%F6r" "Mozilla/5.0 (Windows NT 10.0; WOW64; Trident/7.0; rv:11.0) like Gecko"
81.189.133.90 - - [04/Dec/2020:15:38:06 +0100] "GET /reload?ser=1607092686829 HTTP/1.1" 200 28 "http://renault.activities.at/logout" "Mozilla/5.0 (Windows NT 10.0; WOW64; Trident/7.0; rv:11.0) like Gecko"
80.123.225.38 - - [04/Dec/2020:15:38:10 +0100] "GET /reload?ser=1607092691256 HTTP/1.1" 200 28 "http://renault.activities.at/result?searchterm=true&search=duster+zubeh%F6r" "Mozilla/5.0 (Windows NT 10.0; WOW64; Trident/7.0; rv:11.0) like Gecko"
81.189.133.90 - - [04/Dec/2020:15:39:07 +0100] "GET /reload?ser=1607092747494 HTTP/1.1" 200 28 "http://renault.activities.at/logout" "Mozilla/5.0 (Windows NT 10.0; WOW64; Trident/7.0; rv:11.0) like Gecko"
80.123.225.38 - - [04/Dec/2020:15:39:11 +0100] "GET /reload?ser=1607092752280 HTTP/1.1" 200 28 "http://renault.activities.at/result?searchterm=true&search=duster+zubeh%F6r" "Mozilla/5.0 (Windows NT 10.0; WOW64; Trident/7.0; rv:11.0) like Gecko"
81.189.133.90 - - [04/Dec/2020:15:40:08 +0100] "GET /reload?ser=1607092808130 HTTP/1.1" 200 28 "http://renault.activities.at/logout" "Mozilla/5.0 (Windows NT 10.0; WOW64; Trident/7.0; rv:11.0) like Gecko"
80.123.225.38 - - [04/Dec/2020:15:40:12 +0100] "GET /reload?ser=1607092813309 HTTP/1.1" 200 28 "http://renault.activities.at/result?searchterm=true&search=duster+zubeh%F6r" "Mozilla/5.0 (Windows NT 10.0; WOW64; Trident/7.0; rv:11.0) like Gecko"
81.189.133.90 - - [04/Dec/2020:15:41:08 +0100] "GET /reload?ser=1607092868775 HTTP/1.1" 200 28 "http://renault.activities.at/logout" "Mozilla/5.0 (Windows NT 10.0; WOW64; Trident/7.0; rv:11.0) like Gecko"
80.123.225.38 - - [04/Dec/2020:15:41:13 +0100] "GET /reload?ser=1607092874308 HTTP/1.1" 200 28 "http://renault.activities.at/result?searchterm=true&search=duster+zubeh%F6r" "Mozilla/5.0 (Windows NT 10.0; WOW64; Trident/7.0; rv:11.0) like Gecko"
81.189.133.90 - - [04/Dec/2020:15:42:09 +0100] "GET /reload?ser=1607092929435 HTTP/1.1" 200 28 "http://renault.activities.at/logout" "Mozilla/5.0 (Windows NT 10.0; WOW64; Trident/7.0; rv:11.0) like Gecko"
80.123.225.38 - - [04/Dec/2020:15:42:14 +0100] "GET /reload?ser=1607092935322 HTTP/1.1" 200 28 "http://renault.activities.at/result?searchterm=true&search=duster+zubeh%F6r" "Mozilla/5.0 (Windows NT 10.0; WOW64; Trident/7.0; rv:11.0) like Gecko"
81.189.133.90 - - [04/Dec/2020:15:43:10 +0100] "GET /reload?ser=1607092990076 HTTP/1.1" 200 28 "http://renault.activities.at/logout" "Mozilla/5.0 (Windows NT 10.0; WOW64; Trident/7.0; rv:11.0) like Gecko"
80.123.225.38 - - [04/Dec/2020:15:43:15 +0100] "GET /reload?ser=1607092996317 HTTP/1.1" 200 28 "http://renault.activities.at/result?searchterm=true&search=duster+zubeh%F6r" "Mozilla/5.0 (Windows NT 10.0; WOW64; Trident/7.0; rv:11.0) like Gecko"
81.189.133.90 - - [04/Dec/2020:15:44:10 +0100] "GET /reload?ser=1607093050726 HTTP/1.1" 200 28 "http://renault.activities.at/logout" "Mozilla/5.0 (Windows NT 10.0; WOW64; Trident/7.0; rv:11.0) like Gecko"
80.123.225.38 - - [04/Dec/2020:15:44:16 +0100] "GET /reload?ser=1607093057308 HTTP/1.1" 200 28 "http://renault.activities.at/result?searchterm=true&search=duster+zubeh%F6r" "Mozilla/5.0 (Windows NT 10.0; WOW64; Trident/7.0; rv:11.0) like Gecko"
81.189.133.90 - - [04/Dec/2020:15:45:11 +0100] "GET /reload?ser=1607093111409 HTTP/1.1" 200 28 "http://renault.activities.at/logout" "Mozilla/5.0 (Windows NT 10.0; WOW64; Trident/7.0; rv:11.0) like Gecko"
80.123.225.38 - - [04/Dec/2020:15:45:17 +0100] "GET /reload?ser=1607093118289 HTTP/1.1" 200 28 "http://renault.activities.at/result?searchterm=true&search=duster+zubeh%F6r" "Mozilla/5.0 (Windows NT 10.0; WOW64; Trident/7.0; rv:11.0) like Gecko"
81.189.133.90 - - [04/Dec/2020:15:46:12 +0100] "GET /reload?ser=1607093172041 HTTP/1.1" 200 28 "http://renault.activities.at/logout" "Mozilla/5.0 (Windows NT 10.0; WOW64; Trident/7.0; rv:11.0) like Gecko"
80.123.225.38 - - [04/Dec/2020:15:46:18 +0100] "GET /reload?ser=1607093179292 HTTP/1.1" 200 28 "http://renault.activities.at/result?searchterm=true&search=duster+zubeh%F6r" "Mozilla/5.0 (Windows NT 10.0; WOW64; Trident/7.0; rv:11.0) like Gecko"
81.189.133.90 - - [04/Dec/2020:15:47:12 +0100] "GET /reload?ser=1607093232723 HTTP/1.1" 200 28 "http://renault.activities.at/logout" "Mozilla/5.0 (Windows NT 10.0; WOW64; Trident/7.0; rv:11.0) like Gecko"
80.123.225.38 - - [04/Dec/2020:15:47:19 +0100] "GET /reload?ser=1607093240302 HTTP/1.1" 200 28 "http://renault.activities.at/result?searchterm=true&search=duster+zubeh%F6r" "Mozilla/5.0 (Windows NT 10.0; WOW64; Trident/7.0; rv:11.0) like Gecko"
81.189.133.90 - - [04/Dec/2020:15:48:13 +0100] "GET /reload?ser=1607093293359 HTTP/1.1" 200 28 "http://renault.activities.at/logout" "Mozilla/5.0 (Windows NT 10.0; WOW64; Trident/7.0; rv:11.0) like Gecko"
80.123.225.38 - - [04/Dec/2020:15:48:20 +0100] "GET /reload?ser=1607093301299 HTTP/1.1" 200 28 "http://renault.activities.at/result?searchterm=true&search=duster+zubeh%F6r" "Mozilla/5.0 (Windows NT 10.0; WOW64; Trident/7.0; rv:11.0) like Gecko"
81.189.133.90 - - [04/Dec/2020:15:49:14 +0100] "GET /reload?ser=1607093354018 HTTP/1.1" 200 28 "http://renault.activities.at/logout" "Mozilla/5.0 (Windows NT 10.0; WOW64; Trident/7.0; rv:11.0) like Gecko"
80.123.225.38 - - [04/Dec/2020:15:49:21 +0100] "GET /reload?ser=1607093362302 HTTP/1.1" 200 28 "http://renault.activities.at/result?searchterm=true&search=duster+zubeh%F6r" "Mozilla/5.0 (Windows NT 10.0; WOW64; Trident/7.0; rv:11.0) like Gecko"
81.189.133.90 - - [04/Dec/2020:15:50:14 +0100] "GET /reload?ser=1607093414763 HTTP/1.1" 200 28 "http://renault.activities.at/logout" "Mozilla/5.0 (Windows NT 10.0; WOW64; Trident/7.0; rv:11.0) like Gecko"
80.123.225.38 - - [04/Dec/2020:15:50:22 +0100] "GET /reload?ser=1607093423304 HTTP/1.1" 200 28 "http://renault.activities.at/result?searchterm=true&search=duster+zubeh%F6r" "Mozilla/5.0 (Windows NT 10.0; WOW64; Trident/7.0; rv:11.0) like Gecko"
81.189.133.90 - - [04/Dec/2020:15:51:15 +0100] "GET /reload?ser=1607093475432 HTTP/1.1" 200 28 "http://renault.activities.at/logout" "Mozilla/5.0 (Windows NT 10.0; WOW64; Trident/7.0; rv:11.0) like Gecko"
80.123.225.38 - - [04/Dec/2020:15:51:23 +0100] "GET /reload?ser=1607093484290 HTTP/1.1" 200 28 "http://renault.activities.at/result?searchterm=true&search=duster+zubeh%F6r" "Mozilla/5.0 (Windows NT 10.0; WOW64; Trident/7.0; rv:11.0) like Gecko"
40.77.167.25 - - [04/Dec/2020:15:51:41 +0100] "GET /10260003?dir=ASC&mode=list&order=name&limit=10&detail=12244845 HTTP/1.1" 200 3350 "-" "Mozilla/5.0 (compatible; bingbot/2.0; +http://www.bing.com/bingbot.htm)"
81.189.133.90 - - [04/Dec/2020:15:52:16 +0100] "GET /reload?ser=1607093536130 HTTP/1.1" 200 28 "http://renault.activities.at/logout" "Mozilla/5.0 (Windows NT 10.0; WOW64; Trident/7.0; rv:11.0) like Gecko"
80.123.225.38 - - [04/Dec/2020:15:52:24 +0100] "GET /reload?ser=1607093545273 HTTP/1.1" 200 28 "http://renault.activities.at/result?searchterm=true&search=duster+zubeh%F6r" "Mozilla/5.0 (Windows NT 10.0; WOW64; Trident/7.0; rv:11.0) like Gecko"
81.189.133.90 - - [04/Dec/2020:15:53:16 +0100] "GET /reload?ser=1607093596767 HTTP/1.1" 200 28 "http://renault.activities.at/logout" "Mozilla/5.0 (Windows NT 10.0; WOW64; Trident/7.0; rv:11.0) like Gecko"
80.123.225.38 - - [04/Dec/2020:15:53:25 +0100] "GET /reload?ser=1607093606260 HTTP/1.1" 200 28 "http://renault.activities.at/result?searchterm=true&search=duster+zubeh%F6r" "Mozilla/5.0 (Windows NT 10.0; WOW64; Trident/7.0; rv:11.0) like Gecko"
81.189.133.90 - - [04/Dec/2020:15:54:17 +0100] "GET /reload?ser=1607093657395 HTTP/1.1" 200 28 "http://renault.activities.at/logout" "Mozilla/5.0 (Windows NT 10.0; WOW64; Trident/7.0; rv:11.0) like Gecko"
80.123.225.38 - - [04/Dec/2020:15:54:26 +0100] "GET /reload?ser=1607093667254 HTTP/1.1" 200 28 "http://renault.activities.at/result?searchterm=true&search=duster+zubeh%F6r" "Mozilla/5.0 (Windows NT 10.0; WOW64; Trident/7.0; rv:11.0) like Gecko"
81.189.133.90 - - [04/Dec/2020:15:55:18 +0100] "GET /reload?ser=1607093718085 HTTP/1.1" 200 28 "http://renault.activities.at/logout" "Mozilla/5.0 (Windows NT 10.0; WOW64; Trident/7.0; rv:11.0) like Gecko"
80.123.225.38 - - [04/Dec/2020:15:55:27 +0100] "GET /reload?ser=1607093728222 HTTP/1.1" 200 28 "http://renault.activities.at/result?searchterm=true&search=duster+zubeh%F6r" "Mozilla/5.0 (Windows NT 10.0; WOW64; Trident/7.0; rv:11.0) like Gecko"
81.189.133.90 - - [04/Dec/2020:15:56:18 +0100] "GET /reload?ser=1607093778756 HTTP/1.1" 200 28 "http://renault.activities.at/logout" "Mozilla/5.0 (Windows NT 10.0; WOW64; Trident/7.0; rv:11.0) like Gecko"
80.123.225.38 - - [04/Dec/2020:15:56:28 +0100] "GET /reload?ser=1607093789215 HTTP/1.1" 200 28 "http://renault.activities.at/result?searchterm=true&search=duster+zubeh%F6r" "Mozilla/5.0 (Windows NT 10.0; WOW64; Trident/7.0; rv:11.0) like Gecko"
81.189.133.90 - - [04/Dec/2020:15:57:19 +0100] "GET /reload?ser=1607093839381 HTTP/1.1" 200 28 "http://renault.activities.at/logout" "Mozilla/5.0 (Windows NT 10.0; WOW64; Trident/7.0; rv:11.0) like Gecko"
80.123.225.38 - - [04/Dec/2020:15:57:29 +0100] "GET /reload?ser=1607093850192 HTTP/1.1" 200 28 "http://renault.activities.at/result?searchterm=true&search=duster+zubeh%F6r" "Mozilla/5.0 (Windows NT 10.0; WOW64; Trident/7.0; rv:11.0) like Gecko"
81.189.133.90 - - [04/Dec/2020:15:58:20 +0100] "GET /reload?ser=1607093900074 HTTP/1.1" 200 28 "http://renault.activities.at/logout" "Mozilla/5.0 (Windows NT 10.0; WOW64; Trident/7.0; rv:11.0) like Gecko"
80.123.225.38 - - [04/Dec/2020:15:58:30 +0100] "GET /reload?ser=1607093911191 HTTP/1.1" 200 28 "http://renault.activities.at/result?searchterm=true&search=duster+zubeh%F6r" "Mozilla/5.0 (Windows NT 10.0; WOW64; Trident/7.0; rv:11.0) like Gecko"
81.189.133.90 - - [04/Dec/2020:15:59:20 +0100] "GET /reload?ser=1607093960718 HTTP/1.1" 200 28 "http://renault.activities.at/logout" "Mozilla/5.0 (Windows NT 10.0; WOW64; Trident/7.0; rv:11.0) like Gecko"
80.123.225.38 - - [04/Dec/2020:15:59:31 +0100] "GET /reload?ser=1607093972204 HTTP/1.1" 200 28 "http://renault.activities.at/result?searchterm=true&search=duster+zubeh%F6r" "Mozilla/5.0 (Windows NT 10.0; WOW64; Trident/7.0; rv:11.0) like Gecko"
81.189.133.90 - - [04/Dec/2020:16:00:21 +0100] "GET /reload?ser=1607094021357 HTTP/1.1" 200 28 "http://renault.activities.at/logout" "Mozilla/5.0 (Windows NT 10.0; WOW64; Trident/7.0; rv:11.0) like Gecko"
80.123.225.38 - - [04/Dec/2020:16:00:32 +0100] "GET /reload?ser=1607094033228 HTTP/1.1" 200 28 "http://renault.activities.at/result?searchterm=true&search=duster+zubeh%F6r" "Mozilla/5.0 (Windows NT 10.0; WOW64; Trident/7.0; rv:11.0) like Gecko"
81.189.133.90 - - [04/Dec/2020:16:01:21 +0100] "GET /reload?ser=1607094081996 HTTP/1.1" 200 28 "http://renault.activities.at/logout" "Mozilla/5.0 (Windows NT 10.0; WOW64; Trident/7.0; rv:11.0) like Gecko"
80.123.225.38 - - [04/Dec/2020:16:01:33 +0100] "GET /reload?ser=1607094094230 HTTP/1.1" 200 28 "http://renault.activities.at/result?searchterm=true&search=duster+zubeh%F6r" "Mozilla/5.0 (Windows NT 10.0; WOW64; Trident/7.0; rv:11.0) like Gecko"
81.189.133.90 - - [04/Dec/2020:16:02:22 +0100] "GET /reload?ser=1607094142657 HTTP/1.1" 200 28 "http://renault.activities.at/logout" "Mozilla/5.0 (Windows NT 10.0; WOW64; Trident/7.0; rv:11.0) like Gecko"
80.123.225.38 - - [04/Dec/2020:16:02:34 +0100] "GET /reload?ser=1607094155215 HTTP/1.1" 200 28 "http://renault.activities.at/result?searchterm=true&search=duster+zubeh%F6r" "Mozilla/5.0 (Windows NT 10.0; WOW64; Trident/7.0; rv:11.0) like Gecko"
157.245.225.124 - - [04/Dec/2020:16:03:02 +0100] "GET /wp-login.php HTTP/1.1" 200 1558 "-" "Mozilla/5.0 (X11; Ubuntu; Linux x86_64; rv:62.0) Gecko/20100101 Firefox/62.0"
81.189.133.90 - - [04/Dec/2020:16:03:23 +0100] "GET /reload?ser=1607094203309 HTTP/1.1" 200 28 "http://renault.activities.at/logout" "Mozilla/5.0 (Windows NT 10.0; WOW64; Trident/7.0; rv:11.0) like Gecko"
80.123.225.38 - - [04/Dec/2020:16:03:35 +0100] "GET /reload?ser=1607094216228 HTTP/1.1" 200 28 "http://renault.activities.at/result?searchterm=true&search=duster+zubeh%F6r" "Mozilla/5.0 (Windows NT 10.0; WOW64; Trident/7.0; rv:11.0) like Gecko"
81.189.133.90 - - [04/Dec/2020:16:04:23 +0100] "GET /reload?ser=1607094263946 HTTP/1.1" 200 28 "http://renault.activities.at/logout" "Mozilla/5.0 (Windows NT 10.0; WOW64; Trident/7.0; rv:11.0) like Gecko"
80.123.225.38 - - [04/Dec/2020:16:04:36 +0100] "GET /reload?ser=1607094277213 HTTP/1.1" 200 28 "http://renault.activities.at/result?searchterm=true&search=duster+zubeh%F6r" "Mozilla/5.0 (Windows NT 10.0; WOW64; Trident/7.0; rv:11.0) like Gecko"
81.189.133.90 - - [04/Dec/2020:16:05:24 +0100] "GET /reload?ser=1607094324636 HTTP/1.1" 200 28 "http://renault.activities.at/logout" "Mozilla/5.0 (Windows NT 10.0; WOW64; Trident/7.0; rv:11.0) like Gecko"
80.123.225.38 - - [04/Dec/2020:16:05:37 +0100] "GET /reload?ser=1607094338198 HTTP/1.1" 200 28 "http://renault.activities.at/result?searchterm=true&search=duster+zubeh%F6r" "Mozilla/5.0 (Windows NT 10.0; WOW64; Trident/7.0; rv:11.0) like Gecko"
81.189.133.90 - - [04/Dec/2020:16:06:25 +0100] "GET /reload?ser=1607094385317 HTTP/1.1" 200 28 "http://renault.activities.at/logout" "Mozilla/5.0 (Windows NT 10.0; WOW64; Trident/7.0; rv:11.0) like Gecko"
80.123.225.38 - - [04/Dec/2020:16:06:38 +0100] "GET /reload?ser=1607094399181 HTTP/1.1" 200 28 "http://renault.activities.at/result?searchterm=true&search=duster+zubeh%F6r" "Mozilla/5.0 (Windows NT 10.0; WOW64; Trident/7.0; rv:11.0) like Gecko"
81.189.133.90 - - [04/Dec/2020:16:07:25 +0100] "GET /reload?ser=1607094445970 HTTP/1.1" 200 28 "http://renault.activities.at/logout" "Mozilla/5.0 (Windows NT 10.0; WOW64; Trident/7.0; rv:11.0) like Gecko"
80.123.225.38 - - [04/Dec/2020:16:07:39 +0100] "GET /reload?ser=1607094460167 HTTP/1.1" 200 28 "http://renault.activities.at/result?searchterm=true&search=duster+zubeh%F6r" "Mozilla/5.0 (Windows NT 10.0; WOW64; Trident/7.0; rv:11.0) like Gecko"
81.189.133.90 - - [04/Dec/2020:16:08:26 +0100] "GET /reload?ser=1607094506625 HTTP/1.1" 200 28 "http://renault.activities.at/logout" "Mozilla/5.0 (Windows NT 10.0; WOW64; Trident/7.0; rv:11.0) like Gecko"
80.123.225.38 - - [04/Dec/2020:16:08:40 +0100] "GET /reload?ser=1607094521164 HTTP/1.1" 200 28 "http://renault.activities.at/result?searchterm=true&search=duster+zubeh%F6r" "Mozilla/5.0 (Windows NT 10.0; WOW64; Trident/7.0; rv:11.0) like Gecko"
81.189.133.90 - - [04/Dec/2020:16:09:27 +0100] "GET /reload?ser=1607094567284 HTTP/1.1" 200 28 "http://renault.activities.at/logout" "Mozilla/5.0 (Windows NT 10.0; WOW64; Trident/7.0; rv:11.0) like Gecko"
80.123.225.38 - - [04/Dec/2020:16:09:41 +0100] "GET /reload?ser=1607094582150 HTTP/1.1" 200 28 "http://renault.activities.at/result?searchterm=true&search=duster+zubeh%F6r" "Mozilla/5.0 (Windows NT 10.0; WOW64; Trident/7.0; rv:11.0) like Gecko"
81.189.133.90 - - [04/Dec/2020:16:10:27 +0100] "GET /reload?ser=1607094627935 HTTP/1.1" 200 28 "http://renault.activities.at/logout" "Mozilla/5.0 (Windows NT 10.0; WOW64; Trident/7.0; rv:11.0) like Gecko"
80.123.225.38 - - [04/Dec/2020:16:10:42 +0100] "GET /reload?ser=1607094643118 HTTP/1.1" 200 28 "http://renault.activities.at/result?searchterm=true&search=duster+zubeh%F6r" "Mozilla/5.0 (Windows NT 10.0; WOW64; Trident/7.0; rv:11.0) like Gecko"
81.189.133.90 - - [04/Dec/2020:16:11:28 +0100] "GET /reload?ser=1607094688580 HTTP/1.1" 200 28 "http://renault.activities.at/logout" "Mozilla/5.0 (Windows NT 10.0; WOW64; Trident/7.0; rv:11.0) like Gecko"
80.123.225.38 - - [04/Dec/2020:16:11:43 +0100] "GET /reload?ser=1607094704114 HTTP/1.1" 200 28 "http://renault.activities.at/result?searchterm=true&search=duster+zubeh%F6r" "Mozilla/5.0 (Windows NT 10.0; WOW64; Trident/7.0; rv:11.0) like Gecko"
81.189.133.90 - - [04/Dec/2020:16:12:29 +0100] "GET /reload?ser=1607094749235 HTTP/1.1" 200 28 "http://renault.activities.at/logout" "Mozilla/5.0 (Windows NT 10.0; WOW64; Trident/7.0; rv:11.0) like Gecko"
80.123.225.38 - - [04/Dec/2020:16:12:44 +0100] "GET /reload?ser=1607094765086 HTTP/1.1" 200 28 "http://renault.activities.at/result?searchterm=true&search=duster+zubeh%F6r" "Mozilla/5.0 (Windows NT 10.0; WOW64; Trident/7.0; rv:11.0) like Gecko"
81.189.133.90 - - [04/Dec/2020:16:13:29 +0100] "GET /reload?ser=1607094809887 HTTP/1.1" 200 28 "http://renault.activities.at/logout" "Mozilla/5.0 (Windows NT 10.0; WOW64; Trident/7.0; rv:11.0) like Gecko"
80.123.225.38 - - [04/Dec/2020:16:13:45 +0100] "GET /reload?ser=1607094826082 HTTP/1.1" 200 28 "http://renault.activities.at/result?searchterm=true&search=duster+zubeh%F6r" "Mozilla/5.0 (Windows NT 10.0; WOW64; Trident/7.0; rv:11.0) like Gecko"
81.189.133.90 - - [04/Dec/2020:16:14:30 +0100] "GET /reload?ser=1607094870562 HTTP/1.1" 200 28 "http://renault.activities.at/logout" "Mozilla/5.0 (Windows NT 10.0; WOW64; Trident/7.0; rv:11.0) like Gecko"
80.123.225.38 - - [04/Dec/2020:16:14:46 +0100] "GET /reload?ser=1607094887086 HTTP/1.1" 200 28 "http://renault.activities.at/result?searchterm=true&search=duster+zubeh%F6r" "Mozilla/5.0 (Windows NT 10.0; WOW64; Trident/7.0; rv:11.0) like Gecko"
81.189.133.90 - - [04/Dec/2020:16:15:31 +0100] "GET /reload?ser=1607094931213 HTTP/1.1" 200 28 "http://renault.activities.at/logout" "Mozilla/5.0 (Windows NT 10.0; WOW64; Trident/7.0; rv:11.0) like Gecko"
80.123.225.38 - - [04/Dec/2020:16:15:47 +0100] "GET /reload?ser=1607094948076 HTTP/1.1" 200 28 "http://renault.activities.at/result?searchterm=true&search=duster+zubeh%F6r" "Mozilla/5.0 (Windows NT 10.0; WOW64; Trident/7.0; rv:11.0) like Gecko"
81.189.133.90 - - [04/Dec/2020:16:16:31 +0100] "GET /reload?ser=1607094991855 HTTP/1.1" 200 28 "http://renault.activities.at/logout" "Mozilla/5.0 (Windows NT 10.0; WOW64; Trident/7.0; rv:11.0) like Gecko"
80.123.225.38 - - [04/Dec/2020:16:16:48 +0100] "GET /reload?ser=1607095009085 HTTP/1.1" 200 28 "http://renault.activities.at/result?searchterm=true&search=duster+zubeh%F6r" "Mozilla/5.0 (Windows NT 10.0; WOW64; Trident/7.0; rv:11.0) like Gecko"
81.189.133.90 - - [04/Dec/2020:16:17:32 +0100] "GET /reload?ser=1607095052497 HTTP/1.1" 200 28 "http://renault.activities.at/logout" "Mozilla/5.0 (Windows NT 10.0; WOW64; Trident/7.0; rv:11.0) like Gecko"
80.123.225.38 - - [04/Dec/2020:16:17:49 +0100] "GET /reload?ser=1607095070083 HTTP/1.1" 200 28 "http://renault.activities.at/result?searchterm=true&search=duster+zubeh%F6r" "Mozilla/5.0 (Windows NT 10.0; WOW64; Trident/7.0; rv:11.0) like Gecko"
81.189.133.90 - - [04/Dec/2020:16:18:33 +0100] "GET /reload?ser=1607095113120 HTTP/1.1" 200 28 "http://renault.activities.at/logout" "Mozilla/5.0 (Windows NT 10.0; WOW64; Trident/7.0; rv:11.0) like Gecko"
80.123.225.38 - - [04/Dec/2020:16:18:50 +0100] "GET /reload?ser=1607095131064 HTTP/1.1" 200 28 "http://renault.activities.at/result?searchterm=true&search=duster+zubeh%F6r" "Mozilla/5.0 (Windows NT 10.0; WOW64; Trident/7.0; rv:11.0) like Gecko"
212.108.43.171 - - [04/Dec/2020:16:19:14 +0100] "GET /login?required=true HTTP/1.1" 200 2095 "-" "Mozilla/5.0 (Windows NT 6.1; Trident/7.0; rv:11.0) like Gecko"
212.108.43.171 - - [04/Dec/2020:16:19:15 +0100] "GET /js/default.js HTTP/1.1" 200 14698 "http://renault.2web.at/login?required=true" "Mozilla/5.0 (Windows NT 6.1; Trident/7.0; rv:11.0) like Gecko"
212.108.43.171 - - [04/Dec/2020:16:19:15 +0100] "GET /css/reset.css HTTP/1.1" 200 1356 "http://renault.2web.at/login?required=true" "Mozilla/5.0 (Windows NT 6.1; Trident/7.0; rv:11.0) like Gecko"
212.108.43.171 - - [04/Dec/2020:16:19:15 +0100] "GET /css/clears.css HTTP/1.1" 200 851 "http://renault.2web.at/login?required=true" "Mozilla/5.0 (Windows NT 6.1; Trident/7.0; rv:11.0) like Gecko"
212.108.43.171 - - [04/Dec/2020:16:19:15 +0100] "GET /css/styles.css HTTP/1.1" 200 14664 "http://renault.2web.at/login?required=true" "Mozilla/5.0 (Windows NT 6.1; Trident/7.0; rv:11.0) like Gecko"
212.108.43.171 - - [04/Dec/2020:16:19:15 +0100] "GET /css/print.css HTTP/1.1" 200 543 "http://renault.2web.at/login?required=true" "Mozilla/5.0 (Windows NT 6.1; Trident/7.0; rv:11.0) like Gecko"
212.108.43.171 - - [04/Dec/2020:16:19:15 +0100] "GET /js/checkout.css HTTP/1.1" 200 359 "http://renault.2web.at/login?required=true" "Mozilla/5.0 (Windows NT 6.1; Trident/7.0; rv:11.0) like Gecko"
212.108.43.171 - - [04/Dec/2020:16:19:15 +0100] "GET /css/prototip.css HTTP/1.1" 200 968 "http://renault.2web.at/login?required=true" "Mozilla/5.0 (Windows NT 6.1; Trident/7.0; rv:11.0) like Gecko"
212.108.43.171 - - [04/Dec/2020:16:19:15 +0100] "GET /css/themes/default.css HTTP/1.1" 200 769 "http://renault.2web.at/login?required=true" "Mozilla/5.0 (Windows NT 6.1; Trident/7.0; rv:11.0) like Gecko"
212.108.43.171 - - [04/Dec/2020:16:19:15 +0100] "GET /css/themes/alphacube.css HTTP/1.1" 200 743 "http://renault.2web.at/login?required=true" "Mozilla/5.0 (Windows NT 6.1; Trident/7.0; rv:11.0) like Gecko"
212.108.43.171 - - [04/Dec/2020:16:19:15 +0100] "GET /js/index.php?c=auto&f=,prototype/prototype.js,prototype/validation.js,scriptaculous/builder.js,scriptaculous/effects.js,scriptaculous/dragdrop.js,scriptaculous/controls.js,scriptaculous/slider.js,varien/js.js,varien/form.js,varien/menu.js,mage/translate.js,mage/cookies.js,varien/product.js,spinner/SpinnerControl.jsmin.js,prototype/window.js,prototype/window_ext.js HTTP/1.1" 200 94182 "http://renault.2web.at/login?required=true" "Mozilla/5.0 (Windows NT 6.1; Trident/7.0; rv:11.0) like Gecko"
212.108.43.171 - - [04/Dec/2020:16:19:15 +0100] "GET /images/main_block_corner_left_top.gif HTTP/1.1" 200 159 "http://renault.2web.at/login?required=true" "Mozilla/5.0 (Windows NT 6.1; Trident/7.0; rv:11.0) like Gecko"
212.108.43.171 - - [04/Dec/2020:16:19:15 +0100] "GET /images/main_block_border.gif HTTP/1.1" 200 43 "http://renault.2web.at/login?required=true" "Mozilla/5.0 (Windows NT 6.1; Trident/7.0; rv:11.0) like Gecko"
212.108.43.171 - - [04/Dec/2020:16:19:15 +0100] "GET /images/main_block_corner_right_top.gif HTTP/1.1" 200 159 "http://renault.2web.at/login?required=true" "Mozilla/5.0 (Windows NT 6.1; Trident/7.0; rv:11.0) like Gecko"
212.108.43.171 - - [04/Dec/2020:16:19:15 +0100] "GET /images/main_block_corner_left_bot.gif HTTP/1.1" 200 159 "http://renault.2web.at/login?required=true" "Mozilla/5.0 (Windows NT 6.1; Trident/7.0; rv:11.0) like Gecko"
212.108.43.171 - - [04/Dec/2020:16:19:15 +0100] "GET /images/main_block_corner_right_bot.gif HTTP/1.1" 200 158 "http://renault.2web.at/login?required=true" "Mozilla/5.0 (Windows NT 6.1; Trident/7.0; rv:11.0) like Gecko"
212.108.43.171 - - [04/Dec/2020:16:19:15 +0100] "GET /images/header_block_border.gif HTTP/1.1" 200 43 "http://renault.2web.at/login?required=true" "Mozilla/5.0 (Windows NT 6.1; Trident/7.0; rv:11.0) like Gecko"
212.108.43.171 - - [04/Dec/2020:16:19:15 +0100] "GET /images/header_block_corner_left_top.gif HTTP/1.1" 200 160 "http://renault.2web.at/login?required=true" "Mozilla/5.0 (Windows NT 6.1; Trident/7.0; rv:11.0) like Gecko"
212.108.43.171 - - [04/Dec/2020:16:19:15 +0100] "GET /images/header_block_corner_right_top.gif HTTP/1.1" 200 160 "http://renault.2web.at/login?required=true" "Mozilla/5.0 (Windows NT 6.1; Trident/7.0; rv:11.0) like Gecko"
212.108.43.171 - - [04/Dec/2020:16:19:15 +0100] "GET /images/title_border.jpg HTTP/1.1" 200 304 "http://renault.2web.at/login?required=true" "Mozilla/5.0 (Windows NT 6.1; Trident/7.0; rv:11.0) like Gecko"
212.108.43.171 - - [04/Dec/2020:16:19:15 +0100] "GET /images/title_border_top.jpg HTTP/1.1" 200 336 "http://renault.2web.at/login?required=true" "Mozilla/5.0 (Windows NT 6.1; Trident/7.0; rv:11.0) like Gecko"
212.108.43.171 - - [04/Dec/2020:16:19:15 +0100] "GET /images/title_corner_left_top.jpg HTTP/1.1" 200 372 "http://renault.2web.at/login?required=true" "Mozilla/5.0 (Windows NT 6.1; Trident/7.0; rv:11.0) like Gecko"
212.108.43.171 - - [04/Dec/2020:16:19:15 +0100] "GET /images/title_corner_right_top.jpg HTTP/1.1" 200 389 "http://renault.2web.at/login?required=true" "Mozilla/5.0 (Windows NT 6.1; Trident/7.0; rv:11.0) like Gecko"
212.108.43.171 - - [04/Dec/2020:16:19:15 +0100] "GET /images/button_left_bg.gif HTTP/1.1" 200 564 "http://renault.2web.at/login?required=true" "Mozilla/5.0 (Windows NT 6.1; Trident/7.0; rv:11.0) like Gecko"
212.108.43.171 - - [04/Dec/2020:16:19:15 +0100] "GET /images/button_right_bg.gif HTTP/1.1" 200 561 "http://renault.2web.at/login?required=true" "Mozilla/5.0 (Windows NT 6.1; Trident/7.0; rv:11.0) like Gecko"
212.108.43.171 - - [04/Dec/2020:16:19:15 +0100] "GET /images/button_bg.gif HTTP/1.1" 200 151 "http://renault.2web.at/login?required=true" "Mozilla/5.0 (Windows NT 6.1; Trident/7.0; rv:11.0) like Gecko"
212.108.43.171 - - [04/Dec/2020:16:19:15 +0100] "GET /loadthumbnail.php?id=11127982 HTTP/1.1" 200 399614 "http://renault.2web.at/login?required=true" "Mozilla/5.0 (Windows NT 6.1; Trident/7.0; rv:11.0) like Gecko"
212.108.43.171 - - [04/Dec/2020:16:19:16 +0100] "GET /images/favicon.ico HTTP/1.1" 404 300 "-" "Mozilla/5.0 (Windows NT 6.1; Trident/7.0; rv:11.0) like Gecko"
81.189.133.90 - - [04/Dec/2020:16:19:33 +0100] "GET /reload?ser=1607095173746 HTTP/1.1" 200 28 "http://renault.activities.at/logout" "Mozilla/5.0 (Windows NT 10.0; WOW64; Trident/7.0; rv:11.0) like Gecko"
81.189.133.90 - - [04/Dec/2020:16:20:34 +0100] "GET /reload?ser=1607095234370 HTTP/1.1" 200 28 "http://renault.activities.at/logout" "Mozilla/5.0 (Windows NT 10.0; WOW64; Trident/7.0; rv:11.0) like Gecko"
81.189.133.90 - - [04/Dec/2020:16:21:34 +0100] "GET /reload?ser=1607095295001 HTTP/1.1" 200 28 "http://renault.activities.at/logout" "Mozilla/5.0 (Windows NT 10.0; WOW64; Trident/7.0; rv:11.0) like Gecko"
81.189.133.90 - - [04/Dec/2020:16:22:35 +0100] "GET /reload?ser=1607095355684 HTTP/1.1" 200 28 "http://renault.activities.at/logout" "Mozilla/5.0 (Windows NT 10.0; WOW64; Trident/7.0; rv:11.0) like Gecko"
81.189.133.90 - - [04/Dec/2020:16:23:36 +0100] "GET /reload?ser=1607095416332 HTTP/1.1" 200 28 "http://renault.activities.at/logout" "Mozilla/5.0 (Windows NT 10.0; WOW64; Trident/7.0; rv:11.0) like Gecko"
81.189.133.90 - - [04/Dec/2020:16:24:37 +0100] "GET /reload?ser=1607095476988 HTTP/1.1" 200 28 "http://renault.activities.at/logout" "Mozilla/5.0 (Windows NT 10.0; WOW64; Trident/7.0; rv:11.0) like Gecko"
81.189.133.90 - - [04/Dec/2020:16:25:37 +0100] "GET /reload?ser=1607095537663 HTTP/1.1" 200 28 "http://renault.activities.at/logout" "Mozilla/5.0 (Windows NT 10.0; WOW64; Trident/7.0; rv:11.0) like Gecko"
81.189.133.90 - - [04/Dec/2020:16:26:38 +0100] "GET /reload?ser=1607095598324 HTTP/1.1" 200 28 "http://renault.activities.at/logout" "Mozilla/5.0 (Windows NT 10.0; WOW64; Trident/7.0; rv:11.0) like Gecko"
81.189.133.90 - - [04/Dec/2020:16:27:38 +0100] "GET /reload?ser=1607095658951 HTTP/1.1" 200 28 "http://renault.activities.at/logout" "Mozilla/5.0 (Windows NT 10.0; WOW64; Trident/7.0; rv:11.0) like Gecko"
66.249.73.111 - - [04/Dec/2020:16:28:07 +0100] "GET / HTTP/1.1" 200 3273 "-" "Mozilla/5.0 (compatible; Googlebot/2.1; +http://www.google.com/bot.html)"
66.249.73.111 - - [04/Dec/2020:16:28:15 +0100] "GET /js/flashdetection.js HTTP/1.1" 200 1059 "http://renault.activities.at/" "Mozilla/5.0 AppleWebKit/537.36 (KHTML, like Gecko; compatible; Googlebot/2.1; +http://www.google.com/bot.html) Chrome/85.0.4183.140 Safari/537.36"
66.249.73.111 - - [04/Dec/2020:16:28:15 +0100] "GET /css/reset.css HTTP/1.1" 200 1356 "http://renault.activities.at/" "Mozilla/5.0 AppleWebKit/537.36 (KHTML, like Gecko; compatible; Googlebot/2.1; +http://www.google.com/bot.html) Chrome/85.0.4183.140 Safari/537.36"
66.249.73.113 - - [04/Dec/2020:16:28:16 +0100] "GET /css/styles.css HTTP/1.1" 200 14664 "http://renault.activities.at/" "Mozilla/5.0 AppleWebKit/537.36 (KHTML, like Gecko; compatible; Googlebot/2.1; +http://www.google.com/bot.html) Chrome/85.0.4183.140 Safari/537.36"
212.186.183.210 - - [04/Dec/2020:16:28:29 +0100] "GET / HTTP/1.1" 200 3273 "-" "Mozilla/5.0 (Windows NT 10.0; Win64; x64) AppleWebKit/537.36 (KHTML, like Gecko) Chrome/86.0.4240.198 Safari/537.36"
212.186.183.210 - - [04/Dec/2020:16:28:30 +0100] "GET /js/default.js HTTP/1.1" 200 14698 "http://renault.activities.at/" "Mozilla/5.0 (Windows NT 10.0; Win64; x64) AppleWebKit/537.36 (KHTML, like Gecko) Chrome/86.0.4240.198 Safari/537.36"
212.186.183.210 - - [04/Dec/2020:16:28:30 +0100] "GET /css/clears.css HTTP/1.1" 200 851 "http://renault.activities.at/" "Mozilla/5.0 (Windows NT 10.0; Win64; x64) AppleWebKit/537.36 (KHTML, like Gecko) Chrome/86.0.4240.198 Safari/537.36"
212.186.183.210 - - [04/Dec/2020:16:28:30 +0100] "GET /css/reset.css HTTP/1.1" 200 1356 "http://renault.activities.at/" "Mozilla/5.0 (Windows NT 10.0; Win64; x64) AppleWebKit/537.36 (KHTML, like Gecko) Chrome/86.0.4240.198 Safari/537.36"
