80.122.222.62 - - [11/Dec/2020:23:16:31 +0100] "GET /reload?ser=1607724995052 HTTP/1.1" 200 28 "http://renault.activities.at/10201442?cat=10260260" "Mozilla/5.0 (Windows NT 10.0; WOW64; Trident/7.0; rv:11.0) like Gecko"
82.135.5.126 - - [11/Dec/2020:23:17:06 +0100] "GET /reload?ser=1607725026613 HTTP/1.1" 200 28 "http://renault.activities.at/10201634?dir=DESC&mode=grid&order=name&limit=15&page=3" "Mozilla/5.0 (Windows NT 10.0; WOW64; Trident/7.0; rv:11.0) like Gecko"
80.122.222.62 - - [11/Dec/2020:23:17:32 +0100] "GET /reload?ser=1607725056019 HTTP/1.1" 200 28 "http://renault.activities.at/10201442?cat=10260260" "Mozilla/5.0 (Windows NT 10.0; WOW64; Trident/7.0; rv:11.0) like Gecko"
66.249.64.157 - - [11/Dec/2020:23:18:07 +0100] "GET /robots.txt HTTP/1.1" 404 300 "-" "Mozilla/5.0 (compatible; Googlebot/2.1; +http://www.google.com/bot.html)"
66.249.64.157 - - [11/Dec/2020:23:18:07 +0100] "GET / HTTP/1.1" 200 3273 "-" "Mozilla/5.0 (compatible; Googlebot/2.1; +http://www.google.com/bot.html)"
82.135.5.126 - - [11/Dec/2020:23:18:07 +0100] "GET /reload?ser=1607725087619 HTTP/1.1" 200 28 "http://renault.activities.at/10201634?dir=DESC&mode=grid&order=name&limit=15&page=3" "Mozilla/5.0 (Windows NT 10.0; WOW64; Trident/7.0; rv:11.0) like Gecko"
5.188.211.16 - - [11/Dec/2020:23:18:09 +0100] "GET /10227785?mode=list HTTP/1.1" 200 17576 "-" "Mozilla/4.0 (compatible; MSIE 6.0; Windows NT 5.1; SV1)"
5.188.211.16 - - [11/Dec/2020:23:18:12 +0100] "POST /10227785?mode=list HTTP/1.1" 200 17576 "http://renault.activities.at/10227785?mode=list" "Mozilla/4.0 (compatible; MSIE 6.0; Windows NT 5.1; SV1)"
5.188.211.16 - - [11/Dec/2020:23:18:13 +0100] "GET /10227785?mode=list HTTP/1.1" 200 17576 "-" "Mozilla/4.0 (compatible; MSIE 6.0; Windows NT 5.1; SV1)"
5.188.211.16 - - [11/Dec/2020:23:18:14 +0100] "GET / HTTP/1.1" 200 13281 "-" "Mozilla/4.0 (compatible; MSIE 6.0; Windows NT 5.1; SV1)"
5.188.211.16 - - [11/Dec/2020:23:18:15 +0100] "GET /login HTTP/1.1" 200 7269 "-" "Mozilla/4.0 (compatible; MSIE 6.0; Windows NT 5.1; SV1)"
5.188.211.16 - - [11/Dec/2020:23:18:16 +0100] "GET /10201442 HTTP/1.1" 302 163 "-" "Mozilla/4.0 (compatible; MSIE 6.0; Windows NT 5.1; SV1)"
5.188.211.16 - - [11/Dec/2020:23:18:19 +0100] "GET /login?required=true HTTP/1.1" 200 7269 "-" "Mozilla/4.0 (compatible; MSIE 6.0; Windows NT 5.1; SV1)"
5.188.211.16 - - [11/Dec/2020:23:18:19 +0100] "GET /10227785?cat=10227788 HTTP/1.1" 200 17597 "-" "Mozilla/4.0 (compatible; MSIE 6.0; Windows NT 5.1; SV1)"
5.188.211.16 - - [11/Dec/2020:23:18:21 +0100] "GET /10227785?mode=grid HTTP/1.1" 200 17347 "-" "Mozilla/4.0 (compatible; MSIE 6.0; Windows NT 5.1; SV1)"
5.188.211.16 - - [11/Dec/2020:23:18:23 +0100] "GET /10227785?dir=ASC&mode=list&order=name&limit=10&page=1 HTTP/1.1" 200 17623 "-" "Mozilla/4.0 (compatible; MSIE 6.0; Windows NT 5.1; SV1)"
5.188.211.16 - - [11/Dec/2020:23:18:25 +0100] "GET /10227785?dir=DESC&mode=list&order=name&limit=10&detail=718108 HTTP/1.1" 200 11695 "-" "Mozilla/4.0 (compatible; MSIE 6.0; Windows NT 5.1; SV1)"
5.188.211.16 - - [11/Dec/2020:23:18:27 +0100] "GET /10227785?dir=DESC&mode=list&order=name&limit=10&detail=718016 HTTP/1.1" 200 11637 "-" "Mozilla/4.0 (compatible; MSIE 6.0; Windows NT 5.1; SV1)"
80.122.222.62 - - [11/Dec/2020:23:18:33 +0100] "GET /reload?ser=1607725117017 HTTP/1.1" 200 28 "http://renault.activities.at/10201442?cat=10260260" "Mozilla/5.0 (Windows NT 10.0; WOW64; Trident/7.0; rv:11.0) like Gecko"
82.135.5.126 - - [11/Dec/2020:23:19:08 +0100] "GET /reload?ser=1607725148612 HTTP/1.1" 200 28 "http://renault.activities.at/10201634?dir=DESC&mode=grid&order=name&limit=15&page=3" "Mozilla/5.0 (Windows NT 10.0; WOW64; Trident/7.0; rv:11.0) like Gecko"
80.122.222.62 - - [11/Dec/2020:23:19:34 +0100] "GET /reload?ser=1607725177968 HTTP/1.1" 200 28 "http://renault.activities.at/10201442?cat=10260260" "Mozilla/5.0 (Windows NT 10.0; WOW64; Trident/7.0; rv:11.0) like Gecko"
82.135.5.126 - - [11/Dec/2020:23:20:09 +0100] "GET /reload?ser=1607725209633 HTTP/1.1" 200 28 "http://renault.activities.at/10201634?dir=DESC&mode=grid&order=name&limit=15&page=3" "Mozilla/5.0 (Windows NT 10.0; WOW64; Trident/7.0; rv:11.0) like Gecko"
80.122.222.62 - - [11/Dec/2020:23:20:35 +0100] "GET /reload?ser=1607725238950 HTTP/1.1" 200 28 "http://renault.activities.at/10201442?cat=10260260" "Mozilla/5.0 (Windows NT 10.0; WOW64; Trident/7.0; rv:11.0) like Gecko"
82.135.5.126 - - [11/Dec/2020:23:21:10 +0100] "GET /reload?ser=1607725270653 HTTP/1.1" 200 28 "http://renault.activities.at/10201634?dir=DESC&mode=grid&order=name&limit=15&page=3" "Mozilla/5.0 (Windows NT 10.0; WOW64; Trident/7.0; rv:11.0) like Gecko"
80.122.222.62 - - [11/Dec/2020:23:21:36 +0100] "GET /reload?ser=1607725299933 HTTP/1.1" 200 28 "http://renault.activities.at/10201442?cat=10260260" "Mozilla/5.0 (Windows NT 10.0; WOW64; Trident/7.0; rv:11.0) like Gecko"
82.135.5.126 - - [11/Dec/2020:23:22:11 +0100] "GET /reload?ser=1607725331640 HTTP/1.1" 200 28 "http://renault.activities.at/10201634?dir=DESC&mode=grid&order=name&limit=15&page=3" "Mozilla/5.0 (Windows NT 10.0; WOW64; Trident/7.0; rv:11.0) like Gecko"
80.122.222.62 - - [11/Dec/2020:23:22:37 +0100] "GET /reload?ser=1607725360898 HTTP/1.1" 200 28 "http://renault.activities.at/10201442?cat=10260260" "Mozilla/5.0 (Windows NT 10.0; WOW64; Trident/7.0; rv:11.0) like Gecko"
82.135.5.126 - - [11/Dec/2020:23:23:12 +0100] "GET /reload?ser=1607725392644 HTTP/1.1" 200 28 "http://renault.activities.at/10201634?dir=DESC&mode=grid&order=name&limit=15&page=3" "Mozilla/5.0 (Windows NT 10.0; WOW64; Trident/7.0; rv:11.0) like Gecko"
80.122.222.62 - - [11/Dec/2020:23:23:38 +0100] "GET /reload?ser=1607725421865 HTTP/1.1" 200 28 "http://renault.activities.at/10201442?cat=10260260" "Mozilla/5.0 (Windows NT 10.0; WOW64; Trident/7.0; rv:11.0) like Gecko"
82.135.5.126 - - [11/Dec/2020:23:24:13 +0100] "GET /reload?ser=1607725453632 HTTP/1.1" 200 28 "http://renault.activities.at/10201634?dir=DESC&mode=grid&order=name&limit=15&page=3" "Mozilla/5.0 (Windows NT 10.0; WOW64; Trident/7.0; rv:11.0) like Gecko"
80.122.222.62 - - [11/Dec/2020:23:24:39 +0100] "GET /reload?ser=1607725482848 HTTP/1.1" 200 28 "http://renault.activities.at/10201442?cat=10260260" "Mozilla/5.0 (Windows NT 10.0; WOW64; Trident/7.0; rv:11.0) like Gecko"
207.46.13.177 - - [11/Dec/2020:23:24:59 +0100] "GET /10260003?dir=ASC&mode=list&order=name&limit=10&detail=717312 HTTP/1.1" 200 3607 "-" "Mozilla/5.0 (compatible; bingbot/2.0; +http://www.bing.com/bingbot.htm)"
82.135.5.126 - - [11/Dec/2020:23:25:14 +0100] "GET /reload?ser=1607725514619 HTTP/1.1" 200 28 "http://renault.activities.at/10201634?dir=DESC&mode=grid&order=name&limit=15&page=3" "Mozilla/5.0 (Windows NT 10.0; WOW64; Trident/7.0; rv:11.0) like Gecko"
80.122.222.62 - - [11/Dec/2020:23:25:40 +0100] "GET /reload?ser=1607725543845 HTTP/1.1" 200 28 "http://renault.activities.at/10201442?cat=10260260" "Mozilla/5.0 (Windows NT 10.0; WOW64; Trident/7.0; rv:11.0) like Gecko"
82.135.5.126 - - [11/Dec/2020:23:26:15 +0100] "GET /reload?ser=1607725575591 HTTP/1.1" 200 28 "http://renault.activities.at/10201634?dir=DESC&mode=grid&order=name&limit=15&page=3" "Mozilla/5.0 (Windows NT 10.0; WOW64; Trident/7.0; rv:11.0) like Gecko"
80.122.222.62 - - [11/Dec/2020:23:26:41 +0100] "GET /reload?ser=1607725604828 HTTP/1.1" 200 28 "http://renault.activities.at/10201442?cat=10260260" "Mozilla/5.0 (Windows NT 10.0; WOW64; Trident/7.0; rv:11.0) like Gecko"
82.135.5.126 - - [11/Dec/2020:23:27:16 +0100] "GET /reload?ser=1607725636546 HTTP/1.1" 200 28 "http://renault.activities.at/10201634?dir=DESC&mode=grid&order=name&limit=15&page=3" "Mozilla/5.0 (Windows NT 10.0; WOW64; Trident/7.0; rv:11.0) like Gecko"
80.122.222.62 - - [11/Dec/2020:23:27:42 +0100] "GET /reload?ser=1607725665810 HTTP/1.1" 200 28 "http://renault.activities.at/10201442?cat=10260260" "Mozilla/5.0 (Windows NT 10.0; WOW64; Trident/7.0; rv:11.0) like Gecko"
82.135.5.126 - - [11/Dec/2020:23:28:17 +0100] "GET /reload?ser=1607725697517 HTTP/1.1" 200 28 "http://renault.activities.at/10201634?dir=DESC&mode=grid&order=name&limit=15&page=3" "Mozilla/5.0 (Windows NT 10.0; WOW64; Trident/7.0; rv:11.0) like Gecko"
80.122.222.62 - - [11/Dec/2020:23:28:43 +0100] "GET /reload?ser=1607725726791 HTTP/1.1" 200 28 "http://renault.activities.at/10201442?cat=10260260" "Mozilla/5.0 (Windows NT 10.0; WOW64; Trident/7.0; rv:11.0) like Gecko"
82.135.5.126 - - [11/Dec/2020:23:29:18 +0100] "GET /reload?ser=1607725758600 HTTP/1.1" 200 28 "http://renault.activities.at/10201634?dir=DESC&mode=grid&order=name&limit=15&page=3" "Mozilla/5.0 (Windows NT 10.0; WOW64; Trident/7.0; rv:11.0) like Gecko"
80.122.222.62 - - [11/Dec/2020:23:29:44 +0100] "GET /reload?ser=1607725787773 HTTP/1.1" 200 28 "http://renault.activities.at/10201442?cat=10260260" "Mozilla/5.0 (Windows NT 10.0; WOW64; Trident/7.0; rv:11.0) like Gecko"
82.135.5.126 - - [11/Dec/2020:23:30:19 +0100] "GET /reload?ser=1607725819602 HTTP/1.1" 200 28 "http://renault.activities.at/10201634?dir=DESC&mode=grid&order=name&limit=15&page=3" "Mozilla/5.0 (Windows NT 10.0; WOW64; Trident/7.0; rv:11.0) like Gecko"
80.122.222.62 - - [11/Dec/2020:23:30:45 +0100] "GET /reload?ser=1607725848756 HTTP/1.1" 200 28 "http://renault.activities.at/10201442?cat=10260260" "Mozilla/5.0 (Windows NT 10.0; WOW64; Trident/7.0; rv:11.0) like Gecko"
82.135.5.126 - - [11/Dec/2020:23:31:20 +0100] "GET /reload?ser=1607725880592 HTTP/1.1" 200 28 "http://renault.activities.at/10201634?dir=DESC&mode=grid&order=name&limit=15&page=3" "Mozilla/5.0 (Windows NT 10.0; WOW64; Trident/7.0; rv:11.0) like Gecko"
80.122.222.62 - - [11/Dec/2020:23:31:46 +0100] "GET /reload?ser=1607725909754 HTTP/1.1" 200 28 "http://renault.activities.at/10201442?cat=10260260" "Mozilla/5.0 (Windows NT 10.0; WOW64; Trident/7.0; rv:11.0) like Gecko"
82.135.5.126 - - [11/Dec/2020:23:32:21 +0100] "GET /reload?ser=1607725941580 HTTP/1.1" 200 28 "http://renault.activities.at/10201634?dir=DESC&mode=grid&order=name&limit=15&page=3" "Mozilla/5.0 (Windows NT 10.0; WOW64; Trident/7.0; rv:11.0) like Gecko"
80.122.222.62 - - [11/Dec/2020:23:32:47 +0100] "GET /reload?ser=1607725970736 HTTP/1.1" 200 28 "http://renault.activities.at/10201442?cat=10260260" "Mozilla/5.0 (Windows NT 10.0; WOW64; Trident/7.0; rv:11.0) like Gecko"
82.135.5.126 - - [11/Dec/2020:23:33:22 +0100] "GET /reload?ser=1607726002582 HTTP/1.1" 200 28 "http://renault.activities.at/10201634?dir=DESC&mode=grid&order=name&limit=15&page=3" "Mozilla/5.0 (Windows NT 10.0; WOW64; Trident/7.0; rv:11.0) like Gecko"
80.122.222.62 - - [11/Dec/2020:23:33:48 +0100] "GET /reload?ser=1607726031718 HTTP/1.1" 200 28 "http://renault.activities.at/10201442?cat=10260260" "Mozilla/5.0 (Windows NT 10.0; WOW64; Trident/7.0; rv:11.0) like Gecko"
82.135.5.126 - - [11/Dec/2020:23:34:23 +0100] "GET /reload?ser=1607726063572 HTTP/1.1" 200 28 "http://renault.activities.at/10201634?dir=DESC&mode=grid&order=name&limit=15&page=3" "Mozilla/5.0 (Windows NT 10.0; WOW64; Trident/7.0; rv:11.0) like Gecko"
80.122.222.62 - - [11/Dec/2020:23:34:48 +0100] "GET /reload?ser=1607726092685 HTTP/1.1" 200 28 "http://renault.activities.at/10201442?cat=10260260" "Mozilla/5.0 (Windows NT 10.0; WOW64; Trident/7.0; rv:11.0) like Gecko"
82.135.5.126 - - [11/Dec/2020:23:35:24 +0100] "GET /reload?ser=1607726124578 HTTP/1.1" 200 28 "http://renault.activities.at/10201634?dir=DESC&mode=grid&order=name&limit=15&page=3" "Mozilla/5.0 (Windows NT 10.0; WOW64; Trident/7.0; rv:11.0) like Gecko"
80.122.222.62 - - [11/Dec/2020:23:35:49 +0100] "GET /reload?ser=1607726153667 HTTP/1.1" 200 28 "http://renault.activities.at/10201442?cat=10260260" "Mozilla/5.0 (Windows NT 10.0; WOW64; Trident/7.0; rv:11.0) like Gecko"
82.135.5.126 - - [11/Dec/2020:23:36:25 +0100] "GET /reload?ser=1607726185567 HTTP/1.1" 200 28 "http://renault.activities.at/10201634?dir=DESC&mode=grid&order=name&limit=15&page=3" "Mozilla/5.0 (Windows NT 10.0; WOW64; Trident/7.0; rv:11.0) like Gecko"
80.122.222.62 - - [11/Dec/2020:23:36:50 +0100] "GET /reload?ser=1607726214634 HTTP/1.1" 200 28 "http://renault.activities.at/10201442?cat=10260260" "Mozilla/5.0 (Windows NT 10.0; WOW64; Trident/7.0; rv:11.0) like Gecko"
82.135.5.126 - - [11/Dec/2020:23:37:26 +0100] "GET /reload?ser=1607726246569 HTTP/1.1" 200 28 "http://renault.activities.at/10201634?dir=DESC&mode=grid&order=name&limit=15&page=3" "Mozilla/5.0 (Windows NT 10.0; WOW64; Trident/7.0; rv:11.0) like Gecko"
80.122.222.62 - - [11/Dec/2020:23:37:51 +0100] "GET /reload?ser=1607726275600 HTTP/1.1" 200 28 "http://renault.activities.at/10201442?cat=10260260" "Mozilla/5.0 (Windows NT 10.0; WOW64; Trident/7.0; rv:11.0) like Gecko"
82.135.5.126 - - [11/Dec/2020:23:38:27 +0100] "GET /reload?ser=1607726307572 HTTP/1.1" 200 28 "http://renault.activities.at/10201634?dir=DESC&mode=grid&order=name&limit=15&page=3" "Mozilla/5.0 (Windows NT 10.0; WOW64; Trident/7.0; rv:11.0) like Gecko"
80.122.222.62 - - [11/Dec/2020:23:38:52 +0100] "GET /reload?ser=1607726336566 HTTP/1.1" 200 28 "http://renault.activities.at/10201442?cat=10260260" "Mozilla/5.0 (Windows NT 10.0; WOW64; Trident/7.0; rv:11.0) like Gecko"
82.135.5.126 - - [11/Dec/2020:23:39:28 +0100] "GET /reload?ser=1607726368558 HTTP/1.1" 200 28 "http://renault.activities.at/10201634?dir=DESC&mode=grid&order=name&limit=15&page=3" "Mozilla/5.0 (Windows NT 10.0; WOW64; Trident/7.0; rv:11.0) like Gecko"
80.122.222.62 - - [11/Dec/2020:23:39:53 +0100] "GET /reload?ser=1607726397628 HTTP/1.1" 200 28 "http://renault.activities.at/10201442?cat=10260260" "Mozilla/5.0 (Windows NT 10.0; WOW64; Trident/7.0; rv:11.0) like Gecko"
82.135.5.126 - - [11/Dec/2020:23:40:29 +0100] "GET /reload?ser=1607726429547 HTTP/1.1" 200 28 "http://renault.activities.at/10201634?dir=DESC&mode=grid&order=name&limit=15&page=3" "Mozilla/5.0 (Windows NT 10.0; WOW64; Trident/7.0; rv:11.0) like Gecko"
80.122.222.62 - - [11/Dec/2020:23:40:54 +0100] "GET /reload?ser=1607726458609 HTTP/1.1" 200 28 "http://renault.activities.at/10201442?cat=10260260" "Mozilla/5.0 (Windows NT 10.0; WOW64; Trident/7.0; rv:11.0) like Gecko"
82.135.5.126 - - [11/Dec/2020:23:41:30 +0100] "GET /reload?ser=1607726490552 HTTP/1.1" 200 28 "http://renault.activities.at/10201634?dir=DESC&mode=grid&order=name&limit=15&page=3" "Mozilla/5.0 (Windows NT 10.0; WOW64; Trident/7.0; rv:11.0) like Gecko"
80.122.222.62 - - [11/Dec/2020:23:41:55 +0100] "GET /reload?ser=1607726519575 HTTP/1.1" 200 28 "http://renault.activities.at/10201442?cat=10260260" "Mozilla/5.0 (Windows NT 10.0; WOW64; Trident/7.0; rv:11.0) like Gecko"
82.135.5.126 - - [11/Dec/2020:23:42:31 +0100] "GET /reload?ser=1607726551539 HTTP/1.1" 200 28 "http://renault.activities.at/10201634?dir=DESC&mode=grid&order=name&limit=15&page=3" "Mozilla/5.0 (Windows NT 10.0; WOW64; Trident/7.0; rv:11.0) like Gecko"
80.122.222.62 - - [11/Dec/2020:23:42:56 +0100] "GET /reload?ser=1607726580558 HTTP/1.1" 200 28 "http://renault.activities.at/10201442?cat=10260260" "Mozilla/5.0 (Windows NT 10.0; WOW64; Trident/7.0; rv:11.0) like Gecko"
82.135.5.126 - - [11/Dec/2020:23:43:32 +0100] "GET /reload?ser=1607726612512 HTTP/1.1" 200 28 "http://renault.activities.at/10201634?dir=DESC&mode=grid&order=name&limit=15&page=3" "Mozilla/5.0 (Windows NT 10.0; WOW64; Trident/7.0; rv:11.0) like Gecko"
80.122.222.62 - - [11/Dec/2020:23:43:57 +0100] "GET /reload?ser=1607726641540 HTTP/1.1" 200 28 "http://renault.activities.at/10201442?cat=10260260" "Mozilla/5.0 (Windows NT 10.0; WOW64; Trident/7.0; rv:11.0) like Gecko"
82.135.5.126 - - [11/Dec/2020:23:44:33 +0100] "GET /reload?ser=1607726673499 HTTP/1.1" 200 28 "http://renault.activities.at/10201634?dir=DESC&mode=grid&order=name&limit=15&page=3" "Mozilla/5.0 (Windows NT 10.0; WOW64; Trident/7.0; rv:11.0) like Gecko"
80.122.222.62 - - [11/Dec/2020:23:44:58 +0100] "GET /reload?ser=1607726702538 HTTP/1.1" 200 28 "http://renault.activities.at/10201442?cat=10260260" "Mozilla/5.0 (Windows NT 10.0; WOW64; Trident/7.0; rv:11.0) like Gecko"
82.135.5.126 - - [11/Dec/2020:23:45:34 +0100] "GET /reload?ser=1607726734486 HTTP/1.1" 200 28 "http://renault.activities.at/10201634?dir=DESC&mode=grid&order=name&limit=15&page=3" "Mozilla/5.0 (Windows NT 10.0; WOW64; Trident/7.0; rv:11.0) like Gecko"
80.122.222.62 - - [11/Dec/2020:23:45:59 +0100] "GET /reload?ser=1607726763551 HTTP/1.1" 200 28 "http://renault.activities.at/10201442?cat=10260260" "Mozilla/5.0 (Windows NT 10.0; WOW64; Trident/7.0; rv:11.0) like Gecko"
82.135.5.126 - - [11/Dec/2020:23:46:35 +0100] "GET /reload?ser=1607726795461 HTTP/1.1" 200 28 "http://renault.activities.at/10201634?dir=DESC&mode=grid&order=name&limit=15&page=3" "Mozilla/5.0 (Windows NT 10.0; WOW64; Trident/7.0; rv:11.0) like Gecko"
80.122.222.62 - - [11/Dec/2020:23:47:00 +0100] "GET /reload?ser=1607726824549 HTTP/1.1" 200 28 "http://renault.activities.at/10201442?cat=10260260" "Mozilla/5.0 (Windows NT 10.0; WOW64; Trident/7.0; rv:11.0) like Gecko"
82.135.5.126 - - [11/Dec/2020:23:47:36 +0100] "GET /reload?ser=1607726856451 HTTP/1.1" 200 28 "http://renault.activities.at/10201634?dir=DESC&mode=grid&order=name&limit=15&page=3" "Mozilla/5.0 (Windows NT 10.0; WOW64; Trident/7.0; rv:11.0) like Gecko"
80.122.222.62 - - [11/Dec/2020:23:48:01 +0100] "GET /reload?ser=1607726885532 HTTP/1.1" 200 28 "http://renault.activities.at/10201442?cat=10260260" "Mozilla/5.0 (Windows NT 10.0; WOW64; Trident/7.0; rv:11.0) like Gecko"
82.135.5.126 - - [11/Dec/2020:23:48:37 +0100] "GET /reload?ser=1607726917425 HTTP/1.1" 200 28 "http://renault.activities.at/10201634?dir=DESC&mode=grid&order=name&limit=15&page=3" "Mozilla/5.0 (Windows NT 10.0; WOW64; Trident/7.0; rv:11.0) like Gecko"
80.122.222.62 - - [11/Dec/2020:23:49:02 +0100] "GET /reload?ser=1607726946529 HTTP/1.1" 200 28 "http://renault.activities.at/10201442?cat=10260260" "Mozilla/5.0 (Windows NT 10.0; WOW64; Trident/7.0; rv:11.0) like Gecko"
82.135.5.126 - - [11/Dec/2020:23:49:38 +0100] "GET /reload?ser=1607726978412 HTTP/1.1" 200 28 "http://renault.activities.at/10201634?dir=DESC&mode=grid&order=name&limit=15&page=3" "Mozilla/5.0 (Windows NT 10.0; WOW64; Trident/7.0; rv:11.0) like Gecko"
80.122.222.62 - - [11/Dec/2020:23:50:03 +0100] "GET /reload?ser=1607727007496 HTTP/1.1" 200 28 "http://renault.activities.at/10201442?cat=10260260" "Mozilla/5.0 (Windows NT 10.0; WOW64; Trident/7.0; rv:11.0) like Gecko"
82.135.5.126 - - [11/Dec/2020:23:50:39 +0100] "GET /reload?ser=1607727039415 HTTP/1.1" 200 28 "http://renault.activities.at/10201634?dir=DESC&mode=grid&order=name&limit=15&page=3" "Mozilla/5.0 (Windows NT 10.0; WOW64; Trident/7.0; rv:11.0) like Gecko"
80.122.222.62 - - [11/Dec/2020:23:51:04 +0100] "GET /reload?ser=1607727068462 HTTP/1.1" 200 28 "http://renault.activities.at/10201442?cat=10260260" "Mozilla/5.0 (Windows NT 10.0; WOW64; Trident/7.0; rv:11.0) like Gecko"
82.135.5.126 - - [11/Dec/2020:23:51:40 +0100] "GET /reload?ser=1607727100405 HTTP/1.1" 200 28 "http://renault.activities.at/10201634?dir=DESC&mode=grid&order=name&limit=15&page=3" "Mozilla/5.0 (Windows NT 10.0; WOW64; Trident/7.0; rv:11.0) like Gecko"
80.122.222.62 - - [11/Dec/2020:23:52:05 +0100] "GET /reload?ser=1607727129428 HTTP/1.1" 200 28 "http://renault.activities.at/10201442?cat=10260260" "Mozilla/5.0 (Windows NT 10.0; WOW64; Trident/7.0; rv:11.0) like Gecko"
82.135.5.126 - - [11/Dec/2020:23:52:41 +0100] "GET /reload?ser=1607727161440 HTTP/1.1" 200 28 "http://renault.activities.at/10201634?dir=DESC&mode=grid&order=name&limit=15&page=3" "Mozilla/5.0 (Windows NT 10.0; WOW64; Trident/7.0; rv:11.0) like Gecko"
80.122.222.62 - - [11/Dec/2020:23:53:06 +0100] "GET /reload?ser=1607727190411 HTTP/1.1" 200 28 "http://renault.activities.at/10201442?cat=10260260" "Mozilla/5.0 (Windows NT 10.0; WOW64; Trident/7.0; rv:11.0) like Gecko"
82.135.5.126 - - [11/Dec/2020:23:53:42 +0100] "GET /reload?ser=1607727222445 HTTP/1.1" 200 28 "http://renault.activities.at/10201634?dir=DESC&mode=grid&order=name&limit=15&page=3" "Mozilla/5.0 (Windows NT 10.0; WOW64; Trident/7.0; rv:11.0) like Gecko"
80.122.222.62 - - [11/Dec/2020:23:54:07 +0100] "GET /reload?ser=1607727251394 HTTP/1.1" 200 28 "http://renault.activities.at/10201442?cat=10260260" "Mozilla/5.0 (Windows NT 10.0; WOW64; Trident/7.0; rv:11.0) like Gecko"
82.135.5.126 - - [11/Dec/2020:23:54:43 +0100] "GET /reload?ser=1607727283434 HTTP/1.1" 200 28 "http://renault.activities.at/10201634?dir=DESC&mode=grid&order=name&limit=15&page=3" "Mozilla/5.0 (Windows NT 10.0; WOW64; Trident/7.0; rv:11.0) like Gecko"
80.122.222.62 - - [11/Dec/2020:23:55:08 +0100] "GET /reload?ser=1607727312375 HTTP/1.1" 200 28 "http://renault.activities.at/10201442?cat=10260260" "Mozilla/5.0 (Windows NT 10.0; WOW64; Trident/7.0; rv:11.0) like Gecko"
82.135.5.126 - - [11/Dec/2020:23:55:44 +0100] "GET /reload?ser=1607727344422 HTTP/1.1" 200 28 "http://renault.activities.at/10201634?dir=DESC&mode=grid&order=name&limit=15&page=3" "Mozilla/5.0 (Windows NT 10.0; WOW64; Trident/7.0; rv:11.0) like Gecko"
80.122.222.62 - - [11/Dec/2020:23:56:09 +0100] "GET /reload?ser=1607727373357 HTTP/1.1" 200 28 "http://renault.activities.at/10201442?cat=10260260" "Mozilla/5.0 (Windows NT 10.0; WOW64; Trident/7.0; rv:11.0) like Gecko"
82.135.5.126 - - [11/Dec/2020:23:56:45 +0100] "GET /reload?ser=1607727405427 HTTP/1.1" 200 28 "http://renault.activities.at/10201634?dir=DESC&mode=grid&order=name&limit=15&page=3" "Mozilla/5.0 (Windows NT 10.0; WOW64; Trident/7.0; rv:11.0) like Gecko"
80.122.222.62 - - [11/Dec/2020:23:57:10 +0100] "GET /reload?ser=1607727434356 HTTP/1.1" 200 28 "http://renault.activities.at/10201442?cat=10260260" "Mozilla/5.0 (Windows NT 10.0; WOW64; Trident/7.0; rv:11.0) like Gecko"
82.135.5.126 - - [11/Dec/2020:23:57:46 +0100] "GET /reload?ser=1607727466401 HTTP/1.1" 200 28 "http://renault.activities.at/10201634?dir=DESC&mode=grid&order=name&limit=15&page=3" "Mozilla/5.0 (Windows NT 10.0; WOW64; Trident/7.0; rv:11.0) like Gecko"
80.122.222.62 - - [11/Dec/2020:23:58:11 +0100] "GET /reload?ser=1607727495353 HTTP/1.1" 200 28 "http://renault.activities.at/10201442?cat=10260260" "Mozilla/5.0 (Windows NT 10.0; WOW64; Trident/7.0; rv:11.0) like Gecko"
82.135.5.126 - - [11/Dec/2020:23:58:47 +0100] "GET /reload?ser=1607727527405 HTTP/1.1" 200 28 "http://renault.activities.at/10201634?dir=DESC&mode=grid&order=name&limit=15&page=3" "Mozilla/5.0 (Windows NT 10.0; WOW64; Trident/7.0; rv:11.0) like Gecko"
80.122.222.62 - - [11/Dec/2020:23:59:12 +0100] "GET /reload?ser=1607727556335 HTTP/1.1" 200 28 "http://renault.activities.at/10201442?cat=10260260" "Mozilla/5.0 (Windows NT 10.0; WOW64; Trident/7.0; rv:11.0) like Gecko"
82.135.5.126 - - [11/Dec/2020:23:59:48 +0100] "GET /reload?ser=1607727588392 HTTP/1.1" 200 28 "http://renault.activities.at/10201634?dir=DESC&mode=grid&order=name&limit=15&page=3" "Mozilla/5.0 (Windows NT 10.0; WOW64; Trident/7.0; rv:11.0) like Gecko"
80.122.222.62 - - [12/Dec/2020:00:00:13 +0100] "GET /reload?ser=1607727617317 HTTP/1.1" 200 28 "http://renault.activities.at/10201442?cat=10260260" "Mozilla/5.0 (Windows NT 10.0; WOW64; Trident/7.0; rv:11.0) like Gecko"
82.135.5.126 - - [12/Dec/2020:00:00:49 +0100] "GET /reload?ser=1607727649362 HTTP/1.1" 200 28 "http://renault.activities.at/10201634?dir=DESC&mode=grid&order=name&limit=15&page=3" "Mozilla/5.0 (Windows NT 10.0; WOW64; Trident/7.0; rv:11.0) like Gecko"
80.122.222.62 - - [12/Dec/2020:00:01:14 +0100] "GET /reload?ser=1607727678315 HTTP/1.1" 200 28 "http://renault.activities.at/10201442?cat=10260260" "Mozilla/5.0 (Windows NT 10.0; WOW64; Trident/7.0; rv:11.0) like Gecko"
82.135.5.126 - - [12/Dec/2020:00:01:50 +0100] "GET /reload?ser=1607727710381 HTTP/1.1" 200 28 "http://renault.activities.at/10201634?dir=DESC&mode=grid&order=name&limit=15&page=3" "Mozilla/5.0 (Windows NT 10.0; WOW64; Trident/7.0; rv:11.0) like Gecko"
80.122.222.62 - - [12/Dec/2020:00:02:15 +0100] "GET /reload?ser=1607727739282 HTTP/1.1" 200 28 "http://renault.activities.at/10201442?cat=10260260" "Mozilla/5.0 (Windows NT 10.0; WOW64; Trident/7.0; rv:11.0) like Gecko"
82.135.5.126 - - [12/Dec/2020:00:02:51 +0100] "GET /reload?ser=1607727771386 HTTP/1.1" 200 28 "http://renault.activities.at/10201634?dir=DESC&mode=grid&order=name&limit=15&page=3" "Mozilla/5.0 (Windows NT 10.0; WOW64; Trident/7.0; rv:11.0) like Gecko"
80.122.222.62 - - [12/Dec/2020:00:03:16 +0100] "GET /reload?ser=1607727800264 HTTP/1.1" 200 28 "http://renault.activities.at/10201442?cat=10260260" "Mozilla/5.0 (Windows NT 10.0; WOW64; Trident/7.0; rv:11.0) like Gecko"
82.135.5.126 - - [12/Dec/2020:00:03:52 +0100] "GET /reload?ser=1607727832359 HTTP/1.1" 200 28 "http://renault.activities.at/10201634?dir=DESC&mode=grid&order=name&limit=15&page=3" "Mozilla/5.0 (Windows NT 10.0; WOW64; Trident/7.0; rv:11.0) like Gecko"
80.122.222.62 - - [12/Dec/2020:00:04:17 +0100] "GET /reload?ser=1607727861232 HTTP/1.1" 200 28 "http://renault.activities.at/10201442?cat=10260260" "Mozilla/5.0 (Windows NT 10.0; WOW64; Trident/7.0; rv:11.0) like Gecko"
80.122.222.62 - - [12/Dec/2020:00:05:18 +0100] "GET /reload?ser=1607727922228 HTTP/1.1" 200 28 "http://renault.activities.at/10201442?cat=10260260" "Mozilla/5.0 (Windows NT 10.0; WOW64; Trident/7.0; rv:11.0) like Gecko"
80.122.222.62 - - [12/Dec/2020:00:06:19 +0100] "GET /reload?ser=1607727983226 HTTP/1.1" 200 28 "http://renault.activities.at/10201442?cat=10260260" "Mozilla/5.0 (Windows NT 10.0; WOW64; Trident/7.0; rv:11.0) like Gecko"
80.122.222.62 - - [12/Dec/2020:00:07:20 +0100] "GET /reload?ser=1607728044208 HTTP/1.1" 200 28 "http://renault.activities.at/10201442?cat=10260260" "Mozilla/5.0 (Windows NT 10.0; WOW64; Trident/7.0; rv:11.0) like Gecko"
80.122.222.62 - - [12/Dec/2020:00:08:21 +0100] "GET /reload?ser=1607728105206 HTTP/1.1" 200 28 "http://renault.activities.at/10201442?cat=10260260" "Mozilla/5.0 (Windows NT 10.0; WOW64; Trident/7.0; rv:11.0) like Gecko"
80.122.222.62 - - [12/Dec/2020:00:09:22 +0100] "GET /reload?ser=1607728166173 HTTP/1.1" 200 28 "http://renault.activities.at/10201442?cat=10260260" "Mozilla/5.0 (Windows NT 10.0; WOW64; Trident/7.0; rv:11.0) like Gecko"
80.122.222.62 - - [12/Dec/2020:00:10:23 +0100] "GET /reload?ser=1607728227172 HTTP/1.1" 200 28 "http://renault.activities.at/10201442?cat=10260260" "Mozilla/5.0 (Windows NT 10.0; WOW64; Trident/7.0; rv:11.0) like Gecko"
80.122.222.62 - - [12/Dec/2020:00:11:24 +0100] "GET /reload?ser=1607728288137 HTTP/1.1" 200 28 "http://renault.activities.at/10201442?cat=10260260" "Mozilla/5.0 (Windows NT 10.0; WOW64; Trident/7.0; rv:11.0) like Gecko"
80.122.222.62 - - [12/Dec/2020:00:12:25 +0100] "GET /reload?ser=1607728349119 HTTP/1.1" 200 28 "http://renault.activities.at/10201442?cat=10260260" "Mozilla/5.0 (Windows NT 10.0; WOW64; Trident/7.0; rv:11.0) like Gecko"
80.122.222.62 - - [12/Dec/2020:00:13:26 +0100] "GET /reload?ser=1607728410101 HTTP/1.1" 200 28 "http://renault.activities.at/10201442?cat=10260260" "Mozilla/5.0 (Windows NT 10.0; WOW64; Trident/7.0; rv:11.0) like Gecko"
80.122.222.62 - - [12/Dec/2020:00:14:27 +0100] "GET /reload?ser=1607728471099 HTTP/1.1" 200 28 "http://renault.activities.at/10201442?cat=10260260" "Mozilla/5.0 (Windows NT 10.0; WOW64; Trident/7.0; rv:11.0) like Gecko"
80.122.222.62 - - [12/Dec/2020:00:15:28 +0100] "GET /reload?ser=1607728532081 HTTP/1.1" 200 28 "http://renault.activities.at/10201442?cat=10260260" "Mozilla/5.0 (Windows NT 10.0; WOW64; Trident/7.0; rv:11.0) like Gecko"
80.122.222.62 - - [12/Dec/2020:00:16:29 +0100] "GET /reload?ser=1607728593079 HTTP/1.1" 200 28 "http://renault.activities.at/10201442?cat=10260260" "Mozilla/5.0 (Windows NT 10.0; WOW64; Trident/7.0; rv:11.0) like Gecko"
80.122.222.62 - - [12/Dec/2020:00:17:30 +0100] "GET /reload?ser=1607728654046 HTTP/1.1" 200 28 "http://renault.activities.at/10201442?cat=10260260" "Mozilla/5.0 (Windows NT 10.0; WOW64; Trident/7.0; rv:11.0) like Gecko"
80.122.222.62 - - [12/Dec/2020:00:18:31 +0100] "GET /reload?ser=1607728715044 HTTP/1.1" 200 28 "http://renault.activities.at/10201442?cat=10260260" "Mozilla/5.0 (Windows NT 10.0; WOW64; Trident/7.0; rv:11.0) like Gecko"
66.249.64.157 - - [12/Dec/2020:00:18:36 +0100] "GET / HTTP/1.1" 200 3273 "-" "Mozilla/5.0 (Linux; Android 6.0.1; Nexus 5X Build/MMB29P) AppleWebKit/537.36 (KHTML, like Gecko) Chrome/87.0.4280.90 Mobile Safari/537.36 (compatible; Googlebot/2.1; +http://www.google.com/bot.html)"
80.122.222.62 - - [12/Dec/2020:00:19:32 +0100] "GET /reload?ser=1607728776026 HTTP/1.1" 200 28 "http://renault.activities.at/10201442?cat=10260260" "Mozilla/5.0 (Windows NT 10.0; WOW64; Trident/7.0; rv:11.0) like Gecko"
80.122.222.62 - - [12/Dec/2020:00:20:33 +0100] "GET /reload?ser=1607728837008 HTTP/1.1" 200 28 "http://renault.activities.at/10201442?cat=10260260" "Mozilla/5.0 (Windows NT 10.0; WOW64; Trident/7.0; rv:11.0) like Gecko"
80.122.222.62 - - [12/Dec/2020:00:21:34 +0100] "GET /reload?ser=1607728898021 HTTP/1.1" 200 28 "http://renault.activities.at/10201442?cat=10260260" "Mozilla/5.0 (Windows NT 10.0; WOW64; Trident/7.0; rv:11.0) like Gecko"
80.122.222.62 - - [12/Dec/2020:00:22:35 +0100] "GET /reload?ser=1607728959020 HTTP/1.1" 200 28 "http://renault.activities.at/10201442?cat=10260260" "Mozilla/5.0 (Windows NT 10.0; WOW64; Trident/7.0; rv:11.0) like Gecko"
80.122.222.62 - - [12/Dec/2020:00:23:36 +0100] "GET /reload?ser=1607729020157 HTTP/1.1" 200 28 "http://renault.activities.at/10201442?cat=10260260" "Mozilla/5.0 (Windows NT 10.0; WOW64; Trident/7.0; rv:11.0) like Gecko"
80.122.222.62 - - [12/Dec/2020:00:24:37 +0100] "GET /reload?ser=1607729081155 HTTP/1.1" 200 28 "http://renault.activities.at/10201442?cat=10260260" "Mozilla/5.0 (Windows NT 10.0; WOW64; Trident/7.0; rv:11.0) like Gecko"
80.122.222.62 - - [12/Dec/2020:00:25:38 +0100] "GET /reload?ser=1607729142153 HTTP/1.1" 200 28 "http://renault.activities.at/10201442?cat=10260260" "Mozilla/5.0 (Windows NT 10.0; WOW64; Trident/7.0; rv:11.0) like Gecko"
80.122.222.62 - - [12/Dec/2020:00:26:39 +0100] "GET /reload?ser=1607729203135 HTTP/1.1" 200 28 "http://renault.activities.at/10201442?cat=10260260" "Mozilla/5.0 (Windows NT 10.0; WOW64; Trident/7.0; rv:11.0) like Gecko"
80.122.222.62 - - [12/Dec/2020:00:27:40 +0100] "GET /reload?ser=1607729264101 HTTP/1.1" 200 28 "http://renault.activities.at/10201442?cat=10260260" "Mozilla/5.0 (Windows NT 10.0; WOW64; Trident/7.0; rv:11.0) like Gecko"
80.122.222.62 - - [12/Dec/2020:00:28:41 +0100] "GET /reload?ser=1607729325069 HTTP/1.1" 200 28 "http://renault.activities.at/10201442?cat=10260260" "Mozilla/5.0 (Windows NT 10.0; WOW64; Trident/7.0; rv:11.0) like Gecko"
80.122.222.62 - - [12/Dec/2020:00:29:42 +0100] "GET /reload?ser=1607729386066 HTTP/1.1" 200 28 "http://renault.activities.at/10201442?cat=10260260" "Mozilla/5.0 (Windows NT 10.0; WOW64; Trident/7.0; rv:11.0) like Gecko"
80.122.222.62 - - [12/Dec/2020:00:30:43 +0100] "GET /reload?ser=1607729447049 HTTP/1.1" 200 28 "http://renault.activities.at/10201442?cat=10260260" "Mozilla/5.0 (Windows NT 10.0; WOW64; Trident/7.0; rv:11.0) like Gecko"
80.122.222.62 - - [12/Dec/2020:00:31:44 +0100] "GET /reload?ser=1607729508015 HTTP/1.1" 200 28 "http://renault.activities.at/10201442?cat=10260260" "Mozilla/5.0 (Windows NT 10.0; WOW64; Trident/7.0; rv:11.0) like Gecko"
80.122.222.62 - - [12/Dec/2020:00:32:45 +0100] "GET /reload?ser=1607729569012 HTTP/1.1" 200 28 "http://renault.activities.at/10201442?cat=10260260" "Mozilla/5.0 (Windows NT 10.0; WOW64; Trident/7.0; rv:11.0) like Gecko"
80.122.222.62 - - [12/Dec/2020:00:33:45 +0100] "GET /reload?ser=1607729629996 HTTP/1.1" 200 28 "http://renault.activities.at/10201442?cat=10260260" "Mozilla/5.0 (Windows NT 10.0; WOW64; Trident/7.0; rv:11.0) like Gecko"
80.122.222.62 - - [12/Dec/2020:00:34:46 +0100] "GET /reload?ser=1607729690993 HTTP/1.1" 200 28 "http://renault.activities.at/10201442?cat=10260260" "Mozilla/5.0 (Windows NT 10.0; WOW64; Trident/7.0; rv:11.0) like Gecko"
80.122.222.62 - - [12/Dec/2020:00:35:47 +0100] "GET /reload?ser=1607729751990 HTTP/1.1" 200 28 "http://renault.activities.at/10201442?cat=10260260" "Mozilla/5.0 (Windows NT 10.0; WOW64; Trident/7.0; rv:11.0) like Gecko"
80.122.222.62 - - [12/Dec/2020:00:36:48 +0100] "GET /reload?ser=1607729812988 HTTP/1.1" 200 28 "http://renault.activities.at/10201442?cat=10260260" "Mozilla/5.0 (Windows NT 10.0; WOW64; Trident/7.0; rv:11.0) like Gecko"
80.122.222.62 - - [12/Dec/2020:00:37:49 +0100] "GET /reload?ser=1607729873971 HTTP/1.1" 200 28 "http://renault.activities.at/10201442?cat=10260260" "Mozilla/5.0 (Windows NT 10.0; WOW64; Trident/7.0; rv:11.0) like Gecko"
80.122.222.62 - - [12/Dec/2020:00:38:50 +0100] "GET /reload?ser=1607729934937 HTTP/1.1" 200 28 "http://renault.activities.at/10201442?cat=10260260" "Mozilla/5.0 (Windows NT 10.0; WOW64; Trident/7.0; rv:11.0) like Gecko"
80.122.222.62 - - [12/Dec/2020:00:39:51 +0100] "GET /reload?ser=1607729995951 HTTP/1.1" 200 28 "http://renault.activities.at/10201442?cat=10260260" "Mozilla/5.0 (Windows NT 10.0; WOW64; Trident/7.0; rv:11.0) like Gecko"
80.122.222.62 - - [12/Dec/2020:00:40:52 +0100] "GET /reload?ser=1607730057011 HTTP/1.1" 200 28 "http://renault.activities.at/10201442?cat=10260260" "Mozilla/5.0 (Windows NT 10.0; WOW64; Trident/7.0; rv:11.0) like Gecko"
80.122.222.62 - - [12/Dec/2020:00:41:53 +0100] "GET /reload?ser=1607730118008 HTTP/1.1" 200 28 "http://renault.activities.at/10201442?cat=10260260" "Mozilla/5.0 (Windows NT 10.0; WOW64; Trident/7.0; rv:11.0) like Gecko"
80.122.222.62 - - [12/Dec/2020:00:42:54 +0100] "GET /reload?ser=1607730179006 HTTP/1.1" 200 28 "http://renault.activities.at/10201442?cat=10260260" "Mozilla/5.0 (Windows NT 10.0; WOW64; Trident/7.0; rv:11.0) like Gecko"
80.122.222.62 - - [12/Dec/2020:00:43:55 +0100] "GET /reload?ser=1607730240020 HTTP/1.1" 200 28 "http://renault.activities.at/10201442?cat=10260260" "Mozilla/5.0 (Windows NT 10.0; WOW64; Trident/7.0; rv:11.0) like Gecko"
80.122.222.62 - - [12/Dec/2020:00:44:56 +0100] "GET /reload?ser=1607730301018 HTTP/1.1" 200 28 "http://renault.activities.at/10201442?cat=10260260" "Mozilla/5.0 (Windows NT 10.0; WOW64; Trident/7.0; rv:11.0) like Gecko"
80.122.222.62 - - [12/Dec/2020:00:45:57 +0100] "GET /reload?ser=1607730361984 HTTP/1.1" 200 28 "http://renault.activities.at/10201442?cat=10260260" "Mozilla/5.0 (Windows NT 10.0; WOW64; Trident/7.0; rv:11.0) like Gecko"
80.122.222.62 - - [12/Dec/2020:00:46:58 +0100] "GET /reload?ser=1607730422967 HTTP/1.1" 200 28 "http://renault.activities.at/10201442?cat=10260260" "Mozilla/5.0 (Windows NT 10.0; WOW64; Trident/7.0; rv:11.0) like Gecko"
80.122.222.62 - - [12/Dec/2020:00:47:59 +0100] "GET /reload?ser=1607730483949 HTTP/1.1" 200 28 "http://renault.activities.at/10201442?cat=10260260" "Mozilla/5.0 (Windows NT 10.0; WOW64; Trident/7.0; rv:11.0) like Gecko"
80.122.222.62 - - [12/Dec/2020:00:49:00 +0100] "GET /reload?ser=1607730544915 HTTP/1.1" 200 28 "http://renault.activities.at/10201442?cat=10260260" "Mozilla/5.0 (Windows NT 10.0; WOW64; Trident/7.0; rv:11.0) like Gecko"
80.122.222.62 - - [12/Dec/2020:00:50:01 +0100] "GET /reload?ser=1607730605897 HTTP/1.1" 200 28 "http://renault.activities.at/10201442?cat=10260260" "Mozilla/5.0 (Windows NT 10.0; WOW64; Trident/7.0; rv:11.0) like Gecko"
80.122.222.62 - - [12/Dec/2020:00:51:02 +0100] "GET /reload?ser=1607730666880 HTTP/1.1" 200 28 "http://renault.activities.at/10201442?cat=10260260" "Mozilla/5.0 (Windows NT 10.0; WOW64; Trident/7.0; rv:11.0) like Gecko"
80.122.222.62 - - [12/Dec/2020:00:52:03 +0100] "GET /reload?ser=1607730727862 HTTP/1.1" 200 28 "http://renault.activities.at/10201442?cat=10260260" "Mozilla/5.0 (Windows NT 10.0; WOW64; Trident/7.0; rv:11.0) like Gecko"
80.122.222.62 - - [12/Dec/2020:00:53:04 +0100] "GET /reload?ser=1607730788844 HTTP/1.1" 200 28 "http://renault.activities.at/10201442?cat=10260260" "Mozilla/5.0 (Windows NT 10.0; WOW64; Trident/7.0; rv:11.0) like Gecko"
80.122.222.62 - - [12/Dec/2020:00:54:05 +0100] "GET /reload?ser=1607730849827 HTTP/1.1" 200 28 "http://renault.activities.at/10201442?cat=10260260" "Mozilla/5.0 (Windows NT 10.0; WOW64; Trident/7.0; rv:11.0) like Gecko"
80.122.222.62 - - [12/Dec/2020:00:55:06 +0100] "GET /reload?ser=1607730910793 HTTP/1.1" 200 28 "http://renault.activities.at/10201442?cat=10260260" "Mozilla/5.0 (Windows NT 10.0; WOW64; Trident/7.0; rv:11.0) like Gecko"
80.122.222.62 - - [12/Dec/2020:00:56:07 +0100] "GET /reload?ser=1607730971775 HTTP/1.1" 200 28 "http://renault.activities.at/10201442?cat=10260260" "Mozilla/5.0 (Windows NT 10.0; WOW64; Trident/7.0; rv:11.0) like Gecko"
80.122.222.62 - - [12/Dec/2020:00:57:08 +0100] "GET /reload?ser=1607731032774 HTTP/1.1" 200 28 "http://renault.activities.at/10201442?cat=10260260" "Mozilla/5.0 (Windows NT 10.0; WOW64; Trident/7.0; rv:11.0) like Gecko"
80.122.222.62 - - [12/Dec/2020:00:58:09 +0100] "GET /reload?ser=1607731093786 HTTP/1.1" 200 28 "http://renault.activities.at/10201442?cat=10260260" "Mozilla/5.0 (Windows NT 10.0; WOW64; Trident/7.0; rv:11.0) like Gecko"
80.122.222.62 - - [12/Dec/2020:00:59:10 +0100] "GET /reload?ser=1607731154769 HTTP/1.1" 200 28 "http://renault.activities.at/10201442?cat=10260260" "Mozilla/5.0 (Windows NT 10.0; WOW64; Trident/7.0; rv:11.0) like Gecko"