138.21.12.28 - - [04/Jan/2021:14:01:24 +0100] "GET /reload?ser=1609765283633 HTTP/1.1" 200 28 "http://renault.2web.at/result?searchterm=true&search=pos57" "Mozilla/5.0 (Windows NT 10.0; Win64; x64) AppleWebKit/537.36 (KHTML, like Gecko) Chrome/87.0.4280.88 Safari/537.36"
82.135.5.126 - - [04/Jan/2021:14:01:59 +0100] "GET /reload?ser=1609765319448 HTTP/1.1" 200 28 "http://renault.activities.at/result?searchterm=true&search=mal" "Mozilla/5.0 (Windows NT 10.0; WOW64; Trident/7.0; rv:11.0) like Gecko"
138.21.12.28 - - [04/Jan/2021:14:02:26 +0100] "GET /reload?ser=1609765345638 HTTP/1.1" 200 28 "http://renault.2web.at/result?searchterm=true&search=pos57" "Mozilla/5.0 (Windows NT 10.0; Win64; x64) AppleWebKit/537.36 (KHTML, like Gecko) Chrome/87.0.4280.88 Safari/537.36"
82.135.5.126 - - [04/Jan/2021:14:03:00 +0100] "GET /reload?ser=1609765380436 HTTP/1.1" 200 28 "http://renault.activities.at/result?searchterm=true&search=mal" "Mozilla/5.0 (Windows NT 10.0; WOW64; Trident/7.0; rv:11.0) like Gecko"
138.21.12.28 - - [04/Jan/2021:14:03:28 +0100] "GET /reload?ser=1609765407644 HTTP/1.1" 200 28 "http://renault.2web.at/result?searchterm=true&search=pos57" "Mozilla/5.0 (Windows NT 10.0; Win64; x64) AppleWebKit/537.36 (KHTML, like Gecko) Chrome/87.0.4280.88 Safari/537.36"
82.135.5.126 - - [04/Jan/2021:14:04:01 +0100] "GET /reload?ser=1609765441405 HTTP/1.1" 200 28 "http://renault.activities.at/result?searchterm=true&search=mal" "Mozilla/5.0 (Windows NT 10.0; WOW64; Trident/7.0; rv:11.0) like Gecko"
138.21.12.28 - - [04/Jan/2021:14:04:30 +0100] "GET /reload?ser=1609765469644 HTTP/1.1" 200 28 "http://renault.2web.at/result?searchterm=true&search=pos57" "Mozilla/5.0 (Windows NT 10.0; Win64; x64) AppleWebKit/537.36 (KHTML, like Gecko) Chrome/87.0.4280.88 Safari/537.36"
82.135.5.126 - - [04/Jan/2021:14:05:02 +0100] "GET /reload?ser=1609765502410 HTTP/1.1" 200 28 "http://renault.activities.at/result?searchterm=true&search=mal" "Mozilla/5.0 (Windows NT 10.0; WOW64; Trident/7.0; rv:11.0) like Gecko"
138.21.12.28 - - [04/Jan/2021:14:05:32 +0100] "GET /reload?ser=1609765531653 HTTP/1.1" 200 28 "http://renault.2web.at/result?searchterm=true&search=pos57" "Mozilla/5.0 (Windows NT 10.0; Win64; x64) AppleWebKit/537.36 (KHTML, like Gecko) Chrome/87.0.4280.88 Safari/537.36"
82.135.5.126 - - [04/Jan/2021:14:06:03 +0100] "GET /reload?ser=1609765563494 HTTP/1.1" 200 28 "http://renault.activities.at/result?searchterm=true&search=mal" "Mozilla/5.0 (Windows NT 10.0; WOW64; Trident/7.0; rv:11.0) like Gecko"
138.21.12.28 - - [04/Jan/2021:14:06:34 +0100] "GET /reload?ser=1609765593652 HTTP/1.1" 200 28 "http://renault.2web.at/result?searchterm=true&search=pos57" "Mozilla/5.0 (Windows NT 10.0; Win64; x64) AppleWebKit/537.36 (KHTML, like Gecko) Chrome/87.0.4280.88 Safari/537.36"
82.135.5.126 - - [04/Jan/2021:14:07:04 +0100] "GET /reload?ser=1609765624480 HTTP/1.1" 200 28 "http://renault.activities.at/result?searchterm=true&search=mal" "Mozilla/5.0 (Windows NT 10.0; WOW64; Trident/7.0; rv:11.0) like Gecko"
138.21.12.28 - - [04/Jan/2021:14:07:36 +0100] "GET /reload?ser=1609765655657 HTTP/1.1" 200 28 "http://renault.2web.at/result?searchterm=true&search=pos57" "Mozilla/5.0 (Windows NT 10.0; Win64; x64) AppleWebKit/537.36 (KHTML, like Gecko) Chrome/87.0.4280.88 Safari/537.36"
82.135.5.126 - - [04/Jan/2021:14:08:05 +0100] "GET /reload?ser=1609765685470 HTTP/1.1" 200 28 "http://renault.activities.at/result?searchterm=true&search=mal" "Mozilla/5.0 (Windows NT 10.0; WOW64; Trident/7.0; rv:11.0) like Gecko"
138.21.12.28 - - [04/Jan/2021:14:08:38 +0100] "GET /reload?ser=1609765717655 HTTP/1.1" 200 28 "http://renault.2web.at/result?searchterm=true&search=pos57" "Mozilla/5.0 (Windows NT 10.0; Win64; x64) AppleWebKit/537.36 (KHTML, like Gecko) Chrome/87.0.4280.88 Safari/537.36"
82.135.5.126 - - [04/Jan/2021:14:09:06 +0100] "GET /reload?ser=1609765746445 HTTP/1.1" 200 28 "http://renault.activities.at/result?searchterm=true&search=mal" "Mozilla/5.0 (Windows NT 10.0; WOW64; Trident/7.0; rv:11.0) like Gecko"
138.21.12.28 - - [04/Jan/2021:14:09:40 +0100] "GET /reload?ser=1609765779668 HTTP/1.1" 200 28 "http://renault.2web.at/result?searchterm=true&search=pos57" "Mozilla/5.0 (Windows NT 10.0; Win64; x64) AppleWebKit/537.36 (KHTML, like Gecko) Chrome/87.0.4280.88 Safari/537.36"
82.135.5.126 - - [04/Jan/2021:14:10:07 +0100] "GET /reload?ser=1609765807431 HTTP/1.1" 200 28 "http://renault.activities.at/result?searchterm=true&search=mal" "Mozilla/5.0 (Windows NT 10.0; WOW64; Trident/7.0; rv:11.0) like Gecko"
138.21.12.28 - - [04/Jan/2021:14:10:42 +0100] "GET /reload?ser=1609765841658 HTTP/1.1" 200 28 "http://renault.2web.at/result?searchterm=true&search=pos57" "Mozilla/5.0 (Windows NT 10.0; Win64; x64) AppleWebKit/537.36 (KHTML, like Gecko) Chrome/87.0.4280.88 Safari/537.36"
82.135.5.126 - - [04/Jan/2021:14:11:08 +0100] "GET /reload?ser=1609765868431 HTTP/1.1" 200 28 "http://renault.activities.at/result?searchterm=true&search=mal" "Mozilla/5.0 (Windows NT 10.0; WOW64; Trident/7.0; rv:11.0) like Gecko"
138.21.12.28 - - [04/Jan/2021:14:11:44 +0100] "GET /reload?ser=1609765903719 HTTP/1.1" 200 28 "http://renault.2web.at/result?searchterm=true&search=pos57" "Mozilla/5.0 (Windows NT 10.0; Win64; x64) AppleWebKit/537.36 (KHTML, like Gecko) Chrome/87.0.4280.88 Safari/537.36"
82.135.5.126 - - [04/Jan/2021:14:12:09 +0100] "GET /reload?ser=1609765929410 HTTP/1.1" 200 28 "http://renault.activities.at/result?searchterm=true&search=mal" "Mozilla/5.0 (Windows NT 10.0; WOW64; Trident/7.0; rv:11.0) like Gecko"
138.21.12.28 - - [04/Jan/2021:14:12:46 +0100] "GET /reload?ser=1609765965665 HTTP/1.1" 200 28 "http://renault.2web.at/result?searchterm=true&search=pos57" "Mozilla/5.0 (Windows NT 10.0; Win64; x64) AppleWebKit/537.36 (KHTML, like Gecko) Chrome/87.0.4280.88 Safari/537.36"
82.135.5.126 - - [04/Jan/2021:14:13:10 +0100] "GET /reload?ser=1609765990401 HTTP/1.1" 200 28 "http://renault.activities.at/result?searchterm=true&search=mal" "Mozilla/5.0 (Windows NT 10.0; WOW64; Trident/7.0; rv:11.0) like Gecko"
138.21.12.28 - - [04/Jan/2021:14:13:48 +0100] "GET /reload?ser=1609766027665 HTTP/1.1" 200 28 "http://renault.2web.at/result?searchterm=true&search=pos57" "Mozilla/5.0 (Windows NT 10.0; Win64; x64) AppleWebKit/537.36 (KHTML, like Gecko) Chrome/87.0.4280.88 Safari/537.36"
82.135.5.126 - - [04/Jan/2021:14:14:11 +0100] "GET /reload?ser=1609766051513 HTTP/1.1" 200 28 "http://renault.activities.at/result?searchterm=true&search=mal" "Mozilla/5.0 (Windows NT 10.0; WOW64; Trident/7.0; rv:11.0) like Gecko"
138.21.12.28 - - [04/Jan/2021:14:14:50 +0100] "GET /reload?ser=1609766089668 HTTP/1.1" 200 28 "http://renault.2web.at/result?searchterm=true&search=pos57" "Mozilla/5.0 (Windows NT 10.0; Win64; x64) AppleWebKit/537.36 (KHTML, like Gecko) Chrome/87.0.4280.88 Safari/537.36"
82.135.5.126 - - [04/Jan/2021:14:15:12 +0100] "GET /reload?ser=1609766112494 HTTP/1.1" 200 28 "http://renault.activities.at/result?searchterm=true&search=mal" "Mozilla/5.0 (Windows NT 10.0; WOW64; Trident/7.0; rv:11.0) like Gecko"
138.21.12.28 - - [04/Jan/2021:14:15:52 +0100] "GET /reload?ser=1609766151669 HTTP/1.1" 200 28 "http://renault.2web.at/result?searchterm=true&search=pos57" "Mozilla/5.0 (Windows NT 10.0; Win64; x64) AppleWebKit/537.36 (KHTML, like Gecko) Chrome/87.0.4280.88 Safari/537.36"
82.135.5.126 - - [04/Jan/2021:14:16:13 +0100] "GET /reload?ser=1609766173481 HTTP/1.1" 200 28 "http://renault.activities.at/result?searchterm=true&search=mal" "Mozilla/5.0 (Windows NT 10.0; WOW64; Trident/7.0; rv:11.0) like Gecko"
138.21.12.28 - - [04/Jan/2021:14:16:54 +0100] "GET /reload?ser=1609766213670 HTTP/1.1" 200 28 "http://renault.2web.at/result?searchterm=true&search=pos57" "Mozilla/5.0 (Windows NT 10.0; Win64; x64) AppleWebKit/537.36 (KHTML, like Gecko) Chrome/87.0.4280.88 Safari/537.36"
82.135.5.126 - - [04/Jan/2021:14:17:14 +0100] "GET /reload?ser=1609766234466 HTTP/1.1" 200 28 "http://renault.activities.at/result?searchterm=true&search=mal" "Mozilla/5.0 (Windows NT 10.0; WOW64; Trident/7.0; rv:11.0) like Gecko"
138.21.12.28 - - [04/Jan/2021:14:17:56 +0100] "GET /reload?ser=1609766275673 HTTP/1.1" 200 28 "http://renault.2web.at/result?searchterm=true&search=pos57" "Mozilla/5.0 (Windows NT 10.0; Win64; x64) AppleWebKit/537.36 (KHTML, like Gecko) Chrome/87.0.4280.88 Safari/537.36"
82.135.5.126 - - [04/Jan/2021:14:18:15 +0100] "GET /reload?ser=1609766295441 HTTP/1.1" 200 28 "http://renault.activities.at/result?searchterm=true&search=mal" "Mozilla/5.0 (Windows NT 10.0; WOW64; Trident/7.0; rv:11.0) like Gecko"
138.21.12.28 - - [04/Jan/2021:14:18:58 +0100] "GET /reload?ser=1609766337672 HTTP/1.1" 200 28 "http://renault.2web.at/result?searchterm=true&search=pos57" "Mozilla/5.0 (Windows NT 10.0; Win64; x64) AppleWebKit/537.36 (KHTML, like Gecko) Chrome/87.0.4280.88 Safari/537.36"
82.135.5.126 - - [04/Jan/2021:14:19:16 +0100] "GET /reload?ser=1609766356440 HTTP/1.1" 200 28 "http://renault.activities.at/result?searchterm=true&search=mal" "Mozilla/5.0 (Windows NT 10.0; WOW64; Trident/7.0; rv:11.0) like Gecko"
138.21.12.28 - - [04/Jan/2021:14:20:00 +0100] "GET /reload?ser=1609766399673 HTTP/1.1" 200 28 "http://renault.2web.at/result?searchterm=true&search=pos57" "Mozilla/5.0 (Windows NT 10.0; Win64; x64) AppleWebKit/537.36 (KHTML, like Gecko) Chrome/87.0.4280.88 Safari/537.36"
82.135.5.126 - - [04/Jan/2021:14:20:17 +0100] "GET /reload?ser=1609766417437 HTTP/1.1" 200 28 "http://renault.activities.at/result?searchterm=true&search=mal" "Mozilla/5.0 (Windows NT 10.0; WOW64; Trident/7.0; rv:11.0) like Gecko"
138.21.12.28 - - [04/Jan/2021:14:21:02 +0100] "GET /reload?ser=1609766461674 HTTP/1.1" 200 28 "http://renault.2web.at/result?searchterm=true&search=pos57" "Mozilla/5.0 (Windows NT 10.0; Win64; x64) AppleWebKit/537.36 (KHTML, like Gecko) Chrome/87.0.4280.88 Safari/537.36"
82.135.5.126 - - [04/Jan/2021:14:21:18 +0100] "GET /reload?ser=1609766478429 HTTP/1.1" 200 28 "http://renault.activities.at/result?searchterm=true&search=mal" "Mozilla/5.0 (Windows NT 10.0; WOW64; Trident/7.0; rv:11.0) like Gecko"
138.21.12.28 - - [04/Jan/2021:14:22:04 +0100] "GET /reload?ser=1609766523676 HTTP/1.1" 200 28 "http://renault.2web.at/result?searchterm=true&search=pos57" "Mozilla/5.0 (Windows NT 10.0; Win64; x64) AppleWebKit/537.36 (KHTML, like Gecko) Chrome/87.0.4280.88 Safari/537.36"
82.135.5.126 - - [04/Jan/2021:14:22:19 +0100] "GET /reload?ser=1609766539417 HTTP/1.1" 200 28 "http://renault.activities.at/result?searchterm=true&search=mal" "Mozilla/5.0 (Windows NT 10.0; WOW64; Trident/7.0; rv:11.0) like Gecko"
138.21.12.28 - - [04/Jan/2021:14:23:06 +0100] "GET /reload?ser=1609766585676 HTTP/1.1" 200 28 "http://renault.2web.at/result?searchterm=true&search=pos57" "Mozilla/5.0 (Windows NT 10.0; Win64; x64) AppleWebKit/537.36 (KHTML, like Gecko) Chrome/87.0.4280.88 Safari/537.36"
82.135.5.126 - - [04/Jan/2021:14:23:20 +0100] "GET /reload?ser=1609766600385 HTTP/1.1" 200 28 "http://renault.activities.at/result?searchterm=true&search=mal" "Mozilla/5.0 (Windows NT 10.0; WOW64; Trident/7.0; rv:11.0) like Gecko"
138.21.12.28 - - [04/Jan/2021:14:24:08 +0100] "GET /reload?ser=1609766647682 HTTP/1.1" 200 28 "http://renault.2web.at/result?searchterm=true&search=pos57" "Mozilla/5.0 (Windows NT 10.0; Win64; x64) AppleWebKit/537.36 (KHTML, like Gecko) Chrome/87.0.4280.88 Safari/537.36"
82.135.5.126 - - [04/Jan/2021:14:24:21 +0100] "GET /reload?ser=1609766661339 HTTP/1.1" 200 28 "http://renault.activities.at/result?searchterm=true&search=mal" "Mozilla/5.0 (Windows NT 10.0; WOW64; Trident/7.0; rv:11.0) like Gecko"
138.21.12.28 - - [04/Jan/2021:14:25:10 +0100] "GET /reload?ser=1609766709685 HTTP/1.1" 200 28 "http://renault.2web.at/result?searchterm=true&search=pos57" "Mozilla/5.0 (Windows NT 10.0; Win64; x64) AppleWebKit/537.36 (KHTML, like Gecko) Chrome/87.0.4280.88 Safari/537.36"
82.135.5.126 - - [04/Jan/2021:14:25:22 +0100] "GET /reload?ser=1609766722326 HTTP/1.1" 200 28 "http://renault.activities.at/result?searchterm=true&search=mal" "Mozilla/5.0 (Windows NT 10.0; WOW64; Trident/7.0; rv:11.0) like Gecko"
138.21.12.28 - - [04/Jan/2021:14:26:12 +0100] "GET /reload?ser=1609766772021 HTTP/1.1" 200 28 "http://renault.2web.at/result?searchterm=true&search=pos57" "Mozilla/5.0 (Windows NT 10.0; Win64; x64) AppleWebKit/537.36 (KHTML, like Gecko) Chrome/87.0.4280.88 Safari/537.36"
82.135.5.126 - - [04/Jan/2021:14:26:23 +0100] "GET /reload?ser=1609766783315 HTTP/1.1" 200 28 "http://renault.activities.at/result?searchterm=true&search=mal" "Mozilla/5.0 (Windows NT 10.0; WOW64; Trident/7.0; rv:11.0) like Gecko"
138.21.12.28 - - [04/Jan/2021:14:27:14 +0100] "GET /reload?ser=1609766833681 HTTP/1.1" 200 28 "http://renault.2web.at/result?searchterm=true&search=pos57" "Mozilla/5.0 (Windows NT 10.0; Win64; x64) AppleWebKit/537.36 (KHTML, like Gecko) Chrome/87.0.4280.88 Safari/537.36"
82.135.5.126 - - [04/Jan/2021:14:27:24 +0100] "GET /reload?ser=1609766844277 HTTP/1.1" 200 28 "http://renault.activities.at/result?searchterm=true&search=mal" "Mozilla/5.0 (Windows NT 10.0; WOW64; Trident/7.0; rv:11.0) like Gecko"
138.21.12.28 - - [04/Jan/2021:14:28:16 +0100] "GET /reload?ser=1609766895680 HTTP/1.1" 200 28 "http://renault.2web.at/result?searchterm=true&search=pos57" "Mozilla/5.0 (Windows NT 10.0; Win64; x64) AppleWebKit/537.36 (KHTML, like Gecko) Chrome/87.0.4280.88 Safari/537.36"
82.135.5.126 - - [04/Jan/2021:14:28:25 +0100] "GET /reload?ser=1609766905489 HTTP/1.1" 200 28 "http://renault.activities.at/result?searchterm=true&search=mal" "Mozilla/5.0 (Windows NT 10.0; WOW64; Trident/7.0; rv:11.0) like Gecko"
138.21.12.28 - - [04/Jan/2021:14:29:18 +0100] "GET /reload?ser=1609766957682 HTTP/1.1" 200 28 "http://renault.2web.at/result?searchterm=true&search=pos57" "Mozilla/5.0 (Windows NT 10.0; Win64; x64) AppleWebKit/537.36 (KHTML, like Gecko) Chrome/87.0.4280.88 Safari/537.36"
82.135.5.126 - - [04/Jan/2021:14:29:26 +0100] "GET /reload?ser=1609766966602 HTTP/1.1" 200 28 "http://renault.activities.at/result?searchterm=true&search=mal" "Mozilla/5.0 (Windows NT 10.0; WOW64; Trident/7.0; rv:11.0) like Gecko"
138.21.12.28 - - [04/Jan/2021:14:30:20 +0100] "GET /reload?ser=1609767019685 HTTP/1.1" 200 28 "http://renault.2web.at/result?searchterm=true&search=pos57" "Mozilla/5.0 (Windows NT 10.0; Win64; x64) AppleWebKit/537.36 (KHTML, like Gecko) Chrome/87.0.4280.88 Safari/537.36"
82.135.5.126 - - [04/Jan/2021:14:30:27 +0100] "GET /graphics/zoomin.cur HTTP/1.1" 200 3624 "http://renault.activities.at/11875105?print=true" "Mozilla/5.0 (Windows NT 10.0; WOW64; Trident/7.0; rv:11.0) like Gecko"
82.135.5.126 - - [04/Jan/2021:14:30:27 +0100] "GET /reload?ser=1609767027660 HTTP/1.1" 200 28 "http://renault.activities.at/result?searchterm=true&search=mal" "Mozilla/5.0 (Windows NT 10.0; WOW64; Trident/7.0; rv:11.0) like Gecko"
82.135.5.126 - - [04/Jan/2021:14:30:33 +0100] "POST /11875105?print=true HTTP/1.1" 200 2743 "http://renault.activities.at/11875105?print=true" "Mozilla/5.0 (Windows NT 10.0; WOW64; Trident/7.0; rv:11.0) like Gecko"
82.135.5.126 - - [04/Jan/2021:14:30:37 +0100] "GET /null HTTP/1.1" 200 3624 "http://renault.activities.at/result?searchterm=true&search=mal" "Mozilla/5.0 (Windows NT 10.0; WOW64; Trident/7.0; rv:11.0) like Gecko"
82.135.5.126 - - [04/Jan/2021:14:30:43 +0100] "GET /cart HTTP/1.1" 200 5270 "http://renault.activities.at/result?searchterm=true&search=mal" "Mozilla/5.0 (Windows NT 10.0; WOW64; Trident/7.0; rv:11.0) like Gecko"
82.135.5.126 - - [04/Jan/2021:14:30:45 +0100] "GET /loadthumbnail.php?id=12204968&width=100 HTTP/1.1" 200 3675 "http://renault.activities.at/cart" "Mozilla/5.0 (Windows NT 10.0; WOW64; Trident/7.0; rv:11.0) like Gecko"
82.135.5.126 - - [04/Jan/2021:14:30:45 +0100] "GET /loadthumbnail.php?id=12029412&width=100 HTTP/1.1" 200 3174 "http://renault.activities.at/cart" "Mozilla/5.0 (Windows NT 10.0; WOW64; Trident/7.0; rv:11.0) like Gecko"
82.135.5.126 - - [04/Jan/2021:14:30:54 +0100] "GET /checkout HTTP/1.1" 200 10280 "http://renault.activities.at/cart" "Mozilla/5.0 (Windows NT 10.0; WOW64; Trident/7.0; rv:11.0) like Gecko"
82.135.5.126 - - [04/Jan/2021:14:31:08 +0100] "POST /docheckout HTTP/1.1" 200 462 "http://renault.activities.at/checkout" "Mozilla/5.0 (Windows NT 10.0; WOW64; Trident/7.0; rv:11.0) like Gecko"
82.135.5.126 - - [04/Jan/2021:14:31:12 +0100] "POST /docheckout HTTP/1.1" 200 672 "http://renault.activities.at/checkout" "Mozilla/5.0 (Windows NT 10.0; WOW64; Trident/7.0; rv:11.0) like Gecko"
82.135.5.126 - - [04/Jan/2021:14:31:13 +0100] "POST /docheckout HTTP/1.1" 200 68 "http://renault.activities.at/checkout" "Mozilla/5.0 (Windows NT 10.0; WOW64; Trident/7.0; rv:11.0) like Gecko"
82.135.5.126 - - [04/Jan/2021:14:31:15 +0100] "POST /docheckout HTTP/1.1" 200 81 "http://renault.activities.at/checkout" "Mozilla/5.0 (Windows NT 10.0; WOW64; Trident/7.0; rv:11.0) like Gecko"
82.135.5.126 - - [04/Jan/2021:14:31:16 +0100] "GET /success HTTP/1.1" 200 3791 "http://renault.activities.at/checkout" "Mozilla/5.0 (Windows NT 10.0; WOW64; Trident/7.0; rv:11.0) like Gecko"
82.135.5.126 - - [04/Jan/2021:14:31:17 +0100] "GET /cart?datachange=true HTTP/1.1" 200 3773 "http://renault.activities.at/checkout" "Mozilla/5.0 (Windows NT 10.0; WOW64; Trident/7.0; rv:11.0) like Gecko"
138.21.12.28 - - [04/Jan/2021:14:31:22 +0100] "GET /reload?ser=1609767081682 HTTP/1.1" 200 28 "http://renault.2web.at/result?searchterm=true&search=pos57" "Mozilla/5.0 (Windows NT 10.0; Win64; x64) AppleWebKit/537.36 (KHTML, like Gecko) Chrome/87.0.4280.88 Safari/537.36"
82.135.5.126 - - [04/Jan/2021:14:32:02 +0100] "GET /account HTTP/1.1" 200 6011 "http://renault.activities.at/cart?datachange=true" "Mozilla/5.0 (Windows NT 10.0; WOW64; Trident/7.0; rv:11.0) like Gecko"
82.135.5.126 - - [04/Jan/2021:14:32:04 +0100] "GET /loadthumbnail.php?id=12204968&width=50&height=50 HTTP/1.1" 200 1557 "http://renault.activities.at/account" "Mozilla/5.0 (Windows NT 10.0; WOW64; Trident/7.0; rv:11.0) like Gecko"
82.135.5.126 - - [04/Jan/2021:14:32:04 +0100] "GET /loadthumbnail.php?id=12029412&width=50&height=50 HTTP/1.1" 200 1048 "http://renault.activities.at/account" "Mozilla/5.0 (Windows NT 10.0; WOW64; Trident/7.0; rv:11.0) like Gecko"
138.21.12.28 - - [04/Jan/2021:14:32:24 +0100] "GET /reload?ser=1609767143776 HTTP/1.1" 200 28 "http://renault.2web.at/result?searchterm=true&search=pos57" "Mozilla/5.0 (Windows NT 10.0; Win64; x64) AppleWebKit/537.36 (KHTML, like Gecko) Chrome/87.0.4280.88 Safari/537.36"
82.135.5.126 - - [04/Jan/2021:14:33:04 +0100] "GET /reload?ser=1609767184612 HTTP/1.1" 200 28 "http://renault.activities.at/account" "Mozilla/5.0 (Windows NT 10.0; WOW64; Trident/7.0; rv:11.0) like Gecko"
138.21.12.28 - - [04/Jan/2021:14:33:26 +0100] "GET /reload?ser=1609767205683 HTTP/1.1" 200 28 "http://renault.2web.at/result?searchterm=true&search=pos57" "Mozilla/5.0 (Windows NT 10.0; Win64; x64) AppleWebKit/537.36 (KHTML, like Gecko) Chrome/87.0.4280.88 Safari/537.36"
82.135.5.126 - - [04/Jan/2021:14:34:05 +0100] "GET /reload?ser=1609767245598 HTTP/1.1" 200 28 "http://renault.activities.at/account" "Mozilla/5.0 (Windows NT 10.0; WOW64; Trident/7.0; rv:11.0) like Gecko"
138.21.12.28 - - [04/Jan/2021:14:34:28 +0100] "GET /reload?ser=1609767267684 HTTP/1.1" 200 28 "http://renault.2web.at/result?searchterm=true&search=pos57" "Mozilla/5.0 (Windows NT 10.0; Win64; x64) AppleWebKit/537.36 (KHTML, like Gecko) Chrome/87.0.4280.88 Safari/537.36"
82.135.5.126 - - [04/Jan/2021:14:35:06 +0100] "GET /reload?ser=1609767306630 HTTP/1.1" 200 28 "http://renault.activities.at/account" "Mozilla/5.0 (Windows NT 10.0; WOW64; Trident/7.0; rv:11.0) like Gecko"
138.21.12.28 - - [04/Jan/2021:14:35:30 +0100] "GET /reload?ser=1609767329687 HTTP/1.1" 200 28 "http://renault.2web.at/result?searchterm=true&search=pos57" "Mozilla/5.0 (Windows NT 10.0; Win64; x64) AppleWebKit/537.36 (KHTML, like Gecko) Chrome/87.0.4280.88 Safari/537.36"
82.135.5.126 - - [04/Jan/2021:14:36:07 +0100] "GET /reload?ser=1609767367621 HTTP/1.1" 200 28 "http://renault.activities.at/account" "Mozilla/5.0 (Windows NT 10.0; WOW64; Trident/7.0; rv:11.0) like Gecko"
138.21.12.28 - - [04/Jan/2021:14:36:32 +0100] "GET /reload?ser=1609767391687 HTTP/1.1" 200 28 "http://renault.2web.at/result?searchterm=true&search=pos57" "Mozilla/5.0 (Windows NT 10.0; Win64; x64) AppleWebKit/537.36 (KHTML, like Gecko) Chrome/87.0.4280.88 Safari/537.36"
82.135.5.126 - - [04/Jan/2021:14:37:08 +0100] "GET /reload?ser=1609767428614 HTTP/1.1" 200 28 "http://renault.activities.at/account" "Mozilla/5.0 (Windows NT 10.0; WOW64; Trident/7.0; rv:11.0) like Gecko"
138.21.12.28 - - [04/Jan/2021:14:37:34 +0100] "GET /reload?ser=1609767453685 HTTP/1.1" 200 28 "http://renault.2web.at/result?searchterm=true&search=pos57" "Mozilla/5.0 (Windows NT 10.0; Win64; x64) AppleWebKit/537.36 (KHTML, like Gecko) Chrome/87.0.4280.88 Safari/537.36"
82.135.5.126 - - [04/Jan/2021:14:38:09 +0100] "GET /reload?ser=1609767489634 HTTP/1.1" 200 28 "http://renault.activities.at/account" "Mozilla/5.0 (Windows NT 10.0; WOW64; Trident/7.0; rv:11.0) like Gecko"
138.21.12.28 - - [04/Jan/2021:14:38:36 +0100] "GET /reload?ser=1609767515685 HTTP/1.1" 200 28 "http://renault.2web.at/result?searchterm=true&search=pos57" "Mozilla/5.0 (Windows NT 10.0; Win64; x64) AppleWebKit/537.36 (KHTML, like Gecko) Chrome/87.0.4280.88 Safari/537.36"
82.135.5.126 - - [04/Jan/2021:14:39:10 +0100] "GET /reload?ser=1609767550668 HTTP/1.1" 200 28 "http://renault.activities.at/account" "Mozilla/5.0 (Windows NT 10.0; WOW64; Trident/7.0; rv:11.0) like Gecko"
138.21.12.28 - - [04/Jan/2021:14:39:38 +0100] "GET /reload?ser=1609767577688 HTTP/1.1" 200 28 "http://renault.2web.at/result?searchterm=true&search=pos57" "Mozilla/5.0 (Windows NT 10.0; Win64; x64) AppleWebKit/537.36 (KHTML, like Gecko) Chrome/87.0.4280.88 Safari/537.36"
82.135.5.126 - - [04/Jan/2021:14:40:11 +0100] "GET /reload?ser=1609767611690 HTTP/1.1" 200 28 "http://renault.activities.at/account" "Mozilla/5.0 (Windows NT 10.0; WOW64; Trident/7.0; rv:11.0) like Gecko"
138.21.12.28 - - [04/Jan/2021:14:40:40 +0100] "GET /reload?ser=1609767639715 HTTP/1.1" 200 28 "http://renault.2web.at/result?searchterm=true&search=pos57" "Mozilla/5.0 (Windows NT 10.0; Win64; x64) AppleWebKit/537.36 (KHTML, like Gecko) Chrome/87.0.4280.88 Safari/537.36"
82.135.5.126 - - [04/Jan/2021:14:41:12 +0100] "GET /reload?ser=1609767672690 HTTP/1.1" 200 28 "http://renault.activities.at/account" "Mozilla/5.0 (Windows NT 10.0; WOW64; Trident/7.0; rv:11.0) like Gecko"
138.21.12.28 - - [04/Jan/2021:14:41:42 +0100] "GET /reload?ser=1609767701735 HTTP/1.1" 200 28 "http://renault.2web.at/result?searchterm=true&search=pos57" "Mozilla/5.0 (Windows NT 10.0; Win64; x64) AppleWebKit/537.36 (KHTML, like Gecko) Chrome/87.0.4280.88 Safari/537.36"
82.135.5.126 - - [04/Jan/2021:14:42:13 +0100] "GET /reload?ser=1609767733682 HTTP/1.1" 200 28 "http://renault.activities.at/account" "Mozilla/5.0 (Windows NT 10.0; WOW64; Trident/7.0; rv:11.0) like Gecko"
138.21.12.28 - - [04/Jan/2021:14:42:44 +0100] "GET /reload?ser=1609767763687 HTTP/1.1" 200 28 "http://renault.2web.at/result?searchterm=true&search=pos57" "Mozilla/5.0 (Windows NT 10.0; Win64; x64) AppleWebKit/537.36 (KHTML, like Gecko) Chrome/87.0.4280.88 Safari/537.36"
82.135.5.126 - - [04/Jan/2021:14:43:14 +0100] "GET /reload?ser=1609767794698 HTTP/1.1" 200 28 "http://renault.activities.at/account" "Mozilla/5.0 (Windows NT 10.0; WOW64; Trident/7.0; rv:11.0) like Gecko"
138.21.12.28 - - [04/Jan/2021:14:43:46 +0100] "GET /reload?ser=1609767825687 HTTP/1.1" 200 28 "http://renault.2web.at/result?searchterm=true&search=pos57" "Mozilla/5.0 (Windows NT 10.0; Win64; x64) AppleWebKit/537.36 (KHTML, like Gecko) Chrome/87.0.4280.88 Safari/537.36"
82.135.5.126 - - [04/Jan/2021:14:44:15 +0100] "GET /reload?ser=1609767855722 HTTP/1.1" 200 28 "http://renault.activities.at/account" "Mozilla/5.0 (Windows NT 10.0; WOW64; Trident/7.0; rv:11.0) like Gecko"
138.21.12.28 - - [04/Jan/2021:14:44:48 +0100] "GET /reload?ser=1609767887688 HTTP/1.1" 200 28 "http://renault.2web.at/result?searchterm=true&search=pos57" "Mozilla/5.0 (Windows NT 10.0; Win64; x64) AppleWebKit/537.36 (KHTML, like Gecko) Chrome/87.0.4280.88 Safari/537.36"
82.135.5.126 - - [04/Jan/2021:14:45:16 +0100] "GET /reload?ser=1609767916709 HTTP/1.1" 200 28 "http://renault.activities.at/account" "Mozilla/5.0 (Windows NT 10.0; WOW64; Trident/7.0; rv:11.0) like Gecko"
138.21.12.28 - - [04/Jan/2021:14:45:50 +0100] "GET /reload?ser=1609767949691 HTTP/1.1" 200 28 "http://renault.2web.at/result?searchterm=true&search=pos57" "Mozilla/5.0 (Windows NT 10.0; Win64; x64) AppleWebKit/537.36 (KHTML, like Gecko) Chrome/87.0.4280.88 Safari/537.36"
82.135.5.126 - - [04/Jan/2021:14:46:17 +0100] "GET /reload?ser=1609767977717 HTTP/1.1" 200 28 "http://renault.activities.at/account" "Mozilla/5.0 (Windows NT 10.0; WOW64; Trident/7.0; rv:11.0) like Gecko"
138.21.12.28 - - [04/Jan/2021:14:46:52 +0100] "GET /reload?ser=1609768011688 HTTP/1.1" 200 28 "http://renault.2web.at/result?searchterm=true&search=pos57" "Mozilla/5.0 (Windows NT 10.0; Win64; x64) AppleWebKit/537.36 (KHTML, like Gecko) Chrome/87.0.4280.88 Safari/537.36"
82.135.5.126 - - [04/Jan/2021:14:47:18 +0100] "GET /reload?ser=1609768038711 HTTP/1.1" 200 28 "http://renault.activities.at/account" "Mozilla/5.0 (Windows NT 10.0; WOW64; Trident/7.0; rv:11.0) like Gecko"
138.21.12.28 - - [04/Jan/2021:14:47:54 +0100] "GET /reload?ser=1609768073688 HTTP/1.1" 200 28 "http://renault.2web.at/result?searchterm=true&search=pos57" "Mozilla/5.0 (Windows NT 10.0; Win64; x64) AppleWebKit/537.36 (KHTML, like Gecko) Chrome/87.0.4280.88 Safari/537.36"
82.135.5.126 - - [04/Jan/2021:14:48:19 +0100] "GET /reload?ser=1609768099704 HTTP/1.1" 200 28 "http://renault.activities.at/account" "Mozilla/5.0 (Windows NT 10.0; WOW64; Trident/7.0; rv:11.0) like Gecko"
138.21.12.28 - - [04/Jan/2021:14:48:56 +0100] "GET /reload?ser=1609768135695 HTTP/1.1" 200 28 "http://renault.2web.at/result?searchterm=true&search=pos57" "Mozilla/5.0 (Windows NT 10.0; Win64; x64) AppleWebKit/537.36 (KHTML, like Gecko) Chrome/87.0.4280.88 Safari/537.36"
82.135.5.126 - - [04/Jan/2021:14:49:20 +0100] "GET /reload?ser=1609768160693 HTTP/1.1" 200 28 "http://renault.activities.at/account" "Mozilla/5.0 (Windows NT 10.0; WOW64; Trident/7.0; rv:11.0) like Gecko"
138.21.12.28 - - [04/Jan/2021:14:49:58 +0100] "GET /reload?ser=1609768197688 HTTP/1.1" 200 28 "http://renault.2web.at/result?searchterm=true&search=pos57" "Mozilla/5.0 (Windows NT 10.0; Win64; x64) AppleWebKit/537.36 (KHTML, like Gecko) Chrome/87.0.4280.88 Safari/537.36"
82.135.5.126 - - [04/Jan/2021:14:50:21 +0100] "GET /reload?ser=1609768221679 HTTP/1.1" 200 28 "http://renault.activities.at/account" "Mozilla/5.0 (Windows NT 10.0; WOW64; Trident/7.0; rv:11.0) like Gecko"
138.21.12.28 - - [04/Jan/2021:14:51:00 +0100] "GET /reload?ser=1609768259691 HTTP/1.1" 200 28 "http://renault.2web.at/result?searchterm=true&search=pos57" "Mozilla/5.0 (Windows NT 10.0; Win64; x64) AppleWebKit/537.36 (KHTML, like Gecko) Chrome/87.0.4280.88 Safari/537.36"
82.135.5.126 - - [04/Jan/2021:14:51:22 +0100] "GET /reload?ser=1609768282673 HTTP/1.1" 200 28 "http://renault.activities.at/account" "Mozilla/5.0 (Windows NT 10.0; WOW64; Trident/7.0; rv:11.0) like Gecko"
138.21.12.28 - - [04/Jan/2021:14:52:02 +0100] "GET /reload?ser=1609768321689 HTTP/1.1" 200 28 "http://renault.2web.at/result?searchterm=true&search=pos57" "Mozilla/5.0 (Windows NT 10.0; Win64; x64) AppleWebKit/537.36 (KHTML, like Gecko) Chrome/87.0.4280.88 Safari/537.36"
82.135.5.126 - - [04/Jan/2021:14:52:23 +0100] "GET /reload?ser=1609768343692 HTTP/1.1" 200 28 "http://renault.activities.at/account" "Mozilla/5.0 (Windows NT 10.0; WOW64; Trident/7.0; rv:11.0) like Gecko"
138.21.12.28 - - [04/Jan/2021:14:53:04 +0100] "GET /reload?ser=1609768383690 HTTP/1.1" 200 28 "http://renault.2web.at/result?searchterm=true&search=pos57" "Mozilla/5.0 (Windows NT 10.0; Win64; x64) AppleWebKit/537.36 (KHTML, like Gecko) Chrome/87.0.4280.88 Safari/537.36"
82.135.5.126 - - [04/Jan/2021:14:53:24 +0100] "GET /reload?ser=1609768404710 HTTP/1.1" 200 28 "http://renault.activities.at/account" "Mozilla/5.0 (Windows NT 10.0; WOW64; Trident/7.0; rv:11.0) like Gecko"
138.21.12.28 - - [04/Jan/2021:14:54:06 +0100] "GET /reload?ser=1609768445690 HTTP/1.1" 200 28 "http://renault.2web.at/result?searchterm=true&search=pos57" "Mozilla/5.0 (Windows NT 10.0; Win64; x64) AppleWebKit/537.36 (KHTML, like Gecko) Chrome/87.0.4280.88 Safari/537.36"
82.135.5.126 - - [04/Jan/2021:14:54:25 +0100] "GET /reload?ser=1609768465681 HTTP/1.1" 200 28 "http://renault.activities.at/account" "Mozilla/5.0 (Windows NT 10.0; WOW64; Trident/7.0; rv:11.0) like Gecko"
138.21.12.28 - - [04/Jan/2021:14:55:08 +0100] "GET /reload?ser=1609768507690 HTTP/1.1" 200 28 "http://renault.2web.at/result?searchterm=true&search=pos57" "Mozilla/5.0 (Windows NT 10.0; Win64; x64) AppleWebKit/537.36 (KHTML, like Gecko) Chrome/87.0.4280.88 Safari/537.36"
82.135.5.126 - - [04/Jan/2021:14:55:26 +0100] "GET /reload?ser=1609768526682 HTTP/1.1" 200 28 "http://renault.activities.at/account" "Mozilla/5.0 (Windows NT 10.0; WOW64; Trident/7.0; rv:11.0) like Gecko"
138.21.12.28 - - [04/Jan/2021:14:56:10 +0100] "GET /reload?ser=1609768569701 HTTP/1.1" 200 28 "http://renault.2web.at/result?searchterm=true&search=pos57" "Mozilla/5.0 (Windows NT 10.0; Win64; x64) AppleWebKit/537.36 (KHTML, like Gecko) Chrome/87.0.4280.88 Safari/537.36"
82.135.5.126 - - [04/Jan/2021:14:56:27 +0100] "GET /reload?ser=1609768587670 HTTP/1.1" 200 28 "http://renault.activities.at/account" "Mozilla/5.0 (Windows NT 10.0; WOW64; Trident/7.0; rv:11.0) like Gecko"
138.21.12.28 - - [04/Jan/2021:14:57:12 +0100] "GET /reload?ser=1609768631691 HTTP/1.1" 200 28 "http://renault.2web.at/result?searchterm=true&search=pos57" "Mozilla/5.0 (Windows NT 10.0; Win64; x64) AppleWebKit/537.36 (KHTML, like Gecko) Chrome/87.0.4280.88 Safari/537.36"
82.135.5.126 - - [04/Jan/2021:14:57:28 +0100] "GET /reload?ser=1609768648688 HTTP/1.1" 200 28 "http://renault.activities.at/account" "Mozilla/5.0 (Windows NT 10.0; WOW64; Trident/7.0; rv:11.0) like Gecko"
138.21.12.28 - - [04/Jan/2021:14:58:14 +0100] "GET /reload?ser=1609768693695 HTTP/1.1" 200 28 "http://renault.2web.at/result?searchterm=true&search=pos57" "Mozilla/5.0 (Windows NT 10.0; Win64; x64) AppleWebKit/537.36 (KHTML, like Gecko) Chrome/87.0.4280.88 Safari/537.36"
82.135.5.126 - - [04/Jan/2021:14:58:29 +0100] "GET /reload?ser=1609768709768 HTTP/1.1" 200 28 "http://renault.activities.at/account" "Mozilla/5.0 (Windows NT 10.0; WOW64; Trident/7.0; rv:11.0) like Gecko"
138.21.12.28 - - [04/Jan/2021:14:59:16 +0100] "GET /reload?ser=1609768755699 HTTP/1.1" 200 28 "http://renault.2web.at/result?searchterm=true&search=pos57" "Mozilla/5.0 (Windows NT 10.0; Win64; x64) AppleWebKit/537.36 (KHTML, like Gecko) Chrome/87.0.4280.88 Safari/537.36"
82.135.5.126 - - [04/Jan/2021:14:59:30 +0100] "GET /reload?ser=1609768770787 HTTP/1.1" 200 28 "http://renault.activities.at/account" "Mozilla/5.0 (Windows NT 10.0; WOW64; Trident/7.0; rv:11.0) like Gecko"
138.21.12.28 - - [04/Jan/2021:15:00:18 +0100] "GET /reload?ser=1609768817721 HTTP/1.1" 200 28 "http://renault.2web.at/result?searchterm=true&search=pos57" "Mozilla/5.0 (Windows NT 10.0; Win64; x64) AppleWebKit/537.36 (KHTML, like Gecko) Chrome/87.0.4280.88 Safari/537.36"
82.135.5.126 - - [04/Jan/2021:15:00:31 +0100] "GET /reload?ser=1609768831790 HTTP/1.1" 200 28 "http://renault.activities.at/account" "Mozilla/5.0 (Windows NT 10.0; WOW64; Trident/7.0; rv:11.0) like Gecko"
138.21.12.28 - - [04/Jan/2021:15:01:20 +0100] "GET /reload?ser=1609768879707 HTTP/1.1" 200 28 "http://renault.2web.at/result?searchterm=true&search=pos57" "Mozilla/5.0 (Windows NT 10.0; Win64; x64) AppleWebKit/537.36 (KHTML, like Gecko) Chrome/87.0.4280.88 Safari/537.36"
82.135.5.126 - - [04/Jan/2021:15:01:32 +0100] "GET /reload?ser=1609768892792 HTTP/1.1" 200 28 "http://renault.activities.at/account" "Mozilla/5.0 (Windows NT 10.0; WOW64; Trident/7.0; rv:11.0) like Gecko"
138.21.12.28 - - [04/Jan/2021:15:02:22 +0100] "GET /reload?ser=1609768941711 HTTP/1.1" 200 28 "http://renault.2web.at/result?searchterm=true&search=pos57" "Mozilla/5.0 (Windows NT 10.0; Win64; x64) AppleWebKit/537.36 (KHTML, like Gecko) Chrome/87.0.4280.88 Safari/537.36"
82.135.5.126 - - [04/Jan/2021:15:02:33 +0100] "GET /reload?ser=1609768953827 HTTP/1.1" 200 28 "http://renault.activities.at/account" "Mozilla/5.0 (Windows NT 10.0; WOW64; Trident/7.0; rv:11.0) like Gecko"
138.21.12.28 - - [04/Jan/2021:15:03:24 +0100] "GET /reload?ser=1609769003718 HTTP/1.1" 200 28 "http://renault.2web.at/result?searchterm=true&search=pos57" "Mozilla/5.0 (Windows NT 10.0; Win64; x64) AppleWebKit/537.36 (KHTML, like Gecko) Chrome/87.0.4280.88 Safari/537.36"
82.135.5.126 - - [04/Jan/2021:15:03:34 +0100] "GET /reload?ser=1609769014843 HTTP/1.1" 200 28 "http://renault.activities.at/account" "Mozilla/5.0 (Windows NT 10.0; WOW64; Trident/7.0; rv:11.0) like Gecko"
138.21.12.28 - - [04/Jan/2021:15:04:26 +0100] "GET /reload?ser=1609769065716 HTTP/1.1" 200 28 "http://renault.2web.at/result?searchterm=true&search=pos57" "Mozilla/5.0 (Windows NT 10.0; Win64; x64) AppleWebKit/537.36 (KHTML, like Gecko) Chrome/87.0.4280.88 Safari/537.36"
82.135.5.126 - - [04/Jan/2021:15:04:35 +0100] "GET /reload?ser=1609769075830 HTTP/1.1" 200 28 "http://renault.activities.at/account" "Mozilla/5.0 (Windows NT 10.0; WOW64; Trident/7.0; rv:11.0) like Gecko"
138.21.12.28 - - [04/Jan/2021:15:05:28 +0100] "GET /reload?ser=1609769127721 HTTP/1.1" 200 28 "http://renault.2web.at/result?searchterm=true&search=pos57" "Mozilla/5.0 (Windows NT 10.0; Win64; x64) AppleWebKit/537.36 (KHTML, like Gecko) Chrome/87.0.4280.88 Safari/537.36"
82.135.5.126 - - [04/Jan/2021:15:05:37 +0100] "GET /reload?ser=1609769136842 HTTP/1.1" 200 28 "http://renault.activities.at/account" "Mozilla/5.0 (Windows NT 10.0; WOW64; Trident/7.0; rv:11.0) like Gecko"
138.21.12.28 - - [04/Jan/2021:15:06:30 +0100] "GET /reload?ser=1609769189724 HTTP/1.1" 200 28 "http://renault.2web.at/result?searchterm=true&search=pos57" "Mozilla/5.0 (Windows NT 10.0; Win64; x64) AppleWebKit/537.36 (KHTML, like Gecko) Chrome/87.0.4280.88 Safari/537.36"
82.135.5.126 - - [04/Jan/2021:15:06:38 +0100] "GET /reload?ser=1609769197971 HTTP/1.1" 200 28 "http://renault.activities.at/account" "Mozilla/5.0 (Windows NT 10.0; WOW64; Trident/7.0; rv:11.0) like Gecko"
138.21.12.28 - - [04/Jan/2021:15:07:32 +0100] "GET /reload?ser=1609769251728 HTTP/1.1" 200 28 "http://renault.2web.at/result?searchterm=true&search=pos57" "Mozilla/5.0 (Windows NT 10.0; Win64; x64) AppleWebKit/537.36 (KHTML, like Gecko) Chrome/87.0.4280.88 Safari/537.36"
82.135.5.126 - - [04/Jan/2021:15:07:39 +0100] "GET /reload?ser=1609769258957 HTTP/1.1" 200 28 "http://renault.activities.at/account" "Mozilla/5.0 (Windows NT 10.0; WOW64; Trident/7.0; rv:11.0) like Gecko"
138.21.12.28 - - [04/Jan/2021:15:08:34 +0100] "GET /reload?ser=1609769313725 HTTP/1.1" 200 28 "http://renault.2web.at/result?searchterm=true&search=pos57" "Mozilla/5.0 (Windows NT 10.0; Win64; x64) AppleWebKit/537.36 (KHTML, like Gecko) Chrome/87.0.4280.88 Safari/537.36"
82.135.5.126 - - [04/Jan/2021:15:08:40 +0100] "GET /reload?ser=1609769319972 HTTP/1.1" 200 28 "http://renault.activities.at/account" "Mozilla/5.0 (Windows NT 10.0; WOW64; Trident/7.0; rv:11.0) like Gecko"
138.21.12.28 - - [04/Jan/2021:15:09:36 +0100] "GET /reload?ser=1609769375727 HTTP/1.1" 200 28 "http://renault.2web.at/result?searchterm=true&search=pos57" "Mozilla/5.0 (Windows NT 10.0; Win64; x64) AppleWebKit/537.36 (KHTML, like Gecko) Chrome/87.0.4280.88 Safari/537.36"
82.135.5.126 - - [04/Jan/2021:15:09:41 +0100] "GET /reload?ser=1609769380991 HTTP/1.1" 200 28 "http://renault.activities.at/account" "Mozilla/5.0 (Windows NT 10.0; WOW64; Trident/7.0; rv:11.0) like Gecko"
13.66.139.110 - - [04/Jan/2021:15:10:14 +0100] "GET /10260003?dir=ASC&mode=grid&order=name&limit=15&page=2 HTTP/1.1" 200 6393 "-" "Mozilla/5.0 (compatible; bingbot/2.0; +http://www.bing.com/bingbot.htm)"
138.21.12.28 - - [04/Jan/2021:15:10:38 +0100] "GET /reload?ser=1609769437729 HTTP/1.1" 200 28 "http://renault.2web.at/result?searchterm=true&search=pos57" "Mozilla/5.0 (Windows NT 10.0; Win64; x64) AppleWebKit/537.36 (KHTML, like Gecko) Chrome/87.0.4280.88 Safari/537.36"
82.135.5.126 - - [04/Jan/2021:15:10:42 +0100] "GET /reload?ser=1609769442047 HTTP/1.1" 200 28 "http://renault.activities.at/account" "Mozilla/5.0 (Windows NT 10.0; WOW64; Trident/7.0; rv:11.0) like Gecko"
138.21.12.28 - - [04/Jan/2021:15:11:40 +0100] "GET /reload?ser=1609769499733 HTTP/1.1" 200 28 "http://renault.2web.at/result?searchterm=true&search=pos57" "Mozilla/5.0 (Windows NT 10.0; Win64; x64) AppleWebKit/537.36 (KHTML, like Gecko) Chrome/87.0.4280.88 Safari/537.36"
82.135.5.126 - - [04/Jan/2021:15:11:43 +0100] "GET /reload?ser=1609769503053 HTTP/1.1" 200 28 "http://renault.activities.at/account" "Mozilla/5.0 (Windows NT 10.0; WOW64; Trident/7.0; rv:11.0) like Gecko"
66.249.66.75 - - [04/Jan/2021:15:12:31 +0100] "GET /favicon.ico HTTP/1.1" 200 3250 "-" "Googlebot-Image/1.0"
138.21.12.28 - - [04/Jan/2021:15:12:42 +0100] "GET /reload?ser=1609769561732 HTTP/1.1" 200 28 "http://renault.2web.at/result?searchterm=true&search=pos57" "Mozilla/5.0 (Windows NT 10.0; Win64; x64) AppleWebKit/537.36 (KHTML, like Gecko) Chrome/87.0.4280.88 Safari/537.36"
82.135.5.126 - - [04/Jan/2021:15:12:44 +0100] "GET /reload?ser=1609769564070 HTTP/1.1" 200 28 "http://renault.activities.at/account" "Mozilla/5.0 (Windows NT 10.0; WOW64; Trident/7.0; rv:11.0) like Gecko"
138.21.12.28 - - [04/Jan/2021:15:13:44 +0100] "GET /reload?ser=1609769623735 HTTP/1.1" 200 28 "http://renault.2web.at/result?searchterm=true&search=pos57" "Mozilla/5.0 (Windows NT 10.0; Win64; x64) AppleWebKit/537.36 (KHTML, like Gecko) Chrome/87.0.4280.88 Safari/537.36"
82.135.5.126 - - [04/Jan/2021:15:13:45 +0100] "GET /reload?ser=1609769625121 HTTP/1.1" 200 28 "http://renault.activities.at/account" "Mozilla/5.0 (Windows NT 10.0; WOW64; Trident/7.0; rv:11.0) like Gecko"
82.135.5.126 - - [04/Jan/2021:15:14:46 +0100] "GET /reload?ser=1609769686114 HTTP/1.1" 200 28 "http://renault.activities.at/account" "Mozilla/5.0 (Windows NT 10.0; WOW64; Trident/7.0; rv:11.0) like Gecko"
138.21.12.28 - - [04/Jan/2021:15:14:46 +0100] "GET /reload?ser=1609769685737 HTTP/1.1" 200 28 "http://renault.2web.at/result?searchterm=true&search=pos57" "Mozilla/5.0 (Windows NT 10.0; Win64; x64) AppleWebKit/537.36 (KHTML, like Gecko) Chrome/87.0.4280.88 Safari/537.36"
82.135.5.126 - - [04/Jan/2021:15:15:47 +0100] "GET /reload?ser=1609769747114 HTTP/1.1" 200 28 "http://renault.activities.at/account" "Mozilla/5.0 (Windows NT 10.0; WOW64; Trident/7.0; rv:11.0) like Gecko"
138.21.12.28 - - [04/Jan/2021:15:15:48 +0100] "GET /reload?ser=1609769747739 HTTP/1.1" 200 28 "http://renault.2web.at/result?searchterm=true&search=pos57" "Mozilla/5.0 (Windows NT 10.0; Win64; x64) AppleWebKit/537.36 (KHTML, like Gecko) Chrome/87.0.4280.88 Safari/537.36"
82.135.5.126 - - [04/Jan/2021:15:16:48 +0100] "GET /reload?ser=1609769808114 HTTP/1.1" 200 28 "http://renault.activities.at/account" "Mozilla/5.0 (Windows NT 10.0; WOW64; Trident/7.0; rv:11.0) like Gecko"
138.21.12.28 - - [04/Jan/2021:15:16:50 +0100] "GET /reload?ser=1609769809741 HTTP/1.1" 200 28 "http://renault.2web.at/result?searchterm=true&search=pos57" "Mozilla/5.0 (Windows NT 10.0; Win64; x64) AppleWebKit/537.36 (KHTML, like Gecko) Chrome/87.0.4280.88 Safari/537.36"
82.135.5.126 - - [04/Jan/2021:15:17:49 +0100] "GET /reload?ser=1609769869084 HTTP/1.1" 200 28 "http://renault.activities.at/account" "Mozilla/5.0 (Windows NT 10.0; WOW64; Trident/7.0; rv:11.0) like Gecko"
82.135.5.126 - - [04/Jan/2021:15:18:50 +0100] "GET /reload?ser=1609769930136 HTTP/1.1" 200 28 "http://renault.activities.at/account" "Mozilla/5.0 (Windows NT 10.0; WOW64; Trident/7.0; rv:11.0) like Gecko"
82.135.5.126 - - [04/Jan/2021:15:19:51 +0100] "GET /reload?ser=1609769991128 HTTP/1.1" 200 28 "http://renault.activities.at/account" "Mozilla/5.0 (Windows NT 10.0; WOW64; Trident/7.0; rv:11.0) like Gecko"
82.135.5.126 - - [04/Jan/2021:15:20:52 +0100] "GET /reload?ser=1609770052143 HTTP/1.1" 200 28 "http://renault.activities.at/account" "Mozilla/5.0 (Windows NT 10.0; WOW64; Trident/7.0; rv:11.0) like Gecko"
82.135.5.126 - - [04/Jan/2021:15:21:53 +0100] "GET /reload?ser=1609770113154 HTTP/1.1" 200 28 "http://renault.activities.at/account" "Mozilla/5.0 (Windows NT 10.0; WOW64; Trident/7.0; rv:11.0) like Gecko"
82.135.5.126 - - [04/Jan/2021:15:22:54 +0100] "GET /reload?ser=1609770174263 HTTP/1.1" 200 28 "http://renault.activities.at/account" "Mozilla/5.0 (Windows NT 10.0; WOW64; Trident/7.0; rv:11.0) like Gecko"
82.135.5.126 - - [04/Jan/2021:15:23:55 +0100] "GET /reload?ser=1609770235230 HTTP/1.1" 200 28 "http://renault.activities.at/account" "Mozilla/5.0 (Windows NT 10.0; WOW64; Trident/7.0; rv:11.0) like Gecko"
66.249.66.74 - - [04/Jan/2021:15:24:26 +0100] "GET /images/favicon.ico HTTP/1.1" 404 305 "-" "Googlebot-Image/1.0"
82.135.5.126 - - [04/Jan/2021:15:24:56 +0100] "GET /reload?ser=1609770296238 HTTP/1.1" 200 28 "http://renault.activities.at/account" "Mozilla/5.0 (Windows NT 10.0; WOW64; Trident/7.0; rv:11.0) like Gecko"
82.135.5.126 - - [04/Jan/2021:15:25:57 +0100] "GET /reload?ser=1609770357249 HTTP/1.1" 200 28 "http://renault.activities.at/account" "Mozilla/5.0 (Windows NT 10.0; WOW64; Trident/7.0; rv:11.0) like Gecko"
82.135.5.126 - - [04/Jan/2021:15:26:58 +0100] "GET /reload?ser=1609770418300 HTTP/1.1" 200 28 "http://renault.activities.at/account" "Mozilla/5.0 (Windows NT 10.0; WOW64; Trident/7.0; rv:11.0) like Gecko"
82.135.5.126 - - [04/Jan/2021:15:27:59 +0100] "GET /reload?ser=1609770479313 HTTP/1.1" 200 28 "http://renault.activities.at/account" "Mozilla/5.0 (Windows NT 10.0; WOW64; Trident/7.0; rv:11.0) like Gecko"
82.135.5.126 - - [04/Jan/2021:15:29:00 +0100] "GET /reload?ser=1609770540362 HTTP/1.1" 200 28 "http://renault.activities.at/account" "Mozilla/5.0 (Windows NT 10.0; WOW64; Trident/7.0; rv:11.0) like Gecko"
82.135.5.126 - - [04/Jan/2021:15:30:01 +0100] "GET /reload?ser=1609770601364 HTTP/1.1" 200 28 "http://renault.activities.at/account" "Mozilla/5.0 (Windows NT 10.0; WOW64; Trident/7.0; rv:11.0) like Gecko"
82.135.5.126 - - [04/Jan/2021:15:31:02 +0100] "GET /reload?ser=1609770662371 HTTP/1.1" 200 28 "http://renault.activities.at/account" "Mozilla/5.0 (Windows NT 10.0; WOW64; Trident/7.0; rv:11.0) like Gecko"
82.135.5.126 - - [04/Jan/2021:15:32:03 +0100] "GET /reload?ser=1609770723360 HTTP/1.1" 200 28 "http://renault.activities.at/account" "Mozilla/5.0 (Windows NT 10.0; WOW64; Trident/7.0; rv:11.0) like Gecko"
82.135.5.126 - - [04/Jan/2021:15:33:04 +0100] "GET /reload?ser=1609770784395 HTTP/1.1" 200 28 "http://renault.activities.at/account" "Mozilla/5.0 (Windows NT 10.0; WOW64; Trident/7.0; rv:11.0) like Gecko"
82.135.5.126 - - [04/Jan/2021:15:34:05 +0100] "GET /reload?ser=1609770845417 HTTP/1.1" 200 28 "http://renault.activities.at/account" "Mozilla/5.0 (Windows NT 10.0; WOW64; Trident/7.0; rv:11.0) like Gecko"
82.135.5.126 - - [04/Jan/2021:15:35:06 +0100] "GET /reload?ser=1609770906427 HTTP/1.1" 200 28 "http://renault.activities.at/account" "Mozilla/5.0 (Windows NT 10.0; WOW64; Trident/7.0; rv:11.0) like Gecko"
82.135.5.126 - - [04/Jan/2021:15:36:07 +0100] "GET /reload?ser=1609770967483 HTTP/1.1" 200 28 "http://renault.activities.at/account" "Mozilla/5.0 (Windows NT 10.0; WOW64; Trident/7.0; rv:11.0) like Gecko"
82.135.5.126 - - [04/Jan/2021:15:37:08 +0100] "GET /reload?ser=1609771028509 HTTP/1.1" 200 28 "http://renault.activities.at/account" "Mozilla/5.0 (Windows NT 10.0; WOW64; Trident/7.0; rv:11.0) like Gecko"
82.135.5.126 - - [04/Jan/2021:15:38:09 +0100] "GET /reload?ser=1609771089533 HTTP/1.1" 200 28 "http://renault.activities.at/account" "Mozilla/5.0 (Windows NT 10.0; WOW64; Trident/7.0; rv:11.0) like Gecko"
82.135.5.126 - - [04/Jan/2021:15:39:10 +0100] "GET /reload?ser=1609771150522 HTTP/1.1" 200 28 "http://renault.activities.at/account" "Mozilla/5.0 (Windows NT 10.0; WOW64; Trident/7.0; rv:11.0) like Gecko"
82.135.5.126 - - [04/Jan/2021:15:40:11 +0100] "GET /reload?ser=1609771211540 HTTP/1.1" 200 28 "http://renault.activities.at/account" "Mozilla/5.0 (Windows NT 10.0; WOW64; Trident/7.0; rv:11.0) like Gecko"
82.135.5.126 - - [04/Jan/2021:15:41:12 +0100] "GET /reload?ser=1609771272548 HTTP/1.1" 200 28 "http://renault.activities.at/account" "Mozilla/5.0 (Windows NT 10.0; WOW64; Trident/7.0; rv:11.0) like Gecko"
82.135.5.126 - - [04/Jan/2021:15:42:13 +0100] "GET /reload?ser=1609771333604 HTTP/1.1" 200 28 "http://renault.activities.at/account" "Mozilla/5.0 (Windows NT 10.0; WOW64; Trident/7.0; rv:11.0) like Gecko"
82.135.5.126 - - [04/Jan/2021:15:43:14 +0100] "GET /reload?ser=1609771394584 HTTP/1.1" 200 28 "http://renault.activities.at/account" "Mozilla/5.0 (Windows NT 10.0; WOW64; Trident/7.0; rv:11.0) like Gecko"
82.135.5.126 - - [04/Jan/2021:15:44:15 +0100] "GET /reload?ser=1609771455622 HTTP/1.1" 200 28 "http://renault.activities.at/account" "Mozilla/5.0 (Windows NT 10.0; WOW64; Trident/7.0; rv:11.0) like Gecko"
82.135.5.126 - - [04/Jan/2021:15:45:16 +0100] "GET /reload?ser=1609771516625 HTTP/1.1" 200 28 "http://renault.activities.at/account" "Mozilla/5.0 (Windows NT 10.0; WOW64; Trident/7.0; rv:11.0) like Gecko"
82.135.5.126 - - [04/Jan/2021:15:46:17 +0100] "GET /reload?ser=1609771577751 HTTP/1.1" 200 28 "http://renault.activities.at/account" "Mozilla/5.0 (Windows NT 10.0; WOW64; Trident/7.0; rv:11.0) like Gecko"
82.135.5.126 - - [04/Jan/2021:15:47:18 +0100] "GET /reload?ser=1609771638722 HTTP/1.1" 200 28 "http://renault.activities.at/account" "Mozilla/5.0 (Windows NT 10.0; WOW64; Trident/7.0; rv:11.0) like Gecko"
82.135.5.126 - - [04/Jan/2021:15:48:19 +0100] "GET /reload?ser=1609771699739 HTTP/1.1" 200 28 "http://renault.activities.at/account" "Mozilla/5.0 (Windows NT 10.0; WOW64; Trident/7.0; rv:11.0) like Gecko"
82.135.5.126 - - [04/Jan/2021:15:49:20 +0100] "GET /reload?ser=1609771760744 HTTP/1.1" 200 28 "http://renault.activities.at/account" "Mozilla/5.0 (Windows NT 10.0; WOW64; Trident/7.0; rv:11.0) like Gecko"
82.135.5.126 - - [04/Jan/2021:15:50:21 +0100] "GET /reload?ser=1609771821759 HTTP/1.1" 200 28 "http://renault.activities.at/account" "Mozilla/5.0 (Windows NT 10.0; WOW64; Trident/7.0; rv:11.0) like Gecko"
82.135.5.126 - - [04/Jan/2021:15:51:22 +0100] "GET /reload?ser=1609771882777 HTTP/1.1" 200 28 "http://renault.activities.at/account" "Mozilla/5.0 (Windows NT 10.0; WOW64; Trident/7.0; rv:11.0) like Gecko"
157.55.39.28 - - [04/Jan/2021:15:51:31 +0100] "GET /robots.txt HTTP/1.1" 404 300 "-" "Mozilla/5.0 (compatible; bingbot/2.0; +http://www.bing.com/bingbot.htm)"
13.66.139.159 - - [04/Jan/2021:15:51:37 +0100] "GET /10260004?dir=ASC&mode=list&order=name&limit=10&page=1 HTTP/1.1" 200 5838 "-" "Mozilla/5.0 (compatible; bingbot/2.0; +http://www.bing.com/bingbot.htm)"
82.135.5.126 - - [04/Jan/2021:15:52:23 +0100] "GET /reload?ser=1609771943827 HTTP/1.1" 200 28 "http://renault.activities.at/account" "Mozilla/5.0 (Windows NT 10.0; WOW64; Trident/7.0; rv:11.0) like Gecko"
82.135.5.126 - - [04/Jan/2021:15:53:24 +0100] "GET /reload?ser=1609772004844 HTTP/1.1" 200 28 "http://renault.activities.at/account" "Mozilla/5.0 (Windows NT 10.0; WOW64; Trident/7.0; rv:11.0) like Gecko"
82.135.5.126 - - [04/Jan/2021:15:54:25 +0100] "GET /reload?ser=1609772065894 HTTP/1.1" 200 28 "http://renault.activities.at/account" "Mozilla/5.0 (Windows NT 10.0; WOW64; Trident/7.0; rv:11.0) like Gecko"
82.135.5.126 - - [04/Jan/2021:15:55:26 +0100] "GET /reload?ser=1609772126912 HTTP/1.1" 200 28 "http://renault.activities.at/account" "Mozilla/5.0 (Windows NT 10.0; WOW64; Trident/7.0; rv:11.0) like Gecko"
82.135.5.126 - - [04/Jan/2021:15:56:27 +0100] "GET /reload?ser=1609772187923 HTTP/1.1" 200 28 "http://renault.activities.at/account" "Mozilla/5.0 (Windows NT 10.0; WOW64; Trident/7.0; rv:11.0) like Gecko"
82.135.5.126 - - [04/Jan/2021:15:57:29 +0100] "GET /reload?ser=1609772248957 HTTP/1.1" 200 28 "http://renault.activities.at/account" "Mozilla/5.0 (Windows NT 10.0; WOW64; Trident/7.0; rv:11.0) like Gecko"
82.135.5.126 - - [04/Jan/2021:15:58:30 +0100] "GET /reload?ser=1609772309992 HTTP/1.1" 200 28 "http://renault.activities.at/account" "Mozilla/5.0 (Windows NT 10.0; WOW64; Trident/7.0; rv:11.0) like Gecko"
82.135.5.126 - - [04/Jan/2021:15:59:31 +0100] "GET /reload?ser=1609772370993 HTTP/1.1" 200 28 "http://renault.activities.at/account" "Mozilla/5.0 (Windows NT 10.0; WOW64; Trident/7.0; rv:11.0) like Gecko"
82.135.5.126 - - [04/Jan/2021:16:00:32 +0100] "GET /reload?ser=1609772432004 HTTP/1.1" 200 28 "http://renault.activities.at/account" "Mozilla/5.0 (Windows NT 10.0; WOW64; Trident/7.0; rv:11.0) like Gecko"
82.135.5.126 - - [04/Jan/2021:16:01:33 +0100] "GET /reload?ser=1609772493005 HTTP/1.1" 200 28 "http://renault.activities.at/account" "Mozilla/5.0 (Windows NT 10.0; WOW64; Trident/7.0; rv:11.0) like Gecko"
82.135.5.126 - - [04/Jan/2021:16:02:34 +0100] "GET /reload?ser=1609772554007 HTTP/1.1" 200 28 "http://renault.activities.at/account" "Mozilla/5.0 (Windows NT 10.0; WOW64; Trident/7.0; rv:11.0) like Gecko"
82.135.5.126 - - [04/Jan/2021:16:03:35 +0100] "GET /reload?ser=1609772615009 HTTP/1.1" 200 28 "http://renault.activities.at/account" "Mozilla/5.0 (Windows NT 10.0; WOW64; Trident/7.0; rv:11.0) like Gecko"
82.135.5.126 - - [04/Jan/2021:16:04:36 +0100] "GET /reload?ser=1609772676028 HTTP/1.1" 200 28 "http://renault.activities.at/account" "Mozilla/5.0 (Windows NT 10.0; WOW64; Trident/7.0; rv:11.0) like Gecko"
82.135.5.126 - - [04/Jan/2021:16:05:37 +0100] "GET /reload?ser=1609772737063 HTTP/1.1" 200 28 "http://renault.activities.at/account" "Mozilla/5.0 (Windows NT 10.0; WOW64; Trident/7.0; rv:11.0) like Gecko"
82.135.5.126 - - [04/Jan/2021:16:06:38 +0100] "GET /reload?ser=1609772798065 HTTP/1.1" 200 28 "http://renault.activities.at/account" "Mozilla/5.0 (Windows NT 10.0; WOW64; Trident/7.0; rv:11.0) like Gecko"
