138.21.12.28 - - [04/Jan/2021:12:30:27 +0100] "GET /reload?ser=1609759827413 HTTP/1.1" 200 28 "http://renault.2web.at/result?searchterm=true&search=pos57" "Mozilla/5.0 (Windows NT 10.0; Win64; x64) AppleWebKit/537.36 (KHTML, like Gecko) Chrome/87.0.4280.88 Safari/537.36"
82.135.5.126 - - [04/Jan/2021:12:31:21 +0100] "GET /reload?ser=1609759881775 HTTP/1.1" 200 28 "http://renault.activities.at/success" "Mozilla/5.0 (Windows NT 10.0; WOW64; Trident/7.0; rv:11.0) like Gecko"
138.21.12.28 - - [04/Jan/2021:12:31:29 +0100] "GET /reload?ser=1609759889415 HTTP/1.1" 200 28 "http://renault.2web.at/result?searchterm=true&search=pos57" "Mozilla/5.0 (Windows NT 10.0; Win64; x64) AppleWebKit/537.36 (KHTML, like Gecko) Chrome/87.0.4280.88 Safari/537.36"
82.135.5.126 - - [04/Jan/2021:12:32:22 +0100] "GET /reload?ser=1609759942811 HTTP/1.1" 200 28 "http://renault.activities.at/success" "Mozilla/5.0 (Windows NT 10.0; WOW64; Trident/7.0; rv:11.0) like Gecko"
138.21.12.28 - - [04/Jan/2021:12:32:31 +0100] "GET /reload?ser=1609759951414 HTTP/1.1" 200 28 "http://renault.2web.at/result?searchterm=true&search=pos57" "Mozilla/5.0 (Windows NT 10.0; Win64; x64) AppleWebKit/537.36 (KHTML, like Gecko) Chrome/87.0.4280.88 Safari/537.36"
82.135.5.126 - - [04/Jan/2021:12:33:23 +0100] "GET /reload?ser=1609760003779 HTTP/1.1" 200 28 "http://renault.activities.at/success" "Mozilla/5.0 (Windows NT 10.0; WOW64; Trident/7.0; rv:11.0) like Gecko"
138.21.12.28 - - [04/Jan/2021:12:33:33 +0100] "GET /reload?ser=1609760013416 HTTP/1.1" 200 28 "http://renault.2web.at/result?searchterm=true&search=pos57" "Mozilla/5.0 (Windows NT 10.0; Win64; x64) AppleWebKit/537.36 (KHTML, like Gecko) Chrome/87.0.4280.88 Safari/537.36"
82.135.5.126 - - [04/Jan/2021:12:34:24 +0100] "GET /reload?ser=1609760064776 HTTP/1.1" 200 28 "http://renault.activities.at/success" "Mozilla/5.0 (Windows NT 10.0; WOW64; Trident/7.0; rv:11.0) like Gecko"
138.21.12.28 - - [04/Jan/2021:12:34:35 +0100] "GET /reload?ser=1609760075414 HTTP/1.1" 200 28 "http://renault.2web.at/result?searchterm=true&search=pos57" "Mozilla/5.0 (Windows NT 10.0; Win64; x64) AppleWebKit/537.36 (KHTML, like Gecko) Chrome/87.0.4280.88 Safari/537.36"
82.135.5.126 - - [04/Jan/2021:12:35:25 +0100] "GET /reload?ser=1609760125793 HTTP/1.1" 200 28 "http://renault.activities.at/success" "Mozilla/5.0 (Windows NT 10.0; WOW64; Trident/7.0; rv:11.0) like Gecko"
138.21.12.28 - - [04/Jan/2021:12:35:37 +0100] "GET /reload?ser=1609760137418 HTTP/1.1" 200 28 "http://renault.2web.at/result?searchterm=true&search=pos57" "Mozilla/5.0 (Windows NT 10.0; Win64; x64) AppleWebKit/537.36 (KHTML, like Gecko) Chrome/87.0.4280.88 Safari/537.36"
82.135.5.126 - - [04/Jan/2021:12:36:26 +0100] "GET /reload?ser=1609760186896 HTTP/1.1" 200 28 "http://renault.activities.at/success" "Mozilla/5.0 (Windows NT 10.0; WOW64; Trident/7.0; rv:11.0) like Gecko"
138.21.12.28 - - [04/Jan/2021:12:36:39 +0100] "GET /reload?ser=1609760199418 HTTP/1.1" 200 28 "http://renault.2web.at/result?searchterm=true&search=pos57" "Mozilla/5.0 (Windows NT 10.0; Win64; x64) AppleWebKit/537.36 (KHTML, like Gecko) Chrome/87.0.4280.88 Safari/537.36"
82.135.5.126 - - [04/Jan/2021:12:37:27 +0100] "GET /reload?ser=1609760247886 HTTP/1.1" 200 28 "http://renault.activities.at/success" "Mozilla/5.0 (Windows NT 10.0; WOW64; Trident/7.0; rv:11.0) like Gecko"
138.21.12.28 - - [04/Jan/2021:12:37:41 +0100] "GET /reload?ser=1609760261415 HTTP/1.1" 200 28 "http://renault.2web.at/result?searchterm=true&search=pos57" "Mozilla/5.0 (Windows NT 10.0; Win64; x64) AppleWebKit/537.36 (KHTML, like Gecko) Chrome/87.0.4280.88 Safari/537.36"
82.135.5.126 - - [04/Jan/2021:12:38:28 +0100] "GET /reload?ser=1609760308857 HTTP/1.1" 200 28 "http://renault.activities.at/success" "Mozilla/5.0 (Windows NT 10.0; WOW64; Trident/7.0; rv:11.0) like Gecko"
138.21.12.28 - - [04/Jan/2021:12:38:44 +0100] "GET /reload?ser=1609760323415 HTTP/1.1" 200 28 "http://renault.2web.at/result?searchterm=true&search=pos57" "Mozilla/5.0 (Windows NT 10.0; Win64; x64) AppleWebKit/537.36 (KHTML, like Gecko) Chrome/87.0.4280.88 Safari/537.36"
82.135.5.126 - - [04/Jan/2021:12:39:29 +0100] "GET /reload?ser=1609760369834 HTTP/1.1" 200 28 "http://renault.activities.at/success" "Mozilla/5.0 (Windows NT 10.0; WOW64; Trident/7.0; rv:11.0) like Gecko"
138.21.12.28 - - [04/Jan/2021:12:39:45 +0100] "GET /reload?ser=1609760385415 HTTP/1.1" 200 28 "http://renault.2web.at/result?searchterm=true&search=pos57" "Mozilla/5.0 (Windows NT 10.0; Win64; x64) AppleWebKit/537.36 (KHTML, like Gecko) Chrome/87.0.4280.88 Safari/537.36"
82.135.5.126 - - [04/Jan/2021:12:40:30 +0100] "GET /reload?ser=1609760430827 HTTP/1.1" 200 28 "http://renault.activities.at/success" "Mozilla/5.0 (Windows NT 10.0; WOW64; Trident/7.0; rv:11.0) like Gecko"
138.21.12.28 - - [04/Jan/2021:12:40:47 +0100] "GET /reload?ser=1609760447421 HTTP/1.1" 200 28 "http://renault.2web.at/result?searchterm=true&search=pos57" "Mozilla/5.0 (Windows NT 10.0; Win64; x64) AppleWebKit/537.36 (KHTML, like Gecko) Chrome/87.0.4280.88 Safari/537.36"
82.135.5.126 - - [04/Jan/2021:12:41:31 +0100] "GET /reload?ser=1609760491823 HTTP/1.1" 200 28 "http://renault.activities.at/success" "Mozilla/5.0 (Windows NT 10.0; WOW64; Trident/7.0; rv:11.0) like Gecko"
138.21.12.28 - - [04/Jan/2021:12:41:50 +0100] "GET /reload?ser=1609760509431 HTTP/1.1" 200 28 "http://renault.2web.at/result?searchterm=true&search=pos57" "Mozilla/5.0 (Windows NT 10.0; Win64; x64) AppleWebKit/537.36 (KHTML, like Gecko) Chrome/87.0.4280.88 Safari/537.36"
82.135.5.126 - - [04/Jan/2021:12:42:32 +0100] "GET /reload?ser=1609760552814 HTTP/1.1" 200 28 "http://renault.activities.at/success" "Mozilla/5.0 (Windows NT 10.0; WOW64; Trident/7.0; rv:11.0) like Gecko"
138.21.12.28 - - [04/Jan/2021:12:42:52 +0100] "GET /reload?ser=1609760571442 HTTP/1.1" 200 28 "http://renault.2web.at/result?searchterm=true&search=pos57" "Mozilla/5.0 (Windows NT 10.0; Win64; x64) AppleWebKit/537.36 (KHTML, like Gecko) Chrome/87.0.4280.88 Safari/537.36"
82.135.5.126 - - [04/Jan/2021:12:43:33 +0100] "GET /reload?ser=1609760613787 HTTP/1.1" 200 28 "http://renault.activities.at/success" "Mozilla/5.0 (Windows NT 10.0; WOW64; Trident/7.0; rv:11.0) like Gecko"
138.21.12.28 - - [04/Jan/2021:12:43:53 +0100] "GET /reload?ser=1609760633447 HTTP/1.1" 200 28 "http://renault.2web.at/result?searchterm=true&search=pos57" "Mozilla/5.0 (Windows NT 10.0; Win64; x64) AppleWebKit/537.36 (KHTML, like Gecko) Chrome/87.0.4280.88 Safari/537.36"
82.135.5.126 - - [04/Jan/2021:12:44:34 +0100] "GET /reload?ser=1609760674787 HTTP/1.1" 200 28 "http://renault.activities.at/success" "Mozilla/5.0 (Windows NT 10.0; WOW64; Trident/7.0; rv:11.0) like Gecko"
138.21.12.28 - - [04/Jan/2021:12:44:55 +0100] "GET /reload?ser=1609760695455 HTTP/1.1" 200 28 "http://renault.2web.at/result?searchterm=true&search=pos57" "Mozilla/5.0 (Windows NT 10.0; Win64; x64) AppleWebKit/537.36 (KHTML, like Gecko) Chrome/87.0.4280.88 Safari/537.36"
82.135.5.126 - - [04/Jan/2021:12:45:35 +0100] "GET /reload?ser=1609760735821 HTTP/1.1" 200 28 "http://renault.activities.at/success" "Mozilla/5.0 (Windows NT 10.0; WOW64; Trident/7.0; rv:11.0) like Gecko"
138.21.12.28 - - [04/Jan/2021:12:45:57 +0100] "GET /reload?ser=1609760757461 HTTP/1.1" 200 28 "http://renault.2web.at/result?searchterm=true&search=pos57" "Mozilla/5.0 (Windows NT 10.0; Win64; x64) AppleWebKit/537.36 (KHTML, like Gecko) Chrome/87.0.4280.88 Safari/537.36"
82.135.5.126 - - [04/Jan/2021:12:46:36 +0100] "GET /reload?ser=1609760796803 HTTP/1.1" 200 28 "http://renault.activities.at/success" "Mozilla/5.0 (Windows NT 10.0; WOW64; Trident/7.0; rv:11.0) like Gecko"
138.21.12.28 - - [04/Jan/2021:12:46:59 +0100] "GET /reload?ser=1609760819466 HTTP/1.1" 200 28 "http://renault.2web.at/result?searchterm=true&search=pos57" "Mozilla/5.0 (Windows NT 10.0; Win64; x64) AppleWebKit/537.36 (KHTML, like Gecko) Chrome/87.0.4280.88 Safari/537.36"
82.135.5.126 - - [04/Jan/2021:12:47:37 +0100] "GET /reload?ser=1609760857781 HTTP/1.1" 200 28 "http://renault.activities.at/success" "Mozilla/5.0 (Windows NT 10.0; WOW64; Trident/7.0; rv:11.0) like Gecko"
138.21.12.28 - - [04/Jan/2021:12:48:01 +0100] "GET /reload?ser=1609760881475 HTTP/1.1" 200 28 "http://renault.2web.at/result?searchterm=true&search=pos57" "Mozilla/5.0 (Windows NT 10.0; Win64; x64) AppleWebKit/537.36 (KHTML, like Gecko) Chrome/87.0.4280.88 Safari/537.36"
82.135.5.126 - - [04/Jan/2021:12:48:38 +0100] "GET /reload?ser=1609760918774 HTTP/1.1" 200 28 "http://renault.activities.at/success" "Mozilla/5.0 (Windows NT 10.0; WOW64; Trident/7.0; rv:11.0) like Gecko"
138.21.12.28 - - [04/Jan/2021:12:49:03 +0100] "GET /reload?ser=1609760943480 HTTP/1.1" 200 28 "http://renault.2web.at/result?searchterm=true&search=pos57" "Mozilla/5.0 (Windows NT 10.0; Win64; x64) AppleWebKit/537.36 (KHTML, like Gecko) Chrome/87.0.4280.88 Safari/537.36"
82.135.5.126 - - [04/Jan/2021:12:49:39 +0100] "GET /reload?ser=1609760979754 HTTP/1.1" 200 28 "http://renault.activities.at/success" "Mozilla/5.0 (Windows NT 10.0; WOW64; Trident/7.0; rv:11.0) like Gecko"
138.21.12.28 - - [04/Jan/2021:12:50:06 +0100] "GET /reload?ser=1609761005489 HTTP/1.1" 200 28 "http://renault.2web.at/result?searchterm=true&search=pos57" "Mozilla/5.0 (Windows NT 10.0; Win64; x64) AppleWebKit/537.36 (KHTML, like Gecko) Chrome/87.0.4280.88 Safari/537.36"
82.135.5.126 - - [04/Jan/2021:12:50:40 +0100] "GET /reload?ser=1609761040754 HTTP/1.1" 200 28 "http://renault.activities.at/success" "Mozilla/5.0 (Windows NT 10.0; WOW64; Trident/7.0; rv:11.0) like Gecko"
138.21.12.28 - - [04/Jan/2021:12:51:07 +0100] "GET /reload?ser=1609761067489 HTTP/1.1" 200 28 "http://renault.2web.at/result?searchterm=true&search=pos57" "Mozilla/5.0 (Windows NT 10.0; Win64; x64) AppleWebKit/537.36 (KHTML, like Gecko) Chrome/87.0.4280.88 Safari/537.36"
82.135.5.126 - - [04/Jan/2021:12:51:41 +0100] "GET /reload?ser=1609761101740 HTTP/1.1" 200 28 "http://renault.activities.at/success" "Mozilla/5.0 (Windows NT 10.0; WOW64; Trident/7.0; rv:11.0) like Gecko"
138.21.12.28 - - [04/Jan/2021:12:52:09 +0100] "GET /reload?ser=1609761129495 HTTP/1.1" 200 28 "http://renault.2web.at/result?searchterm=true&search=pos57" "Mozilla/5.0 (Windows NT 10.0; Win64; x64) AppleWebKit/537.36 (KHTML, like Gecko) Chrome/87.0.4280.88 Safari/537.36"
82.135.5.126 - - [04/Jan/2021:12:52:42 +0100] "GET /reload?ser=1609761162755 HTTP/1.1" 200 28 "http://renault.activities.at/success" "Mozilla/5.0 (Windows NT 10.0; WOW64; Trident/7.0; rv:11.0) like Gecko"
138.21.12.28 - - [04/Jan/2021:12:53:11 +0100] "GET /reload?ser=1609761191500 HTTP/1.1" 200 28 "http://renault.2web.at/result?searchterm=true&search=pos57" "Mozilla/5.0 (Windows NT 10.0; Win64; x64) AppleWebKit/537.36 (KHTML, like Gecko) Chrome/87.0.4280.88 Safari/537.36"
82.135.5.126 - - [04/Jan/2021:12:53:43 +0100] "GET /reload?ser=1609761223768 HTTP/1.1" 200 28 "http://renault.activities.at/success" "Mozilla/5.0 (Windows NT 10.0; WOW64; Trident/7.0; rv:11.0) like Gecko"
138.21.12.28 - - [04/Jan/2021:12:54:13 +0100] "GET /reload?ser=1609761253502 HTTP/1.1" 200 28 "http://renault.2web.at/result?searchterm=true&search=pos57" "Mozilla/5.0 (Windows NT 10.0; Win64; x64) AppleWebKit/537.36 (KHTML, like Gecko) Chrome/87.0.4280.88 Safari/537.36"
82.135.5.126 - - [04/Jan/2021:12:54:44 +0100] "GET /reload?ser=1609761284794 HTTP/1.1" 200 28 "http://renault.activities.at/success" "Mozilla/5.0 (Windows NT 10.0; WOW64; Trident/7.0; rv:11.0) like Gecko"
138.21.12.28 - - [04/Jan/2021:12:55:16 +0100] "GET /reload?ser=1609761315506 HTTP/1.1" 200 28 "http://renault.2web.at/result?searchterm=true&search=pos57" "Mozilla/5.0 (Windows NT 10.0; Win64; x64) AppleWebKit/537.36 (KHTML, like Gecko) Chrome/87.0.4280.88 Safari/537.36"
82.135.5.126 - - [04/Jan/2021:12:55:45 +0100] "GET /reload?ser=1609761345803 HTTP/1.1" 200 28 "http://renault.activities.at/success" "Mozilla/5.0 (Windows NT 10.0; WOW64; Trident/7.0; rv:11.0) like Gecko"
138.21.12.28 - - [04/Jan/2021:12:56:18 +0100] "GET /reload?ser=1609761377510 HTTP/1.1" 200 28 "http://renault.2web.at/result?searchterm=true&search=pos57" "Mozilla/5.0 (Windows NT 10.0; Win64; x64) AppleWebKit/537.36 (KHTML, like Gecko) Chrome/87.0.4280.88 Safari/537.36"
82.135.5.126 - - [04/Jan/2021:12:56:46 +0100] "GET /reload?ser=1609761406806 HTTP/1.1" 200 28 "http://renault.activities.at/success" "Mozilla/5.0 (Windows NT 10.0; WOW64; Trident/7.0; rv:11.0) like Gecko"
138.21.12.28 - - [04/Jan/2021:12:57:19 +0100] "GET /reload?ser=1609761439512 HTTP/1.1" 200 28 "http://renault.2web.at/result?searchterm=true&search=pos57" "Mozilla/5.0 (Windows NT 10.0; Win64; x64) AppleWebKit/537.36 (KHTML, like Gecko) Chrome/87.0.4280.88 Safari/537.36"
82.135.5.126 - - [04/Jan/2021:12:57:47 +0100] "GET /reload?ser=1609761467886 HTTP/1.1" 200 28 "http://renault.activities.at/success" "Mozilla/5.0 (Windows NT 10.0; WOW64; Trident/7.0; rv:11.0) like Gecko"
138.21.12.28 - - [04/Jan/2021:12:58:21 +0100] "GET /reload?ser=1609761501517 HTTP/1.1" 200 28 "http://renault.2web.at/result?searchterm=true&search=pos57" "Mozilla/5.0 (Windows NT 10.0; Win64; x64) AppleWebKit/537.36 (KHTML, like Gecko) Chrome/87.0.4280.88 Safari/537.36"
82.135.5.126 - - [04/Jan/2021:12:58:48 +0100] "GET /reload?ser=1609761528898 HTTP/1.1" 200 28 "http://renault.activities.at/success" "Mozilla/5.0 (Windows NT 10.0; WOW64; Trident/7.0; rv:11.0) like Gecko"
138.21.12.28 - - [04/Jan/2021:12:59:24 +0100] "GET /reload?ser=1609761563519 HTTP/1.1" 200 28 "http://renault.2web.at/result?searchterm=true&search=pos57" "Mozilla/5.0 (Windows NT 10.0; Win64; x64) AppleWebKit/537.36 (KHTML, like Gecko) Chrome/87.0.4280.88 Safari/537.36"
82.135.5.126 - - [04/Jan/2021:12:59:49 +0100] "GET /reload?ser=1609761589883 HTTP/1.1" 200 28 "http://renault.activities.at/success" "Mozilla/5.0 (Windows NT 10.0; WOW64; Trident/7.0; rv:11.0) like Gecko"
138.21.12.28 - - [04/Jan/2021:13:00:26 +0100] "GET /reload?ser=1609761625523 HTTP/1.1" 200 28 "http://renault.2web.at/result?searchterm=true&search=pos57" "Mozilla/5.0 (Windows NT 10.0; Win64; x64) AppleWebKit/537.36 (KHTML, like Gecko) Chrome/87.0.4280.88 Safari/537.36"
82.135.5.126 - - [04/Jan/2021:13:00:50 +0100] "GET /reload?ser=1609761650865 HTTP/1.1" 200 28 "http://renault.activities.at/success" "Mozilla/5.0 (Windows NT 10.0; WOW64; Trident/7.0; rv:11.0) like Gecko"
138.21.12.28 - - [04/Jan/2021:13:01:28 +0100] "GET /reload?ser=1609761687529 HTTP/1.1" 200 28 "http://renault.2web.at/result?searchterm=true&search=pos57" "Mozilla/5.0 (Windows NT 10.0; Win64; x64) AppleWebKit/537.36 (KHTML, like Gecko) Chrome/87.0.4280.88 Safari/537.36"
82.135.5.126 - - [04/Jan/2021:13:01:51 +0100] "GET /reload?ser=1609761711965 HTTP/1.1" 200 28 "http://renault.activities.at/success" "Mozilla/5.0 (Windows NT 10.0; WOW64; Trident/7.0; rv:11.0) like Gecko"
138.21.12.28 - - [04/Jan/2021:13:02:30 +0100] "GET /reload?ser=1609761749525 HTTP/1.1" 200 28 "http://renault.2web.at/result?searchterm=true&search=pos57" "Mozilla/5.0 (Windows NT 10.0; Win64; x64) AppleWebKit/537.36 (KHTML, like Gecko) Chrome/87.0.4280.88 Safari/537.36"
82.135.5.126 - - [04/Jan/2021:13:02:52 +0100] "GET /reload?ser=1609761772942 HTTP/1.1" 200 28 "http://renault.activities.at/success" "Mozilla/5.0 (Windows NT 10.0; WOW64; Trident/7.0; rv:11.0) like Gecko"
138.21.12.28 - - [04/Jan/2021:13:03:31 +0100] "GET /reload?ser=1609761811530 HTTP/1.1" 200 28 "http://renault.2web.at/result?searchterm=true&search=pos57" "Mozilla/5.0 (Windows NT 10.0; Win64; x64) AppleWebKit/537.36 (KHTML, like Gecko) Chrome/87.0.4280.88 Safari/537.36"
82.135.5.126 - - [04/Jan/2021:13:03:53 +0100] "GET /reload?ser=1609761833903 HTTP/1.1" 200 28 "http://renault.activities.at/success" "Mozilla/5.0 (Windows NT 10.0; WOW64; Trident/7.0; rv:11.0) like Gecko"
138.21.12.28 - - [04/Jan/2021:13:04:34 +0100] "GET /reload?ser=1609761873531 HTTP/1.1" 200 28 "http://renault.2web.at/result?searchterm=true&search=pos57" "Mozilla/5.0 (Windows NT 10.0; Win64; x64) AppleWebKit/537.36 (KHTML, like Gecko) Chrome/87.0.4280.88 Safari/537.36"
82.135.5.126 - - [04/Jan/2021:13:04:54 +0100] "GET /reload?ser=1609761894936 HTTP/1.1" 200 28 "http://renault.activities.at/success" "Mozilla/5.0 (Windows NT 10.0; WOW64; Trident/7.0; rv:11.0) like Gecko"
138.21.12.28 - - [04/Jan/2021:13:05:35 +0100] "GET /reload?ser=1609761935532 HTTP/1.1" 200 28 "http://renault.2web.at/result?searchterm=true&search=pos57" "Mozilla/5.0 (Windows NT 10.0; Win64; x64) AppleWebKit/537.36 (KHTML, like Gecko) Chrome/87.0.4280.88 Safari/537.36"
82.135.5.126 - - [04/Jan/2021:13:05:55 +0100] "GET /reload?ser=1609761955915 HTTP/1.1" 200 28 "http://renault.activities.at/success" "Mozilla/5.0 (Windows NT 10.0; WOW64; Trident/7.0; rv:11.0) like Gecko"
138.21.12.28 - - [04/Jan/2021:13:06:37 +0100] "GET /reload?ser=1609761997534 HTTP/1.1" 200 28 "http://renault.2web.at/result?searchterm=true&search=pos57" "Mozilla/5.0 (Windows NT 10.0; Win64; x64) AppleWebKit/537.36 (KHTML, like Gecko) Chrome/87.0.4280.88 Safari/537.36"
82.135.5.126 - - [04/Jan/2021:13:06:56 +0100] "GET /reload?ser=1609762016907 HTTP/1.1" 200 28 "http://renault.activities.at/success" "Mozilla/5.0 (Windows NT 10.0; WOW64; Trident/7.0; rv:11.0) like Gecko"
138.21.12.28 - - [04/Jan/2021:13:07:40 +0100] "GET /reload?ser=1609762059536 HTTP/1.1" 200 28 "http://renault.2web.at/result?searchterm=true&search=pos57" "Mozilla/5.0 (Windows NT 10.0; Win64; x64) AppleWebKit/537.36 (KHTML, like Gecko) Chrome/87.0.4280.88 Safari/537.36"
82.135.5.126 - - [04/Jan/2021:13:07:58 +0100] "GET /reload?ser=1609762077977 HTTP/1.1" 200 28 "http://renault.activities.at/success" "Mozilla/5.0 (Windows NT 10.0; WOW64; Trident/7.0; rv:11.0) like Gecko"
138.21.12.28 - - [04/Jan/2021:13:08:42 +0100] "GET /reload?ser=1609762121536 HTTP/1.1" 200 28 "http://renault.2web.at/result?searchterm=true&search=pos57" "Mozilla/5.0 (Windows NT 10.0; Win64; x64) AppleWebKit/537.36 (KHTML, like Gecko) Chrome/87.0.4280.88 Safari/537.36"
82.135.5.126 - - [04/Jan/2021:13:08:59 +0100] "GET /reload?ser=1609762139106 HTTP/1.1" 200 28 "http://renault.activities.at/success" "Mozilla/5.0 (Windows NT 10.0; WOW64; Trident/7.0; rv:11.0) like Gecko"
138.21.12.28 - - [04/Jan/2021:13:09:43 +0100] "GET /reload?ser=1609762183541 HTTP/1.1" 200 28 "http://renault.2web.at/result?searchterm=true&search=pos57" "Mozilla/5.0 (Windows NT 10.0; Win64; x64) AppleWebKit/537.36 (KHTML, like Gecko) Chrome/87.0.4280.88 Safari/537.36"
82.135.5.126 - - [04/Jan/2021:13:10:00 +0100] "GET /reload?ser=1609762200116 HTTP/1.1" 200 28 "http://renault.activities.at/success" "Mozilla/5.0 (Windows NT 10.0; WOW64; Trident/7.0; rv:11.0) like Gecko"
138.21.12.28 - - [04/Jan/2021:13:10:45 +0100] "GET /reload?ser=1609762245539 HTTP/1.1" 200 28 "http://renault.2web.at/result?searchterm=true&search=pos57" "Mozilla/5.0 (Windows NT 10.0; Win64; x64) AppleWebKit/537.36 (KHTML, like Gecko) Chrome/87.0.4280.88 Safari/537.36"
82.135.5.126 - - [04/Jan/2021:13:11:01 +0100] "GET /reload?ser=1609762261088 HTTP/1.1" 200 28 "http://renault.activities.at/success" "Mozilla/5.0 (Windows NT 10.0; WOW64; Trident/7.0; rv:11.0) like Gecko"
138.21.12.28 - - [04/Jan/2021:13:11:47 +0100] "GET /reload?ser=1609762307543 HTTP/1.1" 200 28 "http://renault.2web.at/result?searchterm=true&search=pos57" "Mozilla/5.0 (Windows NT 10.0; Win64; x64) AppleWebKit/537.36 (KHTML, like Gecko) Chrome/87.0.4280.88 Safari/537.36"
82.135.5.126 - - [04/Jan/2021:13:12:02 +0100] "GET /reload?ser=1609762322068 HTTP/1.1" 200 28 "http://renault.activities.at/success" "Mozilla/5.0 (Windows NT 10.0; WOW64; Trident/7.0; rv:11.0) like Gecko"
138.21.12.28 - - [04/Jan/2021:13:12:50 +0100] "GET /reload?ser=1609762369552 HTTP/1.1" 200 28 "http://renault.2web.at/result?searchterm=true&search=pos57" "Mozilla/5.0 (Windows NT 10.0; Win64; x64) AppleWebKit/537.36 (KHTML, like Gecko) Chrome/87.0.4280.88 Safari/537.36"
82.135.5.126 - - [04/Jan/2021:13:13:03 +0100] "GET /reload?ser=1609762383113 HTTP/1.1" 200 28 "http://renault.activities.at/success" "Mozilla/5.0 (Windows NT 10.0; WOW64; Trident/7.0; rv:11.0) like Gecko"
138.21.12.28 - - [04/Jan/2021:13:13:51 +0100] "GET /reload?ser=1609762431542 HTTP/1.1" 200 28 "http://renault.2web.at/result?searchterm=true&search=pos57" "Mozilla/5.0 (Windows NT 10.0; Win64; x64) AppleWebKit/537.36 (KHTML, like Gecko) Chrome/87.0.4280.88 Safari/537.36"
82.135.5.126 - - [04/Jan/2021:13:14:04 +0100] "GET /reload?ser=1609762444119 HTTP/1.1" 200 28 "http://renault.activities.at/success" "Mozilla/5.0 (Windows NT 10.0; WOW64; Trident/7.0; rv:11.0) like Gecko"
138.21.12.28 - - [04/Jan/2021:13:14:53 +0100] "GET /reload?ser=1609762493544 HTTP/1.1" 200 28 "http://renault.2web.at/result?searchterm=true&search=pos57" "Mozilla/5.0 (Windows NT 10.0; Win64; x64) AppleWebKit/537.36 (KHTML, like Gecko) Chrome/87.0.4280.88 Safari/537.36"
82.135.5.126 - - [04/Jan/2021:13:15:05 +0100] "GET /reload?ser=1609762505153 HTTP/1.1" 200 28 "http://renault.activities.at/success" "Mozilla/5.0 (Windows NT 10.0; WOW64; Trident/7.0; rv:11.0) like Gecko"
138.21.12.28 - - [04/Jan/2021:13:15:55 +0100] "GET /reload?ser=1609762555547 HTTP/1.1" 200 28 "http://renault.2web.at/result?searchterm=true&search=pos57" "Mozilla/5.0 (Windows NT 10.0; Win64; x64) AppleWebKit/537.36 (KHTML, like Gecko) Chrome/87.0.4280.88 Safari/537.36"
82.135.5.126 - - [04/Jan/2021:13:16:06 +0100] "GET /reload?ser=1609762566154 HTTP/1.1" 200 28 "http://renault.activities.at/success" "Mozilla/5.0 (Windows NT 10.0; WOW64; Trident/7.0; rv:11.0) like Gecko"
138.21.12.28 - - [04/Jan/2021:13:16:57 +0100] "GET /reload?ser=1609762617545 HTTP/1.1" 200 28 "http://renault.2web.at/result?searchterm=true&search=pos57" "Mozilla/5.0 (Windows NT 10.0; Win64; x64) AppleWebKit/537.36 (KHTML, like Gecko) Chrome/87.0.4280.88 Safari/537.36"
82.135.5.126 - - [04/Jan/2021:13:17:07 +0100] "GET /reload?ser=1609762627156 HTTP/1.1" 200 28 "http://renault.activities.at/success" "Mozilla/5.0 (Windows NT 10.0; WOW64; Trident/7.0; rv:11.0) like Gecko"
138.21.12.28 - - [04/Jan/2021:13:18:00 +0100] "GET /reload?ser=1609762679547 HTTP/1.1" 200 28 "http://renault.2web.at/result?searchterm=true&search=pos57" "Mozilla/5.0 (Windows NT 10.0; Win64; x64) AppleWebKit/537.36 (KHTML, like Gecko) Chrome/87.0.4280.88 Safari/537.36"
82.135.5.126 - - [04/Jan/2021:13:18:08 +0100] "GET /reload?ser=1609762688141 HTTP/1.1" 200 28 "http://renault.activities.at/success" "Mozilla/5.0 (Windows NT 10.0; WOW64; Trident/7.0; rv:11.0) like Gecko"
66.249.66.75 - - [04/Jan/2021:13:18:38 +0100] "GET /robots.txt HTTP/1.1" 404 300 "-" "Mozilla/5.0 (compatible; Googlebot/2.1; +http://www.google.com/bot.html)"
66.249.66.74 - - [04/Jan/2021:13:18:38 +0100] "GET / HTTP/1.1" 200 3273 "-" "Mozilla/5.0 (compatible; Googlebot/2.1; +http://www.google.com/bot.html)"
66.249.66.74 - - [04/Jan/2021:13:18:46 +0100] "GET /favicon.ico HTTP/1.1" 200 3250 "-" "Googlebot-Image/1.0"
66.249.66.75 - - [04/Jan/2021:13:18:47 +0100] "GET /images/favicon.ico HTTP/1.1" 404 305 "-" "Googlebot-Image/1.0"
138.21.12.28 - - [04/Jan/2021:13:19:01 +0100] "GET /reload?ser=1609762741548 HTTP/1.1" 200 28 "http://renault.2web.at/result?searchterm=true&search=pos57" "Mozilla/5.0 (Windows NT 10.0; Win64; x64) AppleWebKit/537.36 (KHTML, like Gecko) Chrome/87.0.4280.88 Safari/537.36"
82.135.5.126 - - [04/Jan/2021:13:19:09 +0100] "GET /reload?ser=1609762749147 HTTP/1.1" 200 28 "http://renault.activities.at/success" "Mozilla/5.0 (Windows NT 10.0; WOW64; Trident/7.0; rv:11.0) like Gecko"
138.21.12.28 - - [04/Jan/2021:13:20:03 +0100] "GET /reload?ser=1609762803551 HTTP/1.1" 200 28 "http://renault.2web.at/result?searchterm=true&search=pos57" "Mozilla/5.0 (Windows NT 10.0; Win64; x64) AppleWebKit/537.36 (KHTML, like Gecko) Chrome/87.0.4280.88 Safari/537.36"
82.135.5.126 - - [04/Jan/2021:13:20:10 +0100] "GET /reload?ser=1609762810133 HTTP/1.1" 200 28 "http://renault.activities.at/success" "Mozilla/5.0 (Windows NT 10.0; WOW64; Trident/7.0; rv:11.0) like Gecko"
138.21.12.28 - - [04/Jan/2021:13:21:06 +0100] "GET /reload?ser=1609762865549 HTTP/1.1" 200 28 "http://renault.2web.at/result?searchterm=true&search=pos57" "Mozilla/5.0 (Windows NT 10.0; Win64; x64) AppleWebKit/537.36 (KHTML, like Gecko) Chrome/87.0.4280.88 Safari/537.36"
82.135.5.126 - - [04/Jan/2021:13:21:11 +0100] "GET /reload?ser=1609762871132 HTTP/1.1" 200 28 "http://renault.activities.at/success" "Mozilla/5.0 (Windows NT 10.0; WOW64; Trident/7.0; rv:11.0) like Gecko"
138.21.12.28 - - [04/Jan/2021:13:22:08 +0100] "GET /reload?ser=1609762927549 HTTP/1.1" 200 28 "http://renault.2web.at/result?searchterm=true&search=pos57" "Mozilla/5.0 (Windows NT 10.0; Win64; x64) AppleWebKit/537.36 (KHTML, like Gecko) Chrome/87.0.4280.88 Safari/537.36"
82.135.5.126 - - [04/Jan/2021:13:22:12 +0100] "GET /reload?ser=1609762932128 HTTP/1.1" 200 28 "http://renault.activities.at/success" "Mozilla/5.0 (Windows NT 10.0; WOW64; Trident/7.0; rv:11.0) like Gecko"
138.21.12.28 - - [04/Jan/2021:13:23:10 +0100] "GET /reload?ser=1609762989553 HTTP/1.1" 200 28 "http://renault.2web.at/result?searchterm=true&search=pos57" "Mozilla/5.0 (Windows NT 10.0; Win64; x64) AppleWebKit/537.36 (KHTML, like Gecko) Chrome/87.0.4280.88 Safari/537.36"
82.135.5.126 - - [04/Jan/2021:13:23:13 +0100] "GET /reload?ser=1609762993238 HTTP/1.1" 200 28 "http://renault.activities.at/success" "Mozilla/5.0 (Windows NT 10.0; WOW64; Trident/7.0; rv:11.0) like Gecko"
138.21.12.28 - - [04/Jan/2021:13:24:12 +0100] "GET /reload?ser=1609763051551 HTTP/1.1" 200 28 "http://renault.2web.at/result?searchterm=true&search=pos57" "Mozilla/5.0 (Windows NT 10.0; Win64; x64) AppleWebKit/537.36 (KHTML, like Gecko) Chrome/87.0.4280.88 Safari/537.36"
82.135.5.126 - - [04/Jan/2021:13:24:14 +0100] "GET /reload?ser=1609763054394 HTTP/1.1" 200 28 "http://renault.activities.at/success" "Mozilla/5.0 (Windows NT 10.0; WOW64; Trident/7.0; rv:11.0) like Gecko"
138.21.12.28 - - [04/Jan/2021:13:25:13 +0100] "GET /reload?ser=1609763113552 HTTP/1.1" 200 28 "http://renault.2web.at/result?searchterm=true&search=pos57" "Mozilla/5.0 (Windows NT 10.0; Win64; x64) AppleWebKit/537.36 (KHTML, like Gecko) Chrome/87.0.4280.88 Safari/537.36"
82.135.5.126 - - [04/Jan/2021:13:25:15 +0100] "GET /reload?ser=1609763115383 HTTP/1.1" 200 28 "http://renault.activities.at/success" "Mozilla/5.0 (Windows NT 10.0; WOW64; Trident/7.0; rv:11.0) like Gecko"
138.21.12.28 - - [04/Jan/2021:13:26:16 +0100] "GET /reload?ser=1609763175551 HTTP/1.1" 200 28 "http://renault.2web.at/result?searchterm=true&search=pos57" "Mozilla/5.0 (Windows NT 10.0; Win64; x64) AppleWebKit/537.36 (KHTML, like Gecko) Chrome/87.0.4280.88 Safari/537.36"
82.135.5.126 - - [04/Jan/2021:13:26:16 +0100] "GET /reload?ser=1609763176378 HTTP/1.1" 200 28 "http://renault.activities.at/success" "Mozilla/5.0 (Windows NT 10.0; WOW64; Trident/7.0; rv:11.0) like Gecko"
82.135.5.126 - - [04/Jan/2021:13:27:17 +0100] "GET /reload?ser=1609763237346 HTTP/1.1" 200 28 "http://renault.activities.at/success" "Mozilla/5.0 (Windows NT 10.0; WOW64; Trident/7.0; rv:11.0) like Gecko"
138.21.12.28 - - [04/Jan/2021:13:27:17 +0100] "GET /reload?ser=1609763237554 HTTP/1.1" 200 28 "http://renault.2web.at/result?searchterm=true&search=pos57" "Mozilla/5.0 (Windows NT 10.0; Win64; x64) AppleWebKit/537.36 (KHTML, like Gecko) Chrome/87.0.4280.88 Safari/537.36"
82.135.5.126 - - [04/Jan/2021:13:28:18 +0100] "GET /reload?ser=1609763298382 HTTP/1.1" 200 28 "http://renault.activities.at/success" "Mozilla/5.0 (Windows NT 10.0; WOW64; Trident/7.0; rv:11.0) like Gecko"
138.21.12.28 - - [04/Jan/2021:13:28:20 +0100] "GET /reload?ser=1609763299563 HTTP/1.1" 200 28 "http://renault.2web.at/result?searchterm=true&search=pos57" "Mozilla/5.0 (Windows NT 10.0; Win64; x64) AppleWebKit/537.36 (KHTML, like Gecko) Chrome/87.0.4280.88 Safari/537.36"
82.135.5.126 - - [04/Jan/2021:13:29:19 +0100] "GET /reload?ser=1609763359403 HTTP/1.1" 200 28 "http://renault.activities.at/success" "Mozilla/5.0 (Windows NT 10.0; WOW64; Trident/7.0; rv:11.0) like Gecko"
138.21.12.28 - - [04/Jan/2021:13:29:22 +0100] "GET /reload?ser=1609763361555 HTTP/1.1" 200 28 "http://renault.2web.at/result?searchterm=true&search=pos57" "Mozilla/5.0 (Windows NT 10.0; Win64; x64) AppleWebKit/537.36 (KHTML, like Gecko) Chrome/87.0.4280.88 Safari/537.36"
82.135.5.126 - - [04/Jan/2021:13:30:20 +0100] "GET /reload?ser=1609763420383 HTTP/1.1" 200 28 "http://renault.activities.at/success" "Mozilla/5.0 (Windows NT 10.0; WOW64; Trident/7.0; rv:11.0) like Gecko"
138.21.12.28 - - [04/Jan/2021:13:30:23 +0100] "GET /reload?ser=1609763423555 HTTP/1.1" 200 28 "http://renault.2web.at/result?searchterm=true&search=pos57" "Mozilla/5.0 (Windows NT 10.0; Win64; x64) AppleWebKit/537.36 (KHTML, like Gecko) Chrome/87.0.4280.88 Safari/537.36"
82.135.5.126 - - [04/Jan/2021:13:31:21 +0100] "GET /reload?ser=1609763481473 HTTP/1.1" 200 28 "http://renault.activities.at/success" "Mozilla/5.0 (Windows NT 10.0; WOW64; Trident/7.0; rv:11.0) like Gecko"
138.21.12.28 - - [04/Jan/2021:13:31:26 +0100] "GET /reload?ser=1609763485556 HTTP/1.1" 200 28 "http://renault.2web.at/result?searchterm=true&search=pos57" "Mozilla/5.0 (Windows NT 10.0; Win64; x64) AppleWebKit/537.36 (KHTML, like Gecko) Chrome/87.0.4280.88 Safari/537.36"
82.135.5.126 - - [04/Jan/2021:13:32:22 +0100] "GET /reload?ser=1609763542445 HTTP/1.1" 200 28 "http://renault.activities.at/success" "Mozilla/5.0 (Windows NT 10.0; WOW64; Trident/7.0; rv:11.0) like Gecko"
138.21.12.28 - - [04/Jan/2021:13:32:28 +0100] "GET /reload?ser=1609763547566 HTTP/1.1" 200 28 "http://renault.2web.at/result?searchterm=true&search=pos57" "Mozilla/5.0 (Windows NT 10.0; Win64; x64) AppleWebKit/537.36 (KHTML, like Gecko) Chrome/87.0.4280.88 Safari/537.36"
82.135.5.126 - - [04/Jan/2021:13:33:23 +0100] "GET /reload?ser=1609763603432 HTTP/1.1" 200 28 "http://renault.activities.at/success" "Mozilla/5.0 (Windows NT 10.0; WOW64; Trident/7.0; rv:11.0) like Gecko"
138.21.12.28 - - [04/Jan/2021:13:33:29 +0100] "GET /reload?ser=1609763609558 HTTP/1.1" 200 28 "http://renault.2web.at/result?searchterm=true&search=pos57" "Mozilla/5.0 (Windows NT 10.0; Win64; x64) AppleWebKit/537.36 (KHTML, like Gecko) Chrome/87.0.4280.88 Safari/537.36"
82.135.5.126 - - [04/Jan/2021:13:34:24 +0100] "GET /reload?ser=1609763664400 HTTP/1.1" 200 28 "http://renault.activities.at/success" "Mozilla/5.0 (Windows NT 10.0; WOW64; Trident/7.0; rv:11.0) like Gecko"
138.21.12.28 - - [04/Jan/2021:13:34:32 +0100] "GET /reload?ser=1609763671555 HTTP/1.1" 200 28 "http://renault.2web.at/result?searchterm=true&search=pos57" "Mozilla/5.0 (Windows NT 10.0; Win64; x64) AppleWebKit/537.36 (KHTML, like Gecko) Chrome/87.0.4280.88 Safari/537.36"
82.135.5.126 - - [04/Jan/2021:13:35:25 +0100] "GET /reload?ser=1609763725363 HTTP/1.1" 200 28 "http://renault.activities.at/success" "Mozilla/5.0 (Windows NT 10.0; WOW64; Trident/7.0; rv:11.0) like Gecko"
138.21.12.28 - - [04/Jan/2021:13:35:34 +0100] "GET /reload?ser=1609763733629 HTTP/1.1" 200 28 "http://renault.2web.at/result?searchterm=true&search=pos57" "Mozilla/5.0 (Windows NT 10.0; Win64; x64) AppleWebKit/537.36 (KHTML, like Gecko) Chrome/87.0.4280.88 Safari/537.36"
82.135.5.126 - - [04/Jan/2021:13:36:26 +0100] "GET /reload?ser=1609763786335 HTTP/1.1" 200 28 "http://renault.activities.at/success" "Mozilla/5.0 (Windows NT 10.0; WOW64; Trident/7.0; rv:11.0) like Gecko"
138.21.12.28 - - [04/Jan/2021:13:36:36 +0100] "GET /reload?ser=1609763795559 HTTP/1.1" 200 28 "http://renault.2web.at/result?searchterm=true&search=pos57" "Mozilla/5.0 (Windows NT 10.0; Win64; x64) AppleWebKit/537.36 (KHTML, like Gecko) Chrome/87.0.4280.88 Safari/537.36"
82.135.5.126 - - [04/Jan/2021:13:37:27 +0100] "GET /reload?ser=1609763847330 HTTP/1.1" 200 28 "http://renault.activities.at/success" "Mozilla/5.0 (Windows NT 10.0; WOW64; Trident/7.0; rv:11.0) like Gecko"
138.21.12.28 - - [04/Jan/2021:13:37:38 +0100] "GET /reload?ser=1609763857556 HTTP/1.1" 200 28 "http://renault.2web.at/result?searchterm=true&search=pos57" "Mozilla/5.0 (Windows NT 10.0; Win64; x64) AppleWebKit/537.36 (KHTML, like Gecko) Chrome/87.0.4280.88 Safari/537.36"
82.135.5.126 - - [04/Jan/2021:13:38:28 +0100] "GET /reload?ser=1609763908311 HTTP/1.1" 200 28 "http://renault.activities.at/success" "Mozilla/5.0 (Windows NT 10.0; WOW64; Trident/7.0; rv:11.0) like Gecko"
138.21.12.28 - - [04/Jan/2021:13:38:40 +0100] "GET /reload?ser=1609763919556 HTTP/1.1" 200 28 "http://renault.2web.at/result?searchterm=true&search=pos57" "Mozilla/5.0 (Windows NT 10.0; Win64; x64) AppleWebKit/537.36 (KHTML, like Gecko) Chrome/87.0.4280.88 Safari/537.36"
82.135.5.126 - - [04/Jan/2021:13:39:29 +0100] "GET /reload?ser=1609763969451 HTTP/1.1" 200 28 "http://renault.activities.at/success" "Mozilla/5.0 (Windows NT 10.0; WOW64; Trident/7.0; rv:11.0) like Gecko"
138.21.12.28 - - [04/Jan/2021:13:39:42 +0100] "GET /reload?ser=1609763981559 HTTP/1.1" 200 28 "http://renault.2web.at/result?searchterm=true&search=pos57" "Mozilla/5.0 (Windows NT 10.0; Win64; x64) AppleWebKit/537.36 (KHTML, like Gecko) Chrome/87.0.4280.88 Safari/537.36"
82.135.5.126 - - [04/Jan/2021:13:40:30 +0100] "GET /reload?ser=1609764030431 HTTP/1.1" 200 28 "http://renault.activities.at/success" "Mozilla/5.0 (Windows NT 10.0; WOW64; Trident/7.0; rv:11.0) like Gecko"
138.21.12.28 - - [04/Jan/2021:13:40:44 +0100] "GET /reload?ser=1609764043561 HTTP/1.1" 200 28 "http://renault.2web.at/result?searchterm=true&search=pos57" "Mozilla/5.0 (Windows NT 10.0; Win64; x64) AppleWebKit/537.36 (KHTML, like Gecko) Chrome/87.0.4280.88 Safari/537.36"
82.135.5.126 - - [04/Jan/2021:13:41:31 +0100] "GET /reload?ser=1609764091405 HTTP/1.1" 200 28 "http://renault.activities.at/success" "Mozilla/5.0 (Windows NT 10.0; WOW64; Trident/7.0; rv:11.0) like Gecko"
138.21.12.28 - - [04/Jan/2021:13:41:46 +0100] "GET /reload?ser=1609764105561 HTTP/1.1" 200 28 "http://renault.2web.at/result?searchterm=true&search=pos57" "Mozilla/5.0 (Windows NT 10.0; Win64; x64) AppleWebKit/537.36 (KHTML, like Gecko) Chrome/87.0.4280.88 Safari/537.36"
82.135.5.126 - - [04/Jan/2021:13:42:32 +0100] "GET /reload?ser=1609764152381 HTTP/1.1" 200 28 "http://renault.activities.at/success" "Mozilla/5.0 (Windows NT 10.0; WOW64; Trident/7.0; rv:11.0) like Gecko"
138.21.12.28 - - [04/Jan/2021:13:42:48 +0100] "GET /reload?ser=1609764167558 HTTP/1.1" 200 28 "http://renault.2web.at/result?searchterm=true&search=pos57" "Mozilla/5.0 (Windows NT 10.0; Win64; x64) AppleWebKit/537.36 (KHTML, like Gecko) Chrome/87.0.4280.88 Safari/537.36"
82.135.5.126 - - [04/Jan/2021:13:43:33 +0100] "GET /reload?ser=1609764213357 HTTP/1.1" 200 28 "http://renault.activities.at/success" "Mozilla/5.0 (Windows NT 10.0; WOW64; Trident/7.0; rv:11.0) like Gecko"
138.21.12.28 - - [04/Jan/2021:13:43:50 +0100] "GET /reload?ser=1609764229566 HTTP/1.1" 200 28 "http://renault.2web.at/result?searchterm=true&search=pos57" "Mozilla/5.0 (Windows NT 10.0; Win64; x64) AppleWebKit/537.36 (KHTML, like Gecko) Chrome/87.0.4280.88 Safari/537.36"
82.135.5.126 - - [04/Jan/2021:13:44:34 +0100] "GET /reload?ser=1609764274343 HTTP/1.1" 200 28 "http://renault.activities.at/success" "Mozilla/5.0 (Windows NT 10.0; WOW64; Trident/7.0; rv:11.0) like Gecko"
138.21.12.28 - - [04/Jan/2021:13:44:52 +0100] "GET /reload?ser=1609764291561 HTTP/1.1" 200 28 "http://renault.2web.at/result?searchterm=true&search=pos57" "Mozilla/5.0 (Windows NT 10.0; Win64; x64) AppleWebKit/537.36 (KHTML, like Gecko) Chrome/87.0.4280.88 Safari/537.36"
82.135.5.126 - - [04/Jan/2021:13:45:35 +0100] "GET /reload?ser=1609764335331 HTTP/1.1" 200 28 "http://renault.activities.at/success" "Mozilla/5.0 (Windows NT 10.0; WOW64; Trident/7.0; rv:11.0) like Gecko"
138.21.12.28 - - [04/Jan/2021:13:45:54 +0100] "GET /reload?ser=1609764353558 HTTP/1.1" 200 28 "http://renault.2web.at/result?searchterm=true&search=pos57" "Mozilla/5.0 (Windows NT 10.0; Win64; x64) AppleWebKit/537.36 (KHTML, like Gecko) Chrome/87.0.4280.88 Safari/537.36"
82.135.5.126 - - [04/Jan/2021:13:46:36 +0100] "GET /reload?ser=1609764396326 HTTP/1.1" 200 28 "http://renault.activities.at/success" "Mozilla/5.0 (Windows NT 10.0; WOW64; Trident/7.0; rv:11.0) like Gecko"
138.21.12.28 - - [04/Jan/2021:13:46:56 +0100] "GET /reload?ser=1609764415559 HTTP/1.1" 200 28 "http://renault.2web.at/result?searchterm=true&search=pos57" "Mozilla/5.0 (Windows NT 10.0; Win64; x64) AppleWebKit/537.36 (KHTML, like Gecko) Chrome/87.0.4280.88 Safari/537.36"
82.135.5.126 - - [04/Jan/2021:13:47:37 +0100] "GET /reload?ser=1609764457337 HTTP/1.1" 200 28 "http://renault.activities.at/success" "Mozilla/5.0 (Windows NT 10.0; WOW64; Trident/7.0; rv:11.0) like Gecko"
138.21.12.28 - - [04/Jan/2021:13:47:58 +0100] "GET /reload?ser=1609764477562 HTTP/1.1" 200 28 "http://renault.2web.at/result?searchterm=true&search=pos57" "Mozilla/5.0 (Windows NT 10.0; Win64; x64) AppleWebKit/537.36 (KHTML, like Gecko) Chrome/87.0.4280.88 Safari/537.36"
82.135.5.126 - - [04/Jan/2021:13:48:38 +0100] "GET /reload?ser=1609764518334 HTTP/1.1" 200 28 "http://renault.activities.at/success" "Mozilla/5.0 (Windows NT 10.0; WOW64; Trident/7.0; rv:11.0) like Gecko"
138.21.12.28 - - [04/Jan/2021:13:49:00 +0100] "GET /reload?ser=1609764539563 HTTP/1.1" 200 28 "http://renault.2web.at/result?searchterm=true&search=pos57" "Mozilla/5.0 (Windows NT 10.0; Win64; x64) AppleWebKit/537.36 (KHTML, like Gecko) Chrome/87.0.4280.88 Safari/537.36"
82.135.5.126 - - [04/Jan/2021:13:49:32 +0100] "GET /10201442 HTTP/1.1" 200 8745 "http://renault.activities.at/success" "Mozilla/5.0 (Windows NT 10.0; WOW64; Trident/7.0; rv:11.0) like Gecko"
82.135.5.126 - - [04/Jan/2021:13:49:36 +0100] "GET /loadthumbnail.php?id=11434114&width=50&height=50 HTTP/1.1" 200 1658 "http://renault.activities.at/10201442" "Mozilla/5.0 (Windows NT 10.0; WOW64; Trident/7.0; rv:11.0) like Gecko"
82.135.5.126 - - [04/Jan/2021:13:49:36 +0100] "GET /loadthumbnail.php?id=11355691&width=50&height=50 HTTP/1.1" 200 715 "http://renault.activities.at/10201442" "Mozilla/5.0 (Windows NT 10.0; WOW64; Trident/7.0; rv:11.0) like Gecko"
82.135.5.126 - - [04/Jan/2021:13:49:36 +0100] "GET /loadthumbnail.php?id=10745359&width=50&height=50 HTTP/1.1" 200 1503 "http://renault.activities.at/10201442" "Mozilla/5.0 (Windows NT 10.0; WOW64; Trident/7.0; rv:11.0) like Gecko"
138.21.12.28 - - [04/Jan/2021:13:50:02 +0100] "GET /reload?ser=1609764601571 HTTP/1.1" 200 28 "http://renault.2web.at/result?searchterm=true&search=pos57" "Mozilla/5.0 (Windows NT 10.0; Win64; x64) AppleWebKit/537.36 (KHTML, like Gecko) Chrome/87.0.4280.88 Safari/537.36"
82.135.5.126 - - [04/Jan/2021:13:50:37 +0100] "GET /reload?ser=1609764637052 HTTP/1.1" 200 28 "http://renault.activities.at/10201442" "Mozilla/5.0 (Windows NT 10.0; WOW64; Trident/7.0; rv:11.0) like Gecko"
82.135.5.126 - - [04/Jan/2021:13:50:38 +0100] "GET /orders HTTP/1.1" 200 5575 "http://renault.activities.at/10201442" "Mozilla/5.0 (Windows NT 10.0; WOW64; Trident/7.0; rv:11.0) like Gecko"
82.135.5.126 - - [04/Jan/2021:13:50:44 +0100] "GET /12301219 HTTP/1.1" 200 5770 "http://renault.activities.at/orders" "Mozilla/5.0 (Windows NT 10.0; WOW64; Trident/7.0; rv:11.0) like Gecko"
82.135.5.126 - - [04/Jan/2021:13:50:50 +0100] "GET /10201633 HTTP/1.1" 200 9200 "http://renault.activities.at/12301219" "Mozilla/5.0 (Windows NT 10.0; WOW64; Trident/7.0; rv:11.0) like Gecko"
82.135.5.126 - - [04/Jan/2021:13:50:58 +0100] "GET /result?searchterm=true&search=mobilit HTTP/1.1" 200 6480 "http://renault.activities.at/10201633" "Mozilla/5.0 (Windows NT 10.0; WOW64; Trident/7.0; rv:11.0) like Gecko"
82.135.5.126 - - [04/Jan/2021:13:50:59 +0100] "POST /axjaxrequest?mode=suggest HTTP/1.1" 200 166 "http://renault.activities.at/10201633" "Mozilla/5.0 (Windows NT 10.0; WOW64; Trident/7.0; rv:11.0) like Gecko"
82.135.5.126 - - [04/Jan/2021:13:51:00 +0100] "GET /result?searchterm=true&search=mobilit HTTP/1.1" 200 6480 "http://renault.activities.at/10201633" "Mozilla/5.0 (Windows NT 10.0; WOW64; Trident/7.0; rv:11.0) like Gecko"
138.21.12.28 - - [04/Jan/2021:13:51:04 +0100] "GET /reload?ser=1609764663584 HTTP/1.1" 200 28 "http://renault.2web.at/result?searchterm=true&search=pos57" "Mozilla/5.0 (Windows NT 10.0; Win64; x64) AppleWebKit/537.36 (KHTML, like Gecko) Chrome/87.0.4280.88 Safari/537.36"
82.135.5.126 - - [04/Jan/2021:13:51:22 +0100] "GET /717448?print=true HTTP/1.1" 200 2891 "http://renault.activities.at/result?searchterm=true&search=mobilit" "Mozilla/5.0 (Windows NT 10.0; WOW64; Trident/7.0; rv:11.0) like Gecko"
82.135.5.126 - - [04/Jan/2021:13:51:26 +0100] "GET /js/tabs.js HTTP/1.1" 200 519 "http://renault.activities.at/717448?print=true" "Mozilla/5.0 (Windows NT 10.0; WOW64; Trident/7.0; rv:11.0) like Gecko"
82.135.5.126 - - [04/Jan/2021:13:51:26 +0100] "GET /images/tabs_corner_left_bot.gif HTTP/1.1" 200 98 "http://renault.activities.at/717448?print=true" "Mozilla/5.0 (Windows NT 10.0; WOW64; Trident/7.0; rv:11.0) like Gecko"
82.135.5.126 - - [04/Jan/2021:13:51:26 +0100] "GET /loadthumbnail.php?id=12204968&width=250 HTTP/1.1" 200 11860 "http://renault.activities.at/717448?print=true" "Mozilla/5.0 (Windows NT 10.0; WOW64; Trident/7.0; rv:11.0) like Gecko"
82.135.5.126 - - [04/Jan/2021:13:51:26 +0100] "GET /images/tabs_button_corner_right_top_active.gif HTTP/1.1" 200 136 "http://renault.activities.at/717448?print=true" "Mozilla/5.0 (Windows NT 10.0; WOW64; Trident/7.0; rv:11.0) like Gecko"
82.135.5.126 - - [04/Jan/2021:13:51:26 +0100] "GET /images/tabs_corner_right_bot.gif HTTP/1.1" 200 99 "http://renault.activities.at/717448?print=true" "Mozilla/5.0 (Windows NT 10.0; WOW64; Trident/7.0; rv:11.0) like Gecko"
82.135.5.126 - - [04/Jan/2021:13:51:26 +0100] "GET /images/tabs_border.gif HTTP/1.1" 200 43 "http://renault.activities.at/717448?print=true" "Mozilla/5.0 (Windows NT 10.0; WOW64; Trident/7.0; rv:11.0) like Gecko"
82.135.5.126 - - [04/Jan/2021:13:51:26 +0100] "GET /images/tabs_corner_left_top.gif HTTP/1.1" 200 99 "http://renault.activities.at/717448?print=true" "Mozilla/5.0 (Windows NT 10.0; WOW64; Trident/7.0; rv:11.0) like Gecko"
82.135.5.126 - - [04/Jan/2021:13:51:26 +0100] "GET /images/tabs_corner_right_top.gif HTTP/1.1" 200 98 "http://renault.activities.at/717448?print=true" "Mozilla/5.0 (Windows NT 10.0; WOW64; Trident/7.0; rv:11.0) like Gecko"
82.135.5.126 - - [04/Jan/2021:13:51:26 +0100] "GET /images/tabs_button_corner_left_top_active.gif HTTP/1.1" 200 138 "http://renault.activities.at/717448?print=true" "Mozilla/5.0 (Windows NT 10.0; WOW64; Trident/7.0; rv:11.0) like Gecko"
82.135.5.126 - - [04/Jan/2021:13:51:26 +0100] "GET /loadthumbnail.php?id=12204968&width=900&height=900 HTTP/1.1" 200 40112 "http://renault.activities.at/717448?print=true" "Mozilla/5.0 (Windows NT 10.0; WOW64; Trident/7.0; rv:11.0) like Gecko"
82.135.5.126 - - [04/Jan/2021:13:51:32 +0100] "POST /717448?print=true HTTP/1.1" 200 2996 "http://renault.activities.at/717448?print=true" "Mozilla/5.0 (Windows NT 10.0; WOW64; Trident/7.0; rv:11.0) like Gecko"
82.135.5.126 - - [04/Jan/2021:13:51:37 +0100] "GET /null HTTP/1.1" 200 3624 "http://renault.activities.at/result?searchterm=true&search=mobilit" "Mozilla/5.0 (Windows NT 10.0; WOW64; Trident/7.0; rv:11.0) like Gecko"
82.135.5.126 - - [04/Jan/2021:13:51:39 +0100] "GET /result?searchterm=true&search=mahl HTTP/1.1" 200 4808 "http://renault.activities.at/result?searchterm=true&search=mobilit" "Mozilla/5.0 (Windows NT 10.0; WOW64; Trident/7.0; rv:11.0) like Gecko"
82.135.5.126 - - [04/Jan/2021:13:51:41 +0100] "GET /images/note_msg_icon.gif HTTP/1.1" 304 - "http://renault.activities.at/result?searchterm=true&search=mahl" "Mozilla/5.0 (Windows NT 10.0; WOW64; Trident/7.0; rv:11.0) like Gecko"
82.135.5.126 - - [04/Jan/2021:13:51:39 +0100] "POST /axjaxrequest?mode=suggest HTTP/1.1" 200 21 "http://renault.activities.at/result?searchterm=true&search=mobilit" "Mozilla/5.0 (Windows NT 10.0; WOW64; Trident/7.0; rv:11.0) like Gecko"
82.135.5.126 - - [04/Jan/2021:13:51:44 +0100] "POST /axjaxrequest?mode=suggest HTTP/1.1" 200 139 "http://renault.activities.at/result?searchterm=true&search=mahl" "Mozilla/5.0 (Windows NT 10.0; WOW64; Trident/7.0; rv:11.0) like Gecko"
82.135.5.126 - - [04/Jan/2021:13:51:45 +0100] "GET /result?searchterm=true&search=mal HTTP/1.1" 200 6352 "http://renault.activities.at/result?searchterm=true&search=mahl" "Mozilla/5.0 (Windows NT 10.0; WOW64; Trident/7.0; rv:11.0) like Gecko"
82.135.5.126 - - [04/Jan/2021:13:51:47 +0100] "GET /result?searchterm=true&search=mal HTTP/1.1" 200 6352 "http://renault.activities.at/result?searchterm=true&search=mahl" "Mozilla/5.0 (Windows NT 10.0; WOW64; Trident/7.0; rv:11.0) like Gecko"
82.135.5.126 - - [04/Jan/2021:13:51:51 +0100] "GET /11875105?print=true HTTP/1.1" 200 2633 "http://renault.activities.at/result?searchterm=true&search=mal" "Mozilla/5.0 (Windows NT 10.0; WOW64; Trident/7.0; rv:11.0) like Gecko"
82.135.5.126 - - [04/Jan/2021:13:51:54 +0100] "GET /loadthumbnail.php?id=12029412&width=250 HTTP/1.1" 200 13235 "http://renault.activities.at/11875105?print=true" "Mozilla/5.0 (Windows NT 10.0; WOW64; Trident/7.0; rv:11.0) like Gecko"
82.135.5.126 - - [04/Jan/2021:13:51:54 +0100] "GET /loadthumbnail.php?id=12029412&width=900&height=900 HTTP/1.1" 200 75831 "http://renault.activities.at/11875105?print=true" "Mozilla/5.0 (Windows NT 10.0; WOW64; Trident/7.0; rv:11.0) like Gecko"
138.21.12.28 - - [04/Jan/2021:13:52:06 +0100] "GET /reload?ser=1609764725647 HTTP/1.1" 200 28 "http://renault.2web.at/result?searchterm=true&search=pos57" "Mozilla/5.0 (Windows NT 10.0; Win64; x64) AppleWebKit/537.36 (KHTML, like Gecko) Chrome/87.0.4280.88 Safari/537.36"
82.135.5.126 - - [04/Jan/2021:13:52:50 +0100] "GET /reload?ser=1609764770076 HTTP/1.1" 200 28 "http://renault.activities.at/result?searchterm=true&search=mal" "Mozilla/5.0 (Windows NT 10.0; WOW64; Trident/7.0; rv:11.0) like Gecko"
138.21.12.28 - - [04/Jan/2021:13:53:08 +0100] "GET /reload?ser=1609764787597 HTTP/1.1" 200 28 "http://renault.2web.at/result?searchterm=true&search=pos57" "Mozilla/5.0 (Windows NT 10.0; Win64; x64) AppleWebKit/537.36 (KHTML, like Gecko) Chrome/87.0.4280.88 Safari/537.36"
82.135.5.126 - - [04/Jan/2021:13:53:51 +0100] "GET /reload?ser=1609764831047 HTTP/1.1" 200 28 "http://renault.activities.at/result?searchterm=true&search=mal" "Mozilla/5.0 (Windows NT 10.0; WOW64; Trident/7.0; rv:11.0) like Gecko"
138.21.12.28 - - [04/Jan/2021:13:54:10 +0100] "GET /reload?ser=1609764849612 HTTP/1.1" 200 28 "http://renault.2web.at/result?searchterm=true&search=pos57" "Mozilla/5.0 (Windows NT 10.0; Win64; x64) AppleWebKit/537.36 (KHTML, like Gecko) Chrome/87.0.4280.88 Safari/537.36"
82.135.5.126 - - [04/Jan/2021:13:54:52 +0100] "GET /reload?ser=1609764892006 HTTP/1.1" 200 28 "http://renault.activities.at/result?searchterm=true&search=mal" "Mozilla/5.0 (Windows NT 10.0; WOW64; Trident/7.0; rv:11.0) like Gecko"
138.21.12.28 - - [04/Jan/2021:13:55:12 +0100] "GET /reload?ser=1609764911606 HTTP/1.1" 200 28 "http://renault.2web.at/result?searchterm=true&search=pos57" "Mozilla/5.0 (Windows NT 10.0; Win64; x64) AppleWebKit/537.36 (KHTML, like Gecko) Chrome/87.0.4280.88 Safari/537.36"
82.135.5.126 - - [04/Jan/2021:13:55:53 +0100] "GET /reload?ser=1609764952979 HTTP/1.1" 200 28 "http://renault.activities.at/result?searchterm=true&search=mal" "Mozilla/5.0 (Windows NT 10.0; WOW64; Trident/7.0; rv:11.0) like Gecko"
138.21.12.28 - - [04/Jan/2021:13:56:14 +0100] "GET /reload?ser=1609764973611 HTTP/1.1" 200 28 "http://renault.2web.at/result?searchterm=true&search=pos57" "Mozilla/5.0 (Windows NT 10.0; Win64; x64) AppleWebKit/537.36 (KHTML, like Gecko) Chrome/87.0.4280.88 Safari/537.36"
82.135.5.126 - - [04/Jan/2021:13:56:23 +0100] "GET /graphics/zoomin.cur HTTP/1.1" 200 3624 "http://renault.activities.at/11875105?print=true" "Mozilla/5.0 (Windows NT 10.0; WOW64; Trident/7.0; rv:11.0) like Gecko"
82.135.5.126 - - [04/Jan/2021:13:56:54 +0100] "GET /reload?ser=1609765013971 HTTP/1.1" 200 28 "http://renault.activities.at/result?searchterm=true&search=mal" "Mozilla/5.0 (Windows NT 10.0; WOW64; Trident/7.0; rv:11.0) like Gecko"
138.21.12.28 - - [04/Jan/2021:13:57:16 +0100] "GET /reload?ser=1609765035625 HTTP/1.1" 200 28 "http://renault.2web.at/result?searchterm=true&search=pos57" "Mozilla/5.0 (Windows NT 10.0; Win64; x64) AppleWebKit/537.36 (KHTML, like Gecko) Chrome/87.0.4280.88 Safari/537.36"
82.135.5.126 - - [04/Jan/2021:13:57:55 +0100] "GET /reload?ser=1609765075183 HTTP/1.1" 200 28 "http://renault.activities.at/result?searchterm=true&search=mal" "Mozilla/5.0 (Windows NT 10.0; WOW64; Trident/7.0; rv:11.0) like Gecko"
138.21.12.28 - - [04/Jan/2021:13:58:18 +0100] "GET /reload?ser=1609765097624 HTTP/1.1" 200 28 "http://renault.2web.at/result?searchterm=true&search=pos57" "Mozilla/5.0 (Windows NT 10.0; Win64; x64) AppleWebKit/537.36 (KHTML, like Gecko) Chrome/87.0.4280.88 Safari/537.36"
82.135.5.126 - - [04/Jan/2021:13:58:56 +0100] "GET /reload?ser=1609765136195 HTTP/1.1" 200 28 "http://renault.activities.at/result?searchterm=true&search=mal" "Mozilla/5.0 (Windows NT 10.0; WOW64; Trident/7.0; rv:11.0) like Gecko"
138.21.12.28 - - [04/Jan/2021:13:59:20 +0100] "GET /reload?ser=1609765159627 HTTP/1.1" 200 28 "http://renault.2web.at/result?searchterm=true&search=pos57" "Mozilla/5.0 (Windows NT 10.0; Win64; x64) AppleWebKit/537.36 (KHTML, like Gecko) Chrome/87.0.4280.88 Safari/537.36"
82.135.5.126 - - [04/Jan/2021:13:59:57 +0100] "GET /reload?ser=1609765197212 HTTP/1.1" 200 28 "http://renault.activities.at/result?searchterm=true&search=mal" "Mozilla/5.0 (Windows NT 10.0; WOW64; Trident/7.0; rv:11.0) like Gecko"
138.21.12.28 - - [04/Jan/2021:14:00:22 +0100] "GET /reload?ser=1609765221637 HTTP/1.1" 200 28 "http://renault.2web.at/result?searchterm=true&search=pos57" "Mozilla/5.0 (Windows NT 10.0; Win64; x64) AppleWebKit/537.36 (KHTML, like Gecko) Chrome/87.0.4280.88 Safari/537.36"
82.135.5.126 - - [04/Jan/2021:14:00:58 +0100] "GET /reload?ser=1609765258255 HTTP/1.1" 200 28 "http://renault.activities.at/result?searchterm=true&search=mal" "Mozilla/5.0 (Windows NT 10.0; WOW64; Trident/7.0; rv:11.0) like Gecko"
