82.135.5.126 - - [04/Jan/2021:11:07:59 +0100] "GET /reload?ser=1609754879732 HTTP/1.1" 200 28 "http://renault.activities.at/success" "Mozilla/5.0 (Windows NT 10.0; WOW64; Trident/7.0; rv:11.0) like Gecko"
138.21.12.28 - - [04/Jan/2021:11:08:48 +0100] "GET /reload?ser=1609754928286 HTTP/1.1" 200 28 "http://renault.2web.at/result?searchterm=true&search=pos57" "Mozilla/5.0 (Windows NT 10.0; Win64; x64) AppleWebKit/537.36 (KHTML, like Gecko) Chrome/87.0.4280.88 Safari/537.36"
82.135.5.126 - - [04/Jan/2021:11:09:00 +0100] "GET /reload?ser=1609754940703 HTTP/1.1" 200 28 "http://renault.activities.at/success" "Mozilla/5.0 (Windows NT 10.0; WOW64; Trident/7.0; rv:11.0) like Gecko"
138.21.12.28 - - [04/Jan/2021:11:09:50 +0100] "GET /reload?ser=1609754990290 HTTP/1.1" 200 28 "http://renault.2web.at/result?searchterm=true&search=pos57" "Mozilla/5.0 (Windows NT 10.0; Win64; x64) AppleWebKit/537.36 (KHTML, like Gecko) Chrome/87.0.4280.88 Safari/537.36"
82.135.5.126 - - [04/Jan/2021:11:10:01 +0100] "GET /reload?ser=1609755001654 HTTP/1.1" 200 28 "http://renault.activities.at/success" "Mozilla/5.0 (Windows NT 10.0; WOW64; Trident/7.0; rv:11.0) like Gecko"
138.21.12.28 - - [04/Jan/2021:11:10:52 +0100] "GET /reload?ser=1609755052290 HTTP/1.1" 200 28 "http://renault.2web.at/result?searchterm=true&search=pos57" "Mozilla/5.0 (Windows NT 10.0; Win64; x64) AppleWebKit/537.36 (KHTML, like Gecko) Chrome/87.0.4280.88 Safari/537.36"
82.135.5.126 - - [04/Jan/2021:11:11:02 +0100] "GET /reload?ser=1609755062655 HTTP/1.1" 200 28 "http://renault.activities.at/success" "Mozilla/5.0 (Windows NT 10.0; WOW64; Trident/7.0; rv:11.0) like Gecko"
138.21.12.28 - - [04/Jan/2021:11:11:54 +0100] "GET /reload?ser=1609755114295 HTTP/1.1" 200 28 "http://renault.2web.at/result?searchterm=true&search=pos57" "Mozilla/5.0 (Windows NT 10.0; Win64; x64) AppleWebKit/537.36 (KHTML, like Gecko) Chrome/87.0.4280.88 Safari/537.36"
82.135.5.126 - - [04/Jan/2021:11:12:03 +0100] "GET /reload?ser=1609755123703 HTTP/1.1" 200 28 "http://renault.activities.at/success" "Mozilla/5.0 (Windows NT 10.0; WOW64; Trident/7.0; rv:11.0) like Gecko"
138.21.12.28 - - [04/Jan/2021:11:12:56 +0100] "GET /reload?ser=1609755176296 HTTP/1.1" 200 28 "http://renault.2web.at/result?searchterm=true&search=pos57" "Mozilla/5.0 (Windows NT 10.0; Win64; x64) AppleWebKit/537.36 (KHTML, like Gecko) Chrome/87.0.4280.88 Safari/537.36"
82.135.5.126 - - [04/Jan/2021:11:13:04 +0100] "GET /reload?ser=1609755184711 HTTP/1.1" 200 28 "http://renault.activities.at/success" "Mozilla/5.0 (Windows NT 10.0; WOW64; Trident/7.0; rv:11.0) like Gecko"
13.66.139.110 - - [04/Jan/2021:11:13:21 +0100] "GET /10260004?dir=DESC&mode=list&order=name&limit=10&detail=10538263 HTTP/1.1" 200 3701 "-" "Mozilla/5.0 (compatible; bingbot/2.0; +http://www.bing.com/bingbot.htm)"
138.21.12.28 - - [04/Jan/2021:11:13:58 +0100] "GET /reload?ser=1609755238299 HTTP/1.1" 200 28 "http://renault.2web.at/result?searchterm=true&search=pos57" "Mozilla/5.0 (Windows NT 10.0; Win64; x64) AppleWebKit/537.36 (KHTML, like Gecko) Chrome/87.0.4280.88 Safari/537.36"
82.135.5.126 - - [04/Jan/2021:11:14:05 +0100] "GET /reload?ser=1609755245688 HTTP/1.1" 200 28 "http://renault.activities.at/success" "Mozilla/5.0 (Windows NT 10.0; WOW64; Trident/7.0; rv:11.0) like Gecko"
138.21.12.28 - - [04/Jan/2021:11:15:00 +0100] "GET /reload?ser=1609755300302 HTTP/1.1" 200 28 "http://renault.2web.at/result?searchterm=true&search=pos57" "Mozilla/5.0 (Windows NT 10.0; Win64; x64) AppleWebKit/537.36 (KHTML, like Gecko) Chrome/87.0.4280.88 Safari/537.36"
82.135.5.126 - - [04/Jan/2021:11:15:06 +0100] "GET /reload?ser=1609755306697 HTTP/1.1" 200 28 "http://renault.activities.at/success" "Mozilla/5.0 (Windows NT 10.0; WOW64; Trident/7.0; rv:11.0) like Gecko"
138.21.12.28 - - [04/Jan/2021:11:16:02 +0100] "GET /reload?ser=1609755362305 HTTP/1.1" 200 28 "http://renault.2web.at/result?searchterm=true&search=pos57" "Mozilla/5.0 (Windows NT 10.0; Win64; x64) AppleWebKit/537.36 (KHTML, like Gecko) Chrome/87.0.4280.88 Safari/537.36"
82.135.5.126 - - [04/Jan/2021:11:16:07 +0100] "GET /reload?ser=1609755367747 HTTP/1.1" 200 28 "http://renault.activities.at/success" "Mozilla/5.0 (Windows NT 10.0; WOW64; Trident/7.0; rv:11.0) like Gecko"
138.21.12.28 - - [04/Jan/2021:11:17:04 +0100] "GET /reload?ser=1609755424324 HTTP/1.1" 200 28 "http://renault.2web.at/result?searchterm=true&search=pos57" "Mozilla/5.0 (Windows NT 10.0; Win64; x64) AppleWebKit/537.36 (KHTML, like Gecko) Chrome/87.0.4280.88 Safari/537.36"
82.135.5.126 - - [04/Jan/2021:11:17:08 +0100] "GET /reload?ser=1609755428777 HTTP/1.1" 200 28 "http://renault.activities.at/success" "Mozilla/5.0 (Windows NT 10.0; WOW64; Trident/7.0; rv:11.0) like Gecko"
138.21.12.28 - - [04/Jan/2021:11:18:06 +0100] "GET /reload?ser=1609755486309 HTTP/1.1" 200 28 "http://renault.2web.at/result?searchterm=true&search=pos57" "Mozilla/5.0 (Windows NT 10.0; Win64; x64) AppleWebKit/537.36 (KHTML, like Gecko) Chrome/87.0.4280.88 Safari/537.36"
82.135.5.126 - - [04/Jan/2021:11:18:09 +0100] "GET /reload?ser=1609755489763 HTTP/1.1" 200 28 "http://renault.activities.at/success" "Mozilla/5.0 (Windows NT 10.0; WOW64; Trident/7.0; rv:11.0) like Gecko"
138.21.12.28 - - [04/Jan/2021:11:19:09 +0100] "GET /reload?ser=1609755548310 HTTP/1.1" 200 28 "http://renault.2web.at/result?searchterm=true&search=pos57" "Mozilla/5.0 (Windows NT 10.0; Win64; x64) AppleWebKit/537.36 (KHTML, like Gecko) Chrome/87.0.4280.88 Safari/537.36"
82.135.5.126 - - [04/Jan/2021:11:19:10 +0100] "GET /reload?ser=1609755550786 HTTP/1.1" 200 28 "http://renault.activities.at/success" "Mozilla/5.0 (Windows NT 10.0; WOW64; Trident/7.0; rv:11.0) like Gecko"
138.21.12.28 - - [04/Jan/2021:11:20:10 +0100] "GET /reload?ser=1609755610316 HTTP/1.1" 200 28 "http://renault.2web.at/result?searchterm=true&search=pos57" "Mozilla/5.0 (Windows NT 10.0; Win64; x64) AppleWebKit/537.36 (KHTML, like Gecko) Chrome/87.0.4280.88 Safari/537.36"
82.135.5.126 - - [04/Jan/2021:11:20:11 +0100] "GET /reload?ser=1609755611784 HTTP/1.1" 200 28 "http://renault.activities.at/success" "Mozilla/5.0 (Windows NT 10.0; WOW64; Trident/7.0; rv:11.0) like Gecko"
138.21.12.28 - - [04/Jan/2021:11:21:12 +0100] "GET /reload?ser=1609755672313 HTTP/1.1" 200 28 "http://renault.2web.at/result?searchterm=true&search=pos57" "Mozilla/5.0 (Windows NT 10.0; Win64; x64) AppleWebKit/537.36 (KHTML, like Gecko) Chrome/87.0.4280.88 Safari/537.36"
82.135.5.126 - - [04/Jan/2021:11:21:12 +0100] "GET /reload?ser=1609755672778 HTTP/1.1" 200 28 "http://renault.activities.at/success" "Mozilla/5.0 (Windows NT 10.0; WOW64; Trident/7.0; rv:11.0) like Gecko"
82.135.5.126 - - [04/Jan/2021:11:22:13 +0100] "GET /reload?ser=1609755733735 HTTP/1.1" 200 28 "http://renault.activities.at/success" "Mozilla/5.0 (Windows NT 10.0; WOW64; Trident/7.0; rv:11.0) like Gecko"
138.21.12.28 - - [04/Jan/2021:11:22:14 +0100] "GET /reload?ser=1609755734316 HTTP/1.1" 200 28 "http://renault.2web.at/result?searchterm=true&search=pos57" "Mozilla/5.0 (Windows NT 10.0; Win64; x64) AppleWebKit/537.36 (KHTML, like Gecko) Chrome/87.0.4280.88 Safari/537.36"
82.135.5.126 - - [04/Jan/2021:11:23:14 +0100] "GET /reload?ser=1609755794709 HTTP/1.1" 200 28 "http://renault.activities.at/success" "Mozilla/5.0 (Windows NT 10.0; WOW64; Trident/7.0; rv:11.0) like Gecko"
138.21.12.28 - - [04/Jan/2021:11:23:16 +0100] "GET /reload?ser=1609755796316 HTTP/1.1" 200 28 "http://renault.2web.at/result?searchterm=true&search=pos57" "Mozilla/5.0 (Windows NT 10.0; Win64; x64) AppleWebKit/537.36 (KHTML, like Gecko) Chrome/87.0.4280.88 Safari/537.36"
82.135.5.126 - - [04/Jan/2021:11:24:15 +0100] "GET /reload?ser=1609755855677 HTTP/1.1" 200 28 "http://renault.activities.at/success" "Mozilla/5.0 (Windows NT 10.0; WOW64; Trident/7.0; rv:11.0) like Gecko"
138.21.12.28 - - [04/Jan/2021:11:24:18 +0100] "GET /reload?ser=1609755858318 HTTP/1.1" 200 28 "http://renault.2web.at/result?searchterm=true&search=pos57" "Mozilla/5.0 (Windows NT 10.0; Win64; x64) AppleWebKit/537.36 (KHTML, like Gecko) Chrome/87.0.4280.88 Safari/537.36"
82.135.5.126 - - [04/Jan/2021:11:25:16 +0100] "GET /reload?ser=1609755916622 HTTP/1.1" 200 28 "http://renault.activities.at/success" "Mozilla/5.0 (Windows NT 10.0; WOW64; Trident/7.0; rv:11.0) like Gecko"
138.21.12.28 - - [04/Jan/2021:11:25:20 +0100] "GET /reload?ser=1609755920318 HTTP/1.1" 200 28 "http://renault.2web.at/result?searchterm=true&search=pos57" "Mozilla/5.0 (Windows NT 10.0; Win64; x64) AppleWebKit/537.36 (KHTML, like Gecko) Chrome/87.0.4280.88 Safari/537.36"
82.135.5.126 - - [04/Jan/2021:11:26:17 +0100] "GET /reload?ser=1609755977571 HTTP/1.1" 200 28 "http://renault.activities.at/success" "Mozilla/5.0 (Windows NT 10.0; WOW64; Trident/7.0; rv:11.0) like Gecko"
138.21.12.28 - - [04/Jan/2021:11:26:22 +0100] "GET /reload?ser=1609755982323 HTTP/1.1" 200 28 "http://renault.2web.at/result?searchterm=true&search=pos57" "Mozilla/5.0 (Windows NT 10.0; Win64; x64) AppleWebKit/537.36 (KHTML, like Gecko) Chrome/87.0.4280.88 Safari/537.36"
82.135.5.126 - - [04/Jan/2021:11:27:18 +0100] "GET /reload?ser=1609756038522 HTTP/1.1" 200 28 "http://renault.activities.at/success" "Mozilla/5.0 (Windows NT 10.0; WOW64; Trident/7.0; rv:11.0) like Gecko"
138.21.12.28 - - [04/Jan/2021:11:27:24 +0100] "GET /reload?ser=1609756044331 HTTP/1.1" 200 28 "http://renault.2web.at/result?searchterm=true&search=pos57" "Mozilla/5.0 (Windows NT 10.0; Win64; x64) AppleWebKit/537.36 (KHTML, like Gecko) Chrome/87.0.4280.88 Safari/537.36"
82.135.5.126 - - [04/Jan/2021:11:28:19 +0100] "GET /reload?ser=1609756099551 HTTP/1.1" 200 28 "http://renault.activities.at/success" "Mozilla/5.0 (Windows NT 10.0; WOW64; Trident/7.0; rv:11.0) like Gecko"
138.21.12.28 - - [04/Jan/2021:11:28:26 +0100] "GET /reload?ser=1609756106322 HTTP/1.1" 200 28 "http://renault.2web.at/result?searchterm=true&search=pos57" "Mozilla/5.0 (Windows NT 10.0; Win64; x64) AppleWebKit/537.36 (KHTML, like Gecko) Chrome/87.0.4280.88 Safari/537.36"
82.135.5.126 - - [04/Jan/2021:11:29:20 +0100] "GET /reload?ser=1609756160540 HTTP/1.1" 200 28 "http://renault.activities.at/success" "Mozilla/5.0 (Windows NT 10.0; WOW64; Trident/7.0; rv:11.0) like Gecko"
138.21.12.28 - - [04/Jan/2021:11:29:28 +0100] "GET /reload?ser=1609756168322 HTTP/1.1" 200 28 "http://renault.2web.at/result?searchterm=true&search=pos57" "Mozilla/5.0 (Windows NT 10.0; Win64; x64) AppleWebKit/537.36 (KHTML, like Gecko) Chrome/87.0.4280.88 Safari/537.36"
82.135.5.126 - - [04/Jan/2021:11:30:21 +0100] "GET /reload?ser=1609756221542 HTTP/1.1" 200 28 "http://renault.activities.at/success" "Mozilla/5.0 (Windows NT 10.0; WOW64; Trident/7.0; rv:11.0) like Gecko"
138.21.12.28 - - [04/Jan/2021:11:30:30 +0100] "GET /reload?ser=1609756230329 HTTP/1.1" 200 28 "http://renault.2web.at/result?searchterm=true&search=pos57" "Mozilla/5.0 (Windows NT 10.0; Win64; x64) AppleWebKit/537.36 (KHTML, like Gecko) Chrome/87.0.4280.88 Safari/537.36"
82.135.5.126 - - [04/Jan/2021:11:31:22 +0100] "GET /reload?ser=1609756282554 HTTP/1.1" 200 28 "http://renault.activities.at/success" "Mozilla/5.0 (Windows NT 10.0; WOW64; Trident/7.0; rv:11.0) like Gecko"
138.21.12.28 - - [04/Jan/2021:11:31:32 +0100] "GET /reload?ser=1609756292326 HTTP/1.1" 200 28 "http://renault.2web.at/result?searchterm=true&search=pos57" "Mozilla/5.0 (Windows NT 10.0; Win64; x64) AppleWebKit/537.36 (KHTML, like Gecko) Chrome/87.0.4280.88 Safari/537.36"
82.135.5.126 - - [04/Jan/2021:11:32:23 +0100] "GET /reload?ser=1609756343549 HTTP/1.1" 200 28 "http://renault.activities.at/success" "Mozilla/5.0 (Windows NT 10.0; WOW64; Trident/7.0; rv:11.0) like Gecko"
138.21.12.28 - - [04/Jan/2021:11:32:34 +0100] "GET /reload?ser=1609756354331 HTTP/1.1" 200 28 "http://renault.2web.at/result?searchterm=true&search=pos57" "Mozilla/5.0 (Windows NT 10.0; Win64; x64) AppleWebKit/537.36 (KHTML, like Gecko) Chrome/87.0.4280.88 Safari/537.36"
82.135.5.126 - - [04/Jan/2021:11:33:24 +0100] "GET /reload?ser=1609756404607 HTTP/1.1" 200 28 "http://renault.activities.at/success" "Mozilla/5.0 (Windows NT 10.0; WOW64; Trident/7.0; rv:11.0) like Gecko"
138.21.12.28 - - [04/Jan/2021:11:33:36 +0100] "GET /reload?ser=1609756416333 HTTP/1.1" 200 28 "http://renault.2web.at/result?searchterm=true&search=pos57" "Mozilla/5.0 (Windows NT 10.0; Win64; x64) AppleWebKit/537.36 (KHTML, like Gecko) Chrome/87.0.4280.88 Safari/537.36"
82.135.5.126 - - [04/Jan/2021:11:34:25 +0100] "GET /reload?ser=1609756465601 HTTP/1.1" 200 28 "http://renault.activities.at/success" "Mozilla/5.0 (Windows NT 10.0; WOW64; Trident/7.0; rv:11.0) like Gecko"
138.21.12.28 - - [04/Jan/2021:11:34:38 +0100] "GET /reload?ser=1609756478452 HTTP/1.1" 200 28 "http://renault.2web.at/result?searchterm=true&search=pos57" "Mozilla/5.0 (Windows NT 10.0; Win64; x64) AppleWebKit/537.36 (KHTML, like Gecko) Chrome/87.0.4280.88 Safari/537.36"
82.135.5.126 - - [04/Jan/2021:11:35:26 +0100] "GET /reload?ser=1609756526585 HTTP/1.1" 200 28 "http://renault.activities.at/success" "Mozilla/5.0 (Windows NT 10.0; WOW64; Trident/7.0; rv:11.0) like Gecko"
138.21.12.28 - - [04/Jan/2021:11:35:40 +0100] "GET /reload?ser=1609756540348 HTTP/1.1" 200 28 "http://renault.2web.at/result?searchterm=true&search=pos57" "Mozilla/5.0 (Windows NT 10.0; Win64; x64) AppleWebKit/537.36 (KHTML, like Gecko) Chrome/87.0.4280.88 Safari/537.36"
82.135.5.126 - - [04/Jan/2021:11:36:27 +0100] "GET /reload?ser=1609756587566 HTTP/1.1" 200 28 "http://renault.activities.at/success" "Mozilla/5.0 (Windows NT 10.0; WOW64; Trident/7.0; rv:11.0) like Gecko"
138.21.12.28 - - [04/Jan/2021:11:36:42 +0100] "GET /reload?ser=1609756602353 HTTP/1.1" 200 28 "http://renault.2web.at/result?searchterm=true&search=pos57" "Mozilla/5.0 (Windows NT 10.0; Win64; x64) AppleWebKit/537.36 (KHTML, like Gecko) Chrome/87.0.4280.88 Safari/537.36"
82.135.5.126 - - [04/Jan/2021:11:37:28 +0100] "GET /reload?ser=1609756648563 HTTP/1.1" 200 28 "http://renault.activities.at/success" "Mozilla/5.0 (Windows NT 10.0; WOW64; Trident/7.0; rv:11.0) like Gecko"
138.21.12.28 - - [04/Jan/2021:11:37:44 +0100] "GET /reload?ser=1609756664354 HTTP/1.1" 200 28 "http://renault.2web.at/result?searchterm=true&search=pos57" "Mozilla/5.0 (Windows NT 10.0; Win64; x64) AppleWebKit/537.36 (KHTML, like Gecko) Chrome/87.0.4280.88 Safari/537.36"
82.135.5.126 - - [04/Jan/2021:11:38:29 +0100] "GET /reload?ser=1609756709574 HTTP/1.1" 200 28 "http://renault.activities.at/success" "Mozilla/5.0 (Windows NT 10.0; WOW64; Trident/7.0; rv:11.0) like Gecko"
138.21.12.28 - - [04/Jan/2021:11:38:46 +0100] "GET /reload?ser=1609756726361 HTTP/1.1" 200 28 "http://renault.2web.at/result?searchterm=true&search=pos57" "Mozilla/5.0 (Windows NT 10.0; Win64; x64) AppleWebKit/537.36 (KHTML, like Gecko) Chrome/87.0.4280.88 Safari/537.36"
82.135.5.126 - - [04/Jan/2021:11:39:30 +0100] "GET /reload?ser=1609756770584 HTTP/1.1" 200 28 "http://renault.activities.at/success" "Mozilla/5.0 (Windows NT 10.0; WOW64; Trident/7.0; rv:11.0) like Gecko"
138.21.12.28 - - [04/Jan/2021:11:39:48 +0100] "GET /reload?ser=1609756788363 HTTP/1.1" 200 28 "http://renault.2web.at/result?searchterm=true&search=pos57" "Mozilla/5.0 (Windows NT 10.0; Win64; x64) AppleWebKit/537.36 (KHTML, like Gecko) Chrome/87.0.4280.88 Safari/537.36"
82.135.5.126 - - [04/Jan/2021:11:40:31 +0100] "GET /reload?ser=1609756831582 HTTP/1.1" 200 28 "http://renault.activities.at/success" "Mozilla/5.0 (Windows NT 10.0; WOW64; Trident/7.0; rv:11.0) like Gecko"
138.21.12.28 - - [04/Jan/2021:11:40:50 +0100] "GET /reload?ser=1609756850366 HTTP/1.1" 200 28 "http://renault.2web.at/result?searchterm=true&search=pos57" "Mozilla/5.0 (Windows NT 10.0; Win64; x64) AppleWebKit/537.36 (KHTML, like Gecko) Chrome/87.0.4280.88 Safari/537.36"
82.135.5.126 - - [04/Jan/2021:11:41:32 +0100] "GET /reload?ser=1609756892555 HTTP/1.1" 200 28 "http://renault.activities.at/success" "Mozilla/5.0 (Windows NT 10.0; WOW64; Trident/7.0; rv:11.0) like Gecko"
138.21.12.28 - - [04/Jan/2021:11:41:52 +0100] "GET /reload?ser=1609756912369 HTTP/1.1" 200 28 "http://renault.2web.at/result?searchterm=true&search=pos57" "Mozilla/5.0 (Windows NT 10.0; Win64; x64) AppleWebKit/537.36 (KHTML, like Gecko) Chrome/87.0.4280.88 Safari/537.36"
82.135.5.126 - - [04/Jan/2021:11:42:33 +0100] "GET /reload?ser=1609756953516 HTTP/1.1" 200 28 "http://renault.activities.at/success" "Mozilla/5.0 (Windows NT 10.0; WOW64; Trident/7.0; rv:11.0) like Gecko"
138.21.12.28 - - [04/Jan/2021:11:42:54 +0100] "GET /reload?ser=1609756974373 HTTP/1.1" 200 28 "http://renault.2web.at/result?searchterm=true&search=pos57" "Mozilla/5.0 (Windows NT 10.0; Win64; x64) AppleWebKit/537.36 (KHTML, like Gecko) Chrome/87.0.4280.88 Safari/537.36"
80.123.225.38 - - [04/Jan/2021:11:42:54 +0100] "GET / HTTP/1.1" 200 3273 "-" "Mozilla/5.0 (Windows NT 6.1; WOW64; Trident/7.0; rv:11.0) like Gecko"
80.123.225.38 - - [04/Jan/2021:11:42:55 +0100] "GET /js/index.php?c=auto&f=,prototype/prototype.js,prototype/validation.js,scriptaculous/builder.js,scriptaculous/effects.js,scriptaculous/dragdrop.js,scriptaculous/controls.js,scriptaculous/slider.js,varien/js.js,varien/form.js,varien/menu.js,mage/translate.js,mage/cookies.js,varien/product.js,spinner/SpinnerControl.jsmin.js,prototype/window.js,prototype/window_ext.js HTTP/1.1" 304 - "http://renault.activities.at/" "Mozilla/5.0 (Windows NT 6.1; WOW64; Trident/7.0; rv:11.0) like Gecko"
80.123.225.38 - - [04/Jan/2021:11:42:55 +0100] "GET /js/flashdetection.js HTTP/1.1" 304 - "http://renault.activities.at/" "Mozilla/5.0 (Windows NT 6.1; WOW64; Trident/7.0; rv:11.0) like Gecko"
80.123.225.38 - - [04/Jan/2021:11:42:55 +0100] "GET /css/styles.css HTTP/1.1" 304 - "http://renault.activities.at/" "Mozilla/5.0 (Windows NT 6.1; WOW64; Trident/7.0; rv:11.0) like Gecko"
80.123.225.38 - - [04/Jan/2021:11:42:55 +0100] "GET /css/clears.css HTTP/1.1" 304 - "http://renault.activities.at/" "Mozilla/5.0 (Windows NT 6.1; WOW64; Trident/7.0; rv:11.0) like Gecko"
80.123.225.38 - - [04/Jan/2021:11:42:55 +0100] "GET /css/print.css HTTP/1.1" 304 - "http://renault.activities.at/" "Mozilla/5.0 (Windows NT 6.1; WOW64; Trident/7.0; rv:11.0) like Gecko"
80.123.225.38 - - [04/Jan/2021:11:42:56 +0100] "GET /images/main_block_border.gif HTTP/1.1" 200 43 "http://renault.activities.at/" "Mozilla/5.0 (Windows NT 6.1; WOW64; Trident/7.0; rv:11.0) like Gecko"
80.123.225.38 - - [04/Jan/2021:11:42:56 +0100] "GET /images/main_block_corner_left_bot.gif HTTP/1.1" 200 159 "http://renault.activities.at/" "Mozilla/5.0 (Windows NT 6.1; WOW64; Trident/7.0; rv:11.0) like Gecko"
80.123.225.38 - - [04/Jan/2021:11:42:56 +0100] "GET /images/header_block_border.gif HTTP/1.1" 200 43 "http://renault.activities.at/" "Mozilla/5.0 (Windows NT 6.1; WOW64; Trident/7.0; rv:11.0) like Gecko"
80.123.225.38 - - [04/Jan/2021:11:42:56 +0100] "GET /images/header_block_corner_left_top.gif HTTP/1.1" 200 160 "http://renault.activities.at/" "Mozilla/5.0 (Windows NT 6.1; WOW64; Trident/7.0; rv:11.0) like Gecko"
80.123.225.38 - - [04/Jan/2021:11:42:56 +0100] "GET /images/main_block_corner_right_bot.gif HTTP/1.1" 200 158 "http://renault.activities.at/" "Mozilla/5.0 (Windows NT 6.1; WOW64; Trident/7.0; rv:11.0) like Gecko"
80.123.225.38 - - [04/Jan/2021:11:42:56 +0100] "GET /images/header_block_corner_right_top.gif HTTP/1.1" 200 160 "http://renault.activities.at/" "Mozilla/5.0 (Windows NT 6.1; WOW64; Trident/7.0; rv:11.0) like Gecko"
80.123.225.38 - - [04/Jan/2021:11:42:56 +0100] "GET /images/main_block_corner_right_top.gif HTTP/1.1" 200 159 "http://renault.activities.at/" "Mozilla/5.0 (Windows NT 6.1; WOW64; Trident/7.0; rv:11.0) like Gecko"
80.123.225.38 - - [04/Jan/2021:11:42:56 +0100] "GET /images/main_block_corner_left_top.gif HTTP/1.1" 200 159 "http://renault.activities.at/" "Mozilla/5.0 (Windows NT 6.1; WOW64; Trident/7.0; rv:11.0) like Gecko"
80.123.225.38 - - [04/Jan/2021:11:42:56 +0100] "GET /images/title_border.jpg HTTP/1.1" 200 304 "http://renault.activities.at/" "Mozilla/5.0 (Windows NT 6.1; WOW64; Trident/7.0; rv:11.0) like Gecko"
80.123.225.38 - - [04/Jan/2021:11:42:56 +0100] "GET /images/favicon.ico HTTP/1.1" 404 305 "-" "Mozilla/5.0 (Windows NT 6.1; WOW64; Trident/7.0; rv:11.0) like Gecko"
80.123.225.38 - - [04/Jan/2021:11:42:56 +0100] "GET /images/title_border_top.jpg HTTP/1.1" 200 336 "http://renault.activities.at/" "Mozilla/5.0 (Windows NT 6.1; WOW64; Trident/7.0; rv:11.0) like Gecko"
80.123.225.38 - - [04/Jan/2021:11:42:56 +0100] "GET /images/title_corner_left_top.jpg HTTP/1.1" 200 372 "http://renault.activities.at/" "Mozilla/5.0 (Windows NT 6.1; WOW64; Trident/7.0; rv:11.0) like Gecko"
80.123.225.38 - - [04/Jan/2021:11:42:56 +0100] "GET /images/title_corner_right_top.jpg HTTP/1.1" 200 389 "http://renault.activities.at/" "Mozilla/5.0 (Windows NT 6.1; WOW64; Trident/7.0; rv:11.0) like Gecko"
80.123.225.38 - - [04/Jan/2021:11:42:56 +0100] "GET /loadthumbnail.php?id=11127982 HTTP/1.1" 200 399614 "http://renault.activities.at/" "Mozilla/5.0 (Windows NT 6.1; WOW64; Trident/7.0; rv:11.0) like Gecko"
80.123.225.38 - - [04/Jan/2021:11:43:00 +0100] "GET /login HTTP/1.1" 200 2085 "http://renault.activities.at/" "Mozilla/5.0 (Windows NT 6.1; WOW64; Trident/7.0; rv:11.0) like Gecko"
80.123.225.38 - - [04/Jan/2021:11:43:01 +0100] "GET /js/index.php?c=auto&f=,prototype/prototype.js,prototype/validation.js,scriptaculous/builder.js,scriptaculous/effects.js,scriptaculous/dragdrop.js,scriptaculous/controls.js,scriptaculous/slider.js,varien/js.js,varien/form.js,varien/menu.js,mage/translate.js,mage/cookies.js,varien/product.js,spinner/SpinnerControl.jsmin.js,prototype/window.js,prototype/window_ext.js HTTP/1.1" 304 - "http://renault.activities.at/login" "Mozilla/5.0 (Windows NT 6.1; WOW64; Trident/7.0; rv:11.0) like Gecko"
80.123.225.38 - - [04/Jan/2021:11:43:01 +0100] "GET /images/button_right_bg.gif HTTP/1.1" 200 561 "http://renault.activities.at/login" "Mozilla/5.0 (Windows NT 6.1; WOW64; Trident/7.0; rv:11.0) like Gecko"
80.123.225.38 - - [04/Jan/2021:11:43:01 +0100] "GET /images/button_left_bg.gif HTTP/1.1" 200 564 "http://renault.activities.at/login" "Mozilla/5.0 (Windows NT 6.1; WOW64; Trident/7.0; rv:11.0) like Gecko"
80.123.225.38 - - [04/Jan/2021:11:43:01 +0100] "GET /images/button_bg.gif HTTP/1.1" 200 151 "http://renault.activities.at/login" "Mozilla/5.0 (Windows NT 6.1; WOW64; Trident/7.0; rv:11.0) like Gecko"
80.123.225.38 - - [04/Jan/2021:11:43:01 +0100] "GET /images/favicon.ico HTTP/1.1" 404 305 "-" "Mozilla/5.0 (Windows NT 6.1; WOW64; Trident/7.0; rv:11.0) like Gecko"
80.123.225.38 - - [04/Jan/2021:11:43:01 +0100] "GET /favicon.ico HTTP/1.1" 200 3250 "-" "Mozilla/5.0 (Windows NT 6.1; WOW64; Trident/7.0; rv:11.0) like Gecko"
80.123.225.38 - - [04/Jan/2021:11:43:10 +0100] "POST /login HTTP/1.1" 200 2143 "http://renault.activities.at/login" "Mozilla/5.0 (Windows NT 6.1; WOW64; Trident/7.0; rv:11.0) like Gecko"
80.123.225.38 - - [04/Jan/2021:11:43:12 +0100] "GET /js/index.php?c=auto&f=,prototype/prototype.js,prototype/validation.js,scriptaculous/builder.js,scriptaculous/effects.js,scriptaculous/dragdrop.js,scriptaculous/controls.js,scriptaculous/slider.js,varien/js.js,varien/form.js,varien/menu.js,mage/translate.js,mage/cookies.js,varien/product.js,spinner/SpinnerControl.jsmin.js,prototype/window.js,prototype/window_ext.js HTTP/1.1" 304 - "http://renault.activities.at/login" "Mozilla/5.0 (Windows NT 6.1; WOW64; Trident/7.0; rv:11.0) like Gecko"
80.123.225.38 - - [04/Jan/2021:11:43:12 +0100] "GET /images/error_msg_icon.gif HTTP/1.1" 200 1013 "http://renault.activities.at/login" "Mozilla/5.0 (Windows NT 6.1; WOW64; Trident/7.0; rv:11.0) like Gecko"
80.123.225.38 - - [04/Jan/2021:11:43:12 +0100] "GET /favicon.ico HTTP/1.1" 200 3250 "-" "Mozilla/5.0 (Windows NT 6.1; WOW64; Trident/7.0; rv:11.0) like Gecko"
80.123.225.38 - - [04/Jan/2021:11:43:32 +0100] "POST /login HTTP/1.1" 302 140 "http://renault.activities.at/login" "Mozilla/5.0 (Windows NT 6.1; WOW64; Trident/7.0; rv:11.0) like Gecko"
82.135.5.126 - - [04/Jan/2021:11:43:34 +0100] "GET /reload?ser=1609757014498 HTTP/1.1" 200 28 "http://renault.activities.at/success" "Mozilla/5.0 (Windows NT 10.0; WOW64; Trident/7.0; rv:11.0) like Gecko"
80.123.225.38 - - [04/Jan/2021:11:43:34 +0100] "GET /account HTTP/1.1" 200 6044 "http://renault.activities.at/login" "Mozilla/5.0 (Windows NT 6.1; WOW64; Trident/7.0; rv:11.0) like Gecko"
80.123.225.38 - - [04/Jan/2021:11:43:35 +0100] "POST /login HTTP/1.1" 302 140 "http://renault.activities.at/login" "Mozilla/5.0 (Windows NT 6.1; WOW64; Trident/7.0; rv:11.0) like Gecko"
80.123.225.38 - - [04/Jan/2021:11:43:41 +0100] "GET /account HTTP/1.1" 200 6044 "http://renault.activities.at/login" "Mozilla/5.0 (Windows NT 6.1; WOW64; Trident/7.0; rv:11.0) like Gecko"
80.123.225.38 - - [04/Jan/2021:11:43:43 +0100] "GET /js/index.php?c=auto&f=,prototype/prototype.js,prototype/validation.js,scriptaculous/builder.js,scriptaculous/effects.js,scriptaculous/dragdrop.js,scriptaculous/controls.js,scriptaculous/slider.js,varien/js.js,varien/form.js,varien/menu.js,mage/translate.js,mage/cookies.js,varien/product.js,spinner/SpinnerControl.jsmin.js,prototype/window.js,prototype/window_ext.js HTTP/1.1" 304 - "http://renault.activities.at/account" "Mozilla/5.0 (Windows NT 6.1; WOW64; Trident/7.0; rv:11.0) like Gecko"
80.123.225.38 - - [04/Jan/2021:11:43:43 +0100] "GET /js/account.js HTTP/1.1" 304 - "http://renault.activities.at/account" "Mozilla/5.0 (Windows NT 6.1; WOW64; Trident/7.0; rv:11.0) like Gecko"
80.123.225.38 - - [04/Jan/2021:11:43:43 +0100] "GET /images/search_bg.gif HTTP/1.1" 200 1726 "http://renault.activities.at/account" "Mozilla/5.0 (Windows NT 6.1; WOW64; Trident/7.0; rv:11.0) like Gecko"
80.123.225.38 - - [04/Jan/2021:11:43:43 +0100] "GET /images/top_links_divider.gif HTTP/1.1" 200 44 "http://renault.activities.at/account" "Mozilla/5.0 (Windows NT 6.1; WOW64; Trident/7.0; rv:11.0) like Gecko"
80.123.225.38 - - [04/Jan/2021:11:43:43 +0100] "GET /images/nav_divider.gif HTTP/1.1" 200 43 "http://renault.activities.at/account" "Mozilla/5.0 (Windows NT 6.1; WOW64; Trident/7.0; rv:11.0) like Gecko"
80.123.225.38 - - [04/Jan/2021:11:43:43 +0100] "GET /images/menu_button_bg.jpg HTTP/1.1" 200 322 "http://renault.activities.at/account" "Mozilla/5.0 (Windows NT 6.1; WOW64; Trident/7.0; rv:11.0) like Gecko"
80.123.225.38 - - [04/Jan/2021:11:43:43 +0100] "GET /images/menu_divider.gif HTTP/1.1" 200 176 "http://renault.activities.at/account" "Mozilla/5.0 (Windows NT 6.1; WOW64; Trident/7.0; rv:11.0) like Gecko"
80.123.225.38 - - [04/Jan/2021:11:43:43 +0100] "GET /images/sidebar_title_border_top.gif HTTP/1.1" 200 155 "http://renault.activities.at/account" "Mozilla/5.0 (Windows NT 6.1; WOW64; Trident/7.0; rv:11.0) like Gecko"
80.123.225.38 - - [04/Jan/2021:11:43:43 +0100] "GET /images/sidebar_title_border.gif HTTP/1.1" 200 43 "http://renault.activities.at/account" "Mozilla/5.0 (Windows NT 6.1; WOW64; Trident/7.0; rv:11.0) like Gecko"
80.123.225.38 - - [04/Jan/2021:11:43:43 +0100] "GET /images/sidebar_title_corner_left_top.gif HTTP/1.1" 200 1124 "http://renault.activities.at/account" "Mozilla/5.0 (Windows NT 6.1; WOW64; Trident/7.0; rv:11.0) like Gecko"
80.123.225.38 - - [04/Jan/2021:11:43:43 +0100] "GET /loadthumbnail.php?id=10986339&width=50&height=50 HTTP/1.1" 200 1295 "http://renault.activities.at/account" "Mozilla/5.0 (Windows NT 6.1; WOW64; Trident/7.0; rv:11.0) like Gecko"
80.123.225.38 - - [04/Jan/2021:11:43:43 +0100] "GET /images/sidebar_title_corner_right_top.gif HTTP/1.1" 200 383 "http://renault.activities.at/account" "Mozilla/5.0 (Windows NT 6.1; WOW64; Trident/7.0; rv:11.0) like Gecko"
80.123.225.38 - - [04/Jan/2021:11:43:43 +0100] "GET /loadthumbnail.php?id=10260190&width=50&height=50 HTTP/1.1" 200 1018 "http://renault.activities.at/account" "Mozilla/5.0 (Windows NT 6.1; WOW64; Trident/7.0; rv:11.0) like Gecko"
80.123.225.38 - - [04/Jan/2021:11:43:43 +0100] "GET /images/footer_divider.gif HTTP/1.1" 200 44 "http://renault.activities.at/account" "Mozilla/5.0 (Windows NT 6.1; WOW64; Trident/7.0; rv:11.0) like Gecko"
80.123.225.38 - - [04/Jan/2021:11:43:48 +0100] "POST /axjaxrequest?mode=suggest HTTP/1.1" 200 166 "http://renault.activities.at/account" "Mozilla/5.0 (Windows NT 6.1; WOW64; Trident/7.0; rv:11.0) like Gecko"
80.123.225.38 - - [04/Jan/2021:11:43:48 +0100] "GET /result?searchterm=true&search=Mobi HTTP/1.1" 200 6481 "http://renault.activities.at/account" "Mozilla/5.0 (Windows NT 6.1; WOW64; Trident/7.0; rv:11.0) like Gecko"
80.123.225.38 - - [04/Jan/2021:11:43:52 +0100] "GET /js/index.php?c=auto&f=,prototype/prototype.js,prototype/validation.js,scriptaculous/builder.js,scriptaculous/effects.js,scriptaculous/dragdrop.js,scriptaculous/controls.js,scriptaculous/slider.js,varien/js.js,varien/form.js,varien/menu.js,mage/translate.js,mage/cookies.js,varien/product.js,spinner/SpinnerControl.jsmin.js,prototype/window.js,prototype/window_ext.js HTTP/1.1" 304 - "http://renault.activities.at/result?searchterm=true&search=Mobi" "Mozilla/5.0 (Windows NT 6.1; WOW64; Trident/7.0; rv:11.0) like Gecko"
80.123.225.38 - - [04/Jan/2021:11:43:52 +0100] "GET /js/prototip.js HTTP/1.1" 304 - "http://renault.activities.at/result?searchterm=true&search=Mobi" "Mozilla/5.0 (Windows NT 6.1; WOW64; Trident/7.0; rv:11.0) like Gecko"
80.123.225.38 - - [04/Jan/2021:11:43:52 +0100] "GET /images/loading.gif HTTP/1.1" 200 3208 "http://renault.activities.at/result?searchterm=true&search=Mobi" "Mozilla/5.0 (Windows NT 6.1; WOW64; Trident/7.0; rv:11.0) like Gecko"
80.123.225.38 - - [04/Jan/2021:11:43:52 +0100] "GET /images/pager_bg.gif HTTP/1.1" 200 150 "http://renault.activities.at/result?searchterm=true&search=Mobi" "Mozilla/5.0 (Windows NT 6.1; WOW64; Trident/7.0; rv:11.0) like Gecko"
80.123.225.38 - - [04/Jan/2021:11:43:52 +0100] "GET /images/vista-up.gif HTTP/1.1" 200 131 "http://renault.activities.at/result?searchterm=true&search=Mobi" "Mozilla/5.0 (Windows NT 6.1; WOW64; Trident/7.0; rv:11.0) like Gecko"
80.123.225.38 - - [04/Jan/2021:11:43:52 +0100] "GET /loadthumbnail.php?id=11434114&width=113 HTTP/1.1" 200 4564 "http://renault.activities.at/result?searchterm=true&search=Mobi" "Mozilla/5.0 (Windows NT 6.1; WOW64; Trident/7.0; rv:11.0) like Gecko"
80.123.225.38 - - [04/Jan/2021:11:43:52 +0100] "GET /loadthumbnail.php?id=12205692&width=113 HTTP/1.1" 200 4881 "http://renault.activities.at/result?searchterm=true&search=Mobi" "Mozilla/5.0 (Windows NT 6.1; WOW64; Trident/7.0; rv:11.0) like Gecko"
80.123.225.38 - - [04/Jan/2021:11:43:52 +0100] "GET /loadthumbnail.php?id=10745359&width=113 HTTP/1.1" 200 4202 "http://renault.activities.at/result?searchterm=true&search=Mobi" "Mozilla/5.0 (Windows NT 6.1; WOW64; Trident/7.0; rv:11.0) like Gecko"
80.123.225.38 - - [04/Jan/2021:11:43:52 +0100] "GET /loadthumbnail.php?id=10203255 HTTP/1.1" 200 137 "http://renault.activities.at/result?searchterm=true&search=Mobi" "Mozilla/5.0 (Windows NT 6.1; WOW64; Trident/7.0; rv:11.0) like Gecko"
80.123.225.38 - - [04/Jan/2021:11:43:52 +0100] "GET /images/vista-dn.gif HTTP/1.1" 200 128 "http://renault.activities.at/result?searchterm=true&search=Mobi" "Mozilla/5.0 (Windows NT 6.1; WOW64; Trident/7.0; rv:11.0) like Gecko"
80.123.225.38 - - [04/Jan/2021:11:43:52 +0100] "GET /loadthumbnail.php?id=12204968&width=113 HTTP/1.1" 200 4284 "http://renault.activities.at/result?searchterm=true&search=Mobi" "Mozilla/5.0 (Windows NT 6.1; WOW64; Trident/7.0; rv:11.0) like Gecko"
80.123.225.38 - - [04/Jan/2021:11:43:52 +0100] "GET /images/validation_advice_bg.gif HTTP/1.1" 200 134 "http://renault.activities.at/result?searchterm=true&search=Mobi" "Mozilla/5.0 (Windows NT 6.1; WOW64; Trident/7.0; rv:11.0) like Gecko"
80.123.225.38 - - [04/Jan/2021:11:43:48 +0100] "POST /axjaxrequest?mode=suggest HTTP/1.1" 200 166 "http://renault.activities.at/account" "Mozilla/5.0 (Windows NT 6.1; WOW64; Trident/7.0; rv:11.0) like Gecko"
80.123.225.38 - - [04/Jan/2021:11:43:52 +0100] "GET /result?searchterm=true&search=Mobi HTTP/1.1" 200 6481 "http://renault.activities.at/result?searchterm=true&search=Mobi" "Mozilla/5.0 (Windows NT 6.1; WOW64; Trident/7.0; rv:11.0) like Gecko"
80.123.225.38 - - [04/Jan/2021:11:43:55 +0100] "GET /js/index.php?c=auto&f=,prototype/prototype.js,prototype/validation.js,scriptaculous/builder.js,scriptaculous/effects.js,scriptaculous/dragdrop.js,scriptaculous/controls.js,scriptaculous/slider.js,varien/js.js,varien/form.js,varien/menu.js,mage/translate.js,mage/cookies.js,varien/product.js,spinner/SpinnerControl.jsmin.js,prototype/window.js,prototype/window_ext.js HTTP/1.1" 304 - "http://renault.activities.at/result?searchterm=true&search=Mobi" "Mozilla/5.0 (Windows NT 6.1; WOW64; Trident/7.0; rv:11.0) like Gecko"
138.21.12.28 - - [04/Jan/2021:11:43:56 +0100] "GET /reload?ser=1609757036374 HTTP/1.1" 200 28 "http://renault.2web.at/result?searchterm=true&search=pos57" "Mozilla/5.0 (Windows NT 10.0; Win64; x64) AppleWebKit/537.36 (KHTML, like Gecko) Chrome/87.0.4280.88 Safari/537.36"
82.135.5.126 - - [04/Jan/2021:11:44:35 +0100] "GET /reload?ser=1609757075506 HTTP/1.1" 200 28 "http://renault.activities.at/success" "Mozilla/5.0 (Windows NT 10.0; WOW64; Trident/7.0; rv:11.0) like Gecko"
138.21.12.28 - - [04/Jan/2021:11:44:58 +0100] "GET /reload?ser=1609757098377 HTTP/1.1" 200 28 "http://renault.2web.at/result?searchterm=true&search=pos57" "Mozilla/5.0 (Windows NT 10.0; Win64; x64) AppleWebKit/537.36 (KHTML, like Gecko) Chrome/87.0.4280.88 Safari/537.36"
82.135.5.126 - - [04/Jan/2021:11:45:36 +0100] "GET /reload?ser=1609757136483 HTTP/1.1" 200 28 "http://renault.activities.at/success" "Mozilla/5.0 (Windows NT 10.0; WOW64; Trident/7.0; rv:11.0) like Gecko"
138.21.12.28 - - [04/Jan/2021:11:46:00 +0100] "GET /reload?ser=1609757160384 HTTP/1.1" 200 28 "http://renault.2web.at/result?searchterm=true&search=pos57" "Mozilla/5.0 (Windows NT 10.0; Win64; x64) AppleWebKit/537.36 (KHTML, like Gecko) Chrome/87.0.4280.88 Safari/537.36"
82.135.5.126 - - [04/Jan/2021:11:46:37 +0100] "GET /reload?ser=1609757197446 HTTP/1.1" 200 28 "http://renault.activities.at/success" "Mozilla/5.0 (Windows NT 10.0; WOW64; Trident/7.0; rv:11.0) like Gecko"
138.21.12.28 - - [04/Jan/2021:11:47:02 +0100] "GET /reload?ser=1609757222382 HTTP/1.1" 200 28 "http://renault.2web.at/result?searchterm=true&search=pos57" "Mozilla/5.0 (Windows NT 10.0; Win64; x64) AppleWebKit/537.36 (KHTML, like Gecko) Chrome/87.0.4280.88 Safari/537.36"
82.135.5.126 - - [04/Jan/2021:11:47:38 +0100] "GET /reload?ser=1609757258461 HTTP/1.1" 200 28 "http://renault.activities.at/success" "Mozilla/5.0 (Windows NT 10.0; WOW64; Trident/7.0; rv:11.0) like Gecko"
138.21.12.28 - - [04/Jan/2021:11:48:04 +0100] "GET /reload?ser=1609757284384 HTTP/1.1" 200 28 "http://renault.2web.at/result?searchterm=true&search=pos57" "Mozilla/5.0 (Windows NT 10.0; Win64; x64) AppleWebKit/537.36 (KHTML, like Gecko) Chrome/87.0.4280.88 Safari/537.36"
82.135.5.126 - - [04/Jan/2021:11:48:39 +0100] "GET /reload?ser=1609757319426 HTTP/1.1" 200 28 "http://renault.activities.at/success" "Mozilla/5.0 (Windows NT 10.0; WOW64; Trident/7.0; rv:11.0) like Gecko"
138.21.12.28 - - [04/Jan/2021:11:49:06 +0100] "GET /reload?ser=1609757346386 HTTP/1.1" 200 28 "http://renault.2web.at/result?searchterm=true&search=pos57" "Mozilla/5.0 (Windows NT 10.0; Win64; x64) AppleWebKit/537.36 (KHTML, like Gecko) Chrome/87.0.4280.88 Safari/537.36"
82.135.5.126 - - [04/Jan/2021:11:49:40 +0100] "GET /reload?ser=1609757380392 HTTP/1.1" 200 28 "http://renault.activities.at/success" "Mozilla/5.0 (Windows NT 10.0; WOW64; Trident/7.0; rv:11.0) like Gecko"
138.21.12.28 - - [04/Jan/2021:11:50:09 +0100] "GET /reload?ser=1609757408391 HTTP/1.1" 200 28 "http://renault.2web.at/result?searchterm=true&search=pos57" "Mozilla/5.0 (Windows NT 10.0; Win64; x64) AppleWebKit/537.36 (KHTML, like Gecko) Chrome/87.0.4280.88 Safari/537.36"
82.135.5.126 - - [04/Jan/2021:11:50:41 +0100] "GET /reload?ser=1609757441380 HTTP/1.1" 200 28 "http://renault.activities.at/success" "Mozilla/5.0 (Windows NT 10.0; WOW64; Trident/7.0; rv:11.0) like Gecko"
138.21.12.28 - - [04/Jan/2021:11:51:10 +0100] "GET /reload?ser=1609757470403 HTTP/1.1" 200 28 "http://renault.2web.at/result?searchterm=true&search=pos57" "Mozilla/5.0 (Windows NT 10.0; Win64; x64) AppleWebKit/537.36 (KHTML, like Gecko) Chrome/87.0.4280.88 Safari/537.36"
82.135.5.126 - - [04/Jan/2021:11:51:42 +0100] "GET /reload?ser=1609757502432 HTTP/1.1" 200 28 "http://renault.activities.at/success" "Mozilla/5.0 (Windows NT 10.0; WOW64; Trident/7.0; rv:11.0) like Gecko"
138.21.12.28 - - [04/Jan/2021:11:52:12 +0100] "GET /reload?ser=1609757532395 HTTP/1.1" 200 28 "http://renault.2web.at/result?searchterm=true&search=pos57" "Mozilla/5.0 (Windows NT 10.0; Win64; x64) AppleWebKit/537.36 (KHTML, like Gecko) Chrome/87.0.4280.88 Safari/537.36"
82.135.5.126 - - [04/Jan/2021:11:52:43 +0100] "GET /reload?ser=1609757563445 HTTP/1.1" 200 28 "http://renault.activities.at/success" "Mozilla/5.0 (Windows NT 10.0; WOW64; Trident/7.0; rv:11.0) like Gecko"
138.21.12.28 - - [04/Jan/2021:11:53:14 +0100] "GET /reload?ser=1609757594392 HTTP/1.1" 200 28 "http://renault.2web.at/result?searchterm=true&search=pos57" "Mozilla/5.0 (Windows NT 10.0; Win64; x64) AppleWebKit/537.36 (KHTML, like Gecko) Chrome/87.0.4280.88 Safari/537.36"
82.135.5.126 - - [04/Jan/2021:11:53:44 +0100] "GET /reload?ser=1609757624442 HTTP/1.1" 200 28 "http://renault.activities.at/success" "Mozilla/5.0 (Windows NT 10.0; WOW64; Trident/7.0; rv:11.0) like Gecko"
138.21.12.28 - - [04/Jan/2021:11:54:17 +0100] "GET /reload?ser=1609757656394 HTTP/1.1" 200 28 "http://renault.2web.at/result?searchterm=true&search=pos57" "Mozilla/5.0 (Windows NT 10.0; Win64; x64) AppleWebKit/537.36 (KHTML, like Gecko) Chrome/87.0.4280.88 Safari/537.36"
82.135.5.126 - - [04/Jan/2021:11:54:45 +0100] "GET /reload?ser=1609757685430 HTTP/1.1" 200 28 "http://renault.activities.at/success" "Mozilla/5.0 (Windows NT 10.0; WOW64; Trident/7.0; rv:11.0) like Gecko"
138.21.12.28 - - [04/Jan/2021:11:55:18 +0100] "GET /reload?ser=1609757718396 HTTP/1.1" 200 28 "http://renault.2web.at/result?searchterm=true&search=pos57" "Mozilla/5.0 (Windows NT 10.0; Win64; x64) AppleWebKit/537.36 (KHTML, like Gecko) Chrome/87.0.4280.88 Safari/537.36"
82.135.5.126 - - [04/Jan/2021:11:55:46 +0100] "GET /reload?ser=1609757746482 HTTP/1.1" 200 28 "http://renault.activities.at/success" "Mozilla/5.0 (Windows NT 10.0; WOW64; Trident/7.0; rv:11.0) like Gecko"
138.21.12.28 - - [04/Jan/2021:11:56:20 +0100] "GET /reload?ser=1609757780397 HTTP/1.1" 200 28 "http://renault.2web.at/result?searchterm=true&search=pos57" "Mozilla/5.0 (Windows NT 10.0; Win64; x64) AppleWebKit/537.36 (KHTML, like Gecko) Chrome/87.0.4280.88 Safari/537.36"
82.135.5.126 - - [04/Jan/2021:11:56:47 +0100] "GET /reload?ser=1609757807620 HTTP/1.1" 200 28 "http://renault.activities.at/success" "Mozilla/5.0 (Windows NT 10.0; WOW64; Trident/7.0; rv:11.0) like Gecko"
138.21.12.28 - - [04/Jan/2021:11:57:22 +0100] "GET /reload?ser=1609757842398 HTTP/1.1" 200 28 "http://renault.2web.at/result?searchterm=true&search=pos57" "Mozilla/5.0 (Windows NT 10.0; Win64; x64) AppleWebKit/537.36 (KHTML, like Gecko) Chrome/87.0.4280.88 Safari/537.36"
82.135.5.126 - - [04/Jan/2021:11:57:48 +0100] "GET /reload?ser=1609757868691 HTTP/1.1" 200 28 "http://renault.activities.at/success" "Mozilla/5.0 (Windows NT 10.0; WOW64; Trident/7.0; rv:11.0) like Gecko"
138.21.12.28 - - [04/Jan/2021:11:58:24 +0100] "GET /reload?ser=1609757904400 HTTP/1.1" 200 28 "http://renault.2web.at/result?searchterm=true&search=pos57" "Mozilla/5.0 (Windows NT 10.0; Win64; x64) AppleWebKit/537.36 (KHTML, like Gecko) Chrome/87.0.4280.88 Safari/537.36"
82.135.5.126 - - [04/Jan/2021:11:58:49 +0100] "GET /reload?ser=1609757929711 HTTP/1.1" 200 28 "http://renault.activities.at/success" "Mozilla/5.0 (Windows NT 10.0; WOW64; Trident/7.0; rv:11.0) like Gecko"
138.21.12.28 - - [04/Jan/2021:11:59:26 +0100] "GET /reload?ser=1609757966401 HTTP/1.1" 200 28 "http://renault.2web.at/result?searchterm=true&search=pos57" "Mozilla/5.0 (Windows NT 10.0; Win64; x64) AppleWebKit/537.36 (KHTML, like Gecko) Chrome/87.0.4280.88 Safari/537.36"
82.135.5.126 - - [04/Jan/2021:11:59:50 +0100] "GET /reload?ser=1609757990713 HTTP/1.1" 200 28 "http://renault.activities.at/success" "Mozilla/5.0 (Windows NT 10.0; WOW64; Trident/7.0; rv:11.0) like Gecko"
138.21.12.28 - - [04/Jan/2021:12:00:28 +0100] "GET /reload?ser=1609758028403 HTTP/1.1" 200 28 "http://renault.2web.at/result?searchterm=true&search=pos57" "Mozilla/5.0 (Windows NT 10.0; Win64; x64) AppleWebKit/537.36 (KHTML, like Gecko) Chrome/87.0.4280.88 Safari/537.36"
82.135.5.126 - - [04/Jan/2021:12:00:51 +0100] "GET /reload?ser=1609758051699 HTTP/1.1" 200 28 "http://renault.activities.at/success" "Mozilla/5.0 (Windows NT 10.0; WOW64; Trident/7.0; rv:11.0) like Gecko"
138.21.12.28 - - [04/Jan/2021:12:01:31 +0100] "GET /reload?ser=1609758090406 HTTP/1.1" 200 28 "http://renault.2web.at/result?searchterm=true&search=pos57" "Mozilla/5.0 (Windows NT 10.0; Win64; x64) AppleWebKit/537.36 (KHTML, like Gecko) Chrome/87.0.4280.88 Safari/537.36"
82.135.5.126 - - [04/Jan/2021:12:01:52 +0100] "GET /reload?ser=1609758112700 HTTP/1.1" 200 28 "http://renault.activities.at/success" "Mozilla/5.0 (Windows NT 10.0; WOW64; Trident/7.0; rv:11.0) like Gecko"
138.21.12.28 - - [04/Jan/2021:12:02:33 +0100] "GET /reload?ser=1609758153404 HTTP/1.1" 200 28 "http://renault.2web.at/result?searchterm=true&search=pos57" "Mozilla/5.0 (Windows NT 10.0; Win64; x64) AppleWebKit/537.36 (KHTML, like Gecko) Chrome/87.0.4280.88 Safari/537.36"
82.135.5.126 - - [04/Jan/2021:12:02:53 +0100] "GET /reload?ser=1609758173687 HTTP/1.1" 200 28 "http://renault.activities.at/success" "Mozilla/5.0 (Windows NT 10.0; WOW64; Trident/7.0; rv:11.0) like Gecko"
138.21.12.28 - - [04/Jan/2021:12:03:35 +0100] "GET /reload?ser=1609758215404 HTTP/1.1" 200 28 "http://renault.2web.at/result?searchterm=true&search=pos57" "Mozilla/5.0 (Windows NT 10.0; Win64; x64) AppleWebKit/537.36 (KHTML, like Gecko) Chrome/87.0.4280.88 Safari/537.36"
82.135.5.126 - - [04/Jan/2021:12:03:54 +0100] "GET /reload?ser=1609758234681 HTTP/1.1" 200 28 "http://renault.activities.at/success" "Mozilla/5.0 (Windows NT 10.0; WOW64; Trident/7.0; rv:11.0) like Gecko"
114.119.158.212 - - [04/Jan/2021:12:04:34 +0100] "GET /robots.txt HTTP/1.1" 404 300 "-" "(compatible;PetalBot;+https://aspiegel.com/petalbot)"
138.21.12.28 - - [04/Jan/2021:12:04:37 +0100] "GET /reload?ser=1609758277404 HTTP/1.1" 200 28 "http://renault.2web.at/result?searchterm=true&search=pos57" "Mozilla/5.0 (Windows NT 10.0; Win64; x64) AppleWebKit/537.36 (KHTML, like Gecko) Chrome/87.0.4280.88 Safari/537.36"
82.135.5.126 - - [04/Jan/2021:12:04:55 +0100] "GET /reload?ser=1609758295650 HTTP/1.1" 200 28 "http://renault.activities.at/success" "Mozilla/5.0 (Windows NT 10.0; WOW64; Trident/7.0; rv:11.0) like Gecko"
138.21.12.28 - - [04/Jan/2021:12:05:39 +0100] "GET /reload?ser=1609758339407 HTTP/1.1" 200 28 "http://renault.2web.at/result?searchterm=true&search=pos57" "Mozilla/5.0 (Windows NT 10.0; Win64; x64) AppleWebKit/537.36 (KHTML, like Gecko) Chrome/87.0.4280.88 Safari/537.36"
82.135.5.126 - - [04/Jan/2021:12:05:56 +0100] "GET /reload?ser=1609758356648 HTTP/1.1" 200 28 "http://renault.activities.at/success" "Mozilla/5.0 (Windows NT 10.0; WOW64; Trident/7.0; rv:11.0) like Gecko"
138.21.12.28 - - [04/Jan/2021:12:06:41 +0100] "GET /reload?ser=1609758401407 HTTP/1.1" 200 28 "http://renault.2web.at/result?searchterm=true&search=pos57" "Mozilla/5.0 (Windows NT 10.0; Win64; x64) AppleWebKit/537.36 (KHTML, like Gecko) Chrome/87.0.4280.88 Safari/537.36"
82.135.5.126 - - [04/Jan/2021:12:06:57 +0100] "GET /reload?ser=1609758417641 HTTP/1.1" 200 28 "http://renault.activities.at/success" "Mozilla/5.0 (Windows NT 10.0; WOW64; Trident/7.0; rv:11.0) like Gecko"
138.21.12.28 - - [04/Jan/2021:12:07:43 +0100] "GET /reload?ser=1609758463406 HTTP/1.1" 200 28 "http://renault.2web.at/result?searchterm=true&search=pos57" "Mozilla/5.0 (Windows NT 10.0; Win64; x64) AppleWebKit/537.36 (KHTML, like Gecko) Chrome/87.0.4280.88 Safari/537.36"
82.135.5.126 - - [04/Jan/2021:12:07:58 +0100] "GET /reload?ser=1609758478626 HTTP/1.1" 200 28 "http://renault.activities.at/success" "Mozilla/5.0 (Windows NT 10.0; WOW64; Trident/7.0; rv:11.0) like Gecko"
138.21.12.28 - - [04/Jan/2021:12:08:46 +0100] "GET /reload?ser=1609758525407 HTTP/1.1" 200 28 "http://renault.2web.at/result?searchterm=true&search=pos57" "Mozilla/5.0 (Windows NT 10.0; Win64; x64) AppleWebKit/537.36 (KHTML, like Gecko) Chrome/87.0.4280.88 Safari/537.36"
82.135.5.126 - - [04/Jan/2021:12:08:59 +0100] "GET /reload?ser=1609758539662 HTTP/1.1" 200 28 "http://renault.activities.at/success" "Mozilla/5.0 (Windows NT 10.0; WOW64; Trident/7.0; rv:11.0) like Gecko"
138.21.12.28 - - [04/Jan/2021:12:09:47 +0100] "GET /reload?ser=1609758587407 HTTP/1.1" 200 28 "http://renault.2web.at/result?searchterm=true&search=pos57" "Mozilla/5.0 (Windows NT 10.0; Win64; x64) AppleWebKit/537.36 (KHTML, like Gecko) Chrome/87.0.4280.88 Safari/537.36"
82.135.5.126 - - [04/Jan/2021:12:10:00 +0100] "GET /reload?ser=1609758600652 HTTP/1.1" 200 28 "http://renault.activities.at/success" "Mozilla/5.0 (Windows NT 10.0; WOW64; Trident/7.0; rv:11.0) like Gecko"
138.21.12.28 - - [04/Jan/2021:12:10:49 +0100] "GET /reload?ser=1609758649408 HTTP/1.1" 200 28 "http://renault.2web.at/result?searchterm=true&search=pos57" "Mozilla/5.0 (Windows NT 10.0; Win64; x64) AppleWebKit/537.36 (KHTML, like Gecko) Chrome/87.0.4280.88 Safari/537.36"
82.135.5.126 - - [04/Jan/2021:12:11:01 +0100] "GET /reload?ser=1609758661652 HTTP/1.1" 200 28 "http://renault.activities.at/success" "Mozilla/5.0 (Windows NT 10.0; WOW64; Trident/7.0; rv:11.0) like Gecko"
138.21.12.28 - - [04/Jan/2021:12:11:51 +0100] "GET /reload?ser=1609758711410 HTTP/1.1" 200 28 "http://renault.2web.at/result?searchterm=true&search=pos57" "Mozilla/5.0 (Windows NT 10.0; Win64; x64) AppleWebKit/537.36 (KHTML, like Gecko) Chrome/87.0.4280.88 Safari/537.36"
82.135.5.126 - - [04/Jan/2021:12:12:02 +0100] "GET /reload?ser=1609758722700 HTTP/1.1" 200 28 "http://renault.activities.at/success" "Mozilla/5.0 (Windows NT 10.0; WOW64; Trident/7.0; rv:11.0) like Gecko"
138.21.12.28 - - [04/Jan/2021:12:12:53 +0100] "GET /reload?ser=1609758773408 HTTP/1.1" 200 28 "http://renault.2web.at/result?searchterm=true&search=pos57" "Mozilla/5.0 (Windows NT 10.0; Win64; x64) AppleWebKit/537.36 (KHTML, like Gecko) Chrome/87.0.4280.88 Safari/537.36"
82.135.5.126 - - [04/Jan/2021:12:13:03 +0100] "GET /reload?ser=1609758783707 HTTP/1.1" 200 28 "http://renault.activities.at/success" "Mozilla/5.0 (Windows NT 10.0; WOW64; Trident/7.0; rv:11.0) like Gecko"
138.21.12.28 - - [04/Jan/2021:12:13:55 +0100] "GET /reload?ser=1609758835416 HTTP/1.1" 200 28 "http://renault.2web.at/result?searchterm=true&search=pos57" "Mozilla/5.0 (Windows NT 10.0; Win64; x64) AppleWebKit/537.36 (KHTML, like Gecko) Chrome/87.0.4280.88 Safari/537.36"
82.135.5.126 - - [04/Jan/2021:12:14:04 +0100] "GET /reload?ser=1609758844732 HTTP/1.1" 200 28 "http://renault.activities.at/success" "Mozilla/5.0 (Windows NT 10.0; WOW64; Trident/7.0; rv:11.0) like Gecko"
138.21.12.28 - - [04/Jan/2021:12:14:57 +0100] "GET /reload?ser=1609758897411 HTTP/1.1" 200 28 "http://renault.2web.at/result?searchterm=true&search=pos57" "Mozilla/5.0 (Windows NT 10.0; Win64; x64) AppleWebKit/537.36 (KHTML, like Gecko) Chrome/87.0.4280.88 Safari/537.36"
82.135.5.126 - - [04/Jan/2021:12:15:05 +0100] "GET /reload?ser=1609758905727 HTTP/1.1" 200 28 "http://renault.activities.at/success" "Mozilla/5.0 (Windows NT 10.0; WOW64; Trident/7.0; rv:11.0) like Gecko"
138.21.12.28 - - [04/Jan/2021:12:15:59 +0100] "GET /reload?ser=1609758959412 HTTP/1.1" 200 28 "http://renault.2web.at/result?searchterm=true&search=pos57" "Mozilla/5.0 (Windows NT 10.0; Win64; x64) AppleWebKit/537.36 (KHTML, like Gecko) Chrome/87.0.4280.88 Safari/537.36"
82.135.5.126 - - [04/Jan/2021:12:16:06 +0100] "GET /reload?ser=1609758966739 HTTP/1.1" 200 28 "http://renault.activities.at/success" "Mozilla/5.0 (Windows NT 10.0; WOW64; Trident/7.0; rv:11.0) like Gecko"
138.21.12.28 - - [04/Jan/2021:12:17:01 +0100] "GET /reload?ser=1609759021411 HTTP/1.1" 200 28 "http://renault.2web.at/result?searchterm=true&search=pos57" "Mozilla/5.0 (Windows NT 10.0; Win64; x64) AppleWebKit/537.36 (KHTML, like Gecko) Chrome/87.0.4280.88 Safari/537.36"
82.135.5.126 - - [04/Jan/2021:12:17:07 +0100] "GET /reload?ser=1609759027752 HTTP/1.1" 200 28 "http://renault.activities.at/success" "Mozilla/5.0 (Windows NT 10.0; WOW64; Trident/7.0; rv:11.0) like Gecko"
138.21.12.28 - - [04/Jan/2021:12:18:04 +0100] "GET /reload?ser=1609759083411 HTTP/1.1" 200 28 "http://renault.2web.at/result?searchterm=true&search=pos57" "Mozilla/5.0 (Windows NT 10.0; Win64; x64) AppleWebKit/537.36 (KHTML, like Gecko) Chrome/87.0.4280.88 Safari/537.36"
82.135.5.126 - - [04/Jan/2021:12:18:08 +0100] "GET /reload?ser=1609759088766 HTTP/1.1" 200 28 "http://renault.activities.at/success" "Mozilla/5.0 (Windows NT 10.0; WOW64; Trident/7.0; rv:11.0) like Gecko"
138.21.12.28 - - [04/Jan/2021:12:19:05 +0100] "GET /reload?ser=1609759145411 HTTP/1.1" 200 28 "http://renault.2web.at/result?searchterm=true&search=pos57" "Mozilla/5.0 (Windows NT 10.0; Win64; x64) AppleWebKit/537.36 (KHTML, like Gecko) Chrome/87.0.4280.88 Safari/537.36"
82.218.187.58 - - [04/Jan/2021:12:19:09 +0100] "GET /layout.php HTTP/1.1" 200 1558 "-" "Mozilla/5.0 (Windows NT 10.0; Win64; x64; rv:84.0) Gecko/20100101 Firefox/84.0"
82.218.187.58 - - [04/Jan/2021:12:19:10 +0100] "GET /js/default.js HTTP/1.1" 304 - "http://renault.activities.at/layout.php" "Mozilla/5.0 (Windows NT 10.0; Win64; x64; rv:84.0) Gecko/20100101 Firefox/84.0"
82.218.187.58 - - [04/Jan/2021:12:19:10 +0100] "GET /css/clears.css HTTP/1.1" 304 - "http://renault.activities.at/layout.php" "Mozilla/5.0 (Windows NT 10.0; Win64; x64; rv:84.0) Gecko/20100101 Firefox/84.0"
