80.120.210.179 - - [13/Jan/2021:08:26:52 +0100] "GET /loadthumbnail.php?id=11431080&width=100 HTTP/1.1" 200 3366 "http://renault.activities.at/cart" "Mozilla/5.0 (Windows NT 10.0; Win64; x64; rv:84.0) Gecko/20100101 Firefox/84.0"
80.120.210.179 - - [13/Jan/2021:08:26:52 +0100] "GET /loadthumbnail.php?id=11127982 HTTP/1.1" 200 399614 "http://renault.activities.at/cart" "Mozilla/5.0 (Windows NT 10.0; Win64; x64; rv:84.0) Gecko/20100101 Firefox/84.0"
80.120.210.179 - - [13/Jan/2021:08:26:56 +0100] "GET /checkout HTTP/1.1" 200 20466 "http://renault.activities.at/cart" "Mozilla/5.0 (Windows NT 10.0; Win64; x64; rv:84.0) Gecko/20100101 Firefox/84.0"
80.120.210.179 - - [13/Jan/2021:08:27:01 +0100] "GET /js/checkout2.js HTTP/1.1" 200 4122 "http://renault.activities.at/checkout" "Mozilla/5.0 (Windows NT 10.0; Win64; x64; rv:84.0) Gecko/20100101 Firefox/84.0"
80.120.210.179 - - [13/Jan/2021:08:27:01 +0100] "GET /images/ajax_loading.gif HTTP/1.1" 200 1542 "http://renault.activities.at/checkout" "Mozilla/5.0 (Windows NT 10.0; Win64; x64; rv:84.0) Gecko/20100101 Firefox/84.0"
80.120.210.179 - - [13/Jan/2021:08:27:01 +0100] "GET /images/step_bg.jpg HTTP/1.1" 200 319 "http://renault.activities.at/css/styles.css" "Mozilla/5.0 (Windows NT 10.0; Win64; x64; rv:84.0) Gecko/20100101 Firefox/84.0"
80.120.210.179 - - [13/Jan/2021:08:27:01 +0100] "GET /images/step_marker.gif HTTP/1.1" 200 650 "http://renault.activities.at/css/styles.css" "Mozilla/5.0 (Windows NT 10.0; Win64; x64; rv:84.0) Gecko/20100101 Firefox/84.0"
80.120.210.179 - - [13/Jan/2021:08:27:01 +0100] "GET /images/checkout_border_top.gif HTTP/1.1" 200 156 "http://renault.activities.at/css/styles.css" "Mozilla/5.0 (Windows NT 10.0; Win64; x64; rv:84.0) Gecko/20100101 Firefox/84.0"
80.120.210.179 - - [13/Jan/2021:08:27:01 +0100] "GET /loadthumbnail.php?id=10201939 HTTP/1.1" 200 201 "http://renault.activities.at/checkout" "Mozilla/5.0 (Windows NT 10.0; Win64; x64; rv:84.0) Gecko/20100101 Firefox/84.0"
80.120.210.179 - - [13/Jan/2021:08:27:01 +0100] "GET /loadthumbnail.php?id=10202698 HTTP/1.1" 200 16686 "http://renault.activities.at/checkout" "Mozilla/5.0 (Windows NT 10.0; Win64; x64; rv:84.0) Gecko/20100101 Firefox/84.0"
80.120.210.179 - - [13/Jan/2021:08:27:02 +0100] "GET /images/checkout_border.gif HTTP/1.1" 200 43 "http://renault.activities.at/css/styles.css" "Mozilla/5.0 (Windows NT 10.0; Win64; x64; rv:84.0) Gecko/20100101 Firefox/84.0"
80.120.210.179 - - [13/Jan/2021:08:27:01 +0100] "GET /loadthumbnail.php?id=11127982 HTTP/1.1" 200 399614 "http://renault.activities.at/checkout" "Mozilla/5.0 (Windows NT 10.0; Win64; x64; rv:84.0) Gecko/20100101 Firefox/84.0"
80.120.210.179 - - [13/Jan/2021:08:27:17 +0100] "POST /docheckout HTTP/1.1" 200 458 "http://renault.activities.at/checkout" "Mozilla/5.0 (Windows NT 10.0; Win64; x64; rv:84.0) Gecko/20100101 Firefox/84.0"
80.120.210.179 - - [13/Jan/2021:08:27:21 +0100] "POST /docheckout HTTP/1.1" 200 569 "http://renault.activities.at/checkout" "Mozilla/5.0 (Windows NT 10.0; Win64; x64; rv:84.0) Gecko/20100101 Firefox/84.0"
80.120.210.179 - - [13/Jan/2021:08:27:22 +0100] "GET /images/error_msg_icon.gif HTTP/1.1" 200 1013 "http://renault.activities.at/checkout" "Mozilla/5.0 (Windows NT 10.0; Win64; x64; rv:84.0) Gecko/20100101 Firefox/84.0"
138.21.12.22 - - [13/Jan/2021:08:27:32 +0100] "GET /reload?ser=1610522852616 HTTP/1.1" 200 28 "http://renault.2web.at/account" "Mozilla/5.0 (Windows NT 10.0; Win64; x64) AppleWebKit/537.36 (KHTML, like Gecko) Chrome/87.0.4280.88 Safari/537.36"
80.120.210.179 - - [13/Jan/2021:08:28:01 +0100] "POST /docheckout HTTP/1.1" 200 68 "http://renault.activities.at/checkout" "Mozilla/5.0 (Windows NT 10.0; Win64; x64; rv:84.0) Gecko/20100101 Firefox/84.0"
80.120.210.179 - - [13/Jan/2021:08:28:02 +0100] "GET /reload?ser=1610522882530 HTTP/1.1" 200 28 "http://renault.activities.at/checkout" "Mozilla/5.0 (Windows NT 10.0; Win64; x64; rv:84.0) Gecko/20100101 Firefox/84.0"
80.120.210.179 - - [13/Jan/2021:08:28:05 +0100] "GET /success HTTP/1.1" 200 3787 "http://renault.activities.at/checkout" "Mozilla/5.0 (Windows NT 10.0; Win64; x64; rv:84.0) Gecko/20100101 Firefox/84.0"
80.120.210.179 - - [13/Jan/2021:08:28:08 +0100] "GET /loadthumbnail.php?id=11127982 HTTP/1.1" 200 399614 "http://renault.activities.at/success" "Mozilla/5.0 (Windows NT 10.0; Win64; x64; rv:84.0) Gecko/20100101 Firefox/84.0"
138.21.12.22 - - [13/Jan/2021:08:28:34 +0100] "GET /reload?ser=1610522914617 HTTP/1.1" 200 28 "http://renault.2web.at/account" "Mozilla/5.0 (Windows NT 10.0; Win64; x64) AppleWebKit/537.36 (KHTML, like Gecko) Chrome/87.0.4280.88 Safari/537.36"
80.120.210.179 - - [13/Jan/2021:08:29:00 +0100] "GET /12350251 HTTP/1.1" 200 5580 "http://renault.activities.at/success" "Mozilla/5.0 (Windows NT 10.0; Win64; x64; rv:84.0) Gecko/20100101 Firefox/84.0"
80.120.210.179 - - [13/Jan/2021:08:29:03 +0100] "GET /loadthumbnail.php?id=11431080&width=50&height=50 HTTP/1.1" 200 866 "http://renault.activities.at/12350251" "Mozilla/5.0 (Windows NT 10.0; Win64; x64; rv:84.0) Gecko/20100101 Firefox/84.0"
80.120.210.179 - - [13/Jan/2021:08:29:03 +0100] "GET /loadthumbnail.php?id=11127982 HTTP/1.1" 200 399614 "http://renault.activities.at/12350251" "Mozilla/5.0 (Windows NT 10.0; Win64; x64; rv:84.0) Gecko/20100101 Firefox/84.0"
80.120.210.179 - - [13/Jan/2021:08:29:03 +0100] "GET /12350251?print=true HTTP/1.1" 200 2014 "http://renault.activities.at/success" "Mozilla/5.0 (Windows NT 10.0; Win64; x64; rv:84.0) Gecko/20100101 Firefox/84.0"
80.120.210.179 - - [13/Jan/2021:08:29:05 +0100] "GET /loadthumbnail.php?id=11127982 HTTP/1.1" 200 399614 "http://renault.activities.at/12350251?print=true" "Mozilla/5.0 (Windows NT 10.0; Win64; x64; rv:84.0) Gecko/20100101 Firefox/84.0"
138.21.12.22 - - [13/Jan/2021:08:29:36 +0100] "GET /reload?ser=1610522976618 HTTP/1.1" 200 28 "http://renault.2web.at/account" "Mozilla/5.0 (Windows NT 10.0; Win64; x64) AppleWebKit/537.36 (KHTML, like Gecko) Chrome/87.0.4280.88 Safari/537.36"
80.120.210.179 - - [13/Jan/2021:08:30:04 +0100] "GET /reload?ser=1610523004099 HTTP/1.1" 200 28 "http://renault.activities.at/12350251" "Mozilla/5.0 (Windows NT 10.0; Win64; x64; rv:84.0) Gecko/20100101 Firefox/84.0"
138.21.12.22 - - [13/Jan/2021:08:30:39 +0100] "GET /reload?ser=1610523038620 HTTP/1.1" 200 28 "http://renault.2web.at/account" "Mozilla/5.0 (Windows NT 10.0; Win64; x64) AppleWebKit/537.36 (KHTML, like Gecko) Chrome/87.0.4280.88 Safari/537.36"
80.120.210.179 - - [13/Jan/2021:08:31:08 +0100] "GET /reload?ser=1610523065155 HTTP/1.1" 200 28 "http://renault.activities.at/12350251" "Mozilla/5.0 (Windows NT 10.0; Win64; x64; rv:84.0) Gecko/20100101 Firefox/84.0"
138.21.12.22 - - [13/Jan/2021:08:31:41 +0100] "GET /reload?ser=1610523100622 HTTP/1.1" 200 28 "http://renault.2web.at/account" "Mozilla/5.0 (Windows NT 10.0; Win64; x64) AppleWebKit/537.36 (KHTML, like Gecko) Chrome/87.0.4280.88 Safari/537.36"
80.120.210.179 - - [13/Jan/2021:08:32:09 +0100] "GET /reload?ser=1610523129098 HTTP/1.1" 200 28 "http://renault.activities.at/12350251" "Mozilla/5.0 (Windows NT 10.0; Win64; x64; rv:84.0) Gecko/20100101 Firefox/84.0"
138.21.12.22 - - [13/Jan/2021:08:32:42 +0100] "GET /reload?ser=1610523162623 HTTP/1.1" 200 28 "http://renault.2web.at/account" "Mozilla/5.0 (Windows NT 10.0; Win64; x64) AppleWebKit/537.36 (KHTML, like Gecko) Chrome/87.0.4280.88 Safari/537.36"
80.120.210.179 - - [13/Jan/2021:08:33:10 +0100] "GET /reload?ser=1610523190149 HTTP/1.1" 200 28 "http://renault.activities.at/12350251" "Mozilla/5.0 (Windows NT 10.0; Win64; x64; rv:84.0) Gecko/20100101 Firefox/84.0"
138.21.12.22 - - [13/Jan/2021:08:33:45 +0100] "GET /reload?ser=1610523224624 HTTP/1.1" 200 28 "http://renault.2web.at/account" "Mozilla/5.0 (Windows NT 10.0; Win64; x64) AppleWebKit/537.36 (KHTML, like Gecko) Chrome/87.0.4280.88 Safari/537.36"
80.120.210.179 - - [13/Jan/2021:08:34:11 +0100] "GET /reload?ser=1610523251205 HTTP/1.1" 200 28 "http://renault.activities.at/12350251" "Mozilla/5.0 (Windows NT 10.0; Win64; x64; rv:84.0) Gecko/20100101 Firefox/84.0"
138.21.12.22 - - [13/Jan/2021:08:34:47 +0100] "GET /reload?ser=1610523286624 HTTP/1.1" 200 28 "http://renault.2web.at/account" "Mozilla/5.0 (Windows NT 10.0; Win64; x64) AppleWebKit/537.36 (KHTML, like Gecko) Chrome/87.0.4280.88 Safari/537.36"
80.120.210.179 - - [13/Jan/2021:08:35:12 +0100] "GET /reload?ser=1610523312216 HTTP/1.1" 200 28 "http://renault.activities.at/12350251" "Mozilla/5.0 (Windows NT 10.0; Win64; x64; rv:84.0) Gecko/20100101 Firefox/84.0"
138.21.12.22 - - [13/Jan/2021:08:35:49 +0100] "GET /reload?ser=1610523348627 HTTP/1.1" 200 28 "http://renault.2web.at/account" "Mozilla/5.0 (Windows NT 10.0; Win64; x64) AppleWebKit/537.36 (KHTML, like Gecko) Chrome/87.0.4280.88 Safari/537.36"
80.120.210.179 - - [13/Jan/2021:08:36:13 +0100] "GET /reload?ser=1610523373197 HTTP/1.1" 200 28 "http://renault.activities.at/12350251" "Mozilla/5.0 (Windows NT 10.0; Win64; x64; rv:84.0) Gecko/20100101 Firefox/84.0"
138.21.12.22 - - [13/Jan/2021:08:36:51 +0100] "GET /reload?ser=1610523410625 HTTP/1.1" 200 28 "http://renault.2web.at/account" "Mozilla/5.0 (Windows NT 10.0; Win64; x64) AppleWebKit/537.36 (KHTML, like Gecko) Chrome/87.0.4280.88 Safari/537.36"
80.120.210.179 - - [13/Jan/2021:08:37:14 +0100] "GET /reload?ser=1610523434248 HTTP/1.1" 200 28 "http://renault.activities.at/12350251" "Mozilla/5.0 (Windows NT 10.0; Win64; x64; rv:84.0) Gecko/20100101 Firefox/84.0"
138.21.12.22 - - [13/Jan/2021:08:37:53 +0100] "GET /reload?ser=1610523472627 HTTP/1.1" 200 28 "http://renault.2web.at/account" "Mozilla/5.0 (Windows NT 10.0; Win64; x64) AppleWebKit/537.36 (KHTML, like Gecko) Chrome/87.0.4280.88 Safari/537.36"
80.120.210.179 - - [13/Jan/2021:08:38:15 +0100] "GET /reload?ser=1610523495296 HTTP/1.1" 200 28 "http://renault.activities.at/12350251" "Mozilla/5.0 (Windows NT 10.0; Win64; x64; rv:84.0) Gecko/20100101 Firefox/84.0"
138.21.12.22 - - [13/Jan/2021:08:38:54 +0100] "GET /reload?ser=1610523534628 HTTP/1.1" 200 28 "http://renault.2web.at/account" "Mozilla/5.0 (Windows NT 10.0; Win64; x64) AppleWebKit/537.36 (KHTML, like Gecko) Chrome/87.0.4280.88 Safari/537.36"
80.120.210.179 - - [13/Jan/2021:08:39:16 +0100] "GET /reload?ser=1610523556276 HTTP/1.1" 200 28 "http://renault.activities.at/12350251" "Mozilla/5.0 (Windows NT 10.0; Win64; x64; rv:84.0) Gecko/20100101 Firefox/84.0"
138.21.12.22 - - [13/Jan/2021:08:39:57 +0100] "GET /reload?ser=1610523596629 HTTP/1.1" 200 28 "http://renault.2web.at/account" "Mozilla/5.0 (Windows NT 10.0; Win64; x64) AppleWebKit/537.36 (KHTML, like Gecko) Chrome/87.0.4280.88 Safari/537.36"
80.120.210.179 - - [13/Jan/2021:08:40:17 +0100] "GET /reload?ser=1610523617333 HTTP/1.1" 200 28 "http://renault.activities.at/12350251" "Mozilla/5.0 (Windows NT 10.0; Win64; x64; rv:84.0) Gecko/20100101 Firefox/84.0"
138.21.12.22 - - [13/Jan/2021:08:40:59 +0100] "GET /reload?ser=1610523658632 HTTP/1.1" 200 28 "http://renault.2web.at/account" "Mozilla/5.0 (Windows NT 10.0; Win64; x64) AppleWebKit/537.36 (KHTML, like Gecko) Chrome/87.0.4280.88 Safari/537.36"
80.120.210.179 - - [13/Jan/2021:08:41:18 +0100] "GET /reload?ser=1610523678367 HTTP/1.1" 200 28 "http://renault.activities.at/12350251" "Mozilla/5.0 (Windows NT 10.0; Win64; x64; rv:84.0) Gecko/20100101 Firefox/84.0"
138.21.12.22 - - [13/Jan/2021:08:42:01 +0100] "GET /reload?ser=1610523720638 HTTP/1.1" 200 28 "http://renault.2web.at/account" "Mozilla/5.0 (Windows NT 10.0; Win64; x64) AppleWebKit/537.36 (KHTML, like Gecko) Chrome/87.0.4280.88 Safari/537.36"
80.120.210.179 - - [13/Jan/2021:08:42:19 +0100] "GET /reload?ser=1610523739426 HTTP/1.1" 200 28 "http://renault.activities.at/12350251" "Mozilla/5.0 (Windows NT 10.0; Win64; x64; rv:84.0) Gecko/20100101 Firefox/84.0"
138.21.12.22 - - [13/Jan/2021:08:43:03 +0100] "GET /reload?ser=1610523782642 HTTP/1.1" 200 28 "http://renault.2web.at/account" "Mozilla/5.0 (Windows NT 10.0; Win64; x64) AppleWebKit/537.36 (KHTML, like Gecko) Chrome/87.0.4280.88 Safari/537.36"
80.120.210.179 - - [13/Jan/2021:08:43:20 +0100] "GET /reload?ser=1610523800441 HTTP/1.1" 200 28 "http://renault.activities.at/12350251" "Mozilla/5.0 (Windows NT 10.0; Win64; x64; rv:84.0) Gecko/20100101 Firefox/84.0"
138.21.12.22 - - [13/Jan/2021:08:44:05 +0100] "GET /reload?ser=1610523844644 HTTP/1.1" 200 28 "http://renault.2web.at/account" "Mozilla/5.0 (Windows NT 10.0; Win64; x64) AppleWebKit/537.36 (KHTML, like Gecko) Chrome/87.0.4280.88 Safari/537.36"
80.120.210.179 - - [13/Jan/2021:08:44:21 +0100] "GET /reload?ser=1610523861446 HTTP/1.1" 200 28 "http://renault.activities.at/12350251" "Mozilla/5.0 (Windows NT 10.0; Win64; x64; rv:84.0) Gecko/20100101 Firefox/84.0"
138.21.12.22 - - [13/Jan/2021:08:45:07 +0100] "GET /reload?ser=1610523906650 HTTP/1.1" 200 28 "http://renault.2web.at/account" "Mozilla/5.0 (Windows NT 10.0; Win64; x64) AppleWebKit/537.36 (KHTML, like Gecko) Chrome/87.0.4280.88 Safari/537.36"
80.120.210.179 - - [13/Jan/2021:08:45:22 +0100] "GET /reload?ser=1610523922481 HTTP/1.1" 200 28 "http://renault.activities.at/12350251" "Mozilla/5.0 (Windows NT 10.0; Win64; x64; rv:84.0) Gecko/20100101 Firefox/84.0"
138.21.12.22 - - [13/Jan/2021:08:46:09 +0100] "GET /reload?ser=1610523968648 HTTP/1.1" 200 28 "http://renault.2web.at/account" "Mozilla/5.0 (Windows NT 10.0; Win64; x64) AppleWebKit/537.36 (KHTML, like Gecko) Chrome/87.0.4280.88 Safari/537.36"
80.120.210.179 - - [13/Jan/2021:08:46:23 +0100] "GET /reload?ser=1610523983491 HTTP/1.1" 200 28 "http://renault.activities.at/12350251" "Mozilla/5.0 (Windows NT 10.0; Win64; x64; rv:84.0) Gecko/20100101 Firefox/84.0"
138.21.12.22 - - [13/Jan/2021:08:47:11 +0100] "GET /reload?ser=1610524030659 HTTP/1.1" 200 28 "http://renault.2web.at/account" "Mozilla/5.0 (Windows NT 10.0; Win64; x64) AppleWebKit/537.36 (KHTML, like Gecko) Chrome/87.0.4280.88 Safari/537.36"
80.120.210.179 - - [13/Jan/2021:08:47:24 +0100] "GET /reload?ser=1610524044586 HTTP/1.1" 200 28 "http://renault.activities.at/12350251" "Mozilla/5.0 (Windows NT 10.0; Win64; x64; rv:84.0) Gecko/20100101 Firefox/84.0"
138.21.12.22 - - [13/Jan/2021:08:48:13 +0100] "GET /reload?ser=1610524092655 HTTP/1.1" 200 28 "http://renault.2web.at/account" "Mozilla/5.0 (Windows NT 10.0; Win64; x64) AppleWebKit/537.36 (KHTML, like Gecko) Chrome/87.0.4280.88 Safari/537.36"
80.120.210.179 - - [13/Jan/2021:08:48:25 +0100] "GET /reload?ser=1610524105636 HTTP/1.1" 200 28 "http://renault.activities.at/12350251" "Mozilla/5.0 (Windows NT 10.0; Win64; x64; rv:84.0) Gecko/20100101 Firefox/84.0"
138.21.12.22 - - [13/Jan/2021:08:49:15 +0100] "GET /reload?ser=1610524154653 HTTP/1.1" 200 28 "http://renault.2web.at/account" "Mozilla/5.0 (Windows NT 10.0; Win64; x64) AppleWebKit/537.36 (KHTML, like Gecko) Chrome/87.0.4280.88 Safari/537.36"
80.120.210.179 - - [13/Jan/2021:08:49:26 +0100] "GET /reload?ser=1610524166648 HTTP/1.1" 200 28 "http://renault.activities.at/12350251" "Mozilla/5.0 (Windows NT 10.0; Win64; x64; rv:84.0) Gecko/20100101 Firefox/84.0"
138.21.12.22 - - [13/Jan/2021:08:50:17 +0100] "GET /reload?ser=1610524216657 HTTP/1.1" 200 28 "http://renault.2web.at/account" "Mozilla/5.0 (Windows NT 10.0; Win64; x64) AppleWebKit/537.36 (KHTML, like Gecko) Chrome/87.0.4280.88 Safari/537.36"
80.120.210.179 - - [13/Jan/2021:08:50:27 +0100] "GET /reload?ser=1610524227681 HTTP/1.1" 200 28 "http://renault.activities.at/12350251" "Mozilla/5.0 (Windows NT 10.0; Win64; x64; rv:84.0) Gecko/20100101 Firefox/84.0"
138.21.12.22 - - [13/Jan/2021:08:51:19 +0100] "GET /reload?ser=1610524278656 HTTP/1.1" 200 28 "http://renault.2web.at/account" "Mozilla/5.0 (Windows NT 10.0; Win64; x64) AppleWebKit/537.36 (KHTML, like Gecko) Chrome/87.0.4280.88 Safari/537.36"
80.120.210.179 - - [13/Jan/2021:08:51:28 +0100] "GET /reload?ser=1610524288731 HTTP/1.1" 200 28 "http://renault.activities.at/12350251" "Mozilla/5.0 (Windows NT 10.0; Win64; x64; rv:84.0) Gecko/20100101 Firefox/84.0"
138.21.12.22 - - [13/Jan/2021:08:52:21 +0100] "GET /reload?ser=1610524340656 HTTP/1.1" 200 28 "http://renault.2web.at/account" "Mozilla/5.0 (Windows NT 10.0; Win64; x64) AppleWebKit/537.36 (KHTML, like Gecko) Chrome/87.0.4280.88 Safari/537.36"
80.120.210.179 - - [13/Jan/2021:08:52:29 +0100] "GET /reload?ser=1610524349793 HTTP/1.1" 200 28 "http://renault.activities.at/12350251" "Mozilla/5.0 (Windows NT 10.0; Win64; x64; rv:84.0) Gecko/20100101 Firefox/84.0"
138.21.12.22 - - [13/Jan/2021:08:53:23 +0100] "GET /reload?ser=1610524402662 HTTP/1.1" 200 28 "http://renault.2web.at/account" "Mozilla/5.0 (Windows NT 10.0; Win64; x64) AppleWebKit/537.36 (KHTML, like Gecko) Chrome/87.0.4280.88 Safari/537.36"
80.120.210.179 - - [13/Jan/2021:08:53:30 +0100] "GET /reload?ser=1610524410825 HTTP/1.1" 200 28 "http://renault.activities.at/12350251" "Mozilla/5.0 (Windows NT 10.0; Win64; x64; rv:84.0) Gecko/20100101 Firefox/84.0"
138.21.12.22 - - [13/Jan/2021:08:54:25 +0100] "GET /reload?ser=1610524464669 HTTP/1.1" 200 28 "http://renault.2web.at/account" "Mozilla/5.0 (Windows NT 10.0; Win64; x64) AppleWebKit/537.36 (KHTML, like Gecko) Chrome/87.0.4280.88 Safari/537.36"
80.120.210.179 - - [13/Jan/2021:08:54:31 +0100] "GET /reload?ser=1610524471863 HTTP/1.1" 200 28 "http://renault.activities.at/12350251" "Mozilla/5.0 (Windows NT 10.0; Win64; x64; rv:84.0) Gecko/20100101 Firefox/84.0"
138.21.12.22 - - [13/Jan/2021:08:55:27 +0100] "GET /reload?ser=1610524526657 HTTP/1.1" 200 28 "http://renault.2web.at/account" "Mozilla/5.0 (Windows NT 10.0; Win64; x64) AppleWebKit/537.36 (KHTML, like Gecko) Chrome/87.0.4280.88 Safari/537.36"
80.120.210.179 - - [13/Jan/2021:08:55:32 +0100] "GET /reload?ser=1610524532879 HTTP/1.1" 200 28 "http://renault.activities.at/12350251" "Mozilla/5.0 (Windows NT 10.0; Win64; x64; rv:84.0) Gecko/20100101 Firefox/84.0"
138.21.12.22 - - [13/Jan/2021:08:56:29 +0100] "GET /reload?ser=1610524588659 HTTP/1.1" 200 28 "http://renault.2web.at/account" "Mozilla/5.0 (Windows NT 10.0; Win64; x64) AppleWebKit/537.36 (KHTML, like Gecko) Chrome/87.0.4280.88 Safari/537.36"
80.120.210.179 - - [13/Jan/2021:08:56:33 +0100] "GET /reload?ser=1610524593937 HTTP/1.1" 200 28 "http://renault.activities.at/12350251" "Mozilla/5.0 (Windows NT 10.0; Win64; x64; rv:84.0) Gecko/20100101 Firefox/84.0"
138.21.12.22 - - [13/Jan/2021:08:57:31 +0100] "GET /reload?ser=1610524650663 HTTP/1.1" 200 28 "http://renault.2web.at/account" "Mozilla/5.0 (Windows NT 10.0; Win64; x64) AppleWebKit/537.36 (KHTML, like Gecko) Chrome/87.0.4280.88 Safari/537.36"
80.120.210.179 - - [13/Jan/2021:08:57:35 +0100] "GET /reload?ser=1610524655207 HTTP/1.1" 200 28 "http://renault.activities.at/12350251" "Mozilla/5.0 (Windows NT 10.0; Win64; x64; rv:84.0) Gecko/20100101 Firefox/84.0"
138.21.12.22 - - [13/Jan/2021:08:58:33 +0100] "GET /reload?ser=1610524712667 HTTP/1.1" 200 28 "http://renault.2web.at/account" "Mozilla/5.0 (Windows NT 10.0; Win64; x64) AppleWebKit/537.36 (KHTML, like Gecko) Chrome/87.0.4280.88 Safari/537.36"
80.120.210.179 - - [13/Jan/2021:08:58:36 +0100] "GET /reload?ser=1610524716239 HTTP/1.1" 200 28 "http://renault.activities.at/12350251" "Mozilla/5.0 (Windows NT 10.0; Win64; x64; rv:84.0) Gecko/20100101 Firefox/84.0"
138.21.12.22 - - [13/Jan/2021:08:59:35 +0100] "GET /reload?ser=1610524774673 HTTP/1.1" 200 28 "http://renault.2web.at/account" "Mozilla/5.0 (Windows NT 10.0; Win64; x64) AppleWebKit/537.36 (KHTML, like Gecko) Chrome/87.0.4280.88 Safari/537.36"
80.120.210.179 - - [13/Jan/2021:08:59:37 +0100] "GET /reload?ser=1610524777261 HTTP/1.1" 200 28 "http://renault.activities.at/12350251" "Mozilla/5.0 (Windows NT 10.0; Win64; x64; rv:84.0) Gecko/20100101 Firefox/84.0"
138.21.12.22 - - [13/Jan/2021:09:00:37 +0100] "GET /reload?ser=1610524836678 HTTP/1.1" 200 28 "http://renault.2web.at/account" "Mozilla/5.0 (Windows NT 10.0; Win64; x64) AppleWebKit/537.36 (KHTML, like Gecko) Chrome/87.0.4280.88 Safari/537.36"
80.120.210.179 - - [13/Jan/2021:09:00:38 +0100] "GET /reload?ser=1610524838303 HTTP/1.1" 200 28 "http://renault.activities.at/12350251" "Mozilla/5.0 (Windows NT 10.0; Win64; x64; rv:84.0) Gecko/20100101 Firefox/84.0"
138.21.12.22 - - [13/Jan/2021:09:01:39 +0100] "GET /reload?ser=1610524898688 HTTP/1.1" 200 28 "http://renault.2web.at/account" "Mozilla/5.0 (Windows NT 10.0; Win64; x64) AppleWebKit/537.36 (KHTML, like Gecko) Chrome/87.0.4280.88 Safari/537.36"
80.120.210.179 - - [13/Jan/2021:09:01:39 +0100] "GET /reload?ser=1610524899364 HTTP/1.1" 200 28 "http://renault.activities.at/12350251" "Mozilla/5.0 (Windows NT 10.0; Win64; x64; rv:84.0) Gecko/20100101 Firefox/84.0"
80.120.210.179 - - [13/Jan/2021:09:02:40 +0100] "GET /reload?ser=1610524960397 HTTP/1.1" 200 28 "http://renault.activities.at/12350251" "Mozilla/5.0 (Windows NT 10.0; Win64; x64; rv:84.0) Gecko/20100101 Firefox/84.0"
138.21.12.22 - - [13/Jan/2021:09:02:41 +0100] "GET /reload?ser=1610524960687 HTTP/1.1" 200 28 "http://renault.2web.at/account" "Mozilla/5.0 (Windows NT 10.0; Win64; x64) AppleWebKit/537.36 (KHTML, like Gecko) Chrome/87.0.4280.88 Safari/537.36"
80.120.210.179 - - [13/Jan/2021:09:03:41 +0100] "GET /reload?ser=1610525021425 HTTP/1.1" 200 28 "http://renault.activities.at/12350251" "Mozilla/5.0 (Windows NT 10.0; Win64; x64; rv:84.0) Gecko/20100101 Firefox/84.0"
138.21.12.22 - - [13/Jan/2021:09:03:43 +0100] "GET /reload?ser=1610525022693 HTTP/1.1" 200 28 "http://renault.2web.at/account" "Mozilla/5.0 (Windows NT 10.0; Win64; x64) AppleWebKit/537.36 (KHTML, like Gecko) Chrome/87.0.4280.88 Safari/537.36"
80.120.210.179 - - [13/Jan/2021:09:04:42 +0100] "GET /reload?ser=1610525082442 HTTP/1.1" 200 28 "http://renault.activities.at/12350251" "Mozilla/5.0 (Windows NT 10.0; Win64; x64; rv:84.0) Gecko/20100101 Firefox/84.0"
138.21.12.22 - - [13/Jan/2021:09:04:45 +0100] "GET /reload?ser=1610525084692 HTTP/1.1" 200 28 "http://renault.2web.at/account" "Mozilla/5.0 (Windows NT 10.0; Win64; x64) AppleWebKit/537.36 (KHTML, like Gecko) Chrome/87.0.4280.88 Safari/537.36"
80.120.210.179 - - [13/Jan/2021:09:05:43 +0100] "GET /reload?ser=1610525143498 HTTP/1.1" 200 28 "http://renault.activities.at/12350251" "Mozilla/5.0 (Windows NT 10.0; Win64; x64; rv:84.0) Gecko/20100101 Firefox/84.0"
138.21.12.22 - - [13/Jan/2021:09:05:47 +0100] "GET /reload?ser=1610525146694 HTTP/1.1" 200 28 "http://renault.2web.at/account" "Mozilla/5.0 (Windows NT 10.0; Win64; x64) AppleWebKit/537.36 (KHTML, like Gecko) Chrome/87.0.4280.88 Safari/537.36"
80.120.210.179 - - [13/Jan/2021:09:06:44 +0100] "GET /reload?ser=1610525204493 HTTP/1.1" 200 28 "http://renault.activities.at/12350251" "Mozilla/5.0 (Windows NT 10.0; Win64; x64; rv:84.0) Gecko/20100101 Firefox/84.0"
138.21.12.22 - - [13/Jan/2021:09:06:49 +0100] "GET /reload?ser=1610525208699 HTTP/1.1" 200 28 "http://renault.2web.at/account" "Mozilla/5.0 (Windows NT 10.0; Win64; x64) AppleWebKit/537.36 (KHTML, like Gecko) Chrome/87.0.4280.88 Safari/537.36"
80.120.210.179 - - [13/Jan/2021:09:07:45 +0100] "GET /reload?ser=1610525265569 HTTP/1.1" 200 28 "http://renault.activities.at/12350251" "Mozilla/5.0 (Windows NT 10.0; Win64; x64; rv:84.0) Gecko/20100101 Firefox/84.0"
138.21.12.22 - - [13/Jan/2021:09:07:51 +0100] "GET /reload?ser=1610525270699 HTTP/1.1" 200 28 "http://renault.2web.at/account" "Mozilla/5.0 (Windows NT 10.0; Win64; x64) AppleWebKit/537.36 (KHTML, like Gecko) Chrome/87.0.4280.88 Safari/537.36"
80.120.210.179 - - [13/Jan/2021:09:08:46 +0100] "GET /reload?ser=1610525326614 HTTP/1.1" 200 28 "http://renault.activities.at/12350251" "Mozilla/5.0 (Windows NT 10.0; Win64; x64; rv:84.0) Gecko/20100101 Firefox/84.0"
138.21.12.22 - - [13/Jan/2021:09:08:53 +0100] "GET /reload?ser=1610525332699 HTTP/1.1" 200 28 "http://renault.2web.at/account" "Mozilla/5.0 (Windows NT 10.0; Win64; x64) AppleWebKit/537.36 (KHTML, like Gecko) Chrome/87.0.4280.88 Safari/537.36"
80.120.210.179 - - [13/Jan/2021:09:09:47 +0100] "GET /reload?ser=1610525387656 HTTP/1.1" 200 28 "http://renault.activities.at/12350251" "Mozilla/5.0 (Windows NT 10.0; Win64; x64; rv:84.0) Gecko/20100101 Firefox/84.0"
138.21.12.22 - - [13/Jan/2021:09:09:55 +0100] "GET /reload?ser=1610525394701 HTTP/1.1" 200 28 "http://renault.2web.at/account" "Mozilla/5.0 (Windows NT 10.0; Win64; x64) AppleWebKit/537.36 (KHTML, like Gecko) Chrome/87.0.4280.88 Safari/537.36"
80.120.210.179 - - [13/Jan/2021:09:10:48 +0100] "GET /reload?ser=1610525448662 HTTP/1.1" 200 28 "http://renault.activities.at/12350251" "Mozilla/5.0 (Windows NT 10.0; Win64; x64; rv:84.0) Gecko/20100101 Firefox/84.0"
138.21.12.22 - - [13/Jan/2021:09:10:57 +0100] "GET /reload?ser=1610525456701 HTTP/1.1" 200 28 "http://renault.2web.at/account" "Mozilla/5.0 (Windows NT 10.0; Win64; x64) AppleWebKit/537.36 (KHTML, like Gecko) Chrome/87.0.4280.88 Safari/537.36"
80.120.210.179 - - [13/Jan/2021:09:11:49 +0100] "GET /reload?ser=1610525509696 HTTP/1.1" 200 28 "http://renault.activities.at/12350251" "Mozilla/5.0 (Windows NT 10.0; Win64; x64; rv:84.0) Gecko/20100101 Firefox/84.0"
157.55.39.241 - - [13/Jan/2021:09:11:57 +0100] "GET /10260003?dir=ASC&mode=list&order=name&limit=10&page=1&cat=10260300 HTTP/1.1" 200 6025 "-" "Mozilla/5.0 (compatible; bingbot/2.0; +http://www.bing.com/bingbot.htm)"
138.21.12.22 - - [13/Jan/2021:09:11:59 +0100] "GET /reload?ser=1610525518702 HTTP/1.1" 200 28 "http://renault.2web.at/account" "Mozilla/5.0 (Windows NT 10.0; Win64; x64) AppleWebKit/537.36 (KHTML, like Gecko) Chrome/87.0.4280.88 Safari/537.36"
80.120.210.179 - - [13/Jan/2021:09:12:50 +0100] "GET /reload?ser=1610525570752 HTTP/1.1" 200 28 "http://renault.activities.at/12350251" "Mozilla/5.0 (Windows NT 10.0; Win64; x64; rv:84.0) Gecko/20100101 Firefox/84.0"
138.21.12.22 - - [13/Jan/2021:09:13:01 +0100] "GET /reload?ser=1610525580702 HTTP/1.1" 200 28 "http://renault.2web.at/account" "Mozilla/5.0 (Windows NT 10.0; Win64; x64) AppleWebKit/537.36 (KHTML, like Gecko) Chrome/87.0.4280.88 Safari/537.36"
80.120.210.179 - - [13/Jan/2021:09:13:51 +0100] "GET /reload?ser=1610525631802 HTTP/1.1" 200 28 "http://renault.activities.at/12350251" "Mozilla/5.0 (Windows NT 10.0; Win64; x64; rv:84.0) Gecko/20100101 Firefox/84.0"
138.21.12.22 - - [13/Jan/2021:09:14:03 +0100] "GET /reload?ser=1610525642704 HTTP/1.1" 200 28 "http://renault.2web.at/account" "Mozilla/5.0 (Windows NT 10.0; Win64; x64) AppleWebKit/537.36 (KHTML, like Gecko) Chrome/87.0.4280.88 Safari/537.36"
80.120.210.179 - - [13/Jan/2021:09:14:52 +0100] "GET /reload?ser=1610525692847 HTTP/1.1" 200 28 "http://renault.activities.at/12350251" "Mozilla/5.0 (Windows NT 10.0; Win64; x64; rv:84.0) Gecko/20100101 Firefox/84.0"
138.21.12.22 - - [13/Jan/2021:09:15:05 +0100] "GET /reload?ser=1610525704709 HTTP/1.1" 200 28 "http://renault.2web.at/account" "Mozilla/5.0 (Windows NT 10.0; Win64; x64) AppleWebKit/537.36 (KHTML, like Gecko) Chrome/87.0.4280.88 Safari/537.36"
80.120.210.179 - - [13/Jan/2021:09:15:53 +0100] "GET /reload?ser=1610525753875 HTTP/1.1" 200 28 "http://renault.activities.at/12350251" "Mozilla/5.0 (Windows NT 10.0; Win64; x64; rv:84.0) Gecko/20100101 Firefox/84.0"
138.21.12.22 - - [13/Jan/2021:09:16:07 +0100] "GET /reload?ser=1610525766718 HTTP/1.1" 200 28 "http://renault.2web.at/account" "Mozilla/5.0 (Windows NT 10.0; Win64; x64) AppleWebKit/537.36 (KHTML, like Gecko) Chrome/87.0.4280.88 Safari/537.36"
80.120.210.179 - - [13/Jan/2021:09:16:54 +0100] "GET /reload?ser=1610525814915 HTTP/1.1" 200 28 "http://renault.activities.at/12350251" "Mozilla/5.0 (Windows NT 10.0; Win64; x64; rv:84.0) Gecko/20100101 Firefox/84.0"
138.21.12.22 - - [13/Jan/2021:09:17:09 +0100] "GET /reload?ser=1610525828719 HTTP/1.1" 200 28 "http://renault.2web.at/account" "Mozilla/5.0 (Windows NT 10.0; Win64; x64) AppleWebKit/537.36 (KHTML, like Gecko) Chrome/87.0.4280.88 Safari/537.36"
80.120.210.179 - - [13/Jan/2021:09:17:55 +0100] "GET /reload?ser=1610525875966 HTTP/1.1" 200 28 "http://renault.activities.at/12350251" "Mozilla/5.0 (Windows NT 10.0; Win64; x64; rv:84.0) Gecko/20100101 Firefox/84.0"
138.21.12.22 - - [13/Jan/2021:09:18:11 +0100] "GET /reload?ser=1610525890731 HTTP/1.1" 200 28 "http://renault.2web.at/account" "Mozilla/5.0 (Windows NT 10.0; Win64; x64) AppleWebKit/537.36 (KHTML, like Gecko) Chrome/87.0.4280.88 Safari/537.36"
80.120.210.179 - - [13/Jan/2021:09:18:56 +0100] "GET /reload?ser=1610525937025 HTTP/1.1" 200 28 "http://renault.activities.at/12350251" "Mozilla/5.0 (Windows NT 10.0; Win64; x64; rv:84.0) Gecko/20100101 Firefox/84.0"
138.21.12.22 - - [13/Jan/2021:09:19:13 +0100] "GET /reload?ser=1610525952729 HTTP/1.1" 200 28 "http://renault.2web.at/account" "Mozilla/5.0 (Windows NT 10.0; Win64; x64) AppleWebKit/537.36 (KHTML, like Gecko) Chrome/87.0.4280.88 Safari/537.36"
80.120.210.179 - - [13/Jan/2021:09:19:57 +0100] "GET /reload?ser=1610525998084 HTTP/1.1" 200 28 "http://renault.activities.at/12350251" "Mozilla/5.0 (Windows NT 10.0; Win64; x64; rv:84.0) Gecko/20100101 Firefox/84.0"
138.21.12.22 - - [13/Jan/2021:09:20:15 +0100] "GET /reload?ser=1610526014733 HTTP/1.1" 200 28 "http://renault.2web.at/account" "Mozilla/5.0 (Windows NT 10.0; Win64; x64) AppleWebKit/537.36 (KHTML, like Gecko) Chrome/87.0.4280.88 Safari/537.36"
80.120.210.179 - - [13/Jan/2021:09:20:58 +0100] "GET /reload?ser=1610526059074 HTTP/1.1" 200 28 "http://renault.activities.at/12350251" "Mozilla/5.0 (Windows NT 10.0; Win64; x64; rv:84.0) Gecko/20100101 Firefox/84.0"
138.21.12.22 - - [13/Jan/2021:09:21:17 +0100] "GET /reload?ser=1610526076735 HTTP/1.1" 200 28 "http://renault.2web.at/account" "Mozilla/5.0 (Windows NT 10.0; Win64; x64) AppleWebKit/537.36 (KHTML, like Gecko) Chrome/87.0.4280.88 Safari/537.36"
80.120.210.179 - - [13/Jan/2021:09:21:59 +0100] "GET /reload?ser=1610526120066 HTTP/1.1" 200 28 "http://renault.activities.at/12350251" "Mozilla/5.0 (Windows NT 10.0; Win64; x64; rv:84.0) Gecko/20100101 Firefox/84.0"
138.21.12.22 - - [13/Jan/2021:09:22:19 +0100] "GET /reload?ser=1610526138742 HTTP/1.1" 200 28 "http://renault.2web.at/account" "Mozilla/5.0 (Windows NT 10.0; Win64; x64) AppleWebKit/537.36 (KHTML, like Gecko) Chrome/87.0.4280.88 Safari/537.36"
80.120.210.179 - - [13/Jan/2021:09:23:00 +0100] "GET /reload?ser=1610526181087 HTTP/1.1" 200 28 "http://renault.activities.at/12350251" "Mozilla/5.0 (Windows NT 10.0; Win64; x64; rv:84.0) Gecko/20100101 Firefox/84.0"
138.21.12.22 - - [13/Jan/2021:09:23:21 +0100] "GET /reload?ser=1610526200739 HTTP/1.1" 200 28 "http://renault.2web.at/account" "Mozilla/5.0 (Windows NT 10.0; Win64; x64) AppleWebKit/537.36 (KHTML, like Gecko) Chrome/87.0.4280.88 Safari/537.36"
80.120.210.179 - - [13/Jan/2021:09:24:02 +0100] "GET /reload?ser=1610526242086 HTTP/1.1" 200 28 "http://renault.activities.at/12350251" "Mozilla/5.0 (Windows NT 10.0; Win64; x64; rv:84.0) Gecko/20100101 Firefox/84.0"
138.21.12.22 - - [13/Jan/2021:09:24:23 +0100] "GET /reload?ser=1610526262740 HTTP/1.1" 200 28 "http://renault.2web.at/account" "Mozilla/5.0 (Windows NT 10.0; Win64; x64) AppleWebKit/537.36 (KHTML, like Gecko) Chrome/87.0.4280.88 Safari/537.36"
80.120.210.179 - - [13/Jan/2021:09:25:03 +0100] "GET /reload?ser=1610526303153 HTTP/1.1" 200 28 "http://renault.activities.at/12350251" "Mozilla/5.0 (Windows NT 10.0; Win64; x64; rv:84.0) Gecko/20100101 Firefox/84.0"
138.21.12.22 - - [13/Jan/2021:09:25:25 +0100] "GET /reload?ser=1610526324748 HTTP/1.1" 200 28 "http://renault.2web.at/account" "Mozilla/5.0 (Windows NT 10.0; Win64; x64) AppleWebKit/537.36 (KHTML, like Gecko) Chrome/87.0.4280.88 Safari/537.36"
80.120.210.179 - - [13/Jan/2021:09:26:04 +0100] "GET /reload?ser=1610526364257 HTTP/1.1" 200 28 "http://renault.activities.at/12350251" "Mozilla/5.0 (Windows NT 10.0; Win64; x64; rv:84.0) Gecko/20100101 Firefox/84.0"
138.21.12.22 - - [13/Jan/2021:09:26:27 +0100] "GET /reload?ser=1610526386742 HTTP/1.1" 200 28 "http://renault.2web.at/account" "Mozilla/5.0 (Windows NT 10.0; Win64; x64) AppleWebKit/537.36 (KHTML, like Gecko) Chrome/87.0.4280.88 Safari/537.36"
80.120.210.179 - - [13/Jan/2021:09:27:05 +0100] "GET /reload?ser=1610526425300 HTTP/1.1" 200 28 "http://renault.activities.at/12350251" "Mozilla/5.0 (Windows NT 10.0; Win64; x64; rv:84.0) Gecko/20100101 Firefox/84.0"
178.188.57.42 - - [13/Jan/2021:09:27:24 +0100] "GET /account HTTP/1.1" 302 150 "-" "Mozilla/5.0 (Windows NT 6.1; Trident/7.0; rv:11.0) like Gecko"
178.188.57.42 - - [13/Jan/2021:09:27:25 +0100] "GET /login?required=true HTTP/1.1" 200 2085 "-" "Mozilla/5.0 (Windows NT 6.1; Trident/7.0; rv:11.0) like Gecko"
178.188.57.42 - - [13/Jan/2021:09:27:25 +0100] "GET /images/main_block_border.gif HTTP/1.1" 200 43 "http://renault.activities.at/login?required=true" "Mozilla/5.0 (Windows NT 6.1; Trident/7.0; rv:11.0) like Gecko"
178.188.57.42 - - [13/Jan/2021:09:27:25 +0100] "GET /images/main_block_corner_left_top.gif HTTP/1.1" 200 159 "http://renault.activities.at/login?required=true" "Mozilla/5.0 (Windows NT 6.1; Trident/7.0; rv:11.0) like Gecko"
178.188.57.42 - - [13/Jan/2021:09:27:25 +0100] "GET /images/main_block_corner_right_top.gif HTTP/1.1" 200 159 "http://renault.activities.at/login?required=true" "Mozilla/5.0 (Windows NT 6.1; Trident/7.0; rv:11.0) like Gecko"
178.188.57.42 - - [13/Jan/2021:09:27:26 +0100] "GET /images/main_block_corner_left_bot.gif HTTP/1.1" 200 159 "http://renault.activities.at/login?required=true" "Mozilla/5.0 (Windows NT 6.1; Trident/7.0; rv:11.0) like Gecko"
178.188.57.42 - - [13/Jan/2021:09:27:26 +0100] "GET /images/header_block_border.gif HTTP/1.1" 200 43 "http://renault.activities.at/login?required=true" "Mozilla/5.0 (Windows NT 6.1; Trident/7.0; rv:11.0) like Gecko"
178.188.57.42 - - [13/Jan/2021:09:27:26 +0100] "GET /images/main_block_corner_right_bot.gif HTTP/1.1" 200 158 "http://renault.activities.at/login?required=true" "Mozilla/5.0 (Windows NT 6.1; Trident/7.0; rv:11.0) like Gecko"
178.188.57.42 - - [13/Jan/2021:09:27:26 +0100] "GET /images/header_block_corner_left_top.gif HTTP/1.1" 200 160 "http://renault.activities.at/login?required=true" "Mozilla/5.0 (Windows NT 6.1; Trident/7.0; rv:11.0) like Gecko"
178.188.57.42 - - [13/Jan/2021:09:27:26 +0100] "GET /images/header_block_corner_right_top.gif HTTP/1.1" 200 160 "http://renault.activities.at/login?required=true" "Mozilla/5.0 (Windows NT 6.1; Trident/7.0; rv:11.0) like Gecko"
178.188.57.42 - - [13/Jan/2021:09:27:26 +0100] "GET /images/title_border.jpg HTTP/1.1" 200 304 "http://renault.activities.at/login?required=true" "Mozilla/5.0 (Windows NT 6.1; Trident/7.0; rv:11.0) like Gecko"
178.188.57.42 - - [13/Jan/2021:09:27:26 +0100] "GET /images/title_border_top.jpg HTTP/1.1" 200 336 "http://renault.activities.at/login?required=true" "Mozilla/5.0 (Windows NT 6.1; Trident/7.0; rv:11.0) like Gecko"
178.188.57.42 - - [13/Jan/2021:09:27:26 +0100] "GET /images/title_corner_left_top.jpg HTTP/1.1" 200 372 "http://renault.activities.at/login?required=true" "Mozilla/5.0 (Windows NT 6.1; Trident/7.0; rv:11.0) like Gecko"
178.188.57.42 - - [13/Jan/2021:09:27:26 +0100] "GET /images/title_corner_right_top.jpg HTTP/1.1" 200 389 "http://renault.activities.at/login?required=true" "Mozilla/5.0 (Windows NT 6.1; Trident/7.0; rv:11.0) like Gecko"
178.188.57.42 - - [13/Jan/2021:09:27:26 +0100] "GET /images/button_left_bg.gif HTTP/1.1" 200 564 "http://renault.activities.at/login?required=true" "Mozilla/5.0 (Windows NT 6.1; Trident/7.0; rv:11.0) like Gecko"
178.188.57.42 - - [13/Jan/2021:09:27:26 +0100] "GET /images/button_right_bg.gif HTTP/1.1" 200 561 "http://renault.activities.at/login?required=true" "Mozilla/5.0 (Windows NT 6.1; Trident/7.0; rv:11.0) like Gecko"
178.188.57.42 - - [13/Jan/2021:09:27:26 +0100] "GET /images/button_bg.gif HTTP/1.1" 200 151 "http://renault.activities.at/login?required=true" "Mozilla/5.0 (Windows NT 6.1; Trident/7.0; rv:11.0) like Gecko"
178.188.57.42 - - [13/Jan/2021:09:27:26 +0100] "GET /loadthumbnail.php?id=11127982 HTTP/1.1" 200 399614 "http://renault.activities.at/login?required=true" "Mozilla/5.0 (Windows NT 6.1; Trident/7.0; rv:11.0) like Gecko"
138.21.12.22 - - [13/Jan/2021:09:27:29 +0100] "GET /reload?ser=1610526448744 HTTP/1.1" 200 28 "http://renault.2web.at/account" "Mozilla/5.0 (Windows NT 10.0; Win64; x64) AppleWebKit/537.36 (KHTML, like Gecko) Chrome/87.0.4280.88 Safari/537.36"
80.120.210.179 - - [13/Jan/2021:09:28:06 +0100] "GET /reload?ser=1610526486308 HTTP/1.1" 200 28 "http://renault.activities.at/12350251" "Mozilla/5.0 (Windows NT 10.0; Win64; x64; rv:84.0) Gecko/20100101 Firefox/84.0"
138.21.12.22 - - [13/Jan/2021:09:28:31 +0100] "GET /reload?ser=1610526510744 HTTP/1.1" 200 28 "http://renault.2web.at/account" "Mozilla/5.0 (Windows NT 10.0; Win64; x64) AppleWebKit/537.36 (KHTML, like Gecko) Chrome/87.0.4280.88 Safari/537.36"
80.120.210.179 - - [13/Jan/2021:09:29:07 +0100] "GET /reload?ser=1610526547390 HTTP/1.1" 200 28 "http://renault.activities.at/12350251" "Mozilla/5.0 (Windows NT 10.0; Win64; x64; rv:84.0) Gecko/20100101 Firefox/84.0"
138.21.12.22 - - [13/Jan/2021:09:29:33 +0100] "GET /reload?ser=1610526572746 HTTP/1.1" 200 28 "http://renault.2web.at/account" "Mozilla/5.0 (Windows NT 10.0; Win64; x64) AppleWebKit/537.36 (KHTML, like Gecko) Chrome/87.0.4280.88 Safari/537.36"
80.120.210.179 - - [13/Jan/2021:09:30:08 +0100] "GET /reload?ser=1610526608455 HTTP/1.1" 200 28 "http://renault.activities.at/12350251" "Mozilla/5.0 (Windows NT 10.0; Win64; x64; rv:84.0) Gecko/20100101 Firefox/84.0"
138.21.12.22 - - [13/Jan/2021:09:30:35 +0100] "GET /reload?ser=1610526634747 HTTP/1.1" 200 28 "http://renault.2web.at/account" "Mozilla/5.0 (Windows NT 10.0; Win64; x64) AppleWebKit/537.36 (KHTML, like Gecko) Chrome/87.0.4280.88 Safari/537.36"
80.120.210.179 - - [13/Jan/2021:09:31:09 +0100] "GET /reload?ser=1610526669492 HTTP/1.1" 200 28 "http://renault.activities.at/12350251" "Mozilla/5.0 (Windows NT 10.0; Win64; x64; rv:84.0) Gecko/20100101 Firefox/84.0"
138.21.12.22 - - [13/Jan/2021:09:31:37 +0100] "GET /reload?ser=1610526696747 HTTP/1.1" 200 28 "http://renault.2web.at/account" "Mozilla/5.0 (Windows NT 10.0; Win64; x64) AppleWebKit/537.36 (KHTML, like Gecko) Chrome/87.0.4280.88 Safari/537.36"
80.120.210.179 - - [13/Jan/2021:09:32:10 +0100] "GET /reload?ser=1610526730538 HTTP/1.1" 200 28 "http://renault.activities.at/12350251" "Mozilla/5.0 (Windows NT 10.0; Win64; x64; rv:84.0) Gecko/20100101 Firefox/84.0"
138.21.12.22 - - [13/Jan/2021:09:32:39 +0100] "GET /reload?ser=1610526758750 HTTP/1.1" 200 28 "http://renault.2web.at/account" "Mozilla/5.0 (Windows NT 10.0; Win64; x64) AppleWebKit/537.36 (KHTML, like Gecko) Chrome/87.0.4280.88 Safari/537.36"
80.120.210.179 - - [13/Jan/2021:09:33:11 +0100] "GET /reload?ser=1610526791607 HTTP/1.1" 200 28 "http://renault.activities.at/12350251" "Mozilla/5.0 (Windows NT 10.0; Win64; x64; rv:84.0) Gecko/20100101 Firefox/84.0"
138.21.12.22 - - [13/Jan/2021:09:33:41 +0100] "GET /reload?ser=1610526820754 HTTP/1.1" 200 28 "http://renault.2web.at/account" "Mozilla/5.0 (Windows NT 10.0; Win64; x64) AppleWebKit/537.36 (KHTML, like Gecko) Chrome/87.0.4280.88 Safari/537.36"
80.120.210.179 - - [13/Jan/2021:09:34:12 +0100] "GET /reload?ser=1610526852674 HTTP/1.1" 200 28 "http://renault.activities.at/12350251" "Mozilla/5.0 (Windows NT 10.0; Win64; x64; rv:84.0) Gecko/20100101 Firefox/84.0"
138.21.12.22 - - [13/Jan/2021:09:34:43 +0100] "GET /reload?ser=1610526882758 HTTP/1.1" 200 28 "http://renault.2web.at/account" "Mozilla/5.0 (Windows NT 10.0; Win64; x64) AppleWebKit/537.36 (KHTML, like Gecko) Chrome/87.0.4280.88 Safari/537.36"
80.120.210.179 - - [13/Jan/2021:09:35:13 +0100] "GET /reload?ser=1610526913759 HTTP/1.1" 200 28 "http://renault.activities.at/12350251" "Mozilla/5.0 (Windows NT 10.0; Win64; x64; rv:84.0) Gecko/20100101 Firefox/84.0"
138.21.12.22 - - [13/Jan/2021:09:35:45 +0100] "GET /reload?ser=1610526944762 HTTP/1.1" 200 28 "http://renault.2web.at/account" "Mozilla/5.0 (Windows NT 10.0; Win64; x64) AppleWebKit/537.36 (KHTML, like Gecko) Chrome/87.0.4280.88 Safari/537.36"
80.120.210.179 - - [13/Jan/2021:09:36:14 +0100] "GET /reload?ser=1610526974780 HTTP/1.1" 200 28 "http://renault.activities.at/12350251" "Mozilla/5.0 (Windows NT 10.0; Win64; x64; rv:84.0) Gecko/20100101 Firefox/84.0"
138.21.12.22 - - [13/Jan/2021:09:36:47 +0100] "GET /reload?ser=1610527006764 HTTP/1.1" 200 28 "http://renault.2web.at/account" "Mozilla/5.0 (Windows NT 10.0; Win64; x64) AppleWebKit/537.36 (KHTML, like Gecko) Chrome/87.0.4280.88 Safari/537.36"
80.120.210.179 - - [13/Jan/2021:09:37:15 +0100] "GET /reload?ser=1610527035786 HTTP/1.1" 200 28 "http://renault.activities.at/12350251" "Mozilla/5.0 (Windows NT 10.0; Win64; x64; rv:84.0) Gecko/20100101 Firefox/84.0"
138.21.12.22 - - [13/Jan/2021:09:37:49 +0100] "GET /reload?ser=1610527068769 HTTP/1.1" 200 28 "http://renault.2web.at/account" "Mozilla/5.0 (Windows NT 10.0; Win64; x64) AppleWebKit/537.36 (KHTML, like Gecko) Chrome/87.0.4280.88 Safari/537.36"
80.120.210.179 - - [13/Jan/2021:09:38:16 +0100] "GET /reload?ser=1610527096851 HTTP/1.1" 200 28 "http://renault.activities.at/12350251" "Mozilla/5.0 (Windows NT 10.0; Win64; x64; rv:84.0) Gecko/20100101 Firefox/84.0"
138.21.12.22 - - [13/Jan/2021:09:38:51 +0100] "GET /reload?ser=1610527130767 HTTP/1.1" 200 28 "http://renault.2web.at/account" "Mozilla/5.0 (Windows NT 10.0; Win64; x64) AppleWebKit/537.36 (KHTML, like Gecko) Chrome/87.0.4280.88 Safari/537.36"
80.120.210.179 - - [13/Jan/2021:09:39:17 +0100] "GET /reload?ser=1610527157905 HTTP/1.1" 200 28 "http://renault.activities.at/12350251" "Mozilla/5.0 (Windows NT 10.0; Win64; x64; rv:84.0) Gecko/20100101 Firefox/84.0"
138.21.12.22 - - [13/Jan/2021:09:39:53 +0100] "GET /reload?ser=1610527192768 HTTP/1.1" 200 28 "http://renault.2web.at/account" "Mozilla/5.0 (Windows NT 10.0; Win64; x64) AppleWebKit/537.36 (KHTML, like Gecko) Chrome/87.0.4280.88 Safari/537.36"
80.120.210.179 - - [13/Jan/2021:09:40:18 +0100] "GET /reload?ser=1610527218934 HTTP/1.1" 200 28 "http://renault.activities.at/12350251" "Mozilla/5.0 (Windows NT 10.0; Win64; x64; rv:84.0) Gecko/20100101 Firefox/84.0"
138.21.12.22 - - [13/Jan/2021:09:40:55 +0100] "GET /reload?ser=1610527254772 HTTP/1.1" 200 28 "http://renault.2web.at/account" "Mozilla/5.0 (Windows NT 10.0; Win64; x64) AppleWebKit/537.36 (KHTML, like Gecko) Chrome/87.0.4280.88 Safari/537.36"
80.120.210.179 - - [13/Jan/2021:09:41:19 +0100] "GET /reload?ser=1610527280037 HTTP/1.1" 200 28 "http://renault.activities.at/12350251" "Mozilla/5.0 (Windows NT 10.0; Win64; x64; rv:84.0) Gecko/20100101 Firefox/84.0"
138.21.12.22 - - [13/Jan/2021:09:41:57 +0100] "GET /reload?ser=1610527316770 HTTP/1.1" 200 28 "http://renault.2web.at/account" "Mozilla/5.0 (Windows NT 10.0; Win64; x64) AppleWebKit/537.36 (KHTML, like Gecko) Chrome/87.0.4280.88 Safari/537.36"
80.120.210.179 - - [13/Jan/2021:09:42:20 +0100] "GET /reload?ser=1610527341074 HTTP/1.1" 200 28 "http://renault.activities.at/12350251" "Mozilla/5.0 (Windows NT 10.0; Win64; x64; rv:84.0) Gecko/20100101 Firefox/84.0"
138.21.12.22 - - [13/Jan/2021:09:42:59 +0100] "GET /reload?ser=1610527378774 HTTP/1.1" 200 28 "http://renault.2web.at/account" "Mozilla/5.0 (Windows NT 10.0; Win64; x64) AppleWebKit/537.36 (KHTML, like Gecko) Chrome/87.0.4280.88 Safari/537.36"
80.120.210.179 - - [13/Jan/2021:09:43:21 +0100] "GET /reload?ser=1610527402123 HTTP/1.1" 200 28 "http://renault.activities.at/12350251" "Mozilla/5.0 (Windows NT 10.0; Win64; x64; rv:84.0) Gecko/20100101 Firefox/84.0"
138.21.12.22 - - [13/Jan/2021:09:44:01 +0100] "GET /reload?ser=1610527440772 HTTP/1.1" 200 28 "http://renault.2web.at/account" "Mozilla/5.0 (Windows NT 10.0; Win64; x64) AppleWebKit/537.36 (KHTML, like Gecko) Chrome/87.0.4280.88 Safari/537.36"
80.120.210.179 - - [13/Jan/2021:09:44:23 +0100] "GET /reload?ser=1610527463145 HTTP/1.1" 200 28 "http://renault.activities.at/12350251" "Mozilla/5.0 (Windows NT 10.0; Win64; x64; rv:84.0) Gecko/20100101 Firefox/84.0"
138.21.12.22 - - [13/Jan/2021:09:45:03 +0100] "GET /reload?ser=1610527502773 HTTP/1.1" 200 28 "http://renault.2web.at/account" "Mozilla/5.0 (Windows NT 10.0; Win64; x64) AppleWebKit/537.36 (KHTML, like Gecko) Chrome/87.0.4280.88 Safari/537.36"
80.120.210.179 - - [13/Jan/2021:09:45:24 +0100] "GET /reload?ser=1610527524156 HTTP/1.1" 200 28 "http://renault.activities.at/12350251" "Mozilla/5.0 (Windows NT 10.0; Win64; x64; rv:84.0) Gecko/20100101 Firefox/84.0"
138.21.12.22 - - [13/Jan/2021:09:46:05 +0100] "GET /reload?ser=1610527564774 HTTP/1.1" 200 28 "http://renault.2web.at/account" "Mozilla/5.0 (Windows NT 10.0; Win64; x64) AppleWebKit/537.36 (KHTML, like Gecko) Chrome/87.0.4280.88 Safari/537.36"
80.120.210.179 - - [13/Jan/2021:09:46:25 +0100] "GET /reload?ser=1610527585186 HTTP/1.1" 200 28 "http://renault.activities.at/12350251" "Mozilla/5.0 (Windows NT 10.0; Win64; x64; rv:84.0) Gecko/20100101 Firefox/84.0"
138.21.12.22 - - [13/Jan/2021:09:47:07 +0100] "GET /reload?ser=1610527626775 HTTP/1.1" 200 28 "http://renault.2web.at/account" "Mozilla/5.0 (Windows NT 10.0; Win64; x64) AppleWebKit/537.36 (KHTML, like Gecko) Chrome/87.0.4280.88 Safari/537.36"
80.120.210.179 - - [13/Jan/2021:09:47:26 +0100] "GET /reload?ser=1610527646231 HTTP/1.1" 200 28 "http://renault.activities.at/12350251" "Mozilla/5.0 (Windows NT 10.0; Win64; x64; rv:84.0) Gecko/20100101 Firefox/84.0"
138.21.12.22 - - [13/Jan/2021:09:48:09 +0100] "GET /reload?ser=1610527688775 HTTP/1.1" 200 28 "http://renault.2web.at/account" "Mozilla/5.0 (Windows NT 10.0; Win64; x64) AppleWebKit/537.36 (KHTML, like Gecko) Chrome/87.0.4280.88 Safari/537.36"
80.120.210.179 - - [13/Jan/2021:09:48:27 +0100] "GET /reload?ser=1610527707298 HTTP/1.1" 200 28 "http://renault.activities.at/12350251" "Mozilla/5.0 (Windows NT 10.0; Win64; x64; rv:84.0) Gecko/20100101 Firefox/84.0"
138.21.12.22 - - [13/Jan/2021:09:49:11 +0100] "GET /reload?ser=1610527750779 HTTP/1.1" 200 28 "http://renault.2web.at/account" "Mozilla/5.0 (Windows NT 10.0; Win64; x64) AppleWebKit/537.36 (KHTML, like Gecko) Chrome/87.0.4280.88 Safari/537.36"
80.120.210.179 - - [13/Jan/2021:09:49:28 +0100] "GET /reload?ser=1610527768364 HTTP/1.1" 200 28 "http://renault.activities.at/12350251" "Mozilla/5.0 (Windows NT 10.0; Win64; x64; rv:84.0) Gecko/20100101 Firefox/84.0"
194.24.159.94 - - [13/Jan/2021:09:49:35 +0100] "GET / HTTP/1.1" 200 3273 "-" "Mozilla/5.0 (Windows NT 10.0; WOW64; Trident/7.0; rv:11.0) like Gecko"
194.24.159.94 - - [13/Jan/2021:09:49:36 +0100] "GET /js/flashdetection.js HTTP/1.1" 200 1059 "http://renault.activities.at/" "Mozilla/5.0 (Windows NT 10.0; WOW64; Trident/7.0; rv:11.0) like Gecko"
194.24.159.94 - - [13/Jan/2021:09:49:36 +0100] "GET /css/reset.css HTTP/1.1" 200 1356 "http://renault.activities.at/" "Mozilla/5.0 (Windows NT 10.0; WOW64; Trident/7.0; rv:11.0) like Gecko"
194.24.159.94 - - [13/Jan/2021:09:49:36 +0100] "GET /css/clears.css HTTP/1.1" 200 851 "http://renault.activities.at/" "Mozilla/5.0 (Windows NT 10.0; WOW64; Trident/7.0; rv:11.0) like Gecko"
194.24.159.94 - - [13/Jan/2021:09:49:36 +0100] "GET /js/default.js HTTP/1.1" 200 14698 "http://renault.activities.at/" "Mozilla/5.0 (Windows NT 10.0; WOW64; Trident/7.0; rv:11.0) like Gecko"
194.24.159.94 - - [13/Jan/2021:09:49:36 +0100] "GET /css/styles.css HTTP/1.1" 200 14664 "http://renault.activities.at/" "Mozilla/5.0 (Windows NT 10.0; WOW64; Trident/7.0; rv:11.0) like Gecko"
194.24.159.94 - - [13/Jan/2021:09:49:36 +0100] "GET /css/print.css HTTP/1.1" 200 543 "http://renault.activities.at/" "Mozilla/5.0 (Windows NT 10.0; WOW64; Trident/7.0; rv:11.0) like Gecko"
194.24.159.94 - - [13/Jan/2021:09:49:36 +0100] "GET /js/checkout.css HTTP/1.1" 200 359 "http://renault.activities.at/" "Mozilla/5.0 (Windows NT 10.0; WOW64; Trident/7.0; rv:11.0) like Gecko"
194.24.159.94 - - [13/Jan/2021:09:49:36 +0100] "GET /css/prototip.css HTTP/1.1" 200 968 "http://renault.activities.at/" "Mozilla/5.0 (Windows NT 10.0; WOW64; Trident/7.0; rv:11.0) like Gecko"
194.24.159.94 - - [13/Jan/2021:09:49:36 +0100] "GET /css/themes/default.css HTTP/1.1" 200 769 "http://renault.activities.at/" "Mozilla/5.0 (Windows NT 10.0; WOW64; Trident/7.0; rv:11.0) like Gecko"
194.24.159.94 - - [13/Jan/2021:09:49:36 +0100] "GET /css/themes/alphacube.css HTTP/1.1" 200 743 "http://renault.activities.at/" "Mozilla/5.0 (Windows NT 10.0; WOW64; Trident/7.0; rv:11.0) like Gecko"
194.24.159.94 - - [13/Jan/2021:09:49:36 +0100] "GET /js/index.php?c=auto&f=,prototype/prototype.js,prototype/validation.js,scriptaculous/builder.js,scriptaculous/effects.js,scriptaculous/dragdrop.js,scriptaculous/controls.js,scriptaculous/slider.js,varien/js.js,varien/form.js,varien/menu.js,mage/translate.js,mage/cookies.js,varien/product.js,spinner/SpinnerControl.jsmin.js,prototype/window.js,prototype/window_ext.js HTTP/1.1" 200 94182 "http://renault.activities.at/" "Mozilla/5.0 (Windows NT 10.0; WOW64; Trident/7.0; rv:11.0) like Gecko"
194.24.159.94 - - [13/Jan/2021:09:49:37 +0100] "GET /images/header_block_border.gif HTTP/1.1" 200 43 "http://renault.activities.at/" "Mozilla/5.0 (Windows NT 10.0; WOW64; Trident/7.0; rv:11.0) like Gecko"
194.24.159.94 - - [13/Jan/2021:09:49:37 +0100] "GET /images/main_block_corner_left_bot.gif HTTP/1.1" 200 159 "http://renault.activities.at/" "Mozilla/5.0 (Windows NT 10.0; WOW64; Trident/7.0; rv:11.0) like Gecko"
194.24.159.94 - - [13/Jan/2021:09:49:37 +0100] "GET /images/main_block_border.gif HTTP/1.1" 200 43 "http://renault.activities.at/" "Mozilla/5.0 (Windows NT 10.0; WOW64; Trident/7.0; rv:11.0) like Gecko"
194.24.159.94 - - [13/Jan/2021:09:49:37 +0100] "GET /images/main_block_corner_right_bot.gif HTTP/1.1" 200 158 "http://renault.activities.at/" "Mozilla/5.0 (Windows NT 10.0; WOW64; Trident/7.0; rv:11.0) like Gecko"
194.24.159.94 - - [13/Jan/2021:09:49:37 +0100] "GET /images/header_block_corner_left_top.gif HTTP/1.1" 200 160 "http://renault.activities.at/" "Mozilla/5.0 (Windows NT 10.0; WOW64; Trident/7.0; rv:11.0) like Gecko"
194.24.159.94 - - [13/Jan/2021:09:49:37 +0100] "GET /images/header_block_corner_right_top.gif HTTP/1.1" 200 160 "http://renault.activities.at/" "Mozilla/5.0 (Windows NT 10.0; WOW64; Trident/7.0; rv:11.0) like Gecko"
194.24.159.94 - - [13/Jan/2021:09:49:37 +0100] "GET /images/favicon.ico HTTP/1.1" 404 305 "-" "Mozilla/5.0 (Windows NT 10.0; WOW64; Trident/7.0; rv:11.0) like Gecko"
