212.152.229.244 - - [13/Jan/2021:12:27:56 +0100] "GET /reload?ser=1610537276186 HTTP/1.1" 200 28 "http://renault.activities.at/result?searchterm=true&search=fr%FCh" "Mozilla/5.0 (Windows NT 10.0; Win64; x64) AppleWebKit/537.36 (KHTML, like Gecko) Chrome/87.0.4280.141 Safari/537.36"
80.120.210.179 - - [13/Jan/2021:12:28:07 +0100] "GET /reload?ser=1610537288392 HTTP/1.1" 200 28 "http://renault.activities.at/12350251" "Mozilla/5.0 (Windows NT 10.0; Win64; x64; rv:84.0) Gecko/20100101 Firefox/84.0"
212.89.176.40 - - [13/Jan/2021:12:28:25 +0100] "GET /reload?ser=1610537299526 HTTP/1.1" 200 28 "http://renault.activities.at/result?searchterm=true&search=dacia" "Mozilla/5.0 (Windows NT 6.1; WOW64; Trident/7.0; rv:11.0) like Gecko"
138.21.12.22 - - [13/Jan/2021:12:28:29 +0100] "GET /reload?ser=1610537308963 HTTP/1.1" 200 28 "http://renault.2web.at/imprintaddress" "Mozilla/5.0 (Windows NT 10.0; Win64; x64) AppleWebKit/537.36 (KHTML, like Gecko) Chrome/87.0.4280.88 Safari/537.36"
212.152.229.244 - - [13/Jan/2021:12:28:57 +0100] "GET /reload?ser=1610537337189 HTTP/1.1" 200 28 "http://renault.activities.at/result?searchterm=true&search=fr%FCh" "Mozilla/5.0 (Windows NT 10.0; Win64; x64) AppleWebKit/537.36 (KHTML, like Gecko) Chrome/87.0.4280.141 Safari/537.36"
80.120.210.179 - - [13/Jan/2021:12:29:08 +0100] "GET /reload?ser=1610537349381 HTTP/1.1" 200 28 "http://renault.activities.at/12350251" "Mozilla/5.0 (Windows NT 10.0; Win64; x64; rv:84.0) Gecko/20100101 Firefox/84.0"
212.89.176.40 - - [13/Jan/2021:12:29:26 +0100] "GET /reload?ser=1610537360497 HTTP/1.1" 200 28 "http://renault.activities.at/result?searchterm=true&search=dacia" "Mozilla/5.0 (Windows NT 6.1; WOW64; Trident/7.0; rv:11.0) like Gecko"
138.21.12.22 - - [13/Jan/2021:12:29:31 +0100] "GET /reload?ser=1610537370964 HTTP/1.1" 200 28 "http://renault.2web.at/imprintaddress" "Mozilla/5.0 (Windows NT 10.0; Win64; x64) AppleWebKit/537.36 (KHTML, like Gecko) Chrome/87.0.4280.88 Safari/537.36"
212.152.229.244 - - [13/Jan/2021:12:29:58 +0100] "GET /reload?ser=1610537398192 HTTP/1.1" 200 28 "http://renault.activities.at/result?searchterm=true&search=fr%FCh" "Mozilla/5.0 (Windows NT 10.0; Win64; x64) AppleWebKit/537.36 (KHTML, like Gecko) Chrome/87.0.4280.141 Safari/537.36"
212.89.176.40 - - [13/Jan/2021:12:30:27 +0100] "GET /reload?ser=1610537421489 HTTP/1.1" 200 28 "http://renault.activities.at/result?searchterm=true&search=dacia" "Mozilla/5.0 (Windows NT 6.1; WOW64; Trident/7.0; rv:11.0) like Gecko"
80.120.210.179 - - [13/Jan/2021:12:30:28 +0100] "GET /reload?ser=1610537422429 HTTP/1.1" 200 28 "http://renault.activities.at/12350251" "Mozilla/5.0 (Windows NT 10.0; Win64; x64; rv:84.0) Gecko/20100101 Firefox/84.0"
138.21.12.22 - - [13/Jan/2021:12:30:33 +0100] "GET /reload?ser=1610537432965 HTTP/1.1" 200 28 "http://renault.2web.at/imprintaddress" "Mozilla/5.0 (Windows NT 10.0; Win64; x64) AppleWebKit/537.36 (KHTML, like Gecko) Chrome/87.0.4280.88 Safari/537.36"
212.152.229.244 - - [13/Jan/2021:12:30:59 +0100] "GET /reload?ser=1610537459199 HTTP/1.1" 200 28 "http://renault.activities.at/result?searchterm=true&search=fr%FCh" "Mozilla/5.0 (Windows NT 10.0; Win64; x64) AppleWebKit/537.36 (KHTML, like Gecko) Chrome/87.0.4280.141 Safari/537.36"
212.89.176.40 - - [13/Jan/2021:12:31:28 +0100] "GET /reload?ser=1610537482457 HTTP/1.1" 200 28 "http://renault.activities.at/result?searchterm=true&search=dacia" "Mozilla/5.0 (Windows NT 6.1; WOW64; Trident/7.0; rv:11.0) like Gecko"
80.120.210.179 - - [13/Jan/2021:12:31:29 +0100] "GET /reload?ser=1610537489152 HTTP/1.1" 200 28 "http://renault.activities.at/12350251" "Mozilla/5.0 (Windows NT 10.0; Win64; x64; rv:84.0) Gecko/20100101 Firefox/84.0"
138.21.12.22 - - [13/Jan/2021:12:31:35 +0100] "GET /reload?ser=1610537494964 HTTP/1.1" 200 28 "http://renault.2web.at/imprintaddress" "Mozilla/5.0 (Windows NT 10.0; Win64; x64) AppleWebKit/537.36 (KHTML, like Gecko) Chrome/87.0.4280.88 Safari/537.36"
212.152.229.244 - - [13/Jan/2021:12:32:00 +0100] "GET /reload?ser=1610537520186 HTTP/1.1" 200 28 "http://renault.activities.at/result?searchterm=true&search=fr%FCh" "Mozilla/5.0 (Windows NT 10.0; Win64; x64) AppleWebKit/537.36 (KHTML, like Gecko) Chrome/87.0.4280.141 Safari/537.36"
212.89.176.40 - - [13/Jan/2021:12:32:29 +0100] "GET /reload?ser=1610537543430 HTTP/1.1" 200 28 "http://renault.activities.at/result?searchterm=true&search=dacia" "Mozilla/5.0 (Windows NT 6.1; WOW64; Trident/7.0; rv:11.0) like Gecko"
80.120.210.179 - - [13/Jan/2021:12:32:30 +0100] "GET /reload?ser=1610537550178 HTTP/1.1" 200 28 "http://renault.activities.at/12350251" "Mozilla/5.0 (Windows NT 10.0; Win64; x64; rv:84.0) Gecko/20100101 Firefox/84.0"
138.21.12.22 - - [13/Jan/2021:12:32:37 +0100] "GET /reload?ser=1610537556964 HTTP/1.1" 200 28 "http://renault.2web.at/imprintaddress" "Mozilla/5.0 (Windows NT 10.0; Win64; x64) AppleWebKit/537.36 (KHTML, like Gecko) Chrome/87.0.4280.88 Safari/537.36"
212.152.229.244 - - [13/Jan/2021:12:33:01 +0100] "GET /reload?ser=1610537581189 HTTP/1.1" 200 28 "http://renault.activities.at/result?searchterm=true&search=fr%FCh" "Mozilla/5.0 (Windows NT 10.0; Win64; x64) AppleWebKit/537.36 (KHTML, like Gecko) Chrome/87.0.4280.141 Safari/537.36"
212.89.176.40 - - [13/Jan/2021:12:33:30 +0100] "GET /reload?ser=1610537604398 HTTP/1.1" 200 28 "http://renault.activities.at/result?searchterm=true&search=dacia" "Mozilla/5.0 (Windows NT 6.1; WOW64; Trident/7.0; rv:11.0) like Gecko"
80.120.210.179 - - [13/Jan/2021:12:33:31 +0100] "GET /reload?ser=1610537611192 HTTP/1.1" 200 28 "http://renault.activities.at/12350251" "Mozilla/5.0 (Windows NT 10.0; Win64; x64; rv:84.0) Gecko/20100101 Firefox/84.0"
138.21.12.22 - - [13/Jan/2021:12:33:39 +0100] "GET /reload?ser=1610537618975 HTTP/1.1" 200 28 "http://renault.2web.at/imprintaddress" "Mozilla/5.0 (Windows NT 10.0; Win64; x64) AppleWebKit/537.36 (KHTML, like Gecko) Chrome/87.0.4280.88 Safari/537.36"
212.152.229.244 - - [13/Jan/2021:12:34:02 +0100] "GET /reload?ser=1610537642192 HTTP/1.1" 200 28 "http://renault.activities.at/result?searchterm=true&search=fr%FCh" "Mozilla/5.0 (Windows NT 10.0; Win64; x64) AppleWebKit/537.36 (KHTML, like Gecko) Chrome/87.0.4280.141 Safari/537.36"
212.89.176.40 - - [13/Jan/2021:12:34:31 +0100] "GET /reload?ser=1610537665346 HTTP/1.1" 200 28 "http://renault.activities.at/result?searchterm=true&search=dacia" "Mozilla/5.0 (Windows NT 6.1; WOW64; Trident/7.0; rv:11.0) like Gecko"
80.120.210.179 - - [13/Jan/2021:12:34:32 +0100] "GET /reload?ser=1610537672182 HTTP/1.1" 200 28 "http://renault.activities.at/12350251" "Mozilla/5.0 (Windows NT 10.0; Win64; x64; rv:84.0) Gecko/20100101 Firefox/84.0"
138.21.12.22 - - [13/Jan/2021:12:34:41 +0100] "GET /reload?ser=1610537680972 HTTP/1.1" 200 28 "http://renault.2web.at/imprintaddress" "Mozilla/5.0 (Windows NT 10.0; Win64; x64) AppleWebKit/537.36 (KHTML, like Gecko) Chrome/87.0.4280.88 Safari/537.36"
212.152.229.244 - - [13/Jan/2021:12:35:03 +0100] "GET /reload?ser=1610537703193 HTTP/1.1" 200 28 "http://renault.activities.at/result?searchterm=true&search=fr%FCh" "Mozilla/5.0 (Windows NT 10.0; Win64; x64) AppleWebKit/537.36 (KHTML, like Gecko) Chrome/87.0.4280.141 Safari/537.36"
212.89.176.40 - - [13/Jan/2021:12:35:32 +0100] "GET /reload?ser=1610537726311 HTTP/1.1" 200 28 "http://renault.activities.at/result?searchterm=true&search=dacia" "Mozilla/5.0 (Windows NT 6.1; WOW64; Trident/7.0; rv:11.0) like Gecko"
80.120.210.179 - - [13/Jan/2021:12:35:33 +0100] "GET /reload?ser=1610537733231 HTTP/1.1" 200 28 "http://renault.activities.at/12350251" "Mozilla/5.0 (Windows NT 10.0; Win64; x64; rv:84.0) Gecko/20100101 Firefox/84.0"
138.21.12.22 - - [13/Jan/2021:12:35:43 +0100] "GET /reload?ser=1610537742968 HTTP/1.1" 200 28 "http://renault.2web.at/imprintaddress" "Mozilla/5.0 (Windows NT 10.0; Win64; x64) AppleWebKit/537.36 (KHTML, like Gecko) Chrome/87.0.4280.88 Safari/537.36"
212.152.229.244 - - [13/Jan/2021:12:36:04 +0100] "GET /reload?ser=1610537764186 HTTP/1.1" 200 28 "http://renault.activities.at/result?searchterm=true&search=fr%FCh" "Mozilla/5.0 (Windows NT 10.0; Win64; x64) AppleWebKit/537.36 (KHTML, like Gecko) Chrome/87.0.4280.141 Safari/537.36"
212.89.176.40 - - [13/Jan/2021:12:36:33 +0100] "GET /reload?ser=1610537787308 HTTP/1.1" 200 28 "http://renault.activities.at/result?searchterm=true&search=dacia" "Mozilla/5.0 (Windows NT 6.1; WOW64; Trident/7.0; rv:11.0) like Gecko"
80.120.210.179 - - [13/Jan/2021:12:36:34 +0100] "GET /reload?ser=1610537794258 HTTP/1.1" 200 28 "http://renault.activities.at/12350251" "Mozilla/5.0 (Windows NT 10.0; Win64; x64; rv:84.0) Gecko/20100101 Firefox/84.0"
138.21.12.22 - - [13/Jan/2021:12:36:45 +0100] "GET /reload?ser=1610537804976 HTTP/1.1" 200 28 "http://renault.2web.at/imprintaddress" "Mozilla/5.0 (Windows NT 10.0; Win64; x64) AppleWebKit/537.36 (KHTML, like Gecko) Chrome/87.0.4280.88 Safari/537.36"
212.152.229.244 - - [13/Jan/2021:12:37:05 +0100] "GET /reload?ser=1610537825189 HTTP/1.1" 200 28 "http://renault.activities.at/result?searchterm=true&search=fr%FCh" "Mozilla/5.0 (Windows NT 10.0; Win64; x64) AppleWebKit/537.36 (KHTML, like Gecko) Chrome/87.0.4280.141 Safari/537.36"
212.89.176.40 - - [13/Jan/2021:12:37:34 +0100] "GET /reload?ser=1610537848259 HTTP/1.1" 200 28 "http://renault.activities.at/result?searchterm=true&search=dacia" "Mozilla/5.0 (Windows NT 6.1; WOW64; Trident/7.0; rv:11.0) like Gecko"
80.120.210.179 - - [13/Jan/2021:12:37:35 +0100] "GET /reload?ser=1610537855309 HTTP/1.1" 200 28 "http://renault.activities.at/12350251" "Mozilla/5.0 (Windows NT 10.0; Win64; x64; rv:84.0) Gecko/20100101 Firefox/84.0"
138.21.12.22 - - [13/Jan/2021:12:37:47 +0100] "GET /reload?ser=1610537866964 HTTP/1.1" 200 28 "http://renault.2web.at/imprintaddress" "Mozilla/5.0 (Windows NT 10.0; Win64; x64) AppleWebKit/537.36 (KHTML, like Gecko) Chrome/87.0.4280.88 Safari/537.36"
212.89.176.40 - - [13/Jan/2021:12:37:47 +0100] "GET /logout HTTP/1.1" 302 140 "http://renault.activities.at/result?searchterm=true&search=dacia" "Mozilla/5.0 (Windows NT 6.1; WOW64; Trident/7.0; rv:11.0) like Gecko"
212.89.176.40 - - [13/Jan/2021:12:37:49 +0100] "GET /images/vista-dn-hover.gif HTTP/1.1" 200 127 "http://renault.activities.at/result?searchterm=true&search=dacia" "Mozilla/5.0 (Windows NT 6.1; WOW64; Trident/7.0; rv:11.0) like Gecko"
212.89.176.40 - - [13/Jan/2021:12:37:48 +0100] "GET /logout HTTP/1.1" 200 1583 "http://renault.activities.at/result?searchterm=true&search=dacia" "Mozilla/5.0 (Windows NT 6.1; WOW64; Trident/7.0; rv:11.0) like Gecko"
212.89.176.40 - - [13/Jan/2021:12:37:49 +0100] "GET /js/default.js HTTP/1.1" 304 - "http://renault.activities.at/logout" "Mozilla/5.0 (Windows NT 6.1; WOW64; Trident/7.0; rv:11.0) like Gecko"
212.89.176.40 - - [13/Jan/2021:12:37:49 +0100] "GET /css/reset.css HTTP/1.1" 304 - "http://renault.activities.at/logout" "Mozilla/5.0 (Windows NT 6.1; WOW64; Trident/7.0; rv:11.0) like Gecko"
212.89.176.40 - - [13/Jan/2021:12:37:49 +0100] "GET /js/index.php?c=auto&f=,prototype/prototype.js,prototype/validation.js,scriptaculous/builder.js,scriptaculous/effects.js,scriptaculous/dragdrop.js,scriptaculous/controls.js,scriptaculous/slider.js,varien/js.js,varien/form.js,varien/menu.js,mage/translate.js,mage/cookies.js,varien/product.js,spinner/SpinnerControl.jsmin.js,prototype/window.js,prototype/window_ext.js HTTP/1.1" 304 - "http://renault.activities.at/logout" "Mozilla/5.0 (Windows NT 6.1; WOW64; Trident/7.0; rv:11.0) like Gecko"
212.89.176.40 - - [13/Jan/2021:12:37:49 +0100] "GET /css/print.css HTTP/1.1" 304 - "http://renault.activities.at/logout" "Mozilla/5.0 (Windows NT 6.1; WOW64; Trident/7.0; rv:11.0) like Gecko"
212.89.176.40 - - [13/Jan/2021:12:37:49 +0100] "GET /css/clears.css HTTP/1.1" 304 - "http://renault.activities.at/logout" "Mozilla/5.0 (Windows NT 6.1; WOW64; Trident/7.0; rv:11.0) like Gecko"
212.89.176.40 - - [13/Jan/2021:12:37:49 +0100] "GET /css/styles.css HTTP/1.1" 304 - "http://renault.activities.at/logout" "Mozilla/5.0 (Windows NT 6.1; WOW64; Trident/7.0; rv:11.0) like Gecko"
212.89.176.40 - - [13/Jan/2021:12:37:49 +0100] "GET /js/checkout.css HTTP/1.1" 304 - "http://renault.activities.at/logout" "Mozilla/5.0 (Windows NT 6.1; WOW64; Trident/7.0; rv:11.0) like Gecko"
212.89.176.40 - - [13/Jan/2021:12:37:49 +0100] "GET /css/prototip.css HTTP/1.1" 304 - "http://renault.activities.at/logout" "Mozilla/5.0 (Windows NT 6.1; WOW64; Trident/7.0; rv:11.0) like Gecko"
212.89.176.40 - - [13/Jan/2021:12:37:49 +0100] "GET /css/themes/default.css HTTP/1.1" 304 - "http://renault.activities.at/logout" "Mozilla/5.0 (Windows NT 6.1; WOW64; Trident/7.0; rv:11.0) like Gecko"
212.89.176.40 - - [13/Jan/2021:12:37:49 +0100] "GET /css/themes/alphacube.css HTTP/1.1" 304 - "http://renault.activities.at/logout" "Mozilla/5.0 (Windows NT 6.1; WOW64; Trident/7.0; rv:11.0) like Gecko"
212.89.176.40 - - [13/Jan/2021:12:37:49 +0100] "GET /images/main_block_corner_right_top.gif HTTP/1.1" 304 - "http://renault.activities.at/logout" "Mozilla/5.0 (Windows NT 6.1; WOW64; Trident/7.0; rv:11.0) like Gecko"
212.89.176.40 - - [13/Jan/2021:12:37:49 +0100] "GET /images/main_block_corner_right_bot.gif HTTP/1.1" 304 - "http://renault.activities.at/logout" "Mozilla/5.0 (Windows NT 6.1; WOW64; Trident/7.0; rv:11.0) like Gecko"
212.89.176.40 - - [13/Jan/2021:12:37:49 +0100] "GET /images/main_block_corner_left_top.gif HTTP/1.1" 304 - "http://renault.activities.at/logout" "Mozilla/5.0 (Windows NT 6.1; WOW64; Trident/7.0; rv:11.0) like Gecko"
212.89.176.40 - - [13/Jan/2021:12:37:49 +0100] "GET /images/main_block_border.gif HTTP/1.1" 304 - "http://renault.activities.at/logout" "Mozilla/5.0 (Windows NT 6.1; WOW64; Trident/7.0; rv:11.0) like Gecko"
212.89.176.40 - - [13/Jan/2021:12:37:49 +0100] "GET /images/main_block_corner_left_bot.gif HTTP/1.1" 304 - "http://renault.activities.at/logout" "Mozilla/5.0 (Windows NT 6.1; WOW64; Trident/7.0; rv:11.0) like Gecko"
212.89.176.40 - - [13/Jan/2021:12:37:49 +0100] "GET /images/header_block_border.gif HTTP/1.1" 304 - "http://renault.activities.at/logout" "Mozilla/5.0 (Windows NT 6.1; WOW64; Trident/7.0; rv:11.0) like Gecko"
212.89.176.40 - - [13/Jan/2021:12:37:49 +0100] "GET /images/header_block_corner_right_top.gif HTTP/1.1" 304 - "http://renault.activities.at/logout" "Mozilla/5.0 (Windows NT 6.1; WOW64; Trident/7.0; rv:11.0) like Gecko"
212.89.176.40 - - [13/Jan/2021:12:37:49 +0100] "GET /images/title_border_top.jpg HTTP/1.1" 304 - "http://renault.activities.at/logout" "Mozilla/5.0 (Windows NT 6.1; WOW64; Trident/7.0; rv:11.0) like Gecko"
212.89.176.40 - - [13/Jan/2021:12:37:49 +0100] "GET /images/header_block_corner_left_top.gif HTTP/1.1" 304 - "http://renault.activities.at/logout" "Mozilla/5.0 (Windows NT 6.1; WOW64; Trident/7.0; rv:11.0) like Gecko"
212.89.176.40 - - [13/Jan/2021:12:37:49 +0100] "GET /images/title_border.jpg HTTP/1.1" 304 - "http://renault.activities.at/logout" "Mozilla/5.0 (Windows NT 6.1; WOW64; Trident/7.0; rv:11.0) like Gecko"
212.89.176.40 - - [13/Jan/2021:12:37:49 +0100] "GET /images/title_corner_right_top.jpg HTTP/1.1" 304 - "http://renault.activities.at/logout" "Mozilla/5.0 (Windows NT 6.1; WOW64; Trident/7.0; rv:11.0) like Gecko"
212.89.176.40 - - [13/Jan/2021:12:37:49 +0100] "GET /images/title_corner_left_top.jpg HTTP/1.1" 304 - "http://renault.activities.at/logout" "Mozilla/5.0 (Windows NT 6.1; WOW64; Trident/7.0; rv:11.0) like Gecko"
212.89.176.40 - - [13/Jan/2021:12:37:54 +0100] "GET / HTTP/1.1" 200 3273 "http://renault.activities.at/logout" "Mozilla/5.0 (Windows NT 6.1; WOW64; Trident/7.0; rv:11.0) like Gecko"
212.89.176.40 - - [13/Jan/2021:12:37:55 +0100] "GET /js/default.js HTTP/1.1" 304 - "http://renault.activities.at/" "Mozilla/5.0 (Windows NT 6.1; WOW64; Trident/7.0; rv:11.0) like Gecko"
212.89.176.40 - - [13/Jan/2021:12:37:55 +0100] "GET /js/flashdetection.js HTTP/1.1" 200 1059 "http://renault.activities.at/" "Mozilla/5.0 (Windows NT 6.1; WOW64; Trident/7.0; rv:11.0) like Gecko"
212.89.176.40 - - [13/Jan/2021:12:37:55 +0100] "GET /css/reset.css HTTP/1.1" 304 - "http://renault.activities.at/" "Mozilla/5.0 (Windows NT 6.1; WOW64; Trident/7.0; rv:11.0) like Gecko"
212.89.176.40 - - [13/Jan/2021:12:37:55 +0100] "GET /css/styles.css HTTP/1.1" 304 - "http://renault.activities.at/" "Mozilla/5.0 (Windows NT 6.1; WOW64; Trident/7.0; rv:11.0) like Gecko"
212.89.176.40 - - [13/Jan/2021:12:37:55 +0100] "GET /js/index.php?c=auto&f=,prototype/prototype.js,prototype/validation.js,scriptaculous/builder.js,scriptaculous/effects.js,scriptaculous/dragdrop.js,scriptaculous/controls.js,scriptaculous/slider.js,varien/js.js,varien/form.js,varien/menu.js,mage/translate.js,mage/cookies.js,varien/product.js,spinner/SpinnerControl.jsmin.js,prototype/window.js,prototype/window_ext.js HTTP/1.1" 304 - "http://renault.activities.at/" "Mozilla/5.0 (Windows NT 6.1; WOW64; Trident/7.0; rv:11.0) like Gecko"
212.89.176.40 - - [13/Jan/2021:12:37:55 +0100] "GET /css/print.css HTTP/1.1" 304 - "http://renault.activities.at/" "Mozilla/5.0 (Windows NT 6.1; WOW64; Trident/7.0; rv:11.0) like Gecko"
212.89.176.40 - - [13/Jan/2021:12:37:55 +0100] "GET /css/clears.css HTTP/1.1" 304 - "http://renault.activities.at/" "Mozilla/5.0 (Windows NT 6.1; WOW64; Trident/7.0; rv:11.0) like Gecko"
212.89.176.40 - - [13/Jan/2021:12:37:55 +0100] "GET /js/checkout.css HTTP/1.1" 304 - "http://renault.activities.at/" "Mozilla/5.0 (Windows NT 6.1; WOW64; Trident/7.0; rv:11.0) like Gecko"
212.89.176.40 - - [13/Jan/2021:12:37:55 +0100] "GET /css/themes/default.css HTTP/1.1" 304 - "http://renault.activities.at/" "Mozilla/5.0 (Windows NT 6.1; WOW64; Trident/7.0; rv:11.0) like Gecko"
212.89.176.40 - - [13/Jan/2021:12:37:55 +0100] "GET /css/prototip.css HTTP/1.1" 304 - "http://renault.activities.at/" "Mozilla/5.0 (Windows NT 6.1; WOW64; Trident/7.0; rv:11.0) like Gecko"
212.89.176.40 - - [13/Jan/2021:12:37:55 +0100] "GET /css/themes/alphacube.css HTTP/1.1" 304 - "http://renault.activities.at/" "Mozilla/5.0 (Windows NT 6.1; WOW64; Trident/7.0; rv:11.0) like Gecko"
212.89.176.40 - - [13/Jan/2021:12:37:55 +0100] "GET /images/header_block_border.gif HTTP/1.1" 304 - "http://renault.activities.at/" "Mozilla/5.0 (Windows NT 6.1; WOW64; Trident/7.0; rv:11.0) like Gecko"
212.89.176.40 - - [13/Jan/2021:12:37:55 +0100] "GET /images/title_corner_left_top.jpg HTTP/1.1" 304 - "http://renault.activities.at/" "Mozilla/5.0 (Windows NT 6.1; WOW64; Trident/7.0; rv:11.0) like Gecko"
212.89.176.40 - - [13/Jan/2021:12:37:55 +0100] "GET /images/header_block_corner_right_top.gif HTTP/1.1" 304 - "http://renault.activities.at/" "Mozilla/5.0 (Windows NT 6.1; WOW64; Trident/7.0; rv:11.0) like Gecko"
212.89.176.40 - - [13/Jan/2021:12:37:55 +0100] "GET /images/main_block_border.gif HTTP/1.1" 304 - "http://renault.activities.at/" "Mozilla/5.0 (Windows NT 6.1; WOW64; Trident/7.0; rv:11.0) like Gecko"
212.89.176.40 - - [13/Jan/2021:12:37:55 +0100] "GET /images/header_block_corner_left_top.gif HTTP/1.1" 304 - "http://renault.activities.at/" "Mozilla/5.0 (Windows NT 6.1; WOW64; Trident/7.0; rv:11.0) like Gecko"
212.89.176.40 - - [13/Jan/2021:12:37:55 +0100] "GET /images/title_border_top.jpg HTTP/1.1" 304 - "http://renault.activities.at/" "Mozilla/5.0 (Windows NT 6.1; WOW64; Trident/7.0; rv:11.0) like Gecko"
212.89.176.40 - - [13/Jan/2021:12:37:55 +0100] "GET /images/main_block_corner_left_top.gif HTTP/1.1" 304 - "http://renault.activities.at/" "Mozilla/5.0 (Windows NT 6.1; WOW64; Trident/7.0; rv:11.0) like Gecko"
212.89.176.40 - - [13/Jan/2021:12:37:55 +0100] "GET /images/main_block_corner_right_bot.gif HTTP/1.1" 304 - "http://renault.activities.at/" "Mozilla/5.0 (Windows NT 6.1; WOW64; Trident/7.0; rv:11.0) like Gecko"
212.89.176.40 - - [13/Jan/2021:12:37:55 +0100] "GET /images/main_block_corner_right_top.gif HTTP/1.1" 304 - "http://renault.activities.at/" "Mozilla/5.0 (Windows NT 6.1; WOW64; Trident/7.0; rv:11.0) like Gecko"
212.89.176.40 - - [13/Jan/2021:12:37:55 +0100] "GET /images/title_border.jpg HTTP/1.1" 304 - "http://renault.activities.at/" "Mozilla/5.0 (Windows NT 6.1; WOW64; Trident/7.0; rv:11.0) like Gecko"
212.89.176.40 - - [13/Jan/2021:12:37:55 +0100] "GET /images/title_corner_right_top.jpg HTTP/1.1" 304 - "http://renault.activities.at/" "Mozilla/5.0 (Windows NT 6.1; WOW64; Trident/7.0; rv:11.0) like Gecko"
212.89.176.40 - - [13/Jan/2021:12:37:55 +0100] "GET /images/main_block_corner_left_bot.gif HTTP/1.1" 304 - "http://renault.activities.at/" "Mozilla/5.0 (Windows NT 6.1; WOW64; Trident/7.0; rv:11.0) like Gecko"
212.152.229.244 - - [13/Jan/2021:12:38:06 +0100] "GET /reload?ser=1610537886192 HTTP/1.1" 200 28 "http://renault.activities.at/result?searchterm=true&search=fr%FCh" "Mozilla/5.0 (Windows NT 10.0; Win64; x64) AppleWebKit/537.36 (KHTML, like Gecko) Chrome/87.0.4280.141 Safari/537.36"
80.120.210.179 - - [13/Jan/2021:12:38:36 +0100] "GET /reload?ser=1610537916286 HTTP/1.1" 200 28 "http://renault.activities.at/12350251" "Mozilla/5.0 (Windows NT 10.0; Win64; x64; rv:84.0) Gecko/20100101 Firefox/84.0"
138.21.12.22 - - [13/Jan/2021:12:38:49 +0100] "GET /reload?ser=1610537928972 HTTP/1.1" 200 28 "http://renault.2web.at/imprintaddress" "Mozilla/5.0 (Windows NT 10.0; Win64; x64) AppleWebKit/537.36 (KHTML, like Gecko) Chrome/87.0.4280.88 Safari/537.36"
212.89.176.40 - - [13/Jan/2021:12:38:55 +0100] "GET /reload?ser=1610537929112 HTTP/1.1" 200 28 "http://renault.activities.at/" "Mozilla/5.0 (Windows NT 6.1; WOW64; Trident/7.0; rv:11.0) like Gecko"
212.152.229.244 - - [13/Jan/2021:12:39:07 +0100] "GET /reload?ser=1610537947195 HTTP/1.1" 200 28 "http://renault.activities.at/result?searchterm=true&search=fr%FCh" "Mozilla/5.0 (Windows NT 10.0; Win64; x64) AppleWebKit/537.36 (KHTML, like Gecko) Chrome/87.0.4280.141 Safari/537.36"
80.120.210.179 - - [13/Jan/2021:12:39:37 +0100] "GET /reload?ser=1610537977329 HTTP/1.1" 200 28 "http://renault.activities.at/12350251" "Mozilla/5.0 (Windows NT 10.0; Win64; x64; rv:84.0) Gecko/20100101 Firefox/84.0"
138.21.12.22 - - [13/Jan/2021:12:39:51 +0100] "GET /reload?ser=1610537990987 HTTP/1.1" 200 28 "http://renault.2web.at/imprintaddress" "Mozilla/5.0 (Windows NT 10.0; Win64; x64) AppleWebKit/537.36 (KHTML, like Gecko) Chrome/87.0.4280.88 Safari/537.36"
212.89.176.40 - - [13/Jan/2021:12:39:56 +0100] "GET /reload?ser=1610537989765 HTTP/1.1" 200 28 "http://renault.activities.at/" "Mozilla/5.0 (Windows NT 6.1; WOW64; Trident/7.0; rv:11.0) like Gecko"
212.152.229.244 - - [13/Jan/2021:12:40:08 +0100] "GET /reload?ser=1610538008198 HTTP/1.1" 200 28 "http://renault.activities.at/result?searchterm=true&search=fr%FCh" "Mozilla/5.0 (Windows NT 10.0; Win64; x64) AppleWebKit/537.36 (KHTML, like Gecko) Chrome/87.0.4280.141 Safari/537.36"
80.120.210.179 - - [13/Jan/2021:12:40:38 +0100] "GET /reload?ser=1610538038333 HTTP/1.1" 200 28 "http://renault.activities.at/12350251" "Mozilla/5.0 (Windows NT 10.0; Win64; x64; rv:84.0) Gecko/20100101 Firefox/84.0"
138.21.12.22 - - [13/Jan/2021:12:40:53 +0100] "GET /reload?ser=1610538052983 HTTP/1.1" 200 28 "http://renault.2web.at/imprintaddress" "Mozilla/5.0 (Windows NT 10.0; Win64; x64) AppleWebKit/537.36 (KHTML, like Gecko) Chrome/87.0.4280.88 Safari/537.36"
212.89.176.40 - - [13/Jan/2021:12:40:56 +0100] "GET /reload?ser=1610538050419 HTTP/1.1" 200 28 "http://renault.activities.at/" "Mozilla/5.0 (Windows NT 6.1; WOW64; Trident/7.0; rv:11.0) like Gecko"
212.152.229.244 - - [13/Jan/2021:12:41:09 +0100] "GET /reload?ser=1610538069189 HTTP/1.1" 200 28 "http://renault.activities.at/result?searchterm=true&search=fr%FCh" "Mozilla/5.0 (Windows NT 10.0; Win64; x64) AppleWebKit/537.36 (KHTML, like Gecko) Chrome/87.0.4280.141 Safari/537.36"
80.120.210.179 - - [13/Jan/2021:12:41:39 +0100] "GET /reload?ser=1610538099395 HTTP/1.1" 200 28 "http://renault.activities.at/12350251" "Mozilla/5.0 (Windows NT 10.0; Win64; x64; rv:84.0) Gecko/20100101 Firefox/84.0"
138.21.12.22 - - [13/Jan/2021:12:41:55 +0100] "GET /reload?ser=1610538114992 HTTP/1.1" 200 28 "http://renault.2web.at/imprintaddress" "Mozilla/5.0 (Windows NT 10.0; Win64; x64) AppleWebKit/537.36 (KHTML, like Gecko) Chrome/87.0.4280.88 Safari/537.36"
212.89.176.40 - - [13/Jan/2021:12:41:57 +0100] "GET /reload?ser=1610538111064 HTTP/1.1" 200 28 "http://renault.activities.at/" "Mozilla/5.0 (Windows NT 6.1; WOW64; Trident/7.0; rv:11.0) like Gecko"
212.152.229.244 - - [13/Jan/2021:12:42:10 +0100] "GET /reload?ser=1610538130192 HTTP/1.1" 200 28 "http://renault.activities.at/result?searchterm=true&search=fr%FCh" "Mozilla/5.0 (Windows NT 10.0; Win64; x64) AppleWebKit/537.36 (KHTML, like Gecko) Chrome/87.0.4280.141 Safari/537.36"
80.120.210.179 - - [13/Jan/2021:12:42:40 +0100] "GET /reload?ser=1610538160441 HTTP/1.1" 200 28 "http://renault.activities.at/12350251" "Mozilla/5.0 (Windows NT 10.0; Win64; x64; rv:84.0) Gecko/20100101 Firefox/84.0"
138.21.12.22 - - [13/Jan/2021:12:42:57 +0100] "GET /reload?ser=1610538177003 HTTP/1.1" 200 28 "http://renault.2web.at/imprintaddress" "Mozilla/5.0 (Windows NT 10.0; Win64; x64) AppleWebKit/537.36 (KHTML, like Gecko) Chrome/87.0.4280.88 Safari/537.36"
212.89.176.40 - - [13/Jan/2021:12:42:57 +0100] "GET /reload?ser=1610538171705 HTTP/1.1" 200 28 "http://renault.activities.at/" "Mozilla/5.0 (Windows NT 6.1; WOW64; Trident/7.0; rv:11.0) like Gecko"
212.152.229.244 - - [13/Jan/2021:12:43:11 +0100] "GET /reload?ser=1610538191195 HTTP/1.1" 200 28 "http://renault.activities.at/result?searchterm=true&search=fr%FCh" "Mozilla/5.0 (Windows NT 10.0; Win64; x64) AppleWebKit/537.36 (KHTML, like Gecko) Chrome/87.0.4280.141 Safari/537.36"
80.120.210.179 - - [13/Jan/2021:12:43:41 +0100] "GET /reload?ser=1610538221484 HTTP/1.1" 200 28 "http://renault.activities.at/12350251" "Mozilla/5.0 (Windows NT 10.0; Win64; x64; rv:84.0) Gecko/20100101 Firefox/84.0"
212.89.176.40 - - [13/Jan/2021:12:43:58 +0100] "GET /reload?ser=1610538232335 HTTP/1.1" 200 28 "http://renault.activities.at/" "Mozilla/5.0 (Windows NT 6.1; WOW64; Trident/7.0; rv:11.0) like Gecko"
138.21.12.22 - - [13/Jan/2021:12:43:59 +0100] "GET /reload?ser=1610538239008 HTTP/1.1" 200 28 "http://renault.2web.at/imprintaddress" "Mozilla/5.0 (Windows NT 10.0; Win64; x64) AppleWebKit/537.36 (KHTML, like Gecko) Chrome/87.0.4280.88 Safari/537.36"
212.152.229.244 - - [13/Jan/2021:12:44:12 +0100] "GET /reload?ser=1610538252198 HTTP/1.1" 200 28 "http://renault.activities.at/result?searchterm=true&search=fr%FCh" "Mozilla/5.0 (Windows NT 10.0; Win64; x64) AppleWebKit/537.36 (KHTML, like Gecko) Chrome/87.0.4280.141 Safari/537.36"
80.120.210.179 - - [13/Jan/2021:12:44:42 +0100] "GET /reload?ser=1610538282459 HTTP/1.1" 200 28 "http://renault.activities.at/12350251" "Mozilla/5.0 (Windows NT 10.0; Win64; x64; rv:84.0) Gecko/20100101 Firefox/84.0"
212.89.176.40 - - [13/Jan/2021:12:44:59 +0100] "GET /reload?ser=1610538293017 HTTP/1.1" 200 28 "http://renault.activities.at/" "Mozilla/5.0 (Windows NT 6.1; WOW64; Trident/7.0; rv:11.0) like Gecko"
138.21.12.22 - - [13/Jan/2021:12:45:01 +0100] "GET /reload?ser=1610538301012 HTTP/1.1" 200 28 "http://renault.2web.at/imprintaddress" "Mozilla/5.0 (Windows NT 10.0; Win64; x64) AppleWebKit/537.36 (KHTML, like Gecko) Chrome/87.0.4280.88 Safari/537.36"
212.152.229.244 - - [13/Jan/2021:12:45:13 +0100] "GET /reload?ser=1610538313201 HTTP/1.1" 200 28 "http://renault.activities.at/result?searchterm=true&search=fr%FCh" "Mozilla/5.0 (Windows NT 10.0; Win64; x64) AppleWebKit/537.36 (KHTML, like Gecko) Chrome/87.0.4280.141 Safari/537.36"
80.120.210.179 - - [13/Jan/2021:12:45:43 +0100] "GET /reload?ser=1610538343497 HTTP/1.1" 200 28 "http://renault.activities.at/12350251" "Mozilla/5.0 (Windows NT 10.0; Win64; x64; rv:84.0) Gecko/20100101 Firefox/84.0"
212.89.176.40 - - [13/Jan/2021:12:45:59 +0100] "GET /reload?ser=1610538353660 HTTP/1.1" 200 28 "http://renault.activities.at/" "Mozilla/5.0 (Windows NT 6.1; WOW64; Trident/7.0; rv:11.0) like Gecko"
138.21.12.22 - - [13/Jan/2021:12:46:03 +0100] "GET /reload?ser=1610538363018 HTTP/1.1" 200 28 "http://renault.2web.at/imprintaddress" "Mozilla/5.0 (Windows NT 10.0; Win64; x64) AppleWebKit/537.36 (KHTML, like Gecko) Chrome/87.0.4280.88 Safari/537.36"
212.152.229.244 - - [13/Jan/2021:12:46:14 +0100] "GET /reload?ser=1610538374192 HTTP/1.1" 200 28 "http://renault.activities.at/result?searchterm=true&search=fr%FCh" "Mozilla/5.0 (Windows NT 10.0; Win64; x64) AppleWebKit/537.36 (KHTML, like Gecko) Chrome/87.0.4280.141 Safari/537.36"
80.120.210.179 - - [13/Jan/2021:12:46:44 +0100] "GET /reload?ser=1610538404517 HTTP/1.1" 200 28 "http://renault.activities.at/12350251" "Mozilla/5.0 (Windows NT 10.0; Win64; x64; rv:84.0) Gecko/20100101 Firefox/84.0"
212.89.176.40 - - [13/Jan/2021:12:47:00 +0100] "GET /reload?ser=1610538414313 HTTP/1.1" 200 28 "http://renault.activities.at/" "Mozilla/5.0 (Windows NT 6.1; WOW64; Trident/7.0; rv:11.0) like Gecko"
138.21.12.22 - - [13/Jan/2021:12:47:05 +0100] "GET /reload?ser=1610538425024 HTTP/1.1" 200 28 "http://renault.2web.at/imprintaddress" "Mozilla/5.0 (Windows NT 10.0; Win64; x64) AppleWebKit/537.36 (KHTML, like Gecko) Chrome/87.0.4280.88 Safari/537.36"
212.152.229.244 - - [13/Jan/2021:12:47:15 +0100] "GET /reload?ser=1610538435195 HTTP/1.1" 200 28 "http://renault.activities.at/result?searchterm=true&search=fr%FCh" "Mozilla/5.0 (Windows NT 10.0; Win64; x64) AppleWebKit/537.36 (KHTML, like Gecko) Chrome/87.0.4280.141 Safari/537.36"
80.120.210.179 - - [13/Jan/2021:12:47:45 +0100] "GET /reload?ser=1610538465542 HTTP/1.1" 200 28 "http://renault.activities.at/12350251" "Mozilla/5.0 (Windows NT 10.0; Win64; x64; rv:84.0) Gecko/20100101 Firefox/84.0"
212.89.176.40 - - [13/Jan/2021:12:48:01 +0100] "GET /reload?ser=1610538474968 HTTP/1.1" 200 28 "http://renault.activities.at/" "Mozilla/5.0 (Windows NT 6.1; WOW64; Trident/7.0; rv:11.0) like Gecko"
138.21.12.22 - - [13/Jan/2021:12:48:07 +0100] "GET /reload?ser=1610538487035 HTTP/1.1" 200 28 "http://renault.2web.at/imprintaddress" "Mozilla/5.0 (Windows NT 10.0; Win64; x64) AppleWebKit/537.36 (KHTML, like Gecko) Chrome/87.0.4280.88 Safari/537.36"
212.152.229.244 - - [13/Jan/2021:12:48:16 +0100] "GET /reload?ser=1610538496198 HTTP/1.1" 200 28 "http://renault.activities.at/result?searchterm=true&search=fr%FCh" "Mozilla/5.0 (Windows NT 10.0; Win64; x64) AppleWebKit/537.36 (KHTML, like Gecko) Chrome/87.0.4280.141 Safari/537.36"
80.120.210.179 - - [13/Jan/2021:12:48:46 +0100] "GET /reload?ser=1610538526530 HTTP/1.1" 200 28 "http://renault.activities.at/12350251" "Mozilla/5.0 (Windows NT 10.0; Win64; x64; rv:84.0) Gecko/20100101 Firefox/84.0"
212.89.176.40 - - [13/Jan/2021:12:49:01 +0100] "GET /reload?ser=1610538535624 HTTP/1.1" 200 28 "http://renault.activities.at/" "Mozilla/5.0 (Windows NT 6.1; WOW64; Trident/7.0; rv:11.0) like Gecko"
138.21.12.22 - - [13/Jan/2021:12:49:09 +0100] "GET /reload?ser=1610538549035 HTTP/1.1" 200 28 "http://renault.2web.at/imprintaddress" "Mozilla/5.0 (Windows NT 10.0; Win64; x64) AppleWebKit/537.36 (KHTML, like Gecko) Chrome/87.0.4280.88 Safari/537.36"
212.152.229.244 - - [13/Jan/2021:12:49:17 +0100] "GET /reload?ser=1610538557201 HTTP/1.1" 200 28 "http://renault.activities.at/result?searchterm=true&search=fr%FCh" "Mozilla/5.0 (Windows NT 10.0; Win64; x64) AppleWebKit/537.36 (KHTML, like Gecko) Chrome/87.0.4280.141 Safari/537.36"
80.120.210.179 - - [13/Jan/2021:12:49:47 +0100] "GET /reload?ser=1610538587546 HTTP/1.1" 200 28 "http://renault.activities.at/12350251" "Mozilla/5.0 (Windows NT 10.0; Win64; x64; rv:84.0) Gecko/20100101 Firefox/84.0"
212.89.176.40 - - [13/Jan/2021:12:50:02 +0100] "GET /reload?ser=1610538596278 HTTP/1.1" 200 28 "http://renault.activities.at/" "Mozilla/5.0 (Windows NT 6.1; WOW64; Trident/7.0; rv:11.0) like Gecko"
138.21.12.22 - - [13/Jan/2021:12:50:11 +0100] "GET /reload?ser=1610538611039 HTTP/1.1" 200 28 "http://renault.2web.at/imprintaddress" "Mozilla/5.0 (Windows NT 10.0; Win64; x64) AppleWebKit/537.36 (KHTML, like Gecko) Chrome/87.0.4280.88 Safari/537.36"
212.152.229.244 - - [13/Jan/2021:12:50:18 +0100] "GET /reload?ser=1610538618188 HTTP/1.1" 200 28 "http://renault.activities.at/result?searchterm=true&search=fr%FCh" "Mozilla/5.0 (Windows NT 10.0; Win64; x64) AppleWebKit/537.36 (KHTML, like Gecko) Chrome/87.0.4280.141 Safari/537.36"
80.120.210.179 - - [13/Jan/2021:12:50:48 +0100] "GET /reload?ser=1610538648547 HTTP/1.1" 200 28 "http://renault.activities.at/12350251" "Mozilla/5.0 (Windows NT 10.0; Win64; x64; rv:84.0) Gecko/20100101 Firefox/84.0"
212.89.176.40 - - [13/Jan/2021:12:51:03 +0100] "GET /reload?ser=1610538656948 HTTP/1.1" 200 28 "http://renault.activities.at/" "Mozilla/5.0 (Windows NT 6.1; WOW64; Trident/7.0; rv:11.0) like Gecko"
138.21.12.22 - - [13/Jan/2021:12:51:13 +0100] "GET /reload?ser=1610538673044 HTTP/1.1" 200 28 "http://renault.2web.at/imprintaddress" "Mozilla/5.0 (Windows NT 10.0; Win64; x64) AppleWebKit/537.36 (KHTML, like Gecko) Chrome/87.0.4280.88 Safari/537.36"
212.152.229.244 - - [13/Jan/2021:12:51:19 +0100] "GET /reload?ser=1610538679194 HTTP/1.1" 200 28 "http://renault.activities.at/result?searchterm=true&search=fr%FCh" "Mozilla/5.0 (Windows NT 10.0; Win64; x64) AppleWebKit/537.36 (KHTML, like Gecko) Chrome/87.0.4280.141 Safari/537.36"
80.120.210.179 - - [13/Jan/2021:12:51:49 +0100] "GET /reload?ser=1610538709526 HTTP/1.1" 200 28 "http://renault.activities.at/12350251" "Mozilla/5.0 (Windows NT 10.0; Win64; x64; rv:84.0) Gecko/20100101 Firefox/84.0"
212.89.176.40 - - [13/Jan/2021:12:52:03 +0100] "GET /reload?ser=1610538717603 HTTP/1.1" 200 28 "http://renault.activities.at/" "Mozilla/5.0 (Windows NT 6.1; WOW64; Trident/7.0; rv:11.0) like Gecko"
138.21.12.22 - - [13/Jan/2021:12:52:15 +0100] "GET /reload?ser=1610538735048 HTTP/1.1" 200 28 "http://renault.2web.at/imprintaddress" "Mozilla/5.0 (Windows NT 10.0; Win64; x64) AppleWebKit/537.36 (KHTML, like Gecko) Chrome/87.0.4280.88 Safari/537.36"
212.152.229.244 - - [13/Jan/2021:12:52:20 +0100] "GET /reload?ser=1610538740197 HTTP/1.1" 200 28 "http://renault.activities.at/result?searchterm=true&search=fr%FCh" "Mozilla/5.0 (Windows NT 10.0; Win64; x64) AppleWebKit/537.36 (KHTML, like Gecko) Chrome/87.0.4280.141 Safari/537.36"
80.120.210.179 - - [13/Jan/2021:12:52:50 +0100] "GET /reload?ser=1610538770547 HTTP/1.1" 200 28 "http://renault.activities.at/12350251" "Mozilla/5.0 (Windows NT 10.0; Win64; x64; rv:84.0) Gecko/20100101 Firefox/84.0"
212.89.176.40 - - [13/Jan/2021:12:53:04 +0100] "GET /reload?ser=1610538778249 HTTP/1.1" 200 28 "http://renault.activities.at/" "Mozilla/5.0 (Windows NT 6.1; WOW64; Trident/7.0; rv:11.0) like Gecko"
138.21.12.22 - - [13/Jan/2021:12:53:17 +0100] "GET /reload?ser=1610538797051 HTTP/1.1" 200 28 "http://renault.2web.at/imprintaddress" "Mozilla/5.0 (Windows NT 10.0; Win64; x64) AppleWebKit/537.36 (KHTML, like Gecko) Chrome/87.0.4280.88 Safari/537.36"
212.152.229.244 - - [13/Jan/2021:12:53:21 +0100] "GET /reload?ser=1610538801200 HTTP/1.1" 200 28 "http://renault.activities.at/result?searchterm=true&search=fr%FCh" "Mozilla/5.0 (Windows NT 10.0; Win64; x64) AppleWebKit/537.36 (KHTML, like Gecko) Chrome/87.0.4280.141 Safari/537.36"
80.120.210.179 - - [13/Jan/2021:12:53:51 +0100] "GET /reload?ser=1610538831573 HTTP/1.1" 200 28 "http://renault.activities.at/12350251" "Mozilla/5.0 (Windows NT 10.0; Win64; x64; rv:84.0) Gecko/20100101 Firefox/84.0"
212.89.176.40 - - [13/Jan/2021:12:54:05 +0100] "GET /reload?ser=1610538838900 HTTP/1.1" 200 28 "http://renault.activities.at/" "Mozilla/5.0 (Windows NT 6.1; WOW64; Trident/7.0; rv:11.0) like Gecko"
138.21.12.22 - - [13/Jan/2021:12:54:19 +0100] "GET /reload?ser=1610538859055 HTTP/1.1" 200 28 "http://renault.2web.at/imprintaddress" "Mozilla/5.0 (Windows NT 10.0; Win64; x64) AppleWebKit/537.36 (KHTML, like Gecko) Chrome/87.0.4280.88 Safari/537.36"
212.152.229.244 - - [13/Jan/2021:12:54:22 +0100] "GET /reload?ser=1610538862188 HTTP/1.1" 200 28 "http://renault.activities.at/result?searchterm=true&search=fr%FCh" "Mozilla/5.0 (Windows NT 10.0; Win64; x64) AppleWebKit/537.36 (KHTML, like Gecko) Chrome/87.0.4280.141 Safari/537.36"
80.120.210.179 - - [13/Jan/2021:12:54:52 +0100] "GET /reload?ser=1610538892615 HTTP/1.1" 200 28 "http://renault.activities.at/12350251" "Mozilla/5.0 (Windows NT 10.0; Win64; x64; rv:84.0) Gecko/20100101 Firefox/84.0"
212.89.176.40 - - [13/Jan/2021:12:55:05 +0100] "GET /reload?ser=1610538899544 HTTP/1.1" 200 28 "http://renault.activities.at/" "Mozilla/5.0 (Windows NT 6.1; WOW64; Trident/7.0; rv:11.0) like Gecko"
138.21.12.22 - - [13/Jan/2021:12:55:21 +0100] "GET /reload?ser=1610538921058 HTTP/1.1" 200 28 "http://renault.2web.at/imprintaddress" "Mozilla/5.0 (Windows NT 10.0; Win64; x64) AppleWebKit/537.36 (KHTML, like Gecko) Chrome/87.0.4280.88 Safari/537.36"
212.152.229.244 - - [13/Jan/2021:12:55:23 +0100] "GET /reload?ser=1610538923191 HTTP/1.1" 200 28 "http://renault.activities.at/result?searchterm=true&search=fr%FCh" "Mozilla/5.0 (Windows NT 10.0; Win64; x64) AppleWebKit/537.36 (KHTML, like Gecko) Chrome/87.0.4280.141 Safari/537.36"
80.120.210.179 - - [13/Jan/2021:12:55:53 +0100] "GET /reload?ser=1610538953621 HTTP/1.1" 200 28 "http://renault.activities.at/12350251" "Mozilla/5.0 (Windows NT 10.0; Win64; x64; rv:84.0) Gecko/20100101 Firefox/84.0"
212.89.176.40 - - [13/Jan/2021:12:56:06 +0100] "GET /reload?ser=1610538960185 HTTP/1.1" 200 28 "http://renault.activities.at/" "Mozilla/5.0 (Windows NT 6.1; WOW64; Trident/7.0; rv:11.0) like Gecko"
138.21.12.22 - - [13/Jan/2021:12:56:23 +0100] "GET /reload?ser=1610538983061 HTTP/1.1" 200 28 "http://renault.2web.at/imprintaddress" "Mozilla/5.0 (Windows NT 10.0; Win64; x64) AppleWebKit/537.36 (KHTML, like Gecko) Chrome/87.0.4280.88 Safari/537.36"
212.152.229.244 - - [13/Jan/2021:12:56:24 +0100] "GET /reload?ser=1610538984197 HTTP/1.1" 200 28 "http://renault.activities.at/result?searchterm=true&search=fr%FCh" "Mozilla/5.0 (Windows NT 10.0; Win64; x64) AppleWebKit/537.36 (KHTML, like Gecko) Chrome/87.0.4280.141 Safari/537.36"
80.120.210.179 - - [13/Jan/2021:12:56:54 +0100] "GET /reload?ser=1610539014597 HTTP/1.1" 200 28 "http://renault.activities.at/12350251" "Mozilla/5.0 (Windows NT 10.0; Win64; x64; rv:84.0) Gecko/20100101 Firefox/84.0"
212.89.176.40 - - [13/Jan/2021:12:57:07 +0100] "GET /reload?ser=1610539020825 HTTP/1.1" 200 28 "http://renault.activities.at/" "Mozilla/5.0 (Windows NT 6.1; WOW64; Trident/7.0; rv:11.0) like Gecko"
138.21.12.22 - - [13/Jan/2021:12:57:25 +0100] "GET /reload?ser=1610539045065 HTTP/1.1" 200 28 "http://renault.2web.at/imprintaddress" "Mozilla/5.0 (Windows NT 10.0; Win64; x64) AppleWebKit/537.36 (KHTML, like Gecko) Chrome/87.0.4280.88 Safari/537.36"
212.152.229.244 - - [13/Jan/2021:12:57:25 +0100] "GET /reload?ser=1610539045200 HTTP/1.1" 200 28 "http://renault.activities.at/result?searchterm=true&search=fr%FCh" "Mozilla/5.0 (Windows NT 10.0; Win64; x64) AppleWebKit/537.36 (KHTML, like Gecko) Chrome/87.0.4280.141 Safari/537.36"
80.120.210.179 - - [13/Jan/2021:12:57:55 +0100] "GET /reload?ser=1610539075606 HTTP/1.1" 200 28 "http://renault.activities.at/12350251" "Mozilla/5.0 (Windows NT 10.0; Win64; x64; rv:84.0) Gecko/20100101 Firefox/84.0"
212.89.176.40 - - [13/Jan/2021:12:58:07 +0100] "GET /reload?ser=1610539081504 HTTP/1.1" 200 28 "http://renault.activities.at/" "Mozilla/5.0 (Windows NT 6.1; WOW64; Trident/7.0; rv:11.0) like Gecko"
212.152.229.244 - - [13/Jan/2021:12:58:26 +0100] "GET /reload?ser=1610539106187 HTTP/1.1" 200 28 "http://renault.activities.at/result?searchterm=true&search=fr%FCh" "Mozilla/5.0 (Windows NT 10.0; Win64; x64) AppleWebKit/537.36 (KHTML, like Gecko) Chrome/87.0.4280.141 Safari/537.36"
138.21.12.22 - - [13/Jan/2021:12:58:27 +0100] "GET /reload?ser=1610539107067 HTTP/1.1" 200 28 "http://renault.2web.at/imprintaddress" "Mozilla/5.0 (Windows NT 10.0; Win64; x64) AppleWebKit/537.36 (KHTML, like Gecko) Chrome/87.0.4280.88 Safari/537.36"
80.120.210.179 - - [13/Jan/2021:12:58:56 +0100] "GET /reload?ser=1610539136587 HTTP/1.1" 200 28 "http://renault.activities.at/12350251" "Mozilla/5.0 (Windows NT 10.0; Win64; x64; rv:84.0) Gecko/20100101 Firefox/84.0"
212.89.176.40 - - [13/Jan/2021:12:59:08 +0100] "GET /reload?ser=1610539142143 HTTP/1.1" 200 28 "http://renault.activities.at/" "Mozilla/5.0 (Windows NT 6.1; WOW64; Trident/7.0; rv:11.0) like Gecko"
212.152.229.244 - - [13/Jan/2021:12:59:27 +0100] "GET /reload?ser=1610539167190 HTTP/1.1" 200 28 "http://renault.activities.at/result?searchterm=true&search=fr%FCh" "Mozilla/5.0 (Windows NT 10.0; Win64; x64) AppleWebKit/537.36 (KHTML, like Gecko) Chrome/87.0.4280.141 Safari/537.36"
138.21.12.22 - - [13/Jan/2021:12:59:29 +0100] "GET /reload?ser=1610539169070 HTTP/1.1" 200 28 "http://renault.2web.at/imprintaddress" "Mozilla/5.0 (Windows NT 10.0; Win64; x64) AppleWebKit/537.36 (KHTML, like Gecko) Chrome/87.0.4280.88 Safari/537.36"
80.120.210.179 - - [13/Jan/2021:12:59:57 +0100] "GET /reload?ser=1610539197585 HTTP/1.1" 200 28 "http://renault.activities.at/12350251" "Mozilla/5.0 (Windows NT 10.0; Win64; x64; rv:84.0) Gecko/20100101 Firefox/84.0"
212.89.176.40 - - [13/Jan/2021:13:00:09 +0100] "GET /reload?ser=1610539202798 HTTP/1.1" 200 28 "http://renault.activities.at/" "Mozilla/5.0 (Windows NT 6.1; WOW64; Trident/7.0; rv:11.0) like Gecko"
212.152.229.244 - - [13/Jan/2021:13:00:28 +0100] "GET /reload?ser=1610539228193 HTTP/1.1" 200 28 "http://renault.activities.at/result?searchterm=true&search=fr%FCh" "Mozilla/5.0 (Windows NT 10.0; Win64; x64) AppleWebKit/537.36 (KHTML, like Gecko) Chrome/87.0.4280.141 Safari/537.36"
138.21.12.22 - - [13/Jan/2021:13:00:31 +0100] "GET /reload?ser=1610539231071 HTTP/1.1" 200 28 "http://renault.2web.at/imprintaddress" "Mozilla/5.0 (Windows NT 10.0; Win64; x64) AppleWebKit/537.36 (KHTML, like Gecko) Chrome/87.0.4280.88 Safari/537.36"
80.120.210.179 - - [13/Jan/2021:13:00:58 +0100] "GET /reload?ser=1610539258602 HTTP/1.1" 200 28 "http://renault.activities.at/12350251" "Mozilla/5.0 (Windows NT 10.0; Win64; x64; rv:84.0) Gecko/20100101 Firefox/84.0"
212.89.176.40 - - [13/Jan/2021:13:01:09 +0100] "GET /reload?ser=1610539263437 HTTP/1.1" 200 28 "http://renault.activities.at/" "Mozilla/5.0 (Windows NT 6.1; WOW64; Trident/7.0; rv:11.0) like Gecko"
212.152.229.244 - - [13/Jan/2021:13:01:29 +0100] "GET /reload?ser=1610539289196 HTTP/1.1" 200 28 "http://renault.activities.at/result?searchterm=true&search=fr%FCh" "Mozilla/5.0 (Windows NT 10.0; Win64; x64) AppleWebKit/537.36 (KHTML, like Gecko) Chrome/87.0.4280.141 Safari/537.36"
138.21.12.22 - - [13/Jan/2021:13:01:33 +0100] "GET /reload?ser=1610539293074 HTTP/1.1" 200 28 "http://renault.2web.at/imprintaddress" "Mozilla/5.0 (Windows NT 10.0; Win64; x64) AppleWebKit/537.36 (KHTML, like Gecko) Chrome/87.0.4280.88 Safari/537.36"
80.120.210.179 - - [13/Jan/2021:13:01:59 +0100] "GET /reload?ser=1610539319632 HTTP/1.1" 200 28 "http://renault.activities.at/12350251" "Mozilla/5.0 (Windows NT 10.0; Win64; x64; rv:84.0) Gecko/20100101 Firefox/84.0"
212.89.176.40 - - [13/Jan/2021:13:02:10 +0100] "GET /reload?ser=1610539324078 HTTP/1.1" 200 28 "http://renault.activities.at/" "Mozilla/5.0 (Windows NT 6.1; WOW64; Trident/7.0; rv:11.0) like Gecko"
212.152.229.244 - - [13/Jan/2021:13:02:30 +0100] "GET /reload?ser=1610539350199 HTTP/1.1" 200 28 "http://renault.activities.at/result?searchterm=true&search=fr%FCh" "Mozilla/5.0 (Windows NT 10.0; Win64; x64) AppleWebKit/537.36 (KHTML, like Gecko) Chrome/87.0.4280.141 Safari/537.36"
138.21.12.22 - - [13/Jan/2021:13:02:35 +0100] "GET /reload?ser=1610539355076 HTTP/1.1" 200 28 "http://renault.2web.at/imprintaddress" "Mozilla/5.0 (Windows NT 10.0; Win64; x64) AppleWebKit/537.36 (KHTML, like Gecko) Chrome/87.0.4280.88 Safari/537.36"
80.120.210.179 - - [13/Jan/2021:13:03:00 +0100] "GET /reload?ser=1610539380638 HTTP/1.1" 200 28 "http://renault.activities.at/12350251" "Mozilla/5.0 (Windows NT 10.0; Win64; x64; rv:84.0) Gecko/20100101 Firefox/84.0"
212.89.176.40 - - [13/Jan/2021:13:03:11 +0100] "GET /reload?ser=1610539384728 HTTP/1.1" 200 28 "http://renault.activities.at/" "Mozilla/5.0 (Windows NT 6.1; WOW64; Trident/7.0; rv:11.0) like Gecko"
212.152.229.244 - - [13/Jan/2021:13:03:31 +0100] "GET /reload?ser=1610539411187 HTTP/1.1" 200 28 "http://renault.activities.at/result?searchterm=true&search=fr%FCh" "Mozilla/5.0 (Windows NT 10.0; Win64; x64) AppleWebKit/537.36 (KHTML, like Gecko) Chrome/87.0.4280.141 Safari/537.36"
138.21.12.22 - - [13/Jan/2021:13:03:37 +0100] "GET /reload?ser=1610539417081 HTTP/1.1" 200 28 "http://renault.2web.at/imprintaddress" "Mozilla/5.0 (Windows NT 10.0; Win64; x64) AppleWebKit/537.36 (KHTML, like Gecko) Chrome/87.0.4280.88 Safari/537.36"
80.120.210.179 - - [13/Jan/2021:13:04:01 +0100] "GET /reload?ser=1610539441648 HTTP/1.1" 200 28 "http://renault.activities.at/12350251" "Mozilla/5.0 (Windows NT 10.0; Win64; x64; rv:84.0) Gecko/20100101 Firefox/84.0"
212.89.176.40 - - [13/Jan/2021:13:04:11 +0100] "GET /reload?ser=1610539445368 HTTP/1.1" 200 28 "http://renault.activities.at/" "Mozilla/5.0 (Windows NT 6.1; WOW64; Trident/7.0; rv:11.0) like Gecko"
212.152.229.244 - - [13/Jan/2021:13:04:32 +0100] "GET /reload?ser=1610539472190 HTTP/1.1" 200 28 "http://renault.activities.at/result?searchterm=true&search=fr%FCh" "Mozilla/5.0 (Windows NT 10.0; Win64; x64) AppleWebKit/537.36 (KHTML, like Gecko) Chrome/87.0.4280.141 Safari/537.36"
138.21.12.22 - - [13/Jan/2021:13:04:39 +0100] "GET /reload?ser=1610539479089 HTTP/1.1" 200 28 "http://renault.2web.at/imprintaddress" "Mozilla/5.0 (Windows NT 10.0; Win64; x64) AppleWebKit/537.36 (KHTML, like Gecko) Chrome/87.0.4280.88 Safari/537.36"
80.120.210.179 - - [13/Jan/2021:13:05:02 +0100] "GET /reload?ser=1610539502671 HTTP/1.1" 200 28 "http://renault.activities.at/12350251" "Mozilla/5.0 (Windows NT 10.0; Win64; x64; rv:84.0) Gecko/20100101 Firefox/84.0"
212.89.176.40 - - [13/Jan/2021:13:05:12 +0100] "GET /reload?ser=1610539506051 HTTP/1.1" 200 28 "http://renault.activities.at/" "Mozilla/5.0 (Windows NT 6.1; WOW64; Trident/7.0; rv:11.0) like Gecko"
212.152.229.244 - - [13/Jan/2021:13:05:33 +0100] "GET /reload?ser=1610539533186 HTTP/1.1" 200 28 "http://renault.activities.at/result?searchterm=true&search=fr%FCh" "Mozilla/5.0 (Windows NT 10.0; Win64; x64) AppleWebKit/537.36 (KHTML, like Gecko) Chrome/87.0.4280.141 Safari/537.36"
138.21.12.22 - - [13/Jan/2021:13:05:41 +0100] "GET /reload?ser=1610539541089 HTTP/1.1" 200 28 "http://renault.2web.at/imprintaddress" "Mozilla/5.0 (Windows NT 10.0; Win64; x64) AppleWebKit/537.36 (KHTML, like Gecko) Chrome/87.0.4280.88 Safari/537.36"
80.120.210.179 - - [13/Jan/2021:13:06:03 +0100] "GET /reload?ser=1610539563726 HTTP/1.1" 200 28 "http://renault.activities.at/12350251" "Mozilla/5.0 (Windows NT 10.0; Win64; x64; rv:84.0) Gecko/20100101 Firefox/84.0"
212.89.176.40 - - [13/Jan/2021:13:06:12 +0100] "GET /reload?ser=1610539566692 HTTP/1.1" 200 28 "http://renault.activities.at/" "Mozilla/5.0 (Windows NT 6.1; WOW64; Trident/7.0; rv:11.0) like Gecko"
212.152.229.244 - - [13/Jan/2021:13:06:34 +0100] "GET /reload?ser=1610539594189 HTTP/1.1" 200 28 "http://renault.activities.at/result?searchterm=true&search=fr%FCh" "Mozilla/5.0 (Windows NT 10.0; Win64; x64) AppleWebKit/537.36 (KHTML, like Gecko) Chrome/87.0.4280.141 Safari/537.36"
138.21.12.22 - - [13/Jan/2021:13:06:43 +0100] "GET /reload?ser=1610539603084 HTTP/1.1" 200 28 "http://renault.2web.at/imprintaddress" "Mozilla/5.0 (Windows NT 10.0; Win64; x64) AppleWebKit/537.36 (KHTML, like Gecko) Chrome/87.0.4280.88 Safari/537.36"
80.120.210.179 - - [13/Jan/2021:13:07:04 +0100] "GET /reload?ser=1610539624721 HTTP/1.1" 200 28 "http://renault.activities.at/12350251" "Mozilla/5.0 (Windows NT 10.0; Win64; x64; rv:84.0) Gecko/20100101 Firefox/84.0"
212.89.176.40 - - [13/Jan/2021:13:07:13 +0100] "GET /reload?ser=1610539627350 HTTP/1.1" 200 28 "http://renault.activities.at/" "Mozilla/5.0 (Windows NT 6.1; WOW64; Trident/7.0; rv:11.0) like Gecko"
212.152.229.244 - - [13/Jan/2021:13:07:35 +0100] "GET /reload?ser=1610539655192 HTTP/1.1" 200 28 "http://renault.activities.at/result?searchterm=true&search=fr%FCh" "Mozilla/5.0 (Windows NT 10.0; Win64; x64) AppleWebKit/537.36 (KHTML, like Gecko) Chrome/87.0.4280.141 Safari/537.36"
138.21.12.22 - - [13/Jan/2021:13:07:45 +0100] "GET /reload?ser=1610539665089 HTTP/1.1" 200 28 "http://renault.2web.at/imprintaddress" "Mozilla/5.0 (Windows NT 10.0; Win64; x64) AppleWebKit/537.36 (KHTML, like Gecko) Chrome/87.0.4280.88 Safari/537.36"
80.120.210.179 - - [13/Jan/2021:13:08:05 +0100] "GET /reload?ser=1610539685768 HTTP/1.1" 200 28 "http://renault.activities.at/12350251" "Mozilla/5.0 (Windows NT 10.0; Win64; x64; rv:84.0) Gecko/20100101 Firefox/84.0"
212.89.176.40 - - [13/Jan/2021:13:08:14 +0100] "GET /reload?ser=1610539688010 HTTP/1.1" 200 28 "http://renault.activities.at/" "Mozilla/5.0 (Windows NT 6.1; WOW64; Trident/7.0; rv:11.0) like Gecko"
212.152.229.244 - - [13/Jan/2021:13:08:36 +0100] "GET /reload?ser=1610539716195 HTTP/1.1" 200 28 "http://renault.activities.at/result?searchterm=true&search=fr%FCh" "Mozilla/5.0 (Windows NT 10.0; Win64; x64) AppleWebKit/537.36 (KHTML, like Gecko) Chrome/87.0.4280.141 Safari/537.36"
138.21.12.22 - - [13/Jan/2021:13:08:47 +0100] "GET /reload?ser=1610539727085 HTTP/1.1" 200 28 "http://renault.2web.at/imprintaddress" "Mozilla/5.0 (Windows NT 10.0; Win64; x64) AppleWebKit/537.36 (KHTML, like Gecko) Chrome/87.0.4280.88 Safari/537.36"
80.120.210.179 - - [13/Jan/2021:13:09:06 +0100] "GET /reload?ser=1610539746871 HTTP/1.1" 200 28 "http://renault.activities.at/12350251" "Mozilla/5.0 (Windows NT 10.0; Win64; x64; rv:84.0) Gecko/20100101 Firefox/84.0"
212.89.176.40 - - [13/Jan/2021:13:09:14 +0100] "GET /reload?ser=1610539748651 HTTP/1.1" 200 28 "http://renault.activities.at/" "Mozilla/5.0 (Windows NT 6.1; WOW64; Trident/7.0; rv:11.0) like Gecko"
212.152.229.244 - - [13/Jan/2021:13:09:37 +0100] "GET /reload?ser=1610539777198 HTTP/1.1" 200 28 "http://renault.activities.at/result?searchterm=true&search=fr%FCh" "Mozilla/5.0 (Windows NT 10.0; Win64; x64) AppleWebKit/537.36 (KHTML, like Gecko) Chrome/87.0.4280.141 Safari/537.36"
