80.123.225.38 - - [13/Jan/2021:14:39:43 +0100] "GET /loadthumbnail.php?id=11181180&width=113 HTTP/1.1" 200 1834 "http://renault.activities.at/result?searchterm=true&search=clio" "Mozilla/5.0 (Windows NT 10.0; WOW64; Trident/7.0; rv:11.0) like Gecko"
80.123.225.38 - - [13/Jan/2021:14:39:43 +0100] "GET /loadthumbnail.php?id=11181178&width=113 HTTP/1.1" 200 1834 "http://renault.activities.at/result?searchterm=true&search=clio" "Mozilla/5.0 (Windows NT 10.0; WOW64; Trident/7.0; rv:11.0) like Gecko"
80.123.225.38 - - [13/Jan/2021:14:39:43 +0100] "GET /loadthumbnail.php?id=12094699&width=113 HTTP/1.1" 200 1921 "http://renault.activities.at/result?searchterm=true&search=clio" "Mozilla/5.0 (Windows NT 10.0; WOW64; Trident/7.0; rv:11.0) like Gecko"
80.123.225.38 - - [13/Jan/2021:14:39:43 +0100] "GET /loadthumbnail.php?id=10203650&width=113 HTTP/1.1" 200 2741 "http://renault.activities.at/result?searchterm=true&search=clio" "Mozilla/5.0 (Windows NT 10.0; WOW64; Trident/7.0; rv:11.0) like Gecko"
80.123.225.38 - - [13/Jan/2021:14:39:43 +0100] "GET /loadthumbnail.php?id=11181219&width=113 HTTP/1.1" 200 2121 "http://renault.activities.at/result?searchterm=true&search=clio" "Mozilla/5.0 (Windows NT 10.0; WOW64; Trident/7.0; rv:11.0) like Gecko"
80.123.225.38 - - [13/Jan/2021:14:39:43 +0100] "GET /loadthumbnail.php?id=12094698&width=113 HTTP/1.1" 200 1921 "http://renault.activities.at/result?searchterm=true&search=clio" "Mozilla/5.0 (Windows NT 10.0; WOW64; Trident/7.0; rv:11.0) like Gecko"
80.123.225.38 - - [13/Jan/2021:14:39:43 +0100] "GET /loadthumbnail.php?id=11181168&width=113 HTTP/1.1" 200 847 "http://renault.activities.at/result?searchterm=true&search=clio" "Mozilla/5.0 (Windows NT 10.0; WOW64; Trident/7.0; rv:11.0) like Gecko"
80.123.225.38 - - [13/Jan/2021:14:39:43 +0100] "GET /loadthumbnail.php?id=11181213&width=113 HTTP/1.1" 200 2121 "http://renault.activities.at/result?searchterm=true&search=clio" "Mozilla/5.0 (Windows NT 10.0; WOW64; Trident/7.0; rv:11.0) like Gecko"
80.123.225.38 - - [13/Jan/2021:14:39:43 +0100] "GET /loadthumbnail.php?id=11181166&width=113 HTTP/1.1" 200 847 "http://renault.activities.at/result?searchterm=true&search=clio" "Mozilla/5.0 (Windows NT 10.0; WOW64; Trident/7.0; rv:11.0) like Gecko"
80.123.225.38 - - [13/Jan/2021:14:39:39 +0100] "POST /axjaxrequest?mode=suggest HTTP/1.1" 200 107 "http://renault.activities.at/account" "Mozilla/5.0 (Windows NT 10.0; WOW64; Trident/7.0; rv:11.0) like Gecko"
212.152.229.244 - - [13/Jan/2021:14:40:06 +0100] "GET /reload?ser=1610545206186 HTTP/1.1" 200 28 "http://renault.activities.at/result?searchterm=true&search=fr%FCh" "Mozilla/5.0 (Windows NT 10.0; Win64; x64) AppleWebKit/537.36 (KHTML, like Gecko) Chrome/87.0.4280.141 Safari/537.36"
217.149.169.48 - - [13/Jan/2021:14:40:08 +0100] "GET /reload?ser=1610545208196 HTTP/1.1" 200 28 "http://renault.activities.at/success" "Mozilla/5.0 (Windows NT 10.0; Win64; x64) AppleWebKit/537.36 (KHTML, like Gecko) Chrome/87.0.4280.141 Safari/537.36"
138.21.12.22 - - [13/Jan/2021:14:40:11 +0100] "GET /reload?ser=1610545211241 HTTP/1.1" 200 28 "http://renault.2web.at/result?dir=DESC&mode=grid&order=name&limit=15&page=1&search=poster" "Mozilla/5.0 (Windows NT 10.0; Win64; x64) AppleWebKit/537.36 (KHTML, like Gecko) Chrome/87.0.4280.88 Safari/537.36"
80.123.225.38 - - [13/Jan/2021:14:40:19 +0100] "GET /images/vista-dn-hover.gif HTTP/1.1" 200 127 "http://renault.activities.at/result?searchterm=true&search=clio" "Mozilla/5.0 (Windows NT 10.0; WOW64; Trident/7.0; rv:11.0) like Gecko"
195.192.14.249 - - [13/Jan/2021:14:40:26 +0100] "GET /reload?ser=1610545227755 HTTP/1.1" 200 28 "http://renault.activities.at/result?searchterm=true&search=sandero" "Mozilla/5.0 (Windows NT 10.0; WOW64; Trident/7.0; rv:11.0) like Gecko"
80.123.225.38 - - [13/Jan/2021:14:40:29 +0100] "GET /css/themes/alphacube/top_mid.gif HTTP/1.1" 200 833 "http://renault.activities.at/result?searchterm=true&search=clio" "Mozilla/5.0 (Windows NT 10.0; WOW64; Trident/7.0; rv:11.0) like Gecko"
80.123.225.38 - - [13/Jan/2021:14:40:29 +0100] "GET /css/themes/alphacube/bottom_middle.gif HTTP/1.1" 200 44 "http://renault.activities.at/result?searchterm=true&search=clio" "Mozilla/5.0 (Windows NT 10.0; WOW64; Trident/7.0; rv:11.0) like Gecko"
80.123.225.38 - - [13/Jan/2021:14:40:29 +0100] "GET /css/themes/alphacube/frame_right.gif HTTP/1.1" 200 64 "http://renault.activities.at/result?searchterm=true&search=clio" "Mozilla/5.0 (Windows NT 10.0; WOW64; Trident/7.0; rv:11.0) like Gecko"
80.123.225.38 - - [13/Jan/2021:14:40:29 +0100] "GET /css/themes/alphacube/frame_left.gif HTTP/1.1" 200 64 "http://renault.activities.at/result?searchterm=true&search=clio" "Mozilla/5.0 (Windows NT 10.0; WOW64; Trident/7.0; rv:11.0) like Gecko"
80.123.225.38 - - [13/Jan/2021:14:40:29 +0100] "GET /css/themes/alphacube/button-close-focus.gif HTTP/1.1" 200 699 "http://renault.activities.at/result?searchterm=true&search=clio" "Mozilla/5.0 (Windows NT 10.0; WOW64; Trident/7.0; rv:11.0) like Gecko"
80.123.225.38 - - [13/Jan/2021:14:40:29 +0100] "GET /css/themes/alphacube/bottom_left-c.gif HTTP/1.1" 200 62 "http://renault.activities.at/result?searchterm=true&search=clio" "Mozilla/5.0 (Windows NT 10.0; WOW64; Trident/7.0; rv:11.0) like Gecko"
80.123.225.38 - - [13/Jan/2021:14:40:29 +0100] "GET /css/themes/alphacube/bottom_right-c.gif HTTP/1.1" 200 62 "http://renault.activities.at/result?searchterm=true&search=clio" "Mozilla/5.0 (Windows NT 10.0; WOW64; Trident/7.0; rv:11.0) like Gecko"
80.123.225.38 - - [13/Jan/2021:14:40:29 +0100] "GET /css/themes/alphacube/top_left.gif HTTP/1.1" 200 973 "http://renault.activities.at/result?searchterm=true&search=clio" "Mozilla/5.0 (Windows NT 10.0; WOW64; Trident/7.0; rv:11.0) like Gecko"
80.123.225.38 - - [13/Jan/2021:14:40:29 +0100] "GET /css/themes/alphacube/top_right.gif HTTP/1.1" 200 972 "http://renault.activities.at/result?searchterm=true&search=clio" "Mozilla/5.0 (Windows NT 10.0; WOW64; Trident/7.0; rv:11.0) like Gecko"
80.123.225.38 - - [13/Jan/2021:14:40:29 +0100] "GET /11136660?print=true HTTP/1.1" 200 2933 "http://renault.activities.at/result?searchterm=true&search=clio" "Mozilla/5.0 (Windows NT 10.0; WOW64; Trident/7.0; rv:11.0) like Gecko"
80.123.225.38 - - [13/Jan/2021:14:40:30 +0100] "GET /css/reset.css HTTP/1.1" 304 - "http://renault.activities.at/11136660?print=true" "Mozilla/5.0 (Windows NT 10.0; WOW64; Trident/7.0; rv:11.0) like Gecko"
80.123.225.38 - - [13/Jan/2021:14:40:30 +0100] "GET /css/styles.css HTTP/1.1" 304 - "http://renault.activities.at/11136660?print=true" "Mozilla/5.0 (Windows NT 10.0; WOW64; Trident/7.0; rv:11.0) like Gecko"
80.123.225.38 - - [13/Jan/2021:14:40:30 +0100] "GET /js/default.js HTTP/1.1" 304 - "http://renault.activities.at/11136660?print=true" "Mozilla/5.0 (Windows NT 10.0; WOW64; Trident/7.0; rv:11.0) like Gecko"
80.123.225.38 - - [13/Jan/2021:14:40:30 +0100] "GET /js/checkout.css HTTP/1.1" 304 - "http://renault.activities.at/11136660?print=true" "Mozilla/5.0 (Windows NT 10.0; WOW64; Trident/7.0; rv:11.0) like Gecko"
80.123.225.38 - - [13/Jan/2021:14:40:30 +0100] "GET /css/clears.css HTTP/1.1" 304 - "http://renault.activities.at/11136660?print=true" "Mozilla/5.0 (Windows NT 10.0; WOW64; Trident/7.0; rv:11.0) like Gecko"
80.123.225.38 - - [13/Jan/2021:14:40:30 +0100] "GET /css/print.css HTTP/1.1" 304 - "http://renault.activities.at/11136660?print=true" "Mozilla/5.0 (Windows NT 10.0; WOW64; Trident/7.0; rv:11.0) like Gecko"
80.123.225.38 - - [13/Jan/2021:14:40:30 +0100] "GET /css/themes/default.css HTTP/1.1" 304 - "http://renault.activities.at/11136660?print=true" "Mozilla/5.0 (Windows NT 10.0; WOW64; Trident/7.0; rv:11.0) like Gecko"
80.123.225.38 - - [13/Jan/2021:14:40:30 +0100] "GET /css/prototip.css HTTP/1.1" 304 - "http://renault.activities.at/11136660?print=true" "Mozilla/5.0 (Windows NT 10.0; WOW64; Trident/7.0; rv:11.0) like Gecko"
80.123.225.38 - - [13/Jan/2021:14:40:30 +0100] "GET /js/magiczoom/magiczoom.css HTTP/1.1" 200 1210 "http://renault.activities.at/11136660?print=true" "Mozilla/5.0 (Windows NT 10.0; WOW64; Trident/7.0; rv:11.0) like Gecko"
80.123.225.38 - - [13/Jan/2021:14:40:30 +0100] "GET /css/themes/alphacube.css HTTP/1.1" 304 - "http://renault.activities.at/11136660?print=true" "Mozilla/5.0 (Windows NT 10.0; WOW64; Trident/7.0; rv:11.0) like Gecko"
80.123.225.38 - - [13/Jan/2021:14:40:30 +0100] "GET /js/tabs.js HTTP/1.1" 200 519 "http://renault.activities.at/11136660?print=true" "Mozilla/5.0 (Windows NT 10.0; WOW64; Trident/7.0; rv:11.0) like Gecko"
80.123.225.38 - - [13/Jan/2021:14:40:30 +0100] "GET /js/Produkt.js HTTP/1.1" 200 852 "http://renault.activities.at/11136660?print=true" "Mozilla/5.0 (Windows NT 10.0; WOW64; Trident/7.0; rv:11.0) like Gecko"
80.123.225.38 - - [13/Jan/2021:14:40:30 +0100] "GET /js/magiczoom/magiczoom.js HTTP/1.1" 200 26397 "http://renault.activities.at/11136660?print=true" "Mozilla/5.0 (Windows NT 10.0; WOW64; Trident/7.0; rv:11.0) like Gecko"
80.123.225.38 - - [13/Jan/2021:14:40:30 +0100] "GET /images/tabs_border.gif HTTP/1.1" 200 43 "http://renault.activities.at/11136660?print=true" "Mozilla/5.0 (Windows NT 10.0; WOW64; Trident/7.0; rv:11.0) like Gecko"
80.123.225.38 - - [13/Jan/2021:14:40:30 +0100] "GET /images/tabs_button_corner_left_top_active.gif HTTP/1.1" 200 138 "http://renault.activities.at/11136660?print=true" "Mozilla/5.0 (Windows NT 10.0; WOW64; Trident/7.0; rv:11.0) like Gecko"
80.123.225.38 - - [13/Jan/2021:14:40:30 +0100] "GET /images/tabs_corner_left_top.gif HTTP/1.1" 200 99 "http://renault.activities.at/11136660?print=true" "Mozilla/5.0 (Windows NT 10.0; WOW64; Trident/7.0; rv:11.0) like Gecko"
80.123.225.38 - - [13/Jan/2021:14:40:30 +0100] "GET /images/tabs_button_corner_right_top_active.gif HTTP/1.1" 200 136 "http://renault.activities.at/11136660?print=true" "Mozilla/5.0 (Windows NT 10.0; WOW64; Trident/7.0; rv:11.0) like Gecko"
80.123.225.38 - - [13/Jan/2021:14:40:30 +0100] "GET /images/tabs_corner_right_top.gif HTTP/1.1" 200 98 "http://renault.activities.at/11136660?print=true" "Mozilla/5.0 (Windows NT 10.0; WOW64; Trident/7.0; rv:11.0) like Gecko"
80.123.225.38 - - [13/Jan/2021:14:40:30 +0100] "GET /loadthumbnail.php?id=12094699&width=250 HTTP/1.1" 200 5495 "http://renault.activities.at/11136660?print=true" "Mozilla/5.0 (Windows NT 10.0; WOW64; Trident/7.0; rv:11.0) like Gecko"
80.123.225.38 - - [13/Jan/2021:14:40:30 +0100] "GET /images/tabs_corner_left_bot.gif HTTP/1.1" 200 98 "http://renault.activities.at/11136660?print=true" "Mozilla/5.0 (Windows NT 10.0; WOW64; Trident/7.0; rv:11.0) like Gecko"
80.123.225.38 - - [13/Jan/2021:14:40:30 +0100] "GET /images/tabs_corner_right_bot.gif HTTP/1.1" 200 99 "http://renault.activities.at/11136660?print=true" "Mozilla/5.0 (Windows NT 10.0; WOW64; Trident/7.0; rv:11.0) like Gecko"
80.123.225.38 - - [13/Jan/2021:14:40:30 +0100] "GET /loadthumbnail.php?id=12094699&width=900&height=900 HTTP/1.1" 200 36256 "http://renault.activities.at/11136660?print=true" "Mozilla/5.0 (Windows NT 10.0; WOW64; Trident/7.0; rv:11.0) like Gecko"
80.123.225.38 - - [13/Jan/2021:14:40:30 +0100] "GET /js/magiczoom/graphics/hint.gif HTTP/1.1" 200 73 "http://renault.activities.at/11136660?print=true" "Mozilla/5.0 (Windows NT 10.0; WOW64; Trident/7.0; rv:11.0) like Gecko"
80.123.225.38 - - [13/Jan/2021:14:40:31 +0100] "GET /graphics/zoomin.cur HTTP/1.1" 200 3620 "http://renault.activities.at/11136660?print=true" "Mozilla/5.0 (Windows NT 10.0; WOW64; Trident/7.0; rv:11.0) like Gecko"
80.123.225.38 - - [13/Jan/2021:14:40:36 +0100] "GET /null HTTP/1.1" 200 3620 "http://renault.activities.at/result?searchterm=true&search=clio" "Mozilla/5.0 (Windows NT 10.0; WOW64; Trident/7.0; rv:11.0) like Gecko"
80.123.225.38 - - [13/Jan/2021:14:40:37 +0100] "GET /js/default.js HTTP/1.1" 304 - "http://renault.activities.at/null" "Mozilla/5.0 (Windows NT 10.0; WOW64; Trident/7.0; rv:11.0) like Gecko"
80.123.225.38 - - [13/Jan/2021:14:40:38 +0100] "GET /css/reset.css HTTP/1.1" 304 - "http://renault.activities.at/null" "Mozilla/5.0 (Windows NT 10.0; WOW64; Trident/7.0; rv:11.0) like Gecko"
80.123.225.38 - - [13/Jan/2021:14:40:38 +0100] "GET /css/styles.css HTTP/1.1" 304 - "http://renault.activities.at/null" "Mozilla/5.0 (Windows NT 10.0; WOW64; Trident/7.0; rv:11.0) like Gecko"
80.123.225.38 - - [13/Jan/2021:14:40:38 +0100] "GET /css/clears.css HTTP/1.1" 304 - "http://renault.activities.at/null" "Mozilla/5.0 (Windows NT 10.0; WOW64; Trident/7.0; rv:11.0) like Gecko"
80.123.225.38 - - [13/Jan/2021:14:40:38 +0100] "GET /css/print.css HTTP/1.1" 304 - "http://renault.activities.at/null" "Mozilla/5.0 (Windows NT 10.0; WOW64; Trident/7.0; rv:11.0) like Gecko"
80.123.225.38 - - [13/Jan/2021:14:40:38 +0100] "GET /js/checkout.css HTTP/1.1" 304 - "http://renault.activities.at/null" "Mozilla/5.0 (Windows NT 10.0; WOW64; Trident/7.0; rv:11.0) like Gecko"
80.123.225.38 - - [13/Jan/2021:14:40:38 +0100] "GET /css/prototip.css HTTP/1.1" 304 - "http://renault.activities.at/null" "Mozilla/5.0 (Windows NT 10.0; WOW64; Trident/7.0; rv:11.0) like Gecko"
80.120.210.179 - - [13/Jan/2021:14:40:39 +0100] "GET /reload?ser=1610545239883 HTTP/1.1" 200 28 "http://renault.activities.at/12350251" "Mozilla/5.0 (Windows NT 10.0; Win64; x64; rv:84.0) Gecko/20100101 Firefox/84.0"
80.123.225.38 - - [13/Jan/2021:14:40:39 +0100] "GET /result?dir=DESC&mode=grid&order=name&limit=15&page=2&search=clio HTTP/1.1" 200 8269 "http://renault.activities.at/result?searchterm=true&search=clio" "Mozilla/5.0 (Windows NT 10.0; WOW64; Trident/7.0; rv:11.0) like Gecko"
80.123.225.38 - - [13/Jan/2021:14:40:42 +0100] "GET /js/default.js HTTP/1.1" 304 - "http://renault.activities.at/result?dir=DESC&mode=grid&order=name&limit=15&page=2&search=clio" "Mozilla/5.0 (Windows NT 10.0; WOW64; Trident/7.0; rv:11.0) like Gecko"
80.123.225.38 - - [13/Jan/2021:14:40:42 +0100] "GET /js/prototip.js HTTP/1.1" 304 - "http://renault.activities.at/result?dir=DESC&mode=grid&order=name&limit=15&page=2&search=clio" "Mozilla/5.0 (Windows NT 10.0; WOW64; Trident/7.0; rv:11.0) like Gecko"
80.123.225.38 - - [13/Jan/2021:14:40:42 +0100] "GET /css/reset.css HTTP/1.1" 304 - "http://renault.activities.at/result?dir=DESC&mode=grid&order=name&limit=15&page=2&search=clio" "Mozilla/5.0 (Windows NT 10.0; WOW64; Trident/7.0; rv:11.0) like Gecko"
80.123.225.38 - - [13/Jan/2021:14:40:42 +0100] "GET /css/styles.css HTTP/1.1" 304 - "http://renault.activities.at/result?dir=DESC&mode=grid&order=name&limit=15&page=2&search=clio" "Mozilla/5.0 (Windows NT 10.0; WOW64; Trident/7.0; rv:11.0) like Gecko"
80.123.225.38 - - [13/Jan/2021:14:40:42 +0100] "GET /css/clears.css HTTP/1.1" 304 - "http://renault.activities.at/result?dir=DESC&mode=grid&order=name&limit=15&page=2&search=clio" "Mozilla/5.0 (Windows NT 10.0; WOW64; Trident/7.0; rv:11.0) like Gecko"
80.123.225.38 - - [13/Jan/2021:14:40:42 +0100] "GET /js/checkout.css HTTP/1.1" 304 - "http://renault.activities.at/result?dir=DESC&mode=grid&order=name&limit=15&page=2&search=clio" "Mozilla/5.0 (Windows NT 10.0; WOW64; Trident/7.0; rv:11.0) like Gecko"
80.123.225.38 - - [13/Jan/2021:14:40:42 +0100] "GET /css/print.css HTTP/1.1" 304 - "http://renault.activities.at/result?dir=DESC&mode=grid&order=name&limit=15&page=2&search=clio" "Mozilla/5.0 (Windows NT 10.0; WOW64; Trident/7.0; rv:11.0) like Gecko"
80.123.225.38 - - [13/Jan/2021:14:40:42 +0100] "GET /css/themes/alphacube.css HTTP/1.1" 304 - "http://renault.activities.at/result?dir=DESC&mode=grid&order=name&limit=15&page=2&search=clio" "Mozilla/5.0 (Windows NT 10.0; WOW64; Trident/7.0; rv:11.0) like Gecko"
80.123.225.38 - - [13/Jan/2021:14:40:42 +0100] "GET /js/ProduktGrp.js HTTP/1.1" 304 - "http://renault.activities.at/result?dir=DESC&mode=grid&order=name&limit=15&page=2&search=clio" "Mozilla/5.0 (Windows NT 10.0; WOW64; Trident/7.0; rv:11.0) like Gecko"
80.123.225.38 - - [13/Jan/2021:14:40:42 +0100] "GET /css/themes/default.css HTTP/1.1" 304 - "http://renault.activities.at/result?dir=DESC&mode=grid&order=name&limit=15&page=2&search=clio" "Mozilla/5.0 (Windows NT 10.0; WOW64; Trident/7.0; rv:11.0) like Gecko"
80.123.225.38 - - [13/Jan/2021:14:40:42 +0100] "GET /css/prototip.css HTTP/1.1" 304 - "http://renault.activities.at/result?dir=DESC&mode=grid&order=name&limit=15&page=2&search=clio" "Mozilla/5.0 (Windows NT 10.0; WOW64; Trident/7.0; rv:11.0) like Gecko"
80.123.225.38 - - [13/Jan/2021:14:40:42 +0100] "GET /images/loading.gif HTTP/1.1" 304 - "http://renault.activities.at/result?dir=DESC&mode=grid&order=name&limit=15&page=2&search=clio" "Mozilla/5.0 (Windows NT 10.0; WOW64; Trident/7.0; rv:11.0) like Gecko"
80.123.225.38 - - [13/Jan/2021:14:40:42 +0100] "GET /images/main_block_corner_right_top.gif HTTP/1.1" 304 - "http://renault.activities.at/result?dir=DESC&mode=grid&order=name&limit=15&page=2&search=clio" "Mozilla/5.0 (Windows NT 10.0; WOW64; Trident/7.0; rv:11.0) like Gecko"
80.123.225.38 - - [13/Jan/2021:14:40:42 +0100] "GET /images/header_block_corner_left_top.gif HTTP/1.1" 304 - "http://renault.activities.at/result?dir=DESC&mode=grid&order=name&limit=15&page=2&search=clio" "Mozilla/5.0 (Windows NT 10.0; WOW64; Trident/7.0; rv:11.0) like Gecko"
80.123.225.38 - - [13/Jan/2021:14:40:42 +0100] "GET /loadthumbnail.php?id=10203275 HTTP/1.1" 200 85 "http://renault.activities.at/result?dir=DESC&mode=grid&order=name&limit=15&page=2&search=clio" "Mozilla/5.0 (Windows NT 10.0; WOW64; Trident/7.0; rv:11.0) like Gecko"
80.123.225.38 - - [13/Jan/2021:14:40:42 +0100] "GET /images/header_block_corner_right_top.gif HTTP/1.1" 304 - "http://renault.activities.at/result?dir=DESC&mode=grid&order=name&limit=15&page=2&search=clio" "Mozilla/5.0 (Windows NT 10.0; WOW64; Trident/7.0; rv:11.0) like Gecko"
80.123.225.38 - - [13/Jan/2021:14:40:42 +0100] "GET /loadthumbnail.php?id=11181170&width=113 HTTP/1.1" 200 1576 "http://renault.activities.at/result?dir=DESC&mode=grid&order=name&limit=15&page=2&search=clio" "Mozilla/5.0 (Windows NT 10.0; WOW64; Trident/7.0; rv:11.0) like Gecko"
80.123.225.38 - - [13/Jan/2021:14:40:42 +0100] "GET /loadthumbnail.php?id=11181172&width=113 HTTP/1.1" 200 1576 "http://renault.activities.at/result?dir=DESC&mode=grid&order=name&limit=15&page=2&search=clio" "Mozilla/5.0 (Windows NT 10.0; WOW64; Trident/7.0; rv:11.0) like Gecko"
80.123.225.38 - - [13/Jan/2021:14:40:42 +0100] "GET /images/main_block_corner_right_bot.gif HTTP/1.1" 304 - "http://renault.activities.at/result?dir=DESC&mode=grid&order=name&limit=15&page=2&search=clio" "Mozilla/5.0 (Windows NT 10.0; WOW64; Trident/7.0; rv:11.0) like Gecko"
80.123.225.38 - - [13/Jan/2021:14:40:42 +0100] "GET /images/search_bg.gif HTTP/1.1" 304 - "http://renault.activities.at/result?dir=DESC&mode=grid&order=name&limit=15&page=2&search=clio" "Mozilla/5.0 (Windows NT 10.0; WOW64; Trident/7.0; rv:11.0) like Gecko"
80.123.225.38 - - [13/Jan/2021:14:40:42 +0100] "GET /loadthumbnail.php?id=12255329&width=113 HTTP/1.1" 200 1827 "http://renault.activities.at/result?dir=DESC&mode=grid&order=name&limit=15&page=2&search=clio" "Mozilla/5.0 (Windows NT 10.0; WOW64; Trident/7.0; rv:11.0) like Gecko"
80.123.225.38 - - [13/Jan/2021:14:40:42 +0100] "GET /loadthumbnail.php?id=12255330&width=113 HTTP/1.1" 200 1827 "http://renault.activities.at/result?dir=DESC&mode=grid&order=name&limit=15&page=2&search=clio" "Mozilla/5.0 (Windows NT 10.0; WOW64; Trident/7.0; rv:11.0) like Gecko"
80.123.225.38 - - [13/Jan/2021:14:40:42 +0100] "GET /images/main_block_corner_left_bot.gif HTTP/1.1" 304 - "http://renault.activities.at/result?dir=DESC&mode=grid&order=name&limit=15&page=2&search=clio" "Mozilla/5.0 (Windows NT 10.0; WOW64; Trident/7.0; rv:11.0) like Gecko"
80.123.225.38 - - [13/Jan/2021:14:40:42 +0100] "GET /images/main_block_border.gif HTTP/1.1" 304 - "http://renault.activities.at/result?dir=DESC&mode=grid&order=name&limit=15&page=2&search=clio" "Mozilla/5.0 (Windows NT 10.0; WOW64; Trident/7.0; rv:11.0) like Gecko"
80.123.225.38 - - [13/Jan/2021:14:40:42 +0100] "GET /images/button_left_bg.gif HTTP/1.1" 304 - "http://renault.activities.at/result?dir=DESC&mode=grid&order=name&limit=15&page=2&search=clio" "Mozilla/5.0 (Windows NT 10.0; WOW64; Trident/7.0; rv:11.0) like Gecko"
80.123.225.38 - - [13/Jan/2021:14:40:42 +0100] "GET /images/main_block_corner_left_top.gif HTTP/1.1" 304 - "http://renault.activities.at/result?dir=DESC&mode=grid&order=name&limit=15&page=2&search=clio" "Mozilla/5.0 (Windows NT 10.0; WOW64; Trident/7.0; rv:11.0) like Gecko"
80.123.225.38 - - [13/Jan/2021:14:40:42 +0100] "GET /images/header_block_border.gif HTTP/1.1" 304 - "http://renault.activities.at/result?dir=DESC&mode=grid&order=name&limit=15&page=2&search=clio" "Mozilla/5.0 (Windows NT 10.0; WOW64; Trident/7.0; rv:11.0) like Gecko"
80.123.225.38 - - [13/Jan/2021:14:40:42 +0100] "GET /images/button_bg.gif HTTP/1.1" 304 - "http://renault.activities.at/result?dir=DESC&mode=grid&order=name&limit=15&page=2&search=clio" "Mozilla/5.0 (Windows NT 10.0; WOW64; Trident/7.0; rv:11.0) like Gecko"
80.123.225.38 - - [13/Jan/2021:14:40:42 +0100] "GET /images/sidebar_title_border.gif HTTP/1.1" 304 - "http://renault.activities.at/result?dir=DESC&mode=grid&order=name&limit=15&page=2&search=clio" "Mozilla/5.0 (Windows NT 10.0; WOW64; Trident/7.0; rv:11.0) like Gecko"
80.123.225.38 - - [13/Jan/2021:14:40:42 +0100] "GET /images/sidebar_title_corner_right_top.gif HTTP/1.1" 304 - "http://renault.activities.at/result?dir=DESC&mode=grid&order=name&limit=15&page=2&search=clio" "Mozilla/5.0 (Windows NT 10.0; WOW64; Trident/7.0; rv:11.0) like Gecko"
80.123.225.38 - - [13/Jan/2021:14:40:42 +0100] "GET /images/title_corner_right_top.jpg HTTP/1.1" 304 - "http://renault.activities.at/result?dir=DESC&mode=grid&order=name&limit=15&page=2&search=clio" "Mozilla/5.0 (Windows NT 10.0; WOW64; Trident/7.0; rv:11.0) like Gecko"
80.123.225.38 - - [13/Jan/2021:14:40:42 +0100] "GET /images/menu_divider.gif HTTP/1.1" 304 - "http://renault.activities.at/result?dir=DESC&mode=grid&order=name&limit=15&page=2&search=clio" "Mozilla/5.0 (Windows NT 10.0; WOW64; Trident/7.0; rv:11.0) like Gecko"
80.123.225.38 - - [13/Jan/2021:14:40:42 +0100] "GET /images/title_border_top.jpg HTTP/1.1" 304 - "http://renault.activities.at/result?dir=DESC&mode=grid&order=name&limit=15&page=2&search=clio" "Mozilla/5.0 (Windows NT 10.0; WOW64; Trident/7.0; rv:11.0) like Gecko"
80.123.225.38 - - [13/Jan/2021:14:40:42 +0100] "GET /images/nav_divider.gif HTTP/1.1" 304 - "http://renault.activities.at/result?dir=DESC&mode=grid&order=name&limit=15&page=2&search=clio" "Mozilla/5.0 (Windows NT 10.0; WOW64; Trident/7.0; rv:11.0) like Gecko"
80.123.225.38 - - [13/Jan/2021:14:40:42 +0100] "GET /images/button_right_bg.gif HTTP/1.1" 304 - "http://renault.activities.at/result?dir=DESC&mode=grid&order=name&limit=15&page=2&search=clio" "Mozilla/5.0 (Windows NT 10.0; WOW64; Trident/7.0; rv:11.0) like Gecko"
80.123.225.38 - - [13/Jan/2021:14:40:42 +0100] "GET /images/sidebar_title_border_top.gif HTTP/1.1" 304 - "http://renault.activities.at/result?dir=DESC&mode=grid&order=name&limit=15&page=2&search=clio" "Mozilla/5.0 (Windows NT 10.0; WOW64; Trident/7.0; rv:11.0) like Gecko"
80.123.225.38 - - [13/Jan/2021:14:40:42 +0100] "GET /images/sidebar_title_corner_left_top.gif HTTP/1.1" 304 - "http://renault.activities.at/result?dir=DESC&mode=grid&order=name&limit=15&page=2&search=clio" "Mozilla/5.0 (Windows NT 10.0; WOW64; Trident/7.0; rv:11.0) like Gecko"
80.123.225.38 - - [13/Jan/2021:14:40:42 +0100] "GET /images/menu_button_bg.jpg HTTP/1.1" 304 - "http://renault.activities.at/result?dir=DESC&mode=grid&order=name&limit=15&page=2&search=clio" "Mozilla/5.0 (Windows NT 10.0; WOW64; Trident/7.0; rv:11.0) like Gecko"
80.123.225.38 - - [13/Jan/2021:14:40:42 +0100] "GET /images/title_corner_left_top.jpg HTTP/1.1" 304 - "http://renault.activities.at/result?dir=DESC&mode=grid&order=name&limit=15&page=2&search=clio" "Mozilla/5.0 (Windows NT 10.0; WOW64; Trident/7.0; rv:11.0) like Gecko"
80.123.225.38 - - [13/Jan/2021:14:40:42 +0100] "GET /images/title_border.jpg HTTP/1.1" 304 - "http://renault.activities.at/result?dir=DESC&mode=grid&order=name&limit=15&page=2&search=clio" "Mozilla/5.0 (Windows NT 10.0; WOW64; Trident/7.0; rv:11.0) like Gecko"
80.123.225.38 - - [13/Jan/2021:14:40:42 +0100] "GET /images/top_links_divider.gif HTTP/1.1" 304 - "http://renault.activities.at/result?dir=DESC&mode=grid&order=name&limit=15&page=2&search=clio" "Mozilla/5.0 (Windows NT 10.0; WOW64; Trident/7.0; rv:11.0) like Gecko"
80.123.225.38 - - [13/Jan/2021:14:40:42 +0100] "GET /images/pager_bg.gif HTTP/1.1" 304 - "http://renault.activities.at/result?dir=DESC&mode=grid&order=name&limit=15&page=2&search=clio" "Mozilla/5.0 (Windows NT 10.0; WOW64; Trident/7.0; rv:11.0) like Gecko"
80.123.225.38 - - [13/Jan/2021:14:40:42 +0100] "GET /images/validation_advice_bg.gif HTTP/1.1" 304 - "http://renault.activities.at/result?dir=DESC&mode=grid&order=name&limit=15&page=2&search=clio" "Mozilla/5.0 (Windows NT 10.0; WOW64; Trident/7.0; rv:11.0) like Gecko"
80.123.225.38 - - [13/Jan/2021:14:40:42 +0100] "GET /images/vista-up.gif HTTP/1.1" 304 - "http://renault.activities.at/result?dir=DESC&mode=grid&order=name&limit=15&page=2&search=clio" "Mozilla/5.0 (Windows NT 10.0; WOW64; Trident/7.0; rv:11.0) like Gecko"
80.123.225.38 - - [13/Jan/2021:14:40:42 +0100] "GET /images/footer_divider.gif HTTP/1.1" 304 - "http://renault.activities.at/result?dir=DESC&mode=grid&order=name&limit=15&page=2&search=clio" "Mozilla/5.0 (Windows NT 10.0; WOW64; Trident/7.0; rv:11.0) like Gecko"
80.123.225.38 - - [13/Jan/2021:14:40:42 +0100] "GET /images/vista-dn.gif HTTP/1.1" 304 - "http://renault.activities.at/result?dir=DESC&mode=grid&order=name&limit=15&page=2&search=clio" "Mozilla/5.0 (Windows NT 10.0; WOW64; Trident/7.0; rv:11.0) like Gecko"
80.123.225.38 - - [13/Jan/2021:14:40:42 +0100] "GET /loadthumbnail.php?id=12088624&width=113 HTTP/1.1" 200 2886 "http://renault.activities.at/result?dir=DESC&mode=grid&order=name&limit=15&page=2&search=clio" "Mozilla/5.0 (Windows NT 10.0; WOW64; Trident/7.0; rv:11.0) like Gecko"
80.123.225.38 - - [13/Jan/2021:14:40:42 +0100] "GET /loadthumbnail.php?id=12255328&width=113 HTTP/1.1" 200 1827 "http://renault.activities.at/result?dir=DESC&mode=grid&order=name&limit=15&page=2&search=clio" "Mozilla/5.0 (Windows NT 10.0; WOW64; Trident/7.0; rv:11.0) like Gecko"
80.123.225.38 - - [13/Jan/2021:14:40:42 +0100] "GET /loadthumbnail.php?id=11141133&width=113 HTTP/1.1" 200 1050 "http://renault.activities.at/result?dir=DESC&mode=grid&order=name&limit=15&page=2&search=clio" "Mozilla/5.0 (Windows NT 10.0; WOW64; Trident/7.0; rv:11.0) like Gecko"
80.123.225.38 - - [13/Jan/2021:14:40:42 +0100] "GET /loadthumbnail.php?id=12137758&width=113 HTTP/1.1" 200 36121 "http://renault.activities.at/result?dir=DESC&mode=grid&order=name&limit=15&page=2&search=clio" "Mozilla/5.0 (Windows NT 10.0; WOW64; Trident/7.0; rv:11.0) like Gecko"
80.123.225.38 - - [13/Jan/2021:14:40:42 +0100] "GET /loadthumbnail.php?id=12276317&width=113 HTTP/1.1" 200 2783 "http://renault.activities.at/result?dir=DESC&mode=grid&order=name&limit=15&page=2&search=clio" "Mozilla/5.0 (Windows NT 10.0; WOW64; Trident/7.0; rv:11.0) like Gecko"
80.123.225.38 - - [13/Jan/2021:14:40:42 +0100] "GET /loadthumbnail.php?id=11319983&width=113 HTTP/1.1" 200 38992 "http://renault.activities.at/result?dir=DESC&mode=grid&order=name&limit=15&page=2&search=clio" "Mozilla/5.0 (Windows NT 10.0; WOW64; Trident/7.0; rv:11.0) like Gecko"
80.123.225.38 - - [13/Jan/2021:14:40:43 +0100] "GET /loadthumbnail.php?id=12234960&width=113 HTTP/1.1" 200 3148 "http://renault.activities.at/result?dir=DESC&mode=grid&order=name&limit=15&page=2&search=clio" "Mozilla/5.0 (Windows NT 10.0; WOW64; Trident/7.0; rv:11.0) like Gecko"
212.152.229.244 - - [13/Jan/2021:14:41:07 +0100] "GET /reload?ser=1610545267189 HTTP/1.1" 200 28 "http://renault.activities.at/result?searchterm=true&search=fr%FCh" "Mozilla/5.0 (Windows NT 10.0; Win64; x64) AppleWebKit/537.36 (KHTML, like Gecko) Chrome/87.0.4280.141 Safari/537.36"
217.149.169.48 - - [13/Jan/2021:14:41:09 +0100] "GET /reload?ser=1610545269195 HTTP/1.1" 200 28 "http://renault.activities.at/success" "Mozilla/5.0 (Windows NT 10.0; Win64; x64) AppleWebKit/537.36 (KHTML, like Gecko) Chrome/87.0.4280.141 Safari/537.36"
138.21.12.22 - - [13/Jan/2021:14:41:13 +0100] "GET /reload?ser=1610545273241 HTTP/1.1" 200 28 "http://renault.2web.at/result?dir=DESC&mode=grid&order=name&limit=15&page=1&search=poster" "Mozilla/5.0 (Windows NT 10.0; Win64; x64) AppleWebKit/537.36 (KHTML, like Gecko) Chrome/87.0.4280.88 Safari/537.36"
195.192.14.249 - - [13/Jan/2021:14:41:27 +0100] "GET /reload?ser=1610545288724 HTTP/1.1" 200 28 "http://renault.activities.at/result?searchterm=true&search=sandero" "Mozilla/5.0 (Windows NT 10.0; WOW64; Trident/7.0; rv:11.0) like Gecko"
80.120.210.179 - - [13/Jan/2021:14:41:40 +0100] "GET /reload?ser=1610545300889 HTTP/1.1" 200 28 "http://renault.activities.at/12350251" "Mozilla/5.0 (Windows NT 10.0; Win64; x64; rv:84.0) Gecko/20100101 Firefox/84.0"
80.123.225.38 - - [13/Jan/2021:14:41:43 +0100] "GET /reload?ser=1610545304155 HTTP/1.1" 200 28 "http://renault.activities.at/result?dir=DESC&mode=grid&order=name&limit=15&page=2&search=clio" "Mozilla/5.0 (Windows NT 10.0; WOW64; Trident/7.0; rv:11.0) like Gecko"
212.152.229.244 - - [13/Jan/2021:14:42:08 +0100] "GET /reload?ser=1610545328192 HTTP/1.1" 200 28 "http://renault.activities.at/result?searchterm=true&search=fr%FCh" "Mozilla/5.0 (Windows NT 10.0; Win64; x64) AppleWebKit/537.36 (KHTML, like Gecko) Chrome/87.0.4280.141 Safari/537.36"
217.149.169.48 - - [13/Jan/2021:14:42:10 +0100] "GET /reload?ser=1610545330197 HTTP/1.1" 200 28 "http://renault.activities.at/success" "Mozilla/5.0 (Windows NT 10.0; Win64; x64) AppleWebKit/537.36 (KHTML, like Gecko) Chrome/87.0.4280.141 Safari/537.36"
138.21.12.22 - - [13/Jan/2021:14:42:15 +0100] "GET /reload?ser=1610545335242 HTTP/1.1" 200 28 "http://renault.2web.at/result?dir=DESC&mode=grid&order=name&limit=15&page=1&search=poster" "Mozilla/5.0 (Windows NT 10.0; Win64; x64) AppleWebKit/537.36 (KHTML, like Gecko) Chrome/87.0.4280.88 Safari/537.36"
195.192.14.249 - - [13/Jan/2021:14:42:28 +0100] "GET /reload?ser=1610545349699 HTTP/1.1" 200 28 "http://renault.activities.at/result?searchterm=true&search=sandero" "Mozilla/5.0 (Windows NT 10.0; WOW64; Trident/7.0; rv:11.0) like Gecko"
80.120.210.179 - - [13/Jan/2021:14:42:41 +0100] "GET /reload?ser=1610545361848 HTTP/1.1" 200 28 "http://renault.activities.at/12350251" "Mozilla/5.0 (Windows NT 10.0; Win64; x64; rv:84.0) Gecko/20100101 Firefox/84.0"
80.123.225.38 - - [13/Jan/2021:14:42:44 +0100] "GET /reload?ser=1610545365123 HTTP/1.1" 200 28 "http://renault.activities.at/result?dir=DESC&mode=grid&order=name&limit=15&page=2&search=clio" "Mozilla/5.0 (Windows NT 10.0; WOW64; Trident/7.0; rv:11.0) like Gecko"
212.152.229.244 - - [13/Jan/2021:14:43:09 +0100] "GET /reload?ser=1610545389195 HTTP/1.1" 200 28 "http://renault.activities.at/result?searchterm=true&search=fr%FCh" "Mozilla/5.0 (Windows NT 10.0; Win64; x64) AppleWebKit/537.36 (KHTML, like Gecko) Chrome/87.0.4280.141 Safari/537.36"
217.149.169.48 - - [13/Jan/2021:14:43:11 +0100] "GET /reload?ser=1610545391195 HTTP/1.1" 200 28 "http://renault.activities.at/success" "Mozilla/5.0 (Windows NT 10.0; Win64; x64) AppleWebKit/537.36 (KHTML, like Gecko) Chrome/87.0.4280.141 Safari/537.36"
80.123.225.38 - - [13/Jan/2021:14:43:16 +0100] "GET /result?searchterm=true&search=VER15 HTTP/1.1" 200 5803 "http://renault.activities.at/result?dir=DESC&mode=grid&order=name&limit=15&page=2&search=clio" "Mozilla/5.0 (Windows NT 10.0; WOW64; Trident/7.0; rv:11.0) like Gecko"
80.123.225.38 - - [13/Jan/2021:14:43:17 +0100] "GET /js/default.js HTTP/1.1" 304 - "http://renault.activities.at/result?searchterm=true&search=VER15" "Mozilla/5.0 (Windows NT 10.0; WOW64; Trident/7.0; rv:11.0) like Gecko"
80.123.225.38 - - [13/Jan/2021:14:43:17 +0100] "GET /js/prototip.js HTTP/1.1" 304 - "http://renault.activities.at/result?searchterm=true&search=VER15" "Mozilla/5.0 (Windows NT 10.0; WOW64; Trident/7.0; rv:11.0) like Gecko"
80.123.225.38 - - [13/Jan/2021:14:43:17 +0100] "GET /css/clears.css HTTP/1.1" 304 - "http://renault.activities.at/result?searchterm=true&search=VER15" "Mozilla/5.0 (Windows NT 10.0; WOW64; Trident/7.0; rv:11.0) like Gecko"
80.123.225.38 - - [13/Jan/2021:14:43:17 +0100] "GET /css/reset.css HTTP/1.1" 304 - "http://renault.activities.at/result?searchterm=true&search=VER15" "Mozilla/5.0 (Windows NT 10.0; WOW64; Trident/7.0; rv:11.0) like Gecko"
80.123.225.38 - - [13/Jan/2021:14:43:17 +0100] "GET /css/styles.css HTTP/1.1" 304 - "http://renault.activities.at/result?searchterm=true&search=VER15" "Mozilla/5.0 (Windows NT 10.0; WOW64; Trident/7.0; rv:11.0) like Gecko"
80.123.225.38 - - [13/Jan/2021:14:43:17 +0100] "GET /css/print.css HTTP/1.1" 304 - "http://renault.activities.at/result?searchterm=true&search=VER15" "Mozilla/5.0 (Windows NT 10.0; WOW64; Trident/7.0; rv:11.0) like Gecko"
80.123.225.38 - - [13/Jan/2021:14:43:17 +0100] "GET /js/checkout.css HTTP/1.1" 304 - "http://renault.activities.at/result?searchterm=true&search=VER15" "Mozilla/5.0 (Windows NT 10.0; WOW64; Trident/7.0; rv:11.0) like Gecko"
80.123.225.38 - - [13/Jan/2021:14:43:17 +0100] "GET /css/prototip.css HTTP/1.1" 304 - "http://renault.activities.at/result?searchterm=true&search=VER15" "Mozilla/5.0 (Windows NT 10.0; WOW64; Trident/7.0; rv:11.0) like Gecko"
80.123.225.38 - - [13/Jan/2021:14:43:17 +0100] "GET /css/themes/alphacube.css HTTP/1.1" 304 - "http://renault.activities.at/result?searchterm=true&search=VER15" "Mozilla/5.0 (Windows NT 10.0; WOW64; Trident/7.0; rv:11.0) like Gecko"
80.123.225.38 - - [13/Jan/2021:14:43:17 +0100] "GET /css/themes/default.css HTTP/1.1" 304 - "http://renault.activities.at/result?searchterm=true&search=VER15" "Mozilla/5.0 (Windows NT 10.0; WOW64; Trident/7.0; rv:11.0) like Gecko"
80.123.225.38 - - [13/Jan/2021:14:43:17 +0100] "GET /js/ProduktGrp.js HTTP/1.1" 304 - "http://renault.activities.at/result?searchterm=true&search=VER15" "Mozilla/5.0 (Windows NT 10.0; WOW64; Trident/7.0; rv:11.0) like Gecko"
80.123.225.38 - - [13/Jan/2021:14:43:17 +0100] "GET /images/loading.gif HTTP/1.1" 304 - "http://renault.activities.at/result?searchterm=true&search=VER15" "Mozilla/5.0 (Windows NT 10.0; WOW64; Trident/7.0; rv:11.0) like Gecko"
80.123.225.38 - - [13/Jan/2021:14:43:18 +0100] "GET /images/header_block_border.gif HTTP/1.1" 304 - "http://renault.activities.at/result?searchterm=true&search=VER15" "Mozilla/5.0 (Windows NT 10.0; WOW64; Trident/7.0; rv:11.0) like Gecko"
80.123.225.38 - - [13/Jan/2021:14:43:18 +0100] "GET /images/header_block_corner_left_top.gif HTTP/1.1" 304 - "http://renault.activities.at/result?searchterm=true&search=VER15" "Mozilla/5.0 (Windows NT 10.0; WOW64; Trident/7.0; rv:11.0) like Gecko"
80.123.225.38 - - [13/Jan/2021:14:43:18 +0100] "GET /images/header_block_corner_right_top.gif HTTP/1.1" 304 - "http://renault.activities.at/result?searchterm=true&search=VER15" "Mozilla/5.0 (Windows NT 10.0; WOW64; Trident/7.0; rv:11.0) like Gecko"
80.123.225.38 - - [13/Jan/2021:14:43:18 +0100] "GET /images/main_block_border.gif HTTP/1.1" 304 - "http://renault.activities.at/result?searchterm=true&search=VER15" "Mozilla/5.0 (Windows NT 10.0; WOW64; Trident/7.0; rv:11.0) like Gecko"
80.123.225.38 - - [13/Jan/2021:14:43:18 +0100] "GET /images/search_bg.gif HTTP/1.1" 304 - "http://renault.activities.at/result?searchterm=true&search=VER15" "Mozilla/5.0 (Windows NT 10.0; WOW64; Trident/7.0; rv:11.0) like Gecko"
80.123.225.38 - - [13/Jan/2021:14:43:18 +0100] "GET /images/main_block_corner_right_top.gif HTTP/1.1" 304 - "http://renault.activities.at/result?searchterm=true&search=VER15" "Mozilla/5.0 (Windows NT 10.0; WOW64; Trident/7.0; rv:11.0) like Gecko"
80.123.225.38 - - [13/Jan/2021:14:43:18 +0100] "GET /images/main_block_corner_left_bot.gif HTTP/1.1" 304 - "http://renault.activities.at/result?searchterm=true&search=VER15" "Mozilla/5.0 (Windows NT 10.0; WOW64; Trident/7.0; rv:11.0) like Gecko"
80.123.225.38 - - [13/Jan/2021:14:43:17 +0100] "GET /loadthumbnail.php?id=12348146&width=113 HTTP/1.1" 200 38739 "http://renault.activities.at/result?searchterm=true&search=VER15" "Mozilla/5.0 (Windows NT 10.0; WOW64; Trident/7.0; rv:11.0) like Gecko"
80.123.225.38 - - [13/Jan/2021:14:43:18 +0100] "GET /images/sidebar_title_corner_right_top.gif HTTP/1.1" 304 - "http://renault.activities.at/result?searchterm=true&search=VER15" "Mozilla/5.0 (Windows NT 10.0; WOW64; Trident/7.0; rv:11.0) like Gecko"
80.123.225.38 - - [13/Jan/2021:14:43:18 +0100] "GET /images/main_block_corner_right_bot.gif HTTP/1.1" 304 - "http://renault.activities.at/result?searchterm=true&search=VER15" "Mozilla/5.0 (Windows NT 10.0; WOW64; Trident/7.0; rv:11.0) like Gecko"
80.123.225.38 - - [13/Jan/2021:14:43:18 +0100] "GET /images/main_block_corner_left_top.gif HTTP/1.1" 304 - "http://renault.activities.at/result?searchterm=true&search=VER15" "Mozilla/5.0 (Windows NT 10.0; WOW64; Trident/7.0; rv:11.0) like Gecko"
80.123.225.38 - - [13/Jan/2021:14:43:18 +0100] "GET /images/menu_button_bg.jpg HTTP/1.1" 304 - "http://renault.activities.at/result?searchterm=true&search=VER15" "Mozilla/5.0 (Windows NT 10.0; WOW64; Trident/7.0; rv:11.0) like Gecko"
80.123.225.38 - - [13/Jan/2021:14:43:18 +0100] "GET /images/sidebar_title_border_top.gif HTTP/1.1" 304 - "http://renault.activities.at/result?searchterm=true&search=VER15" "Mozilla/5.0 (Windows NT 10.0; WOW64; Trident/7.0; rv:11.0) like Gecko"
80.123.225.38 - - [13/Jan/2021:14:43:18 +0100] "GET /images/sidebar_title_border.gif HTTP/1.1" 304 - "http://renault.activities.at/result?searchterm=true&search=VER15" "Mozilla/5.0 (Windows NT 10.0; WOW64; Trident/7.0; rv:11.0) like Gecko"
80.123.225.38 - - [13/Jan/2021:14:43:18 +0100] "GET /images/top_links_divider.gif HTTP/1.1" 304 - "http://renault.activities.at/result?searchterm=true&search=VER15" "Mozilla/5.0 (Windows NT 10.0; WOW64; Trident/7.0; rv:11.0) like Gecko"
80.123.225.38 - - [13/Jan/2021:14:43:18 +0100] "GET /images/sidebar_title_corner_left_top.gif HTTP/1.1" 304 - "http://renault.activities.at/result?searchterm=true&search=VER15" "Mozilla/5.0 (Windows NT 10.0; WOW64; Trident/7.0; rv:11.0) like Gecko"
80.123.225.38 - - [13/Jan/2021:14:43:18 +0100] "GET /images/nav_divider.gif HTTP/1.1" 304 - "http://renault.activities.at/result?searchterm=true&search=VER15" "Mozilla/5.0 (Windows NT 10.0; WOW64; Trident/7.0; rv:11.0) like Gecko"
80.123.225.38 - - [13/Jan/2021:14:43:18 +0100] "GET /images/button_right_bg.gif HTTP/1.1" 304 - "http://renault.activities.at/result?searchterm=true&search=VER15" "Mozilla/5.0 (Windows NT 10.0; WOW64; Trident/7.0; rv:11.0) like Gecko"
80.123.225.38 - - [13/Jan/2021:14:43:18 +0100] "GET /images/button_left_bg.gif HTTP/1.1" 304 - "http://renault.activities.at/result?searchterm=true&search=VER15" "Mozilla/5.0 (Windows NT 10.0; WOW64; Trident/7.0; rv:11.0) like Gecko"
80.123.225.38 - - [13/Jan/2021:14:43:18 +0100] "GET /images/menu_divider.gif HTTP/1.1" 304 - "http://renault.activities.at/result?searchterm=true&search=VER15" "Mozilla/5.0 (Windows NT 10.0; WOW64; Trident/7.0; rv:11.0) like Gecko"
80.123.225.38 - - [13/Jan/2021:14:43:18 +0100] "GET /images/title_border.jpg HTTP/1.1" 304 - "http://renault.activities.at/result?searchterm=true&search=VER15" "Mozilla/5.0 (Windows NT 10.0; WOW64; Trident/7.0; rv:11.0) like Gecko"
80.123.225.38 - - [13/Jan/2021:14:43:18 +0100] "GET /images/button_bg.gif HTTP/1.1" 304 - "http://renault.activities.at/result?searchterm=true&search=VER15" "Mozilla/5.0 (Windows NT 10.0; WOW64; Trident/7.0; rv:11.0) like Gecko"
80.123.225.38 - - [13/Jan/2021:14:43:18 +0100] "GET /images/title_corner_right_top.jpg HTTP/1.1" 304 - "http://renault.activities.at/result?searchterm=true&search=VER15" "Mozilla/5.0 (Windows NT 10.0; WOW64; Trident/7.0; rv:11.0) like Gecko"
80.123.225.38 - - [13/Jan/2021:14:43:18 +0100] "GET /images/pager_bg.gif HTTP/1.1" 304 - "http://renault.activities.at/result?searchterm=true&search=VER15" "Mozilla/5.0 (Windows NT 10.0; WOW64; Trident/7.0; rv:11.0) like Gecko"
80.123.225.38 - - [13/Jan/2021:14:43:18 +0100] "GET /images/title_border_top.jpg HTTP/1.1" 304 - "http://renault.activities.at/result?searchterm=true&search=VER15" "Mozilla/5.0 (Windows NT 10.0; WOW64; Trident/7.0; rv:11.0) like Gecko"
80.123.225.38 - - [13/Jan/2021:14:43:18 +0100] "GET /images/vista-up.gif HTTP/1.1" 304 - "http://renault.activities.at/result?searchterm=true&search=VER15" "Mozilla/5.0 (Windows NT 10.0; WOW64; Trident/7.0; rv:11.0) like Gecko"
80.123.225.38 - - [13/Jan/2021:14:43:18 +0100] "GET /images/title_corner_left_top.jpg HTTP/1.1" 304 - "http://renault.activities.at/result?searchterm=true&search=VER15" "Mozilla/5.0 (Windows NT 10.0; WOW64; Trident/7.0; rv:11.0) like Gecko"
80.123.225.38 - - [13/Jan/2021:14:43:18 +0100] "GET /images/validation_advice_bg.gif HTTP/1.1" 304 - "http://renault.activities.at/result?searchterm=true&search=VER15" "Mozilla/5.0 (Windows NT 10.0; WOW64; Trident/7.0; rv:11.0) like Gecko"
80.123.225.38 - - [13/Jan/2021:14:43:18 +0100] "GET /images/footer_divider.gif HTTP/1.1" 304 - "http://renault.activities.at/result?searchterm=true&search=VER15" "Mozilla/5.0 (Windows NT 10.0; WOW64; Trident/7.0; rv:11.0) like Gecko"
80.123.225.38 - - [13/Jan/2021:14:43:18 +0100] "GET /images/vista-dn.gif HTTP/1.1" 304 - "http://renault.activities.at/result?searchterm=true&search=VER15" "Mozilla/5.0 (Windows NT 10.0; WOW64; Trident/7.0; rv:11.0) like Gecko"
138.21.12.22 - - [13/Jan/2021:14:43:17 +0100] "GET /reload?ser=1610545397241 HTTP/1.1" 200 28 "http://renault.2web.at/result?dir=DESC&mode=grid&order=name&limit=15&page=1&search=poster" "Mozilla/5.0 (Windows NT 10.0; Win64; x64) AppleWebKit/537.36 (KHTML, like Gecko) Chrome/87.0.4280.88 Safari/537.36"
195.192.14.249 - - [13/Jan/2021:14:43:29 +0100] "GET /reload?ser=1610545410637 HTTP/1.1" 200 28 "http://renault.activities.at/result?searchterm=true&search=sandero" "Mozilla/5.0 (Windows NT 10.0; WOW64; Trident/7.0; rv:11.0) like Gecko"
80.120.210.179 - - [13/Jan/2021:14:43:42 +0100] "GET /reload?ser=1610545422884 HTTP/1.1" 200 28 "http://renault.activities.at/12350251" "Mozilla/5.0 (Windows NT 10.0; Win64; x64; rv:84.0) Gecko/20100101 Firefox/84.0"
212.152.229.244 - - [13/Jan/2021:14:44:10 +0100] "GET /reload?ser=1610545450198 HTTP/1.1" 200 28 "http://renault.activities.at/result?searchterm=true&search=fr%FCh" "Mozilla/5.0 (Windows NT 10.0; Win64; x64) AppleWebKit/537.36 (KHTML, like Gecko) Chrome/87.0.4280.141 Safari/537.36"
217.149.169.48 - - [13/Jan/2021:14:44:12 +0100] "GET /reload?ser=1610545452196 HTTP/1.1" 200 28 "http://renault.activities.at/success" "Mozilla/5.0 (Windows NT 10.0; Win64; x64) AppleWebKit/537.36 (KHTML, like Gecko) Chrome/87.0.4280.141 Safari/537.36"
80.123.225.38 - - [13/Jan/2021:14:44:18 +0100] "GET /reload?ser=1610545459282 HTTP/1.1" 200 28 "http://renault.activities.at/result?searchterm=true&search=VER15" "Mozilla/5.0 (Windows NT 10.0; WOW64; Trident/7.0; rv:11.0) like Gecko"
138.21.12.22 - - [13/Jan/2021:14:44:19 +0100] "GET /reload?ser=1610545459242 HTTP/1.1" 200 28 "http://renault.2web.at/result?dir=DESC&mode=grid&order=name&limit=15&page=1&search=poster" "Mozilla/5.0 (Windows NT 10.0; Win64; x64) AppleWebKit/537.36 (KHTML, like Gecko) Chrome/87.0.4280.88 Safari/537.36"
195.192.14.249 - - [13/Jan/2021:14:44:30 +0100] "GET /reload?ser=1610545471610 HTTP/1.1" 200 28 "http://renault.activities.at/result?searchterm=true&search=sandero" "Mozilla/5.0 (Windows NT 10.0; WOW64; Trident/7.0; rv:11.0) like Gecko"
80.120.210.179 - - [13/Jan/2021:14:44:43 +0100] "GET /reload?ser=1610545483912 HTTP/1.1" 200 28 "http://renault.activities.at/12350251" "Mozilla/5.0 (Windows NT 10.0; Win64; x64; rv:84.0) Gecko/20100101 Firefox/84.0"
212.152.229.244 - - [13/Jan/2021:14:45:11 +0100] "GET /reload?ser=1610545511201 HTTP/1.1" 200 28 "http://renault.activities.at/result?searchterm=true&search=fr%FCh" "Mozilla/5.0 (Windows NT 10.0; Win64; x64) AppleWebKit/537.36 (KHTML, like Gecko) Chrome/87.0.4280.141 Safari/537.36"
217.149.169.48 - - [13/Jan/2021:14:45:13 +0100] "GET /reload?ser=1610545513195 HTTP/1.1" 200 28 "http://renault.activities.at/success" "Mozilla/5.0 (Windows NT 10.0; Win64; x64) AppleWebKit/537.36 (KHTML, like Gecko) Chrome/87.0.4280.141 Safari/537.36"
80.123.225.38 - - [13/Jan/2021:14:45:19 +0100] "GET /reload?ser=1610545520304 HTTP/1.1" 200 28 "http://renault.activities.at/result?searchterm=true&search=VER15" "Mozilla/5.0 (Windows NT 10.0; WOW64; Trident/7.0; rv:11.0) like Gecko"
138.21.12.22 - - [13/Jan/2021:14:45:21 +0100] "GET /reload?ser=1610545521244 HTTP/1.1" 200 28 "http://renault.2web.at/result?dir=DESC&mode=grid&order=name&limit=15&page=1&search=poster" "Mozilla/5.0 (Windows NT 10.0; Win64; x64) AppleWebKit/537.36 (KHTML, like Gecko) Chrome/87.0.4280.88 Safari/537.36"
195.192.14.249 - - [13/Jan/2021:14:45:31 +0100] "GET /reload?ser=1610545532587 HTTP/1.1" 200 28 "http://renault.activities.at/result?searchterm=true&search=sandero" "Mozilla/5.0 (Windows NT 10.0; WOW64; Trident/7.0; rv:11.0) like Gecko"
80.120.210.179 - - [13/Jan/2021:14:45:44 +0100] "GET /reload?ser=1610545544928 HTTP/1.1" 200 28 "http://renault.activities.at/12350251" "Mozilla/5.0 (Windows NT 10.0; Win64; x64; rv:84.0) Gecko/20100101 Firefox/84.0"
212.152.229.244 - - [13/Jan/2021:14:46:12 +0100] "GET /reload?ser=1610545572192 HTTP/1.1" 200 28 "http://renault.activities.at/result?searchterm=true&search=fr%FCh" "Mozilla/5.0 (Windows NT 10.0; Win64; x64) AppleWebKit/537.36 (KHTML, like Gecko) Chrome/87.0.4280.141 Safari/537.36"
217.149.169.48 - - [13/Jan/2021:14:46:14 +0100] "GET /reload?ser=1610545574196 HTTP/1.1" 200 28 "http://renault.activities.at/success" "Mozilla/5.0 (Windows NT 10.0; Win64; x64) AppleWebKit/537.36 (KHTML, like Gecko) Chrome/87.0.4280.141 Safari/537.36"
80.123.225.38 - - [13/Jan/2021:14:46:20 +0100] "GET /reload?ser=1610545581301 HTTP/1.1" 200 28 "http://renault.activities.at/result?searchterm=true&search=VER15" "Mozilla/5.0 (Windows NT 10.0; WOW64; Trident/7.0; rv:11.0) like Gecko"
138.21.12.22 - - [13/Jan/2021:14:46:23 +0100] "GET /reload?ser=1610545583241 HTTP/1.1" 200 28 "http://renault.2web.at/result?dir=DESC&mode=grid&order=name&limit=15&page=1&search=poster" "Mozilla/5.0 (Windows NT 10.0; Win64; x64) AppleWebKit/537.36 (KHTML, like Gecko) Chrome/87.0.4280.88 Safari/537.36"
195.192.14.249 - - [13/Jan/2021:14:46:32 +0100] "GET /reload?ser=1610545593582 HTTP/1.1" 200 28 "http://renault.activities.at/result?searchterm=true&search=sandero" "Mozilla/5.0 (Windows NT 10.0; WOW64; Trident/7.0; rv:11.0) like Gecko"
80.120.210.179 - - [13/Jan/2021:14:46:45 +0100] "GET /reload?ser=1610545605936 HTTP/1.1" 200 28 "http://renault.activities.at/12350251" "Mozilla/5.0 (Windows NT 10.0; Win64; x64; rv:84.0) Gecko/20100101 Firefox/84.0"
212.152.229.244 - - [13/Jan/2021:14:47:13 +0100] "GET /reload?ser=1610545633195 HTTP/1.1" 200 28 "http://renault.activities.at/result?searchterm=true&search=fr%FCh" "Mozilla/5.0 (Windows NT 10.0; Win64; x64) AppleWebKit/537.36 (KHTML, like Gecko) Chrome/87.0.4280.141 Safari/537.36"
217.149.169.48 - - [13/Jan/2021:14:47:15 +0100] "GET /reload?ser=1610545635195 HTTP/1.1" 200 28 "http://renault.activities.at/success" "Mozilla/5.0 (Windows NT 10.0; Win64; x64) AppleWebKit/537.36 (KHTML, like Gecko) Chrome/87.0.4280.141 Safari/537.36"
80.123.225.38 - - [13/Jan/2021:14:47:21 +0100] "GET /reload?ser=1610545642310 HTTP/1.1" 200 28 "http://renault.activities.at/result?searchterm=true&search=VER15" "Mozilla/5.0 (Windows NT 10.0; WOW64; Trident/7.0; rv:11.0) like Gecko"
138.21.12.22 - - [13/Jan/2021:14:47:25 +0100] "GET /reload?ser=1610545645250 HTTP/1.1" 200 28 "http://renault.2web.at/result?dir=DESC&mode=grid&order=name&limit=15&page=1&search=poster" "Mozilla/5.0 (Windows NT 10.0; Win64; x64) AppleWebKit/537.36 (KHTML, like Gecko) Chrome/87.0.4280.88 Safari/537.36"
195.192.14.249 - - [13/Jan/2021:14:47:33 +0100] "GET /reload?ser=1610545654522 HTTP/1.1" 200 28 "http://renault.activities.at/result?searchterm=true&search=sandero" "Mozilla/5.0 (Windows NT 10.0; WOW64; Trident/7.0; rv:11.0) like Gecko"
80.120.210.179 - - [13/Jan/2021:14:47:46 +0100] "GET /reload?ser=1610545666996 HTTP/1.1" 200 28 "http://renault.activities.at/12350251" "Mozilla/5.0 (Windows NT 10.0; Win64; x64; rv:84.0) Gecko/20100101 Firefox/84.0"
80.123.225.38 - - [13/Jan/2021:14:47:53 +0100] "GET /images/vista-up-hover.gif HTTP/1.1" 200 130 "http://renault.activities.at/result?searchterm=true&search=VER15" "Mozilla/5.0 (Windows NT 10.0; WOW64; Trident/7.0; rv:11.0) like Gecko"
80.123.225.38 - - [13/Jan/2021:14:47:57 +0100] "GET /images/vista-dn-hover.gif HTTP/1.1" 304 - "http://renault.activities.at/result?searchterm=true&search=VER15" "Mozilla/5.0 (Windows NT 10.0; WOW64; Trident/7.0; rv:11.0) like Gecko"
212.152.229.244 - - [13/Jan/2021:14:48:14 +0100] "GET /reload?ser=1610545694198 HTTP/1.1" 200 28 "http://renault.activities.at/result?searchterm=true&search=fr%FCh" "Mozilla/5.0 (Windows NT 10.0; Win64; x64) AppleWebKit/537.36 (KHTML, like Gecko) Chrome/87.0.4280.141 Safari/537.36"
217.149.169.48 - - [13/Jan/2021:14:48:16 +0100] "GET /reload?ser=1610545696195 HTTP/1.1" 200 28 "http://renault.activities.at/success" "Mozilla/5.0 (Windows NT 10.0; Win64; x64) AppleWebKit/537.36 (KHTML, like Gecko) Chrome/87.0.4280.141 Safari/537.36"
80.123.225.38 - - [13/Jan/2021:14:48:22 +0100] "GET /reload?ser=1610545703271 HTTP/1.1" 200 28 "http://renault.activities.at/result?searchterm=true&search=VER15" "Mozilla/5.0 (Windows NT 10.0; WOW64; Trident/7.0; rv:11.0) like Gecko"
138.21.12.22 - - [13/Jan/2021:14:48:27 +0100] "GET /reload?ser=1610545707242 HTTP/1.1" 200 28 "http://renault.2web.at/result?dir=DESC&mode=grid&order=name&limit=15&page=1&search=poster" "Mozilla/5.0 (Windows NT 10.0; Win64; x64) AppleWebKit/537.36 (KHTML, like Gecko) Chrome/87.0.4280.88 Safari/537.36"
