217.149.169.48 - - [13/Jan/2021:13:37:10 +0100] "GET /loadthumbnail.php?id=12328148&width=113 HTTP/1.1" 200 3311 "http://renault.activities.at/result?dir=DESC&mode=grid&order=name&limit=50&search=poster" "Mozilla/5.0 (Windows NT 10.0; Win64; x64) AppleWebKit/537.36 (KHTML, like Gecko) Chrome/87.0.4280.141 Safari/537.36"
217.149.169.48 - - [13/Jan/2021:13:37:10 +0100] "GET /loadthumbnail.php?id=11831525&width=113 HTTP/1.1" 200 4126 "http://renault.activities.at/result?dir=DESC&mode=grid&order=name&limit=50&search=poster" "Mozilla/5.0 (Windows NT 10.0; Win64; x64) AppleWebKit/537.36 (KHTML, like Gecko) Chrome/87.0.4280.141 Safari/537.36"
217.149.169.48 - - [13/Jan/2021:13:37:10 +0100] "GET /loadthumbnail.php?id=10203650&width=113 HTTP/1.1" 200 2741 "http://renault.activities.at/result?dir=DESC&mode=grid&order=name&limit=50&search=poster" "Mozilla/5.0 (Windows NT 10.0; Win64; x64) AppleWebKit/537.36 (KHTML, like Gecko) Chrome/87.0.4280.141 Safari/537.36"
217.149.169.48 - - [13/Jan/2021:13:37:30 +0100] "POST /axjaxrequest?mode=suggest HTTP/1.1" 200 153 "http://renault.activities.at/result?dir=DESC&mode=grid&order=name&limit=50&search=poster" "Mozilla/5.0 (Windows NT 10.0; Win64; x64) AppleWebKit/537.36 (KHTML, like Gecko) Chrome/87.0.4280.141 Safari/537.36"
212.89.176.40 - - [13/Jan/2021:13:37:33 +0100] "GET /reload?ser=1610541446910 HTTP/1.1" 200 28 "http://renault.activities.at/" "Mozilla/5.0 (Windows NT 6.1; WOW64; Trident/7.0; rv:11.0) like Gecko"
80.120.210.179 - - [13/Jan/2021:13:37:35 +0100] "GET /reload?ser=1610541455415 HTTP/1.1" 200 28 "http://renault.activities.at/12350251" "Mozilla/5.0 (Windows NT 10.0; Win64; x64; rv:84.0) Gecko/20100101 Firefox/84.0"
217.149.169.48 - - [13/Jan/2021:13:37:34 +0100] "GET /result?searchterm=true&search=Espace HTTP/1.1" 200 8445 "http://renault.activities.at/result?dir=DESC&mode=grid&order=name&limit=50&search=poster" "Mozilla/5.0 (Windows NT 10.0; Win64; x64) AppleWebKit/537.36 (KHTML, like Gecko) Chrome/87.0.4280.141 Safari/537.36"
217.149.169.48 - - [13/Jan/2021:13:37:37 +0100] "GET /loadthumbnail.php?id=12329758&width=113 HTTP/1.1" 200 6291 "http://renault.activities.at/result?searchterm=true&search=Espace" "Mozilla/5.0 (Windows NT 10.0; Win64; x64) AppleWebKit/537.36 (KHTML, like Gecko) Chrome/87.0.4280.141 Safari/537.36"
217.149.169.48 - - [13/Jan/2021:13:37:37 +0100] "GET /loadthumbnail.php?id=11181187&width=113 HTTP/1.1" 200 1532 "http://renault.activities.at/result?searchterm=true&search=Espace" "Mozilla/5.0 (Windows NT 10.0; Win64; x64) AppleWebKit/537.36 (KHTML, like Gecko) Chrome/87.0.4280.141 Safari/537.36"
217.149.169.48 - - [13/Jan/2021:13:37:37 +0100] "GET /loadthumbnail.php?id=11181185&width=113 HTTP/1.1" 200 1532 "http://renault.activities.at/result?searchterm=true&search=Espace" "Mozilla/5.0 (Windows NT 10.0; Win64; x64) AppleWebKit/537.36 (KHTML, like Gecko) Chrome/87.0.4280.141 Safari/537.36"
217.149.169.48 - - [13/Jan/2021:13:37:37 +0100] "GET /loadthumbnail.php?id=11475295&width=113 HTTP/1.1" 200 17922 "http://renault.activities.at/result?searchterm=true&search=Espace" "Mozilla/5.0 (Windows NT 10.0; Win64; x64) AppleWebKit/537.36 (KHTML, like Gecko) Chrome/87.0.4280.141 Safari/537.36"
217.149.169.48 - - [13/Jan/2021:13:37:37 +0100] "GET /loadthumbnail.php?id=12310521&width=113 HTTP/1.1" 200 3088 "http://renault.activities.at/result?searchterm=true&search=Espace" "Mozilla/5.0 (Windows NT 10.0; Win64; x64) AppleWebKit/537.36 (KHTML, like Gecko) Chrome/87.0.4280.141 Safari/537.36"
217.149.169.48 - - [13/Jan/2021:13:37:37 +0100] "GET /loadthumbnail.php?id=11117056&width=113 HTTP/1.1" 200 2184 "http://renault.activities.at/result?searchterm=true&search=Espace" "Mozilla/5.0 (Windows NT 10.0; Win64; x64) AppleWebKit/537.36 (KHTML, like Gecko) Chrome/87.0.4280.141 Safari/537.36"
217.149.169.48 - - [13/Jan/2021:13:37:37 +0100] "GET /loadthumbnail.php?id=11181233&width=113 HTTP/1.1" 200 1353 "http://renault.activities.at/result?searchterm=true&search=Espace" "Mozilla/5.0 (Windows NT 10.0; Win64; x64) AppleWebKit/537.36 (KHTML, like Gecko) Chrome/87.0.4280.141 Safari/537.36"
217.149.169.48 - - [13/Jan/2021:13:37:37 +0100] "GET /loadthumbnail.php?id=11181178&width=113 HTTP/1.1" 200 1834 "http://renault.activities.at/result?searchterm=true&search=Espace" "Mozilla/5.0 (Windows NT 10.0; Win64; x64) AppleWebKit/537.36 (KHTML, like Gecko) Chrome/87.0.4280.141 Safari/537.36"
217.149.169.48 - - [13/Jan/2021:13:37:37 +0100] "GET /loadthumbnail.php?id=11181180&width=113 HTTP/1.1" 200 1834 "http://renault.activities.at/result?searchterm=true&search=Espace" "Mozilla/5.0 (Windows NT 10.0; Win64; x64) AppleWebKit/537.36 (KHTML, like Gecko) Chrome/87.0.4280.141 Safari/537.36"
217.149.169.48 - - [13/Jan/2021:13:37:37 +0100] "GET /loadthumbnail.php?id=11181230&width=113 HTTP/1.1" 200 1353 "http://renault.activities.at/result?searchterm=true&search=Espace" "Mozilla/5.0 (Windows NT 10.0; Win64; x64) AppleWebKit/537.36 (KHTML, like Gecko) Chrome/87.0.4280.141 Safari/537.36"
217.149.169.48 - - [13/Jan/2021:13:37:37 +0100] "GET /loadthumbnail.php?id=11194732&width=113 HTTP/1.1" 200 1353 "http://renault.activities.at/result?searchterm=true&search=Espace" "Mozilla/5.0 (Windows NT 10.0; Win64; x64) AppleWebKit/537.36 (KHTML, like Gecko) Chrome/87.0.4280.141 Safari/537.36"
217.149.169.48 - - [13/Jan/2021:13:37:37 +0100] "GET /loadthumbnail.php?id=11181168&width=113 HTTP/1.1" 200 847 "http://renault.activities.at/result?searchterm=true&search=Espace" "Mozilla/5.0 (Windows NT 10.0; Win64; x64) AppleWebKit/537.36 (KHTML, like Gecko) Chrome/87.0.4280.141 Safari/537.36"
217.149.169.48 - - [13/Jan/2021:13:37:37 +0100] "GET /loadthumbnail.php?id=11181166&width=113 HTTP/1.1" 200 847 "http://renault.activities.at/result?searchterm=true&search=Espace" "Mozilla/5.0 (Windows NT 10.0; Win64; x64) AppleWebKit/537.36 (KHTML, like Gecko) Chrome/87.0.4280.141 Safari/537.36"
217.149.169.48 - - [13/Jan/2021:13:37:38 +0100] "GET /loadthumbnail.php?id=11181172&width=113 HTTP/1.1" 200 1576 "http://renault.activities.at/result?searchterm=true&search=Espace" "Mozilla/5.0 (Windows NT 10.0; Win64; x64) AppleWebKit/537.36 (KHTML, like Gecko) Chrome/87.0.4280.141 Safari/537.36"
217.149.169.48 - - [13/Jan/2021:13:37:38 +0100] "GET /loadthumbnail.php?id=11181170&width=113 HTTP/1.1" 200 1576 "http://renault.activities.at/result?searchterm=true&search=Espace" "Mozilla/5.0 (Windows NT 10.0; Win64; x64) AppleWebKit/537.36 (KHTML, like Gecko) Chrome/87.0.4280.141 Safari/537.36"
138.21.12.22 - - [13/Jan/2021:13:37:43 +0100] "GET /reload?ser=1610541463109 HTTP/1.1" 200 28 "http://renault.2web.at/imprintaddress" "Mozilla/5.0 (Windows NT 10.0; Win64; x64) AppleWebKit/537.36 (KHTML, like Gecko) Chrome/87.0.4280.88 Safari/537.36"
217.149.169.48 - - [13/Jan/2021:13:37:44 +0100] "GET /result?dir=DESC&mode=grid&order=name&limit=15&page=2&search=Espace HTTP/1.1" 200 6834 "http://renault.activities.at/result?searchterm=true&search=Espace" "Mozilla/5.0 (Windows NT 10.0; Win64; x64) AppleWebKit/537.36 (KHTML, like Gecko) Chrome/87.0.4280.141 Safari/537.36"
217.149.169.48 - - [13/Jan/2021:13:37:47 +0100] "GET /loadthumbnail.php?id=10203275 HTTP/1.1" 200 85 "http://renault.activities.at/result?dir=DESC&mode=grid&order=name&limit=15&page=2&search=Espace" "Mozilla/5.0 (Windows NT 10.0; Win64; x64) AppleWebKit/537.36 (KHTML, like Gecko) Chrome/87.0.4280.141 Safari/537.36"
217.149.169.48 - - [13/Jan/2021:13:37:47 +0100] "GET /loadthumbnail.php?id=10309492&width=113 HTTP/1.1" 200 2666 "http://renault.activities.at/result?dir=DESC&mode=grid&order=name&limit=15&page=2&search=Espace" "Mozilla/5.0 (Windows NT 10.0; Win64; x64) AppleWebKit/537.36 (KHTML, like Gecko) Chrome/87.0.4280.141 Safari/537.36"
217.149.169.48 - - [13/Jan/2021:13:37:47 +0100] "GET /loadthumbnail.php?id=10915886&width=113 HTTP/1.1" 200 1376 "http://renault.activities.at/result?dir=DESC&mode=grid&order=name&limit=15&page=2&search=Espace" "Mozilla/5.0 (Windows NT 10.0; Win64; x64) AppleWebKit/537.36 (KHTML, like Gecko) Chrome/87.0.4280.141 Safari/537.36"
217.149.169.48 - - [13/Jan/2021:13:37:47 +0100] "GET /loadthumbnail.php?id=10309491&width=113 HTTP/1.1" 200 2476 "http://renault.activities.at/result?dir=DESC&mode=grid&order=name&limit=15&page=2&search=Espace" "Mozilla/5.0 (Windows NT 10.0; Win64; x64) AppleWebKit/537.36 (KHTML, like Gecko) Chrome/87.0.4280.141 Safari/537.36"
217.149.169.48 - - [13/Jan/2021:13:37:47 +0100] "GET /loadthumbnail.php?id=10970934&width=113 HTTP/1.1" 200 4103 "http://renault.activities.at/result?dir=DESC&mode=grid&order=name&limit=15&page=2&search=Espace" "Mozilla/5.0 (Windows NT 10.0; Win64; x64) AppleWebKit/537.36 (KHTML, like Gecko) Chrome/87.0.4280.141 Safari/537.36"
217.149.169.48 - - [13/Jan/2021:13:37:47 +0100] "GET /loadthumbnail.php?id=12266125&width=113 HTTP/1.1" 200 2955 "http://renault.activities.at/result?dir=DESC&mode=grid&order=name&limit=15&page=2&search=Espace" "Mozilla/5.0 (Windows NT 10.0; Win64; x64) AppleWebKit/537.36 (KHTML, like Gecko) Chrome/87.0.4280.141 Safari/537.36"
217.149.169.48 - - [13/Jan/2021:13:37:47 +0100] "GET /loadthumbnail.php?id=10970931&width=113 HTTP/1.1" 200 6246 "http://renault.activities.at/result?dir=DESC&mode=grid&order=name&limit=15&page=2&search=Espace" "Mozilla/5.0 (Windows NT 10.0; Win64; x64) AppleWebKit/537.36 (KHTML, like Gecko) Chrome/87.0.4280.141 Safari/537.36"
212.152.229.244 - - [13/Jan/2021:13:38:05 +0100] "GET /reload?ser=1610541485191 HTTP/1.1" 200 28 "http://renault.activities.at/result?searchterm=true&search=fr%FCh" "Mozilla/5.0 (Windows NT 10.0; Win64; x64) AppleWebKit/537.36 (KHTML, like Gecko) Chrome/87.0.4280.141 Safari/537.36"
212.89.176.40 - - [13/Jan/2021:13:38:33 +0100] "GET /reload?ser=1610541507559 HTTP/1.1" 200 28 "http://renault.activities.at/" "Mozilla/5.0 (Windows NT 6.1; WOW64; Trident/7.0; rv:11.0) like Gecko"
80.120.210.179 - - [13/Jan/2021:13:38:36 +0100] "GET /reload?ser=1610541516504 HTTP/1.1" 200 28 "http://renault.activities.at/12350251" "Mozilla/5.0 (Windows NT 10.0; Win64; x64; rv:84.0) Gecko/20100101 Firefox/84.0"
138.21.12.22 - - [13/Jan/2021:13:38:45 +0100] "GET /reload?ser=1610541525104 HTTP/1.1" 200 28 "http://renault.2web.at/imprintaddress" "Mozilla/5.0 (Windows NT 10.0; Win64; x64) AppleWebKit/537.36 (KHTML, like Gecko) Chrome/87.0.4280.88 Safari/537.36"
217.149.169.48 - - [13/Jan/2021:13:38:48 +0100] "GET /reload?ser=1610541528192 HTTP/1.1" 200 28 "http://renault.activities.at/result?dir=DESC&mode=grid&order=name&limit=15&page=2&search=Espace" "Mozilla/5.0 (Windows NT 10.0; Win64; x64) AppleWebKit/537.36 (KHTML, like Gecko) Chrome/87.0.4280.141 Safari/537.36"
217.149.169.48 - - [13/Jan/2021:13:38:59 +0100] "GET /result?searchterm=true&search=poster HTTP/1.1" 200 8495 "http://renault.activities.at/result?dir=DESC&mode=grid&order=name&limit=15&page=2&search=Espace" "Mozilla/5.0 (Windows NT 10.0; Win64; x64) AppleWebKit/537.36 (KHTML, like Gecko) Chrome/87.0.4280.141 Safari/537.36"
217.149.169.48 - - [13/Jan/2021:13:38:59 +0100] "POST /axjaxrequest?mode=suggest HTTP/1.1" 200 174 "http://renault.activities.at/result?dir=DESC&mode=grid&order=name&limit=15&page=2&search=Espace" "Mozilla/5.0 (Windows NT 10.0; Win64; x64) AppleWebKit/537.36 (KHTML, like Gecko) Chrome/87.0.4280.141 Safari/537.36"
212.152.229.244 - - [13/Jan/2021:13:39:06 +0100] "GET /reload?ser=1610541546194 HTTP/1.1" 200 28 "http://renault.activities.at/result?searchterm=true&search=fr%FCh" "Mozilla/5.0 (Windows NT 10.0; Win64; x64) AppleWebKit/537.36 (KHTML, like Gecko) Chrome/87.0.4280.141 Safari/537.36"
217.149.169.48 - - [13/Jan/2021:13:39:13 +0100] "GET /css/themes/alphacube/top_mid.gif HTTP/1.1" 200 833 "http://renault.activities.at/css/themes/alphacube.css" "Mozilla/5.0 (Windows NT 10.0; Win64; x64) AppleWebKit/537.36 (KHTML, like Gecko) Chrome/87.0.4280.141 Safari/537.36"
217.149.169.48 - - [13/Jan/2021:13:39:13 +0100] "GET /css/themes/alphacube/frame_right.gif HTTP/1.1" 200 64 "http://renault.activities.at/css/themes/alphacube.css" "Mozilla/5.0 (Windows NT 10.0; Win64; x64) AppleWebKit/537.36 (KHTML, like Gecko) Chrome/87.0.4280.141 Safari/537.36"
217.149.169.48 - - [13/Jan/2021:13:39:13 +0100] "GET /css/themes/alphacube/bottom_middle.gif HTTP/1.1" 200 44 "http://renault.activities.at/css/themes/alphacube.css" "Mozilla/5.0 (Windows NT 10.0; Win64; x64) AppleWebKit/537.36 (KHTML, like Gecko) Chrome/87.0.4280.141 Safari/537.36"
217.149.169.48 - - [13/Jan/2021:13:39:13 +0100] "GET /css/themes/alphacube/frame_left.gif HTTP/1.1" 200 64 "http://renault.activities.at/css/themes/alphacube.css" "Mozilla/5.0 (Windows NT 10.0; Win64; x64) AppleWebKit/537.36 (KHTML, like Gecko) Chrome/87.0.4280.141 Safari/537.36"
217.149.169.48 - - [13/Jan/2021:13:39:13 +0100] "GET /css/themes/alphacube/bottom_left-c.gif HTTP/1.1" 200 62 "http://renault.activities.at/css/themes/alphacube.css" "Mozilla/5.0 (Windows NT 10.0; Win64; x64) AppleWebKit/537.36 (KHTML, like Gecko) Chrome/87.0.4280.141 Safari/537.36"
217.149.169.48 - - [13/Jan/2021:13:39:13 +0100] "GET /css/themes/alphacube/bottom_right-c.gif HTTP/1.1" 200 62 "http://renault.activities.at/css/themes/alphacube.css" "Mozilla/5.0 (Windows NT 10.0; Win64; x64) AppleWebKit/537.36 (KHTML, like Gecko) Chrome/87.0.4280.141 Safari/537.36"
217.149.169.48 - - [13/Jan/2021:13:39:13 +0100] "GET /css/themes/alphacube/top_left.gif HTTP/1.1" 200 973 "http://renault.activities.at/css/themes/alphacube.css" "Mozilla/5.0 (Windows NT 10.0; Win64; x64) AppleWebKit/537.36 (KHTML, like Gecko) Chrome/87.0.4280.141 Safari/537.36"
217.149.169.48 - - [13/Jan/2021:13:39:13 +0100] "GET /css/themes/alphacube/button-close-focus.gif HTTP/1.1" 200 699 "http://renault.activities.at/css/themes/alphacube.css" "Mozilla/5.0 (Windows NT 10.0; Win64; x64) AppleWebKit/537.36 (KHTML, like Gecko) Chrome/87.0.4280.141 Safari/537.36"
217.149.169.48 - - [13/Jan/2021:13:39:13 +0100] "GET /css/themes/alphacube/top_right.gif HTTP/1.1" 200 972 "http://renault.activities.at/css/themes/alphacube.css" "Mozilla/5.0 (Windows NT 10.0; Win64; x64) AppleWebKit/537.36 (KHTML, like Gecko) Chrome/87.0.4280.141 Safari/537.36"
217.149.169.48 - - [13/Jan/2021:13:39:13 +0100] "GET /12294745?print=true HTTP/1.1" 200 2672 "http://renault.activities.at/result?searchterm=true&search=poster" "Mozilla/5.0 (Windows NT 10.0; Win64; x64) AppleWebKit/537.36 (KHTML, like Gecko) Chrome/87.0.4280.141 Safari/537.36"
217.149.169.48 - - [13/Jan/2021:13:39:19 +0100] "GET /js/magiczoom/magiczoom.css HTTP/1.1" 200 1210 "http://renault.activities.at/12294745?print=true" "Mozilla/5.0 (Windows NT 10.0; Win64; x64) AppleWebKit/537.36 (KHTML, like Gecko) Chrome/87.0.4280.141 Safari/537.36"
217.149.169.48 - - [13/Jan/2021:13:39:19 +0100] "GET /js/Produkt.js HTTP/1.1" 200 852 "http://renault.activities.at/12294745?print=true" "Mozilla/5.0 (Windows NT 10.0; Win64; x64) AppleWebKit/537.36 (KHTML, like Gecko) Chrome/87.0.4280.141 Safari/537.36"
217.149.169.48 - - [13/Jan/2021:13:39:19 +0100] "GET /js/magiczoom/magiczoom.js HTTP/1.1" 200 26397 "http://renault.activities.at/12294745?print=true" "Mozilla/5.0 (Windows NT 10.0; Win64; x64) AppleWebKit/537.36 (KHTML, like Gecko) Chrome/87.0.4280.141 Safari/537.36"
217.149.169.48 - - [13/Jan/2021:13:39:19 +0100] "GET /loadthumbnail.php?id=12294747&width=250 HTTP/1.1" 200 89523 "http://renault.activities.at/12294745?print=true" "Mozilla/5.0 (Windows NT 10.0; Win64; x64) AppleWebKit/537.36 (KHTML, like Gecko) Chrome/87.0.4280.141 Safari/537.36"
217.149.169.48 - - [13/Jan/2021:13:39:20 +0100] "GET /js/magiczoom/graphics/loader.gif HTTP/1.1" 200 1849 "http://renault.activities.at/js/magiczoom/magiczoom.css" "Mozilla/5.0 (Windows NT 10.0; Win64; x64) AppleWebKit/537.36 (KHTML, like Gecko) Chrome/87.0.4280.141 Safari/537.36"
217.149.169.48 - - [13/Jan/2021:13:39:19 +0100] "GET /loadthumbnail.php?id=12294747&width=900&height=900 HTTP/1.1" 200 951782 "http://renault.activities.at/12294745?print=true" "Mozilla/5.0 (Windows NT 10.0; Win64; x64) AppleWebKit/537.36 (KHTML, like Gecko) Chrome/87.0.4280.141 Safari/537.36"
217.149.169.48 - - [13/Jan/2021:13:39:20 +0100] "GET /js/magiczoom/graphics/hint.gif HTTP/1.1" 200 73 "http://renault.activities.at/js/magiczoom/magiczoom.css" "Mozilla/5.0 (Windows NT 10.0; Win64; x64) AppleWebKit/537.36 (KHTML, like Gecko) Chrome/87.0.4280.141 Safari/537.36"
212.89.176.40 - - [13/Jan/2021:13:39:34 +0100] "GET /reload?ser=1610541568208 HTTP/1.1" 200 28 "http://renault.activities.at/" "Mozilla/5.0 (Windows NT 6.1; WOW64; Trident/7.0; rv:11.0) like Gecko"
217.149.169.48 - - [13/Jan/2021:13:39:34 +0100] "GET /12083572?print=true HTTP/1.1" 200 2633 "http://renault.activities.at/result?searchterm=true&search=poster" "Mozilla/5.0 (Windows NT 10.0; Win64; x64) AppleWebKit/537.36 (KHTML, like Gecko) Chrome/87.0.4280.141 Safari/537.36"
217.149.169.48 - - [13/Jan/2021:13:39:37 +0100] "GET /loadthumbnail.php?id=12088270&width=250 HTTP/1.1" 200 9703 "http://renault.activities.at/12083572?print=true" "Mozilla/5.0 (Windows NT 10.0; Win64; x64) AppleWebKit/537.36 (KHTML, like Gecko) Chrome/87.0.4280.141 Safari/537.36"
217.149.169.48 - - [13/Jan/2021:13:39:37 +0100] "GET /loadthumbnail.php?id=12088270&width=900&height=900 HTTP/1.1" 200 84339 "http://renault.activities.at/12083572?print=true" "Mozilla/5.0 (Windows NT 10.0; Win64; x64) AppleWebKit/537.36 (KHTML, like Gecko) Chrome/87.0.4280.141 Safari/537.36"
80.120.210.179 - - [13/Jan/2021:13:39:37 +0100] "GET /reload?ser=1610541577524 HTTP/1.1" 200 28 "http://renault.activities.at/12350251" "Mozilla/5.0 (Windows NT 10.0; Win64; x64; rv:84.0) Gecko/20100101 Firefox/84.0"
217.149.169.48 - - [13/Jan/2021:13:39:39 +0100] "GET /12083569?print=true HTTP/1.1" 200 2637 "http://renault.activities.at/result?searchterm=true&search=poster" "Mozilla/5.0 (Windows NT 10.0; Win64; x64) AppleWebKit/537.36 (KHTML, like Gecko) Chrome/87.0.4280.141 Safari/537.36"
217.149.169.48 - - [13/Jan/2021:13:39:42 +0100] "GET /loadthumbnail.php?id=12101538&width=250 HTTP/1.1" 200 8898 "http://renault.activities.at/12083569?print=true" "Mozilla/5.0 (Windows NT 10.0; Win64; x64) AppleWebKit/537.36 (KHTML, like Gecko) Chrome/87.0.4280.141 Safari/537.36"
217.149.169.48 - - [13/Jan/2021:13:39:42 +0100] "GET /loadthumbnail.php?id=12101538&width=900&height=900 HTTP/1.1" 200 77415 "http://renault.activities.at/12083569?print=true" "Mozilla/5.0 (Windows NT 10.0; Win64; x64) AppleWebKit/537.36 (KHTML, like Gecko) Chrome/87.0.4280.141 Safari/537.36"
138.21.12.22 - - [13/Jan/2021:13:39:47 +0100] "GET /reload?ser=1610541587111 HTTP/1.1" 200 28 "http://renault.2web.at/imprintaddress" "Mozilla/5.0 (Windows NT 10.0; Win64; x64) AppleWebKit/537.36 (KHTML, like Gecko) Chrome/87.0.4280.88 Safari/537.36"
217.149.169.48 - - [13/Jan/2021:13:40:02 +0100] "GET /reload?ser=1610541602215 HTTP/1.1" 200 28 "http://renault.activities.at/result?searchterm=true&search=poster" "Mozilla/5.0 (Windows NT 10.0; Win64; x64) AppleWebKit/537.36 (KHTML, like Gecko) Chrome/87.0.4280.141 Safari/537.36"
212.152.229.244 - - [13/Jan/2021:13:40:07 +0100] "GET /reload?ser=1610541607197 HTTP/1.1" 200 28 "http://renault.activities.at/result?searchterm=true&search=fr%FCh" "Mozilla/5.0 (Windows NT 10.0; Win64; x64) AppleWebKit/537.36 (KHTML, like Gecko) Chrome/87.0.4280.141 Safari/537.36"
212.89.176.40 - - [13/Jan/2021:13:40:35 +0100] "GET /reload?ser=1610541628874 HTTP/1.1" 200 28 "http://renault.activities.at/" "Mozilla/5.0 (Windows NT 6.1; WOW64; Trident/7.0; rv:11.0) like Gecko"
80.120.210.179 - - [13/Jan/2021:13:40:38 +0100] "GET /reload?ser=1610541638575 HTTP/1.1" 200 28 "http://renault.activities.at/12350251" "Mozilla/5.0 (Windows NT 10.0; Win64; x64; rv:84.0) Gecko/20100101 Firefox/84.0"
138.21.12.22 - - [13/Jan/2021:13:40:49 +0100] "GET /reload?ser=1610541649107 HTTP/1.1" 200 28 "http://renault.2web.at/imprintaddress" "Mozilla/5.0 (Windows NT 10.0; Win64; x64) AppleWebKit/537.36 (KHTML, like Gecko) Chrome/87.0.4280.88 Safari/537.36"
217.149.169.48 - - [13/Jan/2021:13:41:00 +0100] "GET /js/magiczoom/graphics/zoomin.cur HTTP/1.1" 200 326 "http://renault.activities.at/js/magiczoom/magiczoom.css" "Mozilla/5.0 (Windows NT 10.0; Win64; x64) AppleWebKit/537.36 (KHTML, like Gecko) Chrome/87.0.4280.141 Safari/537.36"
217.149.169.48 - - [13/Jan/2021:13:41:03 +0100] "GET /reload?ser=1610541663271 HTTP/1.1" 200 28 "http://renault.activities.at/result?searchterm=true&search=poster" "Mozilla/5.0 (Windows NT 10.0; Win64; x64) AppleWebKit/537.36 (KHTML, like Gecko) Chrome/87.0.4280.141 Safari/537.36"
212.152.229.244 - - [13/Jan/2021:13:41:08 +0100] "GET /reload?ser=1610541668199 HTTP/1.1" 200 28 "http://renault.activities.at/result?searchterm=true&search=fr%FCh" "Mozilla/5.0 (Windows NT 10.0; Win64; x64) AppleWebKit/537.36 (KHTML, like Gecko) Chrome/87.0.4280.141 Safari/537.36"
212.89.176.40 - - [13/Jan/2021:13:41:35 +0100] "GET /reload?ser=1610541689526 HTTP/1.1" 200 28 "http://renault.activities.at/" "Mozilla/5.0 (Windows NT 6.1; WOW64; Trident/7.0; rv:11.0) like Gecko"
80.120.210.179 - - [13/Jan/2021:13:41:39 +0100] "GET /reload?ser=1610541699580 HTTP/1.1" 200 28 "http://renault.activities.at/12350251" "Mozilla/5.0 (Windows NT 10.0; Win64; x64; rv:84.0) Gecko/20100101 Firefox/84.0"
138.21.12.22 - - [13/Jan/2021:13:41:51 +0100] "GET /reload?ser=1610541711106 HTTP/1.1" 200 28 "http://renault.2web.at/imprintaddress" "Mozilla/5.0 (Windows NT 10.0; Win64; x64) AppleWebKit/537.36 (KHTML, like Gecko) Chrome/87.0.4280.88 Safari/537.36"
217.149.169.48 - - [13/Jan/2021:13:42:04 +0100] "GET /reload?ser=1610541724264 HTTP/1.1" 200 28 "http://renault.activities.at/result?searchterm=true&search=poster" "Mozilla/5.0 (Windows NT 10.0; Win64; x64) AppleWebKit/537.36 (KHTML, like Gecko) Chrome/87.0.4280.141 Safari/537.36"
212.152.229.244 - - [13/Jan/2021:13:42:09 +0100] "GET /reload?ser=1610541729187 HTTP/1.1" 200 28 "http://renault.activities.at/result?searchterm=true&search=fr%FCh" "Mozilla/5.0 (Windows NT 10.0; Win64; x64) AppleWebKit/537.36 (KHTML, like Gecko) Chrome/87.0.4280.141 Safari/537.36"
212.89.176.40 - - [13/Jan/2021:13:42:36 +0100] "GET /reload?ser=1610541750174 HTTP/1.1" 200 28 "http://renault.activities.at/" "Mozilla/5.0 (Windows NT 6.1; WOW64; Trident/7.0; rv:11.0) like Gecko"
80.120.210.179 - - [13/Jan/2021:13:42:40 +0100] "GET /reload?ser=1610541760637 HTTP/1.1" 200 28 "http://renault.activities.at/12350251" "Mozilla/5.0 (Windows NT 10.0; Win64; x64; rv:84.0) Gecko/20100101 Firefox/84.0"
138.21.12.22 - - [13/Jan/2021:13:42:53 +0100] "GET /reload?ser=1610541773107 HTTP/1.1" 200 28 "http://renault.2web.at/imprintaddress" "Mozilla/5.0 (Windows NT 10.0; Win64; x64) AppleWebKit/537.36 (KHTML, like Gecko) Chrome/87.0.4280.88 Safari/537.36"
217.149.169.48 - - [13/Jan/2021:13:43:06 +0100] "GET /reload?ser=1610541786193 HTTP/1.1" 200 28 "http://renault.activities.at/result?searchterm=true&search=poster" "Mozilla/5.0 (Windows NT 10.0; Win64; x64) AppleWebKit/537.36 (KHTML, like Gecko) Chrome/87.0.4280.141 Safari/537.36"
212.152.229.244 - - [13/Jan/2021:13:43:10 +0100] "GET /reload?ser=1610541790190 HTTP/1.1" 200 28 "http://renault.activities.at/result?searchterm=true&search=fr%FCh" "Mozilla/5.0 (Windows NT 10.0; Win64; x64) AppleWebKit/537.36 (KHTML, like Gecko) Chrome/87.0.4280.141 Safari/537.36"
212.89.176.40 - - [13/Jan/2021:13:43:37 +0100] "GET /reload?ser=1610541810816 HTTP/1.1" 200 28 "http://renault.activities.at/" "Mozilla/5.0 (Windows NT 6.1; WOW64; Trident/7.0; rv:11.0) like Gecko"
80.120.210.179 - - [13/Jan/2021:13:43:42 +0100] "GET /reload?ser=1610541822416 HTTP/1.1" 200 28 "http://renault.activities.at/12350251" "Mozilla/5.0 (Windows NT 10.0; Win64; x64; rv:84.0) Gecko/20100101 Firefox/84.0"
138.21.12.22 - - [13/Jan/2021:13:43:55 +0100] "GET /reload?ser=1610541835107 HTTP/1.1" 200 28 "http://renault.2web.at/imprintaddress" "Mozilla/5.0 (Windows NT 10.0; Win64; x64) AppleWebKit/537.36 (KHTML, like Gecko) Chrome/87.0.4280.88 Safari/537.36"
217.149.169.48 - - [13/Jan/2021:13:44:07 +0100] "GET /reload?ser=1610541847193 HTTP/1.1" 200 28 "http://renault.activities.at/result?searchterm=true&search=poster" "Mozilla/5.0 (Windows NT 10.0; Win64; x64) AppleWebKit/537.36 (KHTML, like Gecko) Chrome/87.0.4280.141 Safari/537.36"
212.152.229.244 - - [13/Jan/2021:13:44:11 +0100] "GET /reload?ser=1610541851193 HTTP/1.1" 200 28 "http://renault.activities.at/result?searchterm=true&search=fr%FCh" "Mozilla/5.0 (Windows NT 10.0; Win64; x64) AppleWebKit/537.36 (KHTML, like Gecko) Chrome/87.0.4280.141 Safari/537.36"
212.89.176.40 - - [13/Jan/2021:13:44:37 +0100] "GET /reload?ser=1610541871456 HTTP/1.1" 200 28 "http://renault.activities.at/" "Mozilla/5.0 (Windows NT 6.1; WOW64; Trident/7.0; rv:11.0) like Gecko"
80.120.210.179 - - [13/Jan/2021:13:44:43 +0100] "GET /reload?ser=1610541883453 HTTP/1.1" 200 28 "http://renault.activities.at/12350251" "Mozilla/5.0 (Windows NT 10.0; Win64; x64; rv:84.0) Gecko/20100101 Firefox/84.0"
138.21.12.22 - - [13/Jan/2021:13:44:57 +0100] "GET /reload?ser=1610541897110 HTTP/1.1" 200 28 "http://renault.2web.at/imprintaddress" "Mozilla/5.0 (Windows NT 10.0; Win64; x64) AppleWebKit/537.36 (KHTML, like Gecko) Chrome/87.0.4280.88 Safari/537.36"
217.149.169.48 - - [13/Jan/2021:13:45:08 +0100] "GET /reload?ser=1610541908194 HTTP/1.1" 200 28 "http://renault.activities.at/result?searchterm=true&search=poster" "Mozilla/5.0 (Windows NT 10.0; Win64; x64) AppleWebKit/537.36 (KHTML, like Gecko) Chrome/87.0.4280.141 Safari/537.36"
212.152.229.244 - - [13/Jan/2021:13:45:12 +0100] "GET /reload?ser=1610541912196 HTTP/1.1" 200 28 "http://renault.activities.at/result?searchterm=true&search=fr%FCh" "Mozilla/5.0 (Windows NT 10.0; Win64; x64) AppleWebKit/537.36 (KHTML, like Gecko) Chrome/87.0.4280.141 Safari/537.36"
212.89.176.40 - - [13/Jan/2021:13:45:38 +0100] "GET /reload?ser=1610541932096 HTTP/1.1" 200 28 "http://renault.activities.at/" "Mozilla/5.0 (Windows NT 6.1; WOW64; Trident/7.0; rv:11.0) like Gecko"
80.120.210.179 - - [13/Jan/2021:13:45:44 +0100] "GET /reload?ser=1610541944472 HTTP/1.1" 200 28 "http://renault.activities.at/12350251" "Mozilla/5.0 (Windows NT 10.0; Win64; x64; rv:84.0) Gecko/20100101 Firefox/84.0"
138.21.12.22 - - [13/Jan/2021:13:45:59 +0100] "GET /reload?ser=1610541959106 HTTP/1.1" 200 28 "http://renault.2web.at/imprintaddress" "Mozilla/5.0 (Windows NT 10.0; Win64; x64) AppleWebKit/537.36 (KHTML, like Gecko) Chrome/87.0.4280.88 Safari/537.36"
217.149.169.48 - - [13/Jan/2021:13:46:09 +0100] "GET /reload?ser=1610541969195 HTTP/1.1" 200 28 "http://renault.activities.at/result?searchterm=true&search=poster" "Mozilla/5.0 (Windows NT 10.0; Win64; x64) AppleWebKit/537.36 (KHTML, like Gecko) Chrome/87.0.4280.141 Safari/537.36"
212.152.229.244 - - [13/Jan/2021:13:46:13 +0100] "GET /reload?ser=1610541973199 HTTP/1.1" 200 28 "http://renault.activities.at/result?searchterm=true&search=fr%FCh" "Mozilla/5.0 (Windows NT 10.0; Win64; x64) AppleWebKit/537.36 (KHTML, like Gecko) Chrome/87.0.4280.141 Safari/537.36"
212.89.176.40 - - [13/Jan/2021:13:46:39 +0100] "GET /reload?ser=1610541992771 HTTP/1.1" 200 28 "http://renault.activities.at/" "Mozilla/5.0 (Windows NT 6.1; WOW64; Trident/7.0; rv:11.0) like Gecko"
80.120.210.179 - - [13/Jan/2021:13:46:45 +0100] "GET /reload?ser=1610542005549 HTTP/1.1" 200 28 "http://renault.activities.at/12350251" "Mozilla/5.0 (Windows NT 10.0; Win64; x64; rv:84.0) Gecko/20100101 Firefox/84.0"
138.21.12.22 - - [13/Jan/2021:13:47:01 +0100] "GET /reload?ser=1610542021110 HTTP/1.1" 200 28 "http://renault.2web.at/imprintaddress" "Mozilla/5.0 (Windows NT 10.0; Win64; x64) AppleWebKit/537.36 (KHTML, like Gecko) Chrome/87.0.4280.88 Safari/537.36"
217.149.169.48 - - [13/Jan/2021:13:47:10 +0100] "GET /reload?ser=1610542030195 HTTP/1.1" 200 28 "http://renault.activities.at/result?searchterm=true&search=poster" "Mozilla/5.0 (Windows NT 10.0; Win64; x64) AppleWebKit/537.36 (KHTML, like Gecko) Chrome/87.0.4280.141 Safari/537.36"
212.152.229.244 - - [13/Jan/2021:13:47:14 +0100] "GET /reload?ser=1610542034186 HTTP/1.1" 200 28 "http://renault.activities.at/result?searchterm=true&search=fr%FCh" "Mozilla/5.0 (Windows NT 10.0; Win64; x64) AppleWebKit/537.36 (KHTML, like Gecko) Chrome/87.0.4280.141 Safari/537.36"
212.89.176.40 - - [13/Jan/2021:13:47:39 +0100] "GET /reload?ser=1610542053412 HTTP/1.1" 200 28 "http://renault.activities.at/" "Mozilla/5.0 (Windows NT 6.1; WOW64; Trident/7.0; rv:11.0) like Gecko"
80.120.210.179 - - [13/Jan/2021:13:47:46 +0100] "GET /reload?ser=1610542066594 HTTP/1.1" 200 28 "http://renault.activities.at/12350251" "Mozilla/5.0 (Windows NT 10.0; Win64; x64; rv:84.0) Gecko/20100101 Firefox/84.0"
138.21.12.22 - - [13/Jan/2021:13:48:03 +0100] "GET /reload?ser=1610542083118 HTTP/1.1" 200 28 "http://renault.2web.at/imprintaddress" "Mozilla/5.0 (Windows NT 10.0; Win64; x64) AppleWebKit/537.36 (KHTML, like Gecko) Chrome/87.0.4280.88 Safari/537.36"
217.149.169.48 - - [13/Jan/2021:13:48:11 +0100] "GET /reload?ser=1610542091194 HTTP/1.1" 200 28 "http://renault.activities.at/result?searchterm=true&search=poster" "Mozilla/5.0 (Windows NT 10.0; Win64; x64) AppleWebKit/537.36 (KHTML, like Gecko) Chrome/87.0.4280.141 Safari/537.36"
212.152.229.244 - - [13/Jan/2021:13:48:15 +0100] "GET /reload?ser=1610542095189 HTTP/1.1" 200 28 "http://renault.activities.at/result?searchterm=true&search=fr%FCh" "Mozilla/5.0 (Windows NT 10.0; Win64; x64) AppleWebKit/537.36 (KHTML, like Gecko) Chrome/87.0.4280.141 Safari/537.36"
212.89.176.40 - - [13/Jan/2021:13:48:40 +0100] "GET /reload?ser=1610542114057 HTTP/1.1" 200 28 "http://renault.activities.at/" "Mozilla/5.0 (Windows NT 6.1; WOW64; Trident/7.0; rv:11.0) like Gecko"
80.120.210.179 - - [13/Jan/2021:13:48:47 +0100] "GET /reload?ser=1610542127582 HTTP/1.1" 200 28 "http://renault.activities.at/12350251" "Mozilla/5.0 (Windows NT 10.0; Win64; x64; rv:84.0) Gecko/20100101 Firefox/84.0"
138.21.12.22 - - [13/Jan/2021:13:49:05 +0100] "GET /reload?ser=1610542145135 HTTP/1.1" 200 28 "http://renault.2web.at/imprintaddress" "Mozilla/5.0 (Windows NT 10.0; Win64; x64) AppleWebKit/537.36 (KHTML, like Gecko) Chrome/87.0.4280.88 Safari/537.36"
217.149.169.48 - - [13/Jan/2021:13:49:12 +0100] "GET /reload?ser=1610542152194 HTTP/1.1" 200 28 "http://renault.activities.at/result?searchterm=true&search=poster" "Mozilla/5.0 (Windows NT 10.0; Win64; x64) AppleWebKit/537.36 (KHTML, like Gecko) Chrome/87.0.4280.141 Safari/537.36"
212.152.229.244 - - [13/Jan/2021:13:49:16 +0100] "GET /reload?ser=1610542156192 HTTP/1.1" 200 28 "http://renault.activities.at/result?searchterm=true&search=fr%FCh" "Mozilla/5.0 (Windows NT 10.0; Win64; x64) AppleWebKit/537.36 (KHTML, like Gecko) Chrome/87.0.4280.141 Safari/537.36"
212.89.176.40 - - [13/Jan/2021:13:49:41 +0100] "GET /reload?ser=1610542174704 HTTP/1.1" 200 28 "http://renault.activities.at/" "Mozilla/5.0 (Windows NT 6.1; WOW64; Trident/7.0; rv:11.0) like Gecko"
80.120.210.179 - - [13/Jan/2021:13:49:48 +0100] "GET /reload?ser=1610542188605 HTTP/1.1" 200 28 "http://renault.activities.at/12350251" "Mozilla/5.0 (Windows NT 10.0; Win64; x64; rv:84.0) Gecko/20100101 Firefox/84.0"
138.21.12.22 - - [13/Jan/2021:13:50:07 +0100] "GET /reload?ser=1610542207134 HTTP/1.1" 200 28 "http://renault.2web.at/imprintaddress" "Mozilla/5.0 (Windows NT 10.0; Win64; x64) AppleWebKit/537.36 (KHTML, like Gecko) Chrome/87.0.4280.88 Safari/537.36"
217.149.169.48 - - [13/Jan/2021:13:50:13 +0100] "GET /reload?ser=1610542213195 HTTP/1.1" 200 28 "http://renault.activities.at/result?searchterm=true&search=poster" "Mozilla/5.0 (Windows NT 10.0; Win64; x64) AppleWebKit/537.36 (KHTML, like Gecko) Chrome/87.0.4280.141 Safari/537.36"
212.152.229.244 - - [13/Jan/2021:13:50:17 +0100] "GET /reload?ser=1610542217195 HTTP/1.1" 200 28 "http://renault.activities.at/result?searchterm=true&search=fr%FCh" "Mozilla/5.0 (Windows NT 10.0; Win64; x64) AppleWebKit/537.36 (KHTML, like Gecko) Chrome/87.0.4280.141 Safari/537.36"
212.89.176.40 - - [13/Jan/2021:13:50:41 +0100] "GET /reload?ser=1610542235342 HTTP/1.1" 200 28 "http://renault.activities.at/" "Mozilla/5.0 (Windows NT 6.1; WOW64; Trident/7.0; rv:11.0) like Gecko"
80.120.210.179 - - [13/Jan/2021:13:50:49 +0100] "GET /reload?ser=1610542249640 HTTP/1.1" 200 28 "http://renault.activities.at/12350251" "Mozilla/5.0 (Windows NT 10.0; Win64; x64; rv:84.0) Gecko/20100101 Firefox/84.0"
138.21.12.22 - - [13/Jan/2021:13:51:09 +0100] "GET /reload?ser=1610542269141 HTTP/1.1" 200 28 "http://renault.2web.at/imprintaddress" "Mozilla/5.0 (Windows NT 10.0; Win64; x64) AppleWebKit/537.36 (KHTML, like Gecko) Chrome/87.0.4280.88 Safari/537.36"
217.149.169.48 - - [13/Jan/2021:13:51:14 +0100] "GET /reload?ser=1610542274196 HTTP/1.1" 200 28 "http://renault.activities.at/result?searchterm=true&search=poster" "Mozilla/5.0 (Windows NT 10.0; Win64; x64) AppleWebKit/537.36 (KHTML, like Gecko) Chrome/87.0.4280.141 Safari/537.36"
212.152.229.244 - - [13/Jan/2021:13:51:18 +0100] "GET /reload?ser=1610542278198 HTTP/1.1" 200 28 "http://renault.activities.at/result?searchterm=true&search=fr%FCh" "Mozilla/5.0 (Windows NT 10.0; Win64; x64) AppleWebKit/537.36 (KHTML, like Gecko) Chrome/87.0.4280.141 Safari/537.36"
80.123.225.38 - - [13/Jan/2021:13:51:35 +0100] "GET / HTTP/1.1" 200 3273 "-" "Mozilla/5.0 (compatible; MSIE 10.0; Windows NT 6.1; WOW64; Trident/6.0)"
80.123.225.38 - - [13/Jan/2021:13:51:36 +0100] "GET /js/default.js HTTP/1.1" 304 - "http://renault.activities.at/" "Mozilla/5.0 (compatible; MSIE 10.0; Windows NT 6.1; WOW64; Trident/6.0)"
80.123.225.38 - - [13/Jan/2021:13:51:36 +0100] "GET /js/index.php?c=auto&f=,prototype/prototype.js,prototype/validation.js,scriptaculous/builder.js,scriptaculous/effects.js,scriptaculous/dragdrop.js,scriptaculous/controls.js,scriptaculous/slider.js,varien/js.js,varien/form.js,varien/menu.js,mage/translate.js,mage/cookies.js,varien/product.js,spinner/SpinnerControl.jsmin.js,prototype/window.js,prototype/window_ext.js HTTP/1.1" 304 - "http://renault.activities.at/" "Mozilla/5.0 (compatible; MSIE 10.0; Windows NT 6.1; WOW64; Trident/6.0)"
80.123.225.38 - - [13/Jan/2021:13:51:36 +0100] "GET /js/flashdetection.js HTTP/1.1" 304 - "http://renault.activities.at/" "Mozilla/5.0 (compatible; MSIE 10.0; Windows NT 6.1; WOW64; Trident/6.0)"
80.123.225.38 - - [13/Jan/2021:13:51:36 +0100] "GET /css/reset.css HTTP/1.1" 304 - "http://renault.activities.at/" "Mozilla/5.0 (compatible; MSIE 10.0; Windows NT 6.1; WOW64; Trident/6.0)"
80.123.225.38 - - [13/Jan/2021:13:51:36 +0100] "GET /css/styles.css HTTP/1.1" 304 - "http://renault.activities.at/" "Mozilla/5.0 (compatible; MSIE 10.0; Windows NT 6.1; WOW64; Trident/6.0)"
80.123.225.38 - - [13/Jan/2021:13:51:36 +0100] "GET /css/clears.css HTTP/1.1" 304 - "http://renault.activities.at/" "Mozilla/5.0 (compatible; MSIE 10.0; Windows NT 6.1; WOW64; Trident/6.0)"
80.123.225.38 - - [13/Jan/2021:13:51:36 +0100] "GET /css/print.css HTTP/1.1" 304 - "http://renault.activities.at/" "Mozilla/5.0 (compatible; MSIE 10.0; Windows NT 6.1; WOW64; Trident/6.0)"
80.123.225.38 - - [13/Jan/2021:13:51:36 +0100] "GET /js/checkout.css HTTP/1.1" 304 - "http://renault.activities.at/" "Mozilla/5.0 (compatible; MSIE 10.0; Windows NT 6.1; WOW64; Trident/6.0)"
80.123.225.38 - - [13/Jan/2021:13:51:36 +0100] "GET /css/prototip.css HTTP/1.1" 304 - "http://renault.activities.at/" "Mozilla/5.0 (compatible; MSIE 10.0; Windows NT 6.1; WOW64; Trident/6.0)"
80.123.225.38 - - [13/Jan/2021:13:51:36 +0100] "GET /css/themes/default.css HTTP/1.1" 304 - "http://renault.activities.at/" "Mozilla/5.0 (compatible; MSIE 10.0; Windows NT 6.1; WOW64; Trident/6.0)"
80.123.225.38 - - [13/Jan/2021:13:51:36 +0100] "GET /css/themes/alphacube.css HTTP/1.1" 304 - "http://renault.activities.at/" "Mozilla/5.0 (compatible; MSIE 10.0; Windows NT 6.1; WOW64; Trident/6.0)"
80.123.225.38 - - [13/Jan/2021:13:51:36 +0100] "GET /images/header_block_border.gif HTTP/1.1" 304 - "http://renault.activities.at/" "Mozilla/5.0 (compatible; MSIE 10.0; Windows NT 6.1; WOW64; Trident/6.0)"
80.123.225.38 - - [13/Jan/2021:13:51:36 +0100] "GET /images/header_block_corner_left_top.gif HTTP/1.1" 304 - "http://renault.activities.at/" "Mozilla/5.0 (compatible; MSIE 10.0; Windows NT 6.1; WOW64; Trident/6.0)"
80.123.225.38 - - [13/Jan/2021:13:51:36 +0100] "GET /images/main_block_border.gif HTTP/1.1" 304 - "http://renault.activities.at/" "Mozilla/5.0 (compatible; MSIE 10.0; Windows NT 6.1; WOW64; Trident/6.0)"
80.123.225.38 - - [13/Jan/2021:13:51:36 +0100] "GET /images/header_block_corner_right_top.gif HTTP/1.1" 304 - "http://renault.activities.at/" "Mozilla/5.0 (compatible; MSIE 10.0; Windows NT 6.1; WOW64; Trident/6.0)"
80.123.225.38 - - [13/Jan/2021:13:51:36 +0100] "GET /images/main_block_corner_left_top.gif HTTP/1.1" 304 - "http://renault.activities.at/" "Mozilla/5.0 (compatible; MSIE 10.0; Windows NT 6.1; WOW64; Trident/6.0)"
80.123.225.38 - - [13/Jan/2021:13:51:36 +0100] "GET /images/main_block_corner_right_top.gif HTTP/1.1" 304 - "http://renault.activities.at/" "Mozilla/5.0 (compatible; MSIE 10.0; Windows NT 6.1; WOW64; Trident/6.0)"
80.123.225.38 - - [13/Jan/2021:13:51:36 +0100] "GET /images/main_block_corner_left_bot.gif HTTP/1.1" 304 - "http://renault.activities.at/" "Mozilla/5.0 (compatible; MSIE 10.0; Windows NT 6.1; WOW64; Trident/6.0)"
80.123.225.38 - - [13/Jan/2021:13:51:36 +0100] "GET /images/title_border.jpg HTTP/1.1" 304 - "http://renault.activities.at/" "Mozilla/5.0 (compatible; MSIE 10.0; Windows NT 6.1; WOW64; Trident/6.0)"
80.123.225.38 - - [13/Jan/2021:13:51:36 +0100] "GET /images/main_block_corner_right_bot.gif HTTP/1.1" 304 - "http://renault.activities.at/" "Mozilla/5.0 (compatible; MSIE 10.0; Windows NT 6.1; WOW64; Trident/6.0)"
80.123.225.38 - - [13/Jan/2021:13:51:36 +0100] "GET /images/title_border_top.jpg HTTP/1.1" 304 - "http://renault.activities.at/" "Mozilla/5.0 (compatible; MSIE 10.0; Windows NT 6.1; WOW64; Trident/6.0)"
80.123.225.38 - - [13/Jan/2021:13:51:36 +0100] "GET /images/title_corner_left_top.jpg HTTP/1.1" 304 - "http://renault.activities.at/" "Mozilla/5.0 (compatible; MSIE 10.0; Windows NT 6.1; WOW64; Trident/6.0)"
80.123.225.38 - - [13/Jan/2021:13:51:36 +0100] "GET /images/title_corner_right_top.jpg HTTP/1.1" 304 - "http://renault.activities.at/" "Mozilla/5.0 (compatible; MSIE 10.0; Windows NT 6.1; WOW64; Trident/6.0)"
80.123.225.38 - - [13/Jan/2021:13:51:36 +0100] "GET /loadthumbnail.php?id=11127982 HTTP/1.1" 200 399614 "http://renault.activities.at/" "Mozilla/5.0 (compatible; MSIE 10.0; Windows NT 6.1; WOW64; Trident/6.0)"
80.123.225.38 - - [13/Jan/2021:13:51:40 +0100] "GET /login HTTP/1.1" 200 2085 "http://renault.activities.at/" "Mozilla/5.0 (compatible; MSIE 10.0; Windows NT 6.1; WOW64; Trident/6.0)"
80.123.225.38 - - [13/Jan/2021:13:51:41 +0100] "GET /js/default.js HTTP/1.1" 304 - "http://renault.activities.at/login" "Mozilla/5.0 (compatible; MSIE 10.0; Windows NT 6.1; WOW64; Trident/6.0)"
80.123.225.38 - - [13/Jan/2021:13:51:41 +0100] "GET /css/reset.css HTTP/1.1" 304 - "http://renault.activities.at/login" "Mozilla/5.0 (compatible; MSIE 10.0; Windows NT 6.1; WOW64; Trident/6.0)"
80.123.225.38 - - [13/Jan/2021:13:51:41 +0100] "GET /css/styles.css HTTP/1.1" 304 - "http://renault.activities.at/login" "Mozilla/5.0 (compatible; MSIE 10.0; Windows NT 6.1; WOW64; Trident/6.0)"
80.123.225.38 - - [13/Jan/2021:13:51:41 +0100] "GET /css/clears.css HTTP/1.1" 304 - "http://renault.activities.at/login" "Mozilla/5.0 (compatible; MSIE 10.0; Windows NT 6.1; WOW64; Trident/6.0)"
80.123.225.38 - - [13/Jan/2021:13:51:41 +0100] "GET /js/index.php?c=auto&f=,prototype/prototype.js,prototype/validation.js,scriptaculous/builder.js,scriptaculous/effects.js,scriptaculous/dragdrop.js,scriptaculous/controls.js,scriptaculous/slider.js,varien/js.js,varien/form.js,varien/menu.js,mage/translate.js,mage/cookies.js,varien/product.js,spinner/SpinnerControl.jsmin.js,prototype/window.js,prototype/window_ext.js HTTP/1.1" 304 - "http://renault.activities.at/login" "Mozilla/5.0 (compatible; MSIE 10.0; Windows NT 6.1; WOW64; Trident/6.0)"
80.123.225.38 - - [13/Jan/2021:13:51:41 +0100] "GET /css/print.css HTTP/1.1" 304 - "http://renault.activities.at/login" "Mozilla/5.0 (compatible; MSIE 10.0; Windows NT 6.1; WOW64; Trident/6.0)"
80.123.225.38 - - [13/Jan/2021:13:51:41 +0100] "GET /js/checkout.css HTTP/1.1" 304 - "http://renault.activities.at/login" "Mozilla/5.0 (compatible; MSIE 10.0; Windows NT 6.1; WOW64; Trident/6.0)"
80.123.225.38 - - [13/Jan/2021:13:51:41 +0100] "GET /css/prototip.css HTTP/1.1" 304 - "http://renault.activities.at/login" "Mozilla/5.0 (compatible; MSIE 10.0; Windows NT 6.1; WOW64; Trident/6.0)"
80.123.225.38 - - [13/Jan/2021:13:51:41 +0100] "GET /css/themes/default.css HTTP/1.1" 304 - "http://renault.activities.at/login" "Mozilla/5.0 (compatible; MSIE 10.0; Windows NT 6.1; WOW64; Trident/6.0)"
80.123.225.38 - - [13/Jan/2021:13:51:41 +0100] "GET /css/themes/alphacube.css HTTP/1.1" 304 - "http://renault.activities.at/login" "Mozilla/5.0 (compatible; MSIE 10.0; Windows NT 6.1; WOW64; Trident/6.0)"
80.123.225.38 - - [13/Jan/2021:13:51:41 +0100] "GET /images/title_corner_right_top.jpg HTTP/1.1" 304 - "http://renault.activities.at/login" "Mozilla/5.0 (compatible; MSIE 10.0; Windows NT 6.1; WOW64; Trident/6.0)"
80.123.225.38 - - [13/Jan/2021:13:51:41 +0100] "GET /images/title_corner_left_top.jpg HTTP/1.1" 304 - "http://renault.activities.at/login" "Mozilla/5.0 (compatible; MSIE 10.0; Windows NT 6.1; WOW64; Trident/6.0)"
80.123.225.38 - - [13/Jan/2021:13:51:41 +0100] "GET /images/title_border.jpg HTTP/1.1" 304 - "http://renault.activities.at/login" "Mozilla/5.0 (compatible; MSIE 10.0; Windows NT 6.1; WOW64; Trident/6.0)"
80.123.225.38 - - [13/Jan/2021:13:51:41 +0100] "GET /images/title_border_top.jpg HTTP/1.1" 304 - "http://renault.activities.at/login" "Mozilla/5.0 (compatible; MSIE 10.0; Windows NT 6.1; WOW64; Trident/6.0)"
80.123.225.38 - - [13/Jan/2021:13:51:41 +0100] "GET /images/main_block_corner_right_bot.gif HTTP/1.1" 304 - "http://renault.activities.at/login" "Mozilla/5.0 (compatible; MSIE 10.0; Windows NT 6.1; WOW64; Trident/6.0)"
80.123.225.38 - - [13/Jan/2021:13:51:41 +0100] "GET /images/main_block_corner_left_bot.gif HTTP/1.1" 304 - "http://renault.activities.at/login" "Mozilla/5.0 (compatible; MSIE 10.0; Windows NT 6.1; WOW64; Trident/6.0)"
80.123.225.38 - - [13/Jan/2021:13:51:41 +0100] "GET /images/main_block_corner_right_top.gif HTTP/1.1" 304 - "http://renault.activities.at/login" "Mozilla/5.0 (compatible; MSIE 10.0; Windows NT 6.1; WOW64; Trident/6.0)"
80.123.225.38 - - [13/Jan/2021:13:51:41 +0100] "GET /images/main_block_border.gif HTTP/1.1" 304 - "http://renault.activities.at/login" "Mozilla/5.0 (compatible; MSIE 10.0; Windows NT 6.1; WOW64; Trident/6.0)"
80.123.225.38 - - [13/Jan/2021:13:51:41 +0100] "GET /images/main_block_corner_left_top.gif HTTP/1.1" 304 - "http://renault.activities.at/login" "Mozilla/5.0 (compatible; MSIE 10.0; Windows NT 6.1; WOW64; Trident/6.0)"
80.123.225.38 - - [13/Jan/2021:13:51:41 +0100] "GET /images/header_block_corner_right_top.gif HTTP/1.1" 304 - "http://renault.activities.at/login" "Mozilla/5.0 (compatible; MSIE 10.0; Windows NT 6.1; WOW64; Trident/6.0)"
80.123.225.38 - - [13/Jan/2021:13:51:41 +0100] "GET /images/header_block_corner_left_top.gif HTTP/1.1" 304 - "http://renault.activities.at/login" "Mozilla/5.0 (compatible; MSIE 10.0; Windows NT 6.1; WOW64; Trident/6.0)"
80.123.225.38 - - [13/Jan/2021:13:51:41 +0100] "GET /images/header_block_border.gif HTTP/1.1" 304 - "http://renault.activities.at/login" "Mozilla/5.0 (compatible; MSIE 10.0; Windows NT 6.1; WOW64; Trident/6.0)"
80.123.225.38 - - [13/Jan/2021:13:51:41 +0100] "GET /images/button_left_bg.gif HTTP/1.1" 304 - "http://renault.activities.at/login" "Mozilla/5.0 (compatible; MSIE 10.0; Windows NT 6.1; WOW64; Trident/6.0)"
80.123.225.38 - - [13/Jan/2021:13:51:41 +0100] "GET /images/button_right_bg.gif HTTP/1.1" 304 - "http://renault.activities.at/login" "Mozilla/5.0 (compatible; MSIE 10.0; Windows NT 6.1; WOW64; Trident/6.0)"
80.123.225.38 - - [13/Jan/2021:13:51:41 +0100] "GET /images/button_bg.gif HTTP/1.1" 304 - "http://renault.activities.at/login" "Mozilla/5.0 (compatible; MSIE 10.0; Windows NT 6.1; WOW64; Trident/6.0)"
212.89.176.40 - - [13/Jan/2021:13:51:42 +0100] "GET /reload?ser=1610542295996 HTTP/1.1" 200 28 "http://renault.activities.at/" "Mozilla/5.0 (Windows NT 6.1; WOW64; Trident/7.0; rv:11.0) like Gecko"
80.123.225.38 - - [13/Jan/2021:13:51:48 +0100] "POST /login HTTP/1.1" 302 140 "http://renault.activities.at/login" "Mozilla/5.0 (compatible; MSIE 10.0; Windows NT 6.1; WOW64; Trident/6.0)"
80.120.210.179 - - [13/Jan/2021:13:51:50 +0100] "GET /reload?ser=1610542310669 HTTP/1.1" 200 28 "http://renault.activities.at/12350251" "Mozilla/5.0 (Windows NT 10.0; Win64; x64; rv:84.0) Gecko/20100101 Firefox/84.0"
80.123.225.38 - - [13/Jan/2021:13:51:50 +0100] "GET /account HTTP/1.1" 200 5934 "http://renault.activities.at/login" "Mozilla/5.0 (compatible; MSIE 10.0; Windows NT 6.1; WOW64; Trident/6.0)"
80.123.225.38 - - [13/Jan/2021:13:51:53 +0100] "GET /js/default.js HTTP/1.1" 304 - "http://renault.activities.at/account" "Mozilla/5.0 (compatible; MSIE 10.0; Windows NT 6.1; WOW64; Trident/6.0)"
80.123.225.38 - - [13/Jan/2021:13:51:53 +0100] "GET /css/reset.css HTTP/1.1" 304 - "http://renault.activities.at/account" "Mozilla/5.0 (compatible; MSIE 10.0; Windows NT 6.1; WOW64; Trident/6.0)"
80.123.225.38 - - [13/Jan/2021:13:51:53 +0100] "GET /css/styles.css HTTP/1.1" 304 - "http://renault.activities.at/account" "Mozilla/5.0 (compatible; MSIE 10.0; Windows NT 6.1; WOW64; Trident/6.0)"
80.123.225.38 - - [13/Jan/2021:13:51:53 +0100] "GET /js/index.php?c=auto&f=,prototype/prototype.js,prototype/validation.js,scriptaculous/builder.js,scriptaculous/effects.js,scriptaculous/dragdrop.js,scriptaculous/controls.js,scriptaculous/slider.js,varien/js.js,varien/form.js,varien/menu.js,mage/translate.js,mage/cookies.js,varien/product.js,spinner/SpinnerControl.jsmin.js,prototype/window.js,prototype/window_ext.js HTTP/1.1" 304 - "http://renault.activities.at/account" "Mozilla/5.0 (compatible; MSIE 10.0; Windows NT 6.1; WOW64; Trident/6.0)"
80.123.225.38 - - [13/Jan/2021:13:51:53 +0100] "GET /css/print.css HTTP/1.1" 304 - "http://renault.activities.at/account" "Mozilla/5.0 (compatible; MSIE 10.0; Windows NT 6.1; WOW64; Trident/6.0)"
80.123.225.38 - - [13/Jan/2021:13:51:53 +0100] "GET /css/clears.css HTTP/1.1" 304 - "http://renault.activities.at/account" "Mozilla/5.0 (compatible; MSIE 10.0; Windows NT 6.1; WOW64; Trident/6.0)"
80.123.225.38 - - [13/Jan/2021:13:51:53 +0100] "GET /js/checkout.css HTTP/1.1" 304 - "http://renault.activities.at/account" "Mozilla/5.0 (compatible; MSIE 10.0; Windows NT 6.1; WOW64; Trident/6.0)"
80.123.225.38 - - [13/Jan/2021:13:51:53 +0100] "GET /css/prototip.css HTTP/1.1" 304 - "http://renault.activities.at/account" "Mozilla/5.0 (compatible; MSIE 10.0; Windows NT 6.1; WOW64; Trident/6.0)"
80.123.225.38 - - [13/Jan/2021:13:51:53 +0100] "GET /css/themes/default.css HTTP/1.1" 304 - "http://renault.activities.at/account" "Mozilla/5.0 (compatible; MSIE 10.0; Windows NT 6.1; WOW64; Trident/6.0)"
80.123.225.38 - - [13/Jan/2021:13:51:53 +0100] "GET /css/themes/alphacube.css HTTP/1.1" 304 - "http://renault.activities.at/account" "Mozilla/5.0 (compatible; MSIE 10.0; Windows NT 6.1; WOW64; Trident/6.0)"
80.123.225.38 - - [13/Jan/2021:13:51:53 +0100] "GET /js/account.js HTTP/1.1" 304 - "http://renault.activities.at/account" "Mozilla/5.0 (compatible; MSIE 10.0; Windows NT 6.1; WOW64; Trident/6.0)"
80.123.225.38 - - [13/Jan/2021:13:51:53 +0100] "GET /images/main_block_corner_right_bot.gif HTTP/1.1" 304 - "http://renault.activities.at/account" "Mozilla/5.0 (compatible; MSIE 10.0; Windows NT 6.1; WOW64; Trident/6.0)"
80.123.225.38 - - [13/Jan/2021:13:51:53 +0100] "GET /images/main_block_corner_left_bot.gif HTTP/1.1" 304 - "http://renault.activities.at/account" "Mozilla/5.0 (compatible; MSIE 10.0; Windows NT 6.1; WOW64; Trident/6.0)"
80.123.225.38 - - [13/Jan/2021:13:51:53 +0100] "GET /images/main_block_corner_right_top.gif HTTP/1.1" 304 - "http://renault.activities.at/account" "Mozilla/5.0 (compatible; MSIE 10.0; Windows NT 6.1; WOW64; Trident/6.0)"
80.123.225.38 - - [13/Jan/2021:13:51:53 +0100] "GET /images/main_block_border.gif HTTP/1.1" 304 - "http://renault.activities.at/account" "Mozilla/5.0 (compatible; MSIE 10.0; Windows NT 6.1; WOW64; Trident/6.0)"
80.123.225.38 - - [13/Jan/2021:13:51:53 +0100] "GET /images/main_block_corner_left_top.gif HTTP/1.1" 304 - "http://renault.activities.at/account" "Mozilla/5.0 (compatible; MSIE 10.0; Windows NT 6.1; WOW64; Trident/6.0)"
80.123.225.38 - - [13/Jan/2021:13:51:53 +0100] "GET /images/search_bg.gif HTTP/1.1" 304 - "http://renault.activities.at/account" "Mozilla/5.0 (compatible; MSIE 10.0; Windows NT 6.1; WOW64; Trident/6.0)"
80.123.225.38 - - [13/Jan/2021:13:51:53 +0100] "GET /images/nav_divider.gif HTTP/1.1" 304 - "http://renault.activities.at/account" "Mozilla/5.0 (compatible; MSIE 10.0; Windows NT 6.1; WOW64; Trident/6.0)"
80.123.225.38 - - [13/Jan/2021:13:51:53 +0100] "GET /images/header_block_corner_left_top.gif HTTP/1.1" 304 - "http://renault.activities.at/account" "Mozilla/5.0 (compatible; MSIE 10.0; Windows NT 6.1; WOW64; Trident/6.0)"
80.123.225.38 - - [13/Jan/2021:13:51:53 +0100] "GET /images/header_block_corner_right_top.gif HTTP/1.1" 304 - "http://renault.activities.at/account" "Mozilla/5.0 (compatible; MSIE 10.0; Windows NT 6.1; WOW64; Trident/6.0)"
80.123.225.38 - - [13/Jan/2021:13:51:53 +0100] "GET /images/menu_button_bg.jpg HTTP/1.1" 304 - "http://renault.activities.at/account" "Mozilla/5.0 (compatible; MSIE 10.0; Windows NT 6.1; WOW64; Trident/6.0)"
80.123.225.38 - - [13/Jan/2021:13:51:53 +0100] "GET /images/header_block_border.gif HTTP/1.1" 304 - "http://renault.activities.at/account" "Mozilla/5.0 (compatible; MSIE 10.0; Windows NT 6.1; WOW64; Trident/6.0)"
