80.120.5.131 - - [15/Jan/2021:10:13:30 +0100] "GET /loadthumbnail.php?id=11715009&width=113 HTTP/1.1" 200 22295 "http://renault.activities.at/result?searchterm=true&search=Duster" "Mozilla/5.0 (Windows NT 10.0; Win64; x64) AppleWebKit/537.36 (KHTML, like Gecko) Chrome/87.0.4280.141 Safari/537.36"
80.123.225.38 - - [15/Jan/2021:10:13:38 +0100] "GET /result?searchterm=true&search=Captur HTTP/1.1" 200 8625 "http://renault.activities.at/10260273?dir=DESC&mode=grid&order=name&limit=15&page=2" "Mozilla/5.0 (Windows NT 10.0; Win64; x64; rv:84.0) Gecko/20100101 Firefox/84.0"
80.123.225.38 - - [15/Jan/2021:10:13:41 +0100] "GET /loadthumbnail.php?id=11181187&width=113 HTTP/1.1" 200 1532 "http://renault.activities.at/result?searchterm=true&search=Captur" "Mozilla/5.0 (Windows NT 10.0; Win64; x64; rv:84.0) Gecko/20100101 Firefox/84.0"
80.123.225.38 - - [15/Jan/2021:10:13:41 +0100] "GET /loadthumbnail.php?id=11181178&width=113 HTTP/1.1" 200 1834 "http://renault.activities.at/result?searchterm=true&search=Captur" "Mozilla/5.0 (Windows NT 10.0; Win64; x64; rv:84.0) Gecko/20100101 Firefox/84.0"
80.123.225.38 - - [15/Jan/2021:10:13:41 +0100] "GET /loadthumbnail.php?id=11181180&width=113 HTTP/1.1" 200 1834 "http://renault.activities.at/result?searchterm=true&search=Captur" "Mozilla/5.0 (Windows NT 10.0; Win64; x64; rv:84.0) Gecko/20100101 Firefox/84.0"
80.123.225.38 - - [15/Jan/2021:10:13:41 +0100] "GET /loadthumbnail.php?id=11181185&width=113 HTTP/1.1" 200 1532 "http://renault.activities.at/result?searchterm=true&search=Captur" "Mozilla/5.0 (Windows NT 10.0; Win64; x64; rv:84.0) Gecko/20100101 Firefox/84.0"
80.123.225.38 - - [15/Jan/2021:10:13:41 +0100] "GET /loadthumbnail.php?id=12010039&width=113 HTTP/1.1" 200 19412 "http://renault.activities.at/result?searchterm=true&search=Captur" "Mozilla/5.0 (Windows NT 10.0; Win64; x64; rv:84.0) Gecko/20100101 Firefox/84.0"
80.123.225.38 - - [15/Jan/2021:10:13:41 +0100] "GET /loadthumbnail.php?id=12153814&width=113 HTTP/1.1" 200 3262 "http://renault.activities.at/result?searchterm=true&search=Captur" "Mozilla/5.0 (Windows NT 10.0; Win64; x64; rv:84.0) Gecko/20100101 Firefox/84.0"
80.123.225.38 - - [15/Jan/2021:10:13:42 +0100] "GET /loadthumbnail.php?id=11181168&width=113 HTTP/1.1" 200 847 "http://renault.activities.at/result?searchterm=true&search=Captur" "Mozilla/5.0 (Windows NT 10.0; Win64; x64; rv:84.0) Gecko/20100101 Firefox/84.0"
80.123.225.38 - - [15/Jan/2021:10:13:42 +0100] "GET /loadthumbnail.php?id=11181223&width=113 HTTP/1.1" 200 1171 "http://renault.activities.at/result?searchterm=true&search=Captur" "Mozilla/5.0 (Windows NT 10.0; Win64; x64; rv:84.0) Gecko/20100101 Firefox/84.0"
80.123.225.38 - - [15/Jan/2021:10:13:42 +0100] "GET /loadthumbnail.php?id=11181221&width=113 HTTP/1.1" 200 1171 "http://renault.activities.at/result?searchterm=true&search=Captur" "Mozilla/5.0 (Windows NT 10.0; Win64; x64; rv:84.0) Gecko/20100101 Firefox/84.0"
80.123.225.38 - - [15/Jan/2021:10:13:42 +0100] "GET /loadthumbnail.php?id=11181166&width=113 HTTP/1.1" 200 847 "http://renault.activities.at/result?searchterm=true&search=Captur" "Mozilla/5.0 (Windows NT 10.0; Win64; x64; rv:84.0) Gecko/20100101 Firefox/84.0"
80.123.225.38 - - [15/Jan/2021:10:13:42 +0100] "GET /loadthumbnail.php?id=11194713&width=113 HTTP/1.1" 200 1171 "http://renault.activities.at/result?searchterm=true&search=Captur" "Mozilla/5.0 (Windows NT 10.0; Win64; x64; rv:84.0) Gecko/20100101 Firefox/84.0"
80.123.225.38 - - [15/Jan/2021:10:13:42 +0100] "GET /loadthumbnail.php?id=11181172&width=113 HTTP/1.1" 200 1576 "http://renault.activities.at/result?searchterm=true&search=Captur" "Mozilla/5.0 (Windows NT 10.0; Win64; x64; rv:84.0) Gecko/20100101 Firefox/84.0"
80.123.225.38 - - [15/Jan/2021:10:13:42 +0100] "GET /loadthumbnail.php?id=12255327&width=113 HTTP/1.1" 200 2186 "http://renault.activities.at/result?searchterm=true&search=Captur" "Mozilla/5.0 (Windows NT 10.0; Win64; x64; rv:84.0) Gecko/20100101 Firefox/84.0"
80.123.225.38 - - [15/Jan/2021:10:13:42 +0100] "GET /loadthumbnail.php?id=12255326&width=113 HTTP/1.1" 200 2186 "http://renault.activities.at/result?searchterm=true&search=Captur" "Mozilla/5.0 (Windows NT 10.0; Win64; x64; rv:84.0) Gecko/20100101 Firefox/84.0"
80.123.225.38 - - [15/Jan/2021:10:13:42 +0100] "GET /loadthumbnail.php?id=11181170&width=113 HTTP/1.1" 200 1576 "http://renault.activities.at/result?searchterm=true&search=Captur" "Mozilla/5.0 (Windows NT 10.0; Win64; x64; rv:84.0) Gecko/20100101 Firefox/84.0"
80.123.225.38 - - [15/Jan/2021:10:13:42 +0100] "GET /loadthumbnail.php?id=10986339&width=50&height=50 HTTP/1.1" 200 1295 "http://renault.activities.at/result?searchterm=true&search=Captur" "Mozilla/5.0 (Windows NT 10.0; Win64; x64; rv:84.0) Gecko/20100101 Firefox/84.0"
80.123.225.38 - - [15/Jan/2021:10:13:42 +0100] "GET /loadthumbnail.php?id=10260190&width=50&height=50 HTTP/1.1" 200 1018 "http://renault.activities.at/result?searchterm=true&search=Captur" "Mozilla/5.0 (Windows NT 10.0; Win64; x64; rv:84.0) Gecko/20100101 Firefox/84.0"
80.123.225.38 - - [15/Jan/2021:10:13:42 +0100] "GET /loadthumbnail.php?id=10203276 HTTP/1.1" 200 75 "http://renault.activities.at/result?searchterm=true&search=Captur" "Mozilla/5.0 (Windows NT 10.0; Win64; x64; rv:84.0) Gecko/20100101 Firefox/84.0"
80.123.225.38 - - [15/Jan/2021:10:13:42 +0100] "GET /loadthumbnail.php?id=10203255 HTTP/1.1" 200 137 "http://renault.activities.at/result?searchterm=true&search=Captur" "Mozilla/5.0 (Windows NT 10.0; Win64; x64; rv:84.0) Gecko/20100101 Firefox/84.0"
80.123.225.38 - - [15/Jan/2021:10:13:38 +0100] "POST /axjaxrequest?mode=suggest HTTP/1.1" 200 110 "http://renault.activities.at/10260273?dir=DESC&mode=grid&order=name&limit=15&page=2" "Mozilla/5.0 (Windows NT 10.0; Win64; x64; rv:84.0) Gecko/20100101 Firefox/84.0"
80.123.225.38 - - [15/Jan/2021:10:13:42 +0100] "GET /loadthumbnail.php?id=11127982 HTTP/1.1" 200 399614 "http://renault.activities.at/result?searchterm=true&search=Captur" "Mozilla/5.0 (Windows NT 10.0; Win64; x64; rv:84.0) Gecko/20100101 Firefox/84.0"
80.120.5.131 - - [15/Jan/2021:10:13:41 +0100] "GET /result?searchterm=true&search=Klebe HTTP/1.1" 200 8674 "http://renault.activities.at/result?searchterm=true&search=Duster" "Mozilla/5.0 (Windows NT 10.0; Win64; x64) AppleWebKit/537.36 (KHTML, like Gecko) Chrome/87.0.4280.141 Safari/537.36"
80.120.5.131 - - [15/Jan/2021:10:13:41 +0100] "POST /axjaxrequest?mode=suggest HTTP/1.1" 200 831 "http://renault.activities.at/result?searchterm=true&search=Duster" "Mozilla/5.0 (Windows NT 10.0; Win64; x64) AppleWebKit/537.36 (KHTML, like Gecko) Chrome/87.0.4280.141 Safari/537.36"
80.120.5.131 - - [15/Jan/2021:10:13:49 +0100] "GET /result?dir=DESC&mode=grid&order=name&limit=15&page=2&search=Klebe HTTP/1.1" 200 8580 "http://renault.activities.at/result?searchterm=true&search=Klebe" "Mozilla/5.0 (Windows NT 10.0; Win64; x64) AppleWebKit/537.36 (KHTML, like Gecko) Chrome/87.0.4280.141 Safari/537.36"
83.175.113.91 - - [15/Jan/2021:10:14:05 +0100] "POST /axjaxrequest?mode=suggest HTTP/1.1" 200 147 "http://renault.activities.at/account" "Mozilla/5.0 (Windows NT 10.0; Win64; x64) AppleWebKit/537.36 (KHTML, like Gecko) Chrome/87.0.4280.141 Safari/537.36"
80.120.5.131 - - [15/Jan/2021:10:14:04 +0100] "GET /result?dir=DESC&mode=grid&order=name&limit=15&page=3&search=Klebe HTTP/1.1" 200 8605 "http://renault.activities.at/result?dir=DESC&mode=grid&order=name&limit=15&page=2&search=Klebe" "Mozilla/5.0 (Windows NT 10.0; Win64; x64) AppleWebKit/537.36 (KHTML, like Gecko) Chrome/87.0.4280.141 Safari/537.36"
80.120.5.131 - - [15/Jan/2021:10:14:07 +0100] "GET /loadthumbnail.php?id=11181225&width=113 HTTP/1.1" 200 1322 "http://renault.activities.at/result?dir=DESC&mode=grid&order=name&limit=15&page=3&search=Klebe" "Mozilla/5.0 (Windows NT 10.0; Win64; x64) AppleWebKit/537.36 (KHTML, like Gecko) Chrome/87.0.4280.141 Safari/537.36"
80.120.5.131 - - [15/Jan/2021:10:14:07 +0100] "GET /loadthumbnail.php?id=11181199&width=113 HTTP/1.1" 200 1829 "http://renault.activities.at/result?dir=DESC&mode=grid&order=name&limit=15&page=3&search=Klebe" "Mozilla/5.0 (Windows NT 10.0; Win64; x64) AppleWebKit/537.36 (KHTML, like Gecko) Chrome/87.0.4280.141 Safari/537.36"
80.120.5.131 - - [15/Jan/2021:10:14:07 +0100] "GET /loadthumbnail.php?id=11194717&width=113 HTTP/1.1" 200 1278 "http://renault.activities.at/result?dir=DESC&mode=grid&order=name&limit=15&page=3&search=Klebe" "Mozilla/5.0 (Windows NT 10.0; Win64; x64) AppleWebKit/537.36 (KHTML, like Gecko) Chrome/87.0.4280.141 Safari/537.36"
80.120.5.131 - - [15/Jan/2021:10:14:07 +0100] "GET /loadthumbnail.php?id=11194700&width=113 HTTP/1.1" 200 1829 "http://renault.activities.at/result?dir=DESC&mode=grid&order=name&limit=15&page=3&search=Klebe" "Mozilla/5.0 (Windows NT 10.0; Win64; x64) AppleWebKit/537.36 (KHTML, like Gecko) Chrome/87.0.4280.141 Safari/537.36"
80.120.5.131 - - [15/Jan/2021:10:14:07 +0100] "GET /loadthumbnail.php?id=11186469&width=113 HTTP/1.1" 200 1278 "http://renault.activities.at/result?dir=DESC&mode=grid&order=name&limit=15&page=3&search=Klebe" "Mozilla/5.0 (Windows NT 10.0; Win64; x64) AppleWebKit/537.36 (KHTML, like Gecko) Chrome/87.0.4280.141 Safari/537.36"
80.120.5.131 - - [15/Jan/2021:10:14:07 +0100] "GET /loadthumbnail.php?id=11181197&width=113 HTTP/1.1" 200 1829 "http://renault.activities.at/result?dir=DESC&mode=grid&order=name&limit=15&page=3&search=Klebe" "Mozilla/5.0 (Windows NT 10.0; Win64; x64) AppleWebKit/537.36 (KHTML, like Gecko) Chrome/87.0.4280.141 Safari/537.36"
83.175.113.91 - - [15/Jan/2021:10:14:06 +0100] "POST /axjaxrequest?mode=suggest HTTP/1.1" 200 21 "http://renault.activities.at/account" "Mozilla/5.0 (Windows NT 10.0; Win64; x64) AppleWebKit/537.36 (KHTML, like Gecko) Chrome/87.0.4280.141 Safari/537.36"
80.120.5.131 - - [15/Jan/2021:10:14:07 +0100] "GET /loadthumbnail.php?id=11195851&width=113 HTTP/1.1" 200 1156 "http://renault.activities.at/result?dir=DESC&mode=grid&order=name&limit=15&page=3&search=Klebe" "Mozilla/5.0 (Windows NT 10.0; Win64; x64) AppleWebKit/537.36 (KHTML, like Gecko) Chrome/87.0.4280.141 Safari/537.36"
80.120.5.131 - - [15/Jan/2021:10:14:07 +0100] "GET /loadthumbnail.php?id=11181237&width=113 HTTP/1.1" 200 1156 "http://renault.activities.at/result?dir=DESC&mode=grid&order=name&limit=15&page=3&search=Klebe" "Mozilla/5.0 (Windows NT 10.0; Win64; x64) AppleWebKit/537.36 (KHTML, like Gecko) Chrome/87.0.4280.141 Safari/537.36"
80.120.5.131 - - [15/Jan/2021:10:14:07 +0100] "GET /loadthumbnail.php?id=11186457&width=113 HTTP/1.1" 200 1278 "http://renault.activities.at/result?dir=DESC&mode=grid&order=name&limit=15&page=3&search=Klebe" "Mozilla/5.0 (Windows NT 10.0; Win64; x64) AppleWebKit/537.36 (KHTML, like Gecko) Chrome/87.0.4280.141 Safari/537.36"
80.120.5.131 - - [15/Jan/2021:10:14:07 +0100] "GET /loadthumbnail.php?id=11186495&width=113 HTTP/1.1" 200 1974 "http://renault.activities.at/result?dir=DESC&mode=grid&order=name&limit=15&page=3&search=Klebe" "Mozilla/5.0 (Windows NT 10.0; Win64; x64) AppleWebKit/537.36 (KHTML, like Gecko) Chrome/87.0.4280.141 Safari/537.36"
80.120.5.131 - - [15/Jan/2021:10:14:07 +0100] "GET /loadthumbnail.php?id=11181235&width=113 HTTP/1.1" 200 1156 "http://renault.activities.at/result?dir=DESC&mode=grid&order=name&limit=15&page=3&search=Klebe" "Mozilla/5.0 (Windows NT 10.0; Win64; x64) AppleWebKit/537.36 (KHTML, like Gecko) Chrome/87.0.4280.141 Safari/537.36"
80.120.5.131 - - [15/Jan/2021:10:14:07 +0100] "GET /loadthumbnail.php?id=11186483&width=113 HTTP/1.1" 200 1974 "http://renault.activities.at/result?dir=DESC&mode=grid&order=name&limit=15&page=3&search=Klebe" "Mozilla/5.0 (Windows NT 10.0; Win64; x64) AppleWebKit/537.36 (KHTML, like Gecko) Chrome/87.0.4280.141 Safari/537.36"
80.120.5.131 - - [15/Jan/2021:10:14:07 +0100] "GET /loadthumbnail.php?id=11181233&width=113 HTTP/1.1" 200 1353 "http://renault.activities.at/result?dir=DESC&mode=grid&order=name&limit=15&page=3&search=Klebe" "Mozilla/5.0 (Windows NT 10.0; Win64; x64) AppleWebKit/537.36 (KHTML, like Gecko) Chrome/87.0.4280.141 Safari/537.36"
80.120.5.131 - - [15/Jan/2021:10:14:07 +0100] "GET /loadthumbnail.php?id=11194732&width=113 HTTP/1.1" 200 1353 "http://renault.activities.at/result?dir=DESC&mode=grid&order=name&limit=15&page=3&search=Klebe" "Mozilla/5.0 (Windows NT 10.0; Win64; x64) AppleWebKit/537.36 (KHTML, like Gecko) Chrome/87.0.4280.141 Safari/537.36"
83.175.113.91 - - [15/Jan/2021:10:14:07 +0100] "POST /axjaxrequest?mode=suggest HTTP/1.1" 200 21 "http://renault.activities.at/account" "Mozilla/5.0 (Windows NT 10.0; Win64; x64) AppleWebKit/537.36 (KHTML, like Gecko) Chrome/87.0.4280.141 Safari/537.36"
83.175.113.91 - - [15/Jan/2021:10:14:07 +0100] "POST /axjaxrequest?mode=suggest HTTP/1.1" 200 21 "http://renault.activities.at/account" "Mozilla/5.0 (Windows NT 10.0; Win64; x64) AppleWebKit/537.36 (KHTML, like Gecko) Chrome/87.0.4280.141 Safari/537.36"
83.175.113.91 - - [15/Jan/2021:10:14:10 +0100] "POST /axjaxrequest?mode=suggest HTTP/1.1" 200 300 "http://renault.activities.at/account" "Mozilla/5.0 (Windows NT 10.0; Win64; x64) AppleWebKit/537.36 (KHTML, like Gecko) Chrome/87.0.4280.141 Safari/537.36"
83.175.113.91 - - [15/Jan/2021:10:14:11 +0100] "POST /axjaxrequest?mode=suggest HTTP/1.1" 200 21 "http://renault.activities.at/account" "Mozilla/5.0 (Windows NT 10.0; Win64; x64) AppleWebKit/537.36 (KHTML, like Gecko) Chrome/87.0.4280.141 Safari/537.36"
83.175.113.91 - - [15/Jan/2021:10:14:12 +0100] "POST /axjaxrequest?mode=suggest HTTP/1.1" 200 21 "http://renault.activities.at/account" "Mozilla/5.0 (Windows NT 10.0; Win64; x64) AppleWebKit/537.36 (KHTML, like Gecko) Chrome/87.0.4280.141 Safari/537.36"
83.175.113.91 - - [15/Jan/2021:10:14:14 +0100] "POST /axjaxrequest?mode=suggest HTTP/1.1" 200 21 "http://renault.activities.at/account" "Mozilla/5.0 (Windows NT 10.0; Win64; x64) AppleWebKit/537.36 (KHTML, like Gecko) Chrome/87.0.4280.141 Safari/537.36"
193.194.132.22 - - [15/Jan/2021:10:14:18 +0100] "GET /reload?ser=1610702058062 HTTP/1.1" 200 28 "http://renault.2web.at/result?searchterm=true&search=give" "Mozilla/5.0 (Windows NT 10.0; Win64; x64) AppleWebKit/537.36 (KHTML, like Gecko) Chrome/87.0.4280.141 Safari/537.36"
83.175.113.91 - - [15/Jan/2021:10:14:18 +0100] "GET /reload?ser=1610702058981 HTTP/1.1" 200 28 "http://renault.activities.at/account" "Mozilla/5.0 (Windows NT 10.0; Win64; x64) AppleWebKit/537.36 (KHTML, like Gecko) Chrome/87.0.4280.141 Safari/537.36"
83.175.113.91 - - [15/Jan/2021:10:14:25 +0100] "POST /axjaxrequest?mode=suggest HTTP/1.1" 200 765 "http://renault.activities.at/account" "Mozilla/5.0 (Windows NT 10.0; Win64; x64) AppleWebKit/537.36 (KHTML, like Gecko) Chrome/87.0.4280.141 Safari/537.36"
80.120.5.131 - - [15/Jan/2021:10:14:25 +0100] "GET /result?dir=DESC&mode=grid&order=name&limit=15&page=5&search=Klebe HTTP/1.1" 200 8756 "http://renault.activities.at/result?dir=DESC&mode=grid&order=name&limit=15&page=3&search=Klebe" "Mozilla/5.0 (Windows NT 10.0; Win64; x64) AppleWebKit/537.36 (KHTML, like Gecko) Chrome/87.0.4280.141 Safari/537.36"
80.120.5.131 - - [15/Jan/2021:10:14:28 +0100] "GET /loadthumbnail.php?id=12255324&width=113 HTTP/1.1" 200 2018 "http://renault.activities.at/result?dir=DESC&mode=grid&order=name&limit=15&page=5&search=Klebe" "Mozilla/5.0 (Windows NT 10.0; Win64; x64) AppleWebKit/537.36 (KHTML, like Gecko) Chrome/87.0.4280.141 Safari/537.36"
80.120.5.131 - - [15/Jan/2021:10:14:28 +0100] "GET /loadthumbnail.php?id=11555219&width=113 HTTP/1.1" 200 2237 "http://renault.activities.at/result?dir=DESC&mode=grid&order=name&limit=15&page=5&search=Klebe" "Mozilla/5.0 (Windows NT 10.0; Win64; x64) AppleWebKit/537.36 (KHTML, like Gecko) Chrome/87.0.4280.141 Safari/537.36"
80.120.5.131 - - [15/Jan/2021:10:14:28 +0100] "GET /loadthumbnail.php?id=11555218&width=113 HTTP/1.1" 200 2237 "http://renault.activities.at/result?dir=DESC&mode=grid&order=name&limit=15&page=5&search=Klebe" "Mozilla/5.0 (Windows NT 10.0; Win64; x64) AppleWebKit/537.36 (KHTML, like Gecko) Chrome/87.0.4280.141 Safari/537.36"
80.120.5.131 - - [15/Jan/2021:10:14:28 +0100] "GET /loadthumbnail.php?id=12255321&width=113 HTTP/1.1" 200 2018 "http://renault.activities.at/result?dir=DESC&mode=grid&order=name&limit=15&page=5&search=Klebe" "Mozilla/5.0 (Windows NT 10.0; Win64; x64) AppleWebKit/537.36 (KHTML, like Gecko) Chrome/87.0.4280.141 Safari/537.36"
80.120.5.131 - - [15/Jan/2021:10:14:28 +0100] "GET /loadthumbnail.php?id=11181172&width=113 HTTP/1.1" 200 1576 "http://renault.activities.at/result?dir=DESC&mode=grid&order=name&limit=15&page=5&search=Klebe" "Mozilla/5.0 (Windows NT 10.0; Win64; x64) AppleWebKit/537.36 (KHTML, like Gecko) Chrome/87.0.4280.141 Safari/537.36"
80.120.5.131 - - [15/Jan/2021:10:14:28 +0100] "GET /loadthumbnail.php?id=11181170&width=113 HTTP/1.1" 200 1576 "http://renault.activities.at/result?dir=DESC&mode=grid&order=name&limit=15&page=5&search=Klebe" "Mozilla/5.0 (Windows NT 10.0; Win64; x64) AppleWebKit/537.36 (KHTML, like Gecko) Chrome/87.0.4280.141 Safari/537.36"
80.120.5.131 - - [15/Jan/2021:10:14:28 +0100] "GET /loadthumbnail.php?id=11181176&width=113 HTTP/1.1" 200 1860 "http://renault.activities.at/result?dir=DESC&mode=grid&order=name&limit=15&page=5&search=Klebe" "Mozilla/5.0 (Windows NT 10.0; Win64; x64) AppleWebKit/537.36 (KHTML, like Gecko) Chrome/87.0.4280.141 Safari/537.36"
80.120.5.131 - - [15/Jan/2021:10:14:28 +0100] "GET /loadthumbnail.php?id=11181174&width=113 HTTP/1.1" 200 1860 "http://renault.activities.at/result?dir=DESC&mode=grid&order=name&limit=15&page=5&search=Klebe" "Mozilla/5.0 (Windows NT 10.0; Win64; x64) AppleWebKit/537.36 (KHTML, like Gecko) Chrome/87.0.4280.141 Safari/537.36"
80.120.5.131 - - [15/Jan/2021:10:14:28 +0100] "GET /loadthumbnail.php?id=12255329&width=113 HTTP/1.1" 200 1827 "http://renault.activities.at/result?dir=DESC&mode=grid&order=name&limit=15&page=5&search=Klebe" "Mozilla/5.0 (Windows NT 10.0; Win64; x64) AppleWebKit/537.36 (KHTML, like Gecko) Chrome/87.0.4280.141 Safari/537.36"
80.120.5.131 - - [15/Jan/2021:10:14:28 +0100] "GET /loadthumbnail.php?id=12255330&width=113 HTTP/1.1" 200 1827 "http://renault.activities.at/result?dir=DESC&mode=grid&order=name&limit=15&page=5&search=Klebe" "Mozilla/5.0 (Windows NT 10.0; Win64; x64) AppleWebKit/537.36 (KHTML, like Gecko) Chrome/87.0.4280.141 Safari/537.36"
80.120.5.131 - - [15/Jan/2021:10:14:28 +0100] "GET /loadthumbnail.php?id=12255326&width=113 HTTP/1.1" 200 2186 "http://renault.activities.at/result?dir=DESC&mode=grid&order=name&limit=15&page=5&search=Klebe" "Mozilla/5.0 (Windows NT 10.0; Win64; x64) AppleWebKit/537.36 (KHTML, like Gecko) Chrome/87.0.4280.141 Safari/537.36"
80.120.5.131 - - [15/Jan/2021:10:14:28 +0100] "GET /loadthumbnail.php?id=12255328&width=113 HTTP/1.1" 200 1827 "http://renault.activities.at/result?dir=DESC&mode=grid&order=name&limit=15&page=5&search=Klebe" "Mozilla/5.0 (Windows NT 10.0; Win64; x64) AppleWebKit/537.36 (KHTML, like Gecko) Chrome/87.0.4280.141 Safari/537.36"
80.120.5.131 - - [15/Jan/2021:10:14:28 +0100] "GET /loadthumbnail.php?id=12255325&width=113 HTTP/1.1" 200 2186 "http://renault.activities.at/result?dir=DESC&mode=grid&order=name&limit=15&page=5&search=Klebe" "Mozilla/5.0 (Windows NT 10.0; Win64; x64) AppleWebKit/537.36 (KHTML, like Gecko) Chrome/87.0.4280.141 Safari/537.36"
80.120.5.131 - - [15/Jan/2021:10:14:28 +0100] "GET /loadthumbnail.php?id=12255327&width=113 HTTP/1.1" 200 2186 "http://renault.activities.at/result?dir=DESC&mode=grid&order=name&limit=15&page=5&search=Klebe" "Mozilla/5.0 (Windows NT 10.0; Win64; x64) AppleWebKit/537.36 (KHTML, like Gecko) Chrome/87.0.4280.141 Safari/537.36"
83.175.113.91 - - [15/Jan/2021:10:14:28 +0100] "POST /axjaxrequest?mode=suggest HTTP/1.1" 200 21 "http://renault.activities.at/account" "Mozilla/5.0 (Windows NT 10.0; Win64; x64) AppleWebKit/537.36 (KHTML, like Gecko) Chrome/87.0.4280.141 Safari/537.36"
83.175.113.91 - - [15/Jan/2021:10:14:28 +0100] "POST /axjaxrequest?mode=suggest HTTP/1.1" 200 21 "http://renault.activities.at/account" "Mozilla/5.0 (Windows NT 10.0; Win64; x64) AppleWebKit/537.36 (KHTML, like Gecko) Chrome/87.0.4280.141 Safari/537.36"
83.175.113.91 - - [15/Jan/2021:10:14:29 +0100] "POST /axjaxrequest?mode=suggest HTTP/1.1" 200 21 "http://renault.activities.at/account" "Mozilla/5.0 (Windows NT 10.0; Win64; x64) AppleWebKit/537.36 (KHTML, like Gecko) Chrome/87.0.4280.141 Safari/537.36"
83.175.113.91 - - [15/Jan/2021:10:14:31 +0100] "POST /axjaxrequest?mode=suggest HTTP/1.1" 200 21 "http://renault.activities.at/account" "Mozilla/5.0 (Windows NT 10.0; Win64; x64) AppleWebKit/537.36 (KHTML, like Gecko) Chrome/87.0.4280.141 Safari/537.36"
83.175.113.91 - - [15/Jan/2021:10:14:34 +0100] "POST /axjaxrequest?mode=suggest HTTP/1.1" 200 21 "http://renault.activities.at/account" "Mozilla/5.0 (Windows NT 10.0; Win64; x64) AppleWebKit/537.36 (KHTML, like Gecko) Chrome/87.0.4280.141 Safari/537.36"
80.123.225.38 - - [15/Jan/2021:10:14:43 +0100] "GET /reload?ser=1610702082941 HTTP/1.1" 200 28 "http://renault.activities.at/result?searchterm=true&search=Captur" "Mozilla/5.0 (Windows NT 10.0; Win64; x64; rv:84.0) Gecko/20100101 Firefox/84.0"
83.175.113.91 - - [15/Jan/2021:10:14:47 +0100] "GET /action HTTP/1.1" 200 4065 "http://renault.activities.at/account" "Mozilla/5.0 (Windows NT 10.0; Win64; x64) AppleWebKit/537.36 (KHTML, like Gecko) Chrome/87.0.4280.141 Safari/537.36"
83.175.113.91 - - [15/Jan/2021:10:14:49 +0100] "GET /images/note_msg_icon.gif HTTP/1.1" 200 1022 "http://renault.activities.at/css/styles.css" "Mozilla/5.0 (Windows NT 10.0; Win64; x64) AppleWebKit/537.36 (KHTML, like Gecko) Chrome/87.0.4280.141 Safari/537.36"
114.119.148.103 - - [15/Jan/2021:10:14:53 +0100] "GET /robots.txt HTTP/1.1" 404 300 "-" "(compatible;PetalBot;+https://aspiegel.com/petalbot)"
83.175.113.91 - - [15/Jan/2021:10:14:51 +0100] "GET /10201442 HTTP/1.1" 200 8823 "http://renault.activities.at/action" "Mozilla/5.0 (Windows NT 10.0; Win64; x64) AppleWebKit/537.36 (KHTML, like Gecko) Chrome/87.0.4280.141 Safari/537.36"
83.175.113.91 - - [15/Jan/2021:10:14:54 +0100] "GET /js/prototip.js HTTP/1.1" 200 4588 "http://renault.activities.at/10201442" "Mozilla/5.0 (Windows NT 10.0; Win64; x64) AppleWebKit/537.36 (KHTML, like Gecko) Chrome/87.0.4280.141 Safari/537.36"
83.175.113.91 - - [15/Jan/2021:10:14:54 +0100] "GET /js/ProduktGrp.js HTTP/1.1" 200 1569 "http://renault.activities.at/10201442" "Mozilla/5.0 (Windows NT 10.0; Win64; x64) AppleWebKit/537.36 (KHTML, like Gecko) Chrome/87.0.4280.141 Safari/537.36"
83.175.113.91 - - [15/Jan/2021:10:14:54 +0100] "GET /images/loading.gif HTTP/1.1" 200 3208 "http://renault.activities.at/10201442" "Mozilla/5.0 (Windows NT 10.0; Win64; x64) AppleWebKit/537.36 (KHTML, like Gecko) Chrome/87.0.4280.141 Safari/537.36"
83.175.113.91 - - [15/Jan/2021:10:14:54 +0100] "GET /loadthumbnail.php?id=10203276 HTTP/1.1" 200 75 "http://renault.activities.at/10201442" "Mozilla/5.0 (Windows NT 10.0; Win64; x64) AppleWebKit/537.36 (KHTML, like Gecko) Chrome/87.0.4280.141 Safari/537.36"
83.175.113.91 - - [15/Jan/2021:10:14:54 +0100] "GET /loadthumbnail.php?id=10203255 HTTP/1.1" 200 137 "http://renault.activities.at/10201442" "Mozilla/5.0 (Windows NT 10.0; Win64; x64) AppleWebKit/537.36 (KHTML, like Gecko) Chrome/87.0.4280.141 Safari/537.36"
83.175.113.91 - - [15/Jan/2021:10:14:54 +0100] "GET /loadthumbnail.php?id=12329777&width=113 HTTP/1.1" 200 5924 "http://renault.activities.at/10201442" "Mozilla/5.0 (Windows NT 10.0; Win64; x64) AppleWebKit/537.36 (KHTML, like Gecko) Chrome/87.0.4280.141 Safari/537.36"
83.175.113.91 - - [15/Jan/2021:10:14:54 +0100] "GET /loadthumbnail.php?id=12329769&width=113 HTTP/1.1" 200 6281 "http://renault.activities.at/10201442" "Mozilla/5.0 (Windows NT 10.0; Win64; x64) AppleWebKit/537.36 (KHTML, like Gecko) Chrome/87.0.4280.141 Safari/537.36"
83.175.113.91 - - [15/Jan/2021:10:14:54 +0100] "GET /loadthumbnail.php?id=12329773&width=113 HTTP/1.1" 200 6402 "http://renault.activities.at/10201442" "Mozilla/5.0 (Windows NT 10.0; Win64; x64) AppleWebKit/537.36 (KHTML, like Gecko) Chrome/87.0.4280.141 Safari/537.36"
83.175.113.91 - - [15/Jan/2021:10:14:54 +0100] "GET /loadthumbnail.php?id=12329380&width=113 HTTP/1.1" 200 6136 "http://renault.activities.at/10201442" "Mozilla/5.0 (Windows NT 10.0; Win64; x64) AppleWebKit/537.36 (KHTML, like Gecko) Chrome/87.0.4280.141 Safari/537.36"
83.175.113.91 - - [15/Jan/2021:10:14:54 +0100] "GET /images/sub_title_bg.jpg HTTP/1.1" 200 314 "http://renault.activities.at/css/styles.css" "Mozilla/5.0 (Windows NT 10.0; Win64; x64) AppleWebKit/537.36 (KHTML, like Gecko) Chrome/87.0.4280.141 Safari/537.36"
83.175.113.91 - - [15/Jan/2021:10:14:54 +0100] "GET /images/vista-dn.gif HTTP/1.1" 200 128 "http://renault.activities.at/css/styles.css" "Mozilla/5.0 (Windows NT 10.0; Win64; x64) AppleWebKit/537.36 (KHTML, like Gecko) Chrome/87.0.4280.141 Safari/537.36"
83.175.113.91 - - [15/Jan/2021:10:14:54 +0100] "GET /images/pager_bg.gif HTTP/1.1" 200 150 "http://renault.activities.at/css/styles.css" "Mozilla/5.0 (Windows NT 10.0; Win64; x64) AppleWebKit/537.36 (KHTML, like Gecko) Chrome/87.0.4280.141 Safari/537.36"
83.175.113.91 - - [15/Jan/2021:10:14:54 +0100] "GET /images/vista-up.gif HTTP/1.1" 200 131 "http://renault.activities.at/css/styles.css" "Mozilla/5.0 (Windows NT 10.0; Win64; x64) AppleWebKit/537.36 (KHTML, like Gecko) Chrome/87.0.4280.141 Safari/537.36"
83.175.113.91 - - [15/Jan/2021:10:14:54 +0100] "GET /loadthumbnail.php?id=12329388&width=113 HTTP/1.1" 200 6391 "http://renault.activities.at/10201442" "Mozilla/5.0 (Windows NT 10.0; Win64; x64) AppleWebKit/537.36 (KHTML, like Gecko) Chrome/87.0.4280.141 Safari/537.36"
83.175.113.91 - - [15/Jan/2021:10:14:54 +0100] "GET /loadthumbnail.php?id=12329754&width=113 HTTP/1.1" 200 6497 "http://renault.activities.at/10201442" "Mozilla/5.0 (Windows NT 10.0; Win64; x64) AppleWebKit/537.36 (KHTML, like Gecko) Chrome/87.0.4280.141 Safari/537.36"
83.175.113.91 - - [15/Jan/2021:10:14:54 +0100] "GET /loadthumbnail.php?id=12329384&width=113 HTTP/1.1" 200 6523 "http://renault.activities.at/10201442" "Mozilla/5.0 (Windows NT 10.0; Win64; x64) AppleWebKit/537.36 (KHTML, like Gecko) Chrome/87.0.4280.141 Safari/537.36"
83.175.113.91 - - [15/Jan/2021:10:14:54 +0100] "GET /loadthumbnail.php?id=12329765&width=113 HTTP/1.1" 200 6417 "http://renault.activities.at/10201442" "Mozilla/5.0 (Windows NT 10.0; Win64; x64) AppleWebKit/537.36 (KHTML, like Gecko) Chrome/87.0.4280.141 Safari/537.36"
83.175.113.91 - - [15/Jan/2021:10:14:54 +0100] "GET /loadthumbnail.php?id=12329742&width=113 HTTP/1.1" 200 6011 "http://renault.activities.at/10201442" "Mozilla/5.0 (Windows NT 10.0; Win64; x64) AppleWebKit/537.36 (KHTML, like Gecko) Chrome/87.0.4280.141 Safari/537.36"
83.175.113.91 - - [15/Jan/2021:10:14:54 +0100] "GET /loadthumbnail.php?id=12329758&width=113 HTTP/1.1" 200 6291 "http://renault.activities.at/10201442" "Mozilla/5.0 (Windows NT 10.0; Win64; x64) AppleWebKit/537.36 (KHTML, like Gecko) Chrome/87.0.4280.141 Safari/537.36"
83.175.113.91 - - [15/Jan/2021:10:14:55 +0100] "GET /loadthumbnail.php?id=12329750&width=113 HTTP/1.1" 200 6710 "http://renault.activities.at/10201442" "Mozilla/5.0 (Windows NT 10.0; Win64; x64) AppleWebKit/537.36 (KHTML, like Gecko) Chrome/87.0.4280.141 Safari/537.36"
83.175.113.91 - - [15/Jan/2021:10:14:55 +0100] "GET /loadthumbnail.php?id=12329395&width=113 HTTP/1.1" 200 6279 "http://renault.activities.at/10201442" "Mozilla/5.0 (Windows NT 10.0; Win64; x64) AppleWebKit/537.36 (KHTML, like Gecko) Chrome/87.0.4280.141 Safari/537.36"
83.175.113.91 - - [15/Jan/2021:10:14:55 +0100] "GET /loadthumbnail.php?id=12138224&width=113 HTTP/1.1" 200 3427 "http://renault.activities.at/10201442" "Mozilla/5.0 (Windows NT 10.0; Win64; x64) AppleWebKit/537.36 (KHTML, like Gecko) Chrome/87.0.4280.141 Safari/537.36"
83.175.113.91 - - [15/Jan/2021:10:14:55 +0100] "GET /loadthumbnail.php?id=12328871&width=113 HTTP/1.1" 200 3047 "http://renault.activities.at/10201442" "Mozilla/5.0 (Windows NT 10.0; Win64; x64) AppleWebKit/537.36 (KHTML, like Gecko) Chrome/87.0.4280.141 Safari/537.36"
83.175.113.91 - - [15/Jan/2021:10:14:55 +0100] "GET /loadthumbnail.php?id=12037190&width=113 HTTP/1.1" 200 19857 "http://renault.activities.at/10201442" "Mozilla/5.0 (Windows NT 10.0; Win64; x64) AppleWebKit/537.36 (KHTML, like Gecko) Chrome/87.0.4280.141 Safari/537.36"
80.120.5.131 - - [15/Jan/2021:10:14:54 +0100] "GET /result?dir=DESC&mode=grid&order=name&limit=15&page=6&search=Klebe HTTP/1.1" 200 8797 "http://renault.activities.at/result?dir=DESC&mode=grid&order=name&limit=15&page=5&search=Klebe" "Mozilla/5.0 (Windows NT 10.0; Win64; x64) AppleWebKit/537.36 (KHTML, like Gecko) Chrome/87.0.4280.141 Safari/537.36"
80.120.5.131 - - [15/Jan/2021:10:14:57 +0100] "GET /loadthumbnail.php?id=11648009&width=113 HTTP/1.1" 200 2417 "http://renault.activities.at/result?dir=DESC&mode=grid&order=name&limit=15&page=6&search=Klebe" "Mozilla/5.0 (Windows NT 10.0; Win64; x64) AppleWebKit/537.36 (KHTML, like Gecko) Chrome/87.0.4280.141 Safari/537.36"
80.120.5.131 - - [15/Jan/2021:10:14:57 +0100] "GET /loadthumbnail.php?id=11648005&width=113 HTTP/1.1" 200 2417 "http://renault.activities.at/result?dir=DESC&mode=grid&order=name&limit=15&page=6&search=Klebe" "Mozilla/5.0 (Windows NT 10.0; Win64; x64) AppleWebKit/537.36 (KHTML, like Gecko) Chrome/87.0.4280.141 Safari/537.36"
80.120.5.131 - - [15/Jan/2021:10:14:57 +0100] "GET /loadthumbnail.php?id=11181193&width=113 HTTP/1.1" 200 1448 "http://renault.activities.at/result?dir=DESC&mode=grid&order=name&limit=15&page=6&search=Klebe" "Mozilla/5.0 (Windows NT 10.0; Win64; x64) AppleWebKit/537.36 (KHTML, like Gecko) Chrome/87.0.4280.141 Safari/537.36"
80.120.5.131 - - [15/Jan/2021:10:14:57 +0100] "GET /loadthumbnail.php?id=11228491&width=113 HTTP/1.1" 200 1007 "http://renault.activities.at/result?dir=DESC&mode=grid&order=name&limit=15&page=6&search=Klebe" "Mozilla/5.0 (Windows NT 10.0; Win64; x64) AppleWebKit/537.36 (KHTML, like Gecko) Chrome/87.0.4280.141 Safari/537.36"
80.120.5.131 - - [15/Jan/2021:10:14:57 +0100] "GET /loadthumbnail.php?id=11181195&width=113 HTTP/1.1" 200 1448 "http://renault.activities.at/result?dir=DESC&mode=grid&order=name&limit=15&page=6&search=Klebe" "Mozilla/5.0 (Windows NT 10.0; Win64; x64) AppleWebKit/537.36 (KHTML, like Gecko) Chrome/87.0.4280.141 Safari/537.36"
80.120.5.131 - - [15/Jan/2021:10:14:57 +0100] "GET /loadthumbnail.php?id=11228492&width=113 HTTP/1.1" 200 1071 "http://renault.activities.at/result?dir=DESC&mode=grid&order=name&limit=15&page=6&search=Klebe" "Mozilla/5.0 (Windows NT 10.0; Win64; x64) AppleWebKit/537.36 (KHTML, like Gecko) Chrome/87.0.4280.141 Safari/537.36"
80.120.5.131 - - [15/Jan/2021:10:14:57 +0100] "GET /loadthumbnail.php?id=11228494&width=113 HTTP/1.1" 200 1149 "http://renault.activities.at/result?dir=DESC&mode=grid&order=name&limit=15&page=6&search=Klebe" "Mozilla/5.0 (Windows NT 10.0; Win64; x64) AppleWebKit/537.36 (KHTML, like Gecko) Chrome/87.0.4280.141 Safari/537.36"
80.120.5.131 - - [15/Jan/2021:10:14:57 +0100] "GET /loadthumbnail.php?id=11722649&width=113 HTTP/1.1" 200 1687 "http://renault.activities.at/result?dir=DESC&mode=grid&order=name&limit=15&page=6&search=Klebe" "Mozilla/5.0 (Windows NT 10.0; Win64; x64) AppleWebKit/537.36 (KHTML, like Gecko) Chrome/87.0.4280.141 Safari/537.36"
80.120.5.131 - - [15/Jan/2021:10:14:57 +0100] "GET /loadthumbnail.php?id=11228493&width=113 HTTP/1.1" 200 1094 "http://renault.activities.at/result?dir=DESC&mode=grid&order=name&limit=15&page=6&search=Klebe" "Mozilla/5.0 (Windows NT 10.0; Win64; x64) AppleWebKit/537.36 (KHTML, like Gecko) Chrome/87.0.4280.141 Safari/537.36"
80.120.5.131 - - [15/Jan/2021:10:14:57 +0100] "GET /loadthumbnail.php?id=11722648&width=113 HTTP/1.1" 200 1687 "http://renault.activities.at/result?dir=DESC&mode=grid&order=name&limit=15&page=6&search=Klebe" "Mozilla/5.0 (Windows NT 10.0; Win64; x64) AppleWebKit/537.36 (KHTML, like Gecko) Chrome/87.0.4280.141 Safari/537.36"
80.120.5.131 - - [15/Jan/2021:10:14:57 +0100] "GET /loadthumbnail.php?id=10768338&width=113 HTTP/1.1" 200 2677 "http://renault.activities.at/result?dir=DESC&mode=grid&order=name&limit=15&page=6&search=Klebe" "Mozilla/5.0 (Windows NT 10.0; Win64; x64) AppleWebKit/537.36 (KHTML, like Gecko) Chrome/87.0.4280.141 Safari/537.36"
80.120.5.131 - - [15/Jan/2021:10:14:57 +0100] "GET /loadthumbnail.php?id=10768339&width=113 HTTP/1.1" 200 2677 "http://renault.activities.at/result?dir=DESC&mode=grid&order=name&limit=15&page=6&search=Klebe" "Mozilla/5.0 (Windows NT 10.0; Win64; x64) AppleWebKit/537.36 (KHTML, like Gecko) Chrome/87.0.4280.141 Safari/537.36"
80.120.5.131 - - [15/Jan/2021:10:14:57 +0100] "GET /loadthumbnail.php?id=11825615&width=113 HTTP/1.1" 200 2408 "http://renault.activities.at/result?dir=DESC&mode=grid&order=name&limit=15&page=6&search=Klebe" "Mozilla/5.0 (Windows NT 10.0; Win64; x64) AppleWebKit/537.36 (KHTML, like Gecko) Chrome/87.0.4280.141 Safari/537.36"
80.120.5.131 - - [15/Jan/2021:10:14:57 +0100] "GET /loadthumbnail.php?id=10460287&width=113 HTTP/1.1" 200 2135 "http://renault.activities.at/result?dir=DESC&mode=grid&order=name&limit=15&page=6&search=Klebe" "Mozilla/5.0 (Windows NT 10.0; Win64; x64) AppleWebKit/537.36 (KHTML, like Gecko) Chrome/87.0.4280.141 Safari/537.36"
80.120.5.131 - - [15/Jan/2021:10:14:57 +0100] "GET /loadthumbnail.php?id=11431080&width=113 HTTP/1.1" 200 3991 "http://renault.activities.at/result?dir=DESC&mode=grid&order=name&limit=15&page=6&search=Klebe" "Mozilla/5.0 (Windows NT 10.0; Win64; x64) AppleWebKit/537.36 (KHTML, like Gecko) Chrome/87.0.4280.141 Safari/537.36"
83.175.113.91 - - [15/Jan/2021:10:15:12 +0100] "GET /10260261 HTTP/1.1" 200 7043 "http://renault.activities.at/10201442" "Mozilla/5.0 (Windows NT 10.0; Win64; x64) AppleWebKit/537.36 (KHTML, like Gecko) Chrome/87.0.4280.141 Safari/537.36"
83.175.113.91 - - [15/Jan/2021:10:15:15 +0100] "GET /loadthumbnail.php?id=12230578&width=113 HTTP/1.1" 200 1402 "http://renault.activities.at/10260261" "Mozilla/5.0 (Windows NT 10.0; Win64; x64) AppleWebKit/537.36 (KHTML, like Gecko) Chrome/87.0.4280.141 Safari/537.36"
83.175.113.91 - - [15/Jan/2021:10:15:15 +0100] "GET /loadthumbnail.php?id=12137758&width=113 HTTP/1.1" 200 36121 "http://renault.activities.at/10260261" "Mozilla/5.0 (Windows NT 10.0; Win64; x64) AppleWebKit/537.36 (KHTML, like Gecko) Chrome/87.0.4280.141 Safari/537.36"
83.175.113.91 - - [15/Jan/2021:10:15:15 +0100] "GET /loadthumbnail.php?id=12204968&width=113 HTTP/1.1" 200 4284 "http://renault.activities.at/10260261" "Mozilla/5.0 (Windows NT 10.0; Win64; x64) AppleWebKit/537.36 (KHTML, like Gecko) Chrome/87.0.4280.141 Safari/537.36"
83.175.113.91 - - [15/Jan/2021:10:15:15 +0100] "GET /loadthumbnail.php?id=12231767&width=113 HTTP/1.1" 200 30758 "http://renault.activities.at/10260261" "Mozilla/5.0 (Windows NT 10.0; Win64; x64) AppleWebKit/537.36 (KHTML, like Gecko) Chrome/87.0.4280.141 Safari/537.36"
83.175.113.91 - - [15/Jan/2021:10:15:15 +0100] "GET /loadthumbnail.php?id=12139710&width=113 HTTP/1.1" 200 34483 "http://renault.activities.at/10260261" "Mozilla/5.0 (Windows NT 10.0; Win64; x64) AppleWebKit/537.36 (KHTML, like Gecko) Chrome/87.0.4280.141 Safari/537.36"
83.175.113.91 - - [15/Jan/2021:10:15:15 +0100] "GET /loadthumbnail.php?id=12231771&width=113 HTTP/1.1" 200 30339 "http://renault.activities.at/10260261" "Mozilla/5.0 (Windows NT 10.0; Win64; x64) AppleWebKit/537.36 (KHTML, like Gecko) Chrome/87.0.4280.141 Safari/537.36"
193.194.132.22 - - [15/Jan/2021:10:15:20 +0100] "GET /reload?ser=1610702120065 HTTP/1.1" 200 28 "http://renault.2web.at/result?searchterm=true&search=give" "Mozilla/5.0 (Windows NT 10.0; Win64; x64) AppleWebKit/537.36 (KHTML, like Gecko) Chrome/87.0.4280.141 Safari/537.36"
83.175.113.91 - - [15/Jan/2021:10:15:42 +0100] "GET /10260306 HTTP/1.1" 200 6231 "http://renault.activities.at/10260261" "Mozilla/5.0 (Windows NT 10.0; Win64; x64) AppleWebKit/537.36 (KHTML, like Gecko) Chrome/87.0.4280.141 Safari/537.36"
83.175.113.91 - - [15/Jan/2021:10:15:44 +0100] "GET /loadthumbnail.php?id=12205692&width=113 HTTP/1.1" 200 4881 "http://renault.activities.at/10260306" "Mozilla/5.0 (Windows NT 10.0; Win64; x64) AppleWebKit/537.36 (KHTML, like Gecko) Chrome/87.0.4280.141 Safari/537.36"
80.123.225.38 - - [15/Jan/2021:10:15:44 +0100] "GET /reload?ser=1610702143903 HTTP/1.1" 200 28 "http://renault.activities.at/result?searchterm=true&search=Captur" "Mozilla/5.0 (Windows NT 10.0; Win64; x64; rv:84.0) Gecko/20100101 Firefox/84.0"
80.120.5.131 - - [15/Jan/2021:10:15:47 +0100] "GET /result?dir=DESC&mode=grid&order=name&limit=15&page=7&search=Klebe HTTP/1.1" 200 8686 "http://renault.activities.at/result?dir=DESC&mode=grid&order=name&limit=15&page=6&search=Klebe" "Mozilla/5.0 (Windows NT 10.0; Win64; x64) AppleWebKit/537.36 (KHTML, like Gecko) Chrome/87.0.4280.141 Safari/537.36"
80.120.5.131 - - [15/Jan/2021:10:15:50 +0100] "GET /loadthumbnail.php?id=11825616&width=113 HTTP/1.1" 200 2367 "http://renault.activities.at/result?dir=DESC&mode=grid&order=name&limit=15&page=7&search=Klebe" "Mozilla/5.0 (Windows NT 10.0; Win64; x64) AppleWebKit/537.36 (KHTML, like Gecko) Chrome/87.0.4280.141 Safari/537.36"
80.120.5.131 - - [15/Jan/2021:10:15:50 +0100] "GET /loadthumbnail.php?id=12127769&width=113 HTTP/1.1" 200 1807 "http://renault.activities.at/result?dir=DESC&mode=grid&order=name&limit=15&page=7&search=Klebe" "Mozilla/5.0 (Windows NT 10.0; Win64; x64) AppleWebKit/537.36 (KHTML, like Gecko) Chrome/87.0.4280.141 Safari/537.36"
80.120.5.131 - - [15/Jan/2021:10:15:50 +0100] "GET /loadthumbnail.php?id=11211825&width=113 HTTP/1.1" 200 1953 "http://renault.activities.at/result?dir=DESC&mode=grid&order=name&limit=15&page=7&search=Klebe" "Mozilla/5.0 (Windows NT 10.0; Win64; x64) AppleWebKit/537.36 (KHTML, like Gecko) Chrome/87.0.4280.141 Safari/537.36"
80.120.5.131 - - [15/Jan/2021:10:15:50 +0100] "GET /loadthumbnail.php?id=10614830&width=113 HTTP/1.1" 200 2000 "http://renault.activities.at/result?dir=DESC&mode=grid&order=name&limit=15&page=7&search=Klebe" "Mozilla/5.0 (Windows NT 10.0; Win64; x64) AppleWebKit/537.36 (KHTML, like Gecko) Chrome/87.0.4280.141 Safari/537.36"
80.120.5.131 - - [15/Jan/2021:10:15:50 +0100] "GET /loadthumbnail.php?id=10986339&width=113 HTTP/1.1" 200 3068 "http://renault.activities.at/result?dir=DESC&mode=grid&order=name&limit=15&page=7&search=Klebe" "Mozilla/5.0 (Windows NT 10.0; Win64; x64) AppleWebKit/537.36 (KHTML, like Gecko) Chrome/87.0.4280.141 Safari/537.36"
80.120.5.131 - - [15/Jan/2021:10:15:50 +0100] "GET /loadthumbnail.php?id=10260910&width=113 HTTP/1.1" 200 3135 "http://renault.activities.at/result?dir=DESC&mode=grid&order=name&limit=15&page=7&search=Klebe" "Mozilla/5.0 (Windows NT 10.0; Win64; x64) AppleWebKit/537.36 (KHTML, like Gecko) Chrome/87.0.4280.141 Safari/537.36"
80.120.5.131 - - [15/Jan/2021:10:15:51 +0100] "GET /loadthumbnail.php?id=11304858&width=113 HTTP/1.1" 200 1289 "http://renault.activities.at/result?dir=DESC&mode=grid&order=name&limit=15&page=7&search=Klebe" "Mozilla/5.0 (Windows NT 10.0; Win64; x64) AppleWebKit/537.36 (KHTML, like Gecko) Chrome/87.0.4280.141 Safari/537.36"
80.120.5.131 - - [15/Jan/2021:10:15:51 +0100] "GET /loadthumbnail.php?id=12204968&width=113 HTTP/1.1" 200 4284 "http://renault.activities.at/result?dir=DESC&mode=grid&order=name&limit=15&page=7&search=Klebe" "Mozilla/5.0 (Windows NT 10.0; Win64; x64) AppleWebKit/537.36 (KHTML, like Gecko) Chrome/87.0.4280.141 Safari/537.36"
80.120.5.131 - - [15/Jan/2021:10:15:51 +0100] "GET /loadthumbnail.php?id=12205692&width=113 HTTP/1.1" 200 4881 "http://renault.activities.at/result?dir=DESC&mode=grid&order=name&limit=15&page=7&search=Klebe" "Mozilla/5.0 (Windows NT 10.0; Win64; x64) AppleWebKit/537.36 (KHTML, like Gecko) Chrome/87.0.4280.141 Safari/537.36"
80.120.5.131 - - [15/Jan/2021:10:15:51 +0100] "GET /loadthumbnail.php?id=11228502&width=113 HTTP/1.1" 200 1524 "http://renault.activities.at/result?dir=DESC&mode=grid&order=name&limit=15&page=7&search=Klebe" "Mozilla/5.0 (Windows NT 10.0; Win64; x64) AppleWebKit/537.36 (KHTML, like Gecko) Chrome/87.0.4280.141 Safari/537.36"
80.120.5.131 - - [15/Jan/2021:10:15:51 +0100] "GET /loadthumbnail.php?id=12332933&width=113 HTTP/1.1" 200 1397 "http://renault.activities.at/result?dir=DESC&mode=grid&order=name&limit=15&page=7&search=Klebe" "Mozilla/5.0 (Windows NT 10.0; Win64; x64) AppleWebKit/537.36 (KHTML, like Gecko) Chrome/87.0.4280.141 Safari/537.36"
80.120.5.131 - - [15/Jan/2021:10:15:51 +0100] "GET /loadthumbnail.php?id=10729892&width=113 HTTP/1.1" 200 4176 "http://renault.activities.at/result?dir=DESC&mode=grid&order=name&limit=15&page=7&search=Klebe" "Mozilla/5.0 (Windows NT 10.0; Win64; x64) AppleWebKit/537.36 (KHTML, like Gecko) Chrome/87.0.4280.141 Safari/537.36"
80.120.5.131 - - [15/Jan/2021:10:15:51 +0100] "GET /loadthumbnail.php?id=11089820&width=113 HTTP/1.1" 200 2212 "http://renault.activities.at/result?dir=DESC&mode=grid&order=name&limit=15&page=7&search=Klebe" "Mozilla/5.0 (Windows NT 10.0; Win64; x64) AppleWebKit/537.36 (KHTML, like Gecko) Chrome/87.0.4280.141 Safari/537.36"
83.175.113.91 - - [15/Jan/2021:10:15:48 +0100] "GET /10201633 HTTP/1.1" 200 9254 "http://renault.activities.at/10260306" "Mozilla/5.0 (Windows NT 10.0; Win64; x64) AppleWebKit/537.36 (KHTML, like Gecko) Chrome/87.0.4280.141 Safari/537.36"
83.175.113.91 - - [15/Jan/2021:10:15:51 +0100] "GET /loadthumbnail.php?id=12115542&width=113 HTTP/1.1" 200 6084 "http://renault.activities.at/10201633" "Mozilla/5.0 (Windows NT 10.0; Win64; x64) AppleWebKit/537.36 (KHTML, like Gecko) Chrome/87.0.4280.141 Safari/537.36"
83.175.113.91 - - [15/Jan/2021:10:15:51 +0100] "GET /loadthumbnail.php?id=12064393&width=113 HTTP/1.1" 200 2870 "http://renault.activities.at/10201633" "Mozilla/5.0 (Windows NT 10.0; Win64; x64) AppleWebKit/537.36 (KHTML, like Gecko) Chrome/87.0.4280.141 Safari/537.36"
83.175.113.91 - - [15/Jan/2021:10:15:51 +0100] "GET /loadthumbnail.php?id=12230318&width=113 HTTP/1.1" 200 2255 "http://renault.activities.at/10201633" "Mozilla/5.0 (Windows NT 10.0; Win64; x64) AppleWebKit/537.36 (KHTML, like Gecko) Chrome/87.0.4280.141 Safari/537.36"
83.175.113.91 - - [15/Jan/2021:10:15:51 +0100] "GET /loadthumbnail.php?id=12130670&width=113 HTTP/1.1" 200 8989 "http://renault.activities.at/10201633" "Mozilla/5.0 (Windows NT 10.0; Win64; x64) AppleWebKit/537.36 (KHTML, like Gecko) Chrome/87.0.4280.141 Safari/537.36"
83.175.113.91 - - [15/Jan/2021:10:15:51 +0100] "GET /loadthumbnail.php?id=12310511&width=113 HTTP/1.1" 200 2831 "http://renault.activities.at/10201633" "Mozilla/5.0 (Windows NT 10.0; Win64; x64) AppleWebKit/537.36 (KHTML, like Gecko) Chrome/87.0.4280.141 Safari/537.36"
83.175.113.91 - - [15/Jan/2021:10:15:51 +0100] "GET /loadthumbnail.php?id=12064387&width=113 HTTP/1.1" 200 3233 "http://renault.activities.at/10201633" "Mozilla/5.0 (Windows NT 10.0; Win64; x64) AppleWebKit/537.36 (KHTML, like Gecko) Chrome/87.0.4280.141 Safari/537.36"
83.175.113.91 - - [15/Jan/2021:10:15:52 +0100] "GET /loadthumbnail.php?id=11194750&width=113 HTTP/1.1" 200 2347 "http://renault.activities.at/10201633" "Mozilla/5.0 (Windows NT 10.0; Win64; x64) AppleWebKit/537.36 (KHTML, like Gecko) Chrome/87.0.4280.141 Safari/537.36"
83.175.113.91 - - [15/Jan/2021:10:15:52 +0100] "GET /loadthumbnail.php?id=12130660&width=113 HTTP/1.1" 200 9098 "http://renault.activities.at/10201633" "Mozilla/5.0 (Windows NT 10.0; Win64; x64) AppleWebKit/537.36 (KHTML, like Gecko) Chrome/87.0.4280.141 Safari/537.36"
83.175.113.91 - - [15/Jan/2021:10:15:52 +0100] "GET /loadthumbnail.php?id=12197903&width=113 HTTP/1.1" 200 30608 "http://renault.activities.at/10201633" "Mozilla/5.0 (Windows NT 10.0; Win64; x64) AppleWebKit/537.36 (KHTML, like Gecko) Chrome/87.0.4280.141 Safari/537.36"
83.175.113.91 - - [15/Jan/2021:10:15:52 +0100] "GET /loadthumbnail.php?id=11431080&width=113 HTTP/1.1" 200 3991 "http://renault.activities.at/10201633" "Mozilla/5.0 (Windows NT 10.0; Win64; x64) AppleWebKit/537.36 (KHTML, like Gecko) Chrome/87.0.4280.141 Safari/537.36"
83.175.113.91 - - [15/Jan/2021:10:15:52 +0100] "GET /loadthumbnail.php?id=10460287&width=113 HTTP/1.1" 200 2135 "http://renault.activities.at/10201633" "Mozilla/5.0 (Windows NT 10.0; Win64; x64) AppleWebKit/537.36 (KHTML, like Gecko) Chrome/87.0.4280.141 Safari/537.36"
83.175.113.91 - - [15/Jan/2021:10:15:52 +0100] "GET /loadthumbnail.php?id=12294747&width=113 HTTP/1.1" 200 20271 "http://renault.activities.at/10201633" "Mozilla/5.0 (Windows NT 10.0; Win64; x64) AppleWebKit/537.36 (KHTML, like Gecko) Chrome/87.0.4280.141 Safari/537.36"
83.175.113.91 - - [15/Jan/2021:10:15:52 +0100] "GET /loadthumbnail.php?id=11075492&width=113 HTTP/1.1" 200 2349 "http://renault.activities.at/10201633" "Mozilla/5.0 (Windows NT 10.0; Win64; x64) AppleWebKit/537.36 (KHTML, like Gecko) Chrome/87.0.4280.141 Safari/537.36"
83.175.113.91 - - [15/Jan/2021:10:15:52 +0100] "GET /loadthumbnail.php?id=11146700&width=113 HTTP/1.1" 200 1415 "http://renault.activities.at/10201633" "Mozilla/5.0 (Windows NT 10.0; Win64; x64) AppleWebKit/537.36 (KHTML, like Gecko) Chrome/87.0.4280.141 Safari/537.36"
83.175.113.91 - - [15/Jan/2021:10:15:52 +0100] "GET /loadthumbnail.php?id=12243596&width=113 HTTP/1.1" 200 2926 "http://renault.activities.at/10201633" "Mozilla/5.0 (Windows NT 10.0; Win64; x64) AppleWebKit/537.36 (KHTML, like Gecko) Chrome/87.0.4280.141 Safari/537.36"
80.120.5.131 - - [15/Jan/2021:10:16:03 +0100] "GET /images/vista-dn-hover.gif HTTP/1.1" 200 127 "http://renault.activities.at/css/styles.css" "Mozilla/5.0 (Windows NT 10.0; Win64; x64) AppleWebKit/537.36 (KHTML, like Gecko) Chrome/87.0.4280.141 Safari/537.36"
83.175.113.91 - - [15/Jan/2021:10:16:02 +0100] "GET /10201633?dir=DESC&mode=grid&order=name&limit=15&page=2 HTTP/1.1" 200 9080 "http://renault.activities.at/10201633" "Mozilla/5.0 (Windows NT 10.0; Win64; x64) AppleWebKit/537.36 (KHTML, like Gecko) Chrome/87.0.4280.141 Safari/537.36"
83.175.113.91 - - [15/Jan/2021:10:16:06 +0100] "GET /loadthumbnail.php?id=10203275 HTTP/1.1" 200 85 "http://renault.activities.at/10201633?dir=DESC&mode=grid&order=name&limit=15&page=2" "Mozilla/5.0 (Windows NT 10.0; Win64; x64) AppleWebKit/537.36 (KHTML, like Gecko) Chrome/87.0.4280.141 Safari/537.36"
83.175.113.91 - - [15/Jan/2021:10:16:06 +0100] "GET /loadthumbnail.php?id=12243604&width=113 HTTP/1.1" 200 3094 "http://renault.activities.at/10201633?dir=DESC&mode=grid&order=name&limit=15&page=2" "Mozilla/5.0 (Windows NT 10.0; Win64; x64) AppleWebKit/537.36 (KHTML, like Gecko) Chrome/87.0.4280.141 Safari/537.36"
83.175.113.91 - - [15/Jan/2021:10:16:06 +0100] "GET /loadthumbnail.php?id=12243600&width=113 HTTP/1.1" 200 3157 "http://renault.activities.at/10201633?dir=DESC&mode=grid&order=name&limit=15&page=2" "Mozilla/5.0 (Windows NT 10.0; Win64; x64) AppleWebKit/537.36 (KHTML, like Gecko) Chrome/87.0.4280.141 Safari/537.36"
83.175.113.91 - - [15/Jan/2021:10:16:06 +0100] "GET /loadthumbnail.php?id=11108158&width=113 HTTP/1.1" 200 1545 "http://renault.activities.at/10201633?dir=DESC&mode=grid&order=name&limit=15&page=2" "Mozilla/5.0 (Windows NT 10.0; Win64; x64) AppleWebKit/537.36 (KHTML, like Gecko) Chrome/87.0.4280.141 Safari/537.36"
83.175.113.91 - - [15/Jan/2021:10:16:06 +0100] "GET /loadthumbnail.php?id=10745359&width=113 HTTP/1.1" 200 4202 "http://renault.activities.at/10201633?dir=DESC&mode=grid&order=name&limit=15&page=2" "Mozilla/5.0 (Windows NT 10.0; Win64; x64) AppleWebKit/537.36 (KHTML, like Gecko) Chrome/87.0.4280.141 Safari/537.36"
83.175.113.91 - - [15/Jan/2021:10:16:06 +0100] "GET /loadthumbnail.php?id=11434114&width=113 HTTP/1.1" 200 4564 "http://renault.activities.at/10201633?dir=DESC&mode=grid&order=name&limit=15&page=2" "Mozilla/5.0 (Windows NT 10.0; Win64; x64) AppleWebKit/537.36 (KHTML, like Gecko) Chrome/87.0.4280.141 Safari/537.36"
83.175.113.91 - - [15/Jan/2021:10:16:06 +0100] "GET /loadthumbnail.php?id=11721290&width=113 HTTP/1.1" 200 1179 "http://renault.activities.at/10201633?dir=DESC&mode=grid&order=name&limit=15&page=2" "Mozilla/5.0 (Windows NT 10.0; Win64; x64) AppleWebKit/537.36 (KHTML, like Gecko) Chrome/87.0.4280.141 Safari/537.36"
83.175.113.91 - - [15/Jan/2021:10:16:06 +0100] "GET /loadthumbnail.php?id=10260190&width=113 HTTP/1.1" 200 4509 "http://renault.activities.at/10201633?dir=DESC&mode=grid&order=name&limit=15&page=2" "Mozilla/5.0 (Windows NT 10.0; Win64; x64) AppleWebKit/537.36 (KHTML, like Gecko) Chrome/87.0.4280.141 Safari/537.36"
83.175.113.91 - - [15/Jan/2021:10:16:06 +0100] "GET /loadthumbnail.php?id=11730239&width=113 HTTP/1.1" 200 4665 "http://renault.activities.at/10201633?dir=DESC&mode=grid&order=name&limit=15&page=2" "Mozilla/5.0 (Windows NT 10.0; Win64; x64) AppleWebKit/537.36 (KHTML, like Gecko) Chrome/87.0.4280.141 Safari/537.36"
83.175.113.91 - - [15/Jan/2021:10:16:06 +0100] "GET /loadthumbnail.php?id=12294743&width=113 HTTP/1.1" 200 2695 "http://renault.activities.at/10201633?dir=DESC&mode=grid&order=name&limit=15&page=2" "Mozilla/5.0 (Windows NT 10.0; Win64; x64) AppleWebKit/537.36 (KHTML, like Gecko) Chrome/87.0.4280.141 Safari/537.36"
83.175.113.91 - - [15/Jan/2021:10:16:06 +0100] "GET /loadthumbnail.php?id=12244847&width=113 HTTP/1.1" 200 5903 "http://renault.activities.at/10201633?dir=DESC&mode=grid&order=name&limit=15&page=2" "Mozilla/5.0 (Windows NT 10.0; Win64; x64) AppleWebKit/537.36 (KHTML, like Gecko) Chrome/87.0.4280.141 Safari/537.36"
83.175.113.91 - - [15/Jan/2021:10:16:06 +0100] "GET /loadthumbnail.php?id=12244843&width=113 HTTP/1.1" 200 6390 "http://renault.activities.at/10201633?dir=DESC&mode=grid&order=name&limit=15&page=2" "Mozilla/5.0 (Windows NT 10.0; Win64; x64) AppleWebKit/537.36 (KHTML, like Gecko) Chrome/87.0.4280.141 Safari/537.36"
83.175.113.91 - - [15/Jan/2021:10:16:06 +0100] "GET /loadthumbnail.php?id=12244864&width=113 HTTP/1.1" 200 11050 "http://renault.activities.at/10201633?dir=DESC&mode=grid&order=name&limit=15&page=2" "Mozilla/5.0 (Windows NT 10.0; Win64; x64) AppleWebKit/537.36 (KHTML, like Gecko) Chrome/87.0.4280.141 Safari/537.36"
