88.116.39.222 - - [20/Jan/2021:13:50:34 +0100] "GET /loadthumbnail.php?id=12237270&width=113 HTTP/1.1" 200 2874 "http://renault.activities.at/10260273?dir=DESC&mode=grid&order=name&limit=15&page=2" "Mozilla/5.0 (Windows NT 10.0; Win64; x64) AppleWebKit/537.36 (KHTML, like Gecko) Chrome/87.0.4280.141 Safari/537.36"
88.116.39.222 - - [20/Jan/2021:13:50:34 +0100] "GET /loadthumbnail.php?id=10203650&width=113 HTTP/1.1" 200 2741 "http://renault.activities.at/10260273?dir=DESC&mode=grid&order=name&limit=15&page=2" "Mozilla/5.0 (Windows NT 10.0; Win64; x64) AppleWebKit/537.36 (KHTML, like Gecko) Chrome/87.0.4280.141 Safari/537.36"
88.116.39.222 - - [20/Jan/2021:13:50:34 +0100] "GET /loadthumbnail.php?id=11895725&width=113 HTTP/1.1" 200 2960 "http://renault.activities.at/10260273?dir=DESC&mode=grid&order=name&limit=15&page=2" "Mozilla/5.0 (Windows NT 10.0; Win64; x64) AppleWebKit/537.36 (KHTML, like Gecko) Chrome/87.0.4280.141 Safari/537.36"
88.116.39.222 - - [20/Jan/2021:13:50:34 +0100] "GET /loadthumbnail.php?id=12237274&width=113 HTTP/1.1" 200 2703 "http://renault.activities.at/10260273?dir=DESC&mode=grid&order=name&limit=15&page=2" "Mozilla/5.0 (Windows NT 10.0; Win64; x64) AppleWebKit/537.36 (KHTML, like Gecko) Chrome/87.0.4280.141 Safari/537.36"
88.116.39.222 - - [20/Jan/2021:13:50:34 +0100] "GET /loadthumbnail.php?id=12234960&width=113 HTTP/1.1" 200 3148 "http://renault.activities.at/10260273?dir=DESC&mode=grid&order=name&limit=15&page=2" "Mozilla/5.0 (Windows NT 10.0; Win64; x64) AppleWebKit/537.36 (KHTML, like Gecko) Chrome/87.0.4280.141 Safari/537.36"
88.116.39.222 - - [20/Jan/2021:13:50:34 +0100] "GET /loadthumbnail.php?id=12334025&width=113 HTTP/1.1" 200 3408 "http://renault.activities.at/10260273?dir=DESC&mode=grid&order=name&limit=15&page=2" "Mozilla/5.0 (Windows NT 10.0; Win64; x64) AppleWebKit/537.36 (KHTML, like Gecko) Chrome/87.0.4280.141 Safari/537.36"
88.116.39.222 - - [20/Jan/2021:13:50:38 +0100] "GET /images/vista-up-hover.gif HTTP/1.1" 200 130 "http://renault.activities.at/css/styles.css" "Mozilla/5.0 (Windows NT 10.0; Win64; x64) AppleWebKit/537.36 (KHTML, like Gecko) Chrome/87.0.4280.141 Safari/537.36"
80.123.225.38 - - [20/Jan/2021:13:50:54 +0100] "GET /reload?ser=1611147054217 HTTP/1.1" 200 28 "http://renault.activities.at/result?searchterm=true&search=Captur" "Mozilla/5.0 (Windows NT 10.0; Win64; x64; rv:84.0) Gecko/20100101 Firefox/84.0"
82.135.5.126 - - [20/Jan/2021:13:51:09 +0100] "GET /reload?ser=1611147069185 HTTP/1.1" 200 28 "http://renault.activities.at/10201442?dir=DESC&mode=grid&order=name&limit=15&page=11&cat=10260280" "Mozilla/5.0 (Windows NT 10.0; WOW64; Trident/7.0; rv:11.0) like Gecko"
193.194.132.23 - - [20/Jan/2021:13:51:28 +0100] "GET /reload?ser=1611147087761 HTTP/1.1" 200 28 "http://renault.2web.at/success" "Mozilla/5.0 (Windows NT 10.0; Win64; x64) AppleWebKit/537.36 (KHTML, like Gecko) Chrome/87.0.4280.141 Safari/537.36"
88.116.39.222 - - [20/Jan/2021:13:51:34 +0100] "GET /reload?ser=1611147095586 HTTP/1.1" 200 28 "http://renault.activities.at/10260273?dir=DESC&mode=grid&order=name&limit=15&page=2" "Mozilla/5.0 (Windows NT 10.0; Win64; x64) AppleWebKit/537.36 (KHTML, like Gecko) Chrome/87.0.4280.141 Safari/537.36"
88.116.39.222 - - [20/Jan/2021:13:51:45 +0100] "POST /10260273?dir=DESC&mode=grid&order=name&limit=15&page=2 HTTP/1.1" 200 8534 "http://renault.activities.at/10260273?dir=DESC&mode=grid&order=name&limit=15&page=2" "Mozilla/5.0 (Windows NT 10.0; Win64; x64) AppleWebKit/537.36 (KHTML, like Gecko) Chrome/87.0.4280.141 Safari/537.36"
88.116.39.222 - - [20/Jan/2021:13:51:47 +0100] "GET /images/success_msg_icon.gif HTTP/1.1" 200 1024 "http://renault.activities.at/css/styles.css" "Mozilla/5.0 (Windows NT 10.0; Win64; x64) AppleWebKit/537.36 (KHTML, like Gecko) Chrome/87.0.4280.141 Safari/537.36"
80.123.225.38 - - [20/Jan/2021:13:51:55 +0100] "GET /reload?ser=1611147115212 HTTP/1.1" 200 28 "http://renault.activities.at/result?searchterm=true&search=Captur" "Mozilla/5.0 (Windows NT 10.0; Win64; x64; rv:84.0) Gecko/20100101 Firefox/84.0"
82.135.5.126 - - [20/Jan/2021:13:52:10 +0100] "GET /reload?ser=1611147130158 HTTP/1.1" 200 28 "http://renault.activities.at/10201442?dir=DESC&mode=grid&order=name&limit=15&page=11&cat=10260280" "Mozilla/5.0 (Windows NT 10.0; WOW64; Trident/7.0; rv:11.0) like Gecko"
193.194.132.23 - - [20/Jan/2021:13:52:30 +0100] "GET /reload?ser=1611147149759 HTTP/1.1" 200 28 "http://renault.2web.at/success" "Mozilla/5.0 (Windows NT 10.0; Win64; x64) AppleWebKit/537.36 (KHTML, like Gecko) Chrome/87.0.4280.141 Safari/537.36"
88.116.39.222 - - [20/Jan/2021:13:52:47 +0100] "GET /reload?ser=1611147168926 HTTP/1.1" 200 28 "http://renault.activities.at/10260273?dir=DESC&mode=grid&order=name&limit=15&page=2" "Mozilla/5.0 (Windows NT 10.0; Win64; x64) AppleWebKit/537.36 (KHTML, like Gecko) Chrome/87.0.4280.141 Safari/537.36"
80.123.225.38 - - [20/Jan/2021:13:52:56 +0100] "GET /reload?ser=1611147176156 HTTP/1.1" 200 28 "http://renault.activities.at/result?searchterm=true&search=Captur" "Mozilla/5.0 (Windows NT 10.0; Win64; x64; rv:84.0) Gecko/20100101 Firefox/84.0"
82.135.5.126 - - [20/Jan/2021:13:53:11 +0100] "GET /reload?ser=1611147191119 HTTP/1.1" 200 28 "http://renault.activities.at/10201442?dir=DESC&mode=grid&order=name&limit=15&page=11&cat=10260280" "Mozilla/5.0 (Windows NT 10.0; WOW64; Trident/7.0; rv:11.0) like Gecko"
88.116.39.222 - - [20/Jan/2021:13:53:27 +0100] "GET /checkout HTTP/1.1" 200 10258 "http://renault.activities.at/10260273?dir=DESC&mode=grid&order=name&limit=15&page=2" "Mozilla/5.0 (Windows NT 10.0; Win64; x64) AppleWebKit/537.36 (KHTML, like Gecko) Chrome/87.0.4280.141 Safari/537.36"
88.116.39.222 - - [20/Jan/2021:13:53:32 +0100] "GET /js/checkout2.js HTTP/1.1" 200 4122 "http://renault.activities.at/checkout" "Mozilla/5.0 (Windows NT 10.0; Win64; x64) AppleWebKit/537.36 (KHTML, like Gecko) Chrome/87.0.4280.141 Safari/537.36"
88.116.39.222 - - [20/Jan/2021:13:53:32 +0100] "GET /images/checkout_border.gif HTTP/1.1" 200 43 "http://renault.activities.at/css/styles.css" "Mozilla/5.0 (Windows NT 10.0; Win64; x64) AppleWebKit/537.36 (KHTML, like Gecko) Chrome/87.0.4280.141 Safari/537.36"
88.116.39.222 - - [20/Jan/2021:13:53:32 +0100] "GET /images/ajax_loading.gif HTTP/1.1" 200 1542 "http://renault.activities.at/checkout" "Mozilla/5.0 (Windows NT 10.0; Win64; x64) AppleWebKit/537.36 (KHTML, like Gecko) Chrome/87.0.4280.141 Safari/537.36"
88.116.39.222 - - [20/Jan/2021:13:53:32 +0100] "GET /images/step_bg.jpg HTTP/1.1" 200 319 "http://renault.activities.at/css/styles.css" "Mozilla/5.0 (Windows NT 10.0; Win64; x64) AppleWebKit/537.36 (KHTML, like Gecko) Chrome/87.0.4280.141 Safari/537.36"
88.116.39.222 - - [20/Jan/2021:13:53:32 +0100] "GET /images/step_marker.gif HTTP/1.1" 200 650 "http://renault.activities.at/css/styles.css" "Mozilla/5.0 (Windows NT 10.0; Win64; x64) AppleWebKit/537.36 (KHTML, like Gecko) Chrome/87.0.4280.141 Safari/537.36"
88.116.39.222 - - [20/Jan/2021:13:53:32 +0100] "GET /images/checkout_border_top.gif HTTP/1.1" 200 156 "http://renault.activities.at/css/styles.css" "Mozilla/5.0 (Windows NT 10.0; Win64; x64) AppleWebKit/537.36 (KHTML, like Gecko) Chrome/87.0.4280.141 Safari/537.36"
88.116.39.222 - - [20/Jan/2021:13:53:32 +0100] "GET /loadthumbnail.php?id=10201939 HTTP/1.1" 200 201 "http://renault.activities.at/checkout" "Mozilla/5.0 (Windows NT 10.0; Win64; x64) AppleWebKit/537.36 (KHTML, like Gecko) Chrome/87.0.4280.141 Safari/537.36"
88.116.39.222 - - [20/Jan/2021:13:53:32 +0100] "GET /loadthumbnail.php?id=10202698 HTTP/1.1" 200 16686 "http://renault.activities.at/checkout" "Mozilla/5.0 (Windows NT 10.0; Win64; x64) AppleWebKit/537.36 (KHTML, like Gecko) Chrome/87.0.4280.141 Safari/537.36"
193.194.132.23 - - [20/Jan/2021:13:53:32 +0100] "GET /reload?ser=1611147211769 HTTP/1.1" 200 28 "http://renault.2web.at/success" "Mozilla/5.0 (Windows NT 10.0; Win64; x64) AppleWebKit/537.36 (KHTML, like Gecko) Chrome/87.0.4280.141 Safari/537.36"
88.116.39.222 - - [20/Jan/2021:13:53:43 +0100] "POST /docheckout HTTP/1.1" 200 446 "http://renault.activities.at/checkout" "Mozilla/5.0 (Windows NT 10.0; Win64; x64) AppleWebKit/537.36 (KHTML, like Gecko) Chrome/87.0.4280.141 Safari/537.36"
88.116.39.222 - - [20/Jan/2021:13:53:47 +0100] "POST /docheckout HTTP/1.1" 200 624 "http://renault.activities.at/checkout" "Mozilla/5.0 (Windows NT 10.0; Win64; x64) AppleWebKit/537.36 (KHTML, like Gecko) Chrome/87.0.4280.141 Safari/537.36"
88.116.39.222 - - [20/Jan/2021:13:53:49 +0100] "GET /images/error_msg_icon.gif HTTP/1.1" 200 1013 "http://renault.activities.at/checkout" "Mozilla/5.0 (Windows NT 10.0; Win64; x64) AppleWebKit/537.36 (KHTML, like Gecko) Chrome/87.0.4280.141 Safari/537.36"
88.116.39.222 - - [20/Jan/2021:13:53:54 +0100] "POST /docheckout HTTP/1.1" 200 68 "http://renault.activities.at/checkout" "Mozilla/5.0 (Windows NT 10.0; Win64; x64) AppleWebKit/537.36 (KHTML, like Gecko) Chrome/87.0.4280.141 Safari/537.36"
80.123.225.38 - - [20/Jan/2021:13:53:57 +0100] "GET /reload?ser=1611147237088 HTTP/1.1" 200 28 "http://renault.activities.at/result?searchterm=true&search=Captur" "Mozilla/5.0 (Windows NT 10.0; Win64; x64; rv:84.0) Gecko/20100101 Firefox/84.0"
88.116.39.222 - - [20/Jan/2021:13:53:56 +0100] "GET /success HTTP/1.1" 200 3789 "http://renault.activities.at/checkout" "Mozilla/5.0 (Windows NT 10.0; Win64; x64) AppleWebKit/537.36 (KHTML, like Gecko) Chrome/87.0.4280.141 Safari/537.36"
82.135.5.126 - - [20/Jan/2021:13:54:12 +0100] "GET /reload?ser=1611147252066 HTTP/1.1" 200 28 "http://renault.activities.at/10201442?dir=DESC&mode=grid&order=name&limit=15&page=11&cat=10260280" "Mozilla/5.0 (Windows NT 10.0; WOW64; Trident/7.0; rv:11.0) like Gecko"
193.194.132.23 - - [20/Jan/2021:13:54:34 +0100] "GET /reload?ser=1611147273775 HTTP/1.1" 200 28 "http://renault.2web.at/success" "Mozilla/5.0 (Windows NT 10.0; Win64; x64) AppleWebKit/537.36 (KHTML, like Gecko) Chrome/87.0.4280.141 Safari/537.36"
80.123.225.38 - - [20/Jan/2021:13:54:58 +0100] "GET /reload?ser=1611147298056 HTTP/1.1" 200 28 "http://renault.activities.at/result?searchterm=true&search=Captur" "Mozilla/5.0 (Windows NT 10.0; Win64; x64; rv:84.0) Gecko/20100101 Firefox/84.0"
82.135.5.126 - - [20/Jan/2021:13:55:13 +0100] "GET /reload?ser=1611147313036 HTTP/1.1" 200 28 "http://renault.activities.at/10201442?dir=DESC&mode=grid&order=name&limit=15&page=11&cat=10260280" "Mozilla/5.0 (Windows NT 10.0; WOW64; Trident/7.0; rv:11.0) like Gecko"
193.194.132.23 - - [20/Jan/2021:13:55:36 +0100] "GET /reload?ser=1611147335767 HTTP/1.1" 200 28 "http://renault.2web.at/success" "Mozilla/5.0 (Windows NT 10.0; Win64; x64) AppleWebKit/537.36 (KHTML, like Gecko) Chrome/87.0.4280.141 Safari/537.36"
80.123.225.38 - - [20/Jan/2021:13:55:59 +0100] "GET /reload?ser=1611147358992 HTTP/1.1" 200 28 "http://renault.activities.at/result?searchterm=true&search=Captur" "Mozilla/5.0 (Windows NT 10.0; Win64; x64; rv:84.0) Gecko/20100101 Firefox/84.0"
82.135.5.126 - - [20/Jan/2021:13:56:14 +0100] "GET /reload?ser=1611147373998 HTTP/1.1" 200 28 "http://renault.activities.at/10201442?dir=DESC&mode=grid&order=name&limit=15&page=11&cat=10260280" "Mozilla/5.0 (Windows NT 10.0; WOW64; Trident/7.0; rv:11.0) like Gecko"
193.194.132.23 - - [20/Jan/2021:13:56:38 +0100] "GET /reload?ser=1611147397769 HTTP/1.1" 200 28 "http://renault.2web.at/success" "Mozilla/5.0 (Windows NT 10.0; Win64; x64) AppleWebKit/537.36 (KHTML, like Gecko) Chrome/87.0.4280.141 Safari/537.36"
80.123.225.38 - - [20/Jan/2021:13:57:00 +0100] "GET /reload?ser=1611147419959 HTTP/1.1" 200 28 "http://renault.activities.at/result?searchterm=true&search=Captur" "Mozilla/5.0 (Windows NT 10.0; Win64; x64; rv:84.0) Gecko/20100101 Firefox/84.0"
82.135.5.126 - - [20/Jan/2021:13:57:15 +0100] "GET /reload?ser=1611147434993 HTTP/1.1" 200 28 "http://renault.activities.at/10201442?dir=DESC&mode=grid&order=name&limit=15&page=11&cat=10260280" "Mozilla/5.0 (Windows NT 10.0; WOW64; Trident/7.0; rv:11.0) like Gecko"
193.194.132.23 - - [20/Jan/2021:13:57:40 +0100] "GET /reload?ser=1611147459770 HTTP/1.1" 200 28 "http://renault.2web.at/success" "Mozilla/5.0 (Windows NT 10.0; Win64; x64) AppleWebKit/537.36 (KHTML, like Gecko) Chrome/87.0.4280.141 Safari/537.36"
80.123.225.38 - - [20/Jan/2021:13:58:01 +0100] "GET /reload?ser=1611147480940 HTTP/1.1" 200 28 "http://renault.activities.at/result?searchterm=true&search=Captur" "Mozilla/5.0 (Windows NT 10.0; Win64; x64; rv:84.0) Gecko/20100101 Firefox/84.0"
82.135.5.126 - - [20/Jan/2021:13:58:15 +0100] "GET /reload?ser=1611147495948 HTTP/1.1" 200 28 "http://renault.activities.at/10201442?dir=DESC&mode=grid&order=name&limit=15&page=11&cat=10260280" "Mozilla/5.0 (Windows NT 10.0; WOW64; Trident/7.0; rv:11.0) like Gecko"
193.194.132.23 - - [20/Jan/2021:13:58:42 +0100] "GET /reload?ser=1611147521775 HTTP/1.1" 200 28 "http://renault.2web.at/success" "Mozilla/5.0 (Windows NT 10.0; Win64; x64) AppleWebKit/537.36 (KHTML, like Gecko) Chrome/87.0.4280.141 Safari/537.36"
80.123.225.38 - - [20/Jan/2021:13:59:02 +0100] "GET /reload?ser=1611147541916 HTTP/1.1" 200 28 "http://renault.activities.at/result?searchterm=true&search=Captur" "Mozilla/5.0 (Windows NT 10.0; Win64; x64; rv:84.0) Gecko/20100101 Firefox/84.0"
82.135.5.126 - - [20/Jan/2021:13:59:17 +0100] "GET /reload?ser=1611147556891 HTTP/1.1" 200 28 "http://renault.activities.at/10201442?dir=DESC&mode=grid&order=name&limit=15&page=11&cat=10260280" "Mozilla/5.0 (Windows NT 10.0; WOW64; Trident/7.0; rv:11.0) like Gecko"
193.194.132.23 - - [20/Jan/2021:13:59:44 +0100] "GET /reload?ser=1611147583773 HTTP/1.1" 200 28 "http://renault.2web.at/success" "Mozilla/5.0 (Windows NT 10.0; Win64; x64) AppleWebKit/537.36 (KHTML, like Gecko) Chrome/87.0.4280.141 Safari/537.36"
80.123.225.38 - - [20/Jan/2021:14:00:03 +0100] "GET /reload?ser=1611147602919 HTTP/1.1" 200 28 "http://renault.activities.at/result?searchterm=true&search=Captur" "Mozilla/5.0 (Windows NT 10.0; Win64; x64; rv:84.0) Gecko/20100101 Firefox/84.0"
82.135.5.126 - - [20/Jan/2021:14:00:19 +0100] "GET /reload?ser=1611147617920 HTTP/1.1" 200 28 "http://renault.activities.at/10201442?dir=DESC&mode=grid&order=name&limit=15&page=11&cat=10260280" "Mozilla/5.0 (Windows NT 10.0; WOW64; Trident/7.0; rv:11.0) like Gecko"
193.194.132.23 - - [20/Jan/2021:14:00:46 +0100] "GET /reload?ser=1611147645775 HTTP/1.1" 200 28 "http://renault.2web.at/success" "Mozilla/5.0 (Windows NT 10.0; Win64; x64) AppleWebKit/537.36 (KHTML, like Gecko) Chrome/87.0.4280.141 Safari/537.36"
80.123.225.38 - - [20/Jan/2021:14:01:03 +0100] "GET /reload?ser=1611147663891 HTTP/1.1" 200 28 "http://renault.activities.at/result?searchterm=true&search=Captur" "Mozilla/5.0 (Windows NT 10.0; Win64; x64; rv:84.0) Gecko/20100101 Firefox/84.0"
82.135.5.126 - - [20/Jan/2021:14:01:19 +0100] "GET /reload?ser=1611147679945 HTTP/1.1" 200 28 "http://renault.activities.at/10201442?dir=DESC&mode=grid&order=name&limit=15&page=11&cat=10260280" "Mozilla/5.0 (Windows NT 10.0; WOW64; Trident/7.0; rv:11.0) like Gecko"
193.194.132.23 - - [20/Jan/2021:14:01:48 +0100] "GET /reload?ser=1611147707777 HTTP/1.1" 200 28 "http://renault.2web.at/success" "Mozilla/5.0 (Windows NT 10.0; Win64; x64) AppleWebKit/537.36 (KHTML, like Gecko) Chrome/87.0.4280.141 Safari/537.36"
80.123.225.38 - - [20/Jan/2021:14:02:04 +0100] "GET /reload?ser=1611147724865 HTTP/1.1" 200 28 "http://renault.activities.at/result?searchterm=true&search=Captur" "Mozilla/5.0 (Windows NT 10.0; Win64; x64; rv:84.0) Gecko/20100101 Firefox/84.0"
82.135.5.126 - - [20/Jan/2021:14:02:21 +0100] "GET /reload?ser=1611147740946 HTTP/1.1" 200 28 "http://renault.activities.at/10201442?dir=DESC&mode=grid&order=name&limit=15&page=11&cat=10260280" "Mozilla/5.0 (Windows NT 10.0; WOW64; Trident/7.0; rv:11.0) like Gecko"
193.194.132.23 - - [20/Jan/2021:14:02:50 +0100] "GET /reload?ser=1611147769779 HTTP/1.1" 200 28 "http://renault.2web.at/success" "Mozilla/5.0 (Windows NT 10.0; Win64; x64) AppleWebKit/537.36 (KHTML, like Gecko) Chrome/87.0.4280.141 Safari/537.36"
209.17.96.130 - - [20/Jan/2021:14:03:05 +0100] "GET / HTTP/1.1" 200 13281 "-" "Mozilla/5.0 (compatible; Nimbostratus-Bot/v1.3.2; http://cloudsystemnetworks.com)"
80.123.225.38 - - [20/Jan/2021:14:03:05 +0100] "GET /reload?ser=1611147785839 HTTP/1.1" 200 28 "http://renault.activities.at/result?searchterm=true&search=Captur" "Mozilla/5.0 (Windows NT 10.0; Win64; x64; rv:84.0) Gecko/20100101 Firefox/84.0"
82.135.5.126 - - [20/Jan/2021:14:03:21 +0100] "GET /reload?ser=1611147801924 HTTP/1.1" 200 28 "http://renault.activities.at/10201442?dir=DESC&mode=grid&order=name&limit=15&page=11&cat=10260280" "Mozilla/5.0 (Windows NT 10.0; WOW64; Trident/7.0; rv:11.0) like Gecko"
193.194.132.23 - - [20/Jan/2021:14:03:52 +0100] "GET /reload?ser=1611147831779 HTTP/1.1" 200 28 "http://renault.2web.at/success" "Mozilla/5.0 (Windows NT 10.0; Win64; x64) AppleWebKit/537.36 (KHTML, like Gecko) Chrome/87.0.4280.141 Safari/537.36"
80.123.225.38 - - [20/Jan/2021:14:04:06 +0100] "GET /reload?ser=1611147846814 HTTP/1.1" 200 28 "http://renault.activities.at/result?searchterm=true&search=Captur" "Mozilla/5.0 (Windows NT 10.0; Win64; x64; rv:84.0) Gecko/20100101 Firefox/84.0"
82.135.5.126 - - [20/Jan/2021:14:04:22 +0100] "GET /reload?ser=1611147862914 HTTP/1.1" 200 28 "http://renault.activities.at/10201442?dir=DESC&mode=grid&order=name&limit=15&page=11&cat=10260280" "Mozilla/5.0 (Windows NT 10.0; WOW64; Trident/7.0; rv:11.0) like Gecko"
193.194.132.23 - - [20/Jan/2021:14:04:54 +0100] "GET /reload?ser=1611147893782 HTTP/1.1" 200 28 "http://renault.2web.at/success" "Mozilla/5.0 (Windows NT 10.0; Win64; x64) AppleWebKit/537.36 (KHTML, like Gecko) Chrome/87.0.4280.141 Safari/537.36"
80.123.225.38 - - [20/Jan/2021:14:05:07 +0100] "GET /reload?ser=1611147907787 HTTP/1.1" 200 28 "http://renault.activities.at/result?searchterm=true&search=Captur" "Mozilla/5.0 (Windows NT 10.0; Win64; x64; rv:84.0) Gecko/20100101 Firefox/84.0"
82.135.5.126 - - [20/Jan/2021:14:05:23 +0100] "GET /reload?ser=1611147923888 HTTP/1.1" 200 28 "http://renault.activities.at/10201442?dir=DESC&mode=grid&order=name&limit=15&page=11&cat=10260280" "Mozilla/5.0 (Windows NT 10.0; WOW64; Trident/7.0; rv:11.0) like Gecko"
193.194.132.23 - - [20/Jan/2021:14:05:56 +0100] "GET /reload?ser=1611147955781 HTTP/1.1" 200 28 "http://renault.2web.at/success" "Mozilla/5.0 (Windows NT 10.0; Win64; x64) AppleWebKit/537.36 (KHTML, like Gecko) Chrome/87.0.4280.141 Safari/537.36"
80.123.225.38 - - [20/Jan/2021:14:06:08 +0100] "GET /reload?ser=1611147968833 HTTP/1.1" 200 28 "http://renault.activities.at/result?searchterm=true&search=Captur" "Mozilla/5.0 (Windows NT 10.0; Win64; x64; rv:84.0) Gecko/20100101 Firefox/84.0"
82.135.5.126 - - [20/Jan/2021:14:06:24 +0100] "GET /reload?ser=1611147984870 HTTP/1.1" 200 28 "http://renault.activities.at/10201442?dir=DESC&mode=grid&order=name&limit=15&page=11&cat=10260280" "Mozilla/5.0 (Windows NT 10.0; WOW64; Trident/7.0; rv:11.0) like Gecko"
193.194.132.23 - - [20/Jan/2021:14:06:58 +0100] "GET /reload?ser=1611148017790 HTTP/1.1" 200 28 "http://renault.2web.at/success" "Mozilla/5.0 (Windows NT 10.0; Win64; x64) AppleWebKit/537.36 (KHTML, like Gecko) Chrome/87.0.4280.141 Safari/537.36"
80.123.225.38 - - [20/Jan/2021:14:07:09 +0100] "GET /reload?ser=1611148029799 HTTP/1.1" 200 28 "http://renault.activities.at/result?searchterm=true&search=Captur" "Mozilla/5.0 (Windows NT 10.0; Win64; x64; rv:84.0) Gecko/20100101 Firefox/84.0"
82.135.5.126 - - [20/Jan/2021:14:07:25 +0100] "GET /reload?ser=1611148045869 HTTP/1.1" 200 28 "http://renault.activities.at/10201442?dir=DESC&mode=grid&order=name&limit=15&page=11&cat=10260280" "Mozilla/5.0 (Windows NT 10.0; WOW64; Trident/7.0; rv:11.0) like Gecko"
193.194.132.23 - - [20/Jan/2021:14:08:00 +0100] "GET /reload?ser=1611148079786 HTTP/1.1" 200 28 "http://renault.2web.at/success" "Mozilla/5.0 (Windows NT 10.0; Win64; x64) AppleWebKit/537.36 (KHTML, like Gecko) Chrome/87.0.4280.141 Safari/537.36"
80.123.225.38 - - [20/Jan/2021:14:08:10 +0100] "GET /reload?ser=1611148090785 HTTP/1.1" 200 28 "http://renault.activities.at/result?searchterm=true&search=Captur" "Mozilla/5.0 (Windows NT 10.0; Win64; x64; rv:84.0) Gecko/20100101 Firefox/84.0"
82.135.5.126 - - [20/Jan/2021:14:08:26 +0100] "GET /reload?ser=1611148106858 HTTP/1.1" 200 28 "http://renault.activities.at/10201442?dir=DESC&mode=grid&order=name&limit=15&page=11&cat=10260280" "Mozilla/5.0 (Windows NT 10.0; WOW64; Trident/7.0; rv:11.0) like Gecko"
193.194.132.23 - - [20/Jan/2021:14:09:02 +0100] "GET /reload?ser=1611148141784 HTTP/1.1" 200 28 "http://renault.2web.at/success" "Mozilla/5.0 (Windows NT 10.0; Win64; x64) AppleWebKit/537.36 (KHTML, like Gecko) Chrome/87.0.4280.141 Safari/537.36"
80.123.225.38 - - [20/Jan/2021:14:09:11 +0100] "GET /reload?ser=1611148151724 HTTP/1.1" 200 28 "http://renault.activities.at/result?searchterm=true&search=Captur" "Mozilla/5.0 (Windows NT 10.0; Win64; x64; rv:84.0) Gecko/20100101 Firefox/84.0"
82.135.5.126 - - [20/Jan/2021:14:09:27 +0100] "GET /reload?ser=1611148167866 HTTP/1.1" 200 28 "http://renault.activities.at/10201442?dir=DESC&mode=grid&order=name&limit=15&page=11&cat=10260280" "Mozilla/5.0 (Windows NT 10.0; WOW64; Trident/7.0; rv:11.0) like Gecko"
193.194.132.23 - - [20/Jan/2021:14:10:04 +0100] "GET /reload?ser=1611148203892 HTTP/1.1" 200 28 "http://renault.2web.at/success" "Mozilla/5.0 (Windows NT 10.0; Win64; x64) AppleWebKit/537.36 (KHTML, like Gecko) Chrome/87.0.4280.141 Safari/537.36"
80.123.225.38 - - [20/Jan/2021:14:10:12 +0100] "GET /reload?ser=1611148212715 HTTP/1.1" 200 28 "http://renault.activities.at/result?searchterm=true&search=Captur" "Mozilla/5.0 (Windows NT 10.0; Win64; x64; rv:84.0) Gecko/20100101 Firefox/84.0"
82.135.5.126 - - [20/Jan/2021:14:10:28 +0100] "GET /reload?ser=1611148228827 HTTP/1.1" 200 28 "http://renault.activities.at/10201442?dir=DESC&mode=grid&order=name&limit=15&page=11&cat=10260280" "Mozilla/5.0 (Windows NT 10.0; WOW64; Trident/7.0; rv:11.0) like Gecko"
193.194.132.23 - - [20/Jan/2021:14:11:06 +0100] "GET /reload?ser=1611148265824 HTTP/1.1" 200 28 "http://renault.2web.at/success" "Mozilla/5.0 (Windows NT 10.0; Win64; x64) AppleWebKit/537.36 (KHTML, like Gecko) Chrome/87.0.4280.141 Safari/537.36"
80.123.225.38 - - [20/Jan/2021:14:11:13 +0100] "GET /reload?ser=1611148273694 HTTP/1.1" 200 28 "http://renault.activities.at/result?searchterm=true&search=Captur" "Mozilla/5.0 (Windows NT 10.0; Win64; x64; rv:84.0) Gecko/20100101 Firefox/84.0"
82.135.5.126 - - [20/Jan/2021:14:11:29 +0100] "GET /reload?ser=1611148289795 HTTP/1.1" 200 28 "http://renault.activities.at/10201442?dir=DESC&mode=grid&order=name&limit=15&page=11&cat=10260280" "Mozilla/5.0 (Windows NT 10.0; WOW64; Trident/7.0; rv:11.0) like Gecko"
193.194.132.23 - - [20/Jan/2021:14:12:08 +0100] "GET /reload?ser=1611148327787 HTTP/1.1" 200 28 "http://renault.2web.at/success" "Mozilla/5.0 (Windows NT 10.0; Win64; x64) AppleWebKit/537.36 (KHTML, like Gecko) Chrome/87.0.4280.141 Safari/537.36"
80.123.225.38 - - [20/Jan/2021:14:12:14 +0100] "GET /reload?ser=1611148334678 HTTP/1.1" 200 28 "http://renault.activities.at/result?searchterm=true&search=Captur" "Mozilla/5.0 (Windows NT 10.0; Win64; x64; rv:84.0) Gecko/20100101 Firefox/84.0"
82.135.5.126 - - [20/Jan/2021:14:12:30 +0100] "GET /reload?ser=1611148350739 HTTP/1.1" 200 28 "http://renault.activities.at/10201442?dir=DESC&mode=grid&order=name&limit=15&page=11&cat=10260280" "Mozilla/5.0 (Windows NT 10.0; WOW64; Trident/7.0; rv:11.0) like Gecko"
193.194.132.23 - - [20/Jan/2021:14:13:10 +0100] "GET /reload?ser=1611148389793 HTTP/1.1" 200 28 "http://renault.2web.at/success" "Mozilla/5.0 (Windows NT 10.0; Win64; x64) AppleWebKit/537.36 (KHTML, like Gecko) Chrome/87.0.4280.141 Safari/537.36"
80.123.225.38 - - [20/Jan/2021:14:13:15 +0100] "GET /reload?ser=1611148395643 HTTP/1.1" 200 28 "http://renault.activities.at/result?searchterm=true&search=Captur" "Mozilla/5.0 (Windows NT 10.0; Win64; x64; rv:84.0) Gecko/20100101 Firefox/84.0"
82.135.5.126 - - [20/Jan/2021:14:13:31 +0100] "GET /reload?ser=1611148411737 HTTP/1.1" 200 28 "http://renault.activities.at/10201442?dir=DESC&mode=grid&order=name&limit=15&page=11&cat=10260280" "Mozilla/5.0 (Windows NT 10.0; WOW64; Trident/7.0; rv:11.0) like Gecko"
193.194.132.23 - - [20/Jan/2021:14:14:12 +0100] "GET /reload?ser=1611148451790 HTTP/1.1" 200 28 "http://renault.2web.at/success" "Mozilla/5.0 (Windows NT 10.0; Win64; x64) AppleWebKit/537.36 (KHTML, like Gecko) Chrome/87.0.4280.141 Safari/537.36"
80.123.225.38 - - [20/Jan/2021:14:14:16 +0100] "GET /reload?ser=1611148456627 HTTP/1.1" 200 28 "http://renault.activities.at/result?searchterm=true&search=Captur" "Mozilla/5.0 (Windows NT 10.0; Win64; x64; rv:84.0) Gecko/20100101 Firefox/84.0"
82.135.5.126 - - [20/Jan/2021:14:14:32 +0100] "GET /reload?ser=1611148472708 HTTP/1.1" 200 28 "http://renault.activities.at/10201442?dir=DESC&mode=grid&order=name&limit=15&page=11&cat=10260280" "Mozilla/5.0 (Windows NT 10.0; WOW64; Trident/7.0; rv:11.0) like Gecko"
193.194.132.23 - - [20/Jan/2021:14:15:14 +0100] "GET /reload?ser=1611148513792 HTTP/1.1" 200 28 "http://renault.2web.at/success" "Mozilla/5.0 (Windows NT 10.0; Win64; x64) AppleWebKit/537.36 (KHTML, like Gecko) Chrome/87.0.4280.141 Safari/537.36"
80.123.225.38 - - [20/Jan/2021:14:15:17 +0100] "GET /reload?ser=1611148517610 HTTP/1.1" 200 28 "http://renault.activities.at/result?searchterm=true&search=Captur" "Mozilla/5.0 (Windows NT 10.0; Win64; x64; rv:84.0) Gecko/20100101 Firefox/84.0"
82.135.5.126 - - [20/Jan/2021:14:15:33 +0100] "GET /reload?ser=1611148533673 HTTP/1.1" 200 28 "http://renault.activities.at/10201442?dir=DESC&mode=grid&order=name&limit=15&page=11&cat=10260280" "Mozilla/5.0 (Windows NT 10.0; WOW64; Trident/7.0; rv:11.0) like Gecko"
193.194.132.23 - - [20/Jan/2021:14:16:16 +0100] "GET /reload?ser=1611148575791 HTTP/1.1" 200 28 "http://renault.2web.at/success" "Mozilla/5.0 (Windows NT 10.0; Win64; x64) AppleWebKit/537.36 (KHTML, like Gecko) Chrome/87.0.4280.141 Safari/537.36"
80.123.225.38 - - [20/Jan/2021:14:16:18 +0100] "GET /reload?ser=1611148578613 HTTP/1.1" 200 28 "http://renault.activities.at/result?searchterm=true&search=Captur" "Mozilla/5.0 (Windows NT 10.0; Win64; x64; rv:84.0) Gecko/20100101 Firefox/84.0"
82.135.5.126 - - [20/Jan/2021:14:16:34 +0100] "GET /reload?ser=1611148594655 HTTP/1.1" 200 28 "http://renault.activities.at/10201442?dir=DESC&mode=grid&order=name&limit=15&page=11&cat=10260280" "Mozilla/5.0 (Windows NT 10.0; WOW64; Trident/7.0; rv:11.0) like Gecko"
193.194.132.23 - - [20/Jan/2021:14:17:18 +0100] "GET /reload?ser=1611148637791 HTTP/1.1" 200 28 "http://renault.2web.at/success" "Mozilla/5.0 (Windows NT 10.0; Win64; x64) AppleWebKit/537.36 (KHTML, like Gecko) Chrome/87.0.4280.141 Safari/537.36"
80.123.225.38 - - [20/Jan/2021:14:17:19 +0100] "GET /reload?ser=1611148639580 HTTP/1.1" 200 28 "http://renault.activities.at/result?searchterm=true&search=Captur" "Mozilla/5.0 (Windows NT 10.0; Win64; x64; rv:84.0) Gecko/20100101 Firefox/84.0"
82.135.5.126 - - [20/Jan/2021:14:17:35 +0100] "GET /reload?ser=1611148655649 HTTP/1.1" 200 28 "http://renault.activities.at/10201442?dir=DESC&mode=grid&order=name&limit=15&page=11&cat=10260280" "Mozilla/5.0 (Windows NT 10.0; WOW64; Trident/7.0; rv:11.0) like Gecko"
193.194.132.23 - - [20/Jan/2021:14:18:20 +0100] "GET /reload?ser=1611148699791 HTTP/1.1" 200 28 "http://renault.2web.at/success" "Mozilla/5.0 (Windows NT 10.0; Win64; x64) AppleWebKit/537.36 (KHTML, like Gecko) Chrome/87.0.4280.141 Safari/537.36"
80.123.225.38 - - [20/Jan/2021:14:18:20 +0100] "GET /reload?ser=1611148700567 HTTP/1.1" 200 28 "http://renault.activities.at/result?searchterm=true&search=Captur" "Mozilla/5.0 (Windows NT 10.0; Win64; x64; rv:84.0) Gecko/20100101 Firefox/84.0"
82.135.5.126 - - [20/Jan/2021:14:18:36 +0100] "GET /reload?ser=1611148716659 HTTP/1.1" 200 28 "http://renault.activities.at/10201442?dir=DESC&mode=grid&order=name&limit=15&page=11&cat=10260280" "Mozilla/5.0 (Windows NT 10.0; WOW64; Trident/7.0; rv:11.0) like Gecko"
80.123.225.38 - - [20/Jan/2021:14:19:21 +0100] "GET /reload?ser=1611148761570 HTTP/1.1" 200 28 "http://renault.activities.at/result?searchterm=true&search=Captur" "Mozilla/5.0 (Windows NT 10.0; Win64; x64; rv:84.0) Gecko/20100101 Firefox/84.0"
193.194.132.23 - - [20/Jan/2021:14:19:22 +0100] "GET /reload?ser=1611148761792 HTTP/1.1" 200 28 "http://renault.2web.at/success" "Mozilla/5.0 (Windows NT 10.0; Win64; x64) AppleWebKit/537.36 (KHTML, like Gecko) Chrome/87.0.4280.141 Safari/537.36"
82.135.5.126 - - [20/Jan/2021:14:19:37 +0100] "GET /reload?ser=1611148777699 HTTP/1.1" 200 28 "http://renault.activities.at/10201442?dir=DESC&mode=grid&order=name&limit=15&page=11&cat=10260280" "Mozilla/5.0 (Windows NT 10.0; WOW64; Trident/7.0; rv:11.0) like Gecko"
80.123.225.38 - - [20/Jan/2021:14:20:22 +0100] "GET /reload?ser=1611148822542 HTTP/1.1" 200 28 "http://renault.activities.at/result?searchterm=true&search=Captur" "Mozilla/5.0 (Windows NT 10.0; Win64; x64; rv:84.0) Gecko/20100101 Firefox/84.0"
193.194.132.23 - - [20/Jan/2021:14:20:24 +0100] "GET /reload?ser=1611148823797 HTTP/1.1" 200 28 "http://renault.2web.at/success" "Mozilla/5.0 (Windows NT 10.0; Win64; x64) AppleWebKit/537.36 (KHTML, like Gecko) Chrome/87.0.4280.141 Safari/537.36"
82.135.5.126 - - [20/Jan/2021:14:20:38 +0100] "GET /reload?ser=1611148838705 HTTP/1.1" 200 28 "http://renault.activities.at/10201442?dir=DESC&mode=grid&order=name&limit=15&page=11&cat=10260280" "Mozilla/5.0 (Windows NT 10.0; WOW64; Trident/7.0; rv:11.0) like Gecko"
80.123.225.38 - - [20/Jan/2021:14:21:23 +0100] "GET /reload?ser=1611148883489 HTTP/1.1" 200 28 "http://renault.activities.at/result?searchterm=true&search=Captur" "Mozilla/5.0 (Windows NT 10.0; Win64; x64; rv:84.0) Gecko/20100101 Firefox/84.0"
193.194.132.23 - - [20/Jan/2021:14:21:26 +0100] "GET /reload?ser=1611148885797 HTTP/1.1" 200 28 "http://renault.2web.at/success" "Mozilla/5.0 (Windows NT 10.0; Win64; x64) AppleWebKit/537.36 (KHTML, like Gecko) Chrome/87.0.4280.141 Safari/537.36"
82.135.5.126 - - [20/Jan/2021:14:21:39 +0100] "GET /reload?ser=1611148899689 HTTP/1.1" 200 28 "http://renault.activities.at/10201442?dir=DESC&mode=grid&order=name&limit=15&page=11&cat=10260280" "Mozilla/5.0 (Windows NT 10.0; WOW64; Trident/7.0; rv:11.0) like Gecko"
80.123.225.38 - - [20/Jan/2021:14:22:24 +0100] "GET /reload?ser=1611148944468 HTTP/1.1" 200 28 "http://renault.activities.at/result?searchterm=true&search=Captur" "Mozilla/5.0 (Windows NT 10.0; Win64; x64; rv:84.0) Gecko/20100101 Firefox/84.0"
193.194.132.23 - - [20/Jan/2021:14:22:28 +0100] "GET /reload?ser=1611148947799 HTTP/1.1" 200 28 "http://renault.2web.at/success" "Mozilla/5.0 (Windows NT 10.0; Win64; x64) AppleWebKit/537.36 (KHTML, like Gecko) Chrome/87.0.4280.141 Safari/537.36"
82.135.5.126 - - [20/Jan/2021:14:22:40 +0100] "GET /reload?ser=1611148960703 HTTP/1.1" 200 28 "http://renault.activities.at/10201442?dir=DESC&mode=grid&order=name&limit=15&page=11&cat=10260280" "Mozilla/5.0 (Windows NT 10.0; WOW64; Trident/7.0; rv:11.0) like Gecko"
80.123.225.38 - - [20/Jan/2021:14:23:25 +0100] "GET /reload?ser=1611149005427 HTTP/1.1" 200 28 "http://renault.activities.at/result?searchterm=true&search=Captur" "Mozilla/5.0 (Windows NT 10.0; Win64; x64; rv:84.0) Gecko/20100101 Firefox/84.0"
193.194.132.23 - - [20/Jan/2021:14:23:30 +0100] "GET /reload?ser=1611149009820 HTTP/1.1" 200 28 "http://renault.2web.at/success" "Mozilla/5.0 (Windows NT 10.0; Win64; x64) AppleWebKit/537.36 (KHTML, like Gecko) Chrome/87.0.4280.141 Safari/537.36"
82.135.5.126 - - [20/Jan/2021:14:23:41 +0100] "GET /reload?ser=1611149021707 HTTP/1.1" 200 28 "http://renault.activities.at/10201442?dir=DESC&mode=grid&order=name&limit=15&page=11&cat=10260280" "Mozilla/5.0 (Windows NT 10.0; WOW64; Trident/7.0; rv:11.0) like Gecko"
80.123.225.38 - - [20/Jan/2021:14:24:26 +0100] "GET /reload?ser=1611149066417 HTTP/1.1" 200 28 "http://renault.activities.at/result?searchterm=true&search=Captur" "Mozilla/5.0 (Windows NT 10.0; Win64; x64; rv:84.0) Gecko/20100101 Firefox/84.0"
193.194.132.23 - - [20/Jan/2021:14:24:32 +0100] "GET /reload?ser=1611149071820 HTTP/1.1" 200 28 "http://renault.2web.at/success" "Mozilla/5.0 (Windows NT 10.0; Win64; x64) AppleWebKit/537.36 (KHTML, like Gecko) Chrome/87.0.4280.141 Safari/537.36"
82.135.5.126 - - [20/Jan/2021:14:24:42 +0100] "GET /reload?ser=1611149082712 HTTP/1.1" 200 28 "http://renault.activities.at/10201442?dir=DESC&mode=grid&order=name&limit=15&page=11&cat=10260280" "Mozilla/5.0 (Windows NT 10.0; WOW64; Trident/7.0; rv:11.0) like Gecko"
13.66.139.156 - - [20/Jan/2021:14:25:12 +0100] "GET /10201442?dir=DESC&mode=grid&order=name&limit=15&page=7 HTTP/1.1" 302 150 "-" "Mozilla/5.0 (compatible; bingbot/2.0; +http://www.bing.com/bingbot.htm)"
13.66.139.156 - - [20/Jan/2021:14:25:15 +0100] "GET /login?required=true HTTP/1.1" 200 2085 "-" "Mozilla/5.0 (compatible; bingbot/2.0; +http://www.bing.com/bingbot.htm)"
80.123.225.38 - - [20/Jan/2021:14:25:27 +0100] "GET /reload?ser=1611149127393 HTTP/1.1" 200 28 "http://renault.activities.at/result?searchterm=true&search=Captur" "Mozilla/5.0 (Windows NT 10.0; Win64; x64; rv:84.0) Gecko/20100101 Firefox/84.0"
193.194.132.23 - - [20/Jan/2021:14:25:34 +0100] "GET /reload?ser=1611149133801 HTTP/1.1" 200 28 "http://renault.2web.at/success" "Mozilla/5.0 (Windows NT 10.0; Win64; x64) AppleWebKit/537.36 (KHTML, like Gecko) Chrome/87.0.4280.141 Safari/537.36"
82.135.5.126 - - [20/Jan/2021:14:25:43 +0100] "GET /reload?ser=1611149143679 HTTP/1.1" 200 28 "http://renault.activities.at/10201442?dir=DESC&mode=grid&order=name&limit=15&page=11&cat=10260280" "Mozilla/5.0 (Windows NT 10.0; WOW64; Trident/7.0; rv:11.0) like Gecko"
80.123.225.38 - - [20/Jan/2021:14:26:28 +0100] "GET /reload?ser=1611149188360 HTTP/1.1" 200 28 "http://renault.activities.at/result?searchterm=true&search=Captur" "Mozilla/5.0 (Windows NT 10.0; Win64; x64; rv:84.0) Gecko/20100101 Firefox/84.0"
193.194.132.23 - - [20/Jan/2021:14:26:36 +0100] "GET /reload?ser=1611149195801 HTTP/1.1" 200 28 "http://renault.2web.at/success" "Mozilla/5.0 (Windows NT 10.0; Win64; x64) AppleWebKit/537.36 (KHTML, like Gecko) Chrome/87.0.4280.141 Safari/537.36"
82.135.5.126 - - [20/Jan/2021:14:26:45 +0100] "GET /reload?ser=1611149204665 HTTP/1.1" 200 28 "http://renault.activities.at/10201442?dir=DESC&mode=grid&order=name&limit=15&page=11&cat=10260280" "Mozilla/5.0 (Windows NT 10.0; WOW64; Trident/7.0; rv:11.0) like Gecko"
80.123.225.38 - - [20/Jan/2021:14:27:29 +0100] "GET /reload?ser=1611149249310 HTTP/1.1" 200 28 "http://renault.activities.at/result?searchterm=true&search=Captur" "Mozilla/5.0 (Windows NT 10.0; Win64; x64; rv:84.0) Gecko/20100101 Firefox/84.0"
193.194.132.23 - - [20/Jan/2021:14:27:38 +0100] "GET /reload?ser=1611149257810 HTTP/1.1" 200 28 "http://renault.2web.at/success" "Mozilla/5.0 (Windows NT 10.0; Win64; x64) AppleWebKit/537.36 (KHTML, like Gecko) Chrome/87.0.4280.141 Safari/537.36"
82.135.5.126 - - [20/Jan/2021:14:27:46 +0100] "GET /reload?ser=1611149266013 HTTP/1.1" 200 28 "http://renault.activities.at/10201442?dir=DESC&mode=grid&order=name&limit=15&page=11&cat=10260280" "Mozilla/5.0 (Windows NT 10.0; WOW64; Trident/7.0; rv:11.0) like Gecko"
80.123.225.38 - - [20/Jan/2021:14:28:30 +0100] "GET /reload?ser=1611149310265 HTTP/1.1" 200 28 "http://renault.activities.at/result?searchterm=true&search=Captur" "Mozilla/5.0 (Windows NT 10.0; Win64; x64; rv:84.0) Gecko/20100101 Firefox/84.0"
193.194.132.23 - - [20/Jan/2021:14:28:40 +0100] "GET /reload?ser=1611149319799 HTTP/1.1" 200 28 "http://renault.2web.at/success" "Mozilla/5.0 (Windows NT 10.0; Win64; x64) AppleWebKit/537.36 (KHTML, like Gecko) Chrome/87.0.4280.141 Safari/537.36"
82.135.5.126 - - [20/Jan/2021:14:28:47 +0100] "GET /reload?ser=1611149327000 HTTP/1.1" 200 28 "http://renault.activities.at/10201442?dir=DESC&mode=grid&order=name&limit=15&page=11&cat=10260280" "Mozilla/5.0 (Windows NT 10.0; WOW64; Trident/7.0; rv:11.0) like Gecko"
80.123.225.38 - - [20/Jan/2021:14:29:31 +0100] "GET /reload?ser=1611149371226 HTTP/1.1" 200 28 "http://renault.activities.at/result?searchterm=true&search=Captur" "Mozilla/5.0 (Windows NT 10.0; Win64; x64; rv:84.0) Gecko/20100101 Firefox/84.0"
193.194.132.23 - - [20/Jan/2021:14:29:42 +0100] "GET /reload?ser=1611149381799 HTTP/1.1" 200 28 "http://renault.2web.at/success" "Mozilla/5.0 (Windows NT 10.0; Win64; x64) AppleWebKit/537.36 (KHTML, like Gecko) Chrome/87.0.4280.141 Safari/537.36"
82.135.5.126 - - [20/Jan/2021:14:29:48 +0100] "GET /reload?ser=1611149387983 HTTP/1.1" 200 28 "http://renault.activities.at/10201442?dir=DESC&mode=grid&order=name&limit=15&page=11&cat=10260280" "Mozilla/5.0 (Windows NT 10.0; WOW64; Trident/7.0; rv:11.0) like Gecko"
80.123.225.38 - - [20/Jan/2021:14:30:32 +0100] "GET /reload?ser=1611149432185 HTTP/1.1" 200 28 "http://renault.activities.at/result?searchterm=true&search=Captur" "Mozilla/5.0 (Windows NT 10.0; Win64; x64; rv:84.0) Gecko/20100101 Firefox/84.0"
193.194.132.23 - - [20/Jan/2021:14:30:44 +0100] "GET /reload?ser=1611149443803 HTTP/1.1" 200 28 "http://renault.2web.at/success" "Mozilla/5.0 (Windows NT 10.0; Win64; x64) AppleWebKit/537.36 (KHTML, like Gecko) Chrome/87.0.4280.141 Safari/537.36"
82.135.5.126 - - [20/Jan/2021:14:30:49 +0100] "GET /reload?ser=1611149448998 HTTP/1.1" 200 28 "http://renault.activities.at/10201442?dir=DESC&mode=grid&order=name&limit=15&page=11&cat=10260280" "Mozilla/5.0 (Windows NT 10.0; WOW64; Trident/7.0; rv:11.0) like Gecko"
80.123.225.38 - - [20/Jan/2021:14:31:33 +0100] "GET /reload?ser=1611149493134 HTTP/1.1" 200 28 "http://renault.activities.at/result?searchterm=true&search=Captur" "Mozilla/5.0 (Windows NT 10.0; Win64; x64; rv:84.0) Gecko/20100101 Firefox/84.0"
193.194.132.23 - - [20/Jan/2021:14:31:46 +0100] "GET /reload?ser=1611149505801 HTTP/1.1" 200 28 "http://renault.2web.at/success" "Mozilla/5.0 (Windows NT 10.0; Win64; x64) AppleWebKit/537.36 (KHTML, like Gecko) Chrome/87.0.4280.141 Safari/537.36"
82.135.5.126 - - [20/Jan/2021:14:31:50 +0100] "GET /reload?ser=1611149509970 HTTP/1.1" 200 28 "http://renault.activities.at/10201442?dir=DESC&mode=grid&order=name&limit=15&page=11&cat=10260280" "Mozilla/5.0 (Windows NT 10.0; WOW64; Trident/7.0; rv:11.0) like Gecko"
80.123.225.38 - - [20/Jan/2021:14:32:34 +0100] "GET /reload?ser=1611149554093 HTTP/1.1" 200 28 "http://renault.activities.at/result?searchterm=true&search=Captur" "Mozilla/5.0 (Windows NT 10.0; Win64; x64; rv:84.0) Gecko/20100101 Firefox/84.0"
193.194.132.23 - - [20/Jan/2021:14:32:48 +0100] "GET /reload?ser=1611149567801 HTTP/1.1" 200 28 "http://renault.2web.at/success" "Mozilla/5.0 (Windows NT 10.0; Win64; x64) AppleWebKit/537.36 (KHTML, like Gecko) Chrome/87.0.4280.141 Safari/537.36"
82.135.5.126 - - [20/Jan/2021:14:32:51 +0100] "GET /reload?ser=1611149570951 HTTP/1.1" 200 28 "http://renault.activities.at/10201442?dir=DESC&mode=grid&order=name&limit=15&page=11&cat=10260280" "Mozilla/5.0 (Windows NT 10.0; WOW64; Trident/7.0; rv:11.0) like Gecko"
80.123.225.38 - - [20/Jan/2021:14:33:35 +0100] "GET /reload?ser=1611149615044 HTTP/1.1" 200 28 "http://renault.activities.at/result?searchterm=true&search=Captur" "Mozilla/5.0 (Windows NT 10.0; Win64; x64; rv:84.0) Gecko/20100101 Firefox/84.0"
193.194.132.23 - - [20/Jan/2021:14:33:50 +0100] "GET /reload?ser=1611149629806 HTTP/1.1" 200 28 "http://renault.2web.at/success" "Mozilla/5.0 (Windows NT 10.0; Win64; x64) AppleWebKit/537.36 (KHTML, like Gecko) Chrome/87.0.4280.141 Safari/537.36"
82.135.5.126 - - [20/Jan/2021:14:33:52 +0100] "GET /reload?ser=1611149631996 HTTP/1.1" 200 28 "http://renault.activities.at/10201442?dir=DESC&mode=grid&order=name&limit=15&page=11&cat=10260280" "Mozilla/5.0 (Windows NT 10.0; WOW64; Trident/7.0; rv:11.0) like Gecko"
80.123.225.38 - - [20/Jan/2021:14:34:36 +0100] "GET /reload?ser=1611149675981 HTTP/1.1" 200 28 "http://renault.activities.at/result?searchterm=true&search=Captur" "Mozilla/5.0 (Windows NT 10.0; Win64; x64; rv:84.0) Gecko/20100101 Firefox/84.0"
193.194.132.23 - - [20/Jan/2021:14:34:52 +0100] "GET /reload?ser=1611149691799 HTTP/1.1" 200 28 "http://renault.2web.at/success" "Mozilla/5.0 (Windows NT 10.0; Win64; x64) AppleWebKit/537.36 (KHTML, like Gecko) Chrome/87.0.4280.141 Safari/537.36"
82.135.5.126 - - [20/Jan/2021:14:34:53 +0100] "GET /reload?ser=1611149692985 HTTP/1.1" 200 28 "http://renault.activities.at/10201442?dir=DESC&mode=grid&order=name&limit=15&page=11&cat=10260280" "Mozilla/5.0 (Windows NT 10.0; WOW64; Trident/7.0; rv:11.0) like Gecko"
80.123.225.38 - - [20/Jan/2021:14:35:37 +0100] "GET /reload?ser=1611149736917 HTTP/1.1" 200 28 "http://renault.activities.at/result?searchterm=true&search=Captur" "Mozilla/5.0 (Windows NT 10.0; Win64; x64; rv:84.0) Gecko/20100101 Firefox/84.0"
82.135.5.126 - - [20/Jan/2021:14:35:54 +0100] "GET /reload?ser=1611149753977 HTTP/1.1" 200 28 "http://renault.activities.at/10201442?dir=DESC&mode=grid&order=name&limit=15&page=11&cat=10260280" "Mozilla/5.0 (Windows NT 10.0; WOW64; Trident/7.0; rv:11.0) like Gecko"
193.194.132.23 - - [20/Jan/2021:14:35:54 +0100] "GET /reload?ser=1611149753798 HTTP/1.1" 200 28 "http://renault.2web.at/success" "Mozilla/5.0 (Windows NT 10.0; Win64; x64) AppleWebKit/537.36 (KHTML, like Gecko) Chrome/87.0.4280.141 Safari/537.36"
80.123.225.38 - - [20/Jan/2021:14:36:38 +0100] "GET /reload?ser=1611149797898 HTTP/1.1" 200 28 "http://renault.activities.at/result?searchterm=true&search=Captur" "Mozilla/5.0 (Windows NT 10.0; Win64; x64; rv:84.0) Gecko/20100101 Firefox/84.0"
82.135.5.126 - - [20/Jan/2021:14:36:55 +0100] "GET /reload?ser=1611149814969 HTTP/1.1" 200 28 "http://renault.activities.at/10201442?dir=DESC&mode=grid&order=name&limit=15&page=11&cat=10260280" "Mozilla/5.0 (Windows NT 10.0; WOW64; Trident/7.0; rv:11.0) like Gecko"
193.194.132.23 - - [20/Jan/2021:14:36:56 +0100] "GET /reload?ser=1611149815800 HTTP/1.1" 200 28 "http://renault.2web.at/success" "Mozilla/5.0 (Windows NT 10.0; Win64; x64) AppleWebKit/537.36 (KHTML, like Gecko) Chrome/87.0.4280.141 Safari/537.36"
80.123.225.38 - - [20/Jan/2021:14:37:38 +0100] "GET /reload?ser=1611149858839 HTTP/1.1" 200 28 "http://renault.activities.at/result?searchterm=true&search=Captur" "Mozilla/5.0 (Windows NT 10.0; Win64; x64; rv:84.0) Gecko/20100101 Firefox/84.0"
82.135.5.126 - - [20/Jan/2021:14:37:56 +0100] "GET /reload?ser=1611149876059 HTTP/1.1" 200 28 "http://renault.activities.at/10201442?dir=DESC&mode=grid&order=name&limit=15&page=11&cat=10260280" "Mozilla/5.0 (Windows NT 10.0; WOW64; Trident/7.0; rv:11.0) like Gecko"
193.194.132.23 - - [20/Jan/2021:14:37:58 +0100] "GET /reload?ser=1611149878209 HTTP/1.1" 200 28 "http://renault.2web.at/success" "Mozilla/5.0 (Windows NT 10.0; Win64; x64) AppleWebKit/537.36 (KHTML, like Gecko) Chrome/87.0.4280.141 Safari/537.36"
80.123.225.38 - - [20/Jan/2021:14:38:39 +0100] "GET /reload?ser=1611149919821 HTTP/1.1" 200 28 "http://renault.activities.at/result?searchterm=true&search=Captur" "Mozilla/5.0 (Windows NT 10.0; Win64; x64; rv:84.0) Gecko/20100101 Firefox/84.0"
82.135.5.126 - - [20/Jan/2021:14:38:57 +0100] "GET /reload?ser=1611149937159 HTTP/1.1" 200 28 "http://renault.activities.at/10201442?dir=DESC&mode=grid&order=name&limit=15&page=11&cat=10260280" "Mozilla/5.0 (Windows NT 10.0; WOW64; Trident/7.0; rv:11.0) like Gecko"
193.194.132.23 - - [20/Jan/2021:14:39:04 +0100] "GET /reload?ser=1611149943535 HTTP/1.1" 200 28 "http://renault.2web.at/success" "Mozilla/5.0 (Windows NT 10.0; Win64; x64) AppleWebKit/537.36 (KHTML, like Gecko) Chrome/87.0.4280.141 Safari/537.36"
80.123.225.38 - - [20/Jan/2021:14:39:40 +0100] "GET /reload?ser=1611149980809 HTTP/1.1" 200 28 "http://renault.activities.at/result?searchterm=true&search=Captur" "Mozilla/5.0 (Windows NT 10.0; Win64; x64; rv:84.0) Gecko/20100101 Firefox/84.0"
82.135.5.126 - - [20/Jan/2021:14:39:58 +0100] "GET /reload?ser=1611149998221 HTTP/1.1" 200 28 "http://renault.activities.at/10201442?dir=DESC&mode=grid&order=name&limit=15&page=11&cat=10260280" "Mozilla/5.0 (Windows NT 10.0; WOW64; Trident/7.0; rv:11.0) like Gecko"
193.194.132.23 - - [20/Jan/2021:14:40:06 +0100] "GET /reload?ser=1611150005801 HTTP/1.1" 200 28 "http://renault.2web.at/success" "Mozilla/5.0 (Windows NT 10.0; Win64; x64) AppleWebKit/537.36 (KHTML, like Gecko) Chrome/87.0.4280.141 Safari/537.36"
80.123.225.38 - - [20/Jan/2021:14:40:41 +0100] "GET /reload?ser=1611150041771 HTTP/1.1" 200 28 "http://renault.activities.at/result?searchterm=true&search=Captur" "Mozilla/5.0 (Windows NT 10.0; Win64; x64; rv:84.0) Gecko/20100101 Firefox/84.0"
82.135.5.126 - - [20/Jan/2021:14:40:59 +0100] "GET /reload?ser=1611150059162 HTTP/1.1" 200 28 "http://renault.activities.at/10201442?dir=DESC&mode=grid&order=name&limit=15&page=11&cat=10260280" "Mozilla/5.0 (Windows NT 10.0; WOW64; Trident/7.0; rv:11.0) like Gecko"
193.194.132.23 - - [20/Jan/2021:14:41:08 +0100] "GET /reload?ser=1611150067799 HTTP/1.1" 200 28 "http://renault.2web.at/success" "Mozilla/5.0 (Windows NT 10.0; Win64; x64) AppleWebKit/537.36 (KHTML, like Gecko) Chrome/87.0.4280.141 Safari/537.36"
80.123.225.38 - - [20/Jan/2021:14:41:42 +0100] "GET /reload?ser=1611150102730 HTTP/1.1" 200 28 "http://renault.activities.at/result?searchterm=true&search=Captur" "Mozilla/5.0 (Windows NT 10.0; Win64; x64; rv:84.0) Gecko/20100101 Firefox/84.0"
82.135.5.126 - - [20/Jan/2021:14:42:00 +0100] "GET /reload?ser=1611150120133 HTTP/1.1" 200 28 "http://renault.activities.at/10201442?dir=DESC&mode=grid&order=name&limit=15&page=11&cat=10260280" "Mozilla/5.0 (Windows NT 10.0; WOW64; Trident/7.0; rv:11.0) like Gecko"
193.194.132.23 - - [20/Jan/2021:14:42:10 +0100] "GET /reload?ser=1611150129802 HTTP/1.1" 200 28 "http://renault.2web.at/success" "Mozilla/5.0 (Windows NT 10.0; Win64; x64) AppleWebKit/537.36 (KHTML, like Gecko) Chrome/87.0.4280.141 Safari/537.36"
80.123.225.38 - - [20/Jan/2021:14:42:43 +0100] "GET /reload?ser=1611150163703 HTTP/1.1" 200 28 "http://renault.activities.at/result?searchterm=true&search=Captur" "Mozilla/5.0 (Windows NT 10.0; Win64; x64; rv:84.0) Gecko/20100101 Firefox/84.0"
82.135.5.126 - - [20/Jan/2021:14:43:01 +0100] "GET /reload?ser=1611150181134 HTTP/1.1" 200 28 "http://renault.activities.at/10201442?dir=DESC&mode=grid&order=name&limit=15&page=11&cat=10260280" "Mozilla/5.0 (Windows NT 10.0; WOW64; Trident/7.0; rv:11.0) like Gecko"
193.194.132.23 - - [20/Jan/2021:14:43:12 +0100] "GET /reload?ser=1611150192476 HTTP/1.1" 200 28 "http://renault.2web.at/success" "Mozilla/5.0 (Windows NT 10.0; Win64; x64) AppleWebKit/537.36 (KHTML, like Gecko) Chrome/87.0.4280.141 Safari/537.36"
80.123.225.38 - - [20/Jan/2021:14:43:44 +0100] "GET /reload?ser=1611150224687 HTTP/1.1" 200 28 "http://renault.activities.at/result?searchterm=true&search=Captur" "Mozilla/5.0 (Windows NT 10.0; Win64; x64; rv:84.0) Gecko/20100101 Firefox/84.0"
82.135.5.126 - - [20/Jan/2021:14:44:02 +0100] "GET /reload?ser=1611150242127 HTTP/1.1" 200 28 "http://renault.activities.at/10201442?dir=DESC&mode=grid&order=name&limit=15&page=11&cat=10260280" "Mozilla/5.0 (Windows NT 10.0; WOW64; Trident/7.0; rv:11.0) like Gecko"
193.194.132.23 - - [20/Jan/2021:14:44:16 +0100] "GET /reload?ser=1611150255987 HTTP/1.1" 200 28 "http://renault.2web.at/success" "Mozilla/5.0 (Windows NT 10.0; Win64; x64) AppleWebKit/537.36 (KHTML, like Gecko) Chrome/87.0.4280.141 Safari/537.36"
80.123.225.38 - - [20/Jan/2021:14:44:45 +0100] "GET /reload?ser=1611150285690 HTTP/1.1" 200 28 "http://renault.activities.at/result?searchterm=true&search=Captur" "Mozilla/5.0 (Windows NT 10.0; Win64; x64; rv:84.0) Gecko/20100101 Firefox/84.0"
82.135.5.126 - - [20/Jan/2021:14:45:03 +0100] "GET /reload?ser=1611150303085 HTTP/1.1" 200 28 "http://renault.activities.at/10201442?dir=DESC&mode=grid&order=name&limit=15&page=11&cat=10260280" "Mozilla/5.0 (Windows NT 10.0; WOW64; Trident/7.0; rv:11.0) like Gecko"
193.194.132.23 - - [20/Jan/2021:14:45:19 +0100] "GET /reload?ser=1611150318802 HTTP/1.1" 200 28 "http://renault.2web.at/success" "Mozilla/5.0 (Windows NT 10.0; Win64; x64) AppleWebKit/537.36 (KHTML, like Gecko) Chrome/87.0.4280.141 Safari/537.36"
80.123.225.38 - - [20/Jan/2021:14:45:46 +0100] "GET /reload?ser=1611150346679 HTTP/1.1" 200 28 "http://renault.activities.at/result?searchterm=true&search=Captur" "Mozilla/5.0 (Windows NT 10.0; Win64; x64; rv:84.0) Gecko/20100101 Firefox/84.0"
82.135.5.126 - - [20/Jan/2021:14:46:04 +0100] "GET /reload?ser=1611150364069 HTTP/1.1" 200 28 "http://renault.activities.at/10201442?dir=DESC&mode=grid&order=name&limit=15&page=11&cat=10260280" "Mozilla/5.0 (Windows NT 10.0; WOW64; Trident/7.0; rv:11.0) like Gecko"
193.194.132.23 - - [20/Jan/2021:14:46:21 +0100] "GET /reload?ser=1611150380804 HTTP/1.1" 200 28 "http://renault.2web.at/success" "Mozilla/5.0 (Windows NT 10.0; Win64; x64) AppleWebKit/537.36 (KHTML, like Gecko) Chrome/87.0.4280.141 Safari/537.36"
80.123.225.38 - - [20/Jan/2021:14:46:47 +0100] "GET /reload?ser=1611150407620 HTTP/1.1" 200 28 "http://renault.activities.at/result?searchterm=true&search=Captur" "Mozilla/5.0 (Windows NT 10.0; Win64; x64; rv:84.0) Gecko/20100101 Firefox/84.0"
82.135.5.126 - - [20/Jan/2021:14:47:05 +0100] "GET /reload?ser=1611150425028 HTTP/1.1" 200 28 "http://renault.activities.at/10201442?dir=DESC&mode=grid&order=name&limit=15&page=11&cat=10260280" "Mozilla/5.0 (Windows NT 10.0; WOW64; Trident/7.0; rv:11.0) like Gecko"
193.194.132.23 - - [20/Jan/2021:14:47:23 +0100] "GET /reload?ser=1611150442807 HTTP/1.1" 200 28 "http://renault.2web.at/success" "Mozilla/5.0 (Windows NT 10.0; Win64; x64) AppleWebKit/537.36 (KHTML, like Gecko) Chrome/87.0.4280.141 Safari/537.36"
80.123.225.38 - - [20/Jan/2021:14:47:48 +0100] "GET /reload?ser=1611150468601 HTTP/1.1" 200 28 "http://renault.activities.at/result?searchterm=true&search=Captur" "Mozilla/5.0 (Windows NT 10.0; Win64; x64; rv:84.0) Gecko/20100101 Firefox/84.0"
