80.123.133.158 - - [20/Jan/2021:13:25:59 +0100] "POST /docheckout HTTP/1.1" 200 449 "http://renault.activities.at/checkout" "Mozilla/5.0 (Windows NT 10.0; Win64; x64) AppleWebKit/537.36 (KHTML, like Gecko) Chrome/87.0.4280.141 Safari/537.36"
80.123.133.158 - - [20/Jan/2021:13:26:03 +0100] "POST /docheckout HTTP/1.1" 200 615 "http://renault.activities.at/checkout" "Mozilla/5.0 (Windows NT 10.0; Win64; x64) AppleWebKit/537.36 (KHTML, like Gecko) Chrome/87.0.4280.141 Safari/537.36"
80.123.133.158 - - [20/Jan/2021:13:26:05 +0100] "GET /images/error_msg_icon.gif HTTP/1.1" 200 1013 "http://renault.activities.at/checkout" "Mozilla/5.0 (Windows NT 10.0; Win64; x64) AppleWebKit/537.36 (KHTML, like Gecko) Chrome/87.0.4280.141 Safari/537.36"
80.123.133.158 - - [20/Jan/2021:13:26:06 +0100] "POST /docheckout HTTP/1.1" 200 68 "http://renault.activities.at/checkout" "Mozilla/5.0 (Windows NT 10.0; Win64; x64) AppleWebKit/537.36 (KHTML, like Gecko) Chrome/87.0.4280.141 Safari/537.36"
80.123.133.158 - - [20/Jan/2021:13:26:09 +0100] "GET /success HTTP/1.1" 200 3779 "http://renault.activities.at/checkout" "Mozilla/5.0 (Windows NT 10.0; Win64; x64) AppleWebKit/537.36 (KHTML, like Gecko) Chrome/87.0.4280.141 Safari/537.36"
80.123.133.158 - - [20/Jan/2021:13:26:13 +0100] "GET /account HTTP/1.1" 200 5899 "http://renault.activities.at/success" "Mozilla/5.0 (Windows NT 10.0; Win64; x64) AppleWebKit/537.36 (KHTML, like Gecko) Chrome/87.0.4280.141 Safari/537.36"
80.123.133.158 - - [20/Jan/2021:13:26:14 +0100] "GET /loadthumbnail.php?id=12237270&width=50&height=50 HTTP/1.1" 200 1115 "http://renault.activities.at/account" "Mozilla/5.0 (Windows NT 10.0; Win64; x64) AppleWebKit/537.36 (KHTML, like Gecko) Chrome/87.0.4280.141 Safari/537.36"
80.123.133.158 - - [20/Jan/2021:13:26:19 +0100] "GET /logout HTTP/1.1" 302 140 "http://renault.activities.at/account" "Mozilla/5.0 (Windows NT 10.0; Win64; x64) AppleWebKit/537.36 (KHTML, like Gecko) Chrome/87.0.4280.141 Safari/537.36"
80.123.133.158 - - [20/Jan/2021:13:26:19 +0100] "GET /logout HTTP/1.1" 200 1583 "http://renault.activities.at/account" "Mozilla/5.0 (Windows NT 10.0; Win64; x64) AppleWebKit/537.36 (KHTML, like Gecko) Chrome/87.0.4280.141 Safari/537.36"
193.194.132.23 - - [20/Jan/2021:13:26:15 +0100] "GET /checkout HTTP/1.1" 200 23436 "http://renault.2web.at/result?searchterm=true&search=sandero" "Mozilla/5.0 (Windows NT 10.0; Win64; x64) AppleWebKit/537.36 (KHTML, like Gecko) Chrome/87.0.4280.141 Safari/537.36"
193.194.132.23 - - [20/Jan/2021:13:26:21 +0100] "GET /js/checkout2.js HTTP/1.1" 200 4122 "http://renault.2web.at/checkout" "Mozilla/5.0 (Windows NT 10.0; Win64; x64) AppleWebKit/537.36 (KHTML, like Gecko) Chrome/87.0.4280.141 Safari/537.36"
193.194.132.23 - - [20/Jan/2021:13:26:21 +0100] "GET /loadthumbnail.php?id=10201939 HTTP/1.1" 200 201 "http://renault.2web.at/checkout" "Mozilla/5.0 (Windows NT 10.0; Win64; x64) AppleWebKit/537.36 (KHTML, like Gecko) Chrome/87.0.4280.141 Safari/537.36"
193.194.132.23 - - [20/Jan/2021:13:26:21 +0100] "GET /loadthumbnail.php?id=10202698 HTTP/1.1" 200 16686 "http://renault.2web.at/checkout" "Mozilla/5.0 (Windows NT 10.0; Win64; x64) AppleWebKit/537.36 (KHTML, like Gecko) Chrome/87.0.4280.141 Safari/537.36"
193.194.132.23 - - [20/Jan/2021:13:26:21 +0100] "GET /images/step_bg.jpg HTTP/1.1" 200 319 "http://renault.2web.at/css/styles.css" "Mozilla/5.0 (Windows NT 10.0; Win64; x64) AppleWebKit/537.36 (KHTML, like Gecko) Chrome/87.0.4280.141 Safari/537.36"
193.194.132.23 - - [20/Jan/2021:13:26:21 +0100] "GET /images/step_marker.gif HTTP/1.1" 200 650 "http://renault.2web.at/css/styles.css" "Mozilla/5.0 (Windows NT 10.0; Win64; x64) AppleWebKit/537.36 (KHTML, like Gecko) Chrome/87.0.4280.141 Safari/537.36"
193.194.132.23 - - [20/Jan/2021:13:26:21 +0100] "GET /images/checkout_border_top.gif HTTP/1.1" 200 156 "http://renault.2web.at/css/styles.css" "Mozilla/5.0 (Windows NT 10.0; Win64; x64) AppleWebKit/537.36 (KHTML, like Gecko) Chrome/87.0.4280.141 Safari/537.36"
193.194.132.23 - - [20/Jan/2021:13:26:21 +0100] "GET /images/checkout_border.gif HTTP/1.1" 200 43 "http://renault.2web.at/css/styles.css" "Mozilla/5.0 (Windows NT 10.0; Win64; x64) AppleWebKit/537.36 (KHTML, like Gecko) Chrome/87.0.4280.141 Safari/537.36"
193.194.132.23 - - [20/Jan/2021:13:26:27 +0100] "POST /docheckout HTTP/1.1" 200 449 "http://renault.2web.at/checkout" "Mozilla/5.0 (Windows NT 10.0; Win64; x64) AppleWebKit/537.36 (KHTML, like Gecko) Chrome/87.0.4280.141 Safari/537.36"
80.123.225.38 - - [20/Jan/2021:13:26:31 +0100] "GET /reload?ser=1611145590976 HTTP/1.1" 200 28 "http://renault.activities.at/result?searchterm=true&search=Captur" "Mozilla/5.0 (Windows NT 10.0; Win64; x64; rv:84.0) Gecko/20100101 Firefox/84.0"
193.194.132.23 - - [20/Jan/2021:13:26:31 +0100] "POST /docheckout HTTP/1.1" 200 624 "http://renault.2web.at/checkout" "Mozilla/5.0 (Windows NT 10.0; Win64; x64) AppleWebKit/537.36 (KHTML, like Gecko) Chrome/87.0.4280.141 Safari/537.36"
193.194.132.23 - - [20/Jan/2021:13:26:33 +0100] "GET /images/error_msg_icon.gif HTTP/1.1" 200 1013 "http://renault.2web.at/checkout" "Mozilla/5.0 (Windows NT 10.0; Win64; x64) AppleWebKit/537.36 (KHTML, like Gecko) Chrome/87.0.4280.141 Safari/537.36"
193.194.132.23 - - [20/Jan/2021:13:26:36 +0100] "POST /docheckout HTTP/1.1" 200 68 "http://renault.2web.at/checkout" "Mozilla/5.0 (Windows NT 10.0; Win64; x64) AppleWebKit/537.36 (KHTML, like Gecko) Chrome/87.0.4280.141 Safari/537.36"
193.194.132.23 - - [20/Jan/2021:13:26:38 +0100] "GET /success HTTP/1.1" 200 6854 "http://renault.2web.at/checkout" "Mozilla/5.0 (Windows NT 10.0; Win64; x64) AppleWebKit/537.36 (KHTML, like Gecko) Chrome/87.0.4280.141 Safari/537.36"
82.135.5.126 - - [20/Jan/2021:13:26:45 +0100] "GET /reload?ser=1611145605530 HTTP/1.1" 200 28 "http://renault.activities.at/10201442?dir=DESC&mode=grid&order=name&limit=15&page=11&cat=10260280" "Mozilla/5.0 (Windows NT 10.0; WOW64; Trident/7.0; rv:11.0) like Gecko"
81.189.133.90 - - [20/Jan/2021:13:26:49 +0100] "GET /reload?ser=1611145609553 HTTP/1.1" 200 28 "http://renault.activities.at/" "Mozilla/5.0 (Windows NT 10.0; WOW64; Trident/7.0; rv:11.0) like Gecko"
80.123.225.38 - - [20/Jan/2021:13:27:32 +0100] "GET /reload?ser=1611145651943 HTTP/1.1" 200 28 "http://renault.activities.at/result?searchterm=true&search=Captur" "Mozilla/5.0 (Windows NT 10.0; Win64; x64; rv:84.0) Gecko/20100101 Firefox/84.0"
193.194.132.23 - - [20/Jan/2021:13:27:42 +0100] "GET /reload?ser=1611145661685 HTTP/1.1" 200 28 "http://renault.2web.at/success" "Mozilla/5.0 (Windows NT 10.0; Win64; x64) AppleWebKit/537.36 (KHTML, like Gecko) Chrome/87.0.4280.141 Safari/537.36"
82.135.5.126 - - [20/Jan/2021:13:27:46 +0100] "GET /reload?ser=1611145666514 HTTP/1.1" 200 28 "http://renault.activities.at/10201442?dir=DESC&mode=grid&order=name&limit=15&page=11&cat=10260280" "Mozilla/5.0 (Windows NT 10.0; WOW64; Trident/7.0; rv:11.0) like Gecko"
81.189.133.90 - - [20/Jan/2021:13:27:50 +0100] "GET /reload?ser=1611145670151 HTTP/1.1" 200 28 "http://renault.activities.at/" "Mozilla/5.0 (Windows NT 10.0; WOW64; Trident/7.0; rv:11.0) like Gecko"
80.123.225.38 - - [20/Jan/2021:13:28:33 +0100] "GET /reload?ser=1611145712907 HTTP/1.1" 200 28 "http://renault.activities.at/result?searchterm=true&search=Captur" "Mozilla/5.0 (Windows NT 10.0; Win64; x64; rv:84.0) Gecko/20100101 Firefox/84.0"
193.194.132.23 - - [20/Jan/2021:13:28:44 +0100] "GET /reload?ser=1611145723684 HTTP/1.1" 200 28 "http://renault.2web.at/success" "Mozilla/5.0 (Windows NT 10.0; Win64; x64) AppleWebKit/537.36 (KHTML, like Gecko) Chrome/87.0.4280.141 Safari/537.36"
82.135.5.126 - - [20/Jan/2021:13:28:47 +0100] "GET /reload?ser=1611145727505 HTTP/1.1" 200 28 "http://renault.activities.at/10201442?dir=DESC&mode=grid&order=name&limit=15&page=11&cat=10260280" "Mozilla/5.0 (Windows NT 10.0; WOW64; Trident/7.0; rv:11.0) like Gecko"
81.189.133.90 - - [20/Jan/2021:13:28:50 +0100] "GET /reload?ser=1611145730798 HTTP/1.1" 200 28 "http://renault.activities.at/" "Mozilla/5.0 (Windows NT 10.0; WOW64; Trident/7.0; rv:11.0) like Gecko"
80.123.225.38 - - [20/Jan/2021:13:29:33 +0100] "GET /reload?ser=1611145773880 HTTP/1.1" 200 28 "http://renault.activities.at/result?searchterm=true&search=Captur" "Mozilla/5.0 (Windows NT 10.0; Win64; x64; rv:84.0) Gecko/20100101 Firefox/84.0"
193.194.132.23 - - [20/Jan/2021:13:29:46 +0100] "GET /reload?ser=1611145785684 HTTP/1.1" 200 28 "http://renault.2web.at/success" "Mozilla/5.0 (Windows NT 10.0; Win64; x64) AppleWebKit/537.36 (KHTML, like Gecko) Chrome/87.0.4280.141 Safari/537.36"
82.135.5.126 - - [20/Jan/2021:13:29:48 +0100] "GET /reload?ser=1611145788477 HTTP/1.1" 200 28 "http://renault.activities.at/10201442?dir=DESC&mode=grid&order=name&limit=15&page=11&cat=10260280" "Mozilla/5.0 (Windows NT 10.0; WOW64; Trident/7.0; rv:11.0) like Gecko"
81.189.133.90 - - [20/Jan/2021:13:29:51 +0100] "GET /reload?ser=1611145791439 HTTP/1.1" 200 28 "http://renault.activities.at/" "Mozilla/5.0 (Windows NT 10.0; WOW64; Trident/7.0; rv:11.0) like Gecko"
80.123.225.38 - - [20/Jan/2021:13:30:34 +0100] "GET /reload?ser=1611145834837 HTTP/1.1" 200 28 "http://renault.activities.at/result?searchterm=true&search=Captur" "Mozilla/5.0 (Windows NT 10.0; Win64; x64; rv:84.0) Gecko/20100101 Firefox/84.0"
193.194.132.23 - - [20/Jan/2021:13:30:48 +0100] "GET /reload?ser=1611145847685 HTTP/1.1" 200 28 "http://renault.2web.at/success" "Mozilla/5.0 (Windows NT 10.0; Win64; x64) AppleWebKit/537.36 (KHTML, like Gecko) Chrome/87.0.4280.141 Safari/537.36"
82.135.5.126 - - [20/Jan/2021:13:30:49 +0100] "GET /reload?ser=1611145849441 HTTP/1.1" 200 28 "http://renault.activities.at/10201442?dir=DESC&mode=grid&order=name&limit=15&page=11&cat=10260280" "Mozilla/5.0 (Windows NT 10.0; WOW64; Trident/7.0; rv:11.0) like Gecko"
81.189.133.90 - - [20/Jan/2021:13:30:52 +0100] "GET /reload?ser=1611145852080 HTTP/1.1" 200 28 "http://renault.activities.at/" "Mozilla/5.0 (Windows NT 10.0; WOW64; Trident/7.0; rv:11.0) like Gecko"
80.123.225.38 - - [20/Jan/2021:13:31:35 +0100] "GET /reload?ser=1611145895812 HTTP/1.1" 200 28 "http://renault.activities.at/result?searchterm=true&search=Captur" "Mozilla/5.0 (Windows NT 10.0; Win64; x64; rv:84.0) Gecko/20100101 Firefox/84.0"
193.194.132.23 - - [20/Jan/2021:13:31:50 +0100] "GET /reload?ser=1611145909685 HTTP/1.1" 200 28 "http://renault.2web.at/success" "Mozilla/5.0 (Windows NT 10.0; Win64; x64) AppleWebKit/537.36 (KHTML, like Gecko) Chrome/87.0.4280.141 Safari/537.36"
82.135.5.126 - - [20/Jan/2021:13:31:50 +0100] "GET /reload?ser=1611145910430 HTTP/1.1" 200 28 "http://renault.activities.at/10201442?dir=DESC&mode=grid&order=name&limit=15&page=11&cat=10260280" "Mozilla/5.0 (Windows NT 10.0; WOW64; Trident/7.0; rv:11.0) like Gecko"
81.189.133.90 - - [20/Jan/2021:13:31:52 +0100] "GET /reload?ser=1611145912731 HTTP/1.1" 200 28 "http://renault.activities.at/" "Mozilla/5.0 (Windows NT 10.0; WOW64; Trident/7.0; rv:11.0) like Gecko"
80.123.225.38 - - [20/Jan/2021:13:32:36 +0100] "GET /reload?ser=1611145956819 HTTP/1.1" 200 28 "http://renault.activities.at/result?searchterm=true&search=Captur" "Mozilla/5.0 (Windows NT 10.0; Win64; x64; rv:84.0) Gecko/20100101 Firefox/84.0"
82.135.5.126 - - [20/Jan/2021:13:32:51 +0100] "GET /reload?ser=1611145971411 HTTP/1.1" 200 28 "http://renault.activities.at/10201442?dir=DESC&mode=grid&order=name&limit=15&page=11&cat=10260280" "Mozilla/5.0 (Windows NT 10.0; WOW64; Trident/7.0; rv:11.0) like Gecko"
193.194.132.23 - - [20/Jan/2021:13:32:52 +0100] "GET /reload?ser=1611145971687 HTTP/1.1" 200 28 "http://renault.2web.at/success" "Mozilla/5.0 (Windows NT 10.0; Win64; x64) AppleWebKit/537.36 (KHTML, like Gecko) Chrome/87.0.4280.141 Safari/537.36"
81.189.133.90 - - [20/Jan/2021:13:32:53 +0100] "GET /reload?ser=1611145973350 HTTP/1.1" 200 28 "http://renault.activities.at/" "Mozilla/5.0 (Windows NT 10.0; WOW64; Trident/7.0; rv:11.0) like Gecko"
80.123.225.38 - - [20/Jan/2021:13:33:37 +0100] "GET /reload?ser=1611146017790 HTTP/1.1" 200 28 "http://renault.activities.at/result?searchterm=true&search=Captur" "Mozilla/5.0 (Windows NT 10.0; Win64; x64; rv:84.0) Gecko/20100101 Firefox/84.0"
82.135.5.126 - - [20/Jan/2021:13:33:52 +0100] "GET /reload?ser=1611146032434 HTTP/1.1" 200 28 "http://renault.activities.at/10201442?dir=DESC&mode=grid&order=name&limit=15&page=11&cat=10260280" "Mozilla/5.0 (Windows NT 10.0; WOW64; Trident/7.0; rv:11.0) like Gecko"
81.189.133.90 - - [20/Jan/2021:13:33:54 +0100] "GET /reload?ser=1611146033984 HTTP/1.1" 200 28 "http://renault.activities.at/" "Mozilla/5.0 (Windows NT 10.0; WOW64; Trident/7.0; rv:11.0) like Gecko"
193.194.132.23 - - [20/Jan/2021:13:33:54 +0100] "GET /reload?ser=1611146033687 HTTP/1.1" 200 28 "http://renault.2web.at/success" "Mozilla/5.0 (Windows NT 10.0; Win64; x64) AppleWebKit/537.36 (KHTML, like Gecko) Chrome/87.0.4280.141 Safari/537.36"
80.123.225.38 - - [20/Jan/2021:13:34:38 +0100] "GET /reload?ser=1611146078751 HTTP/1.1" 200 28 "http://renault.activities.at/result?searchterm=true&search=Captur" "Mozilla/5.0 (Windows NT 10.0; Win64; x64; rv:84.0) Gecko/20100101 Firefox/84.0"
82.135.5.126 - - [20/Jan/2021:13:34:53 +0100] "GET /reload?ser=1611146093429 HTTP/1.1" 200 28 "http://renault.activities.at/10201442?dir=DESC&mode=grid&order=name&limit=15&page=11&cat=10260280" "Mozilla/5.0 (Windows NT 10.0; WOW64; Trident/7.0; rv:11.0) like Gecko"
81.189.133.90 - - [20/Jan/2021:13:34:54 +0100] "GET /reload?ser=1611146094641 HTTP/1.1" 200 28 "http://renault.activities.at/" "Mozilla/5.0 (Windows NT 10.0; WOW64; Trident/7.0; rv:11.0) like Gecko"
193.194.132.23 - - [20/Jan/2021:13:34:56 +0100] "GET /reload?ser=1611146095687 HTTP/1.1" 200 28 "http://renault.2web.at/success" "Mozilla/5.0 (Windows NT 10.0; Win64; x64) AppleWebKit/537.36 (KHTML, like Gecko) Chrome/87.0.4280.141 Safari/537.36"
80.123.225.38 - - [20/Jan/2021:13:35:39 +0100] "GET /reload?ser=1611146139728 HTTP/1.1" 200 28 "http://renault.activities.at/result?searchterm=true&search=Captur" "Mozilla/5.0 (Windows NT 10.0; Win64; x64; rv:84.0) Gecko/20100101 Firefox/84.0"
82.135.5.126 - - [20/Jan/2021:13:35:54 +0100] "GET /reload?ser=1611146154415 HTTP/1.1" 200 28 "http://renault.activities.at/10201442?dir=DESC&mode=grid&order=name&limit=15&page=11&cat=10260280" "Mozilla/5.0 (Windows NT 10.0; WOW64; Trident/7.0; rv:11.0) like Gecko"
193.194.132.23 - - [20/Jan/2021:13:35:58 +0100] "GET /reload?ser=1611146157687 HTTP/1.1" 200 28 "http://renault.2web.at/success" "Mozilla/5.0 (Windows NT 10.0; Win64; x64) AppleWebKit/537.36 (KHTML, like Gecko) Chrome/87.0.4280.141 Safari/537.36"
80.123.225.38 - - [20/Jan/2021:13:36:40 +0100] "GET /reload?ser=1611146200668 HTTP/1.1" 200 28 "http://renault.activities.at/result?searchterm=true&search=Captur" "Mozilla/5.0 (Windows NT 10.0; Win64; x64; rv:84.0) Gecko/20100101 Firefox/84.0"
82.135.5.126 - - [20/Jan/2021:13:36:55 +0100] "GET /reload?ser=1611146215396 HTTP/1.1" 200 28 "http://renault.activities.at/10201442?dir=DESC&mode=grid&order=name&limit=15&page=11&cat=10260280" "Mozilla/5.0 (Windows NT 10.0; WOW64; Trident/7.0; rv:11.0) like Gecko"
193.194.132.23 - - [20/Jan/2021:13:37:00 +0100] "GET /reload?ser=1611146219689 HTTP/1.1" 200 28 "http://renault.2web.at/success" "Mozilla/5.0 (Windows NT 10.0; Win64; x64) AppleWebKit/537.36 (KHTML, like Gecko) Chrome/87.0.4280.141 Safari/537.36"
80.123.225.38 - - [20/Jan/2021:13:37:41 +0100] "GET /reload?ser=1611146261635 HTTP/1.1" 200 28 "http://renault.activities.at/result?searchterm=true&search=Captur" "Mozilla/5.0 (Windows NT 10.0; Win64; x64; rv:84.0) Gecko/20100101 Firefox/84.0"
82.135.5.126 - - [20/Jan/2021:13:37:56 +0100] "GET /reload?ser=1611146276401 HTTP/1.1" 200 28 "http://renault.activities.at/10201442?dir=DESC&mode=grid&order=name&limit=15&page=11&cat=10260280" "Mozilla/5.0 (Windows NT 10.0; WOW64; Trident/7.0; rv:11.0) like Gecko"
193.194.132.23 - - [20/Jan/2021:13:38:02 +0100] "GET /reload?ser=1611146281740 HTTP/1.1" 200 28 "http://renault.2web.at/success" "Mozilla/5.0 (Windows NT 10.0; Win64; x64) AppleWebKit/537.36 (KHTML, like Gecko) Chrome/87.0.4280.141 Safari/537.36"
80.123.225.38 - - [20/Jan/2021:13:38:42 +0100] "GET /reload?ser=1611146322574 HTTP/1.1" 200 28 "http://renault.activities.at/result?searchterm=true&search=Captur" "Mozilla/5.0 (Windows NT 10.0; Win64; x64; rv:84.0) Gecko/20100101 Firefox/84.0"
82.135.5.126 - - [20/Jan/2021:13:38:57 +0100] "GET /reload?ser=1611146337394 HTTP/1.1" 200 28 "http://renault.activities.at/10201442?dir=DESC&mode=grid&order=name&limit=15&page=11&cat=10260280" "Mozilla/5.0 (Windows NT 10.0; WOW64; Trident/7.0; rv:11.0) like Gecko"
193.194.132.23 - - [20/Jan/2021:13:39:04 +0100] "GET /reload?ser=1611146343701 HTTP/1.1" 200 28 "http://renault.2web.at/success" "Mozilla/5.0 (Windows NT 10.0; Win64; x64) AppleWebKit/537.36 (KHTML, like Gecko) Chrome/87.0.4280.141 Safari/537.36"
80.123.225.38 - - [20/Jan/2021:13:39:43 +0100] "GET /reload?ser=1611146383563 HTTP/1.1" 200 28 "http://renault.activities.at/result?searchterm=true&search=Captur" "Mozilla/5.0 (Windows NT 10.0; Win64; x64; rv:84.0) Gecko/20100101 Firefox/84.0"
82.135.5.126 - - [20/Jan/2021:13:39:58 +0100] "GET /reload?ser=1611146398383 HTTP/1.1" 200 28 "http://renault.activities.at/10201442?dir=DESC&mode=grid&order=name&limit=15&page=11&cat=10260280" "Mozilla/5.0 (Windows NT 10.0; WOW64; Trident/7.0; rv:11.0) like Gecko"
193.194.132.23 - - [20/Jan/2021:13:40:06 +0100] "GET /reload?ser=1611146405708 HTTP/1.1" 200 28 "http://renault.2web.at/success" "Mozilla/5.0 (Windows NT 10.0; Win64; x64) AppleWebKit/537.36 (KHTML, like Gecko) Chrome/87.0.4280.141 Safari/537.36"
80.123.225.38 - - [20/Jan/2021:13:40:44 +0100] "GET /reload?ser=1611146444508 HTTP/1.1" 200 28 "http://renault.activities.at/result?searchterm=true&search=Captur" "Mozilla/5.0 (Windows NT 10.0; Win64; x64; rv:84.0) Gecko/20100101 Firefox/84.0"
82.135.5.126 - - [20/Jan/2021:13:40:59 +0100] "GET /reload?ser=1611146459335 HTTP/1.1" 200 28 "http://renault.activities.at/10201442?dir=DESC&mode=grid&order=name&limit=15&page=11&cat=10260280" "Mozilla/5.0 (Windows NT 10.0; WOW64; Trident/7.0; rv:11.0) like Gecko"
193.194.132.23 - - [20/Jan/2021:13:41:08 +0100] "GET /reload?ser=1611146467721 HTTP/1.1" 200 28 "http://renault.2web.at/success" "Mozilla/5.0 (Windows NT 10.0; Win64; x64) AppleWebKit/537.36 (KHTML, like Gecko) Chrome/87.0.4280.141 Safari/537.36"
80.123.225.38 - - [20/Jan/2021:13:41:45 +0100] "GET /reload?ser=1611146505490 HTTP/1.1" 200 28 "http://renault.activities.at/result?searchterm=true&search=Captur" "Mozilla/5.0 (Windows NT 10.0; Win64; x64; rv:84.0) Gecko/20100101 Firefox/84.0"
82.135.5.126 - - [20/Jan/2021:13:42:00 +0100] "GET /reload?ser=1611146520336 HTTP/1.1" 200 28 "http://renault.activities.at/10201442?dir=DESC&mode=grid&order=name&limit=15&page=11&cat=10260280" "Mozilla/5.0 (Windows NT 10.0; WOW64; Trident/7.0; rv:11.0) like Gecko"
193.194.132.23 - - [20/Jan/2021:13:42:10 +0100] "GET /reload?ser=1611146529732 HTTP/1.1" 200 28 "http://renault.2web.at/success" "Mozilla/5.0 (Windows NT 10.0; Win64; x64) AppleWebKit/537.36 (KHTML, like Gecko) Chrome/87.0.4280.141 Safari/537.36"
80.123.225.38 - - [20/Jan/2021:13:42:46 +0100] "GET /reload?ser=1611146566487 HTTP/1.1" 200 28 "http://renault.activities.at/result?searchterm=true&search=Captur" "Mozilla/5.0 (Windows NT 10.0; Win64; x64; rv:84.0) Gecko/20100101 Firefox/84.0"
82.135.5.126 - - [20/Jan/2021:13:43:01 +0100] "GET /reload?ser=1611146581332 HTTP/1.1" 200 28 "http://renault.activities.at/10201442?dir=DESC&mode=grid&order=name&limit=15&page=11&cat=10260280" "Mozilla/5.0 (Windows NT 10.0; WOW64; Trident/7.0; rv:11.0) like Gecko"
193.194.132.23 - - [20/Jan/2021:13:43:12 +0100] "GET /reload?ser=1611146591725 HTTP/1.1" 200 28 "http://renault.2web.at/success" "Mozilla/5.0 (Windows NT 10.0; Win64; x64) AppleWebKit/537.36 (KHTML, like Gecko) Chrome/87.0.4280.141 Safari/537.36"
80.123.225.38 - - [20/Jan/2021:13:43:47 +0100] "GET /reload?ser=1611146627444 HTTP/1.1" 200 28 "http://renault.activities.at/result?searchterm=true&search=Captur" "Mozilla/5.0 (Windows NT 10.0; Win64; x64; rv:84.0) Gecko/20100101 Firefox/84.0"
82.135.5.126 - - [20/Jan/2021:13:44:02 +0100] "GET /reload?ser=1611146642306 HTTP/1.1" 200 28 "http://renault.activities.at/10201442?dir=DESC&mode=grid&order=name&limit=15&page=11&cat=10260280" "Mozilla/5.0 (Windows NT 10.0; WOW64; Trident/7.0; rv:11.0) like Gecko"
193.194.132.23 - - [20/Jan/2021:13:44:14 +0100] "GET /reload?ser=1611146653730 HTTP/1.1" 200 28 "http://renault.2web.at/success" "Mozilla/5.0 (Windows NT 10.0; Win64; x64) AppleWebKit/537.36 (KHTML, like Gecko) Chrome/87.0.4280.141 Safari/537.36"
80.123.225.38 - - [20/Jan/2021:13:44:48 +0100] "GET /reload?ser=1611146688381 HTTP/1.1" 200 28 "http://renault.activities.at/result?searchterm=true&search=Captur" "Mozilla/5.0 (Windows NT 10.0; Win64; x64; rv:84.0) Gecko/20100101 Firefox/84.0"
82.135.5.126 - - [20/Jan/2021:13:45:03 +0100] "GET /reload?ser=1611146703299 HTTP/1.1" 200 28 "http://renault.activities.at/10201442?dir=DESC&mode=grid&order=name&limit=15&page=11&cat=10260280" "Mozilla/5.0 (Windows NT 10.0; WOW64; Trident/7.0; rv:11.0) like Gecko"
193.194.132.23 - - [20/Jan/2021:13:45:16 +0100] "GET /reload?ser=1611146715735 HTTP/1.1" 200 28 "http://renault.2web.at/success" "Mozilla/5.0 (Windows NT 10.0; Win64; x64) AppleWebKit/537.36 (KHTML, like Gecko) Chrome/87.0.4280.141 Safari/537.36"
80.123.225.38 - - [20/Jan/2021:13:45:49 +0100] "GET /reload?ser=1611146749396 HTTP/1.1" 200 28 "http://renault.activities.at/result?searchterm=true&search=Captur" "Mozilla/5.0 (Windows NT 10.0; Win64; x64; rv:84.0) Gecko/20100101 Firefox/84.0"
82.135.5.126 - - [20/Jan/2021:13:46:04 +0100] "GET /reload?ser=1611146764275 HTTP/1.1" 200 28 "http://renault.activities.at/10201442?dir=DESC&mode=grid&order=name&limit=15&page=11&cat=10260280" "Mozilla/5.0 (Windows NT 10.0; WOW64; Trident/7.0; rv:11.0) like Gecko"
193.194.132.23 - - [20/Jan/2021:13:46:18 +0100] "GET /reload?ser=1611146777826 HTTP/1.1" 200 28 "http://renault.2web.at/success" "Mozilla/5.0 (Windows NT 10.0; Win64; x64) AppleWebKit/537.36 (KHTML, like Gecko) Chrome/87.0.4280.141 Safari/537.36"
80.123.225.38 - - [20/Jan/2021:13:46:50 +0100] "GET /reload?ser=1611146810352 HTTP/1.1" 200 28 "http://renault.activities.at/result?searchterm=true&search=Captur" "Mozilla/5.0 (Windows NT 10.0; Win64; x64; rv:84.0) Gecko/20100101 Firefox/84.0"
82.135.5.126 - - [20/Jan/2021:13:47:05 +0100] "GET /reload?ser=1611146825268 HTTP/1.1" 200 28 "http://renault.activities.at/10201442?dir=DESC&mode=grid&order=name&limit=15&page=11&cat=10260280" "Mozilla/5.0 (Windows NT 10.0; WOW64; Trident/7.0; rv:11.0) like Gecko"
193.194.132.23 - - [20/Jan/2021:13:47:20 +0100] "GET /reload?ser=1611146839742 HTTP/1.1" 200 28 "http://renault.2web.at/success" "Mozilla/5.0 (Windows NT 10.0; Win64; x64) AppleWebKit/537.36 (KHTML, like Gecko) Chrome/87.0.4280.141 Safari/537.36"
80.123.225.38 - - [20/Jan/2021:13:47:51 +0100] "GET /reload?ser=1611146871343 HTTP/1.1" 200 28 "http://renault.activities.at/result?searchterm=true&search=Captur" "Mozilla/5.0 (Windows NT 10.0; Win64; x64; rv:84.0) Gecko/20100101 Firefox/84.0"
82.135.5.126 - - [20/Jan/2021:13:48:06 +0100] "GET /reload?ser=1611146886280 HTTP/1.1" 200 28 "http://renault.activities.at/10201442?dir=DESC&mode=grid&order=name&limit=15&page=11&cat=10260280" "Mozilla/5.0 (Windows NT 10.0; WOW64; Trident/7.0; rv:11.0) like Gecko"
193.194.132.23 - - [20/Jan/2021:13:48:22 +0100] "GET /reload?ser=1611146901748 HTTP/1.1" 200 28 "http://renault.2web.at/success" "Mozilla/5.0 (Windows NT 10.0; Win64; x64) AppleWebKit/537.36 (KHTML, like Gecko) Chrome/87.0.4280.141 Safari/537.36"
88.116.39.222 - - [20/Jan/2021:13:48:46 +0100] "GET / HTTP/1.1" 200 3273 "-" "Mozilla/5.0 (Windows NT 10.0; Win64; x64) AppleWebKit/537.36 (KHTML, like Gecko) Chrome/87.0.4280.141 Safari/537.36"
88.116.39.222 - - [20/Jan/2021:13:48:47 +0100] "GET /js/default.js HTTP/1.1" 200 14698 "http://renault.activities.at/" "Mozilla/5.0 (Windows NT 10.0; Win64; x64) AppleWebKit/537.36 (KHTML, like Gecko) Chrome/87.0.4280.141 Safari/537.36"
88.116.39.222 - - [20/Jan/2021:13:48:47 +0100] "GET /css/reset.css HTTP/1.1" 200 1356 "http://renault.activities.at/" "Mozilla/5.0 (Windows NT 10.0; Win64; x64) AppleWebKit/537.36 (KHTML, like Gecko) Chrome/87.0.4280.141 Safari/537.36"
88.116.39.222 - - [20/Jan/2021:13:48:47 +0100] "GET /css/styles.css HTTP/1.1" 200 14664 "http://renault.activities.at/" "Mozilla/5.0 (Windows NT 10.0; Win64; x64) AppleWebKit/537.36 (KHTML, like Gecko) Chrome/87.0.4280.141 Safari/537.36"
88.116.39.222 - - [20/Jan/2021:13:48:47 +0100] "GET /css/clears.css HTTP/1.1" 200 851 "http://renault.activities.at/" "Mozilla/5.0 (Windows NT 10.0; Win64; x64) AppleWebKit/537.36 (KHTML, like Gecko) Chrome/87.0.4280.141 Safari/537.36"
88.116.39.222 - - [20/Jan/2021:13:48:47 +0100] "GET /js/checkout.css HTTP/1.1" 200 359 "http://renault.activities.at/" "Mozilla/5.0 (Windows NT 10.0; Win64; x64) AppleWebKit/537.36 (KHTML, like Gecko) Chrome/87.0.4280.141 Safari/537.36"
88.116.39.222 - - [20/Jan/2021:13:48:47 +0100] "GET /css/prototip.css HTTP/1.1" 200 968 "http://renault.activities.at/" "Mozilla/5.0 (Windows NT 10.0; Win64; x64) AppleWebKit/537.36 (KHTML, like Gecko) Chrome/87.0.4280.141 Safari/537.36"
88.116.39.222 - - [20/Jan/2021:13:48:47 +0100] "GET /css/themes/default.css HTTP/1.1" 200 769 "http://renault.activities.at/" "Mozilla/5.0 (Windows NT 10.0; Win64; x64) AppleWebKit/537.36 (KHTML, like Gecko) Chrome/87.0.4280.141 Safari/537.36"
88.116.39.222 - - [20/Jan/2021:13:48:47 +0100] "GET /css/themes/alphacube.css HTTP/1.1" 200 743 "http://renault.activities.at/" "Mozilla/5.0 (Windows NT 10.0; Win64; x64) AppleWebKit/537.36 (KHTML, like Gecko) Chrome/87.0.4280.141 Safari/537.36"
88.116.39.222 - - [20/Jan/2021:13:48:47 +0100] "GET /js/flashdetection.js HTTP/1.1" 200 1059 "http://renault.activities.at/" "Mozilla/5.0 (Windows NT 10.0; Win64; x64) AppleWebKit/537.36 (KHTML, like Gecko) Chrome/87.0.4280.141 Safari/537.36"
88.116.39.222 - - [20/Jan/2021:13:48:47 +0100] "GET /js/index.php?c=auto&f=,prototype/prototype.js,prototype/validation.js,scriptaculous/builder.js,scriptaculous/effects.js,scriptaculous/dragdrop.js,scriptaculous/controls.js,scriptaculous/slider.js,varien/js.js,varien/form.js,varien/menu.js,mage/translate.js,mage/cookies.js,varien/product.js,spinner/SpinnerControl.jsmin.js,prototype/window.js,prototype/window_ext.js HTTP/1.1" 200 94182 "http://renault.activities.at/" "Mozilla/5.0 (Windows NT 10.0; Win64; x64) AppleWebKit/537.36 (KHTML, like Gecko) Chrome/87.0.4280.141 Safari/537.36"
88.116.39.222 - - [20/Jan/2021:13:48:47 +0100] "GET /images/main_block_border.gif HTTP/1.1" 200 43 "http://renault.activities.at/css/styles.css" "Mozilla/5.0 (Windows NT 10.0; Win64; x64) AppleWebKit/537.36 (KHTML, like Gecko) Chrome/87.0.4280.141 Safari/537.36"
88.116.39.222 - - [20/Jan/2021:13:48:47 +0100] "GET /images/main_block_corner_left_bot.gif HTTP/1.1" 200 159 "http://renault.activities.at/css/styles.css" "Mozilla/5.0 (Windows NT 10.0; Win64; x64) AppleWebKit/537.36 (KHTML, like Gecko) Chrome/87.0.4280.141 Safari/537.36"
88.116.39.222 - - [20/Jan/2021:13:48:47 +0100] "GET /images/main_block_corner_right_bot.gif HTTP/1.1" 200 158 "http://renault.activities.at/css/styles.css" "Mozilla/5.0 (Windows NT 10.0; Win64; x64) AppleWebKit/537.36 (KHTML, like Gecko) Chrome/87.0.4280.141 Safari/537.36"
88.116.39.222 - - [20/Jan/2021:13:48:47 +0100] "GET /images/header_block_border.gif HTTP/1.1" 200 43 "http://renault.activities.at/css/styles.css" "Mozilla/5.0 (Windows NT 10.0; Win64; x64) AppleWebKit/537.36 (KHTML, like Gecko) Chrome/87.0.4280.141 Safari/537.36"
88.116.39.222 - - [20/Jan/2021:13:48:47 +0100] "GET /images/header_block_corner_left_top.gif HTTP/1.1" 200 160 "http://renault.activities.at/css/styles.css" "Mozilla/5.0 (Windows NT 10.0; Win64; x64) AppleWebKit/537.36 (KHTML, like Gecko) Chrome/87.0.4280.141 Safari/537.36"
88.116.39.222 - - [20/Jan/2021:13:48:47 +0100] "GET /css/print.css HTTP/1.1" 200 543 "http://renault.activities.at/" "Mozilla/5.0 (Windows NT 10.0; Win64; x64) AppleWebKit/537.36 (KHTML, like Gecko) Chrome/87.0.4280.141 Safari/537.36"
88.116.39.222 - - [20/Jan/2021:13:48:47 +0100] "GET /images/title_border.jpg HTTP/1.1" 200 304 "http://renault.activities.at/css/styles.css" "Mozilla/5.0 (Windows NT 10.0; Win64; x64) AppleWebKit/537.36 (KHTML, like Gecko) Chrome/87.0.4280.141 Safari/537.36"
88.116.39.222 - - [20/Jan/2021:13:48:47 +0100] "GET /images/title_corner_left_top.jpg HTTP/1.1" 200 372 "http://renault.activities.at/css/styles.css" "Mozilla/5.0 (Windows NT 10.0; Win64; x64) AppleWebKit/537.36 (KHTML, like Gecko) Chrome/87.0.4280.141 Safari/537.36"
88.116.39.222 - - [20/Jan/2021:13:48:47 +0100] "GET /images/title_border_top.jpg HTTP/1.1" 200 336 "http://renault.activities.at/css/styles.css" "Mozilla/5.0 (Windows NT 10.0; Win64; x64) AppleWebKit/537.36 (KHTML, like Gecko) Chrome/87.0.4280.141 Safari/537.36"
88.116.39.222 - - [20/Jan/2021:13:48:47 +0100] "GET /images/title_corner_right_top.jpg HTTP/1.1" 200 389 "http://renault.activities.at/css/styles.css" "Mozilla/5.0 (Windows NT 10.0; Win64; x64) AppleWebKit/537.36 (KHTML, like Gecko) Chrome/87.0.4280.141 Safari/537.36"
88.116.39.222 - - [20/Jan/2021:13:48:47 +0100] "GET /images/header_block_corner_right_top.gif HTTP/1.1" 200 160 "http://renault.activities.at/css/styles.css" "Mozilla/5.0 (Windows NT 10.0; Win64; x64) AppleWebKit/537.36 (KHTML, like Gecko) Chrome/87.0.4280.141 Safari/537.36"
88.116.39.222 - - [20/Jan/2021:13:48:48 +0100] "GET /images/main_block_corner_left_top.gif HTTP/1.1" 200 159 "http://renault.activities.at/css/styles.css" "Mozilla/5.0 (Windows NT 10.0; Win64; x64) AppleWebKit/537.36 (KHTML, like Gecko) Chrome/87.0.4280.141 Safari/537.36"
88.116.39.222 - - [20/Jan/2021:13:48:48 +0100] "GET /images/main_block_corner_right_top.gif HTTP/1.1" 200 159 "http://renault.activities.at/css/styles.css" "Mozilla/5.0 (Windows NT 10.0; Win64; x64) AppleWebKit/537.36 (KHTML, like Gecko) Chrome/87.0.4280.141 Safari/537.36"
88.116.39.222 - - [20/Jan/2021:13:48:47 +0100] "GET /loadthumbnail.php?id=11127982 HTTP/1.1" 200 399614 "http://renault.activities.at/" "Mozilla/5.0 (Windows NT 10.0; Win64; x64) AppleWebKit/537.36 (KHTML, like Gecko) Chrome/87.0.4280.141 Safari/537.36"
88.116.39.222 - - [20/Jan/2021:13:48:48 +0100] "GET /images/favicon.ico HTTP/1.1" 404 305 "http://renault.activities.at/" "Mozilla/5.0 (Windows NT 10.0; Win64; x64) AppleWebKit/537.36 (KHTML, like Gecko) Chrome/87.0.4280.141 Safari/537.36"
88.116.39.222 - - [20/Jan/2021:13:48:52 +0100] "GET /login HTTP/1.1" 200 2085 "http://renault.activities.at/" "Mozilla/5.0 (Windows NT 10.0; Win64; x64) AppleWebKit/537.36 (KHTML, like Gecko) Chrome/87.0.4280.141 Safari/537.36"
88.116.39.222 - - [20/Jan/2021:13:48:53 +0100] "GET /images/button_left_bg.gif HTTP/1.1" 200 564 "http://renault.activities.at/css/styles.css" "Mozilla/5.0 (Windows NT 10.0; Win64; x64) AppleWebKit/537.36 (KHTML, like Gecko) Chrome/87.0.4280.141 Safari/537.36"
88.116.39.222 - - [20/Jan/2021:13:48:53 +0100] "GET /images/button_right_bg.gif HTTP/1.1" 200 561 "http://renault.activities.at/css/styles.css" "Mozilla/5.0 (Windows NT 10.0; Win64; x64) AppleWebKit/537.36 (KHTML, like Gecko) Chrome/87.0.4280.141 Safari/537.36"
88.116.39.222 - - [20/Jan/2021:13:48:53 +0100] "GET /images/button_bg.gif HTTP/1.1" 200 151 "http://renault.activities.at/css/styles.css" "Mozilla/5.0 (Windows NT 10.0; Win64; x64) AppleWebKit/537.36 (KHTML, like Gecko) Chrome/87.0.4280.141 Safari/537.36"
80.123.225.38 - - [20/Jan/2021:13:48:52 +0100] "GET /reload?ser=1611146932276 HTTP/1.1" 200 28 "http://renault.activities.at/result?searchterm=true&search=Captur" "Mozilla/5.0 (Windows NT 10.0; Win64; x64; rv:84.0) Gecko/20100101 Firefox/84.0"
82.135.5.126 - - [20/Jan/2021:13:49:07 +0100] "GET /reload?ser=1611146947242 HTTP/1.1" 200 28 "http://renault.activities.at/10201442?dir=DESC&mode=grid&order=name&limit=15&page=11&cat=10260280" "Mozilla/5.0 (Windows NT 10.0; WOW64; Trident/7.0; rv:11.0) like Gecko"
193.194.132.23 - - [20/Jan/2021:13:49:24 +0100] "GET /reload?ser=1611146963752 HTTP/1.1" 200 28 "http://renault.2web.at/success" "Mozilla/5.0 (Windows NT 10.0; Win64; x64) AppleWebKit/537.36 (KHTML, like Gecko) Chrome/87.0.4280.141 Safari/537.36"
88.116.39.222 - - [20/Jan/2021:13:49:26 +0100] "POST /login HTTP/1.1" 302 140 "http://renault.activities.at/login" "Mozilla/5.0 (Windows NT 10.0; Win64; x64) AppleWebKit/537.36 (KHTML, like Gecko) Chrome/87.0.4280.141 Safari/537.36"
88.116.39.222 - - [20/Jan/2021:13:49:28 +0100] "GET /account HTTP/1.1" 200 5888 "http://renault.activities.at/login" "Mozilla/5.0 (Windows NT 10.0; Win64; x64) AppleWebKit/537.36 (KHTML, like Gecko) Chrome/87.0.4280.141 Safari/537.36"
88.116.39.222 - - [20/Jan/2021:13:49:31 +0100] "GET /js/account.js HTTP/1.1" 200 953 "http://renault.activities.at/account" "Mozilla/5.0 (Windows NT 10.0; Win64; x64) AppleWebKit/537.36 (KHTML, like Gecko) Chrome/87.0.4280.141 Safari/537.36"
88.116.39.222 - - [20/Jan/2021:13:49:31 +0100] "GET /images/top_links_divider.gif HTTP/1.1" 200 44 "http://renault.activities.at/css/styles.css" "Mozilla/5.0 (Windows NT 10.0; Win64; x64) AppleWebKit/537.36 (KHTML, like Gecko) Chrome/87.0.4280.141 Safari/537.36"
88.116.39.222 - - [20/Jan/2021:13:49:31 +0100] "GET /images/menu_button_bg.jpg HTTP/1.1" 200 322 "http://renault.activities.at/css/styles.css" "Mozilla/5.0 (Windows NT 10.0; Win64; x64) AppleWebKit/537.36 (KHTML, like Gecko) Chrome/87.0.4280.141 Safari/537.36"
88.116.39.222 - - [20/Jan/2021:13:49:31 +0100] "GET /images/nav_divider.gif HTTP/1.1" 200 43 "http://renault.activities.at/css/styles.css" "Mozilla/5.0 (Windows NT 10.0; Win64; x64) AppleWebKit/537.36 (KHTML, like Gecko) Chrome/87.0.4280.141 Safari/537.36"
88.116.39.222 - - [20/Jan/2021:13:49:31 +0100] "GET /images/menu_divider.gif HTTP/1.1" 200 176 "http://renault.activities.at/css/styles.css" "Mozilla/5.0 (Windows NT 10.0; Win64; x64) AppleWebKit/537.36 (KHTML, like Gecko) Chrome/87.0.4280.141 Safari/537.36"
88.116.39.222 - - [20/Jan/2021:13:49:31 +0100] "GET /images/search_bg.gif HTTP/1.1" 200 1726 "http://renault.activities.at/css/styles.css" "Mozilla/5.0 (Windows NT 10.0; Win64; x64) AppleWebKit/537.36 (KHTML, like Gecko) Chrome/87.0.4280.141 Safari/537.36"
88.116.39.222 - - [20/Jan/2021:13:49:31 +0100] "GET /images/sidebar_title_border.gif HTTP/1.1" 200 43 "http://renault.activities.at/css/styles.css" "Mozilla/5.0 (Windows NT 10.0; Win64; x64) AppleWebKit/537.36 (KHTML, like Gecko) Chrome/87.0.4280.141 Safari/537.36"
88.116.39.222 - - [20/Jan/2021:13:49:31 +0100] "GET /images/sidebar_title_corner_right_top.gif HTTP/1.1" 200 383 "http://renault.activities.at/css/styles.css" "Mozilla/5.0 (Windows NT 10.0; Win64; x64) AppleWebKit/537.36 (KHTML, like Gecko) Chrome/87.0.4280.141 Safari/537.36"
88.116.39.222 - - [20/Jan/2021:13:49:31 +0100] "GET /loadthumbnail.php?id=11459824&width=50&height=50 HTTP/1.1" 200 805 "http://renault.activities.at/account" "Mozilla/5.0 (Windows NT 10.0; Win64; x64) AppleWebKit/537.36 (KHTML, like Gecko) Chrome/87.0.4280.141 Safari/537.36"
88.116.39.222 - - [20/Jan/2021:13:49:31 +0100] "GET /images/sidebar_title_corner_left_top.gif HTTP/1.1" 200 1124 "http://renault.activities.at/css/styles.css" "Mozilla/5.0 (Windows NT 10.0; Win64; x64) AppleWebKit/537.36 (KHTML, like Gecko) Chrome/87.0.4280.141 Safari/537.36"
88.116.39.222 - - [20/Jan/2021:13:49:31 +0100] "GET /images/sidebar_title_border_top.gif HTTP/1.1" 200 155 "http://renault.activities.at/css/styles.css" "Mozilla/5.0 (Windows NT 10.0; Win64; x64) AppleWebKit/537.36 (KHTML, like Gecko) Chrome/87.0.4280.141 Safari/537.36"
88.116.39.222 - - [20/Jan/2021:13:49:31 +0100] "GET /images/footer_divider.gif HTTP/1.1" 200 44 "http://renault.activities.at/css/styles.css" "Mozilla/5.0 (Windows NT 10.0; Win64; x64) AppleWebKit/537.36 (KHTML, like Gecko) Chrome/87.0.4280.141 Safari/537.36"
88.116.39.222 - - [20/Jan/2021:13:49:43 +0100] "GET /10260009 HTTP/1.1" 200 8706 "http://renault.activities.at/account" "Mozilla/5.0 (Windows NT 10.0; Win64; x64) AppleWebKit/537.36 (KHTML, like Gecko) Chrome/87.0.4280.141 Safari/537.36"
88.116.39.222 - - [20/Jan/2021:13:49:46 +0100] "GET /js/prototip.js HTTP/1.1" 200 4588 "http://renault.activities.at/10260009" "Mozilla/5.0 (Windows NT 10.0; Win64; x64) AppleWebKit/537.36 (KHTML, like Gecko) Chrome/87.0.4280.141 Safari/537.36"
88.116.39.222 - - [20/Jan/2021:13:49:46 +0100] "GET /js/ProduktGrp.js HTTP/1.1" 200 1569 "http://renault.activities.at/10260009" "Mozilla/5.0 (Windows NT 10.0; Win64; x64) AppleWebKit/537.36 (KHTML, like Gecko) Chrome/87.0.4280.141 Safari/537.36"
88.116.39.222 - - [20/Jan/2021:13:49:46 +0100] "GET /images/loading.gif HTTP/1.1" 200 3208 "http://renault.activities.at/10260009" "Mozilla/5.0 (Windows NT 10.0; Win64; x64) AppleWebKit/537.36 (KHTML, like Gecko) Chrome/87.0.4280.141 Safari/537.36"
88.116.39.222 - - [20/Jan/2021:13:49:46 +0100] "GET /images/vista-up.gif HTTP/1.1" 200 131 "http://renault.activities.at/css/styles.css" "Mozilla/5.0 (Windows NT 10.0; Win64; x64) AppleWebKit/537.36 (KHTML, like Gecko) Chrome/87.0.4280.141 Safari/537.36"
88.116.39.222 - - [20/Jan/2021:13:49:46 +0100] "GET /images/pager_bg.gif HTTP/1.1" 200 150 "http://renault.activities.at/css/styles.css" "Mozilla/5.0 (Windows NT 10.0; Win64; x64) AppleWebKit/537.36 (KHTML, like Gecko) Chrome/87.0.4280.141 Safari/537.36"
88.116.39.222 - - [20/Jan/2021:13:49:46 +0100] "GET /images/vista-dn.gif HTTP/1.1" 200 128 "http://renault.activities.at/css/styles.css" "Mozilla/5.0 (Windows NT 10.0; Win64; x64) AppleWebKit/537.36 (KHTML, like Gecko) Chrome/87.0.4280.141 Safari/537.36"
88.116.39.222 - - [20/Jan/2021:13:49:46 +0100] "GET /loadthumbnail.php?id=12115542&width=113 HTTP/1.1" 200 6084 "http://renault.activities.at/10260009" "Mozilla/5.0 (Windows NT 10.0; Win64; x64) AppleWebKit/537.36 (KHTML, like Gecko) Chrome/87.0.4280.141 Safari/537.36"
88.116.39.222 - - [20/Jan/2021:13:49:46 +0100] "GET /loadthumbnail.php?id=10203255 HTTP/1.1" 200 137 "http://renault.activities.at/10260009" "Mozilla/5.0 (Windows NT 10.0; Win64; x64) AppleWebKit/537.36 (KHTML, like Gecko) Chrome/87.0.4280.141 Safari/537.36"
88.116.39.222 - - [20/Jan/2021:13:49:46 +0100] "GET /loadthumbnail.php?id=12064387&width=113 HTTP/1.1" 200 3233 "http://renault.activities.at/10260009" "Mozilla/5.0 (Windows NT 10.0; Win64; x64) AppleWebKit/537.36 (KHTML, like Gecko) Chrome/87.0.4280.141 Safari/537.36"
88.116.39.222 - - [20/Jan/2021:13:49:46 +0100] "GET /loadthumbnail.php?id=12064393&width=113 HTTP/1.1" 200 2870 "http://renault.activities.at/10260009" "Mozilla/5.0 (Windows NT 10.0; Win64; x64) AppleWebKit/537.36 (KHTML, like Gecko) Chrome/87.0.4280.141 Safari/537.36"
88.116.39.222 - - [20/Jan/2021:13:49:47 +0100] "GET /loadthumbnail.php?id=12130670&width=113 HTTP/1.1" 200 8989 "http://renault.activities.at/10260009" "Mozilla/5.0 (Windows NT 10.0; Win64; x64) AppleWebKit/537.36 (KHTML, like Gecko) Chrome/87.0.4280.141 Safari/537.36"
88.116.39.222 - - [20/Jan/2021:13:49:47 +0100] "GET /loadthumbnail.php?id=12130660&width=113 HTTP/1.1" 200 9098 "http://renault.activities.at/10260009" "Mozilla/5.0 (Windows NT 10.0; Win64; x64) AppleWebKit/537.36 (KHTML, like Gecko) Chrome/87.0.4280.141 Safari/537.36"
88.116.39.222 - - [20/Jan/2021:13:49:47 +0100] "GET /loadthumbnail.php?id=12197903&width=113 HTTP/1.1" 200 30608 "http://renault.activities.at/10260009" "Mozilla/5.0 (Windows NT 10.0; Win64; x64) AppleWebKit/537.36 (KHTML, like Gecko) Chrome/87.0.4280.141 Safari/537.36"
88.116.39.222 - - [20/Jan/2021:13:49:47 +0100] "GET /loadthumbnail.php?id=11146700&width=113 HTTP/1.1" 200 1415 "http://renault.activities.at/10260009" "Mozilla/5.0 (Windows NT 10.0; Win64; x64) AppleWebKit/537.36 (KHTML, like Gecko) Chrome/87.0.4280.141 Safari/537.36"
88.116.39.222 - - [20/Jan/2021:13:49:47 +0100] "GET /loadthumbnail.php?id=11094463&width=113 HTTP/1.1" 200 2237 "http://renault.activities.at/10260009" "Mozilla/5.0 (Windows NT 10.0; Win64; x64) AppleWebKit/537.36 (KHTML, like Gecko) Chrome/87.0.4280.141 Safari/537.36"
88.116.39.222 - - [20/Jan/2021:13:49:47 +0100] "GET /loadthumbnail.php?id=12230318&width=113 HTTP/1.1" 200 2255 "http://renault.activities.at/10260009" "Mozilla/5.0 (Windows NT 10.0; Win64; x64) AppleWebKit/537.36 (KHTML, like Gecko) Chrome/87.0.4280.141 Safari/537.36"
88.116.39.222 - - [20/Jan/2021:13:49:47 +0100] "GET /loadthumbnail.php?id=12255478&width=113 HTTP/1.1" 200 19353 "http://renault.activities.at/10260009" "Mozilla/5.0 (Windows NT 10.0; Win64; x64) AppleWebKit/537.36 (KHTML, like Gecko) Chrome/87.0.4280.141 Safari/537.36"
88.116.39.222 - - [20/Jan/2021:13:49:47 +0100] "GET /loadthumbnail.php?id=11877752&width=113 HTTP/1.1" 200 41752 "http://renault.activities.at/10260009" "Mozilla/5.0 (Windows NT 10.0; Win64; x64) AppleWebKit/537.36 (KHTML, like Gecko) Chrome/87.0.4280.141 Safari/537.36"
88.116.39.222 - - [20/Jan/2021:13:49:47 +0100] "GET /loadthumbnail.php?id=12140010&width=113 HTTP/1.1" 200 28414 "http://renault.activities.at/10260009" "Mozilla/5.0 (Windows NT 10.0; Win64; x64) AppleWebKit/537.36 (KHTML, like Gecko) Chrome/87.0.4280.141 Safari/537.36"
88.116.39.222 - - [20/Jan/2021:13:49:47 +0100] "GET /loadthumbnail.php?id=12139710&width=113 HTTP/1.1" 200 34483 "http://renault.activities.at/10260009" "Mozilla/5.0 (Windows NT 10.0; Win64; x64) AppleWebKit/537.36 (KHTML, like Gecko) Chrome/87.0.4280.141 Safari/537.36"
88.116.39.222 - - [20/Jan/2021:13:49:47 +0100] "GET /loadthumbnail.php?id=10633817&width=113 HTTP/1.1" 200 2614 "http://renault.activities.at/10260009" "Mozilla/5.0 (Windows NT 10.0; Win64; x64) AppleWebKit/537.36 (KHTML, like Gecko) Chrome/87.0.4280.141 Safari/537.36"
88.116.39.222 - - [20/Jan/2021:13:49:47 +0100] "GET /loadthumbnail.php?id=12010095&width=113 HTTP/1.1" 200 20832 "http://renault.activities.at/10260009" "Mozilla/5.0 (Windows NT 10.0; Win64; x64) AppleWebKit/537.36 (KHTML, like Gecko) Chrome/87.0.4280.141 Safari/537.36"
80.123.225.38 - - [20/Jan/2021:13:49:53 +0100] "GET /reload?ser=1611146993241 HTTP/1.1" 200 28 "http://renault.activities.at/result?searchterm=true&search=Captur" "Mozilla/5.0 (Windows NT 10.0; Win64; x64; rv:84.0) Gecko/20100101 Firefox/84.0"
82.135.5.126 - - [20/Jan/2021:13:50:08 +0100] "GET /reload?ser=1611147008208 HTTP/1.1" 200 28 "http://renault.activities.at/10201442?dir=DESC&mode=grid&order=name&limit=15&page=11&cat=10260280" "Mozilla/5.0 (Windows NT 10.0; WOW64; Trident/7.0; rv:11.0) like Gecko"
88.116.39.222 - - [20/Jan/2021:13:50:14 +0100] "GET /10260273 HTTP/1.1" 200 8723 "http://renault.activities.at/10260009" "Mozilla/5.0 (Windows NT 10.0; Win64; x64) AppleWebKit/537.36 (KHTML, like Gecko) Chrome/87.0.4280.141 Safari/537.36"
88.116.39.222 - - [20/Jan/2021:13:50:17 +0100] "GET /loadthumbnail.php?id=10203276 HTTP/1.1" 200 75 "http://renault.activities.at/10260273" "Mozilla/5.0 (Windows NT 10.0; Win64; x64) AppleWebKit/537.36 (KHTML, like Gecko) Chrome/87.0.4280.141 Safari/537.36"
88.116.39.222 - - [20/Jan/2021:13:50:17 +0100] "GET /loadthumbnail.php?id=12273108&width=113 HTTP/1.1" 200 3033 "http://renault.activities.at/10260273" "Mozilla/5.0 (Windows NT 10.0; Win64; x64) AppleWebKit/537.36 (KHTML, like Gecko) Chrome/87.0.4280.141 Safari/537.36"
88.116.39.222 - - [20/Jan/2021:13:50:17 +0100] "GET /loadthumbnail.php?id=12276317&width=113 HTTP/1.1" 200 2783 "http://renault.activities.at/10260273" "Mozilla/5.0 (Windows NT 10.0; Win64; x64) AppleWebKit/537.36 (KHTML, like Gecko) Chrome/87.0.4280.141 Safari/537.36"
88.116.39.222 - - [20/Jan/2021:13:50:17 +0100] "GET /loadthumbnail.php?id=12273107&width=113 HTTP/1.1" 200 2790 "http://renault.activities.at/10260273" "Mozilla/5.0 (Windows NT 10.0; Win64; x64) AppleWebKit/537.36 (KHTML, like Gecko) Chrome/87.0.4280.141 Safari/537.36"
88.116.39.222 - - [20/Jan/2021:13:50:17 +0100] "GET /loadthumbnail.php?id=12333924&width=113 HTTP/1.1" 200 3071 "http://renault.activities.at/10260273" "Mozilla/5.0 (Windows NT 10.0; Win64; x64) AppleWebKit/537.36 (KHTML, like Gecko) Chrome/87.0.4280.141 Safari/537.36"
88.116.39.222 - - [20/Jan/2021:13:50:17 +0100] "GET /loadthumbnail.php?id=11228566&width=113 HTTP/1.1" 200 4033 "http://renault.activities.at/10260273" "Mozilla/5.0 (Windows NT 10.0; Win64; x64) AppleWebKit/537.36 (KHTML, like Gecko) Chrome/87.0.4280.141 Safari/537.36"
88.116.39.222 - - [20/Jan/2021:13:50:17 +0100] "GET /loadthumbnail.php?id=12239245&width=113 HTTP/1.1" 200 3605 "http://renault.activities.at/10260273" "Mozilla/5.0 (Windows NT 10.0; Win64; x64) AppleWebKit/537.36 (KHTML, like Gecko) Chrome/87.0.4280.141 Safari/537.36"
88.116.39.222 - - [20/Jan/2021:13:50:17 +0100] "GET /loadthumbnail.php?id=12334033&width=113 HTTP/1.1" 200 3232 "http://renault.activities.at/10260273" "Mozilla/5.0 (Windows NT 10.0; Win64; x64) AppleWebKit/537.36 (KHTML, like Gecko) Chrome/87.0.4280.141 Safari/537.36"
88.116.39.222 - - [20/Jan/2021:13:50:17 +0100] "GET /loadthumbnail.php?id=12022094&width=113 HTTP/1.1" 200 3553 "http://renault.activities.at/10260273" "Mozilla/5.0 (Windows NT 10.0; Win64; x64) AppleWebKit/537.36 (KHTML, like Gecko) Chrome/87.0.4280.141 Safari/537.36"
88.116.39.222 - - [20/Jan/2021:13:50:17 +0100] "GET /loadthumbnail.php?id=12333903&width=113 HTTP/1.1" 200 3025 "http://renault.activities.at/10260273" "Mozilla/5.0 (Windows NT 10.0; Win64; x64) AppleWebKit/537.36 (KHTML, like Gecko) Chrome/87.0.4280.141 Safari/537.36"
88.116.39.222 - - [20/Jan/2021:13:50:17 +0100] "GET /loadthumbnail.php?id=12176987&width=113 HTTP/1.1" 200 3020 "http://renault.activities.at/10260273" "Mozilla/5.0 (Windows NT 10.0; Win64; x64) AppleWebKit/537.36 (KHTML, like Gecko) Chrome/87.0.4280.141 Safari/537.36"
88.116.39.222 - - [20/Jan/2021:13:50:17 +0100] "GET /loadthumbnail.php?id=12176983&width=113 HTTP/1.1" 200 2917 "http://renault.activities.at/10260273" "Mozilla/5.0 (Windows NT 10.0; Win64; x64) AppleWebKit/537.36 (KHTML, like Gecko) Chrome/87.0.4280.141 Safari/537.36"
88.116.39.222 - - [20/Jan/2021:13:50:17 +0100] "GET /loadthumbnail.php?id=12176979&width=113 HTTP/1.1" 200 2612 "http://renault.activities.at/10260273" "Mozilla/5.0 (Windows NT 10.0; Win64; x64) AppleWebKit/537.36 (KHTML, like Gecko) Chrome/87.0.4280.141 Safari/537.36"
88.116.39.222 - - [20/Jan/2021:13:50:18 +0100] "GET /loadthumbnail.php?id=12333892&width=113 HTTP/1.1" 200 3396 "http://renault.activities.at/10260273" "Mozilla/5.0 (Windows NT 10.0; Win64; x64) AppleWebKit/537.36 (KHTML, like Gecko) Chrome/87.0.4280.141 Safari/537.36"
88.116.39.222 - - [20/Jan/2021:13:50:18 +0100] "GET /loadthumbnail.php?id=12333882&width=113 HTTP/1.1" 200 2749 "http://renault.activities.at/10260273" "Mozilla/5.0 (Windows NT 10.0; Win64; x64) AppleWebKit/537.36 (KHTML, like Gecko) Chrome/87.0.4280.141 Safari/537.36"
193.194.132.23 - - [20/Jan/2021:13:50:26 +0100] "GET /reload?ser=1611147025778 HTTP/1.1" 200 28 "http://renault.2web.at/success" "Mozilla/5.0 (Windows NT 10.0; Win64; x64) AppleWebKit/537.36 (KHTML, like Gecko) Chrome/87.0.4280.141 Safari/537.36"
88.116.39.222 - - [20/Jan/2021:13:50:30 +0100] "GET /10260273?dir=DESC&mode=grid&order=name&limit=15&page=2 HTTP/1.1" 200 8334 "http://renault.activities.at/10260273" "Mozilla/5.0 (Windows NT 10.0; Win64; x64) AppleWebKit/537.36 (KHTML, like Gecko) Chrome/87.0.4280.141 Safari/537.36"
88.116.39.222 - - [20/Jan/2021:13:50:33 +0100] "GET /loadthumbnail.php?id=10203275 HTTP/1.1" 200 85 "http://renault.activities.at/10260273?dir=DESC&mode=grid&order=name&limit=15&page=2" "Mozilla/5.0 (Windows NT 10.0; Win64; x64) AppleWebKit/537.36 (KHTML, like Gecko) Chrome/87.0.4280.141 Safari/537.36"
88.116.39.222 - - [20/Jan/2021:13:50:33 +0100] "GET /loadthumbnail.php?id=12266125&width=113 HTTP/1.1" 200 2955 "http://renault.activities.at/10260273?dir=DESC&mode=grid&order=name&limit=15&page=2" "Mozilla/5.0 (Windows NT 10.0; Win64; x64) AppleWebKit/537.36 (KHTML, like Gecko) Chrome/87.0.4280.141 Safari/537.36"
88.116.39.222 - - [20/Jan/2021:13:50:33 +0100] "GET /loadthumbnail.php?id=12334029&width=113 HTTP/1.1" 200 3526 "http://renault.activities.at/10260273?dir=DESC&mode=grid&order=name&limit=15&page=2" "Mozilla/5.0 (Windows NT 10.0; Win64; x64) AppleWebKit/537.36 (KHTML, like Gecko) Chrome/87.0.4280.141 Safari/537.36"
88.116.39.222 - - [20/Jan/2021:13:50:33 +0100] "GET /loadthumbnail.php?id=12237266&width=113 HTTP/1.1" 200 3139 "http://renault.activities.at/10260273?dir=DESC&mode=grid&order=name&limit=15&page=2" "Mozilla/5.0 (Windows NT 10.0; Win64; x64) AppleWebKit/537.36 (KHTML, like Gecko) Chrome/87.0.4280.141 Safari/537.36"
88.116.39.222 - - [20/Jan/2021:13:50:33 +0100] "GET /loadthumbnail.php?id=12033055&width=113 HTTP/1.1" 200 3147 "http://renault.activities.at/10260273?dir=DESC&mode=grid&order=name&limit=15&page=2" "Mozilla/5.0 (Windows NT 10.0; Win64; x64) AppleWebKit/537.36 (KHTML, like Gecko) Chrome/87.0.4280.141 Safari/537.36"
88.116.39.222 - - [20/Jan/2021:13:50:33 +0100] "GET /loadthumbnail.php?id=12333948&width=113 HTTP/1.1" 200 3218 "http://renault.activities.at/10260273?dir=DESC&mode=grid&order=name&limit=15&page=2" "Mozilla/5.0 (Windows NT 10.0; Win64; x64) AppleWebKit/537.36 (KHTML, like Gecko) Chrome/87.0.4280.141 Safari/537.36"
88.116.39.222 - - [20/Jan/2021:13:50:34 +0100] "GET /loadthumbnail.php?id=12234958&width=113 HTTP/1.1" 200 2519 "http://renault.activities.at/10260273?dir=DESC&mode=grid&order=name&limit=15&page=2" "Mozilla/5.0 (Windows NT 10.0; Win64; x64) AppleWebKit/537.36 (KHTML, like Gecko) Chrome/87.0.4280.141 Safari/537.36"
88.116.39.222 - - [20/Jan/2021:13:50:34 +0100] "GET /loadthumbnail.php?id=11798477&width=113 HTTP/1.1" 200 3326 "http://renault.activities.at/10260273?dir=DESC&mode=grid&order=name&limit=15&page=2" "Mozilla/5.0 (Windows NT 10.0; Win64; x64) AppleWebKit/537.36 (KHTML, like Gecko) Chrome/87.0.4280.141 Safari/537.36"
