80.120.181.170 - - [22/Jan/2021:17:04:02 +0100] "GET /images/header_block_corner_left_top.gif HTTP/1.1" 304 - "http://renault.activities.at/checkout" "Mozilla/5.0 (Windows NT 10.0; WOW64; Trident/7.0; rv:11.0) like Gecko"
80.120.181.170 - - [22/Jan/2021:17:04:02 +0100] "GET /images/main_block_corner_right_bot.gif HTTP/1.1" 304 - "http://renault.activities.at/checkout" "Mozilla/5.0 (Windows NT 10.0; WOW64; Trident/7.0; rv:11.0) like Gecko"
80.120.181.170 - - [22/Jan/2021:17:04:02 +0100] "GET /images/main_block_corner_left_top.gif HTTP/1.1" 304 - "http://renault.activities.at/checkout" "Mozilla/5.0 (Windows NT 10.0; WOW64; Trident/7.0; rv:11.0) like Gecko"
80.120.181.170 - - [22/Jan/2021:17:04:02 +0100] "GET /images/header_block_border.gif HTTP/1.1" 304 - "http://renault.activities.at/checkout" "Mozilla/5.0 (Windows NT 10.0; WOW64; Trident/7.0; rv:11.0) like Gecko"
80.120.181.170 - - [22/Jan/2021:17:04:02 +0100] "GET /images/main_block_corner_left_bot.gif HTTP/1.1" 304 - "http://renault.activities.at/checkout" "Mozilla/5.0 (Windows NT 10.0; WOW64; Trident/7.0; rv:11.0) like Gecko"
80.120.181.170 - - [22/Jan/2021:17:04:02 +0100] "GET /images/checkout_border.gif HTTP/1.1" 200 43 "http://renault.activities.at/checkout" "Mozilla/5.0 (Windows NT 10.0; WOW64; Trident/7.0; rv:11.0) like Gecko"
80.120.181.170 - - [22/Jan/2021:17:04:02 +0100] "GET /images/button_left_bg.gif HTTP/1.1" 304 - "http://renault.activities.at/checkout" "Mozilla/5.0 (Windows NT 10.0; WOW64; Trident/7.0; rv:11.0) like Gecko"
80.120.181.170 - - [22/Jan/2021:17:04:02 +0100] "GET /images/sidebar_title_border_top.gif HTTP/1.1" 304 - "http://renault.activities.at/checkout" "Mozilla/5.0 (Windows NT 10.0; WOW64; Trident/7.0; rv:11.0) like Gecko"
80.120.181.170 - - [22/Jan/2021:17:04:02 +0100] "GET /images/button_bg.gif HTTP/1.1" 304 - "http://renault.activities.at/checkout" "Mozilla/5.0 (Windows NT 10.0; WOW64; Trident/7.0; rv:11.0) like Gecko"
80.120.181.170 - - [22/Jan/2021:17:04:02 +0100] "GET /images/nav_divider.gif HTTP/1.1" 304 - "http://renault.activities.at/checkout" "Mozilla/5.0 (Windows NT 10.0; WOW64; Trident/7.0; rv:11.0) like Gecko"
80.120.181.170 - - [22/Jan/2021:17:04:02 +0100] "GET /loadthumbnail.php?id=10202698 HTTP/1.1" 200 16686 "http://renault.activities.at/checkout" "Mozilla/5.0 (Windows NT 10.0; WOW64; Trident/7.0; rv:11.0) like Gecko"
80.120.181.170 - - [22/Jan/2021:17:04:02 +0100] "GET /loadthumbnail.php?id=10201939 HTTP/1.1" 200 201 "http://renault.activities.at/checkout" "Mozilla/5.0 (Windows NT 10.0; WOW64; Trident/7.0; rv:11.0) like Gecko"
80.120.181.170 - - [22/Jan/2021:17:04:02 +0100] "GET /images/sidebar_title_corner_left_top.gif HTTP/1.1" 304 - "http://renault.activities.at/checkout" "Mozilla/5.0 (Windows NT 10.0; WOW64; Trident/7.0; rv:11.0) like Gecko"
80.120.181.170 - - [22/Jan/2021:17:04:02 +0100] "GET /images/footer_divider.gif HTTP/1.1" 304 - "http://renault.activities.at/checkout" "Mozilla/5.0 (Windows NT 10.0; WOW64; Trident/7.0; rv:11.0) like Gecko"
80.120.181.170 - - [22/Jan/2021:17:04:02 +0100] "GET /images/step_marker.gif HTTP/1.1" 200 650 "http://renault.activities.at/checkout" "Mozilla/5.0 (Windows NT 10.0; WOW64; Trident/7.0; rv:11.0) like Gecko"
80.120.181.170 - - [22/Jan/2021:17:04:02 +0100] "GET /images/menu_divider.gif HTTP/1.1" 304 - "http://renault.activities.at/checkout" "Mozilla/5.0 (Windows NT 10.0; WOW64; Trident/7.0; rv:11.0) like Gecko"
80.120.181.170 - - [22/Jan/2021:17:04:02 +0100] "GET /images/button_right_bg.gif HTTP/1.1" 304 - "http://renault.activities.at/checkout" "Mozilla/5.0 (Windows NT 10.0; WOW64; Trident/7.0; rv:11.0) like Gecko"
80.120.181.170 - - [22/Jan/2021:17:04:02 +0100] "GET /images/top_links_divider.gif HTTP/1.1" 304 - "http://renault.activities.at/checkout" "Mozilla/5.0 (Windows NT 10.0; WOW64; Trident/7.0; rv:11.0) like Gecko"
80.120.181.170 - - [22/Jan/2021:17:04:02 +0100] "GET /images/step_bg.jpg HTTP/1.1" 200 319 "http://renault.activities.at/checkout" "Mozilla/5.0 (Windows NT 10.0; WOW64; Trident/7.0; rv:11.0) like Gecko"
80.120.181.170 - - [22/Jan/2021:17:04:02 +0100] "GET /images/sidebar_title_corner_right_top.gif HTTP/1.1" 304 - "http://renault.activities.at/checkout" "Mozilla/5.0 (Windows NT 10.0; WOW64; Trident/7.0; rv:11.0) like Gecko"
80.120.181.170 - - [22/Jan/2021:17:04:02 +0100] "GET /images/sidebar_title_border.gif HTTP/1.1" 304 - "http://renault.activities.at/checkout" "Mozilla/5.0 (Windows NT 10.0; WOW64; Trident/7.0; rv:11.0) like Gecko"
80.120.181.170 - - [22/Jan/2021:17:04:02 +0100] "GET /images/checkout_border_top.gif HTTP/1.1" 200 156 "http://renault.activities.at/checkout" "Mozilla/5.0 (Windows NT 10.0; WOW64; Trident/7.0; rv:11.0) like Gecko"
80.120.181.170 - - [22/Jan/2021:17:04:02 +0100] "GET /images/menu_button_bg.jpg HTTP/1.1" 304 - "http://renault.activities.at/checkout" "Mozilla/5.0 (Windows NT 10.0; WOW64; Trident/7.0; rv:11.0) like Gecko"
80.120.181.170 - - [22/Jan/2021:17:04:07 +0100] "POST /docheckout HTTP/1.1" 200 454 "http://renault.activities.at/checkout" "Mozilla/5.0 (Windows NT 10.0; WOW64; Trident/7.0; rv:11.0) like Gecko"
80.120.181.170 - - [22/Jan/2021:17:04:11 +0100] "POST /docheckout HTTP/1.1" 200 1143 "http://renault.activities.at/checkout" "Mozilla/5.0 (Windows NT 10.0; WOW64; Trident/7.0; rv:11.0) like Gecko"
80.120.181.170 - - [22/Jan/2021:17:04:14 +0100] "GET /images/error_msg_icon.gif HTTP/1.1" 304 - "http://renault.activities.at/checkout" "Mozilla/5.0 (Windows NT 10.0; WOW64; Trident/7.0; rv:11.0) like Gecko"
80.120.181.170 - - [22/Jan/2021:17:04:19 +0100] "POST /docheckout HTTP/1.1" 200 68 "http://renault.activities.at/checkout" "Mozilla/5.0 (Windows NT 10.0; WOW64; Trident/7.0; rv:11.0) like Gecko"
80.120.181.170 - - [22/Jan/2021:17:04:24 +0100] "GET /success HTTP/1.1" 200 3931 "http://renault.activities.at/checkout" "Mozilla/5.0 (Windows NT 10.0; WOW64; Trident/7.0; rv:11.0) like Gecko"
80.120.181.170 - - [22/Jan/2021:17:04:27 +0100] "GET /js/default.js HTTP/1.1" 304 - "http://renault.activities.at/success" "Mozilla/5.0 (Windows NT 10.0; WOW64; Trident/7.0; rv:11.0) like Gecko"
80.120.181.170 - - [22/Jan/2021:17:04:27 +0100] "GET /js/checkout.css HTTP/1.1" 304 - "http://renault.activities.at/success" "Mozilla/5.0 (Windows NT 10.0; WOW64; Trident/7.0; rv:11.0) like Gecko"
80.120.181.170 - - [22/Jan/2021:17:04:27 +0100] "GET /css/print.css HTTP/1.1" 304 - "http://renault.activities.at/success" "Mozilla/5.0 (Windows NT 10.0; WOW64; Trident/7.0; rv:11.0) like Gecko"
80.120.181.170 - - [22/Jan/2021:17:04:27 +0100] "GET /css/clears.css HTTP/1.1" 304 - "http://renault.activities.at/success" "Mozilla/5.0 (Windows NT 10.0; WOW64; Trident/7.0; rv:11.0) like Gecko"
80.120.181.170 - - [22/Jan/2021:17:04:27 +0100] "GET /css/styles.css HTTP/1.1" 304 - "http://renault.activities.at/success" "Mozilla/5.0 (Windows NT 10.0; WOW64; Trident/7.0; rv:11.0) like Gecko"
80.120.181.170 - - [22/Jan/2021:17:04:27 +0100] "GET /css/reset.css HTTP/1.1" 304 - "http://renault.activities.at/success" "Mozilla/5.0 (Windows NT 10.0; WOW64; Trident/7.0; rv:11.0) like Gecko"
80.120.181.170 - - [22/Jan/2021:17:04:27 +0100] "GET /css/themes/default.css HTTP/1.1" 304 - "http://renault.activities.at/success" "Mozilla/5.0 (Windows NT 10.0; WOW64; Trident/7.0; rv:11.0) like Gecko"
80.120.181.170 - - [22/Jan/2021:17:04:27 +0100] "GET /css/prototip.css HTTP/1.1" 304 - "http://renault.activities.at/success" "Mozilla/5.0 (Windows NT 10.0; WOW64; Trident/7.0; rv:11.0) like Gecko"
80.120.181.170 - - [22/Jan/2021:17:04:27 +0100] "GET /css/themes/alphacube.css HTTP/1.1" 304 - "http://renault.activities.at/success" "Mozilla/5.0 (Windows NT 10.0; WOW64; Trident/7.0; rv:11.0) like Gecko"
80.120.181.170 - - [22/Jan/2021:17:04:27 +0100] "GET /images/header_block_corner_right_top.gif HTTP/1.1" 304 - "http://renault.activities.at/success" "Mozilla/5.0 (Windows NT 10.0; WOW64; Trident/7.0; rv:11.0) like Gecko"
80.120.181.170 - - [22/Jan/2021:17:04:27 +0100] "GET /images/header_block_border.gif HTTP/1.1" 304 - "http://renault.activities.at/success" "Mozilla/5.0 (Windows NT 10.0; WOW64; Trident/7.0; rv:11.0) like Gecko"
80.120.181.170 - - [22/Jan/2021:17:04:27 +0100] "GET /images/search_bg.gif HTTP/1.1" 304 - "http://renault.activities.at/success" "Mozilla/5.0 (Windows NT 10.0; WOW64; Trident/7.0; rv:11.0) like Gecko"
80.120.181.170 - - [22/Jan/2021:17:04:27 +0100] "GET /images/header_block_corner_left_top.gif HTTP/1.1" 304 - "http://renault.activities.at/success" "Mozilla/5.0 (Windows NT 10.0; WOW64; Trident/7.0; rv:11.0) like Gecko"
80.120.181.170 - - [22/Jan/2021:17:04:27 +0100] "GET /images/main_block_corner_left_top.gif HTTP/1.1" 304 - "http://renault.activities.at/success" "Mozilla/5.0 (Windows NT 10.0; WOW64; Trident/7.0; rv:11.0) like Gecko"
80.120.181.170 - - [22/Jan/2021:17:04:27 +0100] "GET /images/main_block_corner_left_bot.gif HTTP/1.1" 304 - "http://renault.activities.at/success" "Mozilla/5.0 (Windows NT 10.0; WOW64; Trident/7.0; rv:11.0) like Gecko"
80.120.181.170 - - [22/Jan/2021:17:04:27 +0100] "GET /images/main_block_corner_right_bot.gif HTTP/1.1" 304 - "http://renault.activities.at/success" "Mozilla/5.0 (Windows NT 10.0; WOW64; Trident/7.0; rv:11.0) like Gecko"
80.120.181.170 - - [22/Jan/2021:17:04:27 +0100] "GET /images/title_corner_left_top.jpg HTTP/1.1" 304 - "http://renault.activities.at/success" "Mozilla/5.0 (Windows NT 10.0; WOW64; Trident/7.0; rv:11.0) like Gecko"
80.120.181.170 - - [22/Jan/2021:17:04:27 +0100] "GET /images/nav_divider.gif HTTP/1.1" 304 - "http://renault.activities.at/success" "Mozilla/5.0 (Windows NT 10.0; WOW64; Trident/7.0; rv:11.0) like Gecko"
80.120.181.170 - - [22/Jan/2021:17:04:27 +0100] "GET /images/title_border_top.jpg HTTP/1.1" 304 - "http://renault.activities.at/success" "Mozilla/5.0 (Windows NT 10.0; WOW64; Trident/7.0; rv:11.0) like Gecko"
80.120.181.170 - - [22/Jan/2021:17:04:27 +0100] "GET /images/title_border.jpg HTTP/1.1" 304 - "http://renault.activities.at/success" "Mozilla/5.0 (Windows NT 10.0; WOW64; Trident/7.0; rv:11.0) like Gecko"
80.120.181.170 - - [22/Jan/2021:17:04:27 +0100] "GET /images/main_block_border.gif HTTP/1.1" 304 - "http://renault.activities.at/success" "Mozilla/5.0 (Windows NT 10.0; WOW64; Trident/7.0; rv:11.0) like Gecko"
80.120.181.170 - - [22/Jan/2021:17:04:27 +0100] "GET /images/footer_divider.gif HTTP/1.1" 304 - "http://renault.activities.at/success" "Mozilla/5.0 (Windows NT 10.0; WOW64; Trident/7.0; rv:11.0) like Gecko"
80.120.181.170 - - [22/Jan/2021:17:04:27 +0100] "GET /images/title_corner_right_top.jpg HTTP/1.1" 304 - "http://renault.activities.at/success" "Mozilla/5.0 (Windows NT 10.0; WOW64; Trident/7.0; rv:11.0) like Gecko"
80.120.181.170 - - [22/Jan/2021:17:04:27 +0100] "GET /images/menu_button_bg.jpg HTTP/1.1" 304 - "http://renault.activities.at/success" "Mozilla/5.0 (Windows NT 10.0; WOW64; Trident/7.0; rv:11.0) like Gecko"
80.120.181.170 - - [22/Jan/2021:17:04:27 +0100] "GET /images/menu_divider.gif HTTP/1.1" 304 - "http://renault.activities.at/success" "Mozilla/5.0 (Windows NT 10.0; WOW64; Trident/7.0; rv:11.0) like Gecko"
80.120.181.170 - - [22/Jan/2021:17:04:27 +0100] "GET /images/button_left_bg.gif HTTP/1.1" 304 - "http://renault.activities.at/success" "Mozilla/5.0 (Windows NT 10.0; WOW64; Trident/7.0; rv:11.0) like Gecko"
80.120.181.170 - - [22/Jan/2021:17:04:27 +0100] "GET /images/main_block_corner_right_top.gif HTTP/1.1" 304 - "http://renault.activities.at/success" "Mozilla/5.0 (Windows NT 10.0; WOW64; Trident/7.0; rv:11.0) like Gecko"
80.120.181.170 - - [22/Jan/2021:17:04:27 +0100] "GET /images/top_links_divider.gif HTTP/1.1" 304 - "http://renault.activities.at/success" "Mozilla/5.0 (Windows NT 10.0; WOW64; Trident/7.0; rv:11.0) like Gecko"
77.220.105.179 - - [22/Jan/2021:17:04:28 +0100] "GET /reload?ser=1611331468628 HTTP/1.1" 200 28 "http://renault.2web.at/10201442?cat=10201637" "Mozilla/5.0 (Windows NT 10.0; Win64; x64; rv:84.0) Gecko/20100101 Firefox/84.0"
80.120.181.170 - - [22/Jan/2021:17:04:36 +0100] "GET /logout HTTP/1.1" 302 140 "http://renault.activities.at/success" "Mozilla/5.0 (Windows NT 10.0; WOW64; Trident/7.0; rv:11.0) like Gecko"
138.21.12.21 - - [22/Jan/2021:17:04:37 +0100] "GET /reload?ser=1611331476977 HTTP/1.1" 200 28 "http://renault.2web.at/result?dir=DESC&mode=grid&order=name&limit=15&page=2&search=poster" "Mozilla/5.0 (Windows NT 10.0; Win64; x64) AppleWebKit/537.36 (KHTML, like Gecko) Chrome/87.0.4280.141 Safari/537.36"
80.120.181.170 - - [22/Jan/2021:17:04:37 +0100] "GET /logout HTTP/1.1" 200 1583 "http://renault.activities.at/success" "Mozilla/5.0 (Windows NT 10.0; WOW64; Trident/7.0; rv:11.0) like Gecko"
80.120.181.170 - - [22/Jan/2021:17:04:38 +0100] "GET /css/reset.css HTTP/1.1" 304 - "http://renault.activities.at/logout" "Mozilla/5.0 (Windows NT 10.0; WOW64; Trident/7.0; rv:11.0) like Gecko"
80.120.181.170 - - [22/Jan/2021:17:04:38 +0100] "GET /css/print.css HTTP/1.1" 304 - "http://renault.activities.at/logout" "Mozilla/5.0 (Windows NT 10.0; WOW64; Trident/7.0; rv:11.0) like Gecko"
80.120.181.170 - - [22/Jan/2021:17:04:38 +0100] "GET /js/default.js HTTP/1.1" 304 - "http://renault.activities.at/logout" "Mozilla/5.0 (Windows NT 10.0; WOW64; Trident/7.0; rv:11.0) like Gecko"
80.120.181.170 - - [22/Jan/2021:17:04:38 +0100] "GET /css/styles.css HTTP/1.1" 304 - "http://renault.activities.at/logout" "Mozilla/5.0 (Windows NT 10.0; WOW64; Trident/7.0; rv:11.0) like Gecko"
80.120.181.170 - - [22/Jan/2021:17:04:38 +0100] "GET /css/clears.css HTTP/1.1" 304 - "http://renault.activities.at/logout" "Mozilla/5.0 (Windows NT 10.0; WOW64; Trident/7.0; rv:11.0) like Gecko"
80.120.181.170 - - [22/Jan/2021:17:04:38 +0100] "GET /js/checkout.css HTTP/1.1" 304 - "http://renault.activities.at/logout" "Mozilla/5.0 (Windows NT 10.0; WOW64; Trident/7.0; rv:11.0) like Gecko"
80.120.181.170 - - [22/Jan/2021:17:04:38 +0100] "GET /css/themes/default.css HTTP/1.1" 304 - "http://renault.activities.at/logout" "Mozilla/5.0 (Windows NT 10.0; WOW64; Trident/7.0; rv:11.0) like Gecko"
80.120.181.170 - - [22/Jan/2021:17:04:38 +0100] "GET /css/prototip.css HTTP/1.1" 304 - "http://renault.activities.at/logout" "Mozilla/5.0 (Windows NT 10.0; WOW64; Trident/7.0; rv:11.0) like Gecko"
80.120.181.170 - - [22/Jan/2021:17:04:38 +0100] "GET /css/themes/alphacube.css HTTP/1.1" 304 - "http://renault.activities.at/logout" "Mozilla/5.0 (Windows NT 10.0; WOW64; Trident/7.0; rv:11.0) like Gecko"
80.120.181.170 - - [22/Jan/2021:17:04:38 +0100] "GET /images/header_block_corner_left_top.gif HTTP/1.1" 304 - "http://renault.activities.at/logout" "Mozilla/5.0 (Windows NT 10.0; WOW64; Trident/7.0; rv:11.0) like Gecko"
80.120.181.170 - - [22/Jan/2021:17:04:38 +0100] "GET /images/main_block_corner_right_top.gif HTTP/1.1" 304 - "http://renault.activities.at/logout" "Mozilla/5.0 (Windows NT 10.0; WOW64; Trident/7.0; rv:11.0) like Gecko"
80.120.181.170 - - [22/Jan/2021:17:04:38 +0100] "GET /images/title_corner_left_top.jpg HTTP/1.1" 304 - "http://renault.activities.at/logout" "Mozilla/5.0 (Windows NT 10.0; WOW64; Trident/7.0; rv:11.0) like Gecko"
80.120.181.170 - - [22/Jan/2021:17:04:38 +0100] "GET /images/title_border_top.jpg HTTP/1.1" 304 - "http://renault.activities.at/logout" "Mozilla/5.0 (Windows NT 10.0; WOW64; Trident/7.0; rv:11.0) like Gecko"
80.120.181.170 - - [22/Jan/2021:17:04:38 +0100] "GET /images/title_corner_right_top.jpg HTTP/1.1" 304 - "http://renault.activities.at/logout" "Mozilla/5.0 (Windows NT 10.0; WOW64; Trident/7.0; rv:11.0) like Gecko"
80.120.181.170 - - [22/Jan/2021:17:04:38 +0100] "GET /images/main_block_corner_left_top.gif HTTP/1.1" 304 - "http://renault.activities.at/logout" "Mozilla/5.0 (Windows NT 10.0; WOW64; Trident/7.0; rv:11.0) like Gecko"
80.120.181.170 - - [22/Jan/2021:17:04:38 +0100] "GET /images/title_border.jpg HTTP/1.1" 304 - "http://renault.activities.at/logout" "Mozilla/5.0 (Windows NT 10.0; WOW64; Trident/7.0; rv:11.0) like Gecko"
80.120.181.170 - - [22/Jan/2021:17:04:38 +0100] "GET /images/main_block_corner_left_bot.gif HTTP/1.1" 304 - "http://renault.activities.at/logout" "Mozilla/5.0 (Windows NT 10.0; WOW64; Trident/7.0; rv:11.0) like Gecko"
80.120.181.170 - - [22/Jan/2021:17:04:38 +0100] "GET /images/main_block_border.gif HTTP/1.1" 304 - "http://renault.activities.at/logout" "Mozilla/5.0 (Windows NT 10.0; WOW64; Trident/7.0; rv:11.0) like Gecko"
80.120.181.170 - - [22/Jan/2021:17:04:38 +0100] "GET /images/main_block_corner_right_bot.gif HTTP/1.1" 304 - "http://renault.activities.at/logout" "Mozilla/5.0 (Windows NT 10.0; WOW64; Trident/7.0; rv:11.0) like Gecko"
80.120.181.170 - - [22/Jan/2021:17:04:38 +0100] "GET /images/header_block_corner_right_top.gif HTTP/1.1" 304 - "http://renault.activities.at/logout" "Mozilla/5.0 (Windows NT 10.0; WOW64; Trident/7.0; rv:11.0) like Gecko"
80.120.181.170 - - [22/Jan/2021:17:04:38 +0100] "GET /images/header_block_border.gif HTTP/1.1" 304 - "http://renault.activities.at/logout" "Mozilla/5.0 (Windows NT 10.0; WOW64; Trident/7.0; rv:11.0) like Gecko"
80.120.181.170 - - [22/Jan/2021:17:04:43 +0100] "GET / HTTP/1.1" 200 3273 "http://renault.activities.at/logout" "Mozilla/5.0 (Windows NT 10.0; WOW64; Trident/7.0; rv:11.0) like Gecko"
77.220.105.179 - - [22/Jan/2021:17:05:29 +0100] "GET /reload?ser=1611331529603 HTTP/1.1" 200 28 "http://renault.2web.at/10201442?cat=10201637" "Mozilla/5.0 (Windows NT 10.0; Win64; x64; rv:84.0) Gecko/20100101 Firefox/84.0"
138.21.12.21 - - [22/Jan/2021:17:05:39 +0100] "GET /reload?ser=1611331538978 HTTP/1.1" 200 28 "http://renault.2web.at/result?dir=DESC&mode=grid&order=name&limit=15&page=2&search=poster" "Mozilla/5.0 (Windows NT 10.0; Win64; x64) AppleWebKit/537.36 (KHTML, like Gecko) Chrome/87.0.4280.141 Safari/537.36"
77.220.105.179 - - [22/Jan/2021:17:06:30 +0100] "GET /reload?ser=1611331590572 HTTP/1.1" 200 28 "http://renault.2web.at/10201442?cat=10201637" "Mozilla/5.0 (Windows NT 10.0; Win64; x64; rv:84.0) Gecko/20100101 Firefox/84.0"
138.21.12.21 - - [22/Jan/2021:17:06:41 +0100] "GET /reload?ser=1611331600977 HTTP/1.1" 200 28 "http://renault.2web.at/result?dir=DESC&mode=grid&order=name&limit=15&page=2&search=poster" "Mozilla/5.0 (Windows NT 10.0; Win64; x64) AppleWebKit/537.36 (KHTML, like Gecko) Chrome/87.0.4280.141 Safari/537.36"
77.220.105.179 - - [22/Jan/2021:17:07:31 +0100] "GET /reload?ser=1611331651529 HTTP/1.1" 200 28 "http://renault.2web.at/10201442?cat=10201637" "Mozilla/5.0 (Windows NT 10.0; Win64; x64; rv:84.0) Gecko/20100101 Firefox/84.0"
138.21.12.21 - - [22/Jan/2021:17:07:43 +0100] "GET /reload?ser=1611331662977 HTTP/1.1" 200 28 "http://renault.2web.at/result?dir=DESC&mode=grid&order=name&limit=15&page=2&search=poster" "Mozilla/5.0 (Windows NT 10.0; Win64; x64) AppleWebKit/537.36 (KHTML, like Gecko) Chrome/87.0.4280.141 Safari/537.36"
77.220.105.179 - - [22/Jan/2021:17:08:32 +0100] "GET /reload?ser=1611331712487 HTTP/1.1" 200 28 "http://renault.2web.at/10201442?cat=10201637" "Mozilla/5.0 (Windows NT 10.0; Win64; x64; rv:84.0) Gecko/20100101 Firefox/84.0"
138.21.12.21 - - [22/Jan/2021:17:08:45 +0100] "GET /reload?ser=1611331724978 HTTP/1.1" 200 28 "http://renault.2web.at/result?dir=DESC&mode=grid&order=name&limit=15&page=2&search=poster" "Mozilla/5.0 (Windows NT 10.0; Win64; x64) AppleWebKit/537.36 (KHTML, like Gecko) Chrome/87.0.4280.141 Safari/537.36"
77.220.105.179 - - [22/Jan/2021:17:09:33 +0100] "GET /reload?ser=1611331773439 HTTP/1.1" 200 28 "http://renault.2web.at/10201442?cat=10201637" "Mozilla/5.0 (Windows NT 10.0; Win64; x64; rv:84.0) Gecko/20100101 Firefox/84.0"
138.21.12.21 - - [22/Jan/2021:17:09:47 +0100] "GET /reload?ser=1611331786978 HTTP/1.1" 200 28 "http://renault.2web.at/result?dir=DESC&mode=grid&order=name&limit=15&page=2&search=poster" "Mozilla/5.0 (Windows NT 10.0; Win64; x64) AppleWebKit/537.36 (KHTML, like Gecko) Chrome/87.0.4280.141 Safari/537.36"
77.220.105.179 - - [22/Jan/2021:17:10:34 +0100] "GET /reload?ser=1611331834423 HTTP/1.1" 200 28 "http://renault.2web.at/10201442?cat=10201637" "Mozilla/5.0 (Windows NT 10.0; Win64; x64; rv:84.0) Gecko/20100101 Firefox/84.0"
138.21.12.21 - - [22/Jan/2021:17:10:49 +0100] "GET /reload?ser=1611331848977 HTTP/1.1" 200 28 "http://renault.2web.at/result?dir=DESC&mode=grid&order=name&limit=15&page=2&search=poster" "Mozilla/5.0 (Windows NT 10.0; Win64; x64) AppleWebKit/537.36 (KHTML, like Gecko) Chrome/87.0.4280.141 Safari/537.36"
77.220.105.179 - - [22/Jan/2021:17:11:35 +0100] "GET /reload?ser=1611331895387 HTTP/1.1" 200 28 "http://renault.2web.at/10201442?cat=10201637" "Mozilla/5.0 (Windows NT 10.0; Win64; x64; rv:84.0) Gecko/20100101 Firefox/84.0"
138.21.12.21 - - [22/Jan/2021:17:11:51 +0100] "GET /reload?ser=1611331910977 HTTP/1.1" 200 28 "http://renault.2web.at/result?dir=DESC&mode=grid&order=name&limit=15&page=2&search=poster" "Mozilla/5.0 (Windows NT 10.0; Win64; x64) AppleWebKit/537.36 (KHTML, like Gecko) Chrome/87.0.4280.141 Safari/537.36"
77.220.105.179 - - [22/Jan/2021:17:12:36 +0100] "GET /reload?ser=1611331956358 HTTP/1.1" 200 28 "http://renault.2web.at/10201442?cat=10201637" "Mozilla/5.0 (Windows NT 10.0; Win64; x64; rv:84.0) Gecko/20100101 Firefox/84.0"
138.21.12.21 - - [22/Jan/2021:17:12:53 +0100] "GET /reload?ser=1611331972977 HTTP/1.1" 200 28 "http://renault.2web.at/result?dir=DESC&mode=grid&order=name&limit=15&page=2&search=poster" "Mozilla/5.0 (Windows NT 10.0; Win64; x64) AppleWebKit/537.36 (KHTML, like Gecko) Chrome/87.0.4280.141 Safari/537.36"
77.220.105.179 - - [22/Jan/2021:17:13:37 +0100] "GET /reload?ser=1611332017324 HTTP/1.1" 200 28 "http://renault.2web.at/10201442?cat=10201637" "Mozilla/5.0 (Windows NT 10.0; Win64; x64; rv:84.0) Gecko/20100101 Firefox/84.0"
138.21.12.21 - - [22/Jan/2021:17:13:55 +0100] "GET /reload?ser=1611332034977 HTTP/1.1" 200 28 "http://renault.2web.at/result?dir=DESC&mode=grid&order=name&limit=15&page=2&search=poster" "Mozilla/5.0 (Windows NT 10.0; Win64; x64) AppleWebKit/537.36 (KHTML, like Gecko) Chrome/87.0.4280.141 Safari/537.36"
77.220.105.179 - - [22/Jan/2021:17:14:38 +0100] "GET /reload?ser=1611332078296 HTTP/1.1" 200 28 "http://renault.2web.at/10201442?cat=10201637" "Mozilla/5.0 (Windows NT 10.0; Win64; x64; rv:84.0) Gecko/20100101 Firefox/84.0"
138.21.12.21 - - [22/Jan/2021:17:14:57 +0100] "GET /reload?ser=1611332096977 HTTP/1.1" 200 28 "http://renault.2web.at/result?dir=DESC&mode=grid&order=name&limit=15&page=2&search=poster" "Mozilla/5.0 (Windows NT 10.0; Win64; x64) AppleWebKit/537.36 (KHTML, like Gecko) Chrome/87.0.4280.141 Safari/537.36"
77.220.105.179 - - [22/Jan/2021:17:15:39 +0100] "GET /reload?ser=1611332139228 HTTP/1.1" 200 28 "http://renault.2web.at/10201442?cat=10201637" "Mozilla/5.0 (Windows NT 10.0; Win64; x64; rv:84.0) Gecko/20100101 Firefox/84.0"
138.21.12.21 - - [22/Jan/2021:17:15:59 +0100] "GET /reload?ser=1611332158977 HTTP/1.1" 200 28 "http://renault.2web.at/result?dir=DESC&mode=grid&order=name&limit=15&page=2&search=poster" "Mozilla/5.0 (Windows NT 10.0; Win64; x64) AppleWebKit/537.36 (KHTML, like Gecko) Chrome/87.0.4280.141 Safari/537.36"
77.220.105.179 - - [22/Jan/2021:17:16:40 +0100] "GET /reload?ser=1611332200161 HTTP/1.1" 200 28 "http://renault.2web.at/10201442?cat=10201637" "Mozilla/5.0 (Windows NT 10.0; Win64; x64; rv:84.0) Gecko/20100101 Firefox/84.0"
138.21.12.21 - - [22/Jan/2021:17:17:01 +0100] "GET /reload?ser=1611332220977 HTTP/1.1" 200 28 "http://renault.2web.at/result?dir=DESC&mode=grid&order=name&limit=15&page=2&search=poster" "Mozilla/5.0 (Windows NT 10.0; Win64; x64) AppleWebKit/537.36 (KHTML, like Gecko) Chrome/87.0.4280.141 Safari/537.36"
77.220.105.179 - - [22/Jan/2021:17:17:41 +0100] "GET /reload?ser=1611332261104 HTTP/1.1" 200 28 "http://renault.2web.at/10201442?cat=10201637" "Mozilla/5.0 (Windows NT 10.0; Win64; x64; rv:84.0) Gecko/20100101 Firefox/84.0"
138.21.12.21 - - [22/Jan/2021:17:18:03 +0100] "GET /reload?ser=1611332282977 HTTP/1.1" 200 28 "http://renault.2web.at/result?dir=DESC&mode=grid&order=name&limit=15&page=2&search=poster" "Mozilla/5.0 (Windows NT 10.0; Win64; x64) AppleWebKit/537.36 (KHTML, like Gecko) Chrome/87.0.4280.141 Safari/537.36"
77.220.105.179 - - [22/Jan/2021:17:18:42 +0100] "GET /reload?ser=1611332322052 HTTP/1.1" 200 28 "http://renault.2web.at/10201442?cat=10201637" "Mozilla/5.0 (Windows NT 10.0; Win64; x64; rv:84.0) Gecko/20100101 Firefox/84.0"
138.21.12.21 - - [22/Jan/2021:17:19:05 +0100] "GET /reload?ser=1611332344980 HTTP/1.1" 200 28 "http://renault.2web.at/result?dir=DESC&mode=grid&order=name&limit=15&page=2&search=poster" "Mozilla/5.0 (Windows NT 10.0; Win64; x64) AppleWebKit/537.36 (KHTML, like Gecko) Chrome/87.0.4280.141 Safari/537.36"
77.220.105.179 - - [22/Jan/2021:17:19:43 +0100] "GET /reload?ser=1611332382978 HTTP/1.1" 200 28 "http://renault.2web.at/10201442?cat=10201637" "Mozilla/5.0 (Windows NT 10.0; Win64; x64; rv:84.0) Gecko/20100101 Firefox/84.0"
138.21.12.21 - - [22/Jan/2021:17:20:06 +0100] "GET /reload?ser=1611332406423 HTTP/1.1" 200 28 "http://renault.2web.at/result?dir=DESC&mode=grid&order=name&limit=15&page=2&search=poster" "Mozilla/5.0 (Windows NT 10.0; Win64; x64) AppleWebKit/537.36 (KHTML, like Gecko) Chrome/87.0.4280.141 Safari/537.36"
138.21.12.21 - - [22/Jan/2021:17:20:18 +0100] "GET /result?dir=DESC&mode=grid&order=name&limit=15&page=1&search=poster HTTP/1.1" 200 10684 "http://renault.2web.at/result?dir=DESC&mode=grid&order=name&limit=15&page=2&search=poster" "Mozilla/5.0 (Windows NT 10.0; Win64; x64) AppleWebKit/537.36 (KHTML, like Gecko) Chrome/87.0.4280.141 Safari/537.36"
77.220.105.179 - - [22/Jan/2021:17:20:43 +0100] "GET /reload?ser=1611332443909 HTTP/1.1" 200 28 "http://renault.2web.at/10201442?cat=10201637" "Mozilla/5.0 (Windows NT 10.0; Win64; x64; rv:84.0) Gecko/20100101 Firefox/84.0"
138.21.12.21 - - [22/Jan/2021:17:21:23 +0100] "GET /reload?ser=1611332482979 HTTP/1.1" 200 28 "http://renault.2web.at/result?dir=DESC&mode=grid&order=name&limit=15&page=1&search=poster" "Mozilla/5.0 (Windows NT 10.0; Win64; x64) AppleWebKit/537.36 (KHTML, like Gecko) Chrome/87.0.4280.141 Safari/537.36"
77.220.105.179 - - [22/Jan/2021:17:21:44 +0100] "GET /reload?ser=1611332504842 HTTP/1.1" 200 28 "http://renault.2web.at/10201442?cat=10201637" "Mozilla/5.0 (Windows NT 10.0; Win64; x64; rv:84.0) Gecko/20100101 Firefox/84.0"
138.21.12.21 - - [22/Jan/2021:17:22:25 +0100] "GET /reload?ser=1611332544977 HTTP/1.1" 200 28 "http://renault.2web.at/result?dir=DESC&mode=grid&order=name&limit=15&page=1&search=poster" "Mozilla/5.0 (Windows NT 10.0; Win64; x64) AppleWebKit/537.36 (KHTML, like Gecko) Chrome/87.0.4280.141 Safari/537.36"
77.220.105.179 - - [22/Jan/2021:17:22:45 +0100] "GET /reload?ser=1611332565806 HTTP/1.1" 200 28 "http://renault.2web.at/10201442?cat=10201637" "Mozilla/5.0 (Windows NT 10.0; Win64; x64; rv:84.0) Gecko/20100101 Firefox/84.0"
138.21.12.21 - - [22/Jan/2021:17:23:27 +0100] "GET /reload?ser=1611332606976 HTTP/1.1" 200 28 "http://renault.2web.at/result?dir=DESC&mode=grid&order=name&limit=15&page=1&search=poster" "Mozilla/5.0 (Windows NT 10.0; Win64; x64) AppleWebKit/537.36 (KHTML, like Gecko) Chrome/87.0.4280.141 Safari/537.36"
77.220.105.179 - - [22/Jan/2021:17:23:46 +0100] "GET /reload?ser=1611332626770 HTTP/1.1" 200 28 "http://renault.2web.at/10201442?cat=10201637" "Mozilla/5.0 (Windows NT 10.0; Win64; x64; rv:84.0) Gecko/20100101 Firefox/84.0"
138.21.12.21 - - [22/Jan/2021:17:24:29 +0100] "GET /reload?ser=1611332668976 HTTP/1.1" 200 28 "http://renault.2web.at/result?dir=DESC&mode=grid&order=name&limit=15&page=1&search=poster" "Mozilla/5.0 (Windows NT 10.0; Win64; x64) AppleWebKit/537.36 (KHTML, like Gecko) Chrome/87.0.4280.141 Safari/537.36"
77.220.105.179 - - [22/Jan/2021:17:24:47 +0100] "GET /reload?ser=1611332687745 HTTP/1.1" 200 28 "http://renault.2web.at/10201442?cat=10201637" "Mozilla/5.0 (Windows NT 10.0; Win64; x64; rv:84.0) Gecko/20100101 Firefox/84.0"
138.21.12.21 - - [22/Jan/2021:17:25:31 +0100] "GET /reload?ser=1611332730976 HTTP/1.1" 200 28 "http://renault.2web.at/result?dir=DESC&mode=grid&order=name&limit=15&page=1&search=poster" "Mozilla/5.0 (Windows NT 10.0; Win64; x64) AppleWebKit/537.36 (KHTML, like Gecko) Chrome/87.0.4280.141 Safari/537.36"
77.220.105.179 - - [22/Jan/2021:17:25:48 +0100] "GET /reload?ser=1611332748685 HTTP/1.1" 200 28 "http://renault.2web.at/10201442?cat=10201637" "Mozilla/5.0 (Windows NT 10.0; Win64; x64; rv:84.0) Gecko/20100101 Firefox/84.0"
138.21.12.21 - - [22/Jan/2021:17:26:33 +0100] "GET /reload?ser=1611332792977 HTTP/1.1" 200 28 "http://renault.2web.at/result?dir=DESC&mode=grid&order=name&limit=15&page=1&search=poster" "Mozilla/5.0 (Windows NT 10.0; Win64; x64) AppleWebKit/537.36 (KHTML, like Gecko) Chrome/87.0.4280.141 Safari/537.36"
77.220.105.179 - - [22/Jan/2021:17:26:49 +0100] "GET /reload?ser=1611332809677 HTTP/1.1" 200 28 "http://renault.2web.at/10201442?cat=10201637" "Mozilla/5.0 (Windows NT 10.0; Win64; x64; rv:84.0) Gecko/20100101 Firefox/84.0"
138.21.12.21 - - [22/Jan/2021:17:27:35 +0100] "GET /reload?ser=1611332854976 HTTP/1.1" 200 28 "http://renault.2web.at/result?dir=DESC&mode=grid&order=name&limit=15&page=1&search=poster" "Mozilla/5.0 (Windows NT 10.0; Win64; x64) AppleWebKit/537.36 (KHTML, like Gecko) Chrome/87.0.4280.141 Safari/537.36"
77.220.105.179 - - [22/Jan/2021:17:27:50 +0100] "GET /reload?ser=1611332870658 HTTP/1.1" 200 28 "http://renault.2web.at/10201442?cat=10201637" "Mozilla/5.0 (Windows NT 10.0; Win64; x64; rv:84.0) Gecko/20100101 Firefox/84.0"
138.21.12.21 - - [22/Jan/2021:17:28:37 +0100] "GET /reload?ser=1611332916977 HTTP/1.1" 200 28 "http://renault.2web.at/result?dir=DESC&mode=grid&order=name&limit=15&page=1&search=poster" "Mozilla/5.0 (Windows NT 10.0; Win64; x64) AppleWebKit/537.36 (KHTML, like Gecko) Chrome/87.0.4280.141 Safari/537.36"
77.220.105.179 - - [22/Jan/2021:17:28:51 +0100] "GET /reload?ser=1611332931620 HTTP/1.1" 200 28 "http://renault.2web.at/10201442?cat=10201637" "Mozilla/5.0 (Windows NT 10.0; Win64; x64; rv:84.0) Gecko/20100101 Firefox/84.0"
138.21.12.21 - - [22/Jan/2021:17:29:39 +0100] "GET /reload?ser=1611332978976 HTTP/1.1" 200 28 "http://renault.2web.at/result?dir=DESC&mode=grid&order=name&limit=15&page=1&search=poster" "Mozilla/5.0 (Windows NT 10.0; Win64; x64) AppleWebKit/537.36 (KHTML, like Gecko) Chrome/87.0.4280.141 Safari/537.36"
77.220.105.179 - - [22/Jan/2021:17:29:52 +0100] "GET /reload?ser=1611332992578 HTTP/1.1" 200 28 "http://renault.2web.at/10201442?cat=10201637" "Mozilla/5.0 (Windows NT 10.0; Win64; x64; rv:84.0) Gecko/20100101 Firefox/84.0"
138.21.12.21 - - [22/Jan/2021:17:30:41 +0100] "GET /reload?ser=1611333040976 HTTP/1.1" 200 28 "http://renault.2web.at/result?dir=DESC&mode=grid&order=name&limit=15&page=1&search=poster" "Mozilla/5.0 (Windows NT 10.0; Win64; x64) AppleWebKit/537.36 (KHTML, like Gecko) Chrome/87.0.4280.141 Safari/537.36"
77.220.105.179 - - [22/Jan/2021:17:30:53 +0100] "GET /reload?ser=1611333053516 HTTP/1.1" 200 28 "http://renault.2web.at/10201442?cat=10201637" "Mozilla/5.0 (Windows NT 10.0; Win64; x64; rv:84.0) Gecko/20100101 Firefox/84.0"
138.21.12.21 - - [22/Jan/2021:17:31:43 +0100] "GET /reload?ser=1611333102976 HTTP/1.1" 200 28 "http://renault.2web.at/result?dir=DESC&mode=grid&order=name&limit=15&page=1&search=poster" "Mozilla/5.0 (Windows NT 10.0; Win64; x64) AppleWebKit/537.36 (KHTML, like Gecko) Chrome/87.0.4280.141 Safari/537.36"
77.220.105.179 - - [22/Jan/2021:17:31:54 +0100] "GET /reload?ser=1611333114484 HTTP/1.1" 200 28 "http://renault.2web.at/10201442?cat=10201637" "Mozilla/5.0 (Windows NT 10.0; Win64; x64; rv:84.0) Gecko/20100101 Firefox/84.0"
138.21.12.21 - - [22/Jan/2021:17:32:45 +0100] "GET /reload?ser=1611333164976 HTTP/1.1" 200 28 "http://renault.2web.at/result?dir=DESC&mode=grid&order=name&limit=15&page=1&search=poster" "Mozilla/5.0 (Windows NT 10.0; Win64; x64) AppleWebKit/537.36 (KHTML, like Gecko) Chrome/87.0.4280.141 Safari/537.36"
77.220.105.179 - - [22/Jan/2021:17:32:55 +0100] "GET /reload?ser=1611333175421 HTTP/1.1" 200 28 "http://renault.2web.at/10201442?cat=10201637" "Mozilla/5.0 (Windows NT 10.0; Win64; x64; rv:84.0) Gecko/20100101 Firefox/84.0"
138.21.12.21 - - [22/Jan/2021:17:33:47 +0100] "GET /reload?ser=1611333226976 HTTP/1.1" 200 28 "http://renault.2web.at/result?dir=DESC&mode=grid&order=name&limit=15&page=1&search=poster" "Mozilla/5.0 (Windows NT 10.0; Win64; x64) AppleWebKit/537.36 (KHTML, like Gecko) Chrome/87.0.4280.141 Safari/537.36"
77.220.105.179 - - [22/Jan/2021:17:33:56 +0100] "GET /reload?ser=1611333236372 HTTP/1.1" 200 28 "http://renault.2web.at/10201442?cat=10201637" "Mozilla/5.0 (Windows NT 10.0; Win64; x64; rv:84.0) Gecko/20100101 Firefox/84.0"
138.21.12.21 - - [22/Jan/2021:17:34:49 +0100] "GET /reload?ser=1611333288976 HTTP/1.1" 200 28 "http://renault.2web.at/result?dir=DESC&mode=grid&order=name&limit=15&page=1&search=poster" "Mozilla/5.0 (Windows NT 10.0; Win64; x64) AppleWebKit/537.36 (KHTML, like Gecko) Chrome/87.0.4280.141 Safari/537.36"
77.220.105.179 - - [22/Jan/2021:17:34:57 +0100] "GET /reload?ser=1611333297302 HTTP/1.1" 200 28 "http://renault.2web.at/10201442?cat=10201637" "Mozilla/5.0 (Windows NT 10.0; Win64; x64; rv:84.0) Gecko/20100101 Firefox/84.0"
138.21.12.21 - - [22/Jan/2021:17:35:51 +0100] "GET /reload?ser=1611333350976 HTTP/1.1" 200 28 "http://renault.2web.at/result?dir=DESC&mode=grid&order=name&limit=15&page=1&search=poster" "Mozilla/5.0 (Windows NT 10.0; Win64; x64) AppleWebKit/537.36 (KHTML, like Gecko) Chrome/87.0.4280.141 Safari/537.36"
77.220.105.179 - - [22/Jan/2021:17:35:58 +0100] "GET /reload?ser=1611333358254 HTTP/1.1" 200 28 "http://renault.2web.at/10201442?cat=10201637" "Mozilla/5.0 (Windows NT 10.0; Win64; x64; rv:84.0) Gecko/20100101 Firefox/84.0"
138.21.12.21 - - [22/Jan/2021:17:36:53 +0100] "GET /reload?ser=1611333412976 HTTP/1.1" 200 28 "http://renault.2web.at/result?dir=DESC&mode=grid&order=name&limit=15&page=1&search=poster" "Mozilla/5.0 (Windows NT 10.0; Win64; x64) AppleWebKit/537.36 (KHTML, like Gecko) Chrome/87.0.4280.141 Safari/537.36"
77.220.105.179 - - [22/Jan/2021:17:36:59 +0100] "GET /reload?ser=1611333419207 HTTP/1.1" 200 28 "http://renault.2web.at/10201442?cat=10201637" "Mozilla/5.0 (Windows NT 10.0; Win64; x64; rv:84.0) Gecko/20100101 Firefox/84.0"
138.21.12.21 - - [22/Jan/2021:17:37:55 +0100] "GET /reload?ser=1611333474975 HTTP/1.1" 200 28 "http://renault.2web.at/result?dir=DESC&mode=grid&order=name&limit=15&page=1&search=poster" "Mozilla/5.0 (Windows NT 10.0; Win64; x64) AppleWebKit/537.36 (KHTML, like Gecko) Chrome/87.0.4280.141 Safari/537.36"
77.220.105.179 - - [22/Jan/2021:17:38:00 +0100] "GET /reload?ser=1611333480169 HTTP/1.1" 200 28 "http://renault.2web.at/10201442?cat=10201637" "Mozilla/5.0 (Windows NT 10.0; Win64; x64; rv:84.0) Gecko/20100101 Firefox/84.0"
138.21.12.21 - - [22/Jan/2021:17:38:57 +0100] "GET /reload?ser=1611333536977 HTTP/1.1" 200 28 "http://renault.2web.at/result?dir=DESC&mode=grid&order=name&limit=15&page=1&search=poster" "Mozilla/5.0 (Windows NT 10.0; Win64; x64) AppleWebKit/537.36 (KHTML, like Gecko) Chrome/87.0.4280.141 Safari/537.36"
77.220.105.179 - - [22/Jan/2021:17:39:01 +0100] "GET /reload?ser=1611333541148 HTTP/1.1" 200 28 "http://renault.2web.at/10201442?cat=10201637" "Mozilla/5.0 (Windows NT 10.0; Win64; x64; rv:84.0) Gecko/20100101 Firefox/84.0"
138.21.12.21 - - [22/Jan/2021:17:39:59 +0100] "GET /reload?ser=1611333598975 HTTP/1.1" 200 28 "http://renault.2web.at/result?dir=DESC&mode=grid&order=name&limit=15&page=1&search=poster" "Mozilla/5.0 (Windows NT 10.0; Win64; x64) AppleWebKit/537.36 (KHTML, like Gecko) Chrome/87.0.4280.141 Safari/537.36"
77.220.105.179 - - [22/Jan/2021:17:40:02 +0100] "GET /reload?ser=1611333602107 HTTP/1.1" 200 28 "http://renault.2web.at/10201442?cat=10201637" "Mozilla/5.0 (Windows NT 10.0; Win64; x64; rv:84.0) Gecko/20100101 Firefox/84.0"
77.220.105.179 - - [22/Jan/2021:17:41:03 +0100] "GET /reload?ser=1611333663090 HTTP/1.1" 200 28 "http://renault.2web.at/10201442?cat=10201637" "Mozilla/5.0 (Windows NT 10.0; Win64; x64; rv:84.0) Gecko/20100101 Firefox/84.0"
77.220.105.179 - - [22/Jan/2021:17:42:04 +0100] "GET /reload?ser=1611333724026 HTTP/1.1" 200 28 "http://renault.2web.at/10201442?cat=10201637" "Mozilla/5.0 (Windows NT 10.0; Win64; x64; rv:84.0) Gecko/20100101 Firefox/84.0"
77.220.105.179 - - [22/Jan/2021:17:43:04 +0100] "GET /reload?ser=1611333784968 HTTP/1.1" 200 28 "http://renault.2web.at/10201442?cat=10201637" "Mozilla/5.0 (Windows NT 10.0; Win64; x64; rv:84.0) Gecko/20100101 Firefox/84.0"
77.220.105.179 - - [22/Jan/2021:17:44:05 +0100] "GET /reload?ser=1611333845913 HTTP/1.1" 200 28 "http://renault.2web.at/10201442?cat=10201637" "Mozilla/5.0 (Windows NT 10.0; Win64; x64; rv:84.0) Gecko/20100101 Firefox/84.0"
77.220.105.179 - - [22/Jan/2021:17:45:06 +0100] "GET /reload?ser=1611333906863 HTTP/1.1" 200 28 "http://renault.2web.at/10201442?cat=10201637" "Mozilla/5.0 (Windows NT 10.0; Win64; x64; rv:84.0) Gecko/20100101 Firefox/84.0"
77.220.105.179 - - [22/Jan/2021:17:46:07 +0100] "GET /reload?ser=1611333967819 HTTP/1.1" 200 28 "http://renault.2web.at/10201442?cat=10201637" "Mozilla/5.0 (Windows NT 10.0; Win64; x64; rv:84.0) Gecko/20100101 Firefox/84.0"
77.220.105.179 - - [22/Jan/2021:17:47:08 +0100] "GET /reload?ser=1611334028776 HTTP/1.1" 200 28 "http://renault.2web.at/10201442?cat=10201637" "Mozilla/5.0 (Windows NT 10.0; Win64; x64; rv:84.0) Gecko/20100101 Firefox/84.0"
77.220.105.179 - - [22/Jan/2021:17:48:09 +0100] "GET /reload?ser=1611334089753 HTTP/1.1" 200 28 "http://renault.2web.at/10201442?cat=10201637" "Mozilla/5.0 (Windows NT 10.0; Win64; x64; rv:84.0) Gecko/20100101 Firefox/84.0"
77.220.105.179 - - [22/Jan/2021:17:49:10 +0100] "GET /reload?ser=1611334150706 HTTP/1.1" 200 28 "http://renault.2web.at/10201442?cat=10201637" "Mozilla/5.0 (Windows NT 10.0; Win64; x64; rv:84.0) Gecko/20100101 Firefox/84.0"
77.220.105.179 - - [22/Jan/2021:17:50:11 +0100] "GET /reload?ser=1611334211665 HTTP/1.1" 200 28 "http://renault.2web.at/10201442?cat=10201637" "Mozilla/5.0 (Windows NT 10.0; Win64; x64; rv:84.0) Gecko/20100101 Firefox/84.0"
77.220.105.179 - - [22/Jan/2021:17:51:12 +0100] "GET /reload?ser=1611334272673 HTTP/1.1" 200 28 "http://renault.2web.at/10201442?cat=10201637" "Mozilla/5.0 (Windows NT 10.0; Win64; x64; rv:84.0) Gecko/20100101 Firefox/84.0"
77.220.105.179 - - [22/Jan/2021:17:52:13 +0100] "GET /reload?ser=1611334333654 HTTP/1.1" 200 28 "http://renault.2web.at/10201442?cat=10201637" "Mozilla/5.0 (Windows NT 10.0; Win64; x64; rv:84.0) Gecko/20100101 Firefox/84.0"
77.220.105.179 - - [22/Jan/2021:17:53:14 +0100] "GET /reload?ser=1611334394625 HTTP/1.1" 200 28 "http://renault.2web.at/10201442?cat=10201637" "Mozilla/5.0 (Windows NT 10.0; Win64; x64; rv:84.0) Gecko/20100101 Firefox/84.0"
77.220.105.179 - - [22/Jan/2021:17:54:15 +0100] "GET /reload?ser=1611334455933 HTTP/1.1" 200 28 "http://renault.2web.at/10201442?cat=10201637" "Mozilla/5.0 (Windows NT 10.0; Win64; x64; rv:84.0) Gecko/20100101 Firefox/84.0"
77.220.105.179 - - [22/Jan/2021:17:55:16 +0100] "GET /reload?ser=1611334516907 HTTP/1.1" 200 28 "http://renault.2web.at/10201442?cat=10201637" "Mozilla/5.0 (Windows NT 10.0; Win64; x64; rv:84.0) Gecko/20100101 Firefox/84.0"
77.220.105.179 - - [22/Jan/2021:17:56:17 +0100] "GET /reload?ser=1611334577859 HTTP/1.1" 200 28 "http://renault.2web.at/10201442?cat=10201637" "Mozilla/5.0 (Windows NT 10.0; Win64; x64; rv:84.0) Gecko/20100101 Firefox/84.0"
77.220.105.179 - - [22/Jan/2021:17:57:18 +0100] "GET /reload?ser=1611334638853 HTTP/1.1" 200 28 "http://renault.2web.at/10201442?cat=10201637" "Mozilla/5.0 (Windows NT 10.0; Win64; x64; rv:84.0) Gecko/20100101 Firefox/84.0"
77.220.105.179 - - [22/Jan/2021:17:58:19 +0100] "GET /reload?ser=1611334699816 HTTP/1.1" 200 28 "http://renault.2web.at/10201442?cat=10201637" "Mozilla/5.0 (Windows NT 10.0; Win64; x64; rv:84.0) Gecko/20100101 Firefox/84.0"
77.220.105.179 - - [22/Jan/2021:17:59:20 +0100] "GET /reload?ser=1611334760764 HTTP/1.1" 200 28 "http://renault.2web.at/10201442?cat=10201637" "Mozilla/5.0 (Windows NT 10.0; Win64; x64; rv:84.0) Gecko/20100101 Firefox/84.0"
77.220.105.179 - - [22/Jan/2021:18:00:21 +0100] "GET /reload?ser=1611334821728 HTTP/1.1" 200 28 "http://renault.2web.at/10201442?cat=10201637" "Mozilla/5.0 (Windows NT 10.0; Win64; x64; rv:84.0) Gecko/20100101 Firefox/84.0"
77.220.105.179 - - [22/Jan/2021:18:01:22 +0100] "GET /reload?ser=1611334882712 HTTP/1.1" 200 28 "http://renault.2web.at/10201442?cat=10201637" "Mozilla/5.0 (Windows NT 10.0; Win64; x64; rv:84.0) Gecko/20100101 Firefox/84.0"
77.220.105.179 - - [22/Jan/2021:18:02:23 +0100] "GET /reload?ser=1611334943668 HTTP/1.1" 200 28 "http://renault.2web.at/10201442?cat=10201637" "Mozilla/5.0 (Windows NT 10.0; Win64; x64; rv:84.0) Gecko/20100101 Firefox/84.0"
77.220.105.179 - - [22/Jan/2021:18:03:24 +0100] "GET /reload?ser=1611335004637 HTTP/1.1" 200 28 "http://renault.2web.at/10201442?cat=10201637" "Mozilla/5.0 (Windows NT 10.0; Win64; x64; rv:84.0) Gecko/20100101 Firefox/84.0"
77.220.105.179 - - [22/Jan/2021:18:04:25 +0100] "GET /reload?ser=1611335065602 HTTP/1.1" 200 28 "http://renault.2web.at/10201442?cat=10201637" "Mozilla/5.0 (Windows NT 10.0; Win64; x64; rv:84.0) Gecko/20100101 Firefox/84.0"
77.220.105.179 - - [22/Jan/2021:18:05:26 +0100] "GET /reload?ser=1611335126554 HTTP/1.1" 200 28 "http://renault.2web.at/10201442?cat=10201637" "Mozilla/5.0 (Windows NT 10.0; Win64; x64; rv:84.0) Gecko/20100101 Firefox/84.0"
77.220.105.179 - - [22/Jan/2021:18:06:27 +0100] "GET /reload?ser=1611335187508 HTTP/1.1" 200 28 "http://renault.2web.at/10201442?cat=10201637" "Mozilla/5.0 (Windows NT 10.0; Win64; x64; rv:84.0) Gecko/20100101 Firefox/84.0"
77.220.105.179 - - [22/Jan/2021:18:07:28 +0100] "GET /reload?ser=1611335248483 HTTP/1.1" 200 28 "http://renault.2web.at/10201442?cat=10201637" "Mozilla/5.0 (Windows NT 10.0; Win64; x64; rv:84.0) Gecko/20100101 Firefox/84.0"
77.220.105.179 - - [22/Jan/2021:18:08:29 +0100] "GET /reload?ser=1611335309457 HTTP/1.1" 200 28 "http://renault.2web.at/10201442?cat=10201637" "Mozilla/5.0 (Windows NT 10.0; Win64; x64; rv:84.0) Gecko/20100101 Firefox/84.0"
77.220.105.179 - - [22/Jan/2021:18:09:30 +0100] "GET /reload?ser=1611335370425 HTTP/1.1" 200 28 "http://renault.2web.at/10201442?cat=10201637" "Mozilla/5.0 (Windows NT 10.0; Win64; x64; rv:84.0) Gecko/20100101 Firefox/84.0"
77.220.105.179 - - [22/Jan/2021:18:10:31 +0100] "GET /reload?ser=1611335431396 HTTP/1.1" 200 28 "http://renault.2web.at/10201442?cat=10201637" "Mozilla/5.0 (Windows NT 10.0; Win64; x64; rv:84.0) Gecko/20100101 Firefox/84.0"
77.220.105.179 - - [22/Jan/2021:18:11:32 +0100] "GET /reload?ser=1611335492354 HTTP/1.1" 200 28 "http://renault.2web.at/10201442?cat=10201637" "Mozilla/5.0 (Windows NT 10.0; Win64; x64; rv:84.0) Gecko/20100101 Firefox/84.0"
77.220.105.179 - - [22/Jan/2021:18:12:33 +0100] "GET /reload?ser=1611335553299 HTTP/1.1" 200 28 "http://renault.2web.at/10201442?cat=10201637" "Mozilla/5.0 (Windows NT 10.0; Win64; x64; rv:84.0) Gecko/20100101 Firefox/84.0"
13.66.139.112 - - [22/Jan/2021:18:12:45 +0100] "GET /10227785 HTTP/1.1" 200 3572 "-" "Mozilla/5.0 (compatible; bingbot/2.0; +http://www.bing.com/bingbot.htm)"
77.220.105.179 - - [22/Jan/2021:18:13:34 +0100] "GET /reload?ser=1611335614252 HTTP/1.1" 200 28 "http://renault.2web.at/10201442?cat=10201637" "Mozilla/5.0 (Windows NT 10.0; Win64; x64; rv:84.0) Gecko/20100101 Firefox/84.0"
77.220.105.179 - - [22/Jan/2021:18:14:35 +0100] "GET /reload?ser=1611335675202 HTTP/1.1" 200 28 "http://renault.2web.at/10201442?cat=10201637" "Mozilla/5.0 (Windows NT 10.0; Win64; x64; rv:84.0) Gecko/20100101 Firefox/84.0"
77.220.105.179 - - [22/Jan/2021:18:15:36 +0100] "GET /reload?ser=1611335736118 HTTP/1.1" 200 28 "http://renault.2web.at/10201442?cat=10201637" "Mozilla/5.0 (Windows NT 10.0; Win64; x64; rv:84.0) Gecko/20100101 Firefox/84.0"
77.220.105.179 - - [22/Jan/2021:18:16:37 +0100] "GET /reload?ser=1611335797076 HTTP/1.1" 200 28 "http://renault.2web.at/10201442?cat=10201637" "Mozilla/5.0 (Windows NT 10.0; Win64; x64; rv:84.0) Gecko/20100101 Firefox/84.0"
77.220.105.179 - - [22/Jan/2021:18:17:38 +0100] "GET /reload?ser=1611335858054 HTTP/1.1" 200 28 "http://renault.2web.at/10201442?cat=10201637" "Mozilla/5.0 (Windows NT 10.0; Win64; x64; rv:84.0) Gecko/20100101 Firefox/84.0"
77.220.105.179 - - [22/Jan/2021:18:18:39 +0100] "GET /reload?ser=1611335918977 HTTP/1.1" 200 28 "http://renault.2web.at/10201442?cat=10201637" "Mozilla/5.0 (Windows NT 10.0; Win64; x64; rv:84.0) Gecko/20100101 Firefox/84.0"
77.220.105.179 - - [22/Jan/2021:18:19:39 +0100] "GET /reload?ser=1611335979924 HTTP/1.1" 200 28 "http://renault.2web.at/10201442?cat=10201637" "Mozilla/5.0 (Windows NT 10.0; Win64; x64; rv:84.0) Gecko/20100101 Firefox/84.0"
77.220.105.179 - - [22/Jan/2021:18:20:40 +0100] "GET /reload?ser=1611336040896 HTTP/1.1" 200 28 "http://renault.2web.at/10201442?cat=10201637" "Mozilla/5.0 (Windows NT 10.0; Win64; x64; rv:84.0) Gecko/20100101 Firefox/84.0"
77.220.105.179 - - [22/Jan/2021:18:21:41 +0100] "GET /reload?ser=1611336101864 HTTP/1.1" 200 28 "http://renault.2web.at/10201442?cat=10201637" "Mozilla/5.0 (Windows NT 10.0; Win64; x64; rv:84.0) Gecko/20100101 Firefox/84.0"
77.220.105.179 - - [22/Jan/2021:18:22:42 +0100] "GET /reload?ser=1611336162806 HTTP/1.1" 200 28 "http://renault.2web.at/10201442?cat=10201637" "Mozilla/5.0 (Windows NT 10.0; Win64; x64; rv:84.0) Gecko/20100101 Firefox/84.0"
77.220.105.179 - - [22/Jan/2021:18:23:06 +0100] "GET /12198622?print=true HTTP/1.1" 200 2934 "http://renault.2web.at/10201442?cat=10201637" "Mozilla/5.0 (Windows NT 10.0; Win64; x64; rv:84.0) Gecko/20100101 Firefox/84.0"
77.220.105.179 - - [22/Jan/2021:18:23:09 +0100] "GET /loadthumbnail.php?id=12198625&width=250 HTTP/1.1" 200 5514 "http://renault.2web.at/12198622?print=true" "Mozilla/5.0 (Windows NT 10.0; Win64; x64; rv:84.0) Gecko/20100101 Firefox/84.0"
77.220.105.179 - - [22/Jan/2021:18:23:09 +0100] "GET /loadthumbnail.php?id=12198625&width=250 HTTP/1.1" 200 5514 "http://renault.2web.at/12198622?print=true" "Mozilla/5.0 (Windows NT 10.0; Win64; x64; rv:84.0) Gecko/20100101 Firefox/84.0"
77.220.105.179 - - [22/Jan/2021:18:23:09 +0100] "GET /loadthumbnail.php?id=12198625&width=900&height=900 HTTP/1.1" 200 35576 "http://renault.2web.at/12198622?print=true" "Mozilla/5.0 (Windows NT 10.0; Win64; x64; rv:84.0) Gecko/20100101 Firefox/84.0"
77.220.105.179 - - [22/Jan/2021:18:23:23 +0100] "GET /12198622?print=true HTTP/1.1" 200 2934 "http://renault.2web.at/10201442?cat=10201637" "Mozilla/5.0 (Windows NT 10.0; Win64; x64; rv:84.0) Gecko/20100101 Firefox/84.0"
77.220.105.179 - - [22/Jan/2021:18:23:24 +0100] "GET /loadthumbnail.php?id=12198625&width=250 HTTP/1.1" 200 5514 "http://renault.2web.at/12198622?print=true" "Mozilla/5.0 (Windows NT 10.0; Win64; x64; rv:84.0) Gecko/20100101 Firefox/84.0"
77.220.105.179 - - [22/Jan/2021:18:23:24 +0100] "GET /loadthumbnail.php?id=12198625&width=900&height=900 HTTP/1.1" 200 35576 "http://renault.2web.at/12198622?print=true" "Mozilla/5.0 (Windows NT 10.0; Win64; x64; rv:84.0) Gecko/20100101 Firefox/84.0"
77.220.105.179 - - [22/Jan/2021:18:23:43 +0100] "GET /reload?ser=1611336223779 HTTP/1.1" 200 28 "http://renault.2web.at/10201442?cat=10201637" "Mozilla/5.0 (Windows NT 10.0; Win64; x64; rv:84.0) Gecko/20100101 Firefox/84.0"
77.220.105.179 - - [22/Jan/2021:18:24:44 +0100] "GET /reload?ser=1611336284701 HTTP/1.1" 200 28 "http://renault.2web.at/10201442?cat=10201637" "Mozilla/5.0 (Windows NT 10.0; Win64; x64; rv:84.0) Gecko/20100101 Firefox/84.0"
77.220.105.179 - - [22/Jan/2021:18:25:00 +0100] "POST /10201442?cat=10201637 HTTP/1.1" 200 12048 "http://renault.2web.at/10201442?cat=10201637" "Mozilla/5.0 (Windows NT 10.0; Win64; x64; rv:84.0) Gecko/20100101 Firefox/84.0"
77.220.105.179 - - [22/Jan/2021:18:25:04 +0100] "GET /images/success_msg_icon.gif HTTP/1.1" 200 1024 "http://renault.2web.at/css/styles.css" "Mozilla/5.0 (Windows NT 10.0; Win64; x64; rv:84.0) Gecko/20100101 Firefox/84.0"
77.220.105.179 - - [22/Jan/2021:18:25:04 +0100] "GET /loadthumbnail.php?id=12334029&width=50&height=50 HTTP/1.1" 200 1295 "http://renault.2web.at/10201442?cat=10201637" "Mozilla/5.0 (Windows NT 10.0; Win64; x64; rv:84.0) Gecko/20100101 Firefox/84.0"
77.220.105.179 - - [22/Jan/2021:18:25:04 +0100] "GET /loadthumbnail.php?id=10203276 HTTP/1.1" 200 75 "http://renault.2web.at/10201442?cat=10201637" "Mozilla/5.0 (Windows NT 10.0; Win64; x64; rv:84.0) Gecko/20100101 Firefox/84.0"
77.220.105.179 - - [22/Jan/2021:18:25:04 +0100] "GET /loadthumbnail.php?id=10203255 HTTP/1.1" 200 137 "http://renault.2web.at/10201442?cat=10201637" "Mozilla/5.0 (Windows NT 10.0; Win64; x64; rv:84.0) Gecko/20100101 Firefox/84.0"
77.220.105.179 - - [22/Jan/2021:18:25:04 +0100] "GET /loadthumbnail.php?id=10201939&width=15&height=15 HTTP/1.1" 200 201 "http://renault.2web.at/10201442?cat=10201637" "Mozilla/5.0 (Windows NT 10.0; Win64; x64; rv:84.0) Gecko/20100101 Firefox/84.0"
77.220.105.179 - - [22/Jan/2021:18:25:04 +0100] "GET /loadthumbnail.php?id=11967857&width=113 HTTP/1.1" 200 2260 "http://renault.2web.at/10201442?cat=10201637" "Mozilla/5.0 (Windows NT 10.0; Win64; x64; rv:84.0) Gecko/20100101 Firefox/84.0"
77.220.105.179 - - [22/Jan/2021:18:25:04 +0100] "GET /loadthumbnail.php?id=12197903&width=113 HTTP/1.1" 200 30608 "http://renault.2web.at/10201442?cat=10201637" "Mozilla/5.0 (Windows NT 10.0; Win64; x64; rv:84.0) Gecko/20100101 Firefox/84.0"
77.220.105.179 - - [22/Jan/2021:18:25:04 +0100] "GET /loadthumbnail.php?id=10203650&width=113 HTTP/1.1" 200 2741 "http://renault.2web.at/10201442?cat=10201637" "Mozilla/5.0 (Windows NT 10.0; Win64; x64; rv:84.0) Gecko/20100101 Firefox/84.0"
77.220.105.179 - - [22/Jan/2021:18:25:04 +0100] "GET /loadthumbnail.php?id=12198625&width=113 HTTP/1.1" 200 1975 "http://renault.2web.at/10201442?cat=10201637" "Mozilla/5.0 (Windows NT 10.0; Win64; x64; rv:84.0) Gecko/20100101 Firefox/84.0"
77.220.105.179 - - [22/Jan/2021:18:25:04 +0100] "GET /loadthumbnail.php?id=12198629&width=113 HTTP/1.1" 200 1975 "http://renault.2web.at/10201442?cat=10201637" "Mozilla/5.0 (Windows NT 10.0; Win64; x64; rv:84.0) Gecko/20100101 Firefox/84.0"
