212.186.132.156 - - [29/Jan/2021:12:34:30 +0100] "GET /js/checkout2.js HTTP/1.1" 200 4122 "http://renault.2web.at/checkout" "Mozilla/5.0 (Windows NT 10.0; WOW64; Trident/7.0; rv:11.0) like Gecko"
212.186.132.156 - - [29/Jan/2021:12:34:30 +0100] "GET /images/checkout_border_top.gif HTTP/1.1" 200 156 "http://renault.2web.at/checkout" "Mozilla/5.0 (Windows NT 10.0; WOW64; Trident/7.0; rv:11.0) like Gecko"
212.186.132.156 - - [29/Jan/2021:12:34:30 +0100] "GET /images/checkout_border.gif HTTP/1.1" 200 43 "http://renault.2web.at/checkout" "Mozilla/5.0 (Windows NT 10.0; WOW64; Trident/7.0; rv:11.0) like Gecko"
212.186.132.156 - - [29/Jan/2021:12:34:30 +0100] "GET /images/step_bg.jpg HTTP/1.1" 200 319 "http://renault.2web.at/checkout" "Mozilla/5.0 (Windows NT 10.0; WOW64; Trident/7.0; rv:11.0) like Gecko"
212.186.132.156 - - [29/Jan/2021:12:34:30 +0100] "GET /images/step_marker.gif HTTP/1.1" 200 650 "http://renault.2web.at/checkout" "Mozilla/5.0 (Windows NT 10.0; WOW64; Trident/7.0; rv:11.0) like Gecko"
212.186.132.156 - - [29/Jan/2021:12:34:30 +0100] "GET /loadthumbnail.php?id=10201939 HTTP/1.1" 200 201 "http://renault.2web.at/checkout" "Mozilla/5.0 (Windows NT 10.0; WOW64; Trident/7.0; rv:11.0) like Gecko"
212.186.132.156 - - [29/Jan/2021:12:34:30 +0100] "GET /loadthumbnail.php?id=10202698 HTTP/1.1" 200 16686 "http://renault.2web.at/checkout" "Mozilla/5.0 (Windows NT 10.0; WOW64; Trident/7.0; rv:11.0) like Gecko"
212.186.132.156 - - [29/Jan/2021:12:34:35 +0100] "POST /docheckout HTTP/1.1" 200 453 "http://renault.2web.at/checkout" "Mozilla/5.0 (Windows NT 10.0; WOW64; Trident/7.0; rv:11.0) like Gecko"
212.186.132.156 - - [29/Jan/2021:12:34:39 +0100] "POST /docheckout HTTP/1.1" 200 588 "http://renault.2web.at/checkout" "Mozilla/5.0 (Windows NT 10.0; WOW64; Trident/7.0; rv:11.0) like Gecko"
212.186.132.156 - - [29/Jan/2021:12:34:45 +0100] "POST /docheckout HTTP/1.1" 200 68 "http://renault.2web.at/checkout" "Mozilla/5.0 (Windows NT 10.0; WOW64; Trident/7.0; rv:11.0) like Gecko"
80.122.53.230 - - [29/Jan/2021:12:34:48 +0100] "GET /reload?ser=1611920088352 HTTP/1.1" 200 28 "http://renault.activities.at/account" "Mozilla/5.0 (Windows NT 10.0; Win64; x64) AppleWebKit/537.36 (KHTML, like Gecko) Chrome/88.0.4324.104 Safari/537.36"
212.186.132.156 - - [29/Jan/2021:12:34:47 +0100] "GET /success HTTP/1.1" 200 5887 "http://renault.2web.at/checkout" "Mozilla/5.0 (Windows NT 10.0; WOW64; Trident/7.0; rv:11.0) like Gecko"
213.147.166.10 - - [29/Jan/2021:12:34:54 +0100] "GET /reload?ser=1611920093991 HTTP/1.1" 200 28 "http://renault.activities.at/10260300?dir=DESC&mode=grid&order=name&limit=15&page=2" "Mozilla/5.0 (Windows NT 10.0; WOW64; Trident/7.0; rv:11.0) like Gecko"
80.122.53.230 - - [29/Jan/2021:12:35:11 +0100] "GET /reload?ser=1611920110816 HTTP/1.1" 200 28 "http://renault.activities.at/12359049" "Mozilla/5.0 (Windows NT 10.0; Win64; x64) AppleWebKit/537.36 (KHTML, like Gecko) Chrome/87.0.4280.141 Safari/537.36"
138.21.12.21 - - [29/Jan/2021:12:35:22 +0100] "GET /reload?ser=1611920122489 HTTP/1.1" 200 28 "http://renault.2web.at/account" "Mozilla/5.0 (Windows NT 10.0; Win64; x64) AppleWebKit/537.36 (KHTML, like Gecko) Chrome/87.0.4280.141 Safari/537.36"
80.122.53.230 - - [29/Jan/2021:12:35:29 +0100] "GET /reload?ser=1611920129675 HTTP/1.1" 200 28 "http://renault.activities.at/10260008?dir=DESC&mode=grid&order=name&limit=15&page=2" "Mozilla/5.0 (Windows NT 10.0; Win64; x64) AppleWebKit/537.36 (KHTML, like Gecko) Chrome/88.0.4324.104 Safari/537.36"
80.122.53.230 - - [29/Jan/2021:12:35:49 +0100] "GET /reload?ser=1611920149350 HTTP/1.1" 200 28 "http://renault.activities.at/account" "Mozilla/5.0 (Windows NT 10.0; Win64; x64) AppleWebKit/537.36 (KHTML, like Gecko) Chrome/88.0.4324.104 Safari/537.36"
213.147.166.10 - - [29/Jan/2021:12:35:55 +0100] "GET /reload?ser=1611920155343 HTTP/1.1" 200 28 "http://renault.activities.at/10260300?dir=DESC&mode=grid&order=name&limit=15&page=2" "Mozilla/5.0 (Windows NT 10.0; WOW64; Trident/7.0; rv:11.0) like Gecko"
80.122.53.230 - - [29/Jan/2021:12:36:12 +0100] "GET /reload?ser=1611920171810 HTTP/1.1" 200 28 "http://renault.activities.at/12359049" "Mozilla/5.0 (Windows NT 10.0; Win64; x64) AppleWebKit/537.36 (KHTML, like Gecko) Chrome/87.0.4280.141 Safari/537.36"
138.21.12.21 - - [29/Jan/2021:12:36:24 +0100] "GET /reload?ser=1611920184491 HTTP/1.1" 200 28 "http://renault.2web.at/account" "Mozilla/5.0 (Windows NT 10.0; Win64; x64) AppleWebKit/537.36 (KHTML, like Gecko) Chrome/87.0.4280.141 Safari/537.36"
80.122.53.230 - - [29/Jan/2021:12:36:30 +0100] "GET /reload?ser=1611920190679 HTTP/1.1" 200 28 "http://renault.activities.at/10260008?dir=DESC&mode=grid&order=name&limit=15&page=2" "Mozilla/5.0 (Windows NT 10.0; Win64; x64) AppleWebKit/537.36 (KHTML, like Gecko) Chrome/88.0.4324.104 Safari/537.36"
80.122.53.230 - - [29/Jan/2021:12:36:50 +0100] "GET /reload?ser=1611920210363 HTTP/1.1" 200 28 "http://renault.activities.at/account" "Mozilla/5.0 (Windows NT 10.0; Win64; x64) AppleWebKit/537.36 (KHTML, like Gecko) Chrome/88.0.4324.104 Safari/537.36"
213.147.166.10 - - [29/Jan/2021:12:36:56 +0100] "GET /reload?ser=1611920216493 HTTP/1.1" 200 28 "http://renault.activities.at/10260300?dir=DESC&mode=grid&order=name&limit=15&page=2" "Mozilla/5.0 (Windows NT 10.0; WOW64; Trident/7.0; rv:11.0) like Gecko"
80.122.53.230 - - [29/Jan/2021:12:37:13 +0100] "GET /reload?ser=1611920232816 HTTP/1.1" 200 28 "http://renault.activities.at/12359049" "Mozilla/5.0 (Windows NT 10.0; Win64; x64) AppleWebKit/537.36 (KHTML, like Gecko) Chrome/87.0.4280.141 Safari/537.36"
138.21.12.21 - - [29/Jan/2021:12:37:27 +0100] "GET /reload?ser=1611920246501 HTTP/1.1" 200 28 "http://renault.2web.at/account" "Mozilla/5.0 (Windows NT 10.0; Win64; x64) AppleWebKit/537.36 (KHTML, like Gecko) Chrome/87.0.4280.141 Safari/537.36"
80.122.53.230 - - [29/Jan/2021:12:37:31 +0100] "GET /reload?ser=1611920251679 HTTP/1.1" 200 28 "http://renault.activities.at/10260008?dir=DESC&mode=grid&order=name&limit=15&page=2" "Mozilla/5.0 (Windows NT 10.0; Win64; x64) AppleWebKit/537.36 (KHTML, like Gecko) Chrome/88.0.4324.104 Safari/537.36"
80.122.53.230 - - [29/Jan/2021:12:37:51 +0100] "GET /reload?ser=1611920271362 HTTP/1.1" 200 28 "http://renault.activities.at/account" "Mozilla/5.0 (Windows NT 10.0; Win64; x64) AppleWebKit/537.36 (KHTML, like Gecko) Chrome/88.0.4324.104 Safari/537.36"
213.147.166.10 - - [29/Jan/2021:12:38:02 +0100] "GET /reload?ser=1611920278199 HTTP/1.1" 200 28 "http://renault.activities.at/10260300?dir=DESC&mode=grid&order=name&limit=15&page=2" "Mozilla/5.0 (Windows NT 10.0; WOW64; Trident/7.0; rv:11.0) like Gecko"
80.122.53.230 - - [29/Jan/2021:12:38:14 +0100] "GET /reload?ser=1611920293809 HTTP/1.1" 200 28 "http://renault.activities.at/12359049" "Mozilla/5.0 (Windows NT 10.0; Win64; x64) AppleWebKit/537.36 (KHTML, like Gecko) Chrome/87.0.4280.141 Safari/537.36"
138.21.12.21 - - [29/Jan/2021:12:38:28 +0100] "GET /reload?ser=1611920308491 HTTP/1.1" 200 28 "http://renault.2web.at/account" "Mozilla/5.0 (Windows NT 10.0; Win64; x64) AppleWebKit/537.36 (KHTML, like Gecko) Chrome/87.0.4280.141 Safari/537.36"
80.122.53.230 - - [29/Jan/2021:12:38:32 +0100] "GET /reload?ser=1611920312673 HTTP/1.1" 200 28 "http://renault.activities.at/10260008?dir=DESC&mode=grid&order=name&limit=15&page=2" "Mozilla/5.0 (Windows NT 10.0; Win64; x64) AppleWebKit/537.36 (KHTML, like Gecko) Chrome/88.0.4324.104 Safari/537.36"
80.122.53.230 - - [29/Jan/2021:12:38:52 +0100] "GET /reload?ser=1611920332360 HTTP/1.1" 200 28 "http://renault.activities.at/account" "Mozilla/5.0 (Windows NT 10.0; Win64; x64) AppleWebKit/537.36 (KHTML, like Gecko) Chrome/88.0.4324.104 Safari/537.36"
213.147.166.10 - - [29/Jan/2021:12:39:07 +0100] "GET /reload?ser=1611920345266 HTTP/1.1" 200 28 "http://renault.activities.at/10260300?dir=DESC&mode=grid&order=name&limit=15&page=2" "Mozilla/5.0 (Windows NT 10.0; WOW64; Trident/7.0; rv:11.0) like Gecko"
80.122.53.230 - - [29/Jan/2021:12:39:15 +0100] "GET /reload?ser=1611920354820 HTTP/1.1" 200 28 "http://renault.activities.at/12359049" "Mozilla/5.0 (Windows NT 10.0; Win64; x64) AppleWebKit/537.36 (KHTML, like Gecko) Chrome/87.0.4280.141 Safari/537.36"
138.21.12.21 - - [29/Jan/2021:12:39:30 +0100] "GET /reload?ser=1611920370490 HTTP/1.1" 200 28 "http://renault.2web.at/account" "Mozilla/5.0 (Windows NT 10.0; Win64; x64) AppleWebKit/537.36 (KHTML, like Gecko) Chrome/87.0.4280.141 Safari/537.36"
80.122.53.230 - - [29/Jan/2021:12:39:33 +0100] "GET /reload?ser=1611920373673 HTTP/1.1" 200 28 "http://renault.activities.at/10260008?dir=DESC&mode=grid&order=name&limit=15&page=2" "Mozilla/5.0 (Windows NT 10.0; Win64; x64) AppleWebKit/537.36 (KHTML, like Gecko) Chrome/88.0.4324.104 Safari/537.36"
80.122.53.230 - - [29/Jan/2021:12:39:53 +0100] "GET /reload?ser=1611920393365 HTTP/1.1" 200 28 "http://renault.activities.at/account" "Mozilla/5.0 (Windows NT 10.0; Win64; x64) AppleWebKit/537.36 (KHTML, like Gecko) Chrome/88.0.4324.104 Safari/537.36"
213.147.166.10 - - [29/Jan/2021:12:40:12 +0100] "GET /reload?ser=1611920409855 HTTP/1.1" 200 28 "http://renault.activities.at/10260300?dir=DESC&mode=grid&order=name&limit=15&page=2" "Mozilla/5.0 (Windows NT 10.0; WOW64; Trident/7.0; rv:11.0) like Gecko"
80.122.53.230 - - [29/Jan/2021:12:40:16 +0100] "GET /reload?ser=1611920415822 HTTP/1.1" 200 28 "http://renault.activities.at/12359049" "Mozilla/5.0 (Windows NT 10.0; Win64; x64) AppleWebKit/537.36 (KHTML, like Gecko) Chrome/87.0.4280.141 Safari/537.36"
138.21.12.21 - - [29/Jan/2021:12:40:32 +0100] "GET /reload?ser=1611920432493 HTTP/1.1" 200 28 "http://renault.2web.at/account" "Mozilla/5.0 (Windows NT 10.0; Win64; x64) AppleWebKit/537.36 (KHTML, like Gecko) Chrome/87.0.4280.141 Safari/537.36"
80.122.53.230 - - [29/Jan/2021:12:40:34 +0100] "GET /reload?ser=1611920434688 HTTP/1.1" 200 28 "http://renault.activities.at/10260008?dir=DESC&mode=grid&order=name&limit=15&page=2" "Mozilla/5.0 (Windows NT 10.0; Win64; x64) AppleWebKit/537.36 (KHTML, like Gecko) Chrome/88.0.4324.104 Safari/537.36"
80.122.53.230 - - [29/Jan/2021:12:40:54 +0100] "GET /reload?ser=1611920454355 HTTP/1.1" 200 28 "http://renault.activities.at/account" "Mozilla/5.0 (Windows NT 10.0; Win64; x64) AppleWebKit/537.36 (KHTML, like Gecko) Chrome/88.0.4324.104 Safari/537.36"
213.147.166.10 - - [29/Jan/2021:12:41:16 +0100] "GET /reload?ser=1611920473999 HTTP/1.1" 200 28 "http://renault.activities.at/10260300?dir=DESC&mode=grid&order=name&limit=15&page=2" "Mozilla/5.0 (Windows NT 10.0; WOW64; Trident/7.0; rv:11.0) like Gecko"
80.122.53.230 - - [29/Jan/2021:12:41:17 +0100] "GET /reload?ser=1611920476819 HTTP/1.1" 200 28 "http://renault.activities.at/12359049" "Mozilla/5.0 (Windows NT 10.0; Win64; x64) AppleWebKit/537.36 (KHTML, like Gecko) Chrome/87.0.4280.141 Safari/537.36"
138.21.12.21 - - [29/Jan/2021:12:41:34 +0100] "GET /reload?ser=1611920494494 HTTP/1.1" 200 28 "http://renault.2web.at/account" "Mozilla/5.0 (Windows NT 10.0; Win64; x64) AppleWebKit/537.36 (KHTML, like Gecko) Chrome/87.0.4280.141 Safari/537.36"
80.122.53.230 - - [29/Jan/2021:12:41:35 +0100] "GET /reload?ser=1611920495677 HTTP/1.1" 200 28 "http://renault.activities.at/10260008?dir=DESC&mode=grid&order=name&limit=15&page=2" "Mozilla/5.0 (Windows NT 10.0; Win64; x64) AppleWebKit/537.36 (KHTML, like Gecko) Chrome/88.0.4324.104 Safari/537.36"
80.122.53.230 - - [29/Jan/2021:12:41:55 +0100] "GET /reload?ser=1611920515363 HTTP/1.1" 200 28 "http://renault.activities.at/account" "Mozilla/5.0 (Windows NT 10.0; Win64; x64) AppleWebKit/537.36 (KHTML, like Gecko) Chrome/88.0.4324.104 Safari/537.36"
80.122.53.230 - - [29/Jan/2021:12:42:18 +0100] "GET /reload?ser=1611920537825 HTTP/1.1" 200 28 "http://renault.activities.at/12359049" "Mozilla/5.0 (Windows NT 10.0; Win64; x64) AppleWebKit/537.36 (KHTML, like Gecko) Chrome/87.0.4280.141 Safari/537.36"
213.147.166.10 - - [29/Jan/2021:12:42:19 +0100] "GET /reload?ser=1611920539311 HTTP/1.1" 200 28 "http://renault.activities.at/10260300?dir=DESC&mode=grid&order=name&limit=15&page=2" "Mozilla/5.0 (Windows NT 10.0; WOW64; Trident/7.0; rv:11.0) like Gecko"
80.122.53.230 - - [29/Jan/2021:12:42:36 +0100] "GET /reload?ser=1611920556687 HTTP/1.1" 200 28 "http://renault.activities.at/10260008?dir=DESC&mode=grid&order=name&limit=15&page=2" "Mozilla/5.0 (Windows NT 10.0; Win64; x64) AppleWebKit/537.36 (KHTML, like Gecko) Chrome/88.0.4324.104 Safari/537.36"
138.21.12.21 - - [29/Jan/2021:12:42:36 +0100] "GET /reload?ser=1611920556508 HTTP/1.1" 200 28 "http://renault.2web.at/account" "Mozilla/5.0 (Windows NT 10.0; Win64; x64) AppleWebKit/537.36 (KHTML, like Gecko) Chrome/87.0.4280.141 Safari/537.36"
80.122.53.230 - - [29/Jan/2021:12:42:56 +0100] "GET /reload?ser=1611920576351 HTTP/1.1" 200 28 "http://renault.activities.at/account" "Mozilla/5.0 (Windows NT 10.0; Win64; x64) AppleWebKit/537.36 (KHTML, like Gecko) Chrome/88.0.4324.104 Safari/537.36"
80.122.53.230 - - [29/Jan/2021:12:43:19 +0100] "GET /reload?ser=1611920598826 HTTP/1.1" 200 28 "http://renault.activities.at/12359049" "Mozilla/5.0 (Windows NT 10.0; Win64; x64) AppleWebKit/537.36 (KHTML, like Gecko) Chrome/87.0.4280.141 Safari/537.36"
213.147.166.10 - - [29/Jan/2021:12:43:22 +0100] "GET /reload?ser=1611920600962 HTTP/1.1" 200 28 "http://renault.activities.at/10260300?dir=DESC&mode=grid&order=name&limit=15&page=2" "Mozilla/5.0 (Windows NT 10.0; WOW64; Trident/7.0; rv:11.0) like Gecko"
80.122.53.230 - - [29/Jan/2021:12:43:38 +0100] "GET /reload?ser=1611920618672 HTTP/1.1" 200 28 "http://renault.activities.at/10260008?dir=DESC&mode=grid&order=name&limit=15&page=2" "Mozilla/5.0 (Windows NT 10.0; Win64; x64) AppleWebKit/537.36 (KHTML, like Gecko) Chrome/88.0.4324.104 Safari/537.36"
138.21.12.21 - - [29/Jan/2021:12:43:39 +0100] "GET /reload?ser=1611920618494 HTTP/1.1" 200 28 "http://renault.2web.at/account" "Mozilla/5.0 (Windows NT 10.0; Win64; x64) AppleWebKit/537.36 (KHTML, like Gecko) Chrome/87.0.4280.141 Safari/537.36"
80.122.53.230 - - [29/Jan/2021:12:43:57 +0100] "GET /reload?ser=1611920637365 HTTP/1.1" 200 28 "http://renault.activities.at/account" "Mozilla/5.0 (Windows NT 10.0; Win64; x64) AppleWebKit/537.36 (KHTML, like Gecko) Chrome/88.0.4324.104 Safari/537.36"
80.122.53.230 - - [29/Jan/2021:12:44:20 +0100] "GET /reload?ser=1611920659820 HTTP/1.1" 200 28 "http://renault.activities.at/12359049" "Mozilla/5.0 (Windows NT 10.0; Win64; x64) AppleWebKit/537.36 (KHTML, like Gecko) Chrome/87.0.4280.141 Safari/537.36"
213.147.166.10 - - [29/Jan/2021:12:44:25 +0100] "GET /reload?ser=1611920664280 HTTP/1.1" 200 28 "http://renault.activities.at/10260300?dir=DESC&mode=grid&order=name&limit=15&page=2" "Mozilla/5.0 (Windows NT 10.0; WOW64; Trident/7.0; rv:11.0) like Gecko"
80.122.53.230 - - [29/Jan/2021:12:44:39 +0100] "GET /reload?ser=1611920679677 HTTP/1.1" 200 28 "http://renault.activities.at/10260008?dir=DESC&mode=grid&order=name&limit=15&page=2" "Mozilla/5.0 (Windows NT 10.0; Win64; x64) AppleWebKit/537.36 (KHTML, like Gecko) Chrome/88.0.4324.104 Safari/537.36"
138.21.12.21 - - [29/Jan/2021:12:44:40 +0100] "GET /reload?ser=1611920680500 HTTP/1.1" 200 28 "http://renault.2web.at/account" "Mozilla/5.0 (Windows NT 10.0; Win64; x64) AppleWebKit/537.36 (KHTML, like Gecko) Chrome/87.0.4280.141 Safari/537.36"
80.122.53.230 - - [29/Jan/2021:12:44:59 +0100] "GET /reload?ser=1611920699365 HTTP/1.1" 200 28 "http://renault.activities.at/account" "Mozilla/5.0 (Windows NT 10.0; Win64; x64) AppleWebKit/537.36 (KHTML, like Gecko) Chrome/88.0.4324.104 Safari/537.36"
80.122.53.230 - - [29/Jan/2021:12:45:21 +0100] "GET /reload?ser=1611920720817 HTTP/1.1" 200 28 "http://renault.activities.at/12359049" "Mozilla/5.0 (Windows NT 10.0; Win64; x64) AppleWebKit/537.36 (KHTML, like Gecko) Chrome/87.0.4280.141 Safari/537.36"
213.147.166.10 - - [29/Jan/2021:12:45:27 +0100] "GET /reload?ser=1611920727230 HTTP/1.1" 200 28 "http://renault.activities.at/10260300?dir=DESC&mode=grid&order=name&limit=15&page=2" "Mozilla/5.0 (Windows NT 10.0; WOW64; Trident/7.0; rv:11.0) like Gecko"
80.122.53.230 - - [29/Jan/2021:12:45:40 +0100] "GET /reload?ser=1611920740685 HTTP/1.1" 200 28 "http://renault.activities.at/10260008?dir=DESC&mode=grid&order=name&limit=15&page=2" "Mozilla/5.0 (Windows NT 10.0; Win64; x64) AppleWebKit/537.36 (KHTML, like Gecko) Chrome/88.0.4324.104 Safari/537.36"
138.21.12.21 - - [29/Jan/2021:12:45:42 +0100] "GET /reload?ser=1611920742492 HTTP/1.1" 200 28 "http://renault.2web.at/account" "Mozilla/5.0 (Windows NT 10.0; Win64; x64) AppleWebKit/537.36 (KHTML, like Gecko) Chrome/87.0.4280.141 Safari/537.36"
80.122.53.230 - - [29/Jan/2021:12:46:00 +0100] "GET /reload?ser=1611920760362 HTTP/1.1" 200 28 "http://renault.activities.at/account" "Mozilla/5.0 (Windows NT 10.0; Win64; x64) AppleWebKit/537.36 (KHTML, like Gecko) Chrome/88.0.4324.104 Safari/537.36"
80.122.53.230 - - [29/Jan/2021:12:46:23 +0100] "GET /reload?ser=1611920782814 HTTP/1.1" 200 28 "http://renault.activities.at/12359049" "Mozilla/5.0 (Windows NT 10.0; Win64; x64) AppleWebKit/537.36 (KHTML, like Gecko) Chrome/87.0.4280.141 Safari/537.36"
213.147.166.10 - - [29/Jan/2021:12:46:33 +0100] "GET /reload?ser=1611920793425 HTTP/1.1" 200 28 "http://renault.activities.at/10260300?dir=DESC&mode=grid&order=name&limit=15&page=2" "Mozilla/5.0 (Windows NT 10.0; WOW64; Trident/7.0; rv:11.0) like Gecko"
80.122.53.230 - - [29/Jan/2021:12:46:41 +0100] "GET /reload?ser=1611920801682 HTTP/1.1" 200 28 "http://renault.activities.at/10260008?dir=DESC&mode=grid&order=name&limit=15&page=2" "Mozilla/5.0 (Windows NT 10.0; Win64; x64) AppleWebKit/537.36 (KHTML, like Gecko) Chrome/88.0.4324.104 Safari/537.36"
138.21.12.21 - - [29/Jan/2021:12:46:45 +0100] "GET /reload?ser=1611920804499 HTTP/1.1" 200 28 "http://renault.2web.at/account" "Mozilla/5.0 (Windows NT 10.0; Win64; x64) AppleWebKit/537.36 (KHTML, like Gecko) Chrome/87.0.4280.141 Safari/537.36"
80.122.53.230 - - [29/Jan/2021:12:47:01 +0100] "GET /reload?ser=1611920821362 HTTP/1.1" 200 28 "http://renault.activities.at/account" "Mozilla/5.0 (Windows NT 10.0; Win64; x64) AppleWebKit/537.36 (KHTML, like Gecko) Chrome/88.0.4324.104 Safari/537.36"
80.122.53.230 - - [29/Jan/2021:12:47:24 +0100] "GET /reload?ser=1611920843813 HTTP/1.1" 200 28 "http://renault.activities.at/12359049" "Mozilla/5.0 (Windows NT 10.0; Win64; x64) AppleWebKit/537.36 (KHTML, like Gecko) Chrome/87.0.4280.141 Safari/537.36"
213.147.166.10 - - [29/Jan/2021:12:47:35 +0100] "GET /reload?ser=1611920854988 HTTP/1.1" 200 28 "http://renault.activities.at/10260300?dir=DESC&mode=grid&order=name&limit=15&page=2" "Mozilla/5.0 (Windows NT 10.0; WOW64; Trident/7.0; rv:11.0) like Gecko"
80.122.53.230 - - [29/Jan/2021:12:47:42 +0100] "GET /reload?ser=1611920862682 HTTP/1.1" 200 28 "http://renault.activities.at/10260008?dir=DESC&mode=grid&order=name&limit=15&page=2" "Mozilla/5.0 (Windows NT 10.0; Win64; x64) AppleWebKit/537.36 (KHTML, like Gecko) Chrome/88.0.4324.104 Safari/537.36"
138.21.12.21 - - [29/Jan/2021:12:47:46 +0100] "GET /reload?ser=1611920866496 HTTP/1.1" 200 28 "http://renault.2web.at/account" "Mozilla/5.0 (Windows NT 10.0; Win64; x64) AppleWebKit/537.36 (KHTML, like Gecko) Chrome/87.0.4280.141 Safari/537.36"
80.122.53.230 - - [29/Jan/2021:12:48:02 +0100] "GET /reload?ser=1611920882360 HTTP/1.1" 200 28 "http://renault.activities.at/account" "Mozilla/5.0 (Windows NT 10.0; Win64; x64) AppleWebKit/537.36 (KHTML, like Gecko) Chrome/88.0.4324.104 Safari/537.36"
80.122.53.230 - - [29/Jan/2021:12:48:25 +0100] "GET /reload?ser=1611920904826 HTTP/1.1" 200 28 "http://renault.activities.at/12359049" "Mozilla/5.0 (Windows NT 10.0; Win64; x64) AppleWebKit/537.36 (KHTML, like Gecko) Chrome/87.0.4280.141 Safari/537.36"
213.147.166.10 - - [29/Jan/2021:12:48:37 +0100] "GET /reload?ser=1611920916046 HTTP/1.1" 200 28 "http://renault.activities.at/10260300?dir=DESC&mode=grid&order=name&limit=15&page=2" "Mozilla/5.0 (Windows NT 10.0; WOW64; Trident/7.0; rv:11.0) like Gecko"
80.122.53.230 - - [29/Jan/2021:12:48:43 +0100] "GET /reload?ser=1611920923679 HTTP/1.1" 200 28 "http://renault.activities.at/10260008?dir=DESC&mode=grid&order=name&limit=15&page=2" "Mozilla/5.0 (Windows NT 10.0; Win64; x64) AppleWebKit/537.36 (KHTML, like Gecko) Chrome/88.0.4324.104 Safari/537.36"
138.21.12.21 - - [29/Jan/2021:12:48:48 +0100] "GET /reload?ser=1611920928511 HTTP/1.1" 200 28 "http://renault.2web.at/account" "Mozilla/5.0 (Windows NT 10.0; Win64; x64) AppleWebKit/537.36 (KHTML, like Gecko) Chrome/87.0.4280.141 Safari/537.36"
80.122.53.230 - - [29/Jan/2021:12:49:04 +0100] "GET /reload?ser=1611920944359 HTTP/1.1" 200 28 "http://renault.activities.at/account" "Mozilla/5.0 (Windows NT 10.0; Win64; x64) AppleWebKit/537.36 (KHTML, like Gecko) Chrome/88.0.4324.104 Safari/537.36"
80.122.53.230 - - [29/Jan/2021:12:49:26 +0100] "GET /reload?ser=1611920965828 HTTP/1.1" 200 28 "http://renault.activities.at/12359049" "Mozilla/5.0 (Windows NT 10.0; Win64; x64) AppleWebKit/537.36 (KHTML, like Gecko) Chrome/87.0.4280.141 Safari/537.36"
157.55.39.171 - - [29/Jan/2021:12:49:25 +0100] "GET /10201442?cat=10227785 HTTP/1.1" 302 150 "-" "Mozilla/5.0 (compatible; bingbot/2.0; +http://www.bing.com/bingbot.htm)"
157.55.39.171 - - [29/Jan/2021:12:49:27 +0100] "GET /login?required=true HTTP/1.1" 200 2085 "-" "Mozilla/5.0 (compatible; bingbot/2.0; +http://www.bing.com/bingbot.htm)"
213.147.166.10 - - [29/Jan/2021:12:49:42 +0100] "GET /reload?ser=1611920979189 HTTP/1.1" 200 28 "http://renault.activities.at/10260300?dir=DESC&mode=grid&order=name&limit=15&page=2" "Mozilla/5.0 (Windows NT 10.0; WOW64; Trident/7.0; rv:11.0) like Gecko"
80.122.53.230 - - [29/Jan/2021:12:49:44 +0100] "GET /reload?ser=1611920984680 HTTP/1.1" 200 28 "http://renault.activities.at/10260008?dir=DESC&mode=grid&order=name&limit=15&page=2" "Mozilla/5.0 (Windows NT 10.0; Win64; x64) AppleWebKit/537.36 (KHTML, like Gecko) Chrome/88.0.4324.104 Safari/537.36"
138.21.12.21 - - [29/Jan/2021:12:49:50 +0100] "GET /reload?ser=1611920990510 HTTP/1.1" 200 28 "http://renault.2web.at/account" "Mozilla/5.0 (Windows NT 10.0; Win64; x64) AppleWebKit/537.36 (KHTML, like Gecko) Chrome/87.0.4280.141 Safari/537.36"
80.122.53.230 - - [29/Jan/2021:12:50:06 +0100] "GET /reload?ser=1611921006364 HTTP/1.1" 200 28 "http://renault.activities.at/account" "Mozilla/5.0 (Windows NT 10.0; Win64; x64) AppleWebKit/537.36 (KHTML, like Gecko) Chrome/88.0.4324.104 Safari/537.36"
80.122.53.230 - - [29/Jan/2021:12:50:27 +0100] "GET /reload?ser=1611921026827 HTTP/1.1" 200 28 "http://renault.activities.at/12359049" "Mozilla/5.0 (Windows NT 10.0; Win64; x64) AppleWebKit/537.36 (KHTML, like Gecko) Chrome/87.0.4280.141 Safari/537.36"
213.147.166.10 - - [29/Jan/2021:12:50:44 +0100] "GET /reload?ser=1611921044310 HTTP/1.1" 200 28 "http://renault.activities.at/10260300?dir=DESC&mode=grid&order=name&limit=15&page=2" "Mozilla/5.0 (Windows NT 10.0; WOW64; Trident/7.0; rv:11.0) like Gecko"
80.122.53.230 - - [29/Jan/2021:12:50:45 +0100] "GET /reload?ser=1611921045682 HTTP/1.1" 200 28 "http://renault.activities.at/10260008?dir=DESC&mode=grid&order=name&limit=15&page=2" "Mozilla/5.0 (Windows NT 10.0; Win64; x64) AppleWebKit/537.36 (KHTML, like Gecko) Chrome/88.0.4324.104 Safari/537.36"
138.21.12.21 - - [29/Jan/2021:12:50:52 +0100] "GET /reload?ser=1611921052515 HTTP/1.1" 200 28 "http://renault.2web.at/account" "Mozilla/5.0 (Windows NT 10.0; Win64; x64) AppleWebKit/537.36 (KHTML, like Gecko) Chrome/87.0.4280.141 Safari/537.36"
80.122.53.230 - - [29/Jan/2021:12:51:07 +0100] "GET /reload?ser=1611921067362 HTTP/1.1" 200 28 "http://renault.activities.at/account" "Mozilla/5.0 (Windows NT 10.0; Win64; x64) AppleWebKit/537.36 (KHTML, like Gecko) Chrome/88.0.4324.104 Safari/537.36"
80.122.53.230 - - [29/Jan/2021:12:51:28 +0100] "GET /reload?ser=1611921087825 HTTP/1.1" 200 28 "http://renault.activities.at/12359049" "Mozilla/5.0 (Windows NT 10.0; Win64; x64) AppleWebKit/537.36 (KHTML, like Gecko) Chrome/87.0.4280.141 Safari/537.36"
213.147.166.10 - - [29/Jan/2021:12:51:45 +0100] "GET /reload?ser=1611921105312 HTTP/1.1" 200 28 "http://renault.activities.at/10260300?dir=DESC&mode=grid&order=name&limit=15&page=2" "Mozilla/5.0 (Windows NT 10.0; WOW64; Trident/7.0; rv:11.0) like Gecko"
80.122.53.230 - - [29/Jan/2021:12:51:46 +0100] "GET /reload?ser=1611921106681 HTTP/1.1" 200 28 "http://renault.activities.at/10260008?dir=DESC&mode=grid&order=name&limit=15&page=2" "Mozilla/5.0 (Windows NT 10.0; Win64; x64) AppleWebKit/537.36 (KHTML, like Gecko) Chrome/88.0.4324.104 Safari/537.36"
138.21.12.21 - - [29/Jan/2021:12:51:54 +0100] "GET /reload?ser=1611921114531 HTTP/1.1" 200 28 "http://renault.2web.at/account" "Mozilla/5.0 (Windows NT 10.0; Win64; x64) AppleWebKit/537.36 (KHTML, like Gecko) Chrome/87.0.4280.141 Safari/537.36"
80.122.53.230 - - [29/Jan/2021:12:52:09 +0100] "GET /reload?ser=1611921129363 HTTP/1.1" 200 28 "http://renault.activities.at/account" "Mozilla/5.0 (Windows NT 10.0; Win64; x64) AppleWebKit/537.36 (KHTML, like Gecko) Chrome/88.0.4324.104 Safari/537.36"
80.122.53.230 - - [29/Jan/2021:12:52:29 +0100] "GET /reload?ser=1611921148820 HTTP/1.1" 200 28 "http://renault.activities.at/12359049" "Mozilla/5.0 (Windows NT 10.0; Win64; x64) AppleWebKit/537.36 (KHTML, like Gecko) Chrome/87.0.4280.141 Safari/537.36"
213.147.166.10 - - [29/Jan/2021:12:52:46 +0100] "GET /reload?ser=1611921166317 HTTP/1.1" 200 28 "http://renault.activities.at/10260300?dir=DESC&mode=grid&order=name&limit=15&page=2" "Mozilla/5.0 (Windows NT 10.0; WOW64; Trident/7.0; rv:11.0) like Gecko"
80.122.53.230 - - [29/Jan/2021:12:52:47 +0100] "GET /reload?ser=1611921167673 HTTP/1.1" 200 28 "http://renault.activities.at/10260008?dir=DESC&mode=grid&order=name&limit=15&page=2" "Mozilla/5.0 (Windows NT 10.0; Win64; x64) AppleWebKit/537.36 (KHTML, like Gecko) Chrome/88.0.4324.104 Safari/537.36"
138.21.12.21 - - [29/Jan/2021:12:52:56 +0100] "GET /reload?ser=1611921176528 HTTP/1.1" 200 28 "http://renault.2web.at/account" "Mozilla/5.0 (Windows NT 10.0; Win64; x64) AppleWebKit/537.36 (KHTML, like Gecko) Chrome/87.0.4280.141 Safari/537.36"
80.122.53.230 - - [29/Jan/2021:12:53:10 +0100] "GET /reload?ser=1611921190363 HTTP/1.1" 200 28 "http://renault.activities.at/account" "Mozilla/5.0 (Windows NT 10.0; Win64; x64) AppleWebKit/537.36 (KHTML, like Gecko) Chrome/88.0.4324.104 Safari/537.36"
80.122.53.230 - - [29/Jan/2021:12:53:30 +0100] "GET /reload?ser=1611921209818 HTTP/1.1" 200 28 "http://renault.activities.at/12359049" "Mozilla/5.0 (Windows NT 10.0; Win64; x64) AppleWebKit/537.36 (KHTML, like Gecko) Chrome/87.0.4280.141 Safari/537.36"
213.147.166.10 - - [29/Jan/2021:12:53:48 +0100] "GET /reload?ser=1611921227761 HTTP/1.1" 200 28 "http://renault.activities.at/10260300?dir=DESC&mode=grid&order=name&limit=15&page=2" "Mozilla/5.0 (Windows NT 10.0; WOW64; Trident/7.0; rv:11.0) like Gecko"
80.122.53.230 - - [29/Jan/2021:12:53:48 +0100] "GET /reload?ser=1611921228676 HTTP/1.1" 200 28 "http://renault.activities.at/10260008?dir=DESC&mode=grid&order=name&limit=15&page=2" "Mozilla/5.0 (Windows NT 10.0; Win64; x64) AppleWebKit/537.36 (KHTML, like Gecko) Chrome/88.0.4324.104 Safari/537.36"
138.21.12.21 - - [29/Jan/2021:12:53:58 +0100] "GET /reload?ser=1611921238533 HTTP/1.1" 200 28 "http://renault.2web.at/account" "Mozilla/5.0 (Windows NT 10.0; Win64; x64) AppleWebKit/537.36 (KHTML, like Gecko) Chrome/87.0.4280.141 Safari/537.36"
80.122.53.230 - - [29/Jan/2021:12:54:11 +0100] "GET /reload?ser=1611921251359 HTTP/1.1" 200 28 "http://renault.activities.at/account" "Mozilla/5.0 (Windows NT 10.0; Win64; x64) AppleWebKit/537.36 (KHTML, like Gecko) Chrome/88.0.4324.104 Safari/537.36"
80.122.53.230 - - [29/Jan/2021:12:54:31 +0100] "GET /reload?ser=1611921270822 HTTP/1.1" 200 28 "http://renault.activities.at/12359049" "Mozilla/5.0 (Windows NT 10.0; Win64; x64) AppleWebKit/537.36 (KHTML, like Gecko) Chrome/87.0.4280.141 Safari/537.36"
80.122.53.230 - - [29/Jan/2021:12:54:49 +0100] "GET /reload?ser=1611921289682 HTTP/1.1" 200 28 "http://renault.activities.at/10260008?dir=DESC&mode=grid&order=name&limit=15&page=2" "Mozilla/5.0 (Windows NT 10.0; Win64; x64) AppleWebKit/537.36 (KHTML, like Gecko) Chrome/88.0.4324.104 Safari/537.36"
213.147.166.10 - - [29/Jan/2021:12:54:49 +0100] "GET /reload?ser=1611921289489 HTTP/1.1" 200 28 "http://renault.activities.at/10260300?dir=DESC&mode=grid&order=name&limit=15&page=2" "Mozilla/5.0 (Windows NT 10.0; WOW64; Trident/7.0; rv:11.0) like Gecko"
138.21.12.21 - - [29/Jan/2021:12:55:00 +0100] "GET /reload?ser=1611921300538 HTTP/1.1" 200 28 "http://renault.2web.at/account" "Mozilla/5.0 (Windows NT 10.0; Win64; x64) AppleWebKit/537.36 (KHTML, like Gecko) Chrome/87.0.4280.141 Safari/537.36"
80.122.53.230 - - [29/Jan/2021:12:55:12 +0100] "GET /reload?ser=1611921312354 HTTP/1.1" 200 28 "http://renault.activities.at/account" "Mozilla/5.0 (Windows NT 10.0; Win64; x64) AppleWebKit/537.36 (KHTML, like Gecko) Chrome/88.0.4324.104 Safari/537.36"
80.122.53.230 - - [29/Jan/2021:12:55:32 +0100] "GET /reload?ser=1611921331829 HTTP/1.1" 200 28 "http://renault.activities.at/12359049" "Mozilla/5.0 (Windows NT 10.0; Win64; x64) AppleWebKit/537.36 (KHTML, like Gecko) Chrome/87.0.4280.141 Safari/537.36"
80.122.53.230 - - [29/Jan/2021:12:55:50 +0100] "GET /reload?ser=1611921350688 HTTP/1.1" 200 28 "http://renault.activities.at/10260008?dir=DESC&mode=grid&order=name&limit=15&page=2" "Mozilla/5.0 (Windows NT 10.0; Win64; x64) AppleWebKit/537.36 (KHTML, like Gecko) Chrome/88.0.4324.104 Safari/537.36"
213.147.166.10 - - [29/Jan/2021:12:55:50 +0100] "GET /reload?ser=1611921350833 HTTP/1.1" 200 28 "http://renault.activities.at/10260300?dir=DESC&mode=grid&order=name&limit=15&page=2" "Mozilla/5.0 (Windows NT 10.0; WOW64; Trident/7.0; rv:11.0) like Gecko"
138.21.12.21 - - [29/Jan/2021:12:56:03 +0100] "GET /reload?ser=1611921362541 HTTP/1.1" 200 28 "http://renault.2web.at/account" "Mozilla/5.0 (Windows NT 10.0; Win64; x64) AppleWebKit/537.36 (KHTML, like Gecko) Chrome/87.0.4280.141 Safari/537.36"
80.122.53.230 - - [29/Jan/2021:12:56:13 +0100] "GET /reload?ser=1611921373352 HTTP/1.1" 200 28 "http://renault.activities.at/account" "Mozilla/5.0 (Windows NT 10.0; Win64; x64) AppleWebKit/537.36 (KHTML, like Gecko) Chrome/88.0.4324.104 Safari/537.36"
80.122.53.230 - - [29/Jan/2021:12:56:33 +0100] "GET /reload?ser=1611921392820 HTTP/1.1" 200 28 "http://renault.activities.at/12359049" "Mozilla/5.0 (Windows NT 10.0; Win64; x64) AppleWebKit/537.36 (KHTML, like Gecko) Chrome/87.0.4280.141 Safari/537.36"
80.122.53.230 - - [29/Jan/2021:12:56:51 +0100] "GET /reload?ser=1611921411675 HTTP/1.1" 200 28 "http://renault.activities.at/10260008?dir=DESC&mode=grid&order=name&limit=15&page=2" "Mozilla/5.0 (Windows NT 10.0; Win64; x64) AppleWebKit/537.36 (KHTML, like Gecko) Chrome/88.0.4324.104 Safari/537.36"
213.147.166.10 - - [29/Jan/2021:12:56:51 +0100] "GET /reload?ser=1611921411841 HTTP/1.1" 200 28 "http://renault.activities.at/10260300?dir=DESC&mode=grid&order=name&limit=15&page=2" "Mozilla/5.0 (Windows NT 10.0; WOW64; Trident/7.0; rv:11.0) like Gecko"
138.21.12.21 - - [29/Jan/2021:12:57:04 +0100] "GET /reload?ser=1611921424547 HTTP/1.1" 200 28 "http://renault.2web.at/account" "Mozilla/5.0 (Windows NT 10.0; Win64; x64) AppleWebKit/537.36 (KHTML, like Gecko) Chrome/87.0.4280.141 Safari/537.36"
80.122.53.230 - - [29/Jan/2021:12:57:14 +0100] "GET /reload?ser=1611921434351 HTTP/1.1" 200 28 "http://renault.activities.at/account" "Mozilla/5.0 (Windows NT 10.0; Win64; x64) AppleWebKit/537.36 (KHTML, like Gecko) Chrome/88.0.4324.104 Safari/537.36"
80.122.53.230 - - [29/Jan/2021:12:57:34 +0100] "GET /reload?ser=1611921453820 HTTP/1.1" 200 28 "http://renault.activities.at/12359049" "Mozilla/5.0 (Windows NT 10.0; Win64; x64) AppleWebKit/537.36 (KHTML, like Gecko) Chrome/87.0.4280.141 Safari/537.36"
80.122.53.230 - - [29/Jan/2021:12:57:52 +0100] "GET /reload?ser=1611921472676 HTTP/1.1" 200 28 "http://renault.activities.at/10260008?dir=DESC&mode=grid&order=name&limit=15&page=2" "Mozilla/5.0 (Windows NT 10.0; Win64; x64) AppleWebKit/537.36 (KHTML, like Gecko) Chrome/88.0.4324.104 Safari/537.36"
213.147.166.10 - - [29/Jan/2021:12:57:53 +0100] "GET /reload?ser=1611921473133 HTTP/1.1" 200 28 "http://renault.activities.at/10260300?dir=DESC&mode=grid&order=name&limit=15&page=2" "Mozilla/5.0 (Windows NT 10.0; WOW64; Trident/7.0; rv:11.0) like Gecko"
138.21.12.21 - - [29/Jan/2021:12:58:06 +0100] "GET /reload?ser=1611921486551 HTTP/1.1" 200 28 "http://renault.2web.at/account" "Mozilla/5.0 (Windows NT 10.0; Win64; x64) AppleWebKit/537.36 (KHTML, like Gecko) Chrome/87.0.4280.141 Safari/537.36"
80.122.53.230 - - [29/Jan/2021:12:58:15 +0100] "GET /reload?ser=1611921495353 HTTP/1.1" 200 28 "http://renault.activities.at/account" "Mozilla/5.0 (Windows NT 10.0; Win64; x64) AppleWebKit/537.36 (KHTML, like Gecko) Chrome/88.0.4324.104 Safari/537.36"
80.122.53.230 - - [29/Jan/2021:12:58:35 +0100] "GET /reload?ser=1611921514821 HTTP/1.1" 200 28 "http://renault.activities.at/12359049" "Mozilla/5.0 (Windows NT 10.0; Win64; x64) AppleWebKit/537.36 (KHTML, like Gecko) Chrome/87.0.4280.141 Safari/537.36"
80.122.53.230 - - [29/Jan/2021:12:58:53 +0100] "GET /reload?ser=1611921533674 HTTP/1.1" 200 28 "http://renault.activities.at/10260008?dir=DESC&mode=grid&order=name&limit=15&page=2" "Mozilla/5.0 (Windows NT 10.0; Win64; x64) AppleWebKit/537.36 (KHTML, like Gecko) Chrome/88.0.4324.104 Safari/537.36"
213.147.166.10 - - [29/Jan/2021:12:58:55 +0100] "GET /reload?ser=1611921535620 HTTP/1.1" 200 28 "http://renault.activities.at/10260300?dir=DESC&mode=grid&order=name&limit=15&page=2" "Mozilla/5.0 (Windows NT 10.0; WOW64; Trident/7.0; rv:11.0) like Gecko"
138.21.12.21 - - [29/Jan/2021:12:59:09 +0100] "GET /reload?ser=1611921548554 HTTP/1.1" 200 28 "http://renault.2web.at/account" "Mozilla/5.0 (Windows NT 10.0; Win64; x64) AppleWebKit/537.36 (KHTML, like Gecko) Chrome/87.0.4280.141 Safari/537.36"
80.122.53.230 - - [29/Jan/2021:12:59:16 +0100] "GET /reload?ser=1611921556358 HTTP/1.1" 200 28 "http://renault.activities.at/account" "Mozilla/5.0 (Windows NT 10.0; Win64; x64) AppleWebKit/537.36 (KHTML, like Gecko) Chrome/88.0.4324.104 Safari/537.36"
80.122.53.230 - - [29/Jan/2021:12:59:36 +0100] "GET /reload?ser=1611921575833 HTTP/1.1" 200 28 "http://renault.activities.at/12359049" "Mozilla/5.0 (Windows NT 10.0; Win64; x64) AppleWebKit/537.36 (KHTML, like Gecko) Chrome/87.0.4280.141 Safari/537.36"
80.122.53.230 - - [29/Jan/2021:12:59:54 +0100] "GET /reload?ser=1611921594680 HTTP/1.1" 200 28 "http://renault.activities.at/10260008?dir=DESC&mode=grid&order=name&limit=15&page=2" "Mozilla/5.0 (Windows NT 10.0; Win64; x64) AppleWebKit/537.36 (KHTML, like Gecko) Chrome/88.0.4324.104 Safari/537.36"
213.147.166.10 - - [29/Jan/2021:12:59:56 +0100] "GET /reload?ser=1611921596642 HTTP/1.1" 200 28 "http://renault.activities.at/10260300?dir=DESC&mode=grid&order=name&limit=15&page=2" "Mozilla/5.0 (Windows NT 10.0; WOW64; Trident/7.0; rv:11.0) like Gecko"
138.21.12.21 - - [29/Jan/2021:13:00:11 +0100] "GET /reload?ser=1611921610561 HTTP/1.1" 200 28 "http://renault.2web.at/account" "Mozilla/5.0 (Windows NT 10.0; Win64; x64) AppleWebKit/537.36 (KHTML, like Gecko) Chrome/87.0.4280.141 Safari/537.36"
80.122.53.230 - - [29/Jan/2021:13:00:17 +0100] "GET /reload?ser=1611921617357 HTTP/1.1" 200 28 "http://renault.activities.at/account" "Mozilla/5.0 (Windows NT 10.0; Win64; x64) AppleWebKit/537.36 (KHTML, like Gecko) Chrome/88.0.4324.104 Safari/537.36"
80.122.53.230 - - [29/Jan/2021:13:00:37 +0100] "GET /reload?ser=1611921636823 HTTP/1.1" 200 28 "http://renault.activities.at/12359049" "Mozilla/5.0 (Windows NT 10.0; Win64; x64) AppleWebKit/537.36 (KHTML, like Gecko) Chrome/87.0.4280.141 Safari/537.36"
80.122.53.230 - - [29/Jan/2021:13:00:55 +0100] "GET /reload?ser=1611921655680 HTTP/1.1" 200 28 "http://renault.activities.at/10260008?dir=DESC&mode=grid&order=name&limit=15&page=2" "Mozilla/5.0 (Windows NT 10.0; Win64; x64) AppleWebKit/537.36 (KHTML, like Gecko) Chrome/88.0.4324.104 Safari/537.36"
213.147.166.10 - - [29/Jan/2021:13:00:57 +0100] "GET /reload?ser=1611921657625 HTTP/1.1" 200 28 "http://renault.activities.at/10260300?dir=DESC&mode=grid&order=name&limit=15&page=2" "Mozilla/5.0 (Windows NT 10.0; WOW64; Trident/7.0; rv:11.0) like Gecko"
138.21.12.21 - - [29/Jan/2021:13:01:13 +0100] "GET /reload?ser=1611921672561 HTTP/1.1" 200 28 "http://renault.2web.at/account" "Mozilla/5.0 (Windows NT 10.0; Win64; x64) AppleWebKit/537.36 (KHTML, like Gecko) Chrome/87.0.4280.141 Safari/537.36"
80.122.53.230 - - [29/Jan/2021:13:01:18 +0100] "GET /reload?ser=1611921678360 HTTP/1.1" 200 28 "http://renault.activities.at/account" "Mozilla/5.0 (Windows NT 10.0; Win64; x64) AppleWebKit/537.36 (KHTML, like Gecko) Chrome/88.0.4324.104 Safari/537.36"
80.122.53.230 - - [29/Jan/2021:13:01:38 +0100] "GET /reload?ser=1611921697825 HTTP/1.1" 200 28 "http://renault.activities.at/12359049" "Mozilla/5.0 (Windows NT 10.0; Win64; x64) AppleWebKit/537.36 (KHTML, like Gecko) Chrome/87.0.4280.141 Safari/537.36"
80.122.53.230 - - [29/Jan/2021:13:01:56 +0100] "GET /reload?ser=1611921716688 HTTP/1.1" 200 28 "http://renault.activities.at/10260008?dir=DESC&mode=grid&order=name&limit=15&page=2" "Mozilla/5.0 (Windows NT 10.0; Win64; x64) AppleWebKit/537.36 (KHTML, like Gecko) Chrome/88.0.4324.104 Safari/537.36"
213.147.166.10 - - [29/Jan/2021:13:01:59 +0100] "GET /reload?ser=1611921718666 HTTP/1.1" 200 28 "http://renault.activities.at/10260300?dir=DESC&mode=grid&order=name&limit=15&page=2" "Mozilla/5.0 (Windows NT 10.0; WOW64; Trident/7.0; rv:11.0) like Gecko"
138.21.12.21 - - [29/Jan/2021:13:02:15 +0100] "GET /reload?ser=1611921734699 HTTP/1.1" 200 28 "http://renault.2web.at/account" "Mozilla/5.0 (Windows NT 10.0; Win64; x64) AppleWebKit/537.36 (KHTML, like Gecko) Chrome/87.0.4280.141 Safari/537.36"
80.122.53.230 - - [29/Jan/2021:13:02:19 +0100] "GET /reload?ser=1611921739359 HTTP/1.1" 200 28 "http://renault.activities.at/account" "Mozilla/5.0 (Windows NT 10.0; Win64; x64) AppleWebKit/537.36 (KHTML, like Gecko) Chrome/88.0.4324.104 Safari/537.36"
80.122.53.230 - - [29/Jan/2021:13:02:39 +0100] "GET /reload?ser=1611921758832 HTTP/1.1" 200 28 "http://renault.activities.at/12359049" "Mozilla/5.0 (Windows NT 10.0; Win64; x64) AppleWebKit/537.36 (KHTML, like Gecko) Chrome/87.0.4280.141 Safari/537.36"
80.122.53.230 - - [29/Jan/2021:13:02:57 +0100] "GET /reload?ser=1611921777683 HTTP/1.1" 200 28 "http://renault.activities.at/10260008?dir=DESC&mode=grid&order=name&limit=15&page=2" "Mozilla/5.0 (Windows NT 10.0; Win64; x64) AppleWebKit/537.36 (KHTML, like Gecko) Chrome/88.0.4324.104 Safari/537.36"
213.147.166.10 - - [29/Jan/2021:13:03:00 +0100] "GET /reload?ser=1611921780279 HTTP/1.1" 200 28 "http://renault.activities.at/10260300?dir=DESC&mode=grid&order=name&limit=15&page=2" "Mozilla/5.0 (Windows NT 10.0; WOW64; Trident/7.0; rv:11.0) like Gecko"
138.21.12.21 - - [29/Jan/2021:13:03:16 +0100] "GET /reload?ser=1611921796567 HTTP/1.1" 200 28 "http://renault.2web.at/account" "Mozilla/5.0 (Windows NT 10.0; Win64; x64) AppleWebKit/537.36 (KHTML, like Gecko) Chrome/87.0.4280.141 Safari/537.36"
80.122.53.230 - - [29/Jan/2021:13:03:20 +0100] "GET /reload?ser=1611921800359 HTTP/1.1" 200 28 "http://renault.activities.at/account" "Mozilla/5.0 (Windows NT 10.0; Win64; x64) AppleWebKit/537.36 (KHTML, like Gecko) Chrome/88.0.4324.104 Safari/537.36"
80.122.53.230 - - [29/Jan/2021:13:03:40 +0100] "GET /reload?ser=1611921819822 HTTP/1.1" 200 28 "http://renault.activities.at/12359049" "Mozilla/5.0 (Windows NT 10.0; Win64; x64) AppleWebKit/537.36 (KHTML, like Gecko) Chrome/87.0.4280.141 Safari/537.36"
80.122.53.230 - - [29/Jan/2021:13:03:58 +0100] "GET /reload?ser=1611921838678 HTTP/1.1" 200 28 "http://renault.activities.at/10260008?dir=DESC&mode=grid&order=name&limit=15&page=2" "Mozilla/5.0 (Windows NT 10.0; Win64; x64) AppleWebKit/537.36 (KHTML, like Gecko) Chrome/88.0.4324.104 Safari/537.36"
213.147.166.10 - - [29/Jan/2021:13:04:02 +0100] "GET /reload?ser=1611921842057 HTTP/1.1" 200 28 "http://renault.activities.at/10260300?dir=DESC&mode=grid&order=name&limit=15&page=2" "Mozilla/5.0 (Windows NT 10.0; WOW64; Trident/7.0; rv:11.0) like Gecko"
138.21.12.21 - - [29/Jan/2021:13:04:19 +0100] "GET /reload?ser=1611921858569 HTTP/1.1" 200 28 "http://renault.2web.at/account" "Mozilla/5.0 (Windows NT 10.0; Win64; x64) AppleWebKit/537.36 (KHTML, like Gecko) Chrome/87.0.4280.141 Safari/537.36"
80.122.53.230 - - [29/Jan/2021:13:04:21 +0100] "GET /reload?ser=1611921861359 HTTP/1.1" 200 28 "http://renault.activities.at/account" "Mozilla/5.0 (Windows NT 10.0; Win64; x64) AppleWebKit/537.36 (KHTML, like Gecko) Chrome/88.0.4324.104 Safari/537.36"
114.119.151.4 - - [29/Jan/2021:13:04:41 +0100] "GET /robots.txt HTTP/1.1" 404 300 "-" "(compatible;PetalBot;+https://aspiegel.com/petalbot)"
80.122.53.230 - - [29/Jan/2021:13:04:41 +0100] "GET /reload?ser=1611921880824 HTTP/1.1" 200 28 "http://renault.activities.at/12359049" "Mozilla/5.0 (Windows NT 10.0; Win64; x64) AppleWebKit/537.36 (KHTML, like Gecko) Chrome/87.0.4280.141 Safari/537.36"
80.122.53.230 - - [29/Jan/2021:13:04:59 +0100] "GET /reload?ser=1611921899680 HTTP/1.1" 200 28 "http://renault.activities.at/10260008?dir=DESC&mode=grid&order=name&limit=15&page=2" "Mozilla/5.0 (Windows NT 10.0; Win64; x64) AppleWebKit/537.36 (KHTML, like Gecko) Chrome/88.0.4324.104 Safari/537.36"
213.147.166.10 - - [29/Jan/2021:13:05:03 +0100] "GET /reload?ser=1611921903114 HTTP/1.1" 200 28 "http://renault.activities.at/10260300?dir=DESC&mode=grid&order=name&limit=15&page=2" "Mozilla/5.0 (Windows NT 10.0; WOW64; Trident/7.0; rv:11.0) like Gecko"
138.21.12.21 - - [29/Jan/2021:13:05:21 +0100] "GET /reload?ser=1611921920573 HTTP/1.1" 200 28 "http://renault.2web.at/account" "Mozilla/5.0 (Windows NT 10.0; Win64; x64) AppleWebKit/537.36 (KHTML, like Gecko) Chrome/87.0.4280.141 Safari/537.36"
80.122.53.230 - - [29/Jan/2021:13:05:22 +0100] "GET /reload?ser=1611921922367 HTTP/1.1" 200 28 "http://renault.activities.at/account" "Mozilla/5.0 (Windows NT 10.0; Win64; x64) AppleWebKit/537.36 (KHTML, like Gecko) Chrome/88.0.4324.104 Safari/537.36"
80.122.53.230 - - [29/Jan/2021:13:05:42 +0100] "GET /reload?ser=1611921941830 HTTP/1.1" 200 28 "http://renault.activities.at/12359049" "Mozilla/5.0 (Windows NT 10.0; Win64; x64) AppleWebKit/537.36 (KHTML, like Gecko) Chrome/87.0.4280.141 Safari/537.36"
80.122.53.230 - - [29/Jan/2021:13:06:00 +0100] "GET /reload?ser=1611921960684 HTTP/1.1" 200 28 "http://renault.activities.at/10260008?dir=DESC&mode=grid&order=name&limit=15&page=2" "Mozilla/5.0 (Windows NT 10.0; Win64; x64) AppleWebKit/537.36 (KHTML, like Gecko) Chrome/88.0.4324.104 Safari/537.36"
213.147.166.10 - - [29/Jan/2021:13:06:04 +0100] "GET /reload?ser=1611921964329 HTTP/1.1" 200 28 "http://renault.activities.at/10260300?dir=DESC&mode=grid&order=name&limit=15&page=2" "Mozilla/5.0 (Windows NT 10.0; WOW64; Trident/7.0; rv:11.0) like Gecko"
138.21.12.21 - - [29/Jan/2021:13:06:23 +0100] "GET /reload?ser=1611921982582 HTTP/1.1" 200 28 "http://renault.2web.at/account" "Mozilla/5.0 (Windows NT 10.0; Win64; x64) AppleWebKit/537.36 (KHTML, like Gecko) Chrome/87.0.4280.141 Safari/537.36"
80.122.53.230 - - [29/Jan/2021:13:06:24 +0100] "GET /reload?ser=1611921984370 HTTP/1.1" 200 28 "http://renault.activities.at/account" "Mozilla/5.0 (Windows NT 10.0; Win64; x64) AppleWebKit/537.36 (KHTML, like Gecko) Chrome/88.0.4324.104 Safari/537.36"
80.122.53.230 - - [29/Jan/2021:13:06:43 +0100] "GET /reload?ser=1611922002827 HTTP/1.1" 200 28 "http://renault.activities.at/12359049" "Mozilla/5.0 (Windows NT 10.0; Win64; x64) AppleWebKit/537.36 (KHTML, like Gecko) Chrome/87.0.4280.141 Safari/537.36"
80.122.53.230 - - [29/Jan/2021:13:07:01 +0100] "GET /reload?ser=1611922021683 HTTP/1.1" 200 28 "http://renault.activities.at/10260008?dir=DESC&mode=grid&order=name&limit=15&page=2" "Mozilla/5.0 (Windows NT 10.0; Win64; x64) AppleWebKit/537.36 (KHTML, like Gecko) Chrome/88.0.4324.104 Safari/537.36"
213.147.166.10 - - [29/Jan/2021:13:07:05 +0100] "GET /reload?ser=1611922025301 HTTP/1.1" 200 28 "http://renault.activities.at/10260300?dir=DESC&mode=grid&order=name&limit=15&page=2" "Mozilla/5.0 (Windows NT 10.0; WOW64; Trident/7.0; rv:11.0) like Gecko"
138.21.12.21 - - [29/Jan/2021:13:07:25 +0100] "GET /reload?ser=1611922044577 HTTP/1.1" 200 28 "http://renault.2web.at/account" "Mozilla/5.0 (Windows NT 10.0; Win64; x64) AppleWebKit/537.36 (KHTML, like Gecko) Chrome/87.0.4280.141 Safari/537.36"
80.122.53.230 - - [29/Jan/2021:13:07:25 +0100] "GET /reload?ser=1611922045371 HTTP/1.1" 200 28 "http://renault.activities.at/account" "Mozilla/5.0 (Windows NT 10.0; Win64; x64) AppleWebKit/537.36 (KHTML, like Gecko) Chrome/88.0.4324.104 Safari/537.36"
80.122.53.230 - - [29/Jan/2021:13:07:44 +0100] "GET /reload?ser=1611922063828 HTTP/1.1" 200 28 "http://renault.activities.at/12359049" "Mozilla/5.0 (Windows NT 10.0; Win64; x64) AppleWebKit/537.36 (KHTML, like Gecko) Chrome/87.0.4280.141 Safari/537.36"
80.122.53.230 - - [29/Jan/2021:13:08:02 +0100] "GET /reload?ser=1611922082683 HTTP/1.1" 200 28 "http://renault.activities.at/10260008?dir=DESC&mode=grid&order=name&limit=15&page=2" "Mozilla/5.0 (Windows NT 10.0; Win64; x64) AppleWebKit/537.36 (KHTML, like Gecko) Chrome/88.0.4324.104 Safari/537.36"
213.147.166.10 - - [29/Jan/2021:13:08:06 +0100] "GET /reload?ser=1611922086585 HTTP/1.1" 200 28 "http://renault.activities.at/10260300?dir=DESC&mode=grid&order=name&limit=15&page=2" "Mozilla/5.0 (Windows NT 10.0; WOW64; Trident/7.0; rv:11.0) like Gecko"
138.21.12.21 - - [29/Jan/2021:13:08:26 +0100] "GET /reload?ser=1611922106580 HTTP/1.1" 200 28 "http://renault.2web.at/account" "Mozilla/5.0 (Windows NT 10.0; Win64; x64) AppleWebKit/537.36 (KHTML, like Gecko) Chrome/87.0.4280.141 Safari/537.36"
80.122.53.230 - - [29/Jan/2021:13:08:27 +0100] "GET /reload?ser=1611922107370 HTTP/1.1" 200 28 "http://renault.activities.at/account" "Mozilla/5.0 (Windows NT 10.0; Win64; x64) AppleWebKit/537.36 (KHTML, like Gecko) Chrome/88.0.4324.104 Safari/537.36"
80.122.53.230 - - [29/Jan/2021:13:08:45 +0100] "GET /reload?ser=1611922124835 HTTP/1.1" 200 28 "http://renault.activities.at/12359049" "Mozilla/5.0 (Windows NT 10.0; Win64; x64) AppleWebKit/537.36 (KHTML, like Gecko) Chrome/87.0.4280.141 Safari/537.36"
80.122.53.230 - - [29/Jan/2021:13:09:03 +0100] "GET /reload?ser=1611922143683 HTTP/1.1" 200 28 "http://renault.activities.at/10260008?dir=DESC&mode=grid&order=name&limit=15&page=2" "Mozilla/5.0 (Windows NT 10.0; Win64; x64) AppleWebKit/537.36 (KHTML, like Gecko) Chrome/88.0.4324.104 Safari/537.36"
213.147.166.10 - - [29/Jan/2021:13:09:07 +0100] "GET /reload?ser=1611922147661 HTTP/1.1" 200 28 "http://renault.activities.at/10260300?dir=DESC&mode=grid&order=name&limit=15&page=2" "Mozilla/5.0 (Windows NT 10.0; WOW64; Trident/7.0; rv:11.0) like Gecko"
80.122.53.230 - - [29/Jan/2021:13:09:28 +0100] "GET /reload?ser=1611922168367 HTTP/1.1" 200 28 "http://renault.activities.at/account" "Mozilla/5.0 (Windows NT 10.0; Win64; x64) AppleWebKit/537.36 (KHTML, like Gecko) Chrome/88.0.4324.104 Safari/537.36"
138.21.12.21 - - [29/Jan/2021:13:09:29 +0100] "GET /reload?ser=1611922168583 HTTP/1.1" 200 28 "http://renault.2web.at/account" "Mozilla/5.0 (Windows NT 10.0; Win64; x64) AppleWebKit/537.36 (KHTML, like Gecko) Chrome/87.0.4280.141 Safari/537.36"
80.122.53.230 - - [29/Jan/2021:13:09:46 +0100] "GET /reload?ser=1611922185840 HTTP/1.1" 200 28 "http://renault.activities.at/12359049" "Mozilla/5.0 (Windows NT 10.0; Win64; x64) AppleWebKit/537.36 (KHTML, like Gecko) Chrome/87.0.4280.141 Safari/537.36"
80.122.53.230 - - [29/Jan/2021:13:10:04 +0100] "GET /reload?ser=1611922204691 HTTP/1.1" 200 28 "http://renault.activities.at/10260008?dir=DESC&mode=grid&order=name&limit=15&page=2" "Mozilla/5.0 (Windows NT 10.0; Win64; x64) AppleWebKit/537.36 (KHTML, like Gecko) Chrome/88.0.4324.104 Safari/537.36"
213.147.166.10 - - [29/Jan/2021:13:10:09 +0100] "GET /reload?ser=1611922209004 HTTP/1.1" 200 28 "http://renault.activities.at/10260300?dir=DESC&mode=grid&order=name&limit=15&page=2" "Mozilla/5.0 (Windows NT 10.0; WOW64; Trident/7.0; rv:11.0) like Gecko"
80.122.53.230 - - [29/Jan/2021:13:10:29 +0100] "GET /reload?ser=1611922229368 HTTP/1.1" 200 28 "http://renault.activities.at/account" "Mozilla/5.0 (Windows NT 10.0; Win64; x64) AppleWebKit/537.36 (KHTML, like Gecko) Chrome/88.0.4324.104 Safari/537.36"
138.21.12.21 - - [29/Jan/2021:13:10:31 +0100] "GET /reload?ser=1611922230648 HTTP/1.1" 200 28 "http://renault.2web.at/account" "Mozilla/5.0 (Windows NT 10.0; Win64; x64) AppleWebKit/537.36 (KHTML, like Gecko) Chrome/87.0.4280.141 Safari/537.36"
80.122.53.230 - - [29/Jan/2021:13:10:47 +0100] "GET /reload?ser=1611922246833 HTTP/1.1" 200 28 "http://renault.activities.at/12359049" "Mozilla/5.0 (Windows NT 10.0; Win64; x64) AppleWebKit/537.36 (KHTML, like Gecko) Chrome/87.0.4280.141 Safari/537.36"
80.122.53.230 - - [29/Jan/2021:13:11:05 +0100] "GET /reload?ser=1611922265686 HTTP/1.1" 200 28 "http://renault.activities.at/10260008?dir=DESC&mode=grid&order=name&limit=15&page=2" "Mozilla/5.0 (Windows NT 10.0; Win64; x64) AppleWebKit/537.36 (KHTML, like Gecko) Chrome/88.0.4324.104 Safari/537.36"
213.147.166.10 - - [29/Jan/2021:13:11:10 +0100] "GET /reload?ser=1611922270008 HTTP/1.1" 200 28 "http://renault.activities.at/10260300?dir=DESC&mode=grid&order=name&limit=15&page=2" "Mozilla/5.0 (Windows NT 10.0; WOW64; Trident/7.0; rv:11.0) like Gecko"
80.122.53.230 - - [29/Jan/2021:13:11:30 +0100] "GET /reload?ser=1611922290367 HTTP/1.1" 200 28 "http://renault.activities.at/account" "Mozilla/5.0 (Windows NT 10.0; Win64; x64) AppleWebKit/537.36 (KHTML, like Gecko) Chrome/88.0.4324.104 Safari/537.36"
138.21.12.21 - - [29/Jan/2021:13:11:33 +0100] "GET /reload?ser=1611922292585 HTTP/1.1" 200 28 "http://renault.2web.at/account" "Mozilla/5.0 (Windows NT 10.0; Win64; x64) AppleWebKit/537.36 (KHTML, like Gecko) Chrome/87.0.4280.141 Safari/537.36"
