80.122.53.230 - - [29/Jan/2021:10:50:00 +0100] "GET /images/search_bg.gif HTTP/1.1" 200 1726 "http://renault.activities.at/css/styles.css" "Mozilla/5.0 (Windows NT 10.0; Win64; x64) AppleWebKit/537.36 (KHTML, like Gecko) Chrome/88.0.4324.104 Safari/537.36"
80.122.53.230 - - [29/Jan/2021:10:50:00 +0100] "GET /images/sidebar_title_border_top.gif HTTP/1.1" 200 155 "http://renault.activities.at/css/styles.css" "Mozilla/5.0 (Windows NT 10.0; Win64; x64) AppleWebKit/537.36 (KHTML, like Gecko) Chrome/88.0.4324.104 Safari/537.36"
80.122.53.230 - - [29/Jan/2021:10:50:00 +0100] "GET /images/sidebar_title_border.gif HTTP/1.1" 200 43 "http://renault.activities.at/css/styles.css" "Mozilla/5.0 (Windows NT 10.0; Win64; x64) AppleWebKit/537.36 (KHTML, like Gecko) Chrome/88.0.4324.104 Safari/537.36"
80.122.53.230 - - [29/Jan/2021:10:50:00 +0100] "GET /images/sidebar_title_corner_right_top.gif HTTP/1.1" 200 383 "http://renault.activities.at/css/styles.css" "Mozilla/5.0 (Windows NT 10.0; Win64; x64) AppleWebKit/537.36 (KHTML, like Gecko) Chrome/88.0.4324.104 Safari/537.36"
80.122.53.230 - - [29/Jan/2021:10:50:00 +0100] "GET /images/sidebar_title_corner_left_top.gif HTTP/1.1" 200 1124 "http://renault.activities.at/css/styles.css" "Mozilla/5.0 (Windows NT 10.0; Win64; x64) AppleWebKit/537.36 (KHTML, like Gecko) Chrome/88.0.4324.104 Safari/537.36"
80.122.53.230 - - [29/Jan/2021:10:50:00 +0100] "GET /images/reset_bg.gif HTTP/1.1" 200 785 "http://renault.activities.at/css/styles.css" "Mozilla/5.0 (Windows NT 10.0; Win64; x64) AppleWebKit/537.36 (KHTML, like Gecko) Chrome/88.0.4324.104 Safari/537.36"
80.122.53.230 - - [29/Jan/2021:10:50:00 +0100] "GET /images/footer_divider.gif HTTP/1.1" 200 44 "http://renault.activities.at/css/styles.css" "Mozilla/5.0 (Windows NT 10.0; Win64; x64) AppleWebKit/537.36 (KHTML, like Gecko) Chrome/88.0.4324.104 Safari/537.36"
80.122.53.230 - - [29/Jan/2021:10:50:00 +0100] "GET /loadthumbnail.php?id=12208774&width=50&height=50 HTTP/1.1" 200 1168 "http://renault.activities.at/account" "Mozilla/5.0 (Windows NT 10.0; Win64; x64) AppleWebKit/537.36 (KHTML, like Gecko) Chrome/88.0.4324.104 Safari/537.36"
80.122.53.230 - - [29/Jan/2021:10:50:07 +0100] "POST /editaccount HTTP/1.1" 200 5622 "http://renault.activities.at/account" "Mozilla/5.0 (Windows NT 10.0; Win64; x64) AppleWebKit/537.36 (KHTML, like Gecko) Chrome/88.0.4324.104 Safari/537.36"
80.122.53.230 - - [29/Jan/2021:10:50:17 +0100] "GET /account HTTP/1.1" 200 6655 "http://renault.activities.at/login" "Mozilla/5.0 (Windows NT 10.0; Win64; x64) AppleWebKit/537.36 (KHTML, like Gecko) Chrome/88.0.4324.104 Safari/537.36"
80.122.53.230 - - [29/Jan/2021:10:50:20 +0100] "GET /reload?ser=1611913820754 HTTP/1.1" 200 28 "http://renault.activities.at/result?dir=DESC&mode=grid&order=name&limit=15&page=2&search=Scenic" "Mozilla/5.0 (Windows NT 10.0; Win64; x64) AppleWebKit/537.36 (KHTML, like Gecko) Chrome/87.0.4280.141 Safari/537.36"
80.122.53.230 - - [29/Jan/2021:10:50:21 +0100] "GET /10260008 HTTP/1.1" 200 8838 "http://renault.activities.at/account" "Mozilla/5.0 (Windows NT 10.0; Win64; x64) AppleWebKit/537.36 (KHTML, like Gecko) Chrome/88.0.4324.104 Safari/537.36"
80.122.53.230 - - [29/Jan/2021:10:50:24 +0100] "GET /js/prototip.js HTTP/1.1" 200 4588 "http://renault.activities.at/10260008" "Mozilla/5.0 (Windows NT 10.0; Win64; x64) AppleWebKit/537.36 (KHTML, like Gecko) Chrome/88.0.4324.104 Safari/537.36"
80.122.53.230 - - [29/Jan/2021:10:50:24 +0100] "GET /js/ProduktGrp.js HTTP/1.1" 200 1569 "http://renault.activities.at/10260008" "Mozilla/5.0 (Windows NT 10.0; Win64; x64) AppleWebKit/537.36 (KHTML, like Gecko) Chrome/88.0.4324.104 Safari/537.36"
80.122.53.230 - - [29/Jan/2021:10:50:24 +0100] "GET /images/loading.gif HTTP/1.1" 200 3208 "http://renault.activities.at/10260008" "Mozilla/5.0 (Windows NT 10.0; Win64; x64) AppleWebKit/537.36 (KHTML, like Gecko) Chrome/88.0.4324.104 Safari/537.36"
80.122.53.230 - - [29/Jan/2021:10:50:24 +0100] "GET /loadthumbnail.php?id=10203255 HTTP/1.1" 200 137 "http://renault.activities.at/10260008" "Mozilla/5.0 (Windows NT 10.0; Win64; x64) AppleWebKit/537.36 (KHTML, like Gecko) Chrome/88.0.4324.104 Safari/537.36"
80.122.53.230 - - [29/Jan/2021:10:50:24 +0100] "GET /loadthumbnail.php?id=10203276 HTTP/1.1" 200 75 "http://renault.activities.at/10260008" "Mozilla/5.0 (Windows NT 10.0; Win64; x64) AppleWebKit/537.36 (KHTML, like Gecko) Chrome/88.0.4324.104 Safari/537.36"
80.122.53.230 - - [29/Jan/2021:10:50:24 +0100] "GET /loadthumbnail.php?id=11146700&width=113 HTTP/1.1" 200 1415 "http://renault.activities.at/10260008" "Mozilla/5.0 (Windows NT 10.0; Win64; x64) AppleWebKit/537.36 (KHTML, like Gecko) Chrome/88.0.4324.104 Safari/537.36"
80.122.53.230 - - [29/Jan/2021:10:50:24 +0100] "GET /loadthumbnail.php?id=11108158&width=113 HTTP/1.1" 200 1545 "http://renault.activities.at/10260008" "Mozilla/5.0 (Windows NT 10.0; Win64; x64) AppleWebKit/537.36 (KHTML, like Gecko) Chrome/88.0.4324.104 Safari/537.36"
80.122.53.230 - - [29/Jan/2021:10:50:24 +0100] "GET /loadthumbnail.php?id=11194750&width=113 HTTP/1.1" 200 2347 "http://renault.activities.at/10260008" "Mozilla/5.0 (Windows NT 10.0; Win64; x64) AppleWebKit/537.36 (KHTML, like Gecko) Chrome/88.0.4324.104 Safari/537.36"
80.122.53.230 - - [29/Jan/2021:10:50:24 +0100] "GET /images/vista-dn.gif HTTP/1.1" 200 128 "http://renault.activities.at/css/styles.css" "Mozilla/5.0 (Windows NT 10.0; Win64; x64) AppleWebKit/537.36 (KHTML, like Gecko) Chrome/88.0.4324.104 Safari/537.36"
80.122.53.230 - - [29/Jan/2021:10:50:24 +0100] "GET /images/vista-up.gif HTTP/1.1" 200 131 "http://renault.activities.at/css/styles.css" "Mozilla/5.0 (Windows NT 10.0; Win64; x64) AppleWebKit/537.36 (KHTML, like Gecko) Chrome/88.0.4324.104 Safari/537.36"
80.122.53.230 - - [29/Jan/2021:10:50:24 +0100] "GET /images/pager_bg.gif HTTP/1.1" 200 150 "http://renault.activities.at/css/styles.css" "Mozilla/5.0 (Windows NT 10.0; Win64; x64) AppleWebKit/537.36 (KHTML, like Gecko) Chrome/88.0.4324.104 Safari/537.36"
80.122.53.230 - - [29/Jan/2021:10:50:24 +0100] "GET /loadthumbnail.php?id=11721290&width=113 HTTP/1.1" 200 1179 "http://renault.activities.at/10260008" "Mozilla/5.0 (Windows NT 10.0; Win64; x64) AppleWebKit/537.36 (KHTML, like Gecko) Chrome/88.0.4324.104 Safari/537.36"
80.122.53.230 - - [29/Jan/2021:10:50:24 +0100] "GET /loadthumbnail.php?id=12140010&width=113 HTTP/1.1" 200 28414 "http://renault.activities.at/10260008" "Mozilla/5.0 (Windows NT 10.0; Win64; x64) AppleWebKit/537.36 (KHTML, like Gecko) Chrome/88.0.4324.104 Safari/537.36"
80.122.53.230 - - [29/Jan/2021:10:50:24 +0100] "GET /loadthumbnail.php?id=11538169&width=113 HTTP/1.1" 200 20088 "http://renault.activities.at/10260008" "Mozilla/5.0 (Windows NT 10.0; Win64; x64) AppleWebKit/537.36 (KHTML, like Gecko) Chrome/88.0.4324.104 Safari/537.36"
80.122.53.230 - - [29/Jan/2021:10:50:24 +0100] "GET /loadthumbnail.php?id=12230773&width=113 HTTP/1.1" 200 39654 "http://renault.activities.at/10260008" "Mozilla/5.0 (Windows NT 10.0; Win64; x64) AppleWebKit/537.36 (KHTML, like Gecko) Chrome/88.0.4324.104 Safari/537.36"
80.122.53.230 - - [29/Jan/2021:10:50:24 +0100] "GET /loadthumbnail.php?id=12348146&width=113 HTTP/1.1" 200 38739 "http://renault.activities.at/10260008" "Mozilla/5.0 (Windows NT 10.0; Win64; x64) AppleWebKit/537.36 (KHTML, like Gecko) Chrome/88.0.4324.104 Safari/537.36"
80.122.53.230 - - [29/Jan/2021:10:50:24 +0100] "GET /loadthumbnail.php?id=11776453&width=113 HTTP/1.1" 200 1248 "http://renault.activities.at/10260008" "Mozilla/5.0 (Windows NT 10.0; Win64; x64) AppleWebKit/537.36 (KHTML, like Gecko) Chrome/88.0.4324.104 Safari/537.36"
80.122.53.230 - - [29/Jan/2021:10:50:24 +0100] "GET /loadthumbnail.php?id=11877752&width=113 HTTP/1.1" 200 41752 "http://renault.activities.at/10260008" "Mozilla/5.0 (Windows NT 10.0; Win64; x64) AppleWebKit/537.36 (KHTML, like Gecko) Chrome/88.0.4324.104 Safari/537.36"
80.122.53.230 - - [29/Jan/2021:10:50:25 +0100] "GET /loadthumbnail.php?id=12139710&width=113 HTTP/1.1" 200 34483 "http://renault.activities.at/10260008" "Mozilla/5.0 (Windows NT 10.0; Win64; x64) AppleWebKit/537.36 (KHTML, like Gecko) Chrome/88.0.4324.104 Safari/537.36"
80.122.53.230 - - [29/Jan/2021:10:50:25 +0100] "GET /loadthumbnail.php?id=11715013&width=113 HTTP/1.1" 200 33856 "http://renault.activities.at/10260008" "Mozilla/5.0 (Windows NT 10.0; Win64; x64) AppleWebKit/537.36 (KHTML, like Gecko) Chrome/88.0.4324.104 Safari/537.36"
80.122.53.230 - - [29/Jan/2021:10:50:25 +0100] "GET /loadthumbnail.php?id=11319988&width=113 HTTP/1.1" 200 44228 "http://renault.activities.at/10260008" "Mozilla/5.0 (Windows NT 10.0; Win64; x64) AppleWebKit/537.36 (KHTML, like Gecko) Chrome/88.0.4324.104 Safari/537.36"
80.122.53.230 - - [29/Jan/2021:10:50:25 +0100] "GET /loadthumbnail.php?id=11658180&width=113 HTTP/1.1" 200 29422 "http://renault.activities.at/10260008" "Mozilla/5.0 (Windows NT 10.0; Win64; x64) AppleWebKit/537.36 (KHTML, like Gecko) Chrome/88.0.4324.104 Safari/537.36"
80.122.53.230 - - [29/Jan/2021:10:50:25 +0100] "GET /loadthumbnail.php?id=11715017&width=113 HTTP/1.1" 200 37395 "http://renault.activities.at/10260008" "Mozilla/5.0 (Windows NT 10.0; Win64; x64) AppleWebKit/537.36 (KHTML, like Gecko) Chrome/88.0.4324.104 Safari/537.36"
80.122.53.230 - - [29/Jan/2021:10:50:35 +0100] "GET /10260008?dir=DESC&mode=grid&order=name&limit=15&page=2 HTTP/1.1" 200 8889 "http://renault.activities.at/10260008" "Mozilla/5.0 (Windows NT 10.0; Win64; x64) AppleWebKit/537.36 (KHTML, like Gecko) Chrome/88.0.4324.104 Safari/537.36"
80.122.53.230 - - [29/Jan/2021:10:50:38 +0100] "GET /loadthumbnail.php?id=10203275 HTTP/1.1" 200 85 "http://renault.activities.at/10260008?dir=DESC&mode=grid&order=name&limit=15&page=2" "Mozilla/5.0 (Windows NT 10.0; Win64; x64) AppleWebKit/537.36 (KHTML, like Gecko) Chrome/88.0.4324.104 Safari/537.36"
80.122.53.230 - - [29/Jan/2021:10:50:38 +0100] "GET /loadthumbnail.php?id=11877757&width=113 HTTP/1.1" 200 32396 "http://renault.activities.at/10260008?dir=DESC&mode=grid&order=name&limit=15&page=2" "Mozilla/5.0 (Windows NT 10.0; Win64; x64) AppleWebKit/537.36 (KHTML, like Gecko) Chrome/88.0.4324.104 Safari/537.36"
80.122.53.230 - - [29/Jan/2021:10:50:38 +0100] "GET /loadthumbnail.php?id=12231771&width=113 HTTP/1.1" 200 30339 "http://renault.activities.at/10260008?dir=DESC&mode=grid&order=name&limit=15&page=2" "Mozilla/5.0 (Windows NT 10.0; Win64; x64) AppleWebKit/537.36 (KHTML, like Gecko) Chrome/88.0.4324.104 Safari/537.36"
80.122.53.230 - - [29/Jan/2021:10:50:38 +0100] "GET /loadthumbnail.php?id=12017023&width=113 HTTP/1.1" 200 34650 "http://renault.activities.at/10260008?dir=DESC&mode=grid&order=name&limit=15&page=2" "Mozilla/5.0 (Windows NT 10.0; Win64; x64) AppleWebKit/537.36 (KHTML, like Gecko) Chrome/88.0.4324.104 Safari/537.36"
80.122.53.230 - - [29/Jan/2021:10:50:38 +0100] "GET /loadthumbnail.php?id=11342066&width=113 HTTP/1.1" 200 28015 "http://renault.activities.at/10260008?dir=DESC&mode=grid&order=name&limit=15&page=2" "Mozilla/5.0 (Windows NT 10.0; Win64; x64) AppleWebKit/537.36 (KHTML, like Gecko) Chrome/88.0.4324.104 Safari/537.36"
80.122.53.230 - - [29/Jan/2021:10:50:38 +0100] "GET /loadthumbnail.php?id=11342067&width=113 HTTP/1.1" 200 21913 "http://renault.activities.at/10260008?dir=DESC&mode=grid&order=name&limit=15&page=2" "Mozilla/5.0 (Windows NT 10.0; Win64; x64) AppleWebKit/537.36 (KHTML, like Gecko) Chrome/88.0.4324.104 Safari/537.36"
80.122.53.230 - - [29/Jan/2021:10:50:38 +0100] "GET /loadthumbnail.php?id=11319984&width=113 HTTP/1.1" 200 28924 "http://renault.activities.at/10260008?dir=DESC&mode=grid&order=name&limit=15&page=2" "Mozilla/5.0 (Windows NT 10.0; Win64; x64) AppleWebKit/537.36 (KHTML, like Gecko) Chrome/88.0.4324.104 Safari/537.36"
80.122.53.230 - - [29/Jan/2021:10:50:38 +0100] "GET /loadthumbnail.php?id=11334755&width=113 HTTP/1.1" 200 23865 "http://renault.activities.at/10260008?dir=DESC&mode=grid&order=name&limit=15&page=2" "Mozilla/5.0 (Windows NT 10.0; Win64; x64) AppleWebKit/537.36 (KHTML, like Gecko) Chrome/88.0.4324.104 Safari/537.36"
80.122.53.230 - - [29/Jan/2021:10:50:38 +0100] "GET /loadthumbnail.php?id=11334756&width=113 HTTP/1.1" 200 24626 "http://renault.activities.at/10260008?dir=DESC&mode=grid&order=name&limit=15&page=2" "Mozilla/5.0 (Windows NT 10.0; Win64; x64) AppleWebKit/537.36 (KHTML, like Gecko) Chrome/88.0.4324.104 Safari/537.36"
80.122.53.230 - - [29/Jan/2021:10:50:38 +0100] "GET /loadthumbnail.php?id=11715005&width=113 HTTP/1.1" 200 30128 "http://renault.activities.at/10260008?dir=DESC&mode=grid&order=name&limit=15&page=2" "Mozilla/5.0 (Windows NT 10.0; Win64; x64) AppleWebKit/537.36 (KHTML, like Gecko) Chrome/88.0.4324.104 Safari/537.36"
80.122.53.230 - - [29/Jan/2021:10:50:38 +0100] "GET /loadthumbnail.php?id=11877811&width=113 HTTP/1.1" 200 27053 "http://renault.activities.at/10260008?dir=DESC&mode=grid&order=name&limit=15&page=2" "Mozilla/5.0 (Windows NT 10.0; Win64; x64) AppleWebKit/537.36 (KHTML, like Gecko) Chrome/88.0.4324.104 Safari/537.36"
80.122.53.230 - - [29/Jan/2021:10:50:38 +0100] "GET /loadthumbnail.php?id=11658108&width=113 HTTP/1.1" 200 27184 "http://renault.activities.at/10260008?dir=DESC&mode=grid&order=name&limit=15&page=2" "Mozilla/5.0 (Windows NT 10.0; Win64; x64) AppleWebKit/537.36 (KHTML, like Gecko) Chrome/88.0.4324.104 Safari/537.36"
80.122.53.230 - - [29/Jan/2021:10:50:38 +0100] "GET /loadthumbnail.php?id=11715009&width=113 HTTP/1.1" 200 22295 "http://renault.activities.at/10260008?dir=DESC&mode=grid&order=name&limit=15&page=2" "Mozilla/5.0 (Windows NT 10.0; Win64; x64) AppleWebKit/537.36 (KHTML, like Gecko) Chrome/88.0.4324.104 Safari/537.36"
80.122.53.230 - - [29/Jan/2021:10:50:38 +0100] "GET /loadthumbnail.php?id=10633817&width=113 HTTP/1.1" 200 2614 "http://renault.activities.at/10260008?dir=DESC&mode=grid&order=name&limit=15&page=2" "Mozilla/5.0 (Windows NT 10.0; Win64; x64) AppleWebKit/537.36 (KHTML, like Gecko) Chrome/88.0.4324.104 Safari/537.36"
80.122.53.230 - - [29/Jan/2021:10:50:38 +0100] "GET /loadthumbnail.php?id=12363384&width=113 HTTP/1.1" 200 20801 "http://renault.activities.at/10260008?dir=DESC&mode=grid&order=name&limit=15&page=2" "Mozilla/5.0 (Windows NT 10.0; Win64; x64) AppleWebKit/537.36 (KHTML, like Gecko) Chrome/88.0.4324.104 Safari/537.36"
80.122.53.230 - - [29/Jan/2021:10:50:38 +0100] "GET /loadthumbnail.php?id=12204968&width=113 HTTP/1.1" 200 4284 "http://renault.activities.at/10260008?dir=DESC&mode=grid&order=name&limit=15&page=2" "Mozilla/5.0 (Windows NT 10.0; Win64; x64) AppleWebKit/537.36 (KHTML, like Gecko) Chrome/88.0.4324.104 Safari/537.36"
213.147.166.10 - - [29/Jan/2021:10:50:55 +0100] "GET /reload?ser=1611913855923 HTTP/1.1" 200 28 "http://renault.activities.at/10260300?dir=DESC&mode=grid&order=name&limit=15&page=2" "Mozilla/5.0 (Windows NT 10.0; WOW64; Trident/7.0; rv:11.0) like Gecko"
80.122.129.50 - - [29/Jan/2021:10:50:56 +0100] "GET /reload?ser=1611913856412 HTTP/1.1" 200 28 "http://renault.activities.at/result?searchterm=true&search=+Twing" "Mozilla/5.0 (Windows NT 10.0; WOW64; Trident/7.0; rv:11.0) like Gecko"
80.122.53.230 - - [29/Jan/2021:10:50:58 +0100] "GET /reload?ser=1611913858326 HTTP/1.1" 200 28 "http://renault.activities.at/account" "Mozilla/5.0 (Windows NT 10.0; Win64; x64) AppleWebKit/537.36 (KHTML, like Gecko) Chrome/88.0.4324.104 Safari/537.36"
138.21.12.21 - - [29/Jan/2021:10:50:59 +0100] "GET /reload?ser=1611913859352 HTTP/1.1" 200 28 "http://renault.2web.at/account" "Mozilla/5.0 (Windows NT 10.0; Win64; x64) AppleWebKit/537.36 (KHTML, like Gecko) Chrome/87.0.4280.141 Safari/537.36"
80.122.53.230 - - [29/Jan/2021:10:51:21 +0100] "GET /reload?ser=1611913881751 HTTP/1.1" 200 28 "http://renault.activities.at/result?dir=DESC&mode=grid&order=name&limit=15&page=2&search=Scenic" "Mozilla/5.0 (Windows NT 10.0; Win64; x64) AppleWebKit/537.36 (KHTML, like Gecko) Chrome/87.0.4280.141 Safari/537.36"
80.122.53.230 - - [29/Jan/2021:10:51:39 +0100] "GET /reload?ser=1611913899638 HTTP/1.1" 200 28 "http://renault.activities.at/10260008?dir=DESC&mode=grid&order=name&limit=15&page=2" "Mozilla/5.0 (Windows NT 10.0; Win64; x64) AppleWebKit/537.36 (KHTML, like Gecko) Chrome/88.0.4324.104 Safari/537.36"
213.147.166.10 - - [29/Jan/2021:10:51:56 +0100] "GET /reload?ser=1611913916922 HTTP/1.1" 200 28 "http://renault.activities.at/10260300?dir=DESC&mode=grid&order=name&limit=15&page=2" "Mozilla/5.0 (Windows NT 10.0; WOW64; Trident/7.0; rv:11.0) like Gecko"
80.122.129.50 - - [29/Jan/2021:10:51:57 +0100] "GET /reload?ser=1611913917386 HTTP/1.1" 200 28 "http://renault.activities.at/result?searchterm=true&search=+Twing" "Mozilla/5.0 (Windows NT 10.0; WOW64; Trident/7.0; rv:11.0) like Gecko"
80.122.53.230 - - [29/Jan/2021:10:51:59 +0100] "GET /reload?ser=1611913919322 HTTP/1.1" 200 28 "http://renault.activities.at/account" "Mozilla/5.0 (Windows NT 10.0; Win64; x64) AppleWebKit/537.36 (KHTML, like Gecko) Chrome/88.0.4324.104 Safari/537.36"
138.21.12.21 - - [29/Jan/2021:10:52:01 +0100] "GET /reload?ser=1611913921352 HTTP/1.1" 200 28 "http://renault.2web.at/account" "Mozilla/5.0 (Windows NT 10.0; Win64; x64) AppleWebKit/537.36 (KHTML, like Gecko) Chrome/87.0.4280.141 Safari/537.36"
80.122.53.230 - - [29/Jan/2021:10:52:22 +0100] "GET /reload?ser=1611913942743 HTTP/1.1" 200 28 "http://renault.activities.at/result?dir=DESC&mode=grid&order=name&limit=15&page=2&search=Scenic" "Mozilla/5.0 (Windows NT 10.0; Win64; x64) AppleWebKit/537.36 (KHTML, like Gecko) Chrome/87.0.4280.141 Safari/537.36"
80.122.53.230 - - [29/Jan/2021:10:52:40 +0100] "GET /reload?ser=1611913960641 HTTP/1.1" 200 28 "http://renault.activities.at/10260008?dir=DESC&mode=grid&order=name&limit=15&page=2" "Mozilla/5.0 (Windows NT 10.0; Win64; x64) AppleWebKit/537.36 (KHTML, like Gecko) Chrome/88.0.4324.104 Safari/537.36"
213.147.166.10 - - [29/Jan/2021:10:52:57 +0100] "GET /reload?ser=1611913977925 HTTP/1.1" 200 28 "http://renault.activities.at/10260300?dir=DESC&mode=grid&order=name&limit=15&page=2" "Mozilla/5.0 (Windows NT 10.0; WOW64; Trident/7.0; rv:11.0) like Gecko"
80.122.129.50 - - [29/Jan/2021:10:52:58 +0100] "GET /reload?ser=1611913978334 HTTP/1.1" 200 28 "http://renault.activities.at/result?searchterm=true&search=+Twing" "Mozilla/5.0 (Windows NT 10.0; WOW64; Trident/7.0; rv:11.0) like Gecko"
80.122.53.230 - - [29/Jan/2021:10:53:00 +0100] "GET /reload?ser=1611913980322 HTTP/1.1" 200 28 "http://renault.activities.at/account" "Mozilla/5.0 (Windows NT 10.0; Win64; x64) AppleWebKit/537.36 (KHTML, like Gecko) Chrome/88.0.4324.104 Safari/537.36"
138.21.12.21 - - [29/Jan/2021:10:53:03 +0100] "GET /reload?ser=1611913983354 HTTP/1.1" 200 28 "http://renault.2web.at/account" "Mozilla/5.0 (Windows NT 10.0; Win64; x64) AppleWebKit/537.36 (KHTML, like Gecko) Chrome/87.0.4280.141 Safari/537.36"
80.122.53.230 - - [29/Jan/2021:10:53:23 +0100] "GET /reload?ser=1611914003752 HTTP/1.1" 200 28 "http://renault.activities.at/result?dir=DESC&mode=grid&order=name&limit=15&page=2&search=Scenic" "Mozilla/5.0 (Windows NT 10.0; Win64; x64) AppleWebKit/537.36 (KHTML, like Gecko) Chrome/87.0.4280.141 Safari/537.36"
80.122.53.230 - - [29/Jan/2021:10:53:41 +0100] "GET /reload?ser=1611914021594 HTTP/1.1" 200 28 "http://renault.activities.at/10260008?dir=DESC&mode=grid&order=name&limit=15&page=2" "Mozilla/5.0 (Windows NT 10.0; Win64; x64) AppleWebKit/537.36 (KHTML, like Gecko) Chrome/88.0.4324.104 Safari/537.36"
213.147.166.10 - - [29/Jan/2021:10:53:58 +0100] "GET /reload?ser=1611914038918 HTTP/1.1" 200 28 "http://renault.activities.at/10260300?dir=DESC&mode=grid&order=name&limit=15&page=2" "Mozilla/5.0 (Windows NT 10.0; WOW64; Trident/7.0; rv:11.0) like Gecko"
80.122.129.50 - - [29/Jan/2021:10:53:59 +0100] "GET /reload?ser=1611914039279 HTTP/1.1" 200 28 "http://renault.activities.at/result?searchterm=true&search=+Twing" "Mozilla/5.0 (Windows NT 10.0; WOW64; Trident/7.0; rv:11.0) like Gecko"
80.122.53.230 - - [29/Jan/2021:10:54:01 +0100] "GET /reload?ser=1611914041322 HTTP/1.1" 200 28 "http://renault.activities.at/account" "Mozilla/5.0 (Windows NT 10.0; Win64; x64) AppleWebKit/537.36 (KHTML, like Gecko) Chrome/88.0.4324.104 Safari/537.36"
138.21.12.21 - - [29/Jan/2021:10:54:05 +0100] "GET /reload?ser=1611914045353 HTTP/1.1" 200 28 "http://renault.2web.at/account" "Mozilla/5.0 (Windows NT 10.0; Win64; x64) AppleWebKit/537.36 (KHTML, like Gecko) Chrome/87.0.4280.141 Safari/537.36"
80.122.53.230 - - [29/Jan/2021:10:54:24 +0100] "GET /reload?ser=1611914064752 HTTP/1.1" 200 28 "http://renault.activities.at/result?dir=DESC&mode=grid&order=name&limit=15&page=2&search=Scenic" "Mozilla/5.0 (Windows NT 10.0; Win64; x64) AppleWebKit/537.36 (KHTML, like Gecko) Chrome/87.0.4280.141 Safari/537.36"
80.122.53.230 - - [29/Jan/2021:10:54:42 +0100] "GET /reload?ser=1611914082630 HTTP/1.1" 200 28 "http://renault.activities.at/10260008?dir=DESC&mode=grid&order=name&limit=15&page=2" "Mozilla/5.0 (Windows NT 10.0; Win64; x64) AppleWebKit/537.36 (KHTML, like Gecko) Chrome/88.0.4324.104 Safari/537.36"
213.147.166.10 - - [29/Jan/2021:10:54:59 +0100] "GET /reload?ser=1611914099926 HTTP/1.1" 200 28 "http://renault.activities.at/10260300?dir=DESC&mode=grid&order=name&limit=15&page=2" "Mozilla/5.0 (Windows NT 10.0; WOW64; Trident/7.0; rv:11.0) like Gecko"
80.122.129.50 - - [29/Jan/2021:10:55:00 +0100] "GET /reload?ser=1611914100281 HTTP/1.1" 200 28 "http://renault.activities.at/result?searchterm=true&search=+Twing" "Mozilla/5.0 (Windows NT 10.0; WOW64; Trident/7.0; rv:11.0) like Gecko"
80.122.53.230 - - [29/Jan/2021:10:55:02 +0100] "GET /reload?ser=1611914102328 HTTP/1.1" 200 28 "http://renault.activities.at/account" "Mozilla/5.0 (Windows NT 10.0; Win64; x64) AppleWebKit/537.36 (KHTML, like Gecko) Chrome/88.0.4324.104 Safari/537.36"
138.21.12.21 - - [29/Jan/2021:10:55:07 +0100] "GET /reload?ser=1611914107357 HTTP/1.1" 200 28 "http://renault.2web.at/account" "Mozilla/5.0 (Windows NT 10.0; Win64; x64) AppleWebKit/537.36 (KHTML, like Gecko) Chrome/87.0.4280.141 Safari/537.36"
80.122.53.230 - - [29/Jan/2021:10:55:25 +0100] "GET /reload?ser=1611914125743 HTTP/1.1" 200 28 "http://renault.activities.at/result?dir=DESC&mode=grid&order=name&limit=15&page=2&search=Scenic" "Mozilla/5.0 (Windows NT 10.0; Win64; x64) AppleWebKit/537.36 (KHTML, like Gecko) Chrome/87.0.4280.141 Safari/537.36"
80.122.53.230 - - [29/Jan/2021:10:55:43 +0100] "GET /reload?ser=1611914143631 HTTP/1.1" 200 28 "http://renault.activities.at/10260008?dir=DESC&mode=grid&order=name&limit=15&page=2" "Mozilla/5.0 (Windows NT 10.0; Win64; x64) AppleWebKit/537.36 (KHTML, like Gecko) Chrome/88.0.4324.104 Safari/537.36"
213.147.166.10 - - [29/Jan/2021:10:56:01 +0100] "GET /reload?ser=1611914160953 HTTP/1.1" 200 28 "http://renault.activities.at/10260300?dir=DESC&mode=grid&order=name&limit=15&page=2" "Mozilla/5.0 (Windows NT 10.0; WOW64; Trident/7.0; rv:11.0) like Gecko"
80.122.129.50 - - [29/Jan/2021:10:56:01 +0100] "GET /reload?ser=1611914161248 HTTP/1.1" 200 28 "http://renault.activities.at/result?searchterm=true&search=+Twing" "Mozilla/5.0 (Windows NT 10.0; WOW64; Trident/7.0; rv:11.0) like Gecko"
80.122.53.230 - - [29/Jan/2021:10:56:03 +0100] "GET /reload?ser=1611914163329 HTTP/1.1" 200 28 "http://renault.activities.at/account" "Mozilla/5.0 (Windows NT 10.0; Win64; x64) AppleWebKit/537.36 (KHTML, like Gecko) Chrome/88.0.4324.104 Safari/537.36"
138.21.12.21 - - [29/Jan/2021:10:56:09 +0100] "GET /reload?ser=1611914169355 HTTP/1.1" 200 28 "http://renault.2web.at/account" "Mozilla/5.0 (Windows NT 10.0; Win64; x64) AppleWebKit/537.36 (KHTML, like Gecko) Chrome/87.0.4280.141 Safari/537.36"
80.122.53.230 - - [29/Jan/2021:10:56:26 +0100] "GET /reload?ser=1611914186750 HTTP/1.1" 200 28 "http://renault.activities.at/result?dir=DESC&mode=grid&order=name&limit=15&page=2&search=Scenic" "Mozilla/5.0 (Windows NT 10.0; Win64; x64) AppleWebKit/537.36 (KHTML, like Gecko) Chrome/87.0.4280.141 Safari/537.36"
80.122.53.230 - - [29/Jan/2021:10:56:44 +0100] "GET /reload?ser=1611914204637 HTTP/1.1" 200 28 "http://renault.activities.at/10260008?dir=DESC&mode=grid&order=name&limit=15&page=2" "Mozilla/5.0 (Windows NT 10.0; Win64; x64) AppleWebKit/537.36 (KHTML, like Gecko) Chrome/88.0.4324.104 Safari/537.36"
213.147.166.10 - - [29/Jan/2021:10:57:01 +0100] "GET /reload?ser=1611914221925 HTTP/1.1" 200 28 "http://renault.activities.at/10260300?dir=DESC&mode=grid&order=name&limit=15&page=2" "Mozilla/5.0 (Windows NT 10.0; WOW64; Trident/7.0; rv:11.0) like Gecko"
80.122.129.50 - - [29/Jan/2021:10:57:02 +0100] "GET /reload?ser=1611914222200 HTTP/1.1" 200 28 "http://renault.activities.at/result?searchterm=true&search=+Twing" "Mozilla/5.0 (Windows NT 10.0; WOW64; Trident/7.0; rv:11.0) like Gecko"
80.122.53.230 - - [29/Jan/2021:10:57:04 +0100] "GET /reload?ser=1611914224333 HTTP/1.1" 200 28 "http://renault.activities.at/account" "Mozilla/5.0 (Windows NT 10.0; Win64; x64) AppleWebKit/537.36 (KHTML, like Gecko) Chrome/88.0.4324.104 Safari/537.36"
138.21.12.21 - - [29/Jan/2021:10:57:11 +0100] "GET /reload?ser=1611914231359 HTTP/1.1" 200 28 "http://renault.2web.at/account" "Mozilla/5.0 (Windows NT 10.0; Win64; x64) AppleWebKit/537.36 (KHTML, like Gecko) Chrome/87.0.4280.141 Safari/537.36"
80.122.53.230 - - [29/Jan/2021:10:57:27 +0100] "GET /reload?ser=1611914247748 HTTP/1.1" 200 28 "http://renault.activities.at/result?dir=DESC&mode=grid&order=name&limit=15&page=2&search=Scenic" "Mozilla/5.0 (Windows NT 10.0; Win64; x64) AppleWebKit/537.36 (KHTML, like Gecko) Chrome/87.0.4280.141 Safari/537.36"
80.122.53.230 - - [29/Jan/2021:10:57:45 +0100] "GET /reload?ser=1611914265635 HTTP/1.1" 200 28 "http://renault.activities.at/10260008?dir=DESC&mode=grid&order=name&limit=15&page=2" "Mozilla/5.0 (Windows NT 10.0; Win64; x64) AppleWebKit/537.36 (KHTML, like Gecko) Chrome/88.0.4324.104 Safari/537.36"
213.147.166.10 - - [29/Jan/2021:10:58:02 +0100] "GET /reload?ser=1611914282903 HTTP/1.1" 200 28 "http://renault.activities.at/10260300?dir=DESC&mode=grid&order=name&limit=15&page=2" "Mozilla/5.0 (Windows NT 10.0; WOW64; Trident/7.0; rv:11.0) like Gecko"
80.122.129.50 - - [29/Jan/2021:10:58:03 +0100] "GET /reload?ser=1611914283180 HTTP/1.1" 200 28 "http://renault.activities.at/result?searchterm=true&search=+Twing" "Mozilla/5.0 (Windows NT 10.0; WOW64; Trident/7.0; rv:11.0) like Gecko"
80.122.53.230 - - [29/Jan/2021:10:58:05 +0100] "GET /reload?ser=1611914285330 HTTP/1.1" 200 28 "http://renault.activities.at/account" "Mozilla/5.0 (Windows NT 10.0; Win64; x64) AppleWebKit/537.36 (KHTML, like Gecko) Chrome/88.0.4324.104 Safari/537.36"
138.21.12.21 - - [29/Jan/2021:10:58:13 +0100] "GET /reload?ser=1611914293356 HTTP/1.1" 200 28 "http://renault.2web.at/account" "Mozilla/5.0 (Windows NT 10.0; Win64; x64) AppleWebKit/537.36 (KHTML, like Gecko) Chrome/87.0.4280.141 Safari/537.36"
80.122.53.230 - - [29/Jan/2021:10:58:28 +0100] "GET /reload?ser=1611914308743 HTTP/1.1" 200 28 "http://renault.activities.at/result?dir=DESC&mode=grid&order=name&limit=15&page=2&search=Scenic" "Mozilla/5.0 (Windows NT 10.0; Win64; x64) AppleWebKit/537.36 (KHTML, like Gecko) Chrome/87.0.4280.141 Safari/537.36"
80.122.53.230 - - [29/Jan/2021:10:58:46 +0100] "GET /reload?ser=1611914326630 HTTP/1.1" 200 28 "http://renault.activities.at/10260008?dir=DESC&mode=grid&order=name&limit=15&page=2" "Mozilla/5.0 (Windows NT 10.0; Win64; x64) AppleWebKit/537.36 (KHTML, like Gecko) Chrome/88.0.4324.104 Safari/537.36"
213.147.166.10 - - [29/Jan/2021:10:59:03 +0100] "GET /reload?ser=1611914343858 HTTP/1.1" 200 28 "http://renault.activities.at/10260300?dir=DESC&mode=grid&order=name&limit=15&page=2" "Mozilla/5.0 (Windows NT 10.0; WOW64; Trident/7.0; rv:11.0) like Gecko"
80.122.129.50 - - [29/Jan/2021:10:59:04 +0100] "GET /reload?ser=1611914344136 HTTP/1.1" 200 28 "http://renault.activities.at/result?searchterm=true&search=+Twing" "Mozilla/5.0 (Windows NT 10.0; WOW64; Trident/7.0; rv:11.0) like Gecko"
80.122.53.230 - - [29/Jan/2021:10:59:06 +0100] "GET /reload?ser=1611914346321 HTTP/1.1" 200 28 "http://renault.activities.at/account" "Mozilla/5.0 (Windows NT 10.0; Win64; x64) AppleWebKit/537.36 (KHTML, like Gecko) Chrome/88.0.4324.104 Safari/537.36"
138.21.12.21 - - [29/Jan/2021:10:59:15 +0100] "GET /reload?ser=1611914355356 HTTP/1.1" 200 28 "http://renault.2web.at/account" "Mozilla/5.0 (Windows NT 10.0; Win64; x64) AppleWebKit/537.36 (KHTML, like Gecko) Chrome/87.0.4280.141 Safari/537.36"
80.122.53.230 - - [29/Jan/2021:10:59:29 +0100] "GET /reload?ser=1611914369745 HTTP/1.1" 200 28 "http://renault.activities.at/result?dir=DESC&mode=grid&order=name&limit=15&page=2&search=Scenic" "Mozilla/5.0 (Windows NT 10.0; Win64; x64) AppleWebKit/537.36 (KHTML, like Gecko) Chrome/87.0.4280.141 Safari/537.36"
80.122.53.230 - - [29/Jan/2021:10:59:47 +0100] "GET /reload?ser=1611914387644 HTTP/1.1" 200 28 "http://renault.activities.at/10260008?dir=DESC&mode=grid&order=name&limit=15&page=2" "Mozilla/5.0 (Windows NT 10.0; Win64; x64) AppleWebKit/537.36 (KHTML, like Gecko) Chrome/88.0.4324.104 Safari/537.36"
213.147.166.10 - - [29/Jan/2021:11:00:04 +0100] "GET /reload?ser=1611914404823 HTTP/1.1" 200 28 "http://renault.activities.at/10260300?dir=DESC&mode=grid&order=name&limit=15&page=2" "Mozilla/5.0 (Windows NT 10.0; WOW64; Trident/7.0; rv:11.0) like Gecko"
80.122.129.50 - - [29/Jan/2021:11:00:05 +0100] "GET /reload?ser=1611914405097 HTTP/1.1" 200 28 "http://renault.activities.at/result?searchterm=true&search=+Twing" "Mozilla/5.0 (Windows NT 10.0; WOW64; Trident/7.0; rv:11.0) like Gecko"
80.122.53.230 - - [29/Jan/2021:11:00:07 +0100] "GET /reload?ser=1611914407319 HTTP/1.1" 200 28 "http://renault.activities.at/account" "Mozilla/5.0 (Windows NT 10.0; Win64; x64) AppleWebKit/537.36 (KHTML, like Gecko) Chrome/88.0.4324.104 Safari/537.36"
138.21.12.21 - - [29/Jan/2021:11:00:17 +0100] "GET /reload?ser=1611914417356 HTTP/1.1" 200 28 "http://renault.2web.at/account" "Mozilla/5.0 (Windows NT 10.0; Win64; x64) AppleWebKit/537.36 (KHTML, like Gecko) Chrome/87.0.4280.141 Safari/537.36"
80.122.53.230 - - [29/Jan/2021:11:00:30 +0100] "GET /reload?ser=1611914430746 HTTP/1.1" 200 28 "http://renault.activities.at/result?dir=DESC&mode=grid&order=name&limit=15&page=2&search=Scenic" "Mozilla/5.0 (Windows NT 10.0; Win64; x64) AppleWebKit/537.36 (KHTML, like Gecko) Chrome/87.0.4280.141 Safari/537.36"
80.122.53.230 - - [29/Jan/2021:11:00:48 +0100] "GET /reload?ser=1611914448640 HTTP/1.1" 200 28 "http://renault.activities.at/10260008?dir=DESC&mode=grid&order=name&limit=15&page=2" "Mozilla/5.0 (Windows NT 10.0; Win64; x64) AppleWebKit/537.36 (KHTML, like Gecko) Chrome/88.0.4324.104 Safari/537.36"
80.122.53.230 - - [29/Jan/2021:11:00:55 +0100] "GET /action HTTP/1.1" 200 4109 "http://renault.activities.at/result?dir=DESC&mode=grid&order=name&limit=15&page=2&search=Scenic" "Mozilla/5.0 (Windows NT 10.0; Win64; x64) AppleWebKit/537.36 (KHTML, like Gecko) Chrome/87.0.4280.141 Safari/537.36"
80.122.53.230 - - [29/Jan/2021:11:01:01 +0100] "GET /12359049 HTTP/1.1" 200 7848 "http://renault.activities.at/action" "Mozilla/5.0 (Windows NT 10.0; Win64; x64) AppleWebKit/537.36 (KHTML, like Gecko) Chrome/87.0.4280.141 Safari/537.36"
80.122.53.230 - - [29/Jan/2021:11:01:02 +0100] "GET /js/actionorder.js HTTP/1.1" 200 4403 "http://renault.activities.at/12359049" "Mozilla/5.0 (Windows NT 10.0; Win64; x64) AppleWebKit/537.36 (KHTML, like Gecko) Chrome/87.0.4280.141 Safari/537.36"
80.122.53.230 - - [29/Jan/2021:11:01:02 +0100] "GET /js/actiontabs.js HTTP/1.1" 200 519 "http://renault.activities.at/12359049" "Mozilla/5.0 (Windows NT 10.0; Win64; x64) AppleWebKit/537.36 (KHTML, like Gecko) Chrome/87.0.4280.141 Safari/537.36"
80.122.53.230 - - [29/Jan/2021:11:01:02 +0100] "GET /loadthumbnail.php?id=12359426&width=200&height=200 HTTP/1.1" 200 4620 "http://renault.activities.at/12359049" "Mozilla/5.0 (Windows NT 10.0; Win64; x64) AppleWebKit/537.36 (KHTML, like Gecko) Chrome/87.0.4280.141 Safari/537.36"
80.122.53.230 - - [29/Jan/2021:11:01:02 +0100] "GET /loadthumbnail.php?id=12358951&width=200&height=200 HTTP/1.1" 200 4159 "http://renault.activities.at/12359049" "Mozilla/5.0 (Windows NT 10.0; Win64; x64) AppleWebKit/537.36 (KHTML, like Gecko) Chrome/87.0.4280.141 Safari/537.36"
80.122.53.230 - - [29/Jan/2021:11:01:02 +0100] "GET /loadthumbnail.php?id=12358954&width=200&height=200 HTTP/1.1" 200 3649 "http://renault.activities.at/12359049" "Mozilla/5.0 (Windows NT 10.0; Win64; x64) AppleWebKit/537.36 (KHTML, like Gecko) Chrome/87.0.4280.141 Safari/537.36"
80.122.53.230 - - [29/Jan/2021:11:01:02 +0100] "GET /loadthumbnail.php?id=12358955&width=200&height=200 HTTP/1.1" 200 4287 "http://renault.activities.at/12359049" "Mozilla/5.0 (Windows NT 10.0; Win64; x64) AppleWebKit/537.36 (KHTML, like Gecko) Chrome/87.0.4280.141 Safari/537.36"
80.122.53.230 - - [29/Jan/2021:11:01:02 +0100] "GET /loadthumbnail.php?id=12358956&width=200&height=200 HTTP/1.1" 200 3428 "http://renault.activities.at/12359049" "Mozilla/5.0 (Windows NT 10.0; Win64; x64) AppleWebKit/537.36 (KHTML, like Gecko) Chrome/87.0.4280.141 Safari/537.36"
80.122.53.230 - - [29/Jan/2021:11:01:03 +0100] "GET /images/tabs_border.gif HTTP/1.1" 200 43 "http://renault.activities.at/css/styles.css" "Mozilla/5.0 (Windows NT 10.0; Win64; x64) AppleWebKit/537.36 (KHTML, like Gecko) Chrome/87.0.4280.141 Safari/537.36"
80.122.53.230 - - [29/Jan/2021:11:01:02 +0100] "GET /loadthumbnail.php?id=12358952&width=200&height=200 HTTP/1.1" 200 3295 "http://renault.activities.at/12359049" "Mozilla/5.0 (Windows NT 10.0; Win64; x64) AppleWebKit/537.36 (KHTML, like Gecko) Chrome/87.0.4280.141 Safari/537.36"
80.122.53.230 - - [29/Jan/2021:11:01:03 +0100] "GET /images/tabs_button_corner_right_top.gif HTTP/1.1" 200 132 "http://renault.activities.at/css/styles.css" "Mozilla/5.0 (Windows NT 10.0; Win64; x64) AppleWebKit/537.36 (KHTML, like Gecko) Chrome/87.0.4280.141 Safari/537.36"
80.122.53.230 - - [29/Jan/2021:11:01:03 +0100] "GET /images/tabs_button_corner_left_top.gif HTTP/1.1" 200 132 "http://renault.activities.at/css/styles.css" "Mozilla/5.0 (Windows NT 10.0; Win64; x64) AppleWebKit/537.36 (KHTML, like Gecko) Chrome/87.0.4280.141 Safari/537.36"
80.122.53.230 - - [29/Jan/2021:11:01:03 +0100] "GET /images/tabs_button_corner_left_top_active.gif HTTP/1.1" 200 138 "http://renault.activities.at/css/styles.css" "Mozilla/5.0 (Windows NT 10.0; Win64; x64) AppleWebKit/537.36 (KHTML, like Gecko) Chrome/87.0.4280.141 Safari/537.36"
80.122.53.230 - - [29/Jan/2021:11:01:03 +0100] "GET /images/tabs_corner_right_bot.gif HTTP/1.1" 200 99 "http://renault.activities.at/css/styles.css" "Mozilla/5.0 (Windows NT 10.0; Win64; x64) AppleWebKit/537.36 (KHTML, like Gecko) Chrome/87.0.4280.141 Safari/537.36"
80.122.53.230 - - [29/Jan/2021:11:01:03 +0100] "GET /images/tabs_corner_left_bot.gif HTTP/1.1" 200 98 "http://renault.activities.at/css/styles.css" "Mozilla/5.0 (Windows NT 10.0; Win64; x64) AppleWebKit/537.36 (KHTML, like Gecko) Chrome/87.0.4280.141 Safari/537.36"
80.122.53.230 - - [29/Jan/2021:11:01:03 +0100] "GET /images/tabs_button_corner_right_top_active.gif HTTP/1.1" 200 136 "http://renault.activities.at/css/styles.css" "Mozilla/5.0 (Windows NT 10.0; Win64; x64) AppleWebKit/537.36 (KHTML, like Gecko) Chrome/87.0.4280.141 Safari/537.36"
80.122.53.230 - - [29/Jan/2021:11:01:03 +0100] "GET /images/tabs_corner_left_top.gif HTTP/1.1" 200 99 "http://renault.activities.at/css/styles.css" "Mozilla/5.0 (Windows NT 10.0; Win64; x64) AppleWebKit/537.36 (KHTML, like Gecko) Chrome/87.0.4280.141 Safari/537.36"
80.122.53.230 - - [29/Jan/2021:11:01:03 +0100] "GET /images/tabs_corner_right_top.gif HTTP/1.1" 200 98 "http://renault.activities.at/css/styles.css" "Mozilla/5.0 (Windows NT 10.0; Win64; x64) AppleWebKit/537.36 (KHTML, like Gecko) Chrome/87.0.4280.141 Safari/537.36"
80.122.53.230 - - [29/Jan/2021:11:01:03 +0100] "GET /loadthumbnail.php?id=12358949&width=200&height=200 HTTP/1.1" 200 4620 "http://renault.activities.at/12359049" "Mozilla/5.0 (Windows NT 10.0; Win64; x64) AppleWebKit/537.36 (KHTML, like Gecko) Chrome/87.0.4280.141 Safari/537.36"
80.122.53.230 - - [29/Jan/2021:11:01:03 +0100] "GET /loadthumbnail.php?id=12358949&width=200&height=280 HTTP/1.1" 200 4620 "http://renault.activities.at/12359049" "Mozilla/5.0 (Windows NT 10.0; Win64; x64) AppleWebKit/537.36 (KHTML, like Gecko) Chrome/87.0.4280.141 Safari/537.36"
80.122.53.230 - - [29/Jan/2021:11:01:03 +0100] "GET /loadthumbnail.php?id=12358950&width=200&height=280 HTTP/1.1" 200 3626 "http://renault.activities.at/12359049" "Mozilla/5.0 (Windows NT 10.0; Win64; x64) AppleWebKit/537.36 (KHTML, like Gecko) Chrome/87.0.4280.141 Safari/537.36"
80.122.53.230 - - [29/Jan/2021:11:01:03 +0100] "GET /loadthumbnail.php?id=12358953&width=200&height=280 HTTP/1.1" 200 4355 "http://renault.activities.at/12359049" "Mozilla/5.0 (Windows NT 10.0; Win64; x64) AppleWebKit/537.36 (KHTML, like Gecko) Chrome/87.0.4280.141 Safari/537.36"
80.122.53.230 - - [29/Jan/2021:11:01:03 +0100] "GET /loadthumbnail.php?id=12358950&width=200&height=200 HTTP/1.1" 200 3626 "http://renault.activities.at/12359049" "Mozilla/5.0 (Windows NT 10.0; Win64; x64) AppleWebKit/537.36 (KHTML, like Gecko) Chrome/87.0.4280.141 Safari/537.36"
80.122.53.230 - - [29/Jan/2021:11:01:03 +0100] "GET /loadthumbnail.php?id=12358953&width=200&height=200 HTTP/1.1" 200 4355 "http://renault.activities.at/12359049" "Mozilla/5.0 (Windows NT 10.0; Win64; x64) AppleWebKit/537.36 (KHTML, like Gecko) Chrome/87.0.4280.141 Safari/537.36"
80.122.53.230 - - [29/Jan/2021:11:01:03 +0100] "GET /loadthumbnail.php?id=12358273&width=200&height=200 HTTP/1.1" 200 5514 "http://renault.activities.at/12359049" "Mozilla/5.0 (Windows NT 10.0; Win64; x64) AppleWebKit/537.36 (KHTML, like Gecko) Chrome/87.0.4280.141 Safari/537.36"
80.122.53.230 - - [29/Jan/2021:11:01:03 +0100] "GET /loadthumbnail.php?id=12358955&width=200&height=280 HTTP/1.1" 200 4287 "http://renault.activities.at/12359049" "Mozilla/5.0 (Windows NT 10.0; Win64; x64) AppleWebKit/537.36 (KHTML, like Gecko) Chrome/87.0.4280.141 Safari/537.36"
80.122.53.230 - - [29/Jan/2021:11:01:03 +0100] "GET /loadthumbnail.php?id=12358272&width=200&height=200 HTTP/1.1" 200 5514 "http://renault.activities.at/12359049" "Mozilla/5.0 (Windows NT 10.0; Win64; x64) AppleWebKit/537.36 (KHTML, like Gecko) Chrome/87.0.4280.141 Safari/537.36"
80.122.53.230 - - [29/Jan/2021:11:01:03 +0100] "GET /loadthumbnail.php?id=12358954&width=200&height=280 HTTP/1.1" 200 3649 "http://renault.activities.at/12359049" "Mozilla/5.0 (Windows NT 10.0; Win64; x64) AppleWebKit/537.36 (KHTML, like Gecko) Chrome/87.0.4280.141 Safari/537.36"
80.122.53.230 - - [29/Jan/2021:11:01:03 +0100] "GET /loadthumbnail.php?id=12358951&width=200&height=280 HTTP/1.1" 200 4159 "http://renault.activities.at/12359049" "Mozilla/5.0 (Windows NT 10.0; Win64; x64) AppleWebKit/537.36 (KHTML, like Gecko) Chrome/87.0.4280.141 Safari/537.36"
80.122.53.230 - - [29/Jan/2021:11:01:03 +0100] "GET /loadthumbnail.php?id=12358956&width=200&height=280 HTTP/1.1" 200 3428 "http://renault.activities.at/12359049" "Mozilla/5.0 (Windows NT 10.0; Win64; x64) AppleWebKit/537.36 (KHTML, like Gecko) Chrome/87.0.4280.141 Safari/537.36"
80.122.53.230 - - [29/Jan/2021:11:01:03 +0100] "GET /loadthumbnail.php?id=12358952&width=200&height=280 HTTP/1.1" 200 3295 "http://renault.activities.at/12359049" "Mozilla/5.0 (Windows NT 10.0; Win64; x64) AppleWebKit/537.36 (KHTML, like Gecko) Chrome/87.0.4280.141 Safari/537.36"
213.147.166.10 - - [29/Jan/2021:11:01:06 +0100] "GET /reload?ser=1611914465823 HTTP/1.1" 200 28 "http://renault.activities.at/10260300?dir=DESC&mode=grid&order=name&limit=15&page=2" "Mozilla/5.0 (Windows NT 10.0; WOW64; Trident/7.0; rv:11.0) like Gecko"
80.122.129.50 - - [29/Jan/2021:11:01:06 +0100] "GET /reload?ser=1611914466075 HTTP/1.1" 200 28 "http://renault.activities.at/result?searchterm=true&search=+Twing" "Mozilla/5.0 (Windows NT 10.0; WOW64; Trident/7.0; rv:11.0) like Gecko"
80.122.53.230 - - [29/Jan/2021:11:01:08 +0100] "GET /reload?ser=1611914468337 HTTP/1.1" 200 28 "http://renault.activities.at/account" "Mozilla/5.0 (Windows NT 10.0; Win64; x64) AppleWebKit/537.36 (KHTML, like Gecko) Chrome/88.0.4324.104 Safari/537.36"
80.122.53.230 - - [29/Jan/2021:11:01:14 +0100] "GET /images/vista-up-hover.gif HTTP/1.1" 200 130 "http://renault.activities.at/css/styles.css" "Mozilla/5.0 (Windows NT 10.0; Win64; x64) AppleWebKit/537.36 (KHTML, like Gecko) Chrome/87.0.4280.141 Safari/537.36"
80.122.53.230 - - [29/Jan/2021:11:01:15 +0100] "GET /images/vista-dn-hover.gif HTTP/1.1" 200 127 "http://renault.activities.at/css/styles.css" "Mozilla/5.0 (Windows NT 10.0; Win64; x64) AppleWebKit/537.36 (KHTML, like Gecko) Chrome/87.0.4280.141 Safari/537.36"
138.21.12.21 - - [29/Jan/2021:11:01:19 +0100] "GET /reload?ser=1611914479357 HTTP/1.1" 200 28 "http://renault.2web.at/account" "Mozilla/5.0 (Windows NT 10.0; Win64; x64) AppleWebKit/537.36 (KHTML, like Gecko) Chrome/87.0.4280.141 Safari/537.36"
80.122.53.230 - - [29/Jan/2021:11:01:49 +0100] "GET /reload?ser=1611914509639 HTTP/1.1" 200 28 "http://renault.activities.at/10260008?dir=DESC&mode=grid&order=name&limit=15&page=2" "Mozilla/5.0 (Windows NT 10.0; Win64; x64) AppleWebKit/537.36 (KHTML, like Gecko) Chrome/88.0.4324.104 Safari/537.36"
80.122.53.230 - - [29/Jan/2021:11:02:03 +0100] "GET /reload?ser=1611914523577 HTTP/1.1" 200 28 "http://renault.activities.at/12359049" "Mozilla/5.0 (Windows NT 10.0; Win64; x64) AppleWebKit/537.36 (KHTML, like Gecko) Chrome/87.0.4280.141 Safari/537.36"
213.147.166.10 - - [29/Jan/2021:11:02:06 +0100] "GET /reload?ser=1611914526931 HTTP/1.1" 200 28 "http://renault.activities.at/10260300?dir=DESC&mode=grid&order=name&limit=15&page=2" "Mozilla/5.0 (Windows NT 10.0; WOW64; Trident/7.0; rv:11.0) like Gecko"
80.122.129.50 - - [29/Jan/2021:11:02:07 +0100] "GET /reload?ser=1611914527024 HTTP/1.1" 200 28 "http://renault.activities.at/result?searchterm=true&search=+Twing" "Mozilla/5.0 (Windows NT 10.0; WOW64; Trident/7.0; rv:11.0) like Gecko"
80.122.53.230 - - [29/Jan/2021:11:02:10 +0100] "GET /reload?ser=1611914530334 HTTP/1.1" 200 28 "http://renault.activities.at/account" "Mozilla/5.0 (Windows NT 10.0; Win64; x64) AppleWebKit/537.36 (KHTML, like Gecko) Chrome/88.0.4324.104 Safari/537.36"
80.122.53.230 - - [29/Jan/2021:11:02:10 +0100] "GET /insertactionorder?print=true&Document=&Event=12359049&action=insert&article=12358946&amount=2 HTTP/1.1" 200 2363 "http://renault.activities.at/12359049" "Mozilla/5.0 (Windows NT 10.0; Win64; x64) AppleWebKit/537.36 (KHTML, like Gecko) Chrome/87.0.4280.141 Safari/537.36"
80.122.53.230 - - [29/Jan/2021:11:02:13 +0100] "GET /images/icons/basket_remove.gif HTTP/1.1" 200 1015 "http://renault.activities.at/insertactionorder?print=true&Document=&Event=12359049&action=insert&article=12358946&amount=2" "Mozilla/5.0 (Windows NT 10.0; Win64; x64) AppleWebKit/537.36 (KHTML, like Gecko) Chrome/87.0.4280.141 Safari/537.36"
80.122.53.230 - - [29/Jan/2021:11:02:13 +0100] "GET /images/success_msg_icon.gif HTTP/1.1" 200 1024 "http://renault.activities.at/css/styles.css" "Mozilla/5.0 (Windows NT 10.0; Win64; x64) AppleWebKit/537.36 (KHTML, like Gecko) Chrome/87.0.4280.141 Safari/537.36"
138.21.12.21 - - [29/Jan/2021:11:02:21 +0100] "GET /reload?ser=1611914541358 HTTP/1.1" 200 28 "http://renault.2web.at/account" "Mozilla/5.0 (Windows NT 10.0; Win64; x64) AppleWebKit/537.36 (KHTML, like Gecko) Chrome/87.0.4280.141 Safari/537.36"
80.122.53.230 - - [29/Jan/2021:11:02:31 +0100] "GET /insertactionorder?print=true&Document=12364003&Event=12359049&action=insert&article=12358960&amount=1 HTTP/1.1" 200 2506 "http://renault.activities.at/12359049" "Mozilla/5.0 (Windows NT 10.0; Win64; x64) AppleWebKit/537.36 (KHTML, like Gecko) Chrome/87.0.4280.141 Safari/537.36"
80.122.53.230 - - [29/Jan/2021:11:02:50 +0100] "GET /reload?ser=1611914570645 HTTP/1.1" 200 28 "http://renault.activities.at/10260008?dir=DESC&mode=grid&order=name&limit=15&page=2" "Mozilla/5.0 (Windows NT 10.0; Win64; x64) AppleWebKit/537.36 (KHTML, like Gecko) Chrome/88.0.4324.104 Safari/537.36"
80.122.53.230 - - [29/Jan/2021:11:02:48 +0100] "GET /insertactionorder?print=true&Document=12364003&Event=12359049&action=insert&article=12359031&amount=1 HTTP/1.1" 200 2658 "http://renault.activities.at/12359049" "Mozilla/5.0 (Windows NT 10.0; Win64; x64) AppleWebKit/537.36 (KHTML, like Gecko) Chrome/87.0.4280.141 Safari/537.36"
80.122.53.230 - - [29/Jan/2021:11:03:04 +0100] "GET /reload?ser=1611914584554 HTTP/1.1" 200 28 "http://renault.activities.at/12359049" "Mozilla/5.0 (Windows NT 10.0; Win64; x64) AppleWebKit/537.36 (KHTML, like Gecko) Chrome/87.0.4280.141 Safari/537.36"
213.147.166.10 - - [29/Jan/2021:11:03:07 +0100] "GET /reload?ser=1611914587888 HTTP/1.1" 200 28 "http://renault.activities.at/10260300?dir=DESC&mode=grid&order=name&limit=15&page=2" "Mozilla/5.0 (Windows NT 10.0; WOW64; Trident/7.0; rv:11.0) like Gecko"
80.122.129.50 - - [29/Jan/2021:11:03:08 +0100] "GET /reload?ser=1611914587976 HTTP/1.1" 200 28 "http://renault.activities.at/result?searchterm=true&search=+Twing" "Mozilla/5.0 (Windows NT 10.0; WOW64; Trident/7.0; rv:11.0) like Gecko"
80.122.53.230 - - [29/Jan/2021:11:03:11 +0100] "GET /reload?ser=1611914591334 HTTP/1.1" 200 28 "http://renault.activities.at/account" "Mozilla/5.0 (Windows NT 10.0; Win64; x64) AppleWebKit/537.36 (KHTML, like Gecko) Chrome/88.0.4324.104 Safari/537.36"
80.122.53.230 - - [29/Jan/2021:11:03:21 +0100] "GET /insertactionorder?print=true&Document=12364003&Event=12359049&action=insert&article=12359043&amount=1 HTTP/1.1" 200 2754 "http://renault.activities.at/12359049" "Mozilla/5.0 (Windows NT 10.0; Win64; x64) AppleWebKit/537.36 (KHTML, like Gecko) Chrome/87.0.4280.141 Safari/537.36"
138.21.12.21 - - [29/Jan/2021:11:03:23 +0100] "GET /reload?ser=1611914603364 HTTP/1.1" 200 28 "http://renault.2web.at/account" "Mozilla/5.0 (Windows NT 10.0; Win64; x64) AppleWebKit/537.36 (KHTML, like Gecko) Chrome/87.0.4280.141 Safari/537.36"
80.122.53.230 - - [29/Jan/2021:11:03:51 +0100] "GET /reload?ser=1611914631639 HTTP/1.1" 200 28 "http://renault.activities.at/10260008?dir=DESC&mode=grid&order=name&limit=15&page=2" "Mozilla/5.0 (Windows NT 10.0; Win64; x64) AppleWebKit/537.36 (KHTML, like Gecko) Chrome/88.0.4324.104 Safari/537.36"
80.122.53.230 - - [29/Jan/2021:11:04:05 +0100] "GET /reload?ser=1611914645496 HTTP/1.1" 200 28 "http://renault.activities.at/12359049" "Mozilla/5.0 (Windows NT 10.0; Win64; x64) AppleWebKit/537.36 (KHTML, like Gecko) Chrome/87.0.4280.141 Safari/537.36"
213.147.166.10 - - [29/Jan/2021:11:04:08 +0100] "GET /reload?ser=1611914648850 HTTP/1.1" 200 28 "http://renault.activities.at/10260300?dir=DESC&mode=grid&order=name&limit=15&page=2" "Mozilla/5.0 (Windows NT 10.0; WOW64; Trident/7.0; rv:11.0) like Gecko"
80.122.129.50 - - [29/Jan/2021:11:04:09 +0100] "GET /reload?ser=1611914648945 HTTP/1.1" 200 28 "http://renault.activities.at/result?searchterm=true&search=+Twing" "Mozilla/5.0 (Windows NT 10.0; WOW64; Trident/7.0; rv:11.0) like Gecko"
80.122.53.230 - - [29/Jan/2021:11:04:12 +0100] "GET /reload?ser=1611914652334 HTTP/1.1" 200 28 "http://renault.activities.at/account" "Mozilla/5.0 (Windows NT 10.0; Win64; x64) AppleWebKit/537.36 (KHTML, like Gecko) Chrome/88.0.4324.104 Safari/537.36"
138.21.12.21 - - [29/Jan/2021:11:04:25 +0100] "GET /reload?ser=1611914665359 HTTP/1.1" 200 28 "http://renault.2web.at/account" "Mozilla/5.0 (Windows NT 10.0; Win64; x64) AppleWebKit/537.36 (KHTML, like Gecko) Chrome/87.0.4280.141 Safari/537.36"
80.122.53.230 - - [29/Jan/2021:11:04:52 +0100] "GET /reload?ser=1611914692643 HTTP/1.1" 200 28 "http://renault.activities.at/10260008?dir=DESC&mode=grid&order=name&limit=15&page=2" "Mozilla/5.0 (Windows NT 10.0; Win64; x64) AppleWebKit/537.36 (KHTML, like Gecko) Chrome/88.0.4324.104 Safari/537.36"
80.122.53.230 - - [29/Jan/2021:11:05:06 +0100] "GET /reload?ser=1611914706455 HTTP/1.1" 200 28 "http://renault.activities.at/12359049" "Mozilla/5.0 (Windows NT 10.0; Win64; x64) AppleWebKit/537.36 (KHTML, like Gecko) Chrome/87.0.4280.141 Safari/537.36"
213.147.166.10 - - [29/Jan/2021:11:05:09 +0100] "GET /reload?ser=1611914709839 HTTP/1.1" 200 28 "http://renault.activities.at/10260300?dir=DESC&mode=grid&order=name&limit=15&page=2" "Mozilla/5.0 (Windows NT 10.0; WOW64; Trident/7.0; rv:11.0) like Gecko"
80.122.129.50 - - [29/Jan/2021:11:05:10 +0100] "GET /reload?ser=1611914709930 HTTP/1.1" 200 28 "http://renault.activities.at/result?searchterm=true&search=+Twing" "Mozilla/5.0 (Windows NT 10.0; WOW64; Trident/7.0; rv:11.0) like Gecko"
80.122.53.230 - - [29/Jan/2021:11:05:13 +0100] "GET /reload?ser=1611914713334 HTTP/1.1" 200 28 "http://renault.activities.at/account" "Mozilla/5.0 (Windows NT 10.0; Win64; x64) AppleWebKit/537.36 (KHTML, like Gecko) Chrome/88.0.4324.104 Safari/537.36"
138.21.12.21 - - [29/Jan/2021:11:05:27 +0100] "GET /reload?ser=1611914727360 HTTP/1.1" 200 28 "http://renault.2web.at/account" "Mozilla/5.0 (Windows NT 10.0; Win64; x64) AppleWebKit/537.36 (KHTML, like Gecko) Chrome/87.0.4280.141 Safari/537.36"
80.122.53.230 - - [29/Jan/2021:11:05:53 +0100] "GET /reload?ser=1611914753642 HTTP/1.1" 200 28 "http://renault.activities.at/10260008?dir=DESC&mode=grid&order=name&limit=15&page=2" "Mozilla/5.0 (Windows NT 10.0; Win64; x64) AppleWebKit/537.36 (KHTML, like Gecko) Chrome/88.0.4324.104 Safari/537.36"
80.122.53.230 - - [29/Jan/2021:11:06:07 +0100] "GET /reload?ser=1611914767382 HTTP/1.1" 200 28 "http://renault.activities.at/12359049" "Mozilla/5.0 (Windows NT 10.0; Win64; x64) AppleWebKit/537.36 (KHTML, like Gecko) Chrome/87.0.4280.141 Safari/537.36"
213.147.166.10 - - [29/Jan/2021:11:06:10 +0100] "GET /reload?ser=1611914770824 HTTP/1.1" 200 28 "http://renault.activities.at/10260300?dir=DESC&mode=grid&order=name&limit=15&page=2" "Mozilla/5.0 (Windows NT 10.0; WOW64; Trident/7.0; rv:11.0) like Gecko"
80.122.129.50 - - [29/Jan/2021:11:06:11 +0100] "GET /reload?ser=1611914770893 HTTP/1.1" 200 28 "http://renault.activities.at/result?searchterm=true&search=+Twing" "Mozilla/5.0 (Windows NT 10.0; WOW64; Trident/7.0; rv:11.0) like Gecko"
