80.122.53.230 - - [29/Jan/2021:15:30:15 +0100] "GET /reload?ser=1611930614905 HTTP/1.1" 200 28 "http://renault.activities.at/12359049" "Mozilla/5.0 (Windows NT 10.0; Win64; x64) AppleWebKit/537.36 (KHTML, like Gecko) Chrome/87.0.4280.141 Safari/537.36"
213.147.166.10 - - [29/Jan/2021:15:30:28 +0100] "GET /reload?ser=1611930628181 HTTP/1.1" 200 28 "http://renault.activities.at/10260300?dir=DESC&mode=grid&order=name&limit=15&page=2" "Mozilla/5.0 (Windows NT 10.0; WOW64; Trident/7.0; rv:11.0) like Gecko"
80.122.53.230 - - [29/Jan/2021:15:31:16 +0100] "GET /reload?ser=1611930675908 HTTP/1.1" 200 28 "http://renault.activities.at/12359049" "Mozilla/5.0 (Windows NT 10.0; Win64; x64) AppleWebKit/537.36 (KHTML, like Gecko) Chrome/87.0.4280.141 Safari/537.36"
213.147.166.10 - - [29/Jan/2021:15:31:29 +0100] "GET /reload?ser=1611930689151 HTTP/1.1" 200 28 "http://renault.activities.at/10260300?dir=DESC&mode=grid&order=name&limit=15&page=2" "Mozilla/5.0 (Windows NT 10.0; WOW64; Trident/7.0; rv:11.0) like Gecko"
80.122.53.230 - - [29/Jan/2021:15:32:17 +0100] "GET /reload?ser=1611930736897 HTTP/1.1" 200 28 "http://renault.activities.at/12359049" "Mozilla/5.0 (Windows NT 10.0; Win64; x64) AppleWebKit/537.36 (KHTML, like Gecko) Chrome/87.0.4280.141 Safari/537.36"
213.147.166.10 - - [29/Jan/2021:15:32:30 +0100] "GET /reload?ser=1611930750134 HTTP/1.1" 200 28 "http://renault.activities.at/10260300?dir=DESC&mode=grid&order=name&limit=15&page=2" "Mozilla/5.0 (Windows NT 10.0; WOW64; Trident/7.0; rv:11.0) like Gecko"
80.122.53.230 - - [29/Jan/2021:15:33:18 +0100] "GET /reload?ser=1611930797895 HTTP/1.1" 200 28 "http://renault.activities.at/12359049" "Mozilla/5.0 (Windows NT 10.0; Win64; x64) AppleWebKit/537.36 (KHTML, like Gecko) Chrome/87.0.4280.141 Safari/537.36"
213.147.166.10 - - [29/Jan/2021:15:33:31 +0100] "GET /reload?ser=1611930811102 HTTP/1.1" 200 28 "http://renault.activities.at/10260300?dir=DESC&mode=grid&order=name&limit=15&page=2" "Mozilla/5.0 (Windows NT 10.0; WOW64; Trident/7.0; rv:11.0) like Gecko"
80.122.53.230 - - [29/Jan/2021:15:34:19 +0100] "GET /reload?ser=1611930858907 HTTP/1.1" 200 28 "http://renault.activities.at/12359049" "Mozilla/5.0 (Windows NT 10.0; Win64; x64) AppleWebKit/537.36 (KHTML, like Gecko) Chrome/87.0.4280.141 Safari/537.36"
213.147.166.10 - - [29/Jan/2021:15:34:32 +0100] "GET /reload?ser=1611930872079 HTTP/1.1" 200 28 "http://renault.activities.at/10260300?dir=DESC&mode=grid&order=name&limit=15&page=2" "Mozilla/5.0 (Windows NT 10.0; WOW64; Trident/7.0; rv:11.0) like Gecko"
80.122.53.230 - - [29/Jan/2021:15:35:20 +0100] "GET /reload?ser=1611930919896 HTTP/1.1" 200 28 "http://renault.activities.at/12359049" "Mozilla/5.0 (Windows NT 10.0; Win64; x64) AppleWebKit/537.36 (KHTML, like Gecko) Chrome/87.0.4280.141 Safari/537.36"
213.147.166.10 - - [29/Jan/2021:15:35:33 +0100] "GET /reload?ser=1611930933109 HTTP/1.1" 200 28 "http://renault.activities.at/10260300?dir=DESC&mode=grid&order=name&limit=15&page=2" "Mozilla/5.0 (Windows NT 10.0; WOW64; Trident/7.0; rv:11.0) like Gecko"
80.122.53.230 - - [29/Jan/2021:15:36:21 +0100] "GET /reload?ser=1611930980900 HTTP/1.1" 200 28 "http://renault.activities.at/12359049" "Mozilla/5.0 (Windows NT 10.0; Win64; x64) AppleWebKit/537.36 (KHTML, like Gecko) Chrome/87.0.4280.141 Safari/537.36"
213.147.166.10 - - [29/Jan/2021:15:36:34 +0100] "GET /reload?ser=1611930994111 HTTP/1.1" 200 28 "http://renault.activities.at/10260300?dir=DESC&mode=grid&order=name&limit=15&page=2" "Mozilla/5.0 (Windows NT 10.0; WOW64; Trident/7.0; rv:11.0) like Gecko"
80.122.53.230 - - [29/Jan/2021:15:37:22 +0100] "GET /reload?ser=1611931041896 HTTP/1.1" 200 28 "http://renault.activities.at/12359049" "Mozilla/5.0 (Windows NT 10.0; Win64; x64) AppleWebKit/537.36 (KHTML, like Gecko) Chrome/87.0.4280.141 Safari/537.36"
213.147.166.10 - - [29/Jan/2021:15:37:35 +0100] "GET /reload?ser=1611931055108 HTTP/1.1" 200 28 "http://renault.activities.at/10260300?dir=DESC&mode=grid&order=name&limit=15&page=2" "Mozilla/5.0 (Windows NT 10.0; WOW64; Trident/7.0; rv:11.0) like Gecko"
80.122.53.230 - - [29/Jan/2021:15:38:23 +0100] "GET /reload?ser=1611931102908 HTTP/1.1" 200 28 "http://renault.activities.at/12359049" "Mozilla/5.0 (Windows NT 10.0; Win64; x64) AppleWebKit/537.36 (KHTML, like Gecko) Chrome/87.0.4280.141 Safari/537.36"
213.147.166.10 - - [29/Jan/2021:15:38:36 +0100] "GET /reload?ser=1611931116104 HTTP/1.1" 200 28 "http://renault.activities.at/10260300?dir=DESC&mode=grid&order=name&limit=15&page=2" "Mozilla/5.0 (Windows NT 10.0; WOW64; Trident/7.0; rv:11.0) like Gecko"
80.122.53.230 - - [29/Jan/2021:15:39:24 +0100] "GET /reload?ser=1611931163900 HTTP/1.1" 200 28 "http://renault.activities.at/12359049" "Mozilla/5.0 (Windows NT 10.0; Win64; x64) AppleWebKit/537.36 (KHTML, like Gecko) Chrome/87.0.4280.141 Safari/537.36"
213.147.166.10 - - [29/Jan/2021:15:39:37 +0100] "GET /reload?ser=1611931177050 HTTP/1.1" 200 28 "http://renault.activities.at/10260300?dir=DESC&mode=grid&order=name&limit=15&page=2" "Mozilla/5.0 (Windows NT 10.0; WOW64; Trident/7.0; rv:11.0) like Gecko"
80.122.53.230 - - [29/Jan/2021:15:40:25 +0100] "GET /reload?ser=1611931224909 HTTP/1.1" 200 28 "http://renault.activities.at/12359049" "Mozilla/5.0 (Windows NT 10.0; Win64; x64) AppleWebKit/537.36 (KHTML, like Gecko) Chrome/87.0.4280.141 Safari/537.36"
213.147.166.10 - - [29/Jan/2021:15:40:38 +0100] "GET /reload?ser=1611931238044 HTTP/1.1" 200 28 "http://renault.activities.at/10260300?dir=DESC&mode=grid&order=name&limit=15&page=2" "Mozilla/5.0 (Windows NT 10.0; WOW64; Trident/7.0; rv:11.0) like Gecko"
80.122.53.230 - - [29/Jan/2021:15:41:27 +0100] "GET /reload?ser=1611931286903 HTTP/1.1" 200 28 "http://renault.activities.at/12359049" "Mozilla/5.0 (Windows NT 10.0; Win64; x64) AppleWebKit/537.36 (KHTML, like Gecko) Chrome/87.0.4280.141 Safari/537.36"
213.147.166.10 - - [29/Jan/2021:15:41:39 +0100] "GET /reload?ser=1611931299066 HTTP/1.1" 200 28 "http://renault.activities.at/10260300?dir=DESC&mode=grid&order=name&limit=15&page=2" "Mozilla/5.0 (Windows NT 10.0; WOW64; Trident/7.0; rv:11.0) like Gecko"
80.122.53.230 - - [29/Jan/2021:15:42:28 +0100] "GET /reload?ser=1611931347900 HTTP/1.1" 200 28 "http://renault.activities.at/12359049" "Mozilla/5.0 (Windows NT 10.0; Win64; x64) AppleWebKit/537.36 (KHTML, like Gecko) Chrome/87.0.4280.141 Safari/537.36"
213.147.166.10 - - [29/Jan/2021:15:42:40 +0100] "GET /reload?ser=1611931360038 HTTP/1.1" 200 28 "http://renault.activities.at/10260300?dir=DESC&mode=grid&order=name&limit=15&page=2" "Mozilla/5.0 (Windows NT 10.0; WOW64; Trident/7.0; rv:11.0) like Gecko"
80.122.53.230 - - [29/Jan/2021:15:43:29 +0100] "GET /reload?ser=1611931408911 HTTP/1.1" 200 28 "http://renault.activities.at/12359049" "Mozilla/5.0 (Windows NT 10.0; Win64; x64) AppleWebKit/537.36 (KHTML, like Gecko) Chrome/87.0.4280.141 Safari/537.36"
213.147.166.10 - - [29/Jan/2021:15:43:41 +0100] "GET /reload?ser=1611931421011 HTTP/1.1" 200 28 "http://renault.activities.at/10260300?dir=DESC&mode=grid&order=name&limit=15&page=2" "Mozilla/5.0 (Windows NT 10.0; WOW64; Trident/7.0; rv:11.0) like Gecko"
80.122.53.230 - - [29/Jan/2021:15:44:30 +0100] "GET /reload?ser=1611931469913 HTTP/1.1" 200 28 "http://renault.activities.at/12359049" "Mozilla/5.0 (Windows NT 10.0; Win64; x64) AppleWebKit/537.36 (KHTML, like Gecko) Chrome/87.0.4280.141 Safari/537.36"
213.147.166.10 - - [29/Jan/2021:15:44:42 +0100] "GET /reload?ser=1611931481990 HTTP/1.1" 200 28 "http://renault.activities.at/10260300?dir=DESC&mode=grid&order=name&limit=15&page=2" "Mozilla/5.0 (Windows NT 10.0; WOW64; Trident/7.0; rv:11.0) like Gecko"
80.122.53.230 - - [29/Jan/2021:15:45:31 +0100] "GET /reload?ser=1611931530904 HTTP/1.1" 200 28 "http://renault.activities.at/12359049" "Mozilla/5.0 (Windows NT 10.0; Win64; x64) AppleWebKit/537.36 (KHTML, like Gecko) Chrome/87.0.4280.141 Safari/537.36"
213.147.166.10 - - [29/Jan/2021:15:45:43 +0100] "GET /reload?ser=1611931542991 HTTP/1.1" 200 28 "http://renault.activities.at/10260300?dir=DESC&mode=grid&order=name&limit=15&page=2" "Mozilla/5.0 (Windows NT 10.0; WOW64; Trident/7.0; rv:11.0) like Gecko"
80.122.53.230 - - [29/Jan/2021:15:46:32 +0100] "GET /reload?ser=1611931591903 HTTP/1.1" 200 28 "http://renault.activities.at/12359049" "Mozilla/5.0 (Windows NT 10.0; Win64; x64) AppleWebKit/537.36 (KHTML, like Gecko) Chrome/87.0.4280.141 Safari/537.36"
213.147.166.10 - - [29/Jan/2021:15:46:44 +0100] "GET /reload?ser=1611931603986 HTTP/1.1" 200 28 "http://renault.activities.at/10260300?dir=DESC&mode=grid&order=name&limit=15&page=2" "Mozilla/5.0 (Windows NT 10.0; WOW64; Trident/7.0; rv:11.0) like Gecko"
80.122.53.230 - - [29/Jan/2021:15:47:33 +0100] "GET /reload?ser=1611931652907 HTTP/1.1" 200 28 "http://renault.activities.at/12359049" "Mozilla/5.0 (Windows NT 10.0; Win64; x64) AppleWebKit/537.36 (KHTML, like Gecko) Chrome/87.0.4280.141 Safari/537.36"
213.147.166.10 - - [29/Jan/2021:15:47:45 +0100] "GET /reload?ser=1611931664962 HTTP/1.1" 200 28 "http://renault.activities.at/10260300?dir=DESC&mode=grid&order=name&limit=15&page=2" "Mozilla/5.0 (Windows NT 10.0; WOW64; Trident/7.0; rv:11.0) like Gecko"
80.122.53.230 - - [29/Jan/2021:15:48:34 +0100] "GET /reload?ser=1611931713910 HTTP/1.1" 200 28 "http://renault.activities.at/12359049" "Mozilla/5.0 (Windows NT 10.0; Win64; x64) AppleWebKit/537.36 (KHTML, like Gecko) Chrome/87.0.4280.141 Safari/537.36"
213.147.166.10 - - [29/Jan/2021:15:48:45 +0100] "GET /reload?ser=1611931725919 HTTP/1.1" 200 28 "http://renault.activities.at/10260300?dir=DESC&mode=grid&order=name&limit=15&page=2" "Mozilla/5.0 (Windows NT 10.0; WOW64; Trident/7.0; rv:11.0) like Gecko"
80.122.53.230 - - [29/Jan/2021:15:49:35 +0100] "GET /reload?ser=1611931774909 HTTP/1.1" 200 28 "http://renault.activities.at/12359049" "Mozilla/5.0 (Windows NT 10.0; Win64; x64) AppleWebKit/537.36 (KHTML, like Gecko) Chrome/87.0.4280.141 Safari/537.36"
213.147.166.10 - - [29/Jan/2021:15:49:46 +0100] "GET /reload?ser=1611931786934 HTTP/1.1" 200 28 "http://renault.activities.at/10260300?dir=DESC&mode=grid&order=name&limit=15&page=2" "Mozilla/5.0 (Windows NT 10.0; WOW64; Trident/7.0; rv:11.0) like Gecko"
80.122.53.230 - - [29/Jan/2021:15:50:36 +0100] "GET /reload?ser=1611931835905 HTTP/1.1" 200 28 "http://renault.activities.at/12359049" "Mozilla/5.0 (Windows NT 10.0; Win64; x64) AppleWebKit/537.36 (KHTML, like Gecko) Chrome/87.0.4280.141 Safari/537.36"
213.147.166.10 - - [29/Jan/2021:15:50:47 +0100] "GET /reload?ser=1611931847923 HTTP/1.1" 200 28 "http://renault.activities.at/10260300?dir=DESC&mode=grid&order=name&limit=15&page=2" "Mozilla/5.0 (Windows NT 10.0; WOW64; Trident/7.0; rv:11.0) like Gecko"
80.122.53.230 - - [29/Jan/2021:15:51:37 +0100] "GET /reload?ser=1611931896905 HTTP/1.1" 200 28 "http://renault.activities.at/12359049" "Mozilla/5.0 (Windows NT 10.0; Win64; x64) AppleWebKit/537.36 (KHTML, like Gecko) Chrome/87.0.4280.141 Safari/537.36"
213.147.166.10 - - [29/Jan/2021:15:51:48 +0100] "GET /reload?ser=1611931908909 HTTP/1.1" 200 28 "http://renault.activities.at/10260300?dir=DESC&mode=grid&order=name&limit=15&page=2" "Mozilla/5.0 (Windows NT 10.0; WOW64; Trident/7.0; rv:11.0) like Gecko"
80.122.53.230 - - [29/Jan/2021:15:52:38 +0100] "GET /reload?ser=1611931957914 HTTP/1.1" 200 28 "http://renault.activities.at/12359049" "Mozilla/5.0 (Windows NT 10.0; Win64; x64) AppleWebKit/537.36 (KHTML, like Gecko) Chrome/87.0.4280.141 Safari/537.36"
213.147.166.10 - - [29/Jan/2021:15:52:49 +0100] "GET /reload?ser=1611931969929 HTTP/1.1" 200 28 "http://renault.activities.at/10260300?dir=DESC&mode=grid&order=name&limit=15&page=2" "Mozilla/5.0 (Windows NT 10.0; WOW64; Trident/7.0; rv:11.0) like Gecko"
80.122.53.230 - - [29/Jan/2021:15:53:39 +0100] "GET /reload?ser=1611932018908 HTTP/1.1" 200 28 "http://renault.activities.at/12359049" "Mozilla/5.0 (Windows NT 10.0; Win64; x64) AppleWebKit/537.36 (KHTML, like Gecko) Chrome/87.0.4280.141 Safari/537.36"
213.147.166.10 - - [29/Jan/2021:15:53:50 +0100] "GET /reload?ser=1611932030935 HTTP/1.1" 200 28 "http://renault.activities.at/10260300?dir=DESC&mode=grid&order=name&limit=15&page=2" "Mozilla/5.0 (Windows NT 10.0; WOW64; Trident/7.0; rv:11.0) like Gecko"
80.122.53.230 - - [29/Jan/2021:15:54:40 +0100] "GET /reload?ser=1611932079912 HTTP/1.1" 200 28 "http://renault.activities.at/12359049" "Mozilla/5.0 (Windows NT 10.0; Win64; x64) AppleWebKit/537.36 (KHTML, like Gecko) Chrome/87.0.4280.141 Safari/537.36"
213.147.166.10 - - [29/Jan/2021:15:54:51 +0100] "GET /reload?ser=1611932091899 HTTP/1.1" 200 28 "http://renault.activities.at/10260300?dir=DESC&mode=grid&order=name&limit=15&page=2" "Mozilla/5.0 (Windows NT 10.0; WOW64; Trident/7.0; rv:11.0) like Gecko"
80.122.53.230 - - [29/Jan/2021:15:55:41 +0100] "GET /reload?ser=1611932140905 HTTP/1.1" 200 28 "http://renault.activities.at/12359049" "Mozilla/5.0 (Windows NT 10.0; Win64; x64) AppleWebKit/537.36 (KHTML, like Gecko) Chrome/87.0.4280.141 Safari/537.36"
213.147.166.10 - - [29/Jan/2021:15:55:52 +0100] "GET /reload?ser=1611932152859 HTTP/1.1" 200 28 "http://renault.activities.at/10260300?dir=DESC&mode=grid&order=name&limit=15&page=2" "Mozilla/5.0 (Windows NT 10.0; WOW64; Trident/7.0; rv:11.0) like Gecko"
80.122.53.230 - - [29/Jan/2021:15:56:42 +0100] "GET /reload?ser=1611932201918 HTTP/1.1" 200 28 "http://renault.activities.at/12359049" "Mozilla/5.0 (Windows NT 10.0; Win64; x64) AppleWebKit/537.36 (KHTML, like Gecko) Chrome/87.0.4280.141 Safari/537.36"
213.147.166.10 - - [29/Jan/2021:15:56:53 +0100] "GET /reload?ser=1611932213855 HTTP/1.1" 200 28 "http://renault.activities.at/10260300?dir=DESC&mode=grid&order=name&limit=15&page=2" "Mozilla/5.0 (Windows NT 10.0; WOW64; Trident/7.0; rv:11.0) like Gecko"
80.122.53.230 - - [29/Jan/2021:15:57:43 +0100] "GET /reload?ser=1611932262905 HTTP/1.1" 200 28 "http://renault.activities.at/12359049" "Mozilla/5.0 (Windows NT 10.0; Win64; x64) AppleWebKit/537.36 (KHTML, like Gecko) Chrome/87.0.4280.141 Safari/537.36"
213.147.166.10 - - [29/Jan/2021:15:57:54 +0100] "GET /reload?ser=1611932274817 HTTP/1.1" 200 28 "http://renault.activities.at/10260300?dir=DESC&mode=grid&order=name&limit=15&page=2" "Mozilla/5.0 (Windows NT 10.0; WOW64; Trident/7.0; rv:11.0) like Gecko"
80.122.53.230 - - [29/Jan/2021:15:58:44 +0100] "GET /reload?ser=1611932323911 HTTP/1.1" 200 28 "http://renault.activities.at/12359049" "Mozilla/5.0 (Windows NT 10.0; Win64; x64) AppleWebKit/537.36 (KHTML, like Gecko) Chrome/87.0.4280.141 Safari/537.36"
213.147.166.10 - - [29/Jan/2021:15:58:56 +0100] "GET /reload?ser=1611932336140 HTTP/1.1" 200 28 "http://renault.activities.at/10260300?dir=DESC&mode=grid&order=name&limit=15&page=2" "Mozilla/5.0 (Windows NT 10.0; WOW64; Trident/7.0; rv:11.0) like Gecko"
80.122.53.230 - - [29/Jan/2021:15:59:45 +0100] "GET /reload?ser=1611932384920 HTTP/1.1" 200 28 "http://renault.activities.at/12359049" "Mozilla/5.0 (Windows NT 10.0; Win64; x64) AppleWebKit/537.36 (KHTML, like Gecko) Chrome/87.0.4280.141 Safari/537.36"
213.147.166.10 - - [29/Jan/2021:15:59:57 +0100] "GET /reload?ser=1611932397132 HTTP/1.1" 200 28 "http://renault.activities.at/10260300?dir=DESC&mode=grid&order=name&limit=15&page=2" "Mozilla/5.0 (Windows NT 10.0; WOW64; Trident/7.0; rv:11.0) like Gecko"
80.122.53.230 - - [29/Jan/2021:16:00:46 +0100] "GET /reload?ser=1611932445909 HTTP/1.1" 200 28 "http://renault.activities.at/12359049" "Mozilla/5.0 (Windows NT 10.0; Win64; x64) AppleWebKit/537.36 (KHTML, like Gecko) Chrome/87.0.4280.141 Safari/537.36"
213.147.166.10 - - [29/Jan/2021:16:00:58 +0100] "GET /reload?ser=1611932458143 HTTP/1.1" 200 28 "http://renault.activities.at/10260300?dir=DESC&mode=grid&order=name&limit=15&page=2" "Mozilla/5.0 (Windows NT 10.0; WOW64; Trident/7.0; rv:11.0) like Gecko"
80.122.53.230 - - [29/Jan/2021:16:01:47 +0100] "GET /reload?ser=1611932506911 HTTP/1.1" 200 28 "http://renault.activities.at/12359049" "Mozilla/5.0 (Windows NT 10.0; Win64; x64) AppleWebKit/537.36 (KHTML, like Gecko) Chrome/87.0.4280.141 Safari/537.36"
213.147.166.10 - - [29/Jan/2021:16:01:59 +0100] "GET /reload?ser=1611932519162 HTTP/1.1" 200 28 "http://renault.activities.at/10260300?dir=DESC&mode=grid&order=name&limit=15&page=2" "Mozilla/5.0 (Windows NT 10.0; WOW64; Trident/7.0; rv:11.0) like Gecko"
80.122.53.230 - - [29/Jan/2021:16:02:48 +0100] "GET /reload?ser=1611932567909 HTTP/1.1" 200 28 "http://renault.activities.at/12359049" "Mozilla/5.0 (Windows NT 10.0; Win64; x64) AppleWebKit/537.36 (KHTML, like Gecko) Chrome/87.0.4280.141 Safari/537.36"
213.147.166.10 - - [29/Jan/2021:16:03:00 +0100] "GET /reload?ser=1611932580158 HTTP/1.1" 200 28 "http://renault.activities.at/10260300?dir=DESC&mode=grid&order=name&limit=15&page=2" "Mozilla/5.0 (Windows NT 10.0; WOW64; Trident/7.0; rv:11.0) like Gecko"
80.122.53.230 - - [29/Jan/2021:16:03:49 +0100] "GET /reload?ser=1611932628913 HTTP/1.1" 200 28 "http://renault.activities.at/12359049" "Mozilla/5.0 (Windows NT 10.0; Win64; x64) AppleWebKit/537.36 (KHTML, like Gecko) Chrome/87.0.4280.141 Safari/537.36"
213.147.166.10 - - [29/Jan/2021:16:04:01 +0100] "GET /reload?ser=1611932641132 HTTP/1.1" 200 28 "http://renault.activities.at/10260300?dir=DESC&mode=grid&order=name&limit=15&page=2" "Mozilla/5.0 (Windows NT 10.0; WOW64; Trident/7.0; rv:11.0) like Gecko"
80.122.53.230 - - [29/Jan/2021:16:04:50 +0100] "GET /reload?ser=1611932689921 HTTP/1.1" 200 28 "http://renault.activities.at/12359049" "Mozilla/5.0 (Windows NT 10.0; Win64; x64) AppleWebKit/537.36 (KHTML, like Gecko) Chrome/87.0.4280.141 Safari/537.36"
213.147.166.10 - - [29/Jan/2021:16:05:02 +0100] "GET /reload?ser=1611932702128 HTTP/1.1" 200 28 "http://renault.activities.at/10260300?dir=DESC&mode=grid&order=name&limit=15&page=2" "Mozilla/5.0 (Windows NT 10.0; WOW64; Trident/7.0; rv:11.0) like Gecko"
80.122.53.230 - - [29/Jan/2021:16:05:51 +0100] "GET /reload?ser=1611932750923 HTTP/1.1" 200 28 "http://renault.activities.at/12359049" "Mozilla/5.0 (Windows NT 10.0; Win64; x64) AppleWebKit/537.36 (KHTML, like Gecko) Chrome/87.0.4280.141 Safari/537.36"
213.147.166.10 - - [29/Jan/2021:16:06:03 +0100] "GET /reload?ser=1611932763123 HTTP/1.1" 200 28 "http://renault.activities.at/10260300?dir=DESC&mode=grid&order=name&limit=15&page=2" "Mozilla/5.0 (Windows NT 10.0; WOW64; Trident/7.0; rv:11.0) like Gecko"
80.122.53.230 - - [29/Jan/2021:16:06:52 +0100] "GET /reload?ser=1611932811922 HTTP/1.1" 200 28 "http://renault.activities.at/12359049" "Mozilla/5.0 (Windows NT 10.0; Win64; x64) AppleWebKit/537.36 (KHTML, like Gecko) Chrome/87.0.4280.141 Safari/537.36"
213.147.166.10 - - [29/Jan/2021:16:07:04 +0100] "GET /reload?ser=1611932824094 HTTP/1.1" 200 28 "http://renault.activities.at/10260300?dir=DESC&mode=grid&order=name&limit=15&page=2" "Mozilla/5.0 (Windows NT 10.0; WOW64; Trident/7.0; rv:11.0) like Gecko"
80.122.53.230 - - [29/Jan/2021:16:07:53 +0100] "GET /reload?ser=1611932872924 HTTP/1.1" 200 28 "http://renault.activities.at/12359049" "Mozilla/5.0 (Windows NT 10.0; Win64; x64) AppleWebKit/537.36 (KHTML, like Gecko) Chrome/87.0.4280.141 Safari/537.36"
213.147.166.10 - - [29/Jan/2021:16:08:05 +0100] "GET /reload?ser=1611932885055 HTTP/1.1" 200 28 "http://renault.activities.at/10260300?dir=DESC&mode=grid&order=name&limit=15&page=2" "Mozilla/5.0 (Windows NT 10.0; WOW64; Trident/7.0; rv:11.0) like Gecko"
80.122.53.230 - - [29/Jan/2021:16:08:54 +0100] "GET /reload?ser=1611932933923 HTTP/1.1" 200 28 "http://renault.activities.at/12359049" "Mozilla/5.0 (Windows NT 10.0; Win64; x64) AppleWebKit/537.36 (KHTML, like Gecko) Chrome/87.0.4280.141 Safari/537.36"
213.147.166.10 - - [29/Jan/2021:16:09:06 +0100] "GET /reload?ser=1611932946042 HTTP/1.1" 200 28 "http://renault.activities.at/10260300?dir=DESC&mode=grid&order=name&limit=15&page=2" "Mozilla/5.0 (Windows NT 10.0; WOW64; Trident/7.0; rv:11.0) like Gecko"
80.122.53.230 - - [29/Jan/2021:16:09:56 +0100] "GET /reload?ser=1611932995918 HTTP/1.1" 200 28 "http://renault.activities.at/12359049" "Mozilla/5.0 (Windows NT 10.0; Win64; x64) AppleWebKit/537.36 (KHTML, like Gecko) Chrome/87.0.4280.141 Safari/537.36"
213.147.166.10 - - [29/Jan/2021:16:10:07 +0100] "GET /reload?ser=1611933007014 HTTP/1.1" 200 28 "http://renault.activities.at/10260300?dir=DESC&mode=grid&order=name&limit=15&page=2" "Mozilla/5.0 (Windows NT 10.0; WOW64; Trident/7.0; rv:11.0) like Gecko"
80.122.53.230 - - [29/Jan/2021:16:10:57 +0100] "GET /reload?ser=1611933056922 HTTP/1.1" 200 28 "http://renault.activities.at/12359049" "Mozilla/5.0 (Windows NT 10.0; Win64; x64) AppleWebKit/537.36 (KHTML, like Gecko) Chrome/87.0.4280.141 Safari/537.36"
213.147.166.10 - - [29/Jan/2021:16:11:08 +0100] "GET /reload?ser=1611933067998 HTTP/1.1" 200 28 "http://renault.activities.at/10260300?dir=DESC&mode=grid&order=name&limit=15&page=2" "Mozilla/5.0 (Windows NT 10.0; WOW64; Trident/7.0; rv:11.0) like Gecko"
80.122.53.230 - - [29/Jan/2021:16:11:58 +0100] "GET /reload?ser=1611933117937 HTTP/1.1" 200 28 "http://renault.activities.at/12359049" "Mozilla/5.0 (Windows NT 10.0; Win64; x64) AppleWebKit/537.36 (KHTML, like Gecko) Chrome/87.0.4280.141 Safari/537.36"
213.147.166.10 - - [29/Jan/2021:16:12:09 +0100] "GET /reload?ser=1611933128997 HTTP/1.1" 200 28 "http://renault.activities.at/10260300?dir=DESC&mode=grid&order=name&limit=15&page=2" "Mozilla/5.0 (Windows NT 10.0; WOW64; Trident/7.0; rv:11.0) like Gecko"
80.122.53.230 - - [29/Jan/2021:16:12:59 +0100] "GET /reload?ser=1611933178929 HTTP/1.1" 200 28 "http://renault.activities.at/12359049" "Mozilla/5.0 (Windows NT 10.0; Win64; x64) AppleWebKit/537.36 (KHTML, like Gecko) Chrome/87.0.4280.141 Safari/537.36"
213.147.166.10 - - [29/Jan/2021:16:13:09 +0100] "GET /reload?ser=1611933189958 HTTP/1.1" 200 28 "http://renault.activities.at/10260300?dir=DESC&mode=grid&order=name&limit=15&page=2" "Mozilla/5.0 (Windows NT 10.0; WOW64; Trident/7.0; rv:11.0) like Gecko"
80.122.53.230 - - [29/Jan/2021:16:14:00 +0100] "GET /reload?ser=1611933239938 HTTP/1.1" 200 28 "http://renault.activities.at/12359049" "Mozilla/5.0 (Windows NT 10.0; Win64; x64) AppleWebKit/537.36 (KHTML, like Gecko) Chrome/87.0.4280.141 Safari/537.36"
213.147.166.10 - - [29/Jan/2021:16:14:11 +0100] "GET /reload?ser=1611933250951 HTTP/1.1" 200 28 "http://renault.activities.at/10260300?dir=DESC&mode=grid&order=name&limit=15&page=2" "Mozilla/5.0 (Windows NT 10.0; WOW64; Trident/7.0; rv:11.0) like Gecko"
80.122.53.230 - - [29/Jan/2021:16:15:01 +0100] "GET /reload?ser=1611933300929 HTTP/1.1" 200 28 "http://renault.activities.at/12359049" "Mozilla/5.0 (Windows NT 10.0; Win64; x64) AppleWebKit/537.36 (KHTML, like Gecko) Chrome/87.0.4280.141 Safari/537.36"
213.147.166.10 - - [29/Jan/2021:16:15:11 +0100] "GET /reload?ser=1611933311939 HTTP/1.1" 200 28 "http://renault.activities.at/10260300?dir=DESC&mode=grid&order=name&limit=15&page=2" "Mozilla/5.0 (Windows NT 10.0; WOW64; Trident/7.0; rv:11.0) like Gecko"
80.122.53.230 - - [29/Jan/2021:16:16:02 +0100] "GET /reload?ser=1611933361945 HTTP/1.1" 200 28 "http://renault.activities.at/12359049" "Mozilla/5.0 (Windows NT 10.0; Win64; x64) AppleWebKit/537.36 (KHTML, like Gecko) Chrome/87.0.4280.141 Safari/537.36"
213.147.166.10 - - [29/Jan/2021:16:16:12 +0100] "GET /reload?ser=1611933372921 HTTP/1.1" 200 28 "http://renault.activities.at/10260300?dir=DESC&mode=grid&order=name&limit=15&page=2" "Mozilla/5.0 (Windows NT 10.0; WOW64; Trident/7.0; rv:11.0) like Gecko"
80.122.53.230 - - [29/Jan/2021:16:17:03 +0100] "GET /reload?ser=1611933422938 HTTP/1.1" 200 28 "http://renault.activities.at/12359049" "Mozilla/5.0 (Windows NT 10.0; Win64; x64) AppleWebKit/537.36 (KHTML, like Gecko) Chrome/87.0.4280.141 Safari/537.36"
213.147.166.10 - - [29/Jan/2021:16:17:13 +0100] "GET /reload?ser=1611933433929 HTTP/1.1" 200 28 "http://renault.activities.at/10260300?dir=DESC&mode=grid&order=name&limit=15&page=2" "Mozilla/5.0 (Windows NT 10.0; WOW64; Trident/7.0; rv:11.0) like Gecko"
80.122.53.230 - - [29/Jan/2021:16:18:04 +0100] "GET /reload?ser=1611933483946 HTTP/1.1" 200 28 "http://renault.activities.at/12359049" "Mozilla/5.0 (Windows NT 10.0; Win64; x64) AppleWebKit/537.36 (KHTML, like Gecko) Chrome/87.0.4280.141 Safari/537.36"
213.147.166.10 - - [29/Jan/2021:16:18:14 +0100] "GET /reload?ser=1611933494895 HTTP/1.1" 200 28 "http://renault.activities.at/10260300?dir=DESC&mode=grid&order=name&limit=15&page=2" "Mozilla/5.0 (Windows NT 10.0; WOW64; Trident/7.0; rv:11.0) like Gecko"
80.122.53.230 - - [29/Jan/2021:16:19:05 +0100] "GET /reload?ser=1611933544948 HTTP/1.1" 200 28 "http://renault.activities.at/12359049" "Mozilla/5.0 (Windows NT 10.0; Win64; x64) AppleWebKit/537.36 (KHTML, like Gecko) Chrome/87.0.4280.141 Safari/537.36"
213.147.166.10 - - [29/Jan/2021:16:19:15 +0100] "GET /reload?ser=1611933555857 HTTP/1.1" 200 28 "http://renault.activities.at/10260300?dir=DESC&mode=grid&order=name&limit=15&page=2" "Mozilla/5.0 (Windows NT 10.0; WOW64; Trident/7.0; rv:11.0) like Gecko"
80.122.53.230 - - [29/Jan/2021:16:20:06 +0100] "GET /reload?ser=1611933605955 HTTP/1.1" 200 28 "http://renault.activities.at/12359049" "Mozilla/5.0 (Windows NT 10.0; Win64; x64) AppleWebKit/537.36 (KHTML, like Gecko) Chrome/87.0.4280.141 Safari/537.36"
213.147.166.10 - - [29/Jan/2021:16:20:16 +0100] "GET /reload?ser=1611933616823 HTTP/1.1" 200 28 "http://renault.activities.at/10260300?dir=DESC&mode=grid&order=name&limit=15&page=2" "Mozilla/5.0 (Windows NT 10.0; WOW64; Trident/7.0; rv:11.0) like Gecko"
80.122.53.230 - - [29/Jan/2021:16:21:07 +0100] "GET /reload?ser=1611933666947 HTTP/1.1" 200 28 "http://renault.activities.at/12359049" "Mozilla/5.0 (Windows NT 10.0; Win64; x64) AppleWebKit/537.36 (KHTML, like Gecko) Chrome/87.0.4280.141 Safari/537.36"
213.147.166.10 - - [29/Jan/2021:16:21:17 +0100] "GET /reload?ser=1611933677827 HTTP/1.1" 200 28 "http://renault.activities.at/10260300?dir=DESC&mode=grid&order=name&limit=15&page=2" "Mozilla/5.0 (Windows NT 10.0; WOW64; Trident/7.0; rv:11.0) like Gecko"
80.122.53.230 - - [29/Jan/2021:16:22:08 +0100] "GET /reload?ser=1611933727957 HTTP/1.1" 200 28 "http://renault.activities.at/12359049" "Mozilla/5.0 (Windows NT 10.0; Win64; x64) AppleWebKit/537.36 (KHTML, like Gecko) Chrome/87.0.4280.141 Safari/537.36"
213.147.166.10 - - [29/Jan/2021:16:22:18 +0100] "GET /reload?ser=1611933738809 HTTP/1.1" 200 28 "http://renault.activities.at/10260300?dir=DESC&mode=grid&order=name&limit=15&page=2" "Mozilla/5.0 (Windows NT 10.0; WOW64; Trident/7.0; rv:11.0) like Gecko"
80.122.53.230 - - [29/Jan/2021:16:23:09 +0100] "GET /reload?ser=1611933788957 HTTP/1.1" 200 28 "http://renault.activities.at/12359049" "Mozilla/5.0 (Windows NT 10.0; Win64; x64) AppleWebKit/537.36 (KHTML, like Gecko) Chrome/87.0.4280.141 Safari/537.36"
213.147.166.10 - - [29/Jan/2021:16:23:19 +0100] "GET /reload?ser=1611933799756 HTTP/1.1" 200 28 "http://renault.activities.at/10260300?dir=DESC&mode=grid&order=name&limit=15&page=2" "Mozilla/5.0 (Windows NT 10.0; WOW64; Trident/7.0; rv:11.0) like Gecko"
80.122.53.230 - - [29/Jan/2021:16:24:10 +0100] "GET /reload?ser=1611933849955 HTTP/1.1" 200 28 "http://renault.activities.at/12359049" "Mozilla/5.0 (Windows NT 10.0; Win64; x64) AppleWebKit/537.36 (KHTML, like Gecko) Chrome/87.0.4280.141 Safari/537.36"
213.147.166.10 - - [29/Jan/2021:16:24:20 +0100] "GET /reload?ser=1611933860754 HTTP/1.1" 200 28 "http://renault.activities.at/10260300?dir=DESC&mode=grid&order=name&limit=15&page=2" "Mozilla/5.0 (Windows NT 10.0; WOW64; Trident/7.0; rv:11.0) like Gecko"
80.122.53.230 - - [29/Jan/2021:16:25:11 +0100] "GET /reload?ser=1611933910965 HTTP/1.1" 200 28 "http://renault.activities.at/12359049" "Mozilla/5.0 (Windows NT 10.0; Win64; x64) AppleWebKit/537.36 (KHTML, like Gecko) Chrome/87.0.4280.141 Safari/537.36"
213.147.166.10 - - [29/Jan/2021:16:25:21 +0100] "GET /reload?ser=1611933921765 HTTP/1.1" 200 28 "http://renault.activities.at/10260300?dir=DESC&mode=grid&order=name&limit=15&page=2" "Mozilla/5.0 (Windows NT 10.0; WOW64; Trident/7.0; rv:11.0) like Gecko"
80.122.53.230 - - [29/Jan/2021:16:26:12 +0100] "GET /reload?ser=1611933971954 HTTP/1.1" 200 28 "http://renault.activities.at/12359049" "Mozilla/5.0 (Windows NT 10.0; Win64; x64) AppleWebKit/537.36 (KHTML, like Gecko) Chrome/87.0.4280.141 Safari/537.36"
213.147.166.10 - - [29/Jan/2021:16:26:22 +0100] "GET /reload?ser=1611933982748 HTTP/1.1" 200 28 "http://renault.activities.at/10260300?dir=DESC&mode=grid&order=name&limit=15&page=2" "Mozilla/5.0 (Windows NT 10.0; WOW64; Trident/7.0; rv:11.0) like Gecko"
80.122.53.230 - - [29/Jan/2021:16:27:13 +0100] "GET /reload?ser=1611934032968 HTTP/1.1" 200 28 "http://renault.activities.at/12359049" "Mozilla/5.0 (Windows NT 10.0; Win64; x64) AppleWebKit/537.36 (KHTML, like Gecko) Chrome/87.0.4280.141 Safari/537.36"
213.147.166.10 - - [29/Jan/2021:16:27:23 +0100] "GET /reload?ser=1611934043734 HTTP/1.1" 200 28 "http://renault.activities.at/10260300?dir=DESC&mode=grid&order=name&limit=15&page=2" "Mozilla/5.0 (Windows NT 10.0; WOW64; Trident/7.0; rv:11.0) like Gecko"
80.122.53.230 - - [29/Jan/2021:16:28:15 +0100] "GET /reload?ser=1611934094958 HTTP/1.1" 200 28 "http://renault.activities.at/12359049" "Mozilla/5.0 (Windows NT 10.0; Win64; x64) AppleWebKit/537.36 (KHTML, like Gecko) Chrome/87.0.4280.141 Safari/537.36"
213.147.166.10 - - [29/Jan/2021:16:28:24 +0100] "GET /reload?ser=1611934104721 HTTP/1.1" 200 28 "http://renault.activities.at/10260300?dir=DESC&mode=grid&order=name&limit=15&page=2" "Mozilla/5.0 (Windows NT 10.0; WOW64; Trident/7.0; rv:11.0) like Gecko"
80.122.53.230 - - [29/Jan/2021:16:29:16 +0100] "GET /reload?ser=1611934155973 HTTP/1.1" 200 28 "http://renault.activities.at/12359049" "Mozilla/5.0 (Windows NT 10.0; Win64; x64) AppleWebKit/537.36 (KHTML, like Gecko) Chrome/87.0.4280.141 Safari/537.36"
213.147.166.10 - - [29/Jan/2021:16:29:25 +0100] "GET /reload?ser=1611934165676 HTTP/1.1" 200 28 "http://renault.activities.at/10260300?dir=DESC&mode=grid&order=name&limit=15&page=2" "Mozilla/5.0 (Windows NT 10.0; WOW64; Trident/7.0; rv:11.0) like Gecko"
80.122.53.230 - - [29/Jan/2021:16:30:17 +0100] "GET /reload?ser=1611934216965 HTTP/1.1" 200 28 "http://renault.activities.at/12359049" "Mozilla/5.0 (Windows NT 10.0; Win64; x64) AppleWebKit/537.36 (KHTML, like Gecko) Chrome/87.0.4280.141 Safari/537.36"
213.147.166.10 - - [29/Jan/2021:16:30:26 +0100] "GET /reload?ser=1611934226648 HTTP/1.1" 200 28 "http://renault.activities.at/10260300?dir=DESC&mode=grid&order=name&limit=15&page=2" "Mozilla/5.0 (Windows NT 10.0; WOW64; Trident/7.0; rv:11.0) like Gecko"
80.122.53.230 - - [29/Jan/2021:16:31:18 +0100] "GET /reload?ser=1611934277977 HTTP/1.1" 200 28 "http://renault.activities.at/12359049" "Mozilla/5.0 (Windows NT 10.0; Win64; x64) AppleWebKit/537.36 (KHTML, like Gecko) Chrome/87.0.4280.141 Safari/537.36"
213.147.166.10 - - [29/Jan/2021:16:31:27 +0100] "GET /reload?ser=1611934287635 HTTP/1.1" 200 28 "http://renault.activities.at/10260300?dir=DESC&mode=grid&order=name&limit=15&page=2" "Mozilla/5.0 (Windows NT 10.0; WOW64; Trident/7.0; rv:11.0) like Gecko"
80.122.53.230 - - [29/Jan/2021:16:32:19 +0100] "GET /reload?ser=1611934338980 HTTP/1.1" 200 28 "http://renault.activities.at/12359049" "Mozilla/5.0 (Windows NT 10.0; Win64; x64) AppleWebKit/537.36 (KHTML, like Gecko) Chrome/87.0.4280.141 Safari/537.36"
213.147.166.10 - - [29/Jan/2021:16:32:28 +0100] "GET /reload?ser=1611934348630 HTTP/1.1" 200 28 "http://renault.activities.at/10260300?dir=DESC&mode=grid&order=name&limit=15&page=2" "Mozilla/5.0 (Windows NT 10.0; WOW64; Trident/7.0; rv:11.0) like Gecko"
80.122.53.230 - - [29/Jan/2021:16:33:20 +0100] "GET /reload?ser=1611934399972 HTTP/1.1" 200 28 "http://renault.activities.at/12359049" "Mozilla/5.0 (Windows NT 10.0; Win64; x64) AppleWebKit/537.36 (KHTML, like Gecko) Chrome/87.0.4280.141 Safari/537.36"
213.147.166.10 - - [29/Jan/2021:16:33:29 +0100] "GET /reload?ser=1611934409639 HTTP/1.1" 200 28 "http://renault.activities.at/10260300?dir=DESC&mode=grid&order=name&limit=15&page=2" "Mozilla/5.0 (Windows NT 10.0; WOW64; Trident/7.0; rv:11.0) like Gecko"
80.122.53.230 - - [29/Jan/2021:16:34:21 +0100] "GET /reload?ser=1611934460980 HTTP/1.1" 200 28 "http://renault.activities.at/12359049" "Mozilla/5.0 (Windows NT 10.0; Win64; x64) AppleWebKit/537.36 (KHTML, like Gecko) Chrome/87.0.4280.141 Safari/537.36"
213.147.166.10 - - [29/Jan/2021:16:34:30 +0100] "GET /reload?ser=1611934470653 HTTP/1.1" 200 28 "http://renault.activities.at/10260300?dir=DESC&mode=grid&order=name&limit=15&page=2" "Mozilla/5.0 (Windows NT 10.0; WOW64; Trident/7.0; rv:11.0) like Gecko"
80.122.53.230 - - [29/Jan/2021:16:35:22 +0100] "GET /reload?ser=1611934521973 HTTP/1.1" 200 28 "http://renault.activities.at/12359049" "Mozilla/5.0 (Windows NT 10.0; Win64; x64) AppleWebKit/537.36 (KHTML, like Gecko) Chrome/87.0.4280.141 Safari/537.36"
213.147.166.10 - - [29/Jan/2021:16:35:31 +0100] "GET /reload?ser=1611934531612 HTTP/1.1" 200 28 "http://renault.activities.at/10260300?dir=DESC&mode=grid&order=name&limit=15&page=2" "Mozilla/5.0 (Windows NT 10.0; WOW64; Trident/7.0; rv:11.0) like Gecko"
80.122.53.230 - - [29/Jan/2021:16:36:23 +0100] "GET /reload?ser=1611934582990 HTTP/1.1" 200 28 "http://renault.activities.at/12359049" "Mozilla/5.0 (Windows NT 10.0; Win64; x64) AppleWebKit/537.36 (KHTML, like Gecko) Chrome/87.0.4280.141 Safari/537.36"
213.147.166.10 - - [29/Jan/2021:16:36:32 +0100] "GET /reload?ser=1611934592586 HTTP/1.1" 200 28 "http://renault.activities.at/10260300?dir=DESC&mode=grid&order=name&limit=15&page=2" "Mozilla/5.0 (Windows NT 10.0; WOW64; Trident/7.0; rv:11.0) like Gecko"
80.122.53.230 - - [29/Jan/2021:16:37:24 +0100] "GET /reload?ser=1611934643988 HTTP/1.1" 200 28 "http://renault.activities.at/12359049" "Mozilla/5.0 (Windows NT 10.0; Win64; x64) AppleWebKit/537.36 (KHTML, like Gecko) Chrome/87.0.4280.141 Safari/537.36"
213.147.166.10 - - [29/Jan/2021:16:37:33 +0100] "GET /reload?ser=1611934653592 HTTP/1.1" 200 28 "http://renault.activities.at/10260300?dir=DESC&mode=grid&order=name&limit=15&page=2" "Mozilla/5.0 (Windows NT 10.0; WOW64; Trident/7.0; rv:11.0) like Gecko"
80.122.53.230 - - [29/Jan/2021:16:38:25 +0100] "GET /reload?ser=1611934704978 HTTP/1.1" 200 28 "http://renault.activities.at/12359049" "Mozilla/5.0 (Windows NT 10.0; Win64; x64) AppleWebKit/537.36 (KHTML, like Gecko) Chrome/87.0.4280.141 Safari/537.36"
213.147.166.10 - - [29/Jan/2021:16:38:34 +0100] "GET /reload?ser=1611934714562 HTTP/1.1" 200 28 "http://renault.activities.at/10260300?dir=DESC&mode=grid&order=name&limit=15&page=2" "Mozilla/5.0 (Windows NT 10.0; WOW64; Trident/7.0; rv:11.0) like Gecko"
80.122.53.230 - - [29/Jan/2021:16:39:26 +0100] "GET /reload?ser=1611934765980 HTTP/1.1" 200 28 "http://renault.activities.at/12359049" "Mozilla/5.0 (Windows NT 10.0; Win64; x64) AppleWebKit/537.36 (KHTML, like Gecko) Chrome/87.0.4280.141 Safari/537.36"
213.147.166.10 - - [29/Jan/2021:16:39:35 +0100] "GET /reload?ser=1611934775559 HTTP/1.1" 200 28 "http://renault.activities.at/10260300?dir=DESC&mode=grid&order=name&limit=15&page=2" "Mozilla/5.0 (Windows NT 10.0; WOW64; Trident/7.0; rv:11.0) like Gecko"
80.122.53.230 - - [29/Jan/2021:16:40:27 +0100] "GET /reload?ser=1611934826987 HTTP/1.1" 200 28 "http://renault.activities.at/12359049" "Mozilla/5.0 (Windows NT 10.0; Win64; x64) AppleWebKit/537.36 (KHTML, like Gecko) Chrome/87.0.4280.141 Safari/537.36"
213.147.166.10 - - [29/Jan/2021:16:40:36 +0100] "GET /reload?ser=1611934836552 HTTP/1.1" 200 28 "http://renault.activities.at/10260300?dir=DESC&mode=grid&order=name&limit=15&page=2" "Mozilla/5.0 (Windows NT 10.0; WOW64; Trident/7.0; rv:11.0) like Gecko"
80.122.53.230 - - [29/Jan/2021:16:41:28 +0100] "GET /reload?ser=1611934887997 HTTP/1.1" 200 28 "http://renault.activities.at/12359049" "Mozilla/5.0 (Windows NT 10.0; Win64; x64) AppleWebKit/537.36 (KHTML, like Gecko) Chrome/87.0.4280.141 Safari/537.36"
213.147.166.10 - - [29/Jan/2021:16:41:37 +0100] "GET /reload?ser=1611934897536 HTTP/1.1" 200 28 "http://renault.activities.at/10260300?dir=DESC&mode=grid&order=name&limit=15&page=2" "Mozilla/5.0 (Windows NT 10.0; WOW64; Trident/7.0; rv:11.0) like Gecko"
80.122.53.230 - - [29/Jan/2021:16:42:29 +0100] "GET /reload?ser=1611934949000 HTTP/1.1" 200 28 "http://renault.activities.at/12359049" "Mozilla/5.0 (Windows NT 10.0; Win64; x64) AppleWebKit/537.36 (KHTML, like Gecko) Chrome/87.0.4280.141 Safari/537.36"
213.147.166.10 - - [29/Jan/2021:16:42:38 +0100] "GET /reload?ser=1611934958507 HTTP/1.1" 200 28 "http://renault.activities.at/10260300?dir=DESC&mode=grid&order=name&limit=15&page=2" "Mozilla/5.0 (Windows NT 10.0; WOW64; Trident/7.0; rv:11.0) like Gecko"
80.122.53.230 - - [29/Jan/2021:16:43:30 +0100] "GET /reload?ser=1611935009994 HTTP/1.1" 200 28 "http://renault.activities.at/12359049" "Mozilla/5.0 (Windows NT 10.0; Win64; x64) AppleWebKit/537.36 (KHTML, like Gecko) Chrome/87.0.4280.141 Safari/537.36"
213.147.166.10 - - [29/Jan/2021:16:43:39 +0100] "GET /reload?ser=1611935019500 HTTP/1.1" 200 28 "http://renault.activities.at/10260300?dir=DESC&mode=grid&order=name&limit=15&page=2" "Mozilla/5.0 (Windows NT 10.0; WOW64; Trident/7.0; rv:11.0) like Gecko"
80.122.53.230 - - [29/Jan/2021:16:44:31 +0100] "GET /reload?ser=1611935070994 HTTP/1.1" 200 28 "http://renault.activities.at/12359049" "Mozilla/5.0 (Windows NT 10.0; Win64; x64) AppleWebKit/537.36 (KHTML, like Gecko) Chrome/87.0.4280.141 Safari/537.36"
213.147.166.10 - - [29/Jan/2021:16:44:40 +0100] "GET /reload?ser=1611935080488 HTTP/1.1" 200 28 "http://renault.activities.at/10260300?dir=DESC&mode=grid&order=name&limit=15&page=2" "Mozilla/5.0 (Windows NT 10.0; WOW64; Trident/7.0; rv:11.0) like Gecko"
80.122.53.230 - - [29/Jan/2021:16:45:32 +0100] "GET /reload?ser=1611935131998 HTTP/1.1" 200 28 "http://renault.activities.at/12359049" "Mozilla/5.0 (Windows NT 10.0; Win64; x64) AppleWebKit/537.36 (KHTML, like Gecko) Chrome/87.0.4280.141 Safari/537.36"
213.147.166.10 - - [29/Jan/2021:16:45:41 +0100] "GET /reload?ser=1611935141475 HTTP/1.1" 200 28 "http://renault.activities.at/10260300?dir=DESC&mode=grid&order=name&limit=15&page=2" "Mozilla/5.0 (Windows NT 10.0; WOW64; Trident/7.0; rv:11.0) like Gecko"
80.122.53.230 - - [29/Jan/2021:16:46:33 +0100] "GET /reload?ser=1611935192995 HTTP/1.1" 200 28 "http://renault.activities.at/12359049" "Mozilla/5.0 (Windows NT 10.0; Win64; x64) AppleWebKit/537.36 (KHTML, like Gecko) Chrome/87.0.4280.141 Safari/537.36"
213.147.166.10 - - [29/Jan/2021:16:46:42 +0100] "GET /reload?ser=1611935202443 HTTP/1.1" 200 28 "http://renault.activities.at/10260300?dir=DESC&mode=grid&order=name&limit=15&page=2" "Mozilla/5.0 (Windows NT 10.0; WOW64; Trident/7.0; rv:11.0) like Gecko"
80.122.53.230 - - [29/Jan/2021:16:47:34 +0100] "GET /reload?ser=1611935254009 HTTP/1.1" 200 28 "http://renault.activities.at/12359049" "Mozilla/5.0 (Windows NT 10.0; Win64; x64) AppleWebKit/537.36 (KHTML, like Gecko) Chrome/87.0.4280.141 Safari/537.36"
213.147.166.10 - - [29/Jan/2021:16:47:43 +0100] "GET /reload?ser=1611935263440 HTTP/1.1" 200 28 "http://renault.activities.at/10260300?dir=DESC&mode=grid&order=name&limit=15&page=2" "Mozilla/5.0 (Windows NT 10.0; WOW64; Trident/7.0; rv:11.0) like Gecko"
80.122.53.230 - - [29/Jan/2021:16:48:35 +0100] "GET /reload?ser=1611935314999 HTTP/1.1" 200 28 "http://renault.activities.at/12359049" "Mozilla/5.0 (Windows NT 10.0; Win64; x64) AppleWebKit/537.36 (KHTML, like Gecko) Chrome/87.0.4280.141 Safari/537.36"
213.147.166.10 - - [29/Jan/2021:16:48:44 +0100] "GET /reload?ser=1611935324400 HTTP/1.1" 200 28 "http://renault.activities.at/10260300?dir=DESC&mode=grid&order=name&limit=15&page=2" "Mozilla/5.0 (Windows NT 10.0; WOW64; Trident/7.0; rv:11.0) like Gecko"
80.122.53.230 - - [29/Jan/2021:16:49:36 +0100] "GET /reload?ser=1611935376010 HTTP/1.1" 200 28 "http://renault.activities.at/12359049" "Mozilla/5.0 (Windows NT 10.0; Win64; x64) AppleWebKit/537.36 (KHTML, like Gecko) Chrome/87.0.4280.141 Safari/537.36"
213.147.166.10 - - [29/Jan/2021:16:49:45 +0100] "GET /reload?ser=1611935385390 HTTP/1.1" 200 28 "http://renault.activities.at/10260300?dir=DESC&mode=grid&order=name&limit=15&page=2" "Mozilla/5.0 (Windows NT 10.0; WOW64; Trident/7.0; rv:11.0) like Gecko"
80.122.53.230 - - [29/Jan/2021:16:50:37 +0100] "GET /reload?ser=1611935437001 HTTP/1.1" 200 28 "http://renault.activities.at/12359049" "Mozilla/5.0 (Windows NT 10.0; Win64; x64) AppleWebKit/537.36 (KHTML, like Gecko) Chrome/87.0.4280.141 Safari/537.36"
213.147.166.10 - - [29/Jan/2021:16:50:46 +0100] "GET /reload?ser=1611935446385 HTTP/1.1" 200 28 "http://renault.activities.at/10260300?dir=DESC&mode=grid&order=name&limit=15&page=2" "Mozilla/5.0 (Windows NT 10.0; WOW64; Trident/7.0; rv:11.0) like Gecko"
78.42.49.153 - - [29/Jan/2021:16:51:36 +0100] "GET / HTTP/1.1" 200 3273 "https://www.google.com/" "Mozilla/5.0 (Windows NT 10.0; Win64; x64; rv:84.0) Gecko/20100101 Firefox/84.0"
78.42.49.153 - - [29/Jan/2021:16:51:37 +0100] "GET /css/clears.css HTTP/1.1" 200 851 "http://renault.activities.at/" "Mozilla/5.0 (Windows NT 10.0; Win64; x64; rv:84.0) Gecko/20100101 Firefox/84.0"
78.42.49.153 - - [29/Jan/2021:16:51:37 +0100] "GET /js/flashdetection.js HTTP/1.1" 200 1059 "http://renault.activities.at/" "Mozilla/5.0 (Windows NT 10.0; Win64; x64; rv:84.0) Gecko/20100101 Firefox/84.0"
78.42.49.153 - - [29/Jan/2021:16:51:37 +0100] "GET /css/reset.css HTTP/1.1" 200 1356 "http://renault.activities.at/" "Mozilla/5.0 (Windows NT 10.0; Win64; x64; rv:84.0) Gecko/20100101 Firefox/84.0"
78.42.49.153 - - [29/Jan/2021:16:51:37 +0100] "GET /css/styles.css HTTP/1.1" 200 14664 "http://renault.activities.at/" "Mozilla/5.0 (Windows NT 10.0; Win64; x64; rv:84.0) Gecko/20100101 Firefox/84.0"
78.42.49.153 - - [29/Jan/2021:16:51:37 +0100] "GET /js/default.js HTTP/1.1" 200 14698 "http://renault.activities.at/" "Mozilla/5.0 (Windows NT 10.0; Win64; x64; rv:84.0) Gecko/20100101 Firefox/84.0"
78.42.49.153 - - [29/Jan/2021:16:51:37 +0100] "GET /css/print.css HTTP/1.1" 200 543 "http://renault.activities.at/" "Mozilla/5.0 (Windows NT 10.0; Win64; x64; rv:84.0) Gecko/20100101 Firefox/84.0"
78.42.49.153 - - [29/Jan/2021:16:51:37 +0100] "GET /js/checkout.css HTTP/1.1" 200 359 "http://renault.activities.at/" "Mozilla/5.0 (Windows NT 10.0; Win64; x64; rv:84.0) Gecko/20100101 Firefox/84.0"
78.42.49.153 - - [29/Jan/2021:16:51:37 +0100] "GET /css/prototip.css HTTP/1.1" 200 968 "http://renault.activities.at/" "Mozilla/5.0 (Windows NT 10.0; Win64; x64; rv:84.0) Gecko/20100101 Firefox/84.0"
78.42.49.153 - - [29/Jan/2021:16:51:37 +0100] "GET /css/themes/alphacube.css HTTP/1.1" 200 743 "http://renault.activities.at/" "Mozilla/5.0 (Windows NT 10.0; Win64; x64; rv:84.0) Gecko/20100101 Firefox/84.0"
78.42.49.153 - - [29/Jan/2021:16:51:37 +0100] "GET /css/themes/default.css HTTP/1.1" 200 769 "http://renault.activities.at/" "Mozilla/5.0 (Windows NT 10.0; Win64; x64; rv:84.0) Gecko/20100101 Firefox/84.0"
78.42.49.153 - - [29/Jan/2021:16:51:37 +0100] "GET /js/index.php?c=auto&f=,prototype/prototype.js,prototype/validation.js,scriptaculous/builder.js,scriptaculous/effects.js,scriptaculous/dragdrop.js,scriptaculous/controls.js,scriptaculous/slider.js,varien/js.js,varien/form.js,varien/menu.js,mage/translate.js,mage/cookies.js,varien/product.js,spinner/SpinnerControl.jsmin.js,prototype/window.js,prototype/window_ext.js HTTP/1.1" 200 94182 "http://renault.activities.at/" "Mozilla/5.0 (Windows NT 10.0; Win64; x64; rv:84.0) Gecko/20100101 Firefox/84.0"
78.42.49.153 - - [29/Jan/2021:16:51:38 +0100] "GET /images/main_block_border.gif HTTP/1.1" 200 43 "http://renault.activities.at/css/styles.css" "Mozilla/5.0 (Windows NT 10.0; Win64; x64; rv:84.0) Gecko/20100101 Firefox/84.0"
78.42.49.153 - - [29/Jan/2021:16:51:38 +0100] "GET /images/main_block_corner_left_bot.gif HTTP/1.1" 200 159 "http://renault.activities.at/css/styles.css" "Mozilla/5.0 (Windows NT 10.0; Win64; x64; rv:84.0) Gecko/20100101 Firefox/84.0"
78.42.49.153 - - [29/Jan/2021:16:51:38 +0100] "GET /images/main_block_corner_right_bot.gif HTTP/1.1" 200 158 "http://renault.activities.at/css/styles.css" "Mozilla/5.0 (Windows NT 10.0; Win64; x64; rv:84.0) Gecko/20100101 Firefox/84.0"
78.42.49.153 - - [29/Jan/2021:16:51:38 +0100] "GET /images/header_block_border.gif HTTP/1.1" 200 43 "http://renault.activities.at/css/styles.css" "Mozilla/5.0 (Windows NT 10.0; Win64; x64; rv:84.0) Gecko/20100101 Firefox/84.0"
78.42.49.153 - - [29/Jan/2021:16:51:38 +0100] "GET /images/header_block_corner_left_top.gif HTTP/1.1" 200 160 "http://renault.activities.at/css/styles.css" "Mozilla/5.0 (Windows NT 10.0; Win64; x64; rv:84.0) Gecko/20100101 Firefox/84.0"
78.42.49.153 - - [29/Jan/2021:16:51:38 +0100] "GET /images/favicon.ico HTTP/1.1" 404 305 "http://renault.activities.at/" "Mozilla/5.0 (Windows NT 10.0; Win64; x64; rv:84.0) Gecko/20100101 Firefox/84.0"
78.42.49.153 - - [29/Jan/2021:16:51:38 +0100] "GET /images/header_block_corner_right_top.gif HTTP/1.1" 200 160 "http://renault.activities.at/css/styles.css" "Mozilla/5.0 (Windows NT 10.0; Win64; x64; rv:84.0) Gecko/20100101 Firefox/84.0"
78.42.49.153 - - [29/Jan/2021:16:51:38 +0100] "GET /images/main_block_corner_left_top.gif HTTP/1.1" 200 159 "http://renault.activities.at/css/styles.css" "Mozilla/5.0 (Windows NT 10.0; Win64; x64; rv:84.0) Gecko/20100101 Firefox/84.0"
78.42.49.153 - - [29/Jan/2021:16:51:38 +0100] "GET /images/main_block_corner_right_top.gif HTTP/1.1" 200 159 "http://renault.activities.at/css/styles.css" "Mozilla/5.0 (Windows NT 10.0; Win64; x64; rv:84.0) Gecko/20100101 Firefox/84.0"
78.42.49.153 - - [29/Jan/2021:16:51:38 +0100] "GET /images/title_border.jpg HTTP/1.1" 200 304 "http://renault.activities.at/css/styles.css" "Mozilla/5.0 (Windows NT 10.0; Win64; x64; rv:84.0) Gecko/20100101 Firefox/84.0"
78.42.49.153 - - [29/Jan/2021:16:51:38 +0100] "GET /images/title_border_top.jpg HTTP/1.1" 200 336 "http://renault.activities.at/css/styles.css" "Mozilla/5.0 (Windows NT 10.0; Win64; x64; rv:84.0) Gecko/20100101 Firefox/84.0"
78.42.49.153 - - [29/Jan/2021:16:51:38 +0100] "GET /images/title_corner_left_top.jpg HTTP/1.1" 200 372 "http://renault.activities.at/css/styles.css" "Mozilla/5.0 (Windows NT 10.0; Win64; x64; rv:84.0) Gecko/20100101 Firefox/84.0"
78.42.49.153 - - [29/Jan/2021:16:51:38 +0100] "GET /images/title_corner_right_top.jpg HTTP/1.1" 200 389 "http://renault.activities.at/css/styles.css" "Mozilla/5.0 (Windows NT 10.0; Win64; x64; rv:84.0) Gecko/20100101 Firefox/84.0"
78.42.49.153 - - [29/Jan/2021:16:51:38 +0100] "GET /loadthumbnail.php?id=11127982 HTTP/1.1" 200 399614 "http://renault.activities.at/" "Mozilla/5.0 (Windows NT 10.0; Win64; x64; rv:84.0) Gecko/20100101 Firefox/84.0"
80.122.53.230 - - [29/Jan/2021:16:51:38 +0100] "GET /reload?ser=1611935498018 HTTP/1.1" 200 28 "http://renault.activities.at/12359049" "Mozilla/5.0 (Windows NT 10.0; Win64; x64) AppleWebKit/537.36 (KHTML, like Gecko) Chrome/87.0.4280.141 Safari/537.36"
213.147.166.10 - - [29/Jan/2021:16:51:47 +0100] "GET /reload?ser=1611935507364 HTTP/1.1" 200 28 "http://renault.activities.at/10260300?dir=DESC&mode=grid&order=name&limit=15&page=2" "Mozilla/5.0 (Windows NT 10.0; WOW64; Trident/7.0; rv:11.0) like Gecko"
80.122.53.230 - - [29/Jan/2021:16:52:39 +0100] "GET /reload?ser=1611935559013 HTTP/1.1" 200 28 "http://renault.activities.at/12359049" "Mozilla/5.0 (Windows NT 10.0; Win64; x64) AppleWebKit/537.36 (KHTML, like Gecko) Chrome/87.0.4280.141 Safari/537.36"
213.147.166.10 - - [29/Jan/2021:16:52:48 +0100] "GET /reload?ser=1611935568361 HTTP/1.1" 200 28 "http://renault.activities.at/10260300?dir=DESC&mode=grid&order=name&limit=15&page=2" "Mozilla/5.0 (Windows NT 10.0; WOW64; Trident/7.0; rv:11.0) like Gecko"
80.122.53.230 - - [29/Jan/2021:16:53:40 +0100] "GET /reload?ser=1611935620018 HTTP/1.1" 200 28 "http://renault.activities.at/12359049" "Mozilla/5.0 (Windows NT 10.0; Win64; x64) AppleWebKit/537.36 (KHTML, like Gecko) Chrome/87.0.4280.141 Safari/537.36"
213.147.166.10 - - [29/Jan/2021:16:53:49 +0100] "GET /reload?ser=1611935629344 HTTP/1.1" 200 28 "http://renault.activities.at/10260300?dir=DESC&mode=grid&order=name&limit=15&page=2" "Mozilla/5.0 (Windows NT 10.0; WOW64; Trident/7.0; rv:11.0) like Gecko"
80.122.53.230 - - [29/Jan/2021:16:54:41 +0100] "GET /reload?ser=1611935681021 HTTP/1.1" 200 28 "http://renault.activities.at/12359049" "Mozilla/5.0 (Windows NT 10.0; Win64; x64) AppleWebKit/537.36 (KHTML, like Gecko) Chrome/87.0.4280.141 Safari/537.36"
213.147.166.10 - - [29/Jan/2021:16:54:50 +0100] "GET /reload?ser=1611935690313 HTTP/1.1" 200 28 "http://renault.activities.at/10260300?dir=DESC&mode=grid&order=name&limit=15&page=2" "Mozilla/5.0 (Windows NT 10.0; WOW64; Trident/7.0; rv:11.0) like Gecko"
80.122.53.230 - - [29/Jan/2021:16:55:42 +0100] "GET /reload?ser=1611935742021 HTTP/1.1" 200 28 "http://renault.activities.at/12359049" "Mozilla/5.0 (Windows NT 10.0; Win64; x64) AppleWebKit/537.36 (KHTML, like Gecko) Chrome/87.0.4280.141 Safari/537.36"
213.147.166.10 - - [29/Jan/2021:16:55:51 +0100] "GET /reload?ser=1611935751317 HTTP/1.1" 200 28 "http://renault.activities.at/10260300?dir=DESC&mode=grid&order=name&limit=15&page=2" "Mozilla/5.0 (Windows NT 10.0; WOW64; Trident/7.0; rv:11.0) like Gecko"
80.122.53.230 - - [29/Jan/2021:16:56:43 +0100] "GET /reload?ser=1611935803021 HTTP/1.1" 200 28 "http://renault.activities.at/12359049" "Mozilla/5.0 (Windows NT 10.0; Win64; x64) AppleWebKit/537.36 (KHTML, like Gecko) Chrome/87.0.4280.141 Safari/537.36"
213.147.166.10 - - [29/Jan/2021:16:56:52 +0100] "GET /reload?ser=1611935812303 HTTP/1.1" 200 28 "http://renault.activities.at/10260300?dir=DESC&mode=grid&order=name&limit=15&page=2" "Mozilla/5.0 (Windows NT 10.0; WOW64; Trident/7.0; rv:11.0) like Gecko"
80.122.53.230 - - [29/Jan/2021:16:57:44 +0100] "GET /reload?ser=1611935864015 HTTP/1.1" 200 28 "http://renault.activities.at/12359049" "Mozilla/5.0 (Windows NT 10.0; Win64; x64) AppleWebKit/537.36 (KHTML, like Gecko) Chrome/87.0.4280.141 Safari/537.36"
