193.194.132.22 - - [01/Feb/2021:16:33:27 +0100] "GET /reload?ser=1612193606690 HTTP/1.1" 200 28 "http://renault.activities.at/success" "Mozilla/5.0 (Windows NT 10.0; Win64; x64) AppleWebKit/537.36 (KHTML, like Gecko) Chrome/88.0.4324.104 Safari/537.36"
80.122.221.194 - - [01/Feb/2021:16:33:58 +0100] "GET /reload?ser=1612193638023 HTTP/1.1" 200 28 "http://renault.activities.at/12359049" "Mozilla/5.0 (Windows NT 10.0; Win64; x64) AppleWebKit/537.36 (KHTML, like Gecko) Chrome/88.0.4324.96 Safari/537.36 Edg/88.0.705.56"
80.122.53.230 - - [01/Feb/2021:16:34:04 +0100] "GET /reload?ser=1612193643660 HTTP/1.1" 200 28 "http://renault.activities.at/12359049" "Mozilla/5.0 (Windows NT 10.0; Win64; x64) AppleWebKit/537.36 (KHTML, like Gecko) Chrome/87.0.4280.141 Safari/537.36"
193.194.132.22 - - [01/Feb/2021:16:34:29 +0100] "GET /reload?ser=1612193668686 HTTP/1.1" 200 28 "http://renault.activities.at/success" "Mozilla/5.0 (Windows NT 10.0; Win64; x64) AppleWebKit/537.36 (KHTML, like Gecko) Chrome/88.0.4324.104 Safari/537.36"
80.122.221.194 - - [01/Feb/2021:16:34:59 +0100] "GET /reload?ser=1612193699022 HTTP/1.1" 200 28 "http://renault.activities.at/12359049" "Mozilla/5.0 (Windows NT 10.0; Win64; x64) AppleWebKit/537.36 (KHTML, like Gecko) Chrome/88.0.4324.96 Safari/537.36 Edg/88.0.705.56"
80.122.53.230 - - [01/Feb/2021:16:35:05 +0100] "GET /reload?ser=1612193705666 HTTP/1.1" 200 28 "http://renault.activities.at/12359049" "Mozilla/5.0 (Windows NT 10.0; Win64; x64) AppleWebKit/537.36 (KHTML, like Gecko) Chrome/87.0.4280.141 Safari/537.36"
193.194.132.22 - - [01/Feb/2021:16:35:31 +0100] "GET /reload?ser=1612193730688 HTTP/1.1" 200 28 "http://renault.activities.at/success" "Mozilla/5.0 (Windows NT 10.0; Win64; x64) AppleWebKit/537.36 (KHTML, like Gecko) Chrome/88.0.4324.104 Safari/537.36"
80.122.221.194 - - [01/Feb/2021:16:36:00 +0100] "GET /reload?ser=1612193760026 HTTP/1.1" 200 28 "http://renault.activities.at/12359049" "Mozilla/5.0 (Windows NT 10.0; Win64; x64) AppleWebKit/537.36 (KHTML, like Gecko) Chrome/88.0.4324.96 Safari/537.36 Edg/88.0.705.56"
80.122.53.230 - - [01/Feb/2021:16:36:06 +0100] "GET /reload?ser=1612193766666 HTTP/1.1" 200 28 "http://renault.activities.at/12359049" "Mozilla/5.0 (Windows NT 10.0; Win64; x64) AppleWebKit/537.36 (KHTML, like Gecko) Chrome/87.0.4280.141 Safari/537.36"
193.194.132.22 - - [01/Feb/2021:16:36:33 +0100] "GET /reload?ser=1612193792691 HTTP/1.1" 200 28 "http://renault.activities.at/success" "Mozilla/5.0 (Windows NT 10.0; Win64; x64) AppleWebKit/537.36 (KHTML, like Gecko) Chrome/88.0.4324.104 Safari/537.36"
193.194.132.22 - - [01/Feb/2021:16:36:52 +0100] "POST /axjaxrequest?mode=suggest HTTP/1.1" 200 154 "http://renault.activities.at/success" "Mozilla/5.0 (Windows NT 10.0; Win64; x64) AppleWebKit/537.36 (KHTML, like Gecko) Chrome/88.0.4324.104 Safari/537.36"
193.194.132.22 - - [01/Feb/2021:16:36:53 +0100] "POST /axjaxrequest?mode=suggest HTTP/1.1" 200 114 "http://renault.activities.at/success" "Mozilla/5.0 (Windows NT 10.0; Win64; x64) AppleWebKit/537.36 (KHTML, like Gecko) Chrome/88.0.4324.104 Safari/537.36"
193.194.132.22 - - [01/Feb/2021:16:36:55 +0100] "POST /axjaxrequest?mode=suggest HTTP/1.1" 200 114 "http://renault.activities.at/success" "Mozilla/5.0 (Windows NT 10.0; Win64; x64) AppleWebKit/537.36 (KHTML, like Gecko) Chrome/88.0.4324.104 Safari/537.36"
193.194.132.22 - - [01/Feb/2021:16:36:56 +0100] "POST /axjaxrequest?mode=suggest HTTP/1.1" 200 114 "http://renault.activities.at/success" "Mozilla/5.0 (Windows NT 10.0; Win64; x64) AppleWebKit/537.36 (KHTML, like Gecko) Chrome/88.0.4324.104 Safari/537.36"
193.194.132.22 - - [01/Feb/2021:16:36:58 +0100] "GET /result?searchterm=true&search=Merchandising HTTP/1.1" 200 8350 "http://renault.activities.at/success" "Mozilla/5.0 (Windows NT 10.0; Win64; x64) AppleWebKit/537.36 (KHTML, like Gecko) Chrome/88.0.4324.104 Safari/537.36"
80.122.221.194 - - [01/Feb/2021:16:37:01 +0100] "GET /reload?ser=1612193821022 HTTP/1.1" 200 28 "http://renault.activities.at/12359049" "Mozilla/5.0 (Windows NT 10.0; Win64; x64) AppleWebKit/537.36 (KHTML, like Gecko) Chrome/88.0.4324.96 Safari/537.36 Edg/88.0.705.56"
193.194.132.22 - - [01/Feb/2021:16:37:00 +0100] "GET /result?searchterm=true&search=Merchandising HTTP/1.1" 200 8350 "http://renault.activities.at/success" "Mozilla/5.0 (Windows NT 10.0; Win64; x64) AppleWebKit/537.36 (KHTML, like Gecko) Chrome/88.0.4324.104 Safari/537.36"
193.194.132.22 - - [01/Feb/2021:16:37:02 +0100] "GET /loadthumbnail.php?id=12247032&width=50&height=50 HTTP/1.1" 200 1315 "http://renault.activities.at/result?searchterm=true&search=Merchandising" "Mozilla/5.0 (Windows NT 10.0; Win64; x64) AppleWebKit/537.36 (KHTML, like Gecko) Chrome/88.0.4324.104 Safari/537.36"
193.194.132.22 - - [01/Feb/2021:16:37:02 +0100] "GET /loadthumbnail.php?id=12247019&width=50&height=50 HTTP/1.1" 200 1104 "http://renault.activities.at/result?searchterm=true&search=Merchandising" "Mozilla/5.0 (Windows NT 10.0; Win64; x64) AppleWebKit/537.36 (KHTML, like Gecko) Chrome/88.0.4324.104 Safari/537.36"
193.194.132.22 - - [01/Feb/2021:16:37:02 +0100] "GET /loadthumbnail.php?id=12133302&width=113 HTTP/1.1" 200 2715 "http://renault.activities.at/result?searchterm=true&search=Merchandising" "Mozilla/5.0 (Windows NT 10.0; Win64; x64) AppleWebKit/537.36 (KHTML, like Gecko) Chrome/88.0.4324.104 Safari/537.36"
193.194.132.22 - - [01/Feb/2021:16:37:02 +0100] "GET /loadthumbnail.php?id=12051174&width=113 HTTP/1.1" 200 2873 "http://renault.activities.at/result?searchterm=true&search=Merchandising" "Mozilla/5.0 (Windows NT 10.0; Win64; x64) AppleWebKit/537.36 (KHTML, like Gecko) Chrome/88.0.4324.104 Safari/537.36"
193.194.132.22 - - [01/Feb/2021:16:37:02 +0100] "GET /loadthumbnail.php?id=12010045&width=113 HTTP/1.1" 200 22094 "http://renault.activities.at/result?searchterm=true&search=Merchandising" "Mozilla/5.0 (Windows NT 10.0; Win64; x64) AppleWebKit/537.36 (KHTML, like Gecko) Chrome/88.0.4324.104 Safari/537.36"
193.194.132.22 - - [01/Feb/2021:16:37:02 +0100] "GET /loadthumbnail.php?id=12329376&width=50&height=50 HTTP/1.1" 200 1235 "http://renault.activities.at/result?searchterm=true&search=Merchandising" "Mozilla/5.0 (Windows NT 10.0; Win64; x64) AppleWebKit/537.36 (KHTML, like Gecko) Chrome/88.0.4324.104 Safari/537.36"
80.122.53.230 - - [01/Feb/2021:16:37:07 +0100] "GET /reload?ser=1612193827661 HTTP/1.1" 200 28 "http://renault.activities.at/12359049" "Mozilla/5.0 (Windows NT 10.0; Win64; x64) AppleWebKit/537.36 (KHTML, like Gecko) Chrome/87.0.4280.141 Safari/537.36"
80.122.221.194 - - [01/Feb/2021:16:38:02 +0100] "GET /reload?ser=1612193882028 HTTP/1.1" 200 28 "http://renault.activities.at/12359049" "Mozilla/5.0 (Windows NT 10.0; Win64; x64) AppleWebKit/537.36 (KHTML, like Gecko) Chrome/88.0.4324.96 Safari/537.36 Edg/88.0.705.56"
193.194.132.22 - - [01/Feb/2021:16:38:04 +0100] "GET /reload?ser=1612193883696 HTTP/1.1" 200 28 "http://renault.activities.at/result?searchterm=true&search=Merchandising" "Mozilla/5.0 (Windows NT 10.0; Win64; x64) AppleWebKit/537.36 (KHTML, like Gecko) Chrome/88.0.4324.104 Safari/537.36"
80.122.53.230 - - [01/Feb/2021:16:38:09 +0100] "GET /reload?ser=1612193888665 HTTP/1.1" 200 28 "http://renault.activities.at/12359049" "Mozilla/5.0 (Windows NT 10.0; Win64; x64) AppleWebKit/537.36 (KHTML, like Gecko) Chrome/87.0.4280.141 Safari/537.36"
80.122.221.194 - - [01/Feb/2021:16:39:03 +0100] "GET /reload?ser=1612193943029 HTTP/1.1" 200 28 "http://renault.activities.at/12359049" "Mozilla/5.0 (Windows NT 10.0; Win64; x64) AppleWebKit/537.36 (KHTML, like Gecko) Chrome/88.0.4324.96 Safari/537.36 Edg/88.0.705.56"
193.194.132.22 - - [01/Feb/2021:16:39:06 +0100] "GET /reload?ser=1612193945699 HTTP/1.1" 200 28 "http://renault.activities.at/result?searchterm=true&search=Merchandising" "Mozilla/5.0 (Windows NT 10.0; Win64; x64) AppleWebKit/537.36 (KHTML, like Gecko) Chrome/88.0.4324.104 Safari/537.36"
80.122.53.230 - - [01/Feb/2021:16:39:09 +0100] "GET /reload?ser=1612193949654 HTTP/1.1" 200 28 "http://renault.activities.at/12359049" "Mozilla/5.0 (Windows NT 10.0; Win64; x64) AppleWebKit/537.36 (KHTML, like Gecko) Chrome/87.0.4280.141 Safari/537.36"
80.122.221.194 - - [01/Feb/2021:16:40:04 +0100] "GET /reload?ser=1612194004031 HTTP/1.1" 200 28 "http://renault.activities.at/12359049" "Mozilla/5.0 (Windows NT 10.0; Win64; x64) AppleWebKit/537.36 (KHTML, like Gecko) Chrome/88.0.4324.96 Safari/537.36 Edg/88.0.705.56"
193.194.132.22 - - [01/Feb/2021:16:40:08 +0100] "GET /reload?ser=1612194007701 HTTP/1.1" 200 28 "http://renault.activities.at/result?searchterm=true&search=Merchandising" "Mozilla/5.0 (Windows NT 10.0; Win64; x64) AppleWebKit/537.36 (KHTML, like Gecko) Chrome/88.0.4324.104 Safari/537.36"
80.122.53.230 - - [01/Feb/2021:16:40:10 +0100] "GET /reload?ser=1612194010658 HTTP/1.1" 200 28 "http://renault.activities.at/12359049" "Mozilla/5.0 (Windows NT 10.0; Win64; x64) AppleWebKit/537.36 (KHTML, like Gecko) Chrome/87.0.4280.141 Safari/537.36"
80.122.221.194 - - [01/Feb/2021:16:41:05 +0100] "GET /reload?ser=1612194065029 HTTP/1.1" 200 28 "http://renault.activities.at/12359049" "Mozilla/5.0 (Windows NT 10.0; Win64; x64) AppleWebKit/537.36 (KHTML, like Gecko) Chrome/88.0.4324.96 Safari/537.36 Edg/88.0.705.56"
193.194.132.22 - - [01/Feb/2021:16:41:10 +0100] "GET /reload?ser=1612194069704 HTTP/1.1" 200 28 "http://renault.activities.at/result?searchterm=true&search=Merchandising" "Mozilla/5.0 (Windows NT 10.0; Win64; x64) AppleWebKit/537.36 (KHTML, like Gecko) Chrome/88.0.4324.104 Safari/537.36"
80.122.53.230 - - [01/Feb/2021:16:41:11 +0100] "GET /reload?ser=1612194071663 HTTP/1.1" 200 28 "http://renault.activities.at/12359049" "Mozilla/5.0 (Windows NT 10.0; Win64; x64) AppleWebKit/537.36 (KHTML, like Gecko) Chrome/87.0.4280.141 Safari/537.36"
80.122.221.194 - - [01/Feb/2021:16:42:06 +0100] "GET /reload?ser=1612194126022 HTTP/1.1" 200 28 "http://renault.activities.at/12359049" "Mozilla/5.0 (Windows NT 10.0; Win64; x64) AppleWebKit/537.36 (KHTML, like Gecko) Chrome/88.0.4324.96 Safari/537.36 Edg/88.0.705.56"
193.194.132.22 - - [01/Feb/2021:16:42:12 +0100] "GET /reload?ser=1612194131706 HTTP/1.1" 200 28 "http://renault.activities.at/result?searchterm=true&search=Merchandising" "Mozilla/5.0 (Windows NT 10.0; Win64; x64) AppleWebKit/537.36 (KHTML, like Gecko) Chrome/88.0.4324.104 Safari/537.36"
80.122.53.230 - - [01/Feb/2021:16:42:12 +0100] "GET /reload?ser=1612194132657 HTTP/1.1" 200 28 "http://renault.activities.at/12359049" "Mozilla/5.0 (Windows NT 10.0; Win64; x64) AppleWebKit/537.36 (KHTML, like Gecko) Chrome/87.0.4280.141 Safari/537.36"
80.122.221.194 - - [01/Feb/2021:16:43:07 +0100] "GET /reload?ser=1612194187021 HTTP/1.1" 200 28 "http://renault.activities.at/12359049" "Mozilla/5.0 (Windows NT 10.0; Win64; x64) AppleWebKit/537.36 (KHTML, like Gecko) Chrome/88.0.4324.96 Safari/537.36 Edg/88.0.705.56"
80.122.53.230 - - [01/Feb/2021:16:43:13 +0100] "GET /reload?ser=1612194193675 HTTP/1.1" 200 28 "http://renault.activities.at/12359049" "Mozilla/5.0 (Windows NT 10.0; Win64; x64) AppleWebKit/537.36 (KHTML, like Gecko) Chrome/87.0.4280.141 Safari/537.36"
193.194.132.22 - - [01/Feb/2021:16:43:14 +0100] "GET /reload?ser=1612194193709 HTTP/1.1" 200 28 "http://renault.activities.at/result?searchterm=true&search=Merchandising" "Mozilla/5.0 (Windows NT 10.0; Win64; x64) AppleWebKit/537.36 (KHTML, like Gecko) Chrome/88.0.4324.104 Safari/537.36"
80.122.221.194 - - [01/Feb/2021:16:44:08 +0100] "GET /reload?ser=1612194248022 HTTP/1.1" 200 28 "http://renault.activities.at/12359049" "Mozilla/5.0 (Windows NT 10.0; Win64; x64) AppleWebKit/537.36 (KHTML, like Gecko) Chrome/88.0.4324.96 Safari/537.36 Edg/88.0.705.56"
80.122.53.230 - - [01/Feb/2021:16:44:14 +0100] "GET /reload?ser=1612194254666 HTTP/1.1" 200 28 "http://renault.activities.at/12359049" "Mozilla/5.0 (Windows NT 10.0; Win64; x64) AppleWebKit/537.36 (KHTML, like Gecko) Chrome/87.0.4280.141 Safari/537.36"
193.194.132.22 - - [01/Feb/2021:16:44:16 +0100] "GET /reload?ser=1612194255711 HTTP/1.1" 200 28 "http://renault.activities.at/result?searchterm=true&search=Merchandising" "Mozilla/5.0 (Windows NT 10.0; Win64; x64) AppleWebKit/537.36 (KHTML, like Gecko) Chrome/88.0.4324.104 Safari/537.36"
80.122.221.194 - - [01/Feb/2021:16:45:09 +0100] "GET /reload?ser=1612194309030 HTTP/1.1" 200 28 "http://renault.activities.at/12359049" "Mozilla/5.0 (Windows NT 10.0; Win64; x64) AppleWebKit/537.36 (KHTML, like Gecko) Chrome/88.0.4324.96 Safari/537.36 Edg/88.0.705.56"
80.122.53.230 - - [01/Feb/2021:16:45:15 +0100] "GET /reload?ser=1612194315658 HTTP/1.1" 200 28 "http://renault.activities.at/12359049" "Mozilla/5.0 (Windows NT 10.0; Win64; x64) AppleWebKit/537.36 (KHTML, like Gecko) Chrome/87.0.4280.141 Safari/537.36"
193.194.132.22 - - [01/Feb/2021:16:45:18 +0100] "GET /reload?ser=1612194317714 HTTP/1.1" 200 28 "http://renault.activities.at/result?searchterm=true&search=Merchandising" "Mozilla/5.0 (Windows NT 10.0; Win64; x64) AppleWebKit/537.36 (KHTML, like Gecko) Chrome/88.0.4324.104 Safari/537.36"
80.122.221.194 - - [01/Feb/2021:16:46:10 +0100] "GET /reload?ser=1612194370024 HTTP/1.1" 200 28 "http://renault.activities.at/12359049" "Mozilla/5.0 (Windows NT 10.0; Win64; x64) AppleWebKit/537.36 (KHTML, like Gecko) Chrome/88.0.4324.96 Safari/537.36 Edg/88.0.705.56"
80.122.53.230 - - [01/Feb/2021:16:46:16 +0100] "GET /reload?ser=1612194376670 HTTP/1.1" 200 28 "http://renault.activities.at/12359049" "Mozilla/5.0 (Windows NT 10.0; Win64; x64) AppleWebKit/537.36 (KHTML, like Gecko) Chrome/87.0.4280.141 Safari/537.36"
193.194.132.22 - - [01/Feb/2021:16:46:20 +0100] "GET /reload?ser=1612194379716 HTTP/1.1" 200 28 "http://renault.activities.at/result?searchterm=true&search=Merchandising" "Mozilla/5.0 (Windows NT 10.0; Win64; x64) AppleWebKit/537.36 (KHTML, like Gecko) Chrome/88.0.4324.104 Safari/537.36"
80.122.221.194 - - [01/Feb/2021:16:47:11 +0100] "GET /reload?ser=1612194431020 HTTP/1.1" 200 28 "http://renault.activities.at/12359049" "Mozilla/5.0 (Windows NT 10.0; Win64; x64) AppleWebKit/537.36 (KHTML, like Gecko) Chrome/88.0.4324.96 Safari/537.36 Edg/88.0.705.56"
80.122.53.230 - - [01/Feb/2021:16:47:17 +0100] "GET /reload?ser=1612194437657 HTTP/1.1" 200 28 "http://renault.activities.at/12359049" "Mozilla/5.0 (Windows NT 10.0; Win64; x64) AppleWebKit/537.36 (KHTML, like Gecko) Chrome/87.0.4280.141 Safari/537.36"
193.194.132.22 - - [01/Feb/2021:16:47:22 +0100] "GET /reload?ser=1612194441717 HTTP/1.1" 200 28 "http://renault.activities.at/result?searchterm=true&search=Merchandising" "Mozilla/5.0 (Windows NT 10.0; Win64; x64) AppleWebKit/537.36 (KHTML, like Gecko) Chrome/88.0.4324.104 Safari/537.36"
80.122.221.194 - - [01/Feb/2021:16:48:12 +0100] "GET /reload?ser=1612194492015 HTTP/1.1" 200 28 "http://renault.activities.at/12359049" "Mozilla/5.0 (Windows NT 10.0; Win64; x64) AppleWebKit/537.36 (KHTML, like Gecko) Chrome/88.0.4324.96 Safari/537.36 Edg/88.0.705.56"
80.122.53.230 - - [01/Feb/2021:16:48:18 +0100] "GET /reload?ser=1612194498659 HTTP/1.1" 200 28 "http://renault.activities.at/12359049" "Mozilla/5.0 (Windows NT 10.0; Win64; x64) AppleWebKit/537.36 (KHTML, like Gecko) Chrome/87.0.4280.141 Safari/537.36"
193.194.132.22 - - [01/Feb/2021:16:48:24 +0100] "GET /reload?ser=1612194503719 HTTP/1.1" 200 28 "http://renault.activities.at/result?searchterm=true&search=Merchandising" "Mozilla/5.0 (Windows NT 10.0; Win64; x64) AppleWebKit/537.36 (KHTML, like Gecko) Chrome/88.0.4324.104 Safari/537.36"
80.122.221.194 - - [01/Feb/2021:16:49:13 +0100] "GET /reload?ser=1612194553017 HTTP/1.1" 200 28 "http://renault.activities.at/12359049" "Mozilla/5.0 (Windows NT 10.0; Win64; x64) AppleWebKit/537.36 (KHTML, like Gecko) Chrome/88.0.4324.96 Safari/537.36 Edg/88.0.705.56"
80.122.53.230 - - [01/Feb/2021:16:49:19 +0100] "GET /reload?ser=1612194559663 HTTP/1.1" 200 28 "http://renault.activities.at/12359049" "Mozilla/5.0 (Windows NT 10.0; Win64; x64) AppleWebKit/537.36 (KHTML, like Gecko) Chrome/87.0.4280.141 Safari/537.36"
193.194.132.22 - - [01/Feb/2021:16:49:26 +0100] "GET /reload?ser=1612194565720 HTTP/1.1" 200 28 "http://renault.activities.at/result?searchterm=true&search=Merchandising" "Mozilla/5.0 (Windows NT 10.0; Win64; x64) AppleWebKit/537.36 (KHTML, like Gecko) Chrome/88.0.4324.104 Safari/537.36"
80.122.221.194 - - [01/Feb/2021:16:50:15 +0100] "GET /reload?ser=1612194615028 HTTP/1.1" 200 28 "http://renault.activities.at/12359049" "Mozilla/5.0 (Windows NT 10.0; Win64; x64) AppleWebKit/537.36 (KHTML, like Gecko) Chrome/88.0.4324.96 Safari/537.36 Edg/88.0.705.56"
80.122.53.230 - - [01/Feb/2021:16:50:20 +0100] "GET /reload?ser=1612194620669 HTTP/1.1" 200 28 "http://renault.activities.at/12359049" "Mozilla/5.0 (Windows NT 10.0; Win64; x64) AppleWebKit/537.36 (KHTML, like Gecko) Chrome/87.0.4280.141 Safari/537.36"
193.194.132.22 - - [01/Feb/2021:16:50:28 +0100] "GET /reload?ser=1612194627722 HTTP/1.1" 200 28 "http://renault.activities.at/result?searchterm=true&search=Merchandising" "Mozilla/5.0 (Windows NT 10.0; Win64; x64) AppleWebKit/537.36 (KHTML, like Gecko) Chrome/88.0.4324.104 Safari/537.36"
80.122.221.194 - - [01/Feb/2021:16:51:16 +0100] "GET /reload?ser=1612194676018 HTTP/1.1" 200 28 "http://renault.activities.at/12359049" "Mozilla/5.0 (Windows NT 10.0; Win64; x64) AppleWebKit/537.36 (KHTML, like Gecko) Chrome/88.0.4324.96 Safari/537.36 Edg/88.0.705.56"
80.122.53.230 - - [01/Feb/2021:16:51:21 +0100] "GET /reload?ser=1612194681667 HTTP/1.1" 200 28 "http://renault.activities.at/12359049" "Mozilla/5.0 (Windows NT 10.0; Win64; x64) AppleWebKit/537.36 (KHTML, like Gecko) Chrome/87.0.4280.141 Safari/537.36"
193.194.132.22 - - [01/Feb/2021:16:51:30 +0100] "GET /reload?ser=1612194689723 HTTP/1.1" 200 28 "http://renault.activities.at/result?searchterm=true&search=Merchandising" "Mozilla/5.0 (Windows NT 10.0; Win64; x64) AppleWebKit/537.36 (KHTML, like Gecko) Chrome/88.0.4324.104 Safari/537.36"
91.113.165.162 - - [01/Feb/2021:16:51:52 +0100] "GET / HTTP/1.1" 200 3273 "-" "Mozilla/5.0 (Windows NT 10.0; Win64; x64) AppleWebKit/537.36 (KHTML, like Gecko) Chrome/87.0.4280.141 Safari/537.36"
91.113.165.162 - - [01/Feb/2021:16:51:53 +0100] "GET /js/default.js HTTP/1.1" 200 14698 "http://renault.activities.at/" "Mozilla/5.0 (Windows NT 10.0; Win64; x64) AppleWebKit/537.36 (KHTML, like Gecko) Chrome/87.0.4280.141 Safari/537.36"
91.113.165.162 - - [01/Feb/2021:16:51:53 +0100] "GET /js/checkout.css HTTP/1.1" 200 359 "http://renault.activities.at/" "Mozilla/5.0 (Windows NT 10.0; Win64; x64) AppleWebKit/537.36 (KHTML, like Gecko) Chrome/87.0.4280.141 Safari/537.36"
91.113.165.162 - - [01/Feb/2021:16:51:53 +0100] "GET /css/clears.css HTTP/1.1" 200 851 "http://renault.activities.at/" "Mozilla/5.0 (Windows NT 10.0; Win64; x64) AppleWebKit/537.36 (KHTML, like Gecko) Chrome/87.0.4280.141 Safari/537.36"
91.113.165.162 - - [01/Feb/2021:16:51:53 +0100] "GET /css/reset.css HTTP/1.1" 200 1356 "http://renault.activities.at/" "Mozilla/5.0 (Windows NT 10.0; Win64; x64) AppleWebKit/537.36 (KHTML, like Gecko) Chrome/87.0.4280.141 Safari/537.36"
91.113.165.162 - - [01/Feb/2021:16:51:53 +0100] "GET /css/prototip.css HTTP/1.1" 200 968 "http://renault.activities.at/" "Mozilla/5.0 (Windows NT 10.0; Win64; x64) AppleWebKit/537.36 (KHTML, like Gecko) Chrome/87.0.4280.141 Safari/537.36"
91.113.165.162 - - [01/Feb/2021:16:51:53 +0100] "GET /css/themes/alphacube.css HTTP/1.1" 200 743 "http://renault.activities.at/" "Mozilla/5.0 (Windows NT 10.0; Win64; x64) AppleWebKit/537.36 (KHTML, like Gecko) Chrome/87.0.4280.141 Safari/537.36"
91.113.165.162 - - [01/Feb/2021:16:51:53 +0100] "GET /css/styles.css HTTP/1.1" 200 14664 "http://renault.activities.at/" "Mozilla/5.0 (Windows NT 10.0; Win64; x64) AppleWebKit/537.36 (KHTML, like Gecko) Chrome/87.0.4280.141 Safari/537.36"
91.113.165.162 - - [01/Feb/2021:16:51:53 +0100] "GET /css/themes/default.css HTTP/1.1" 200 769 "http://renault.activities.at/" "Mozilla/5.0 (Windows NT 10.0; Win64; x64) AppleWebKit/537.36 (KHTML, like Gecko) Chrome/87.0.4280.141 Safari/537.36"
91.113.165.162 - - [01/Feb/2021:16:51:53 +0100] "GET /js/flashdetection.js HTTP/1.1" 200 1059 "http://renault.activities.at/" "Mozilla/5.0 (Windows NT 10.0; Win64; x64) AppleWebKit/537.36 (KHTML, like Gecko) Chrome/87.0.4280.141 Safari/537.36"
91.113.165.162 - - [01/Feb/2021:16:51:53 +0100] "GET /js/index.php?c=auto&f=,prototype/prototype.js,prototype/validation.js,scriptaculous/builder.js,scriptaculous/effects.js,scriptaculous/dragdrop.js,scriptaculous/controls.js,scriptaculous/slider.js,varien/js.js,varien/form.js,varien/menu.js,mage/translate.js,mage/cookies.js,varien/product.js,spinner/SpinnerControl.jsmin.js,prototype/window.js,prototype/window_ext.js HTTP/1.1" 200 94182 "http://renault.activities.at/" "Mozilla/5.0 (Windows NT 10.0; Win64; x64) AppleWebKit/537.36 (KHTML, like Gecko) Chrome/87.0.4280.141 Safari/537.36"
91.113.165.162 - - [01/Feb/2021:16:51:53 +0100] "GET /images/main_block_corner_left_bot.gif HTTP/1.1" 200 159 "http://renault.activities.at/css/styles.css" "Mozilla/5.0 (Windows NT 10.0; Win64; x64) AppleWebKit/537.36 (KHTML, like Gecko) Chrome/87.0.4280.141 Safari/537.36"
91.113.165.162 - - [01/Feb/2021:16:51:53 +0100] "GET /images/main_block_border.gif HTTP/1.1" 200 43 "http://renault.activities.at/css/styles.css" "Mozilla/5.0 (Windows NT 10.0; Win64; x64) AppleWebKit/537.36 (KHTML, like Gecko) Chrome/87.0.4280.141 Safari/537.36"
91.113.165.162 - - [01/Feb/2021:16:51:53 +0100] "GET /images/header_block_border.gif HTTP/1.1" 200 43 "http://renault.activities.at/css/styles.css" "Mozilla/5.0 (Windows NT 10.0; Win64; x64) AppleWebKit/537.36 (KHTML, like Gecko) Chrome/87.0.4280.141 Safari/537.36"
91.113.165.162 - - [01/Feb/2021:16:51:53 +0100] "GET /images/header_block_corner_left_top.gif HTTP/1.1" 200 160 "http://renault.activities.at/css/styles.css" "Mozilla/5.0 (Windows NT 10.0; Win64; x64) AppleWebKit/537.36 (KHTML, like Gecko) Chrome/87.0.4280.141 Safari/537.36"
91.113.165.162 - - [01/Feb/2021:16:51:53 +0100] "GET /images/main_block_corner_right_bot.gif HTTP/1.1" 200 158 "http://renault.activities.at/css/styles.css" "Mozilla/5.0 (Windows NT 10.0; Win64; x64) AppleWebKit/537.36 (KHTML, like Gecko) Chrome/87.0.4280.141 Safari/537.36"
91.113.165.162 - - [01/Feb/2021:16:51:53 +0100] "GET /css/print.css HTTP/1.1" 200 543 "http://renault.activities.at/" "Mozilla/5.0 (Windows NT 10.0; Win64; x64) AppleWebKit/537.36 (KHTML, like Gecko) Chrome/87.0.4280.141 Safari/537.36"
91.113.165.162 - - [01/Feb/2021:16:51:53 +0100] "GET /images/header_block_corner_right_top.gif HTTP/1.1" 200 160 "http://renault.activities.at/css/styles.css" "Mozilla/5.0 (Windows NT 10.0; Win64; x64) AppleWebKit/537.36 (KHTML, like Gecko) Chrome/87.0.4280.141 Safari/537.36"
91.113.165.162 - - [01/Feb/2021:16:51:53 +0100] "GET /images/main_block_corner_left_top.gif HTTP/1.1" 200 159 "http://renault.activities.at/css/styles.css" "Mozilla/5.0 (Windows NT 10.0; Win64; x64) AppleWebKit/537.36 (KHTML, like Gecko) Chrome/87.0.4280.141 Safari/537.36"
91.113.165.162 - - [01/Feb/2021:16:51:53 +0100] "GET /images/main_block_corner_right_top.gif HTTP/1.1" 200 159 "http://renault.activities.at/css/styles.css" "Mozilla/5.0 (Windows NT 10.0; Win64; x64) AppleWebKit/537.36 (KHTML, like Gecko) Chrome/87.0.4280.141 Safari/537.36"
91.113.165.162 - - [01/Feb/2021:16:51:53 +0100] "GET /images/title_border.jpg HTTP/1.1" 200 304 "http://renault.activities.at/css/styles.css" "Mozilla/5.0 (Windows NT 10.0; Win64; x64) AppleWebKit/537.36 (KHTML, like Gecko) Chrome/87.0.4280.141 Safari/537.36"
91.113.165.162 - - [01/Feb/2021:16:51:53 +0100] "GET /images/title_border_top.jpg HTTP/1.1" 200 336 "http://renault.activities.at/css/styles.css" "Mozilla/5.0 (Windows NT 10.0; Win64; x64) AppleWebKit/537.36 (KHTML, like Gecko) Chrome/87.0.4280.141 Safari/537.36"
91.113.165.162 - - [01/Feb/2021:16:51:53 +0100] "GET /images/title_corner_right_top.jpg HTTP/1.1" 200 389 "http://renault.activities.at/css/styles.css" "Mozilla/5.0 (Windows NT 10.0; Win64; x64) AppleWebKit/537.36 (KHTML, like Gecko) Chrome/87.0.4280.141 Safari/537.36"
91.113.165.162 - - [01/Feb/2021:16:51:53 +0100] "GET /images/title_corner_left_top.jpg HTTP/1.1" 200 372 "http://renault.activities.at/css/styles.css" "Mozilla/5.0 (Windows NT 10.0; Win64; x64) AppleWebKit/537.36 (KHTML, like Gecko) Chrome/87.0.4280.141 Safari/537.36"
91.113.165.162 - - [01/Feb/2021:16:51:53 +0100] "GET /loadthumbnail.php?id=11127982 HTTP/1.1" 200 399614 "http://renault.activities.at/" "Mozilla/5.0 (Windows NT 10.0; Win64; x64) AppleWebKit/537.36 (KHTML, like Gecko) Chrome/87.0.4280.141 Safari/537.36"
91.113.165.162 - - [01/Feb/2021:16:51:54 +0100] "GET /images/favicon.ico HTTP/1.1" 404 305 "http://renault.activities.at/" "Mozilla/5.0 (Windows NT 10.0; Win64; x64) AppleWebKit/537.36 (KHTML, like Gecko) Chrome/87.0.4280.141 Safari/537.36"
91.113.165.162 - - [01/Feb/2021:16:51:54 +0100] "GET /login HTTP/1.1" 200 2085 "http://renault.activities.at/" "Mozilla/5.0 (Windows NT 10.0; Win64; x64) AppleWebKit/537.36 (KHTML, like Gecko) Chrome/87.0.4280.141 Safari/537.36"
91.113.165.162 - - [01/Feb/2021:16:51:55 +0100] "GET /images/button_right_bg.gif HTTP/1.1" 200 561 "http://renault.activities.at/css/styles.css" "Mozilla/5.0 (Windows NT 10.0; Win64; x64) AppleWebKit/537.36 (KHTML, like Gecko) Chrome/87.0.4280.141 Safari/537.36"
91.113.165.162 - - [01/Feb/2021:16:51:55 +0100] "GET /images/button_bg.gif HTTP/1.1" 200 151 "http://renault.activities.at/css/styles.css" "Mozilla/5.0 (Windows NT 10.0; Win64; x64) AppleWebKit/537.36 (KHTML, like Gecko) Chrome/87.0.4280.141 Safari/537.36"
91.113.165.162 - - [01/Feb/2021:16:51:55 +0100] "GET /images/button_left_bg.gif HTTP/1.1" 200 564 "http://renault.activities.at/css/styles.css" "Mozilla/5.0 (Windows NT 10.0; Win64; x64) AppleWebKit/537.36 (KHTML, like Gecko) Chrome/87.0.4280.141 Safari/537.36"
91.113.165.162 - - [01/Feb/2021:16:51:59 +0100] "POST /login HTTP/1.1" 302 140 "http://renault.activities.at/login" "Mozilla/5.0 (Windows NT 10.0; Win64; x64) AppleWebKit/537.36 (KHTML, like Gecko) Chrome/87.0.4280.141 Safari/537.36"
91.113.165.162 - - [01/Feb/2021:16:52:01 +0100] "GET /account HTTP/1.1" 200 6587 "http://renault.activities.at/login" "Mozilla/5.0 (Windows NT 10.0; Win64; x64) AppleWebKit/537.36 (KHTML, like Gecko) Chrome/87.0.4280.141 Safari/537.36"
91.113.165.162 - - [01/Feb/2021:16:52:04 +0100] "GET /js/account.js HTTP/1.1" 200 953 "http://renault.activities.at/account" "Mozilla/5.0 (Windows NT 10.0; Win64; x64) AppleWebKit/537.36 (KHTML, like Gecko) Chrome/87.0.4280.141 Safari/537.36"
91.113.165.162 - - [01/Feb/2021:16:52:04 +0100] "GET /loadthumbnail.php?id=12243600&width=50&height=50 HTTP/1.1" 200 1393 "http://renault.activities.at/account" "Mozilla/5.0 (Windows NT 10.0; Win64; x64) AppleWebKit/537.36 (KHTML, like Gecko) Chrome/87.0.4280.141 Safari/537.36"
91.113.165.162 - - [01/Feb/2021:16:52:04 +0100] "GET /images/search_bg.gif HTTP/1.1" 200 1726 "http://renault.activities.at/css/styles.css" "Mozilla/5.0 (Windows NT 10.0; Win64; x64) AppleWebKit/537.36 (KHTML, like Gecko) Chrome/87.0.4280.141 Safari/537.36"
91.113.165.162 - - [01/Feb/2021:16:52:04 +0100] "GET /loadthumbnail.php?id=12243596&width=50&height=50 HTTP/1.1" 200 1200 "http://renault.activities.at/account" "Mozilla/5.0 (Windows NT 10.0; Win64; x64) AppleWebKit/537.36 (KHTML, like Gecko) Chrome/87.0.4280.141 Safari/537.36"
91.113.165.162 - - [01/Feb/2021:16:52:04 +0100] "GET /loadthumbnail.php?id=11075492&width=50&height=50 HTTP/1.1" 200 1114 "http://renault.activities.at/account" "Mozilla/5.0 (Windows NT 10.0; Win64; x64) AppleWebKit/537.36 (KHTML, like Gecko) Chrome/87.0.4280.141 Safari/537.36"
91.113.165.162 - - [01/Feb/2021:16:52:04 +0100] "GET /loadthumbnail.php?id=12230578&width=50&height=50 HTTP/1.1" 200 801 "http://renault.activities.at/account" "Mozilla/5.0 (Windows NT 10.0; Win64; x64) AppleWebKit/537.36 (KHTML, like Gecko) Chrome/87.0.4280.141 Safari/537.36"
91.113.165.162 - - [01/Feb/2021:16:52:04 +0100] "GET /loadthumbnail.php?id=11431080&width=50&height=50 HTTP/1.1" 200 866 "http://renault.activities.at/account" "Mozilla/5.0 (Windows NT 10.0; Win64; x64) AppleWebKit/537.36 (KHTML, like Gecko) Chrome/87.0.4280.141 Safari/537.36"
91.113.165.162 - - [01/Feb/2021:16:52:04 +0100] "GET /images/menu_button_bg.jpg HTTP/1.1" 200 322 "http://renault.activities.at/css/styles.css" "Mozilla/5.0 (Windows NT 10.0; Win64; x64) AppleWebKit/537.36 (KHTML, like Gecko) Chrome/87.0.4280.141 Safari/537.36"
91.113.165.162 - - [01/Feb/2021:16:52:04 +0100] "GET /images/menu_divider.gif HTTP/1.1" 200 176 "http://renault.activities.at/css/styles.css" "Mozilla/5.0 (Windows NT 10.0; Win64; x64) AppleWebKit/537.36 (KHTML, like Gecko) Chrome/87.0.4280.141 Safari/537.36"
91.113.165.162 - - [01/Feb/2021:16:52:04 +0100] "GET /loadthumbnail.php?id=11730248&width=50&height=50 HTTP/1.1" 200 1012 "http://renault.activities.at/account" "Mozilla/5.0 (Windows NT 10.0; Win64; x64) AppleWebKit/537.36 (KHTML, like Gecko) Chrome/87.0.4280.141 Safari/537.36"
91.113.165.162 - - [01/Feb/2021:16:52:04 +0100] "GET /images/sidebar_title_border.gif HTTP/1.1" 200 43 "http://renault.activities.at/css/styles.css" "Mozilla/5.0 (Windows NT 10.0; Win64; x64) AppleWebKit/537.36 (KHTML, like Gecko) Chrome/87.0.4280.141 Safari/537.36"
91.113.165.162 - - [01/Feb/2021:16:52:04 +0100] "GET /images/sidebar_title_corner_right_top.gif HTTP/1.1" 200 383 "http://renault.activities.at/css/styles.css" "Mozilla/5.0 (Windows NT 10.0; Win64; x64) AppleWebKit/537.36 (KHTML, like Gecko) Chrome/87.0.4280.141 Safari/537.36"
91.113.165.162 - - [01/Feb/2021:16:52:04 +0100] "GET /images/sidebar_title_corner_left_top.gif HTTP/1.1" 200 1124 "http://renault.activities.at/css/styles.css" "Mozilla/5.0 (Windows NT 10.0; Win64; x64) AppleWebKit/537.36 (KHTML, like Gecko) Chrome/87.0.4280.141 Safari/537.36"
91.113.165.162 - - [01/Feb/2021:16:52:04 +0100] "GET /images/sidebar_title_border_top.gif HTTP/1.1" 200 155 "http://renault.activities.at/css/styles.css" "Mozilla/5.0 (Windows NT 10.0; Win64; x64) AppleWebKit/537.36 (KHTML, like Gecko) Chrome/87.0.4280.141 Safari/537.36"
91.113.165.162 - - [01/Feb/2021:16:52:04 +0100] "GET /images/top_links_divider.gif HTTP/1.1" 200 44 "http://renault.activities.at/css/styles.css" "Mozilla/5.0 (Windows NT 10.0; Win64; x64) AppleWebKit/537.36 (KHTML, like Gecko) Chrome/87.0.4280.141 Safari/537.36"
91.113.165.162 - - [01/Feb/2021:16:52:04 +0100] "GET /images/nav_divider.gif HTTP/1.1" 200 43 "http://renault.activities.at/css/styles.css" "Mozilla/5.0 (Windows NT 10.0; Win64; x64) AppleWebKit/537.36 (KHTML, like Gecko) Chrome/87.0.4280.141 Safari/537.36"
91.113.165.162 - - [01/Feb/2021:16:52:04 +0100] "GET /images/footer_divider.gif HTTP/1.1" 200 44 "http://renault.activities.at/css/styles.css" "Mozilla/5.0 (Windows NT 10.0; Win64; x64) AppleWebKit/537.36 (KHTML, like Gecko) Chrome/87.0.4280.141 Safari/537.36"
91.113.165.162 - - [01/Feb/2021:16:52:04 +0100] "GET /loadthumbnail.php?id=10260174&width=50&height=50 HTTP/1.1" 200 1024 "http://renault.activities.at/account" "Mozilla/5.0 (Windows NT 10.0; Win64; x64) AppleWebKit/537.36 (KHTML, like Gecko) Chrome/87.0.4280.141 Safari/537.36"
91.113.165.162 - - [01/Feb/2021:16:52:04 +0100] "GET /loadthumbnail.php?id=11730239&width=50&height=50 HTTP/1.1" 200 947 "http://renault.activities.at/account" "Mozilla/5.0 (Windows NT 10.0; Win64; x64) AppleWebKit/537.36 (KHTML, like Gecko) Chrome/87.0.4280.141 Safari/537.36"
91.113.165.162 - - [01/Feb/2021:16:52:04 +0100] "GET /loadthumbnail.php?id=10260190&width=50&height=50 HTTP/1.1" 200 1018 "http://renault.activities.at/account" "Mozilla/5.0 (Windows NT 10.0; Win64; x64) AppleWebKit/537.36 (KHTML, like Gecko) Chrome/87.0.4280.141 Safari/537.36"
80.122.221.194 - - [01/Feb/2021:16:52:17 +0100] "GET /reload?ser=1612194737028 HTTP/1.1" 200 28 "http://renault.activities.at/12359049" "Mozilla/5.0 (Windows NT 10.0; Win64; x64) AppleWebKit/537.36 (KHTML, like Gecko) Chrome/88.0.4324.96 Safari/537.36 Edg/88.0.705.56"
91.113.165.162 - - [01/Feb/2021:16:52:19 +0100] "POST /axjaxrequest?mode=suggest HTTP/1.1" 200 133 "http://renault.activities.at/account" "Mozilla/5.0 (Windows NT 10.0; Win64; x64) AppleWebKit/537.36 (KHTML, like Gecko) Chrome/87.0.4280.141 Safari/537.36"
91.113.165.162 - - [01/Feb/2021:16:52:22 +0100] "GET /result?searchterm=true&search=sandero+zubeh%F6r HTTP/1.1" 200 6680 "http://renault.activities.at/account" "Mozilla/5.0 (Windows NT 10.0; Win64; x64) AppleWebKit/537.36 (KHTML, like Gecko) Chrome/87.0.4280.141 Safari/537.36"
91.113.165.162 - - [01/Feb/2021:16:52:24 +0100] "GET /js/prototip.js HTTP/1.1" 200 4588 "http://renault.activities.at/result?searchterm=true&search=sandero+zubeh%F6r" "Mozilla/5.0 (Windows NT 10.0; Win64; x64) AppleWebKit/537.36 (KHTML, like Gecko) Chrome/87.0.4280.141 Safari/537.36"
91.113.165.162 - - [01/Feb/2021:16:52:24 +0100] "GET /js/ProduktGrp.js HTTP/1.1" 200 1569 "http://renault.activities.at/result?searchterm=true&search=sandero+zubeh%F6r" "Mozilla/5.0 (Windows NT 10.0; Win64; x64) AppleWebKit/537.36 (KHTML, like Gecko) Chrome/87.0.4280.141 Safari/537.36"
91.113.165.162 - - [01/Feb/2021:16:52:24 +0100] "GET /images/loading.gif HTTP/1.1" 200 3208 "http://renault.activities.at/result?searchterm=true&search=sandero+zubeh%F6r" "Mozilla/5.0 (Windows NT 10.0; Win64; x64) AppleWebKit/537.36 (KHTML, like Gecko) Chrome/87.0.4280.141 Safari/537.36"
91.113.165.162 - - [01/Feb/2021:16:52:24 +0100] "GET /images/vista-up.gif HTTP/1.1" 200 131 "http://renault.activities.at/css/styles.css" "Mozilla/5.0 (Windows NT 10.0; Win64; x64) AppleWebKit/537.36 (KHTML, like Gecko) Chrome/87.0.4280.141 Safari/537.36"
91.113.165.162 - - [01/Feb/2021:16:52:24 +0100] "GET /images/vista-dn.gif HTTP/1.1" 200 128 "http://renault.activities.at/css/styles.css" "Mozilla/5.0 (Windows NT 10.0; Win64; x64) AppleWebKit/537.36 (KHTML, like Gecko) Chrome/87.0.4280.141 Safari/537.36"
91.113.165.162 - - [01/Feb/2021:16:52:24 +0100] "GET /images/pager_bg.gif HTTP/1.1" 200 150 "http://renault.activities.at/css/styles.css" "Mozilla/5.0 (Windows NT 10.0; Win64; x64) AppleWebKit/537.36 (KHTML, like Gecko) Chrome/87.0.4280.141 Safari/537.36"
91.113.165.162 - - [01/Feb/2021:16:52:24 +0100] "GET /loadthumbnail.php?id=10203255 HTTP/1.1" 200 137 "http://renault.activities.at/result?searchterm=true&search=sandero+zubeh%F6r" "Mozilla/5.0 (Windows NT 10.0; Win64; x64) AppleWebKit/537.36 (KHTML, like Gecko) Chrome/87.0.4280.141 Safari/537.36"
91.113.165.162 - - [01/Feb/2021:16:52:24 +0100] "GET /loadthumbnail.php?id=12329380&width=113 HTTP/1.1" 200 6136 "http://renault.activities.at/result?searchterm=true&search=sandero+zubeh%F6r" "Mozilla/5.0 (Windows NT 10.0; Win64; x64) AppleWebKit/537.36 (KHTML, like Gecko) Chrome/87.0.4280.141 Safari/537.36"
91.113.165.162 - - [01/Feb/2021:16:52:24 +0100] "GET /loadthumbnail.php?id=12047627&width=113 HTTP/1.1" 200 3640 "http://renault.activities.at/result?searchterm=true&search=sandero+zubeh%F6r" "Mozilla/5.0 (Windows NT 10.0; Win64; x64) AppleWebKit/537.36 (KHTML, like Gecko) Chrome/87.0.4280.141 Safari/537.36"
80.122.53.230 - - [01/Feb/2021:16:52:23 +0100] "GET /reload?ser=1612194743663 HTTP/1.1" 200 28 "http://renault.activities.at/12359049" "Mozilla/5.0 (Windows NT 10.0; Win64; x64) AppleWebKit/537.36 (KHTML, like Gecko) Chrome/87.0.4280.141 Safari/537.36"
91.113.165.162 - - [01/Feb/2021:16:52:22 +0100] "POST /axjaxrequest?mode=suggest HTTP/1.1" 200 21 "http://renault.activities.at/account" "Mozilla/5.0 (Windows NT 10.0; Win64; x64) AppleWebKit/537.36 (KHTML, like Gecko) Chrome/87.0.4280.141 Safari/537.36"
91.113.165.162 - - [01/Feb/2021:16:52:27 +0100] "GET /images/vista-dn-hover.gif HTTP/1.1" 200 127 "http://renault.activities.at/css/styles.css" "Mozilla/5.0 (Windows NT 10.0; Win64; x64) AppleWebKit/537.36 (KHTML, like Gecko) Chrome/87.0.4280.141 Safari/537.36"
91.113.165.162 - - [01/Feb/2021:16:52:27 +0100] "GET /images/vista-up-hover.gif HTTP/1.1" 200 130 "http://renault.activities.at/css/styles.css" "Mozilla/5.0 (Windows NT 10.0; Win64; x64) AppleWebKit/537.36 (KHTML, like Gecko) Chrome/87.0.4280.141 Safari/537.36"
193.194.132.22 - - [01/Feb/2021:16:52:32 +0100] "GET /reload?ser=1612194751725 HTTP/1.1" 200 28 "http://renault.activities.at/result?searchterm=true&search=Merchandising" "Mozilla/5.0 (Windows NT 10.0; Win64; x64) AppleWebKit/537.36 (KHTML, like Gecko) Chrome/88.0.4324.104 Safari/537.36"
91.113.165.162 - - [01/Feb/2021:16:52:36 +0100] "POST /result?searchterm=true&search=sandero+zubeh%F6r HTTP/1.1" 200 6787 "http://renault.activities.at/result?searchterm=true&search=sandero+zubeh%F6r" "Mozilla/5.0 (Windows NT 10.0; Win64; x64) AppleWebKit/537.36 (KHTML, like Gecko) Chrome/87.0.4280.141 Safari/537.36"
91.113.165.162 - - [01/Feb/2021:16:52:39 +0100] "GET /images/success_msg_icon.gif HTTP/1.1" 200 1024 "http://renault.activities.at/css/styles.css" "Mozilla/5.0 (Windows NT 10.0; Win64; x64) AppleWebKit/537.36 (KHTML, like Gecko) Chrome/87.0.4280.141 Safari/537.36"
91.113.165.162 - - [01/Feb/2021:16:52:42 +0100] "GET /result?searchterm=true&search=dokker+zubeh%F6r HTTP/1.1" 200 6541 "http://renault.activities.at/result?searchterm=true&search=sandero+zubeh%F6r" "Mozilla/5.0 (Windows NT 10.0; Win64; x64) AppleWebKit/537.36 (KHTML, like Gecko) Chrome/87.0.4280.141 Safari/537.36"
91.113.165.162 - - [01/Feb/2021:16:52:44 +0100] "GET /loadthumbnail.php?id=11878139&width=113 HTTP/1.1" 200 19930 "http://renault.activities.at/result?searchterm=true&search=dokker+zubeh%F6r" "Mozilla/5.0 (Windows NT 10.0; Win64; x64) AppleWebKit/537.36 (KHTML, like Gecko) Chrome/87.0.4280.141 Safari/537.36"
91.113.165.162 - - [01/Feb/2021:16:52:43 +0100] "POST /axjaxrequest?mode=suggest HTTP/1.1" 200 21 "http://renault.activities.at/result?searchterm=true&search=sandero+zubeh%F6r" "Mozilla/5.0 (Windows NT 10.0; Win64; x64) AppleWebKit/537.36 (KHTML, like Gecko) Chrome/87.0.4280.141 Safari/537.36"
91.113.165.162 - - [01/Feb/2021:16:52:51 +0100] "GET /checkout HTTP/1.1" 200 10413 "http://renault.activities.at/result?searchterm=true&search=dokker+zubeh%F6r" "Mozilla/5.0 (Windows NT 10.0; Win64; x64) AppleWebKit/537.36 (KHTML, like Gecko) Chrome/87.0.4280.141 Safari/537.36"
91.113.165.162 - - [01/Feb/2021:16:52:55 +0100] "GET /js/checkout2.js HTTP/1.1" 200 4122 "http://renault.activities.at/checkout" "Mozilla/5.0 (Windows NT 10.0; Win64; x64) AppleWebKit/537.36 (KHTML, like Gecko) Chrome/87.0.4280.141 Safari/537.36"
91.113.165.162 - - [01/Feb/2021:16:52:55 +0100] "GET /images/ajax_loading.gif HTTP/1.1" 200 1542 "http://renault.activities.at/checkout" "Mozilla/5.0 (Windows NT 10.0; Win64; x64) AppleWebKit/537.36 (KHTML, like Gecko) Chrome/87.0.4280.141 Safari/537.36"
91.113.165.162 - - [01/Feb/2021:16:52:55 +0100] "GET /loadthumbnail.php?id=10201939 HTTP/1.1" 200 201 "http://renault.activities.at/checkout" "Mozilla/5.0 (Windows NT 10.0; Win64; x64) AppleWebKit/537.36 (KHTML, like Gecko) Chrome/87.0.4280.141 Safari/537.36"
91.113.165.162 - - [01/Feb/2021:16:52:56 +0100] "GET /images/step_bg.jpg HTTP/1.1" 200 319 "http://renault.activities.at/css/styles.css" "Mozilla/5.0 (Windows NT 10.0; Win64; x64) AppleWebKit/537.36 (KHTML, like Gecko) Chrome/87.0.4280.141 Safari/537.36"
91.113.165.162 - - [01/Feb/2021:16:52:56 +0100] "GET /images/step_marker.gif HTTP/1.1" 200 650 "http://renault.activities.at/css/styles.css" "Mozilla/5.0 (Windows NT 10.0; Win64; x64) AppleWebKit/537.36 (KHTML, like Gecko) Chrome/87.0.4280.141 Safari/537.36"
91.113.165.162 - - [01/Feb/2021:16:52:56 +0100] "GET /images/checkout_border.gif HTTP/1.1" 200 43 "http://renault.activities.at/css/styles.css" "Mozilla/5.0 (Windows NT 10.0; Win64; x64) AppleWebKit/537.36 (KHTML, like Gecko) Chrome/87.0.4280.141 Safari/537.36"
91.113.165.162 - - [01/Feb/2021:16:52:56 +0100] "GET /images/checkout_border_top.gif HTTP/1.1" 200 156 "http://renault.activities.at/css/styles.css" "Mozilla/5.0 (Windows NT 10.0; Win64; x64) AppleWebKit/537.36 (KHTML, like Gecko) Chrome/87.0.4280.141 Safari/537.36"
91.113.165.162 - - [01/Feb/2021:16:52:56 +0100] "GET /loadthumbnail.php?id=10202698 HTTP/1.1" 200 16686 "http://renault.activities.at/checkout" "Mozilla/5.0 (Windows NT 10.0; Win64; x64) AppleWebKit/537.36 (KHTML, like Gecko) Chrome/87.0.4280.141 Safari/537.36"
91.113.165.162 - - [01/Feb/2021:16:53:04 +0100] "GET /cart HTTP/1.1" 200 5037 "http://renault.activities.at/checkout" "Mozilla/5.0 (Windows NT 10.0; Win64; x64) AppleWebKit/537.36 (KHTML, like Gecko) Chrome/87.0.4280.141 Safari/537.36"
91.113.165.162 - - [01/Feb/2021:16:53:05 +0100] "GET /loadthumbnail.php?id=10232009&width=16&height=16 HTTP/1.1" 200 700 "http://renault.activities.at/cart" "Mozilla/5.0 (Windows NT 10.0; Win64; x64) AppleWebKit/537.36 (KHTML, like Gecko) Chrome/87.0.4280.141 Safari/537.36"
91.113.165.162 - - [01/Feb/2021:16:53:05 +0100] "GET /loadthumbnail.php?id=12047627&width=100 HTTP/1.1" 200 3070 "http://renault.activities.at/cart" "Mozilla/5.0 (Windows NT 10.0; Win64; x64) AppleWebKit/537.36 (KHTML, like Gecko) Chrome/87.0.4280.141 Safari/537.36"
91.113.165.162 - - [01/Feb/2021:16:53:11 +0100] "POST /cart HTTP/1.1" 200 5092 "http://renault.activities.at/cart" "Mozilla/5.0 (Windows NT 10.0; Win64; x64) AppleWebKit/537.36 (KHTML, like Gecko) Chrome/87.0.4280.141 Safari/537.36"
80.122.221.194 - - [01/Feb/2021:16:53:18 +0100] "GET /reload?ser=1612194798018 HTTP/1.1" 200 28 "http://renault.activities.at/12359049" "Mozilla/5.0 (Windows NT 10.0; Win64; x64) AppleWebKit/537.36 (KHTML, like Gecko) Chrome/88.0.4324.96 Safari/537.36 Edg/88.0.705.56"
91.113.165.162 - - [01/Feb/2021:16:53:15 +0100] "GET /checkout HTTP/1.1" 200 10413 "http://renault.activities.at/cart" "Mozilla/5.0 (Windows NT 10.0; Win64; x64) AppleWebKit/537.36 (KHTML, like Gecko) Chrome/87.0.4280.141 Safari/537.36"
91.113.165.162 - - [01/Feb/2021:16:53:16 +0100] "GET /checkout HTTP/1.1" 200 10413 "http://renault.activities.at/cart" "Mozilla/5.0 (Windows NT 10.0; Win64; x64) AppleWebKit/537.36 (KHTML, like Gecko) Chrome/87.0.4280.141 Safari/537.36"
80.122.53.230 - - [01/Feb/2021:16:53:24 +0100] "GET /reload?ser=1612194804661 HTTP/1.1" 200 28 "http://renault.activities.at/12359049" "Mozilla/5.0 (Windows NT 10.0; Win64; x64) AppleWebKit/537.36 (KHTML, like Gecko) Chrome/87.0.4280.141 Safari/537.36"
91.113.165.162 - - [01/Feb/2021:16:53:19 +0100] "GET /checkout HTTP/1.1" 200 10413 "http://renault.activities.at/cart" "Mozilla/5.0 (Windows NT 10.0; Win64; x64) AppleWebKit/537.36 (KHTML, like Gecko) Chrome/87.0.4280.141 Safari/537.36"
91.113.165.162 - - [01/Feb/2021:16:53:28 +0100] "POST /docheckout HTTP/1.1" 200 460 "http://renault.activities.at/checkout" "Mozilla/5.0 (Windows NT 10.0; Win64; x64) AppleWebKit/537.36 (KHTML, like Gecko) Chrome/87.0.4280.141 Safari/537.36"
91.113.165.162 - - [01/Feb/2021:16:53:32 +0100] "POST /docheckout HTTP/1.1" 200 593 "http://renault.activities.at/checkout" "Mozilla/5.0 (Windows NT 10.0; Win64; x64) AppleWebKit/537.36 (KHTML, like Gecko) Chrome/87.0.4280.141 Safari/537.36"
91.113.165.162 - - [01/Feb/2021:16:53:34 +0100] "GET /images/error_msg_icon.gif HTTP/1.1" 200 1013 "http://renault.activities.at/checkout" "Mozilla/5.0 (Windows NT 10.0; Win64; x64) AppleWebKit/537.36 (KHTML, like Gecko) Chrome/87.0.4280.141 Safari/537.36"
193.194.132.22 - - [01/Feb/2021:16:53:34 +0100] "GET /reload?ser=1612194813726 HTTP/1.1" 200 28 "http://renault.activities.at/result?searchterm=true&search=Merchandising" "Mozilla/5.0 (Windows NT 10.0; Win64; x64) AppleWebKit/537.36 (KHTML, like Gecko) Chrome/88.0.4324.104 Safari/537.36"
91.113.165.162 - - [01/Feb/2021:16:53:36 +0100] "POST /docheckout HTTP/1.1" 200 68 "http://renault.activities.at/checkout" "Mozilla/5.0 (Windows NT 10.0; Win64; x64) AppleWebKit/537.36 (KHTML, like Gecko) Chrome/87.0.4280.141 Safari/537.36"
91.113.165.162 - - [01/Feb/2021:16:53:38 +0100] "GET /success HTTP/1.1" 200 3790 "http://renault.activities.at/checkout" "Mozilla/5.0 (Windows NT 10.0; Win64; x64) AppleWebKit/537.36 (KHTML, like Gecko) Chrome/87.0.4280.141 Safari/537.36"
66.249.66.75 - - [01/Feb/2021:16:53:57 +0100] "GET / HTTP/1.1" 200 3273 "-" "Mozilla/5.0 (compatible; Googlebot/2.1; +http://www.google.com/bot.html)"
80.122.221.194 - - [01/Feb/2021:16:54:19 +0100] "GET /reload?ser=1612194859015 HTTP/1.1" 200 28 "http://renault.activities.at/12359049" "Mozilla/5.0 (Windows NT 10.0; Win64; x64) AppleWebKit/537.36 (KHTML, like Gecko) Chrome/88.0.4324.96 Safari/537.36 Edg/88.0.705.56"
80.122.53.230 - - [01/Feb/2021:16:54:25 +0100] "GET /reload?ser=1612194865665 HTTP/1.1" 200 28 "http://renault.activities.at/12359049" "Mozilla/5.0 (Windows NT 10.0; Win64; x64) AppleWebKit/537.36 (KHTML, like Gecko) Chrome/87.0.4280.141 Safari/537.36"
193.194.132.22 - - [01/Feb/2021:16:54:36 +0100] "GET /reload?ser=1612194875726 HTTP/1.1" 200 28 "http://renault.activities.at/result?searchterm=true&search=Merchandising" "Mozilla/5.0 (Windows NT 10.0; Win64; x64) AppleWebKit/537.36 (KHTML, like Gecko) Chrome/88.0.4324.104 Safari/537.36"
80.122.221.194 - - [01/Feb/2021:16:55:20 +0100] "GET /reload?ser=1612194920017 HTTP/1.1" 200 28 "http://renault.activities.at/12359049" "Mozilla/5.0 (Windows NT 10.0; Win64; x64) AppleWebKit/537.36 (KHTML, like Gecko) Chrome/88.0.4324.96 Safari/537.36 Edg/88.0.705.56"
80.122.53.230 - - [01/Feb/2021:16:55:26 +0100] "GET /reload?ser=1612194926667 HTTP/1.1" 200 28 "http://renault.activities.at/12359049" "Mozilla/5.0 (Windows NT 10.0; Win64; x64) AppleWebKit/537.36 (KHTML, like Gecko) Chrome/87.0.4280.141 Safari/537.36"
193.194.132.22 - - [01/Feb/2021:16:55:38 +0100] "GET /reload?ser=1612194937733 HTTP/1.1" 200 28 "http://renault.activities.at/result?searchterm=true&search=Merchandising" "Mozilla/5.0 (Windows NT 10.0; Win64; x64) AppleWebKit/537.36 (KHTML, like Gecko) Chrome/88.0.4324.104 Safari/537.36"
80.122.221.194 - - [01/Feb/2021:16:56:21 +0100] "GET /reload?ser=1612194981023 HTTP/1.1" 200 28 "http://renault.activities.at/12359049" "Mozilla/5.0 (Windows NT 10.0; Win64; x64) AppleWebKit/537.36 (KHTML, like Gecko) Chrome/88.0.4324.96 Safari/537.36 Edg/88.0.705.56"
80.122.53.230 - - [01/Feb/2021:16:56:27 +0100] "GET /reload?ser=1612194987673 HTTP/1.1" 200 28 "http://renault.activities.at/12359049" "Mozilla/5.0 (Windows NT 10.0; Win64; x64) AppleWebKit/537.36 (KHTML, like Gecko) Chrome/87.0.4280.141 Safari/537.36"
193.194.132.22 - - [01/Feb/2021:16:56:40 +0100] "GET /reload?ser=1612194999729 HTTP/1.1" 200 28 "http://renault.activities.at/result?searchterm=true&search=Merchandising" "Mozilla/5.0 (Windows NT 10.0; Win64; x64) AppleWebKit/537.36 (KHTML, like Gecko) Chrome/88.0.4324.104 Safari/537.36"
80.122.221.194 - - [01/Feb/2021:16:57:22 +0100] "GET /reload?ser=1612195042014 HTTP/1.1" 200 28 "http://renault.activities.at/12359049" "Mozilla/5.0 (Windows NT 10.0; Win64; x64) AppleWebKit/537.36 (KHTML, like Gecko) Chrome/88.0.4324.96 Safari/537.36 Edg/88.0.705.56"
80.122.53.230 - - [01/Feb/2021:16:57:28 +0100] "GET /reload?ser=1612195048669 HTTP/1.1" 200 28 "http://renault.activities.at/12359049" "Mozilla/5.0 (Windows NT 10.0; Win64; x64) AppleWebKit/537.36 (KHTML, like Gecko) Chrome/87.0.4280.141 Safari/537.36"
193.194.132.22 - - [01/Feb/2021:16:57:42 +0100] "GET /reload?ser=1612195061730 HTTP/1.1" 200 28 "http://renault.activities.at/result?searchterm=true&search=Merchandising" "Mozilla/5.0 (Windows NT 10.0; Win64; x64) AppleWebKit/537.36 (KHTML, like Gecko) Chrome/88.0.4324.104 Safari/537.36"
80.122.221.194 - - [01/Feb/2021:16:58:23 +0100] "GET /reload?ser=1612195103025 HTTP/1.1" 200 28 "http://renault.activities.at/12359049" "Mozilla/5.0 (Windows NT 10.0; Win64; x64) AppleWebKit/537.36 (KHTML, like Gecko) Chrome/88.0.4324.96 Safari/537.36 Edg/88.0.705.56"
80.122.53.230 - - [01/Feb/2021:16:58:29 +0100] "GET /reload?ser=1612195109677 HTTP/1.1" 200 28 "http://renault.activities.at/12359049" "Mozilla/5.0 (Windows NT 10.0; Win64; x64) AppleWebKit/537.36 (KHTML, like Gecko) Chrome/87.0.4280.141 Safari/537.36"
193.194.132.22 - - [01/Feb/2021:16:58:44 +0100] "GET /reload?ser=1612195123731 HTTP/1.1" 200 28 "http://renault.activities.at/result?searchterm=true&search=Merchandising" "Mozilla/5.0 (Windows NT 10.0; Win64; x64) AppleWebKit/537.36 (KHTML, like Gecko) Chrome/88.0.4324.104 Safari/537.36"
80.122.221.194 - - [01/Feb/2021:16:59:24 +0100] "GET /reload?ser=1612195164026 HTTP/1.1" 200 28 "http://renault.activities.at/12359049" "Mozilla/5.0 (Windows NT 10.0; Win64; x64) AppleWebKit/537.36 (KHTML, like Gecko) Chrome/88.0.4324.96 Safari/537.36 Edg/88.0.705.56"
80.122.53.230 - - [01/Feb/2021:16:59:31 +0100] "GET /reload?ser=1612195170675 HTTP/1.1" 200 28 "http://renault.activities.at/12359049" "Mozilla/5.0 (Windows NT 10.0; Win64; x64) AppleWebKit/537.36 (KHTML, like Gecko) Chrome/87.0.4280.141 Safari/537.36"
193.194.132.22 - - [01/Feb/2021:16:59:46 +0100] "GET /reload?ser=1612195185731 HTTP/1.1" 200 28 "http://renault.activities.at/result?searchterm=true&search=Merchandising" "Mozilla/5.0 (Windows NT 10.0; Win64; x64) AppleWebKit/537.36 (KHTML, like Gecko) Chrome/88.0.4324.104 Safari/537.36"
80.122.221.194 - - [01/Feb/2021:17:00:25 +0100] "GET /reload?ser=1612195225023 HTTP/1.1" 200 28 "http://renault.activities.at/12359049" "Mozilla/5.0 (Windows NT 10.0; Win64; x64) AppleWebKit/537.36 (KHTML, like Gecko) Chrome/88.0.4324.96 Safari/537.36 Edg/88.0.705.56"
80.122.53.230 - - [01/Feb/2021:17:00:32 +0100] "GET /reload?ser=1612195232683 HTTP/1.1" 200 28 "http://renault.activities.at/12359049" "Mozilla/5.0 (Windows NT 10.0; Win64; x64) AppleWebKit/537.36 (KHTML, like Gecko) Chrome/87.0.4280.141 Safari/537.36"
193.194.132.22 - - [01/Feb/2021:17:00:48 +0100] "GET /reload?ser=1612195247732 HTTP/1.1" 200 28 "http://renault.activities.at/result?searchterm=true&search=Merchandising" "Mozilla/5.0 (Windows NT 10.0; Win64; x64) AppleWebKit/537.36 (KHTML, like Gecko) Chrome/88.0.4324.104 Safari/537.36"
