80.123.225.38 - - [05/Feb/2021:13:02:45 +0100] "GET /reload?ser=1612526564684 HTTP/1.1" 200 28 "http://renault.activities.at/" "Mozilla/5.0 (Windows NT 6.1; WOW64; Trident/7.0; rv:11.0) like Gecko"
80.122.53.230 - - [05/Feb/2021:13:02:54 +0100] "GET /reload?ser=1612526574504 HTTP/1.1" 200 28 "http://renault.activities.at/12359049" "Mozilla/5.0 (Windows NT 10.0; Win64; x64) AppleWebKit/537.36 (KHTML, like Gecko) Chrome/87.0.4280.141 Safari/537.36"
80.122.221.194 - - [05/Feb/2021:13:03:04 +0100] "GET /reload?ser=1612526584521 HTTP/1.1" 200 28 "http://renault.activities.at/login?required=true" "Mozilla/5.0 (Windows NT 10.0; Win64; x64) AppleWebKit/537.36 (KHTML, like Gecko) Chrome/88.0.4324.96 Safari/537.36 Edg/88.0.705.56"
193.194.132.23 - - [05/Feb/2021:13:03:22 +0100] "GET /reload?ser=1612526602331 HTTP/1.1" 200 28 "http://renault.2web.at/result?searchterm=true&search=Brosch%FCre+Fahrzeugauslieferung+RENAULT+Alaskan" "Mozilla/5.0 (Windows NT 10.0; Win64; x64) AppleWebKit/537.36 (KHTML, like Gecko) Chrome/88.0.4324.104 Safari/537.36"
80.123.225.38 - - [05/Feb/2021:13:03:45 +0100] "GET /reload?ser=1612526625344 HTTP/1.1" 200 28 "http://renault.activities.at/" "Mozilla/5.0 (Windows NT 6.1; WOW64; Trident/7.0; rv:11.0) like Gecko"
80.122.53.230 - - [05/Feb/2021:13:03:56 +0100] "GET /reload?ser=1612526636503 HTTP/1.1" 200 28 "http://renault.activities.at/12359049" "Mozilla/5.0 (Windows NT 10.0; Win64; x64) AppleWebKit/537.36 (KHTML, like Gecko) Chrome/87.0.4280.141 Safari/537.36"
80.122.221.194 - - [05/Feb/2021:13:04:05 +0100] "GET /reload?ser=1612526645515 HTTP/1.1" 200 28 "http://renault.activities.at/login?required=true" "Mozilla/5.0 (Windows NT 10.0; Win64; x64) AppleWebKit/537.36 (KHTML, like Gecko) Chrome/88.0.4324.96 Safari/537.36 Edg/88.0.705.56"
193.194.132.23 - - [05/Feb/2021:13:04:24 +0100] "GET /reload?ser=1612526664333 HTTP/1.1" 200 28 "http://renault.2web.at/result?searchterm=true&search=Brosch%FCre+Fahrzeugauslieferung+RENAULT+Alaskan" "Mozilla/5.0 (Windows NT 10.0; Win64; x64) AppleWebKit/537.36 (KHTML, like Gecko) Chrome/88.0.4324.104 Safari/537.36"
80.123.225.38 - - [05/Feb/2021:13:04:46 +0100] "GET /reload?ser=1612526686020 HTTP/1.1" 200 28 "http://renault.activities.at/" "Mozilla/5.0 (Windows NT 6.1; WOW64; Trident/7.0; rv:11.0) like Gecko"
80.122.53.230 - - [05/Feb/2021:13:04:57 +0100] "GET /reload?ser=1612526697514 HTTP/1.1" 200 28 "http://renault.activities.at/12359049" "Mozilla/5.0 (Windows NT 10.0; Win64; x64) AppleWebKit/537.36 (KHTML, like Gecko) Chrome/87.0.4280.141 Safari/537.36"
80.122.221.194 - - [05/Feb/2021:13:05:06 +0100] "GET /reload?ser=1612526706519 HTTP/1.1" 200 28 "http://renault.activities.at/login?required=true" "Mozilla/5.0 (Windows NT 10.0; Win64; x64) AppleWebKit/537.36 (KHTML, like Gecko) Chrome/88.0.4324.96 Safari/537.36 Edg/88.0.705.56"
193.194.132.23 - - [05/Feb/2021:13:05:26 +0100] "GET /reload?ser=1612526726333 HTTP/1.1" 200 28 "http://renault.2web.at/result?searchterm=true&search=Brosch%FCre+Fahrzeugauslieferung+RENAULT+Alaskan" "Mozilla/5.0 (Windows NT 10.0; Win64; x64) AppleWebKit/537.36 (KHTML, like Gecko) Chrome/88.0.4324.104 Safari/537.36"
80.123.225.38 - - [05/Feb/2021:13:05:47 +0100] "GET /reload?ser=1612526746692 HTTP/1.1" 200 28 "http://renault.activities.at/" "Mozilla/5.0 (Windows NT 6.1; WOW64; Trident/7.0; rv:11.0) like Gecko"
80.122.53.230 - - [05/Feb/2021:13:05:58 +0100] "GET /reload?ser=1612526758512 HTTP/1.1" 200 28 "http://renault.activities.at/12359049" "Mozilla/5.0 (Windows NT 10.0; Win64; x64) AppleWebKit/537.36 (KHTML, like Gecko) Chrome/87.0.4280.141 Safari/537.36"
80.122.221.194 - - [05/Feb/2021:13:06:07 +0100] "GET /reload?ser=1612526767520 HTTP/1.1" 200 28 "http://renault.activities.at/login?required=true" "Mozilla/5.0 (Windows NT 10.0; Win64; x64) AppleWebKit/537.36 (KHTML, like Gecko) Chrome/88.0.4324.96 Safari/537.36 Edg/88.0.705.56"
193.194.132.23 - - [05/Feb/2021:13:06:28 +0100] "GET /reload?ser=1612526788335 HTTP/1.1" 200 28 "http://renault.2web.at/result?searchterm=true&search=Brosch%FCre+Fahrzeugauslieferung+RENAULT+Alaskan" "Mozilla/5.0 (Windows NT 10.0; Win64; x64) AppleWebKit/537.36 (KHTML, like Gecko) Chrome/88.0.4324.104 Safari/537.36"
80.123.225.38 - - [05/Feb/2021:13:06:47 +0100] "GET /reload?ser=1612526807330 HTTP/1.1" 200 28 "http://renault.activities.at/" "Mozilla/5.0 (Windows NT 6.1; WOW64; Trident/7.0; rv:11.0) like Gecko"
80.122.53.230 - - [05/Feb/2021:13:06:59 +0100] "GET /reload?ser=1612526819522 HTTP/1.1" 200 28 "http://renault.activities.at/12359049" "Mozilla/5.0 (Windows NT 10.0; Win64; x64) AppleWebKit/537.36 (KHTML, like Gecko) Chrome/87.0.4280.141 Safari/537.36"
80.122.221.194 - - [05/Feb/2021:13:07:08 +0100] "GET /reload?ser=1612526828521 HTTP/1.1" 200 28 "http://renault.activities.at/login?required=true" "Mozilla/5.0 (Windows NT 10.0; Win64; x64) AppleWebKit/537.36 (KHTML, like Gecko) Chrome/88.0.4324.96 Safari/537.36 Edg/88.0.705.56"
193.194.132.23 - - [05/Feb/2021:13:07:30 +0100] "GET /reload?ser=1612526850337 HTTP/1.1" 200 28 "http://renault.2web.at/result?searchterm=true&search=Brosch%FCre+Fahrzeugauslieferung+RENAULT+Alaskan" "Mozilla/5.0 (Windows NT 10.0; Win64; x64) AppleWebKit/537.36 (KHTML, like Gecko) Chrome/88.0.4324.104 Safari/537.36"
80.123.225.38 - - [05/Feb/2021:13:07:48 +0100] "GET /reload?ser=1612526868003 HTTP/1.1" 200 28 "http://renault.activities.at/" "Mozilla/5.0 (Windows NT 6.1; WOW64; Trident/7.0; rv:11.0) like Gecko"
80.122.53.230 - - [05/Feb/2021:13:08:00 +0100] "GET /reload?ser=1612526880518 HTTP/1.1" 200 28 "http://renault.activities.at/12359049" "Mozilla/5.0 (Windows NT 10.0; Win64; x64) AppleWebKit/537.36 (KHTML, like Gecko) Chrome/87.0.4280.141 Safari/537.36"
80.122.221.194 - - [05/Feb/2021:13:08:09 +0100] "GET /reload?ser=1612526889510 HTTP/1.1" 200 28 "http://renault.activities.at/login?required=true" "Mozilla/5.0 (Windows NT 10.0; Win64; x64) AppleWebKit/537.36 (KHTML, like Gecko) Chrome/88.0.4324.96 Safari/537.36 Edg/88.0.705.56"
193.194.132.23 - - [05/Feb/2021:13:08:32 +0100] "GET /reload?ser=1612526912337 HTTP/1.1" 200 28 "http://renault.2web.at/result?searchterm=true&search=Brosch%FCre+Fahrzeugauslieferung+RENAULT+Alaskan" "Mozilla/5.0 (Windows NT 10.0; Win64; x64) AppleWebKit/537.36 (KHTML, like Gecko) Chrome/88.0.4324.104 Safari/537.36"
80.123.225.38 - - [05/Feb/2021:13:08:49 +0100] "GET /reload?ser=1612526928673 HTTP/1.1" 200 28 "http://renault.activities.at/" "Mozilla/5.0 (Windows NT 6.1; WOW64; Trident/7.0; rv:11.0) like Gecko"
80.122.53.230 - - [05/Feb/2021:13:09:01 +0100] "GET /reload?ser=1612526941512 HTTP/1.1" 200 28 "http://renault.activities.at/12359049" "Mozilla/5.0 (Windows NT 10.0; Win64; x64) AppleWebKit/537.36 (KHTML, like Gecko) Chrome/87.0.4280.141 Safari/537.36"
80.122.221.194 - - [05/Feb/2021:13:09:10 +0100] "GET /reload?ser=1612526950513 HTTP/1.1" 200 28 "http://renault.activities.at/login?required=true" "Mozilla/5.0 (Windows NT 10.0; Win64; x64) AppleWebKit/537.36 (KHTML, like Gecko) Chrome/88.0.4324.96 Safari/537.36 Edg/88.0.705.56"
193.194.132.23 - - [05/Feb/2021:13:09:34 +0100] "GET /reload?ser=1612526974338 HTTP/1.1" 200 28 "http://renault.2web.at/result?searchterm=true&search=Brosch%FCre+Fahrzeugauslieferung+RENAULT+Alaskan" "Mozilla/5.0 (Windows NT 10.0; Win64; x64) AppleWebKit/537.36 (KHTML, like Gecko) Chrome/88.0.4324.104 Safari/537.36"
80.123.225.38 - - [05/Feb/2021:13:09:49 +0100] "GET /reload?ser=1612526989332 HTTP/1.1" 200 28 "http://renault.activities.at/" "Mozilla/5.0 (Windows NT 6.1; WOW64; Trident/7.0; rv:11.0) like Gecko"
80.122.53.230 - - [05/Feb/2021:13:10:02 +0100] "GET /reload?ser=1612527002523 HTTP/1.1" 200 28 "http://renault.activities.at/12359049" "Mozilla/5.0 (Windows NT 10.0; Win64; x64) AppleWebKit/537.36 (KHTML, like Gecko) Chrome/87.0.4280.141 Safari/537.36"
80.122.221.194 - - [05/Feb/2021:13:10:11 +0100] "GET /reload?ser=1612527011505 HTTP/1.1" 200 28 "http://renault.activities.at/login?required=true" "Mozilla/5.0 (Windows NT 10.0; Win64; x64) AppleWebKit/537.36 (KHTML, like Gecko) Chrome/88.0.4324.96 Safari/537.36 Edg/88.0.705.56"
193.194.132.23 - - [05/Feb/2021:13:10:36 +0100] "GET /reload?ser=1612527036339 HTTP/1.1" 200 28 "http://renault.2web.at/result?searchterm=true&search=Brosch%FCre+Fahrzeugauslieferung+RENAULT+Alaskan" "Mozilla/5.0 (Windows NT 10.0; Win64; x64) AppleWebKit/537.36 (KHTML, like Gecko) Chrome/88.0.4324.104 Safari/537.36"
80.123.225.38 - - [05/Feb/2021:13:10:50 +0100] "GET /reload?ser=1612527049995 HTTP/1.1" 200 28 "http://renault.activities.at/" "Mozilla/5.0 (Windows NT 6.1; WOW64; Trident/7.0; rv:11.0) like Gecko"
80.122.53.230 - - [05/Feb/2021:13:11:04 +0100] "GET /reload?ser=1612527064522 HTTP/1.1" 200 28 "http://renault.activities.at/12359049" "Mozilla/5.0 (Windows NT 10.0; Win64; x64) AppleWebKit/537.36 (KHTML, like Gecko) Chrome/87.0.4280.141 Safari/537.36"
80.122.221.194 - - [05/Feb/2021:13:11:12 +0100] "GET /reload?ser=1612527072517 HTTP/1.1" 200 28 "http://renault.activities.at/login?required=true" "Mozilla/5.0 (Windows NT 10.0; Win64; x64) AppleWebKit/537.36 (KHTML, like Gecko) Chrome/88.0.4324.96 Safari/537.36 Edg/88.0.705.56"
193.194.132.23 - - [05/Feb/2021:13:11:38 +0100] "GET /reload?ser=1612527098341 HTTP/1.1" 200 28 "http://renault.2web.at/result?searchterm=true&search=Brosch%FCre+Fahrzeugauslieferung+RENAULT+Alaskan" "Mozilla/5.0 (Windows NT 10.0; Win64; x64) AppleWebKit/537.36 (KHTML, like Gecko) Chrome/88.0.4324.104 Safari/537.36"
80.123.225.38 - - [05/Feb/2021:13:11:51 +0100] "GET /reload?ser=1612527110661 HTTP/1.1" 200 28 "http://renault.activities.at/" "Mozilla/5.0 (Windows NT 6.1; WOW64; Trident/7.0; rv:11.0) like Gecko"
80.122.53.230 - - [05/Feb/2021:13:12:05 +0100] "GET /reload?ser=1612527125517 HTTP/1.1" 200 28 "http://renault.activities.at/12359049" "Mozilla/5.0 (Windows NT 10.0; Win64; x64) AppleWebKit/537.36 (KHTML, like Gecko) Chrome/87.0.4280.141 Safari/537.36"
80.122.221.194 - - [05/Feb/2021:13:12:13 +0100] "GET /reload?ser=1612527133517 HTTP/1.1" 200 28 "http://renault.activities.at/login?required=true" "Mozilla/5.0 (Windows NT 10.0; Win64; x64) AppleWebKit/537.36 (KHTML, like Gecko) Chrome/88.0.4324.96 Safari/537.36 Edg/88.0.705.56"
193.194.132.23 - - [05/Feb/2021:13:12:40 +0100] "GET /reload?ser=1612527160341 HTTP/1.1" 200 28 "http://renault.2web.at/result?searchterm=true&search=Brosch%FCre+Fahrzeugauslieferung+RENAULT+Alaskan" "Mozilla/5.0 (Windows NT 10.0; Win64; x64) AppleWebKit/537.36 (KHTML, like Gecko) Chrome/88.0.4324.104 Safari/537.36"
80.123.225.38 - - [05/Feb/2021:13:12:51 +0100] "GET /reload?ser=1612527171331 HTTP/1.1" 200 28 "http://renault.activities.at/" "Mozilla/5.0 (Windows NT 6.1; WOW64; Trident/7.0; rv:11.0) like Gecko"
80.122.53.230 - - [05/Feb/2021:13:13:06 +0100] "GET /reload?ser=1612527186528 HTTP/1.1" 200 28 "http://renault.activities.at/12359049" "Mozilla/5.0 (Windows NT 10.0; Win64; x64) AppleWebKit/537.36 (KHTML, like Gecko) Chrome/87.0.4280.141 Safari/537.36"
80.122.221.194 - - [05/Feb/2021:13:13:14 +0100] "GET /reload?ser=1612527194519 HTTP/1.1" 200 28 "http://renault.activities.at/login?required=true" "Mozilla/5.0 (Windows NT 10.0; Win64; x64) AppleWebKit/537.36 (KHTML, like Gecko) Chrome/88.0.4324.96 Safari/537.36 Edg/88.0.705.56"
157.97.71.85 - - [05/Feb/2021:13:13:14 +0100] "GET /login HTTP/1.1" 200 2085 "-" "Mozilla/5.0 (Windows NT 10.0; Win64; x64) AppleWebKit/537.36 (KHTML, like Gecko) Chrome/88.0.4324.150 Safari/537.36"
157.97.71.85 - - [05/Feb/2021:13:13:15 +0100] "GET /images/favicon.ico HTTP/1.1" 404 305 "http://renault.activities.at/login" "Mozilla/5.0 (Windows NT 10.0; Win64; x64) AppleWebKit/537.36 (KHTML, like Gecko) Chrome/88.0.4324.150 Safari/537.36"
157.97.71.85 - - [05/Feb/2021:13:13:21 +0100] "POST /login HTTP/1.1" 302 140 "http://renault.activities.at/login" "Mozilla/5.0 (Windows NT 10.0; Win64; x64) AppleWebKit/537.36 (KHTML, like Gecko) Chrome/88.0.4324.150 Safari/537.36"
157.97.71.85 - - [05/Feb/2021:13:13:23 +0100] "GET /account HTTP/1.1" 200 5890 "http://renault.activities.at/login" "Mozilla/5.0 (Windows NT 10.0; Win64; x64) AppleWebKit/537.36 (KHTML, like Gecko) Chrome/88.0.4324.150 Safari/537.36"
157.97.71.85 - - [05/Feb/2021:13:13:35 +0100] "POST /axjaxrequest?mode=suggest HTTP/1.1" 200 145 "http://renault.activities.at/account" "Mozilla/5.0 (Windows NT 10.0; Win64; x64) AppleWebKit/537.36 (KHTML, like Gecko) Chrome/88.0.4324.150 Safari/537.36"
157.97.71.85 - - [05/Feb/2021:13:13:35 +0100] "GET /result?searchterm=true&search=vers10 HTTP/1.1" 200 4555 "http://renault.activities.at/account" "Mozilla/5.0 (Windows NT 10.0; Win64; x64) AppleWebKit/537.36 (KHTML, like Gecko) Chrome/88.0.4324.150 Safari/537.36"
157.97.71.85 - - [05/Feb/2021:13:13:37 +0100] "GET /result?searchterm=true&search=vers10 HTTP/1.1" 200 4555 "http://renault.activities.at/account" "Mozilla/5.0 (Windows NT 10.0; Win64; x64) AppleWebKit/537.36 (KHTML, like Gecko) Chrome/88.0.4324.150 Safari/537.36"
157.97.71.85 - - [05/Feb/2021:13:13:35 +0100] "POST /axjaxrequest?mode=suggest HTTP/1.1" 200 21 "http://renault.activities.at/account" "Mozilla/5.0 (Windows NT 10.0; Win64; x64) AppleWebKit/537.36 (KHTML, like Gecko) Chrome/88.0.4324.150 Safari/537.36"
193.194.132.23 - - [05/Feb/2021:13:13:42 +0100] "GET /reload?ser=1612527222341 HTTP/1.1" 200 28 "http://renault.2web.at/result?searchterm=true&search=Brosch%FCre+Fahrzeugauslieferung+RENAULT+Alaskan" "Mozilla/5.0 (Windows NT 10.0; Win64; x64) AppleWebKit/537.36 (KHTML, like Gecko) Chrome/88.0.4324.104 Safari/537.36"
157.97.71.85 - - [05/Feb/2021:13:13:41 +0100] "GET /12364059?print=true HTTP/1.1" 200 2661 "http://renault.activities.at/result?searchterm=true&search=vers10" "Mozilla/5.0 (Windows NT 10.0; Win64; x64) AppleWebKit/537.36 (KHTML, like Gecko) Chrome/88.0.4324.150 Safari/537.36"
157.97.71.85 - - [05/Feb/2021:13:13:46 +0100] "GET /result?searchterm=true&search=ver10 HTTP/1.1" 200 5735 "http://renault.activities.at/result?searchterm=true&search=vers10" "Mozilla/5.0 (Windows NT 10.0; Win64; x64) AppleWebKit/537.36 (KHTML, like Gecko) Chrome/88.0.4324.150 Safari/537.36"
157.97.71.85 - - [05/Feb/2021:13:13:46 +0100] "POST /axjaxrequest?mode=suggest HTTP/1.1" 200 110 "http://renault.activities.at/result?searchterm=true&search=vers10" "Mozilla/5.0 (Windows NT 10.0; Win64; x64) AppleWebKit/537.36 (KHTML, like Gecko) Chrome/88.0.4324.150 Safari/537.36"
80.123.225.38 - - [05/Feb/2021:13:13:52 +0100] "GET /reload?ser=1612527232001 HTTP/1.1" 200 28 "http://renault.activities.at/" "Mozilla/5.0 (Windows NT 6.1; WOW64; Trident/7.0; rv:11.0) like Gecko"
80.122.53.230 - - [05/Feb/2021:13:14:07 +0100] "GET /reload?ser=1612527247523 HTTP/1.1" 200 28 "http://renault.activities.at/12359049" "Mozilla/5.0 (Windows NT 10.0; Win64; x64) AppleWebKit/537.36 (KHTML, like Gecko) Chrome/87.0.4280.141 Safari/537.36"
80.122.221.194 - - [05/Feb/2021:13:14:15 +0100] "GET /reload?ser=1612527255512 HTTP/1.1" 200 28 "http://renault.activities.at/login?required=true" "Mozilla/5.0 (Windows NT 10.0; Win64; x64) AppleWebKit/537.36 (KHTML, like Gecko) Chrome/88.0.4324.96 Safari/537.36 Edg/88.0.705.56"
157.97.71.85 - - [05/Feb/2021:13:14:15 +0100] "GET /10201442 HTTP/1.1" 200 8620 "http://renault.activities.at/result?searchterm=true&search=ver10" "Mozilla/5.0 (Windows NT 10.0; Win64; x64) AppleWebKit/537.36 (KHTML, like Gecko) Chrome/88.0.4324.150 Safari/537.36"
157.97.71.85 - - [05/Feb/2021:13:14:18 +0100] "GET /10201442 HTTP/1.1" 200 8620 "http://renault.activities.at/result?searchterm=true&search=ver10" "Mozilla/5.0 (Windows NT 10.0; Win64; x64) AppleWebKit/537.36 (KHTML, like Gecko) Chrome/88.0.4324.150 Safari/537.36"
157.97.71.85 - - [05/Feb/2021:13:14:21 +0100] "GET /loadthumbnail.php?id=10203276 HTTP/1.1" 200 75 "http://renault.activities.at/10201442" "Mozilla/5.0 (Windows NT 10.0; Win64; x64) AppleWebKit/537.36 (KHTML, like Gecko) Chrome/88.0.4324.150 Safari/537.36"
157.97.71.85 - - [05/Feb/2021:13:14:21 +0100] "GET /loadthumbnail.php?id=12329384&width=113 HTTP/1.1" 200 6523 "http://renault.activities.at/10201442" "Mozilla/5.0 (Windows NT 10.0; Win64; x64) AppleWebKit/537.36 (KHTML, like Gecko) Chrome/88.0.4324.150 Safari/537.36"
157.97.71.85 - - [05/Feb/2021:13:14:21 +0100] "GET /loadthumbnail.php?id=12329380&width=113 HTTP/1.1" 200 6136 "http://renault.activities.at/10201442" "Mozilla/5.0 (Windows NT 10.0; Win64; x64) AppleWebKit/537.36 (KHTML, like Gecko) Chrome/88.0.4324.150 Safari/537.36"
157.97.71.85 - - [05/Feb/2021:13:14:21 +0100] "GET /loadthumbnail.php?id=12329777&width=113 HTTP/1.1" 200 5924 "http://renault.activities.at/10201442" "Mozilla/5.0 (Windows NT 10.0; Win64; x64) AppleWebKit/537.36 (KHTML, like Gecko) Chrome/88.0.4324.150 Safari/537.36"
157.97.71.85 - - [05/Feb/2021:13:14:21 +0100] "GET /loadthumbnail.php?id=12329769&width=113 HTTP/1.1" 200 6281 "http://renault.activities.at/10201442" "Mozilla/5.0 (Windows NT 10.0; Win64; x64) AppleWebKit/537.36 (KHTML, like Gecko) Chrome/88.0.4324.150 Safari/537.36"
157.97.71.85 - - [05/Feb/2021:13:14:21 +0100] "GET /loadthumbnail.php?id=12329773&width=113 HTTP/1.1" 200 6402 "http://renault.activities.at/10201442" "Mozilla/5.0 (Windows NT 10.0; Win64; x64) AppleWebKit/537.36 (KHTML, like Gecko) Chrome/88.0.4324.150 Safari/537.36"
157.97.71.85 - - [05/Feb/2021:13:14:21 +0100] "GET /loadthumbnail.php?id=12329388&width=113 HTTP/1.1" 200 6391 "http://renault.activities.at/10201442" "Mozilla/5.0 (Windows NT 10.0; Win64; x64) AppleWebKit/537.36 (KHTML, like Gecko) Chrome/88.0.4324.150 Safari/537.36"
157.97.71.85 - - [05/Feb/2021:13:14:21 +0100] "GET /loadthumbnail.php?id=12329758&width=113 HTTP/1.1" 200 6291 "http://renault.activities.at/10201442" "Mozilla/5.0 (Windows NT 10.0; Win64; x64) AppleWebKit/537.36 (KHTML, like Gecko) Chrome/88.0.4324.150 Safari/537.36"
157.97.71.85 - - [05/Feb/2021:13:14:21 +0100] "GET /loadthumbnail.php?id=12329742&width=113 HTTP/1.1" 200 6011 "http://renault.activities.at/10201442" "Mozilla/5.0 (Windows NT 10.0; Win64; x64) AppleWebKit/537.36 (KHTML, like Gecko) Chrome/88.0.4324.150 Safari/537.36"
157.97.71.85 - - [05/Feb/2021:13:14:21 +0100] "GET /loadthumbnail.php?id=12329750&width=113 HTTP/1.1" 200 6710 "http://renault.activities.at/10201442" "Mozilla/5.0 (Windows NT 10.0; Win64; x64) AppleWebKit/537.36 (KHTML, like Gecko) Chrome/88.0.4324.150 Safari/537.36"
157.97.71.85 - - [05/Feb/2021:13:14:21 +0100] "GET /loadthumbnail.php?id=12329765&width=113 HTTP/1.1" 200 6417 "http://renault.activities.at/10201442" "Mozilla/5.0 (Windows NT 10.0; Win64; x64) AppleWebKit/537.36 (KHTML, like Gecko) Chrome/88.0.4324.150 Safari/537.36"
157.97.71.85 - - [05/Feb/2021:13:14:21 +0100] "GET /loadthumbnail.php?id=12329754&width=113 HTTP/1.1" 200 6497 "http://renault.activities.at/10201442" "Mozilla/5.0 (Windows NT 10.0; Win64; x64) AppleWebKit/537.36 (KHTML, like Gecko) Chrome/88.0.4324.150 Safari/537.36"
157.97.71.85 - - [05/Feb/2021:13:14:21 +0100] "GET /loadthumbnail.php?id=12329395&width=113 HTTP/1.1" 200 6279 "http://renault.activities.at/10201442" "Mozilla/5.0 (Windows NT 10.0; Win64; x64) AppleWebKit/537.36 (KHTML, like Gecko) Chrome/88.0.4324.150 Safari/537.36"
157.97.71.85 - - [05/Feb/2021:13:14:21 +0100] "GET /loadthumbnail.php?id=12138224&width=113 HTTP/1.1" 200 3427 "http://renault.activities.at/10201442" "Mozilla/5.0 (Windows NT 10.0; Win64; x64) AppleWebKit/537.36 (KHTML, like Gecko) Chrome/88.0.4324.150 Safari/537.36"
157.97.71.85 - - [05/Feb/2021:13:14:21 +0100] "GET /loadthumbnail.php?id=12328871&width=113 HTTP/1.1" 200 3047 "http://renault.activities.at/10201442" "Mozilla/5.0 (Windows NT 10.0; Win64; x64) AppleWebKit/537.36 (KHTML, like Gecko) Chrome/88.0.4324.150 Safari/537.36"
157.97.71.85 - - [05/Feb/2021:13:14:21 +0100] "GET /loadthumbnail.php?id=12037190&width=113 HTTP/1.1" 200 19857 "http://renault.activities.at/10201442" "Mozilla/5.0 (Windows NT 10.0; Win64; x64) AppleWebKit/537.36 (KHTML, like Gecko) Chrome/88.0.4324.150 Safari/537.36"
157.97.71.85 - - [05/Feb/2021:13:14:24 +0100] "GET /10201442?dir=DESC&mode=grid&order=name&limit=15&page=2 HTTP/1.1" 200 8949 "http://renault.activities.at/10201442" "Mozilla/5.0 (Windows NT 10.0; Win64; x64) AppleWebKit/537.36 (KHTML, like Gecko) Chrome/88.0.4324.150 Safari/537.36"
157.97.71.85 - - [05/Feb/2021:13:14:28 +0100] "GET /loadthumbnail.php?id=10203275 HTTP/1.1" 200 85 "http://renault.activities.at/10201442?dir=DESC&mode=grid&order=name&limit=15&page=2" "Mozilla/5.0 (Windows NT 10.0; Win64; x64) AppleWebKit/537.36 (KHTML, like Gecko) Chrome/88.0.4324.150 Safari/537.36"
157.97.71.85 - - [05/Feb/2021:13:14:28 +0100] "GET /loadthumbnail.php?id=12122446&width=113 HTTP/1.1" 200 3706 "http://renault.activities.at/10201442?dir=DESC&mode=grid&order=name&limit=15&page=2" "Mozilla/5.0 (Windows NT 10.0; Win64; x64) AppleWebKit/537.36 (KHTML, like Gecko) Chrome/88.0.4324.150 Safari/537.36"
157.97.71.85 - - [05/Feb/2021:13:14:28 +0100] "GET /loadthumbnail.php?id=11976076&width=113 HTTP/1.1" 200 17152 "http://renault.activities.at/10201442?dir=DESC&mode=grid&order=name&limit=15&page=2" "Mozilla/5.0 (Windows NT 10.0; Win64; x64) AppleWebKit/537.36 (KHTML, like Gecko) Chrome/88.0.4324.150 Safari/537.36"
157.97.71.85 - - [05/Feb/2021:13:14:28 +0100] "GET /loadthumbnail.php?id=12328160&width=113 HTTP/1.1" 200 2784 "http://renault.activities.at/10201442?dir=DESC&mode=grid&order=name&limit=15&page=2" "Mozilla/5.0 (Windows NT 10.0; Win64; x64) AppleWebKit/537.36 (KHTML, like Gecko) Chrome/88.0.4324.150 Safari/537.36"
157.97.71.85 - - [05/Feb/2021:13:14:28 +0100] "GET /loadthumbnail.php?id=12047627&width=113 HTTP/1.1" 200 3640 "http://renault.activities.at/10201442?dir=DESC&mode=grid&order=name&limit=15&page=2" "Mozilla/5.0 (Windows NT 10.0; Win64; x64) AppleWebKit/537.36 (KHTML, like Gecko) Chrome/88.0.4324.150 Safari/537.36"
157.97.71.85 - - [05/Feb/2021:13:14:28 +0100] "GET /loadthumbnail.php?id=11976088&width=113 HTTP/1.1" 200 23388 "http://renault.activities.at/10201442?dir=DESC&mode=grid&order=name&limit=15&page=2" "Mozilla/5.0 (Windows NT 10.0; Win64; x64) AppleWebKit/537.36 (KHTML, like Gecko) Chrome/88.0.4324.150 Safari/537.36"
157.97.71.85 - - [05/Feb/2021:13:14:28 +0100] "GET /loadthumbnail.php?id=12115542&width=113 HTTP/1.1" 200 6084 "http://renault.activities.at/10201442?dir=DESC&mode=grid&order=name&limit=15&page=2" "Mozilla/5.0 (Windows NT 10.0; Win64; x64) AppleWebKit/537.36 (KHTML, like Gecko) Chrome/88.0.4324.150 Safari/537.36"
157.97.71.85 - - [05/Feb/2021:13:14:28 +0100] "GET /loadthumbnail.php?id=12153811&width=113 HTTP/1.1" 200 2537 "http://renault.activities.at/10201442?dir=DESC&mode=grid&order=name&limit=15&page=2" "Mozilla/5.0 (Windows NT 10.0; Win64; x64) AppleWebKit/537.36 (KHTML, like Gecko) Chrome/88.0.4324.150 Safari/537.36"
157.97.71.85 - - [05/Feb/2021:13:14:28 +0100] "GET /loadthumbnail.php?id=11564187&width=113 HTTP/1.1" 200 22491 "http://renault.activities.at/10201442?dir=DESC&mode=grid&order=name&limit=15&page=2" "Mozilla/5.0 (Windows NT 10.0; Win64; x64) AppleWebKit/537.36 (KHTML, like Gecko) Chrome/88.0.4324.150 Safari/537.36"
157.97.71.85 - - [05/Feb/2021:13:14:28 +0100] "GET /loadthumbnail.php?id=12310521&width=113 HTTP/1.1" 200 3088 "http://renault.activities.at/10201442?dir=DESC&mode=grid&order=name&limit=15&page=2" "Mozilla/5.0 (Windows NT 10.0; Win64; x64) AppleWebKit/537.36 (KHTML, like Gecko) Chrome/88.0.4324.150 Safari/537.36"
157.97.71.85 - - [05/Feb/2021:13:14:28 +0100] "GET /loadthumbnail.php?id=11976092&width=113 HTTP/1.1" 200 22943 "http://renault.activities.at/10201442?dir=DESC&mode=grid&order=name&limit=15&page=2" "Mozilla/5.0 (Windows NT 10.0; Win64; x64) AppleWebKit/537.36 (KHTML, like Gecko) Chrome/88.0.4324.150 Safari/537.36"
157.97.71.85 - - [05/Feb/2021:13:14:28 +0100] "GET /loadthumbnail.php?id=11475295&width=113 HTTP/1.1" 200 17922 "http://renault.activities.at/10201442?dir=DESC&mode=grid&order=name&limit=15&page=2" "Mozilla/5.0 (Windows NT 10.0; Win64; x64) AppleWebKit/537.36 (KHTML, like Gecko) Chrome/88.0.4324.150 Safari/537.36"
157.97.71.85 - - [05/Feb/2021:13:14:28 +0100] "GET /loadthumbnail.php?id=12310511&width=113 HTTP/1.1" 200 2831 "http://renault.activities.at/10201442?dir=DESC&mode=grid&order=name&limit=15&page=2" "Mozilla/5.0 (Windows NT 10.0; Win64; x64) AppleWebKit/537.36 (KHTML, like Gecko) Chrome/88.0.4324.150 Safari/537.36"
157.97.71.85 - - [05/Feb/2021:13:14:28 +0100] "GET /loadthumbnail.php?id=12064393&width=113 HTTP/1.1" 200 2870 "http://renault.activities.at/10201442?dir=DESC&mode=grid&order=name&limit=15&page=2" "Mozilla/5.0 (Windows NT 10.0; Win64; x64) AppleWebKit/537.36 (KHTML, like Gecko) Chrome/88.0.4324.150 Safari/537.36"
157.97.71.85 - - [05/Feb/2021:13:14:28 +0100] "GET /loadthumbnail.php?id=12064387&width=113 HTTP/1.1" 200 3233 "http://renault.activities.at/10201442?dir=DESC&mode=grid&order=name&limit=15&page=2" "Mozilla/5.0 (Windows NT 10.0; Win64; x64) AppleWebKit/537.36 (KHTML, like Gecko) Chrome/88.0.4324.150 Safari/537.36"
157.97.71.85 - - [05/Feb/2021:13:14:28 +0100] "GET /loadthumbnail.php?id=11878139&width=113 HTTP/1.1" 200 19930 "http://renault.activities.at/10201442?dir=DESC&mode=grid&order=name&limit=15&page=2" "Mozilla/5.0 (Windows NT 10.0; Win64; x64) AppleWebKit/537.36 (KHTML, like Gecko) Chrome/88.0.4324.150 Safari/537.36"
157.97.71.85 - - [05/Feb/2021:13:14:31 +0100] "GET /10201442?dir=DESC&mode=grid&order=name&limit=15&page=3 HTTP/1.1" 200 9033 "http://renault.activities.at/10201442?dir=DESC&mode=grid&order=name&limit=15&page=2" "Mozilla/5.0 (Windows NT 10.0; Win64; x64) AppleWebKit/537.36 (KHTML, like Gecko) Chrome/88.0.4324.150 Safari/537.36"
157.97.71.85 - - [05/Feb/2021:13:14:35 +0100] "GET /loadthumbnail.php?id=12153814&width=113 HTTP/1.1" 200 3262 "http://renault.activities.at/10201442?dir=DESC&mode=grid&order=name&limit=15&page=3" "Mozilla/5.0 (Windows NT 10.0; Win64; x64) AppleWebKit/537.36 (KHTML, like Gecko) Chrome/88.0.4324.150 Safari/537.36"
157.97.71.85 - - [05/Feb/2021:13:14:35 +0100] "GET /loadthumbnail.php?id=12230337&width=113 HTTP/1.1" 200 2209 "http://renault.activities.at/10201442?dir=DESC&mode=grid&order=name&limit=15&page=3" "Mozilla/5.0 (Windows NT 10.0; Win64; x64) AppleWebKit/537.36 (KHTML, like Gecko) Chrome/88.0.4324.150 Safari/537.36"
157.97.71.85 - - [05/Feb/2021:13:14:35 +0100] "GET /loadthumbnail.php?id=12230318&width=113 HTTP/1.1" 200 2255 "http://renault.activities.at/10201442?dir=DESC&mode=grid&order=name&limit=15&page=3" "Mozilla/5.0 (Windows NT 10.0; Win64; x64) AppleWebKit/537.36 (KHTML, like Gecko) Chrome/88.0.4324.150 Safari/537.36"
157.97.71.85 - - [05/Feb/2021:13:14:35 +0100] "GET /loadthumbnail.php?id=12130670&width=113 HTTP/1.1" 200 8989 "http://renault.activities.at/10201442?dir=DESC&mode=grid&order=name&limit=15&page=3" "Mozilla/5.0 (Windows NT 10.0; Win64; x64) AppleWebKit/537.36 (KHTML, like Gecko) Chrome/88.0.4324.150 Safari/537.36"
157.97.71.85 - - [05/Feb/2021:13:14:35 +0100] "GET /loadthumbnail.php?id=12130660&width=113 HTTP/1.1" 200 9098 "http://renault.activities.at/10201442?dir=DESC&mode=grid&order=name&limit=15&page=3" "Mozilla/5.0 (Windows NT 10.0; Win64; x64) AppleWebKit/537.36 (KHTML, like Gecko) Chrome/88.0.4324.150 Safari/537.36"
157.97.71.85 - - [05/Feb/2021:13:14:35 +0100] "GET /loadthumbnail.php?id=12133302&width=113 HTTP/1.1" 200 2715 "http://renault.activities.at/10201442?dir=DESC&mode=grid&order=name&limit=15&page=3" "Mozilla/5.0 (Windows NT 10.0; Win64; x64) AppleWebKit/537.36 (KHTML, like Gecko) Chrome/88.0.4324.150 Safari/537.36"
157.97.71.85 - - [05/Feb/2021:13:14:35 +0100] "GET /loadthumbnail.php?id=12262997&width=113 HTTP/1.1" 200 3818 "http://renault.activities.at/10201442?dir=DESC&mode=grid&order=name&limit=15&page=3" "Mozilla/5.0 (Windows NT 10.0; Win64; x64) AppleWebKit/537.36 (KHTML, like Gecko) Chrome/88.0.4324.150 Safari/537.36"
157.97.71.85 - - [05/Feb/2021:13:14:35 +0100] "GET /loadthumbnail.php?id=12329376&width=113 HTTP/1.1" 200 4961 "http://renault.activities.at/10201442?dir=DESC&mode=grid&order=name&limit=15&page=3" "Mozilla/5.0 (Windows NT 10.0; Win64; x64) AppleWebKit/537.36 (KHTML, like Gecko) Chrome/88.0.4324.150 Safari/537.36"
157.97.71.85 - - [05/Feb/2021:13:14:35 +0100] "GET /loadthumbnail.php?id=11194750&width=113 HTTP/1.1" 200 2347 "http://renault.activities.at/10201442?dir=DESC&mode=grid&order=name&limit=15&page=3" "Mozilla/5.0 (Windows NT 10.0; Win64; x64) AppleWebKit/537.36 (KHTML, like Gecko) Chrome/88.0.4324.150 Safari/537.36"
157.97.71.85 - - [05/Feb/2021:13:14:35 +0100] "GET /loadthumbnail.php?id=12263009&width=113 HTTP/1.1" 200 5706 "http://renault.activities.at/10201442?dir=DESC&mode=grid&order=name&limit=15&page=3" "Mozilla/5.0 (Windows NT 10.0; Win64; x64) AppleWebKit/537.36 (KHTML, like Gecko) Chrome/88.0.4324.150 Safari/537.36"
157.97.71.85 - - [05/Feb/2021:13:14:35 +0100] "GET /loadthumbnail.php?id=11117056&width=113 HTTP/1.1" 200 2184 "http://renault.activities.at/10201442?dir=DESC&mode=grid&order=name&limit=15&page=3" "Mozilla/5.0 (Windows NT 10.0; Win64; x64) AppleWebKit/537.36 (KHTML, like Gecko) Chrome/88.0.4324.150 Safari/537.36"
157.97.71.85 - - [05/Feb/2021:13:14:35 +0100] "GET /loadthumbnail.php?id=11423691&width=113 HTTP/1.1" 200 6071 "http://renault.activities.at/10201442?dir=DESC&mode=grid&order=name&limit=15&page=3" "Mozilla/5.0 (Windows NT 10.0; Win64; x64) AppleWebKit/537.36 (KHTML, like Gecko) Chrome/88.0.4324.150 Safari/537.36"
157.97.71.85 - - [05/Feb/2021:13:14:35 +0100] "GET /loadthumbnail.php?id=10272696&width=113 HTTP/1.1" 200 6494 "http://renault.activities.at/10201442?dir=DESC&mode=grid&order=name&limit=15&page=3" "Mozilla/5.0 (Windows NT 10.0; Win64; x64) AppleWebKit/537.36 (KHTML, like Gecko) Chrome/88.0.4324.150 Safari/537.36"
157.97.71.85 - - [05/Feb/2021:13:14:35 +0100] "GET /loadthumbnail.php?id=11436258&width=113 HTTP/1.1" 200 3321 "http://renault.activities.at/10201442?dir=DESC&mode=grid&order=name&limit=15&page=3" "Mozilla/5.0 (Windows NT 10.0; Win64; x64) AppleWebKit/537.36 (KHTML, like Gecko) Chrome/88.0.4324.150 Safari/537.36"
157.97.71.85 - - [05/Feb/2021:13:14:35 +0100] "GET /loadthumbnail.php?id=11967857&width=113 HTTP/1.1" 200 2260 "http://renault.activities.at/10201442?dir=DESC&mode=grid&order=name&limit=15&page=3" "Mozilla/5.0 (Windows NT 10.0; Win64; x64) AppleWebKit/537.36 (KHTML, like Gecko) Chrome/88.0.4324.150 Safari/537.36"
193.194.132.23 - - [05/Feb/2021:13:14:44 +0100] "GET /reload?ser=1612527284342 HTTP/1.1" 200 28 "http://renault.2web.at/result?searchterm=true&search=Brosch%FCre+Fahrzeugauslieferung+RENAULT+Alaskan" "Mozilla/5.0 (Windows NT 10.0; Win64; x64) AppleWebKit/537.36 (KHTML, like Gecko) Chrome/88.0.4324.104 Safari/537.36"
157.97.71.85 - - [05/Feb/2021:13:14:45 +0100] "GET /10201442?dir=DESC&mode=grid&order=name&limit=15&page=4 HTTP/1.1" 200 8623 "http://renault.activities.at/10201442?dir=DESC&mode=grid&order=name&limit=15&page=3" "Mozilla/5.0 (Windows NT 10.0; Win64; x64) AppleWebKit/537.36 (KHTML, like Gecko) Chrome/88.0.4324.150 Safari/537.36"
157.97.71.85 - - [05/Feb/2021:13:14:48 +0100] "GET /loadthumbnail.php?id=10203650&width=113 HTTP/1.1" 200 2741 "http://renault.activities.at/10201442?dir=DESC&mode=grid&order=name&limit=15&page=4" "Mozilla/5.0 (Windows NT 10.0; Win64; x64) AppleWebKit/537.36 (KHTML, like Gecko) Chrome/88.0.4324.150 Safari/537.36"
157.97.71.85 - - [05/Feb/2021:13:14:48 +0100] "GET /loadthumbnail.php?id=12273155&width=113 HTTP/1.1" 200 1895 "http://renault.activities.at/10201442?dir=DESC&mode=grid&order=name&limit=15&page=4" "Mozilla/5.0 (Windows NT 10.0; Win64; x64) AppleWebKit/537.36 (KHTML, like Gecko) Chrome/88.0.4324.150 Safari/537.36"
157.97.71.85 - - [05/Feb/2021:13:14:48 +0100] "GET /loadthumbnail.php?id=12198633&width=113 HTTP/1.1" 200 1975 "http://renault.activities.at/10201442?dir=DESC&mode=grid&order=name&limit=15&page=4" "Mozilla/5.0 (Windows NT 10.0; Win64; x64) AppleWebKit/537.36 (KHTML, like Gecko) Chrome/88.0.4324.150 Safari/537.36"
157.97.71.85 - - [05/Feb/2021:13:14:48 +0100] "GET /loadthumbnail.php?id=12198625&width=113 HTTP/1.1" 200 1975 "http://renault.activities.at/10201442?dir=DESC&mode=grid&order=name&limit=15&page=4" "Mozilla/5.0 (Windows NT 10.0; Win64; x64) AppleWebKit/537.36 (KHTML, like Gecko) Chrome/88.0.4324.150 Safari/537.36"
157.97.71.85 - - [05/Feb/2021:13:14:48 +0100] "GET /loadthumbnail.php?id=12198629&width=113 HTTP/1.1" 200 1975 "http://renault.activities.at/10201442?dir=DESC&mode=grid&order=name&limit=15&page=4" "Mozilla/5.0 (Windows NT 10.0; Win64; x64) AppleWebKit/537.36 (KHTML, like Gecko) Chrome/88.0.4324.150 Safari/537.36"
157.97.71.85 - - [05/Feb/2021:13:14:48 +0100] "GET /loadthumbnail.php?id=12197903&width=113 HTTP/1.1" 200 30608 "http://renault.activities.at/10201442?dir=DESC&mode=grid&order=name&limit=15&page=4" "Mozilla/5.0 (Windows NT 10.0; Win64; x64) AppleWebKit/537.36 (KHTML, like Gecko) Chrome/88.0.4324.150 Safari/537.36"
157.97.71.85 - - [05/Feb/2021:13:14:48 +0100] "GET /loadthumbnail.php?id=12273156&width=113 HTTP/1.1" 200 1895 "http://renault.activities.at/10201442?dir=DESC&mode=grid&order=name&limit=15&page=4" "Mozilla/5.0 (Windows NT 10.0; Win64; x64) AppleWebKit/537.36 (KHTML, like Gecko) Chrome/88.0.4324.150 Safari/537.36"
157.97.71.85 - - [05/Feb/2021:13:14:49 +0100] "GET /loadthumbnail.php?id=12273142&width=113 HTTP/1.1" 200 1895 "http://renault.activities.at/10201442?dir=DESC&mode=grid&order=name&limit=15&page=4" "Mozilla/5.0 (Windows NT 10.0; Win64; x64) AppleWebKit/537.36 (KHTML, like Gecko) Chrome/88.0.4324.150 Safari/537.36"
157.97.71.85 - - [05/Feb/2021:13:14:49 +0100] "GET /loadthumbnail.php?id=11181187&width=113 HTTP/1.1" 200 1532 "http://renault.activities.at/10201442?dir=DESC&mode=grid&order=name&limit=15&page=4" "Mozilla/5.0 (Windows NT 10.0; Win64; x64) AppleWebKit/537.36 (KHTML, like Gecko) Chrome/88.0.4324.150 Safari/537.36"
157.97.71.85 - - [05/Feb/2021:13:14:49 +0100] "GET /loadthumbnail.php?id=11181185&width=113 HTTP/1.1" 200 1532 "http://renault.activities.at/10201442?dir=DESC&mode=grid&order=name&limit=15&page=4" "Mozilla/5.0 (Windows NT 10.0; Win64; x64) AppleWebKit/537.36 (KHTML, like Gecko) Chrome/88.0.4324.150 Safari/537.36"
157.97.71.85 - - [05/Feb/2021:13:14:49 +0100] "GET /loadthumbnail.php?id=11181180&width=113 HTTP/1.1" 200 1834 "http://renault.activities.at/10201442?dir=DESC&mode=grid&order=name&limit=15&page=4" "Mozilla/5.0 (Windows NT 10.0; Win64; x64) AppleWebKit/537.36 (KHTML, like Gecko) Chrome/88.0.4324.150 Safari/537.36"
157.97.71.85 - - [05/Feb/2021:13:14:49 +0100] "GET /loadthumbnail.php?id=11181178&width=113 HTTP/1.1" 200 1834 "http://renault.activities.at/10201442?dir=DESC&mode=grid&order=name&limit=15&page=4" "Mozilla/5.0 (Windows NT 10.0; Win64; x64) AppleWebKit/537.36 (KHTML, like Gecko) Chrome/88.0.4324.150 Safari/537.36"
157.97.71.85 - - [05/Feb/2021:13:14:49 +0100] "GET /loadthumbnail.php?id=11186502&width=113 HTTP/1.1" 200 2016 "http://renault.activities.at/10201442?dir=DESC&mode=grid&order=name&limit=15&page=4" "Mozilla/5.0 (Windows NT 10.0; Win64; x64) AppleWebKit/537.36 (KHTML, like Gecko) Chrome/88.0.4324.150 Safari/537.36"
157.97.71.85 - - [05/Feb/2021:13:14:49 +0100] "GET /loadthumbnail.php?id=11195848&width=113 HTTP/1.1" 200 2016 "http://renault.activities.at/10201442?dir=DESC&mode=grid&order=name&limit=15&page=4" "Mozilla/5.0 (Windows NT 10.0; Win64; x64) AppleWebKit/537.36 (KHTML, like Gecko) Chrome/88.0.4324.150 Safari/537.36"
80.123.225.38 - - [05/Feb/2021:13:14:53 +0100] "GET /reload?ser=1612527292677 HTTP/1.1" 200 28 "http://renault.activities.at/" "Mozilla/5.0 (Windows NT 6.1; WOW64; Trident/7.0; rv:11.0) like Gecko"
157.97.71.85 - - [05/Feb/2021:13:14:51 +0100] "GET /10201442?dir=DESC&mode=grid&order=name&limit=15&page=5 HTTP/1.1" 200 8605 "http://renault.activities.at/10201442?dir=DESC&mode=grid&order=name&limit=15&page=4" "Mozilla/5.0 (Windows NT 10.0; Win64; x64) AppleWebKit/537.36 (KHTML, like Gecko) Chrome/88.0.4324.150 Safari/537.36"
157.97.71.85 - - [05/Feb/2021:13:14:55 +0100] "GET /loadthumbnail.php?id=11186498&width=113 HTTP/1.1" 200 2016 "http://renault.activities.at/10201442?dir=DESC&mode=grid&order=name&limit=15&page=5" "Mozilla/5.0 (Windows NT 10.0; Win64; x64) AppleWebKit/537.36 (KHTML, like Gecko) Chrome/88.0.4324.150 Safari/537.36"
157.97.71.85 - - [05/Feb/2021:13:14:55 +0100] "GET /loadthumbnail.php?id=11186518&width=113 HTTP/1.1" 200 1516 "http://renault.activities.at/10201442?dir=DESC&mode=grid&order=name&limit=15&page=5" "Mozilla/5.0 (Windows NT 10.0; Win64; x64) AppleWebKit/537.36 (KHTML, like Gecko) Chrome/88.0.4324.150 Safari/537.36"
157.97.71.85 - - [05/Feb/2021:13:14:55 +0100] "GET /loadthumbnail.php?id=11137061&width=113 HTTP/1.1" 200 2095 "http://renault.activities.at/10201442?dir=DESC&mode=grid&order=name&limit=15&page=5" "Mozilla/5.0 (Windows NT 10.0; Win64; x64) AppleWebKit/537.36 (KHTML, like Gecko) Chrome/88.0.4324.150 Safari/537.36"
157.97.71.85 - - [05/Feb/2021:13:14:55 +0100] "GET /loadthumbnail.php?id=11183285&width=113 HTTP/1.1" 200 1898 "http://renault.activities.at/10201442?dir=DESC&mode=grid&order=name&limit=15&page=5" "Mozilla/5.0 (Windows NT 10.0; Win64; x64) AppleWebKit/537.36 (KHTML, like Gecko) Chrome/88.0.4324.150 Safari/537.36"
157.97.71.85 - - [05/Feb/2021:13:14:55 +0100] "GET /loadthumbnail.php?id=11186505&width=113 HTTP/1.1" 200 1516 "http://renault.activities.at/10201442?dir=DESC&mode=grid&order=name&limit=15&page=5" "Mozilla/5.0 (Windows NT 10.0; Win64; x64) AppleWebKit/537.36 (KHTML, like Gecko) Chrome/88.0.4324.150 Safari/537.36"
157.97.71.85 - - [05/Feb/2021:13:14:55 +0100] "GET /loadthumbnail.php?id=11339764&width=113 HTTP/1.1" 200 2128 "http://renault.activities.at/10201442?dir=DESC&mode=grid&order=name&limit=15&page=5" "Mozilla/5.0 (Windows NT 10.0; Win64; x64) AppleWebKit/537.36 (KHTML, like Gecko) Chrome/88.0.4324.150 Safari/537.36"
157.97.71.85 - - [05/Feb/2021:13:14:55 +0100] "GET /loadthumbnail.php?id=11339768&width=113 HTTP/1.1" 200 2128 "http://renault.activities.at/10201442?dir=DESC&mode=grid&order=name&limit=15&page=5" "Mozilla/5.0 (Windows NT 10.0; Win64; x64) AppleWebKit/537.36 (KHTML, like Gecko) Chrome/88.0.4324.150 Safari/537.36"
157.97.71.85 - - [05/Feb/2021:13:14:55 +0100] "GET /loadthumbnail.php?id=11181227&width=113 HTTP/1.1" 200 1322 "http://renault.activities.at/10201442?dir=DESC&mode=grid&order=name&limit=15&page=5" "Mozilla/5.0 (Windows NT 10.0; Win64; x64) AppleWebKit/537.36 (KHTML, like Gecko) Chrome/88.0.4324.150 Safari/537.36"
157.97.71.85 - - [05/Feb/2021:13:14:55 +0100] "GET /loadthumbnail.php?id=11194725&width=113 HTTP/1.1" 200 1322 "http://renault.activities.at/10201442?dir=DESC&mode=grid&order=name&limit=15&page=5" "Mozilla/5.0 (Windows NT 10.0; Win64; x64) AppleWebKit/537.36 (KHTML, like Gecko) Chrome/88.0.4324.150 Safari/537.36"
157.97.71.85 - - [05/Feb/2021:13:14:55 +0100] "GET /loadthumbnail.php?id=11181207&width=113 HTTP/1.1" 200 1279 "http://renault.activities.at/10201442?dir=DESC&mode=grid&order=name&limit=15&page=5" "Mozilla/5.0 (Windows NT 10.0; Win64; x64) AppleWebKit/537.36 (KHTML, like Gecko) Chrome/88.0.4324.150 Safari/537.36"
157.97.71.85 - - [05/Feb/2021:13:14:55 +0100] "GET /loadthumbnail.php?id=11195908&width=113 HTTP/1.1" 200 1279 "http://renault.activities.at/10201442?dir=DESC&mode=grid&order=name&limit=15&page=5" "Mozilla/5.0 (Windows NT 10.0; Win64; x64) AppleWebKit/537.36 (KHTML, like Gecko) Chrome/88.0.4324.150 Safari/537.36"
157.97.71.85 - - [05/Feb/2021:13:14:55 +0100] "GET /loadthumbnail.php?id=11181201&width=113 HTTP/1.1" 200 1279 "http://renault.activities.at/10201442?dir=DESC&mode=grid&order=name&limit=15&page=5" "Mozilla/5.0 (Windows NT 10.0; Win64; x64) AppleWebKit/537.36 (KHTML, like Gecko) Chrome/88.0.4324.150 Safari/537.36"
157.97.71.85 - - [05/Feb/2021:13:14:55 +0100] "GET /loadthumbnail.php?id=11181225&width=113 HTTP/1.1" 200 1322 "http://renault.activities.at/10201442?dir=DESC&mode=grid&order=name&limit=15&page=5" "Mozilla/5.0 (Windows NT 10.0; Win64; x64) AppleWebKit/537.36 (KHTML, like Gecko) Chrome/88.0.4324.150 Safari/537.36"
157.97.71.85 - - [05/Feb/2021:13:15:03 +0100] "GET /10201442?dir=DESC&mode=grid&order=name&limit=15&page=6 HTTP/1.1" 200 8621 "http://renault.activities.at/10201442?dir=DESC&mode=grid&order=name&limit=15&page=5" "Mozilla/5.0 (Windows NT 10.0; Win64; x64) AppleWebKit/537.36 (KHTML, like Gecko) Chrome/88.0.4324.150 Safari/537.36"
157.97.71.85 - - [05/Feb/2021:13:15:07 +0100] "GET /loadthumbnail.php?id=11181199&width=113 HTTP/1.1" 200 1829 "http://renault.activities.at/10201442?dir=DESC&mode=grid&order=name&limit=15&page=6" "Mozilla/5.0 (Windows NT 10.0; Win64; x64) AppleWebKit/537.36 (KHTML, like Gecko) Chrome/88.0.4324.150 Safari/537.36"
157.97.71.85 - - [05/Feb/2021:13:15:07 +0100] "GET /loadthumbnail.php?id=11194700&width=113 HTTP/1.1" 200 1829 "http://renault.activities.at/10201442?dir=DESC&mode=grid&order=name&limit=15&page=6" "Mozilla/5.0 (Windows NT 10.0; Win64; x64) AppleWebKit/537.36 (KHTML, like Gecko) Chrome/88.0.4324.150 Safari/537.36"
157.97.71.85 - - [05/Feb/2021:13:15:07 +0100] "GET /loadthumbnail.php?id=11186469&width=113 HTTP/1.1" 200 1278 "http://renault.activities.at/10201442?dir=DESC&mode=grid&order=name&limit=15&page=6" "Mozilla/5.0 (Windows NT 10.0; Win64; x64) AppleWebKit/537.36 (KHTML, like Gecko) Chrome/88.0.4324.150 Safari/537.36"
157.97.71.85 - - [05/Feb/2021:13:15:07 +0100] "GET /loadthumbnail.php?id=11181197&width=113 HTTP/1.1" 200 1829 "http://renault.activities.at/10201442?dir=DESC&mode=grid&order=name&limit=15&page=6" "Mozilla/5.0 (Windows NT 10.0; Win64; x64) AppleWebKit/537.36 (KHTML, like Gecko) Chrome/88.0.4324.150 Safari/537.36"
157.97.71.85 - - [05/Feb/2021:13:15:07 +0100] "GET /loadthumbnail.php?id=11194717&width=113 HTTP/1.1" 200 1278 "http://renault.activities.at/10201442?dir=DESC&mode=grid&order=name&limit=15&page=6" "Mozilla/5.0 (Windows NT 10.0; Win64; x64) AppleWebKit/537.36 (KHTML, like Gecko) Chrome/88.0.4324.150 Safari/537.36"
157.97.71.85 - - [05/Feb/2021:13:15:07 +0100] "GET /loadthumbnail.php?id=11186457&width=113 HTTP/1.1" 200 1278 "http://renault.activities.at/10201442?dir=DESC&mode=grid&order=name&limit=15&page=6" "Mozilla/5.0 (Windows NT 10.0; Win64; x64) AppleWebKit/537.36 (KHTML, like Gecko) Chrome/88.0.4324.150 Safari/537.36"
157.97.71.85 - - [05/Feb/2021:13:15:07 +0100] "GET /loadthumbnail.php?id=11181237&width=113 HTTP/1.1" 200 1156 "http://renault.activities.at/10201442?dir=DESC&mode=grid&order=name&limit=15&page=6" "Mozilla/5.0 (Windows NT 10.0; Win64; x64) AppleWebKit/537.36 (KHTML, like Gecko) Chrome/88.0.4324.150 Safari/537.36"
157.97.71.85 - - [05/Feb/2021:13:15:07 +0100] "GET /loadthumbnail.php?id=11195851&width=113 HTTP/1.1" 200 1156 "http://renault.activities.at/10201442?dir=DESC&mode=grid&order=name&limit=15&page=6" "Mozilla/5.0 (Windows NT 10.0; Win64; x64) AppleWebKit/537.36 (KHTML, like Gecko) Chrome/88.0.4324.150 Safari/537.36"
157.97.71.85 - - [05/Feb/2021:13:15:07 +0100] "GET /loadthumbnail.php?id=11186483&width=113 HTTP/1.1" 200 1974 "http://renault.activities.at/10201442?dir=DESC&mode=grid&order=name&limit=15&page=6" "Mozilla/5.0 (Windows NT 10.0; Win64; x64) AppleWebKit/537.36 (KHTML, like Gecko) Chrome/88.0.4324.150 Safari/537.36"
157.97.71.85 - - [05/Feb/2021:13:15:07 +0100] "GET /loadthumbnail.php?id=11186495&width=113 HTTP/1.1" 200 1974 "http://renault.activities.at/10201442?dir=DESC&mode=grid&order=name&limit=15&page=6" "Mozilla/5.0 (Windows NT 10.0; Win64; x64) AppleWebKit/537.36 (KHTML, like Gecko) Chrome/88.0.4324.150 Safari/537.36"
157.97.71.85 - - [05/Feb/2021:13:15:07 +0100] "GET /loadthumbnail.php?id=11181235&width=113 HTTP/1.1" 200 1156 "http://renault.activities.at/10201442?dir=DESC&mode=grid&order=name&limit=15&page=6" "Mozilla/5.0 (Windows NT 10.0; Win64; x64) AppleWebKit/537.36 (KHTML, like Gecko) Chrome/88.0.4324.150 Safari/537.36"
157.97.71.85 - - [05/Feb/2021:13:15:07 +0100] "GET /loadthumbnail.php?id=11181233&width=113 HTTP/1.1" 200 1353 "http://renault.activities.at/10201442?dir=DESC&mode=grid&order=name&limit=15&page=6" "Mozilla/5.0 (Windows NT 10.0; Win64; x64) AppleWebKit/537.36 (KHTML, like Gecko) Chrome/88.0.4324.150 Safari/537.36"
157.97.71.85 - - [05/Feb/2021:13:15:07 +0100] "GET /loadthumbnail.php?id=11194732&width=113 HTTP/1.1" 200 1353 "http://renault.activities.at/10201442?dir=DESC&mode=grid&order=name&limit=15&page=6" "Mozilla/5.0 (Windows NT 10.0; Win64; x64) AppleWebKit/537.36 (KHTML, like Gecko) Chrome/88.0.4324.150 Safari/537.36"
157.97.71.85 - - [05/Feb/2021:13:15:07 +0100] "GET /loadthumbnail.php?id=11181230&width=113 HTTP/1.1" 200 1353 "http://renault.activities.at/10201442?dir=DESC&mode=grid&order=name&limit=15&page=6" "Mozilla/5.0 (Windows NT 10.0; Win64; x64) AppleWebKit/537.36 (KHTML, like Gecko) Chrome/88.0.4324.150 Safari/537.36"
80.122.53.230 - - [05/Feb/2021:13:15:08 +0100] "GET /reload?ser=1612527308533 HTTP/1.1" 200 28 "http://renault.activities.at/12359049" "Mozilla/5.0 (Windows NT 10.0; Win64; x64) AppleWebKit/537.36 (KHTML, like Gecko) Chrome/87.0.4280.141 Safari/537.36"
157.97.71.85 - - [05/Feb/2021:13:15:11 +0100] "GET /10201442?dir=DESC&mode=grid&order=name&limit=15&page=7 HTTP/1.1" 200 8724 "http://renault.activities.at/10201442?dir=DESC&mode=grid&order=name&limit=15&page=6" "Mozilla/5.0 (Windows NT 10.0; Win64; x64) AppleWebKit/537.36 (KHTML, like Gecko) Chrome/88.0.4324.150 Safari/537.36"
157.97.71.85 - - [05/Feb/2021:13:15:14 +0100] "GET /loadthumbnail.php?id=12094699&width=113 HTTP/1.1" 200 1921 "http://renault.activities.at/10201442?dir=DESC&mode=grid&order=name&limit=15&page=7" "Mozilla/5.0 (Windows NT 10.0; Win64; x64) AppleWebKit/537.36 (KHTML, like Gecko) Chrome/88.0.4324.150 Safari/537.36"
157.97.71.85 - - [05/Feb/2021:13:15:14 +0100] "GET /loadthumbnail.php?id=11181223&width=113 HTTP/1.1" 200 1171 "http://renault.activities.at/10201442?dir=DESC&mode=grid&order=name&limit=15&page=7" "Mozilla/5.0 (Windows NT 10.0; Win64; x64) AppleWebKit/537.36 (KHTML, like Gecko) Chrome/88.0.4324.150 Safari/537.36"
157.97.71.85 - - [05/Feb/2021:13:15:14 +0100] "GET /loadthumbnail.php?id=12094698&width=113 HTTP/1.1" 200 1921 "http://renault.activities.at/10201442?dir=DESC&mode=grid&order=name&limit=15&page=7" "Mozilla/5.0 (Windows NT 10.0; Win64; x64) AppleWebKit/537.36 (KHTML, like Gecko) Chrome/88.0.4324.150 Safari/537.36"
157.97.71.85 - - [05/Feb/2021:13:15:14 +0100] "GET /loadthumbnail.php?id=11181219&width=113 HTTP/1.1" 200 2121 "http://renault.activities.at/10201442?dir=DESC&mode=grid&order=name&limit=15&page=7" "Mozilla/5.0 (Windows NT 10.0; Win64; x64) AppleWebKit/537.36 (KHTML, like Gecko) Chrome/88.0.4324.150 Safari/537.36"
157.97.71.85 - - [05/Feb/2021:13:15:14 +0100] "GET /loadthumbnail.php?id=11181213&width=113 HTTP/1.1" 200 2121 "http://renault.activities.at/10201442?dir=DESC&mode=grid&order=name&limit=15&page=7" "Mozilla/5.0 (Windows NT 10.0; Win64; x64) AppleWebKit/537.36 (KHTML, like Gecko) Chrome/88.0.4324.150 Safari/537.36"
157.97.71.85 - - [05/Feb/2021:13:15:14 +0100] "GET /loadthumbnail.php?id=11194713&width=113 HTTP/1.1" 200 1171 "http://renault.activities.at/10201442?dir=DESC&mode=grid&order=name&limit=15&page=7" "Mozilla/5.0 (Windows NT 10.0; Win64; x64) AppleWebKit/537.36 (KHTML, like Gecko) Chrome/88.0.4324.150 Safari/537.36"
157.97.71.85 - - [05/Feb/2021:13:15:14 +0100] "GET /loadthumbnail.php?id=11181221&width=113 HTTP/1.1" 200 1171 "http://renault.activities.at/10201442?dir=DESC&mode=grid&order=name&limit=15&page=7" "Mozilla/5.0 (Windows NT 10.0; Win64; x64) AppleWebKit/537.36 (KHTML, like Gecko) Chrome/88.0.4324.150 Safari/537.36"
157.97.71.85 - - [05/Feb/2021:13:15:14 +0100] "GET /loadthumbnail.php?id=11181166&width=113 HTTP/1.1" 200 847 "http://renault.activities.at/10201442?dir=DESC&mode=grid&order=name&limit=15&page=7" "Mozilla/5.0 (Windows NT 10.0; Win64; x64) AppleWebKit/537.36 (KHTML, like Gecko) Chrome/88.0.4324.150 Safari/537.36"
157.97.71.85 - - [05/Feb/2021:13:15:14 +0100] "GET /loadthumbnail.php?id=11181168&width=113 HTTP/1.1" 200 847 "http://renault.activities.at/10201442?dir=DESC&mode=grid&order=name&limit=15&page=7" "Mozilla/5.0 (Windows NT 10.0; Win64; x64) AppleWebKit/537.36 (KHTML, like Gecko) Chrome/88.0.4324.150 Safari/537.36"
157.97.71.85 - - [05/Feb/2021:13:15:14 +0100] "GET /loadthumbnail.php?id=12255324&width=113 HTTP/1.1" 200 2018 "http://renault.activities.at/10201442?dir=DESC&mode=grid&order=name&limit=15&page=7" "Mozilla/5.0 (Windows NT 10.0; Win64; x64) AppleWebKit/537.36 (KHTML, like Gecko) Chrome/88.0.4324.150 Safari/537.36"
157.97.71.85 - - [05/Feb/2021:13:15:14 +0100] "GET /loadthumbnail.php?id=12255323&width=113 HTTP/1.1" 200 2018 "http://renault.activities.at/10201442?dir=DESC&mode=grid&order=name&limit=15&page=7" "Mozilla/5.0 (Windows NT 10.0; Win64; x64) AppleWebKit/537.36 (KHTML, like Gecko) Chrome/88.0.4324.150 Safari/537.36"
18.206.191.187 - - [05/Feb/2021:13:15:15 +0100] "GET /account HTTP/1.1" 302 163 "-" "Mozilla/5.0 (Windows NT 6.1; Win64; x64) AppleWebKit/537.36 (KHTML, like Gecko) Chrome/72.0.3626.109 Safari/537.36"
35.153.170.238 - - [05/Feb/2021:13:15:15 +0100] "GET /login HTTP/1.1" 200 7269 "-" "Mozilla/5.0 (Windows NT 6.1; Win64; x64) AppleWebKit/537.36 (KHTML, like Gecko) Chrome/72.0.3626.109 Safari/537.36"
18.206.191.187 - - [05/Feb/2021:13:15:16 +0100] "GET /login?required=true HTTP/1.1" 200 7269 "-" "Mozilla/5.0 (Windows NT 6.1; Win64; x64) AppleWebKit/537.36 (KHTML, like Gecko) Chrome/72.0.3626.109 Safari/537.36"
80.122.221.194 - - [05/Feb/2021:13:15:16 +0100] "GET /reload?ser=1612527316512 HTTP/1.1" 200 28 "http://renault.activities.at/login?required=true" "Mozilla/5.0 (Windows NT 10.0; Win64; x64) AppleWebKit/537.36 (KHTML, like Gecko) Chrome/88.0.4324.96 Safari/537.36 Edg/88.0.705.56"
157.97.71.85 - - [05/Feb/2021:13:15:20 +0100] "GET /10201442?dir=DESC&mode=grid&order=name&limit=15&page=8 HTTP/1.1" 200 8672 "http://renault.activities.at/10201442?dir=DESC&mode=grid&order=name&limit=15&page=7" "Mozilla/5.0 (Windows NT 10.0; Win64; x64) AppleWebKit/537.36 (KHTML, like Gecko) Chrome/88.0.4324.150 Safari/537.36"
