93.83.245.18 - - [08/Feb/2021:15:17:05 +0100] "GET /loadthumbnail.php?id=12255478&width=250 HTTP/1.1" 200 82911 "http://renault.activities.at/12255476?print=true" "Mozilla/5.0 (Windows NT 10.0; Win64; x64) AppleWebKit/537.36 (KHTML, like Gecko) Chrome/88.0.4324.150 Safari/537.36 Edg/88.0.705.63"
93.83.245.18 - - [08/Feb/2021:15:17:06 +0100] "GET /js/magiczoom/graphics/loader.gif HTTP/1.1" 200 1849 "http://renault.activities.at/js/magiczoom/magiczoom.css" "Mozilla/5.0 (Windows NT 10.0; Win64; x64) AppleWebKit/537.36 (KHTML, like Gecko) Chrome/88.0.4324.150 Safari/537.36 Edg/88.0.705.63"
93.83.245.18 - - [08/Feb/2021:15:17:06 +0100] "GET /loadthumbnail.php?id=12255478&width=900&height=900 HTTP/1.1" 200 871276 "http://renault.activities.at/12255476?print=true" "Mozilla/5.0 (Windows NT 10.0; Win64; x64) AppleWebKit/537.36 (KHTML, like Gecko) Chrome/88.0.4324.150 Safari/537.36 Edg/88.0.705.63"
93.83.245.18 - - [08/Feb/2021:15:17:07 +0100] "GET /js/magiczoom/graphics/hint.gif HTTP/1.1" 200 73 "http://renault.activities.at/js/magiczoom/magiczoom.css" "Mozilla/5.0 (Windows NT 10.0; Win64; x64) AppleWebKit/537.36 (KHTML, like Gecko) Chrome/88.0.4324.150 Safari/537.36 Edg/88.0.705.63"
93.83.245.18 - - [08/Feb/2021:15:17:08 +0100] "GET /js/magiczoom/graphics/zoomin.cur HTTP/1.1" 200 326 "http://renault.activities.at/js/magiczoom/magiczoom.css" "Mozilla/5.0 (Windows NT 10.0; Win64; x64) AppleWebKit/537.36 (KHTML, like Gecko) Chrome/88.0.4324.150 Safari/537.36 Edg/88.0.705.63"
138.21.12.26 - - [08/Feb/2021:15:17:08 +0100] "GET /reload?ser=1612793828605 HTTP/1.1" 200 28 "http://renault.2web.at/result?searchterm=true&search=checkblock" "Mozilla/5.0 (Windows NT 10.0; WOW64; Trident/7.0; Touch; rv:11.0) like Gecko"
93.83.245.18 - - [08/Feb/2021:15:17:24 +0100] "GET /account HTTP/1.1" 200 5922 "http://renault.activities.at/login" "Mozilla/5.0 (Windows NT 10.0; Win64; x64) AppleWebKit/537.36 (KHTML, like Gecko) Chrome/88.0.4324.150 Safari/537.36 Edg/88.0.705.63"
80.122.53.230 - - [08/Feb/2021:15:17:27 +0100] "GET /reload?ser=1612793846851 HTTP/1.1" 200 28 "http://renault.activities.at/account" "Mozilla/5.0 (Windows NT 10.0; Win64; x64) AppleWebKit/537.36 (KHTML, like Gecko) Chrome/88.0.4324.146 Safari/537.36"
80.122.53.106 - - [08/Feb/2021:15:17:28 +0100] "GET /reload?ser=1612793856313 HTTP/1.1" 200 28 "http://renault.activities.at/result?searchterm=true&search=maske" "Mozilla/5.0 (Windows NT 10.0; WOW64) AppleWebKit/537.36 (KHTML, like Gecko) Chrome/80.0.3987.87 Safari/537.36"
93.83.245.18 - - [08/Feb/2021:15:17:32 +0100] "POST /axjaxrequest?mode=suggest HTTP/1.1" 200 108 "http://renault.activities.at/account" "Mozilla/5.0 (Windows NT 10.0; Win64; x64) AppleWebKit/537.36 (KHTML, like Gecko) Chrome/88.0.4324.150 Safari/537.36 Edg/88.0.705.63"
93.83.245.18 - - [08/Feb/2021:15:17:34 +0100] "POST /axjaxrequest?mode=suggest HTTP/1.1" 200 21 "http://renault.activities.at/account" "Mozilla/5.0 (Windows NT 10.0; Win64; x64) AppleWebKit/537.36 (KHTML, like Gecko) Chrome/88.0.4324.150 Safari/537.36 Edg/88.0.705.63"
93.83.245.18 - - [08/Feb/2021:15:17:35 +0100] "GET /result?searchterm=true&search=neuer+dacia+sandero HTTP/1.1" 200 6805 "http://renault.activities.at/account" "Mozilla/5.0 (Windows NT 10.0; Win64; x64) AppleWebKit/537.36 (KHTML, like Gecko) Chrome/88.0.4324.150 Safari/537.36 Edg/88.0.705.63"
93.83.245.18 - - [08/Feb/2021:15:17:38 +0100] "GET /loadthumbnail.php?id=12358272&width=113 HTTP/1.1" 200 2569 "http://renault.activities.at/result?searchterm=true&search=neuer+dacia+sandero" "Mozilla/5.0 (Windows NT 10.0; Win64; x64) AppleWebKit/537.36 (KHTML, like Gecko) Chrome/88.0.4324.150 Safari/537.36 Edg/88.0.705.63"
93.83.245.18 - - [08/Feb/2021:15:17:38 +0100] "GET /loadthumbnail.php?id=12333874&width=113 HTTP/1.1" 200 1957 "http://renault.activities.at/result?searchterm=true&search=neuer+dacia+sandero" "Mozilla/5.0 (Windows NT 10.0; Win64; x64) AppleWebKit/537.36 (KHTML, like Gecko) Chrome/88.0.4324.150 Safari/537.36 Edg/88.0.705.63"
93.83.245.18 - - [08/Feb/2021:15:17:38 +0100] "GET /loadthumbnail.php?id=12333878&width=113 HTTP/1.1" 200 1913 "http://renault.activities.at/result?searchterm=true&search=neuer+dacia+sandero" "Mozilla/5.0 (Windows NT 10.0; Win64; x64) AppleWebKit/537.36 (KHTML, like Gecko) Chrome/88.0.4324.150 Safari/537.36 Edg/88.0.705.63"
93.83.245.18 - - [08/Feb/2021:15:17:38 +0100] "GET /loadthumbnail.php?id=12358273&width=113 HTTP/1.1" 200 2569 "http://renault.activities.at/result?searchterm=true&search=neuer+dacia+sandero" "Mozilla/5.0 (Windows NT 10.0; Win64; x64) AppleWebKit/537.36 (KHTML, like Gecko) Chrome/88.0.4324.150 Safari/537.36 Edg/88.0.705.63"
93.83.245.18 - - [08/Feb/2021:15:17:38 +0100] "GET /loadthumbnail.php?id=12341634&width=113 HTTP/1.1" 200 3389 "http://renault.activities.at/result?searchterm=true&search=neuer+dacia+sandero" "Mozilla/5.0 (Windows NT 10.0; Win64; x64) AppleWebKit/537.36 (KHTML, like Gecko) Chrome/88.0.4324.150 Safari/537.36 Edg/88.0.705.63"
93.83.245.18 - - [08/Feb/2021:15:17:38 +0100] "GET /loadthumbnail.php?id=12341633&width=113 HTTP/1.1" 200 3367 "http://renault.activities.at/result?searchterm=true&search=neuer+dacia+sandero" "Mozilla/5.0 (Windows NT 10.0; Win64; x64) AppleWebKit/537.36 (KHTML, like Gecko) Chrome/88.0.4324.150 Safari/537.36 Edg/88.0.705.63"
93.83.245.18 - - [08/Feb/2021:15:17:38 +0100] "GET /loadthumbnail.php?id=12341631&width=113 HTTP/1.1" 200 2854 "http://renault.activities.at/result?searchterm=true&search=neuer+dacia+sandero" "Mozilla/5.0 (Windows NT 10.0; Win64; x64) AppleWebKit/537.36 (KHTML, like Gecko) Chrome/88.0.4324.150 Safari/537.36 Edg/88.0.705.63"
93.83.245.18 - - [08/Feb/2021:15:17:38 +0100] "GET /loadthumbnail.php?id=12334029&width=113 HTTP/1.1" 200 3526 "http://renault.activities.at/result?searchterm=true&search=neuer+dacia+sandero" "Mozilla/5.0 (Windows NT 10.0; Win64; x64) AppleWebKit/537.36 (KHTML, like Gecko) Chrome/88.0.4324.150 Safari/537.36 Edg/88.0.705.63"
80.122.221.194 - - [08/Feb/2021:15:17:40 +0100] "GET /reload?ser=1612793860102 HTTP/1.1" 200 28 "http://renault.activities.at/login?required=true" "Mozilla/5.0 (Windows NT 10.0; Win64; x64) AppleWebKit/537.36 (KHTML, like Gecko) Chrome/88.0.4324.96 Safari/537.36 Edg/88.0.705.56"
80.120.210.180 - - [08/Feb/2021:15:17:39 +0100] "GET /reload?ser=1612793858573 HTTP/1.1" 200 28 "http://renault.activities.at/result?searchterm=true&search=Aktion" "Mozilla/5.0 (Windows NT 10.0; WOW64; Trident/7.0; rv:11.0) like Gecko"
93.83.245.18 - - [08/Feb/2021:15:17:54 +0100] "GET /images/vista-dn-hover.gif HTTP/1.1" 200 127 "http://renault.activities.at/css/styles.css" "Mozilla/5.0 (Windows NT 10.0; Win64; x64) AppleWebKit/537.36 (KHTML, like Gecko) Chrome/88.0.4324.150 Safari/537.36 Edg/88.0.705.63"
178.188.249.126 - - [08/Feb/2021:15:17:58 +0100] "GET /reload?ser=1612793879286 HTTP/1.1" 200 28 "http://renault.activities.at/success" "Mozilla/5.0 (Windows NT 10.0; WOW64) AppleWebKit/537.36 (KHTML, like Gecko) Chrome/88.0.4324.146 Safari/537.36"
138.21.12.26 - - [08/Feb/2021:15:18:09 +0100] "GET /reload?ser=1612793889841 HTTP/1.1" 200 28 "http://renault.2web.at/result?searchterm=true&search=checkblock" "Mozilla/5.0 (Windows NT 10.0; WOW64; Trident/7.0; Touch; rv:11.0) like Gecko"
80.122.53.230 - - [08/Feb/2021:15:18:28 +0100] "GET /reload?ser=1612793907812 HTTP/1.1" 200 28 "http://renault.activities.at/account" "Mozilla/5.0 (Windows NT 10.0; Win64; x64) AppleWebKit/537.36 (KHTML, like Gecko) Chrome/88.0.4324.146 Safari/537.36"
80.122.53.106 - - [08/Feb/2021:15:18:29 +0100] "GET /reload?ser=1612793917312 HTTP/1.1" 200 28 "http://renault.activities.at/result?searchterm=true&search=maske" "Mozilla/5.0 (Windows NT 10.0; WOW64) AppleWebKit/537.36 (KHTML, like Gecko) Chrome/80.0.3987.87 Safari/537.36"
93.83.245.18 - - [08/Feb/2021:15:18:39 +0100] "GET /reload?ser=1612793909223 HTTP/1.1" 200 28 "http://renault.activities.at/result?searchterm=true&search=neuer+dacia+sandero" "Mozilla/5.0 (Windows NT 10.0; Win64; x64) AppleWebKit/537.36 (KHTML, like Gecko) Chrome/88.0.4324.150 Safari/537.36 Edg/88.0.705.63"
80.122.221.194 - - [08/Feb/2021:15:18:41 +0100] "GET /reload?ser=1612793921107 HTTP/1.1" 200 28 "http://renault.activities.at/login?required=true" "Mozilla/5.0 (Windows NT 10.0; Win64; x64) AppleWebKit/537.36 (KHTML, like Gecko) Chrome/88.0.4324.96 Safari/537.36 Edg/88.0.705.56"
80.120.210.180 - - [08/Feb/2021:15:18:40 +0100] "GET /reload?ser=1612793919541 HTTP/1.1" 200 28 "http://renault.activities.at/result?searchterm=true&search=Aktion" "Mozilla/5.0 (Windows NT 10.0; WOW64; Trident/7.0; rv:11.0) like Gecko"
178.188.249.126 - - [08/Feb/2021:15:18:59 +0100] "GET /reload?ser=1612793940277 HTTP/1.1" 200 28 "http://renault.activities.at/success" "Mozilla/5.0 (Windows NT 10.0; WOW64) AppleWebKit/537.36 (KHTML, like Gecko) Chrome/88.0.4324.146 Safari/537.36"
138.21.12.26 - - [08/Feb/2021:15:19:11 +0100] "GET /reload?ser=1612793950914 HTTP/1.1" 200 28 "http://renault.2web.at/result?searchterm=true&search=checkblock" "Mozilla/5.0 (Windows NT 10.0; WOW64; Trident/7.0; Touch; rv:11.0) like Gecko"
40.77.167.49 - - [08/Feb/2021:15:19:25 +0100] "GET / HTTP/1.1" 200 3273 "-" "Mozilla/5.0 (compatible; bingbot/2.0; +http://www.bing.com/bingbot.htm)"
80.122.53.230 - - [08/Feb/2021:15:19:28 +0100] "GET /reload?ser=1612793968762 HTTP/1.1" 200 28 "http://renault.activities.at/account" "Mozilla/5.0 (Windows NT 10.0; Win64; x64) AppleWebKit/537.36 (KHTML, like Gecko) Chrome/88.0.4324.146 Safari/537.36"
80.122.53.106 - - [08/Feb/2021:15:19:30 +0100] "GET /reload?ser=1612793978266 HTTP/1.1" 200 28 "http://renault.activities.at/result?searchterm=true&search=maske" "Mozilla/5.0 (Windows NT 10.0; WOW64) AppleWebKit/537.36 (KHTML, like Gecko) Chrome/80.0.3987.87 Safari/537.36"
93.83.245.18 - - [08/Feb/2021:15:19:40 +0100] "GET /reload?ser=1612793970241 HTTP/1.1" 200 28 "http://renault.activities.at/result?searchterm=true&search=neuer+dacia+sandero" "Mozilla/5.0 (Windows NT 10.0; Win64; x64) AppleWebKit/537.36 (KHTML, like Gecko) Chrome/88.0.4324.150 Safari/537.36 Edg/88.0.705.63"
80.122.221.194 - - [08/Feb/2021:15:19:42 +0100] "GET /reload?ser=1612793982097 HTTP/1.1" 200 28 "http://renault.activities.at/login?required=true" "Mozilla/5.0 (Windows NT 10.0; Win64; x64) AppleWebKit/537.36 (KHTML, like Gecko) Chrome/88.0.4324.96 Safari/537.36 Edg/88.0.705.56"
80.120.210.180 - - [08/Feb/2021:15:19:41 +0100] "GET /reload?ser=1612793980485 HTTP/1.1" 200 28 "http://renault.activities.at/result?searchterm=true&search=Aktion" "Mozilla/5.0 (Windows NT 10.0; WOW64; Trident/7.0; rv:11.0) like Gecko"
178.188.249.126 - - [08/Feb/2021:15:20:00 +0100] "GET /reload?ser=1612794001279 HTTP/1.1" 200 28 "http://renault.activities.at/success" "Mozilla/5.0 (Windows NT 10.0; WOW64) AppleWebKit/537.36 (KHTML, like Gecko) Chrome/88.0.4324.146 Safari/537.36"
138.21.12.26 - - [08/Feb/2021:15:20:12 +0100] "GET /reload?ser=1612794012054 HTTP/1.1" 200 28 "http://renault.2web.at/result?searchterm=true&search=checkblock" "Mozilla/5.0 (Windows NT 10.0; WOW64; Trident/7.0; Touch; rv:11.0) like Gecko"
80.122.53.230 - - [08/Feb/2021:15:20:29 +0100] "GET /reload?ser=1612794029710 HTTP/1.1" 200 28 "http://renault.activities.at/account" "Mozilla/5.0 (Windows NT 10.0; Win64; x64) AppleWebKit/537.36 (KHTML, like Gecko) Chrome/88.0.4324.146 Safari/537.36"
80.122.53.106 - - [08/Feb/2021:15:20:31 +0100] "GET /reload?ser=1612794039205 HTTP/1.1" 200 28 "http://renault.activities.at/result?searchterm=true&search=maske" "Mozilla/5.0 (Windows NT 10.0; WOW64) AppleWebKit/537.36 (KHTML, like Gecko) Chrome/80.0.3987.87 Safari/537.36"
93.83.245.18 - - [08/Feb/2021:15:20:42 +0100] "GET /reload?ser=1612794032265 HTTP/1.1" 200 28 "http://renault.activities.at/result?searchterm=true&search=neuer+dacia+sandero" "Mozilla/5.0 (Windows NT 10.0; Win64; x64) AppleWebKit/537.36 (KHTML, like Gecko) Chrome/88.0.4324.150 Safari/537.36 Edg/88.0.705.63"
80.120.210.180 - - [08/Feb/2021:15:20:42 +0100] "GET /reload?ser=1612794041433 HTTP/1.1" 200 28 "http://renault.activities.at/result?searchterm=true&search=Aktion" "Mozilla/5.0 (Windows NT 10.0; WOW64; Trident/7.0; rv:11.0) like Gecko"
80.122.221.194 - - [08/Feb/2021:15:20:43 +0100] "GET /reload?ser=1612794043105 HTTP/1.1" 200 28 "http://renault.activities.at/login?required=true" "Mozilla/5.0 (Windows NT 10.0; Win64; x64) AppleWebKit/537.36 (KHTML, like Gecko) Chrome/88.0.4324.96 Safari/537.36 Edg/88.0.705.56"
178.188.249.126 - - [08/Feb/2021:15:21:01 +0100] "GET /reload?ser=1612794062277 HTTP/1.1" 200 28 "http://renault.activities.at/success" "Mozilla/5.0 (Windows NT 10.0; WOW64) AppleWebKit/537.36 (KHTML, like Gecko) Chrome/88.0.4324.146 Safari/537.36"
138.21.12.26 - - [08/Feb/2021:15:21:13 +0100] "GET /reload?ser=1612794073112 HTTP/1.1" 200 28 "http://renault.2web.at/result?searchterm=true&search=checkblock" "Mozilla/5.0 (Windows NT 10.0; WOW64; Trident/7.0; Touch; rv:11.0) like Gecko"
80.122.53.230 - - [08/Feb/2021:15:21:30 +0100] "GET /reload?ser=1612794090674 HTTP/1.1" 200 28 "http://renault.activities.at/account" "Mozilla/5.0 (Windows NT 10.0; Win64; x64) AppleWebKit/537.36 (KHTML, like Gecko) Chrome/88.0.4324.146 Safari/537.36"
80.122.53.106 - - [08/Feb/2021:15:21:32 +0100] "GET /reload?ser=1612794100165 HTTP/1.1" 200 28 "http://renault.activities.at/result?searchterm=true&search=maske" "Mozilla/5.0 (Windows NT 10.0; WOW64) AppleWebKit/537.36 (KHTML, like Gecko) Chrome/80.0.3987.87 Safari/537.36"
80.120.210.180 - - [08/Feb/2021:15:21:43 +0100] "GET /reload?ser=1612794102378 HTTP/1.1" 200 28 "http://renault.activities.at/result?searchterm=true&search=Aktion" "Mozilla/5.0 (Windows NT 10.0; WOW64; Trident/7.0; rv:11.0) like Gecko"
80.122.221.194 - - [08/Feb/2021:15:21:44 +0100] "GET /reload?ser=1612794104112 HTTP/1.1" 200 28 "http://renault.activities.at/login?required=true" "Mozilla/5.0 (Windows NT 10.0; Win64; x64) AppleWebKit/537.36 (KHTML, like Gecko) Chrome/88.0.4324.96 Safari/537.36 Edg/88.0.705.56"
93.83.245.18 - - [08/Feb/2021:15:21:44 +0100] "GET /reload?ser=1612794094259 HTTP/1.1" 200 28 "http://renault.activities.at/result?searchterm=true&search=neuer+dacia+sandero" "Mozilla/5.0 (Windows NT 10.0; Win64; x64) AppleWebKit/537.36 (KHTML, like Gecko) Chrome/88.0.4324.150 Safari/537.36 Edg/88.0.705.63"
178.188.249.126 - - [08/Feb/2021:15:22:02 +0100] "GET /reload?ser=1612794123276 HTTP/1.1" 200 28 "http://renault.activities.at/success" "Mozilla/5.0 (Windows NT 10.0; WOW64) AppleWebKit/537.36 (KHTML, like Gecko) Chrome/88.0.4324.146 Safari/537.36"
138.21.12.26 - - [08/Feb/2021:15:22:14 +0100] "GET /reload?ser=1612794134169 HTTP/1.1" 200 28 "http://renault.2web.at/result?searchterm=true&search=checkblock" "Mozilla/5.0 (Windows NT 10.0; WOW64; Trident/7.0; Touch; rv:11.0) like Gecko"
80.122.53.230 - - [08/Feb/2021:15:22:31 +0100] "GET /reload?ser=1612794151624 HTTP/1.1" 200 28 "http://renault.activities.at/account" "Mozilla/5.0 (Windows NT 10.0; Win64; x64) AppleWebKit/537.36 (KHTML, like Gecko) Chrome/88.0.4324.146 Safari/537.36"
80.122.53.106 - - [08/Feb/2021:15:22:33 +0100] "GET /reload?ser=1612794161153 HTTP/1.1" 200 28 "http://renault.activities.at/result?searchterm=true&search=maske" "Mozilla/5.0 (Windows NT 10.0; WOW64) AppleWebKit/537.36 (KHTML, like Gecko) Chrome/80.0.3987.87 Safari/537.36"
93.83.245.18 - - [08/Feb/2021:15:22:44 +0100] "GET /images/vista-up-hover.gif HTTP/1.1" 200 130 "http://renault.activities.at/css/styles.css" "Mozilla/5.0 (Windows NT 10.0; Win64; x64) AppleWebKit/537.36 (KHTML, like Gecko) Chrome/88.0.4324.150 Safari/537.36 Edg/88.0.705.63"
80.120.210.180 - - [08/Feb/2021:15:22:44 +0100] "GET /reload?ser=1612794163343 HTTP/1.1" 200 28 "http://renault.activities.at/result?searchterm=true&search=Aktion" "Mozilla/5.0 (Windows NT 10.0; WOW64; Trident/7.0; rv:11.0) like Gecko"
80.122.221.194 - - [08/Feb/2021:15:22:45 +0100] "GET /reload?ser=1612794165104 HTTP/1.1" 200 28 "http://renault.activities.at/login?required=true" "Mozilla/5.0 (Windows NT 10.0; Win64; x64) AppleWebKit/537.36 (KHTML, like Gecko) Chrome/88.0.4324.96 Safari/537.36 Edg/88.0.705.56"
93.83.245.18 - - [08/Feb/2021:15:22:45 +0100] "GET /reload?ser=1612794155270 HTTP/1.1" 200 28 "http://renault.activities.at/result?searchterm=true&search=neuer+dacia+sandero" "Mozilla/5.0 (Windows NT 10.0; Win64; x64) AppleWebKit/537.36 (KHTML, like Gecko) Chrome/88.0.4324.150 Safari/537.36 Edg/88.0.705.63"
93.83.245.18 - - [08/Feb/2021:15:22:58 +0100] "POST /result?searchterm=true&search=neuer+dacia+sandero HTTP/1.1" 200 6999 "http://renault.activities.at/result?searchterm=true&search=neuer+dacia+sandero" "Mozilla/5.0 (Windows NT 10.0; Win64; x64) AppleWebKit/537.36 (KHTML, like Gecko) Chrome/88.0.4324.150 Safari/537.36 Edg/88.0.705.63"
93.83.245.18 - - [08/Feb/2021:15:23:01 +0100] "GET /images/success_msg_icon.gif HTTP/1.1" 200 1024 "http://renault.activities.at/css/styles.css" "Mozilla/5.0 (Windows NT 10.0; Win64; x64) AppleWebKit/537.36 (KHTML, like Gecko) Chrome/88.0.4324.150 Safari/537.36 Edg/88.0.705.63"
178.188.249.126 - - [08/Feb/2021:15:23:03 +0100] "GET /reload?ser=1612794184277 HTTP/1.1" 200 28 "http://renault.activities.at/success" "Mozilla/5.0 (Windows NT 10.0; WOW64) AppleWebKit/537.36 (KHTML, like Gecko) Chrome/88.0.4324.146 Safari/537.36"
93.83.245.18 - - [08/Feb/2021:15:23:13 +0100] "GET /action HTTP/1.1" 200 3914 "http://renault.activities.at/result?searchterm=true&search=neuer+dacia+sandero" "Mozilla/5.0 (Windows NT 10.0; Win64; x64) AppleWebKit/537.36 (KHTML, like Gecko) Chrome/88.0.4324.150 Safari/537.36 Edg/88.0.705.63"
93.83.245.18 - - [08/Feb/2021:15:23:14 +0100] "GET /images/note_msg_icon.gif HTTP/1.1" 200 1022 "http://renault.activities.at/css/styles.css" "Mozilla/5.0 (Windows NT 10.0; Win64; x64) AppleWebKit/537.36 (KHTML, like Gecko) Chrome/88.0.4324.150 Safari/537.36 Edg/88.0.705.63"
138.21.12.26 - - [08/Feb/2021:15:23:15 +0100] "GET /reload?ser=1612794195406 HTTP/1.1" 200 28 "http://renault.2web.at/result?searchterm=true&search=checkblock" "Mozilla/5.0 (Windows NT 10.0; WOW64; Trident/7.0; Touch; rv:11.0) like Gecko"
93.83.245.18 - - [08/Feb/2021:15:23:19 +0100] "GET /10201442 HTTP/1.1" 200 8720 "http://renault.activities.at/action" "Mozilla/5.0 (Windows NT 10.0; Win64; x64) AppleWebKit/537.36 (KHTML, like Gecko) Chrome/88.0.4324.150 Safari/537.36 Edg/88.0.705.63"
93.83.245.18 - - [08/Feb/2021:15:23:22 +0100] "GET /images/sub_title_bg.jpg HTTP/1.1" 200 314 "http://renault.activities.at/css/styles.css" "Mozilla/5.0 (Windows NT 10.0; Win64; x64) AppleWebKit/537.36 (KHTML, like Gecko) Chrome/88.0.4324.150 Safari/537.36 Edg/88.0.705.63"
93.83.245.18 - - [08/Feb/2021:15:23:22 +0100] "GET /loadthumbnail.php?id=10203276 HTTP/1.1" 200 75 "http://renault.activities.at/10201442" "Mozilla/5.0 (Windows NT 10.0; Win64; x64) AppleWebKit/537.36 (KHTML, like Gecko) Chrome/88.0.4324.150 Safari/537.36 Edg/88.0.705.63"
93.83.245.18 - - [08/Feb/2021:15:23:22 +0100] "GET /loadthumbnail.php?id=12329777&width=113 HTTP/1.1" 200 5924 "http://renault.activities.at/10201442" "Mozilla/5.0 (Windows NT 10.0; Win64; x64) AppleWebKit/537.36 (KHTML, like Gecko) Chrome/88.0.4324.150 Safari/537.36 Edg/88.0.705.63"
93.83.245.18 - - [08/Feb/2021:15:23:22 +0100] "GET /loadthumbnail.php?id=12329769&width=113 HTTP/1.1" 200 6281 "http://renault.activities.at/10201442" "Mozilla/5.0 (Windows NT 10.0; Win64; x64) AppleWebKit/537.36 (KHTML, like Gecko) Chrome/88.0.4324.150 Safari/537.36 Edg/88.0.705.63"
93.83.245.18 - - [08/Feb/2021:15:23:22 +0100] "GET /loadthumbnail.php?id=12329773&width=113 HTTP/1.1" 200 6402 "http://renault.activities.at/10201442" "Mozilla/5.0 (Windows NT 10.0; Win64; x64) AppleWebKit/537.36 (KHTML, like Gecko) Chrome/88.0.4324.150 Safari/537.36 Edg/88.0.705.63"
93.83.245.18 - - [08/Feb/2021:15:23:22 +0100] "GET /loadthumbnail.php?id=12329380&width=113 HTTP/1.1" 200 6136 "http://renault.activities.at/10201442" "Mozilla/5.0 (Windows NT 10.0; Win64; x64) AppleWebKit/537.36 (KHTML, like Gecko) Chrome/88.0.4324.150 Safari/537.36 Edg/88.0.705.63"
93.83.245.18 - - [08/Feb/2021:15:23:22 +0100] "GET /loadthumbnail.php?id=12329388&width=113 HTTP/1.1" 200 6391 "http://renault.activities.at/10201442" "Mozilla/5.0 (Windows NT 10.0; Win64; x64) AppleWebKit/537.36 (KHTML, like Gecko) Chrome/88.0.4324.150 Safari/537.36 Edg/88.0.705.63"
93.83.245.18 - - [08/Feb/2021:15:23:22 +0100] "GET /loadthumbnail.php?id=12329384&width=113 HTTP/1.1" 200 6523 "http://renault.activities.at/10201442" "Mozilla/5.0 (Windows NT 10.0; Win64; x64) AppleWebKit/537.36 (KHTML, like Gecko) Chrome/88.0.4324.150 Safari/537.36 Edg/88.0.705.63"
93.83.245.18 - - [08/Feb/2021:15:23:23 +0100] "GET /loadthumbnail.php?id=12329742&width=113 HTTP/1.1" 200 6011 "http://renault.activities.at/10201442" "Mozilla/5.0 (Windows NT 10.0; Win64; x64) AppleWebKit/537.36 (KHTML, like Gecko) Chrome/88.0.4324.150 Safari/537.36 Edg/88.0.705.63"
93.83.245.18 - - [08/Feb/2021:15:23:23 +0100] "GET /loadthumbnail.php?id=12329765&width=113 HTTP/1.1" 200 6417 "http://renault.activities.at/10201442" "Mozilla/5.0 (Windows NT 10.0; Win64; x64) AppleWebKit/537.36 (KHTML, like Gecko) Chrome/88.0.4324.150 Safari/537.36 Edg/88.0.705.63"
93.83.245.18 - - [08/Feb/2021:15:23:23 +0100] "GET /loadthumbnail.php?id=12329754&width=113 HTTP/1.1" 200 6497 "http://renault.activities.at/10201442" "Mozilla/5.0 (Windows NT 10.0; Win64; x64) AppleWebKit/537.36 (KHTML, like Gecko) Chrome/88.0.4324.150 Safari/537.36 Edg/88.0.705.63"
93.83.245.18 - - [08/Feb/2021:15:23:23 +0100] "GET /loadthumbnail.php?id=12329758&width=113 HTTP/1.1" 200 6291 "http://renault.activities.at/10201442" "Mozilla/5.0 (Windows NT 10.0; Win64; x64) AppleWebKit/537.36 (KHTML, like Gecko) Chrome/88.0.4324.150 Safari/537.36 Edg/88.0.705.63"
93.83.245.18 - - [08/Feb/2021:15:23:23 +0100] "GET /loadthumbnail.php?id=12329750&width=113 HTTP/1.1" 200 6710 "http://renault.activities.at/10201442" "Mozilla/5.0 (Windows NT 10.0; Win64; x64) AppleWebKit/537.36 (KHTML, like Gecko) Chrome/88.0.4324.150 Safari/537.36 Edg/88.0.705.63"
93.83.245.18 - - [08/Feb/2021:15:23:23 +0100] "GET /loadthumbnail.php?id=12329395&width=113 HTTP/1.1" 200 6279 "http://renault.activities.at/10201442" "Mozilla/5.0 (Windows NT 10.0; Win64; x64) AppleWebKit/537.36 (KHTML, like Gecko) Chrome/88.0.4324.150 Safari/537.36 Edg/88.0.705.63"
93.83.245.18 - - [08/Feb/2021:15:23:23 +0100] "GET /loadthumbnail.php?id=12138224&width=113 HTTP/1.1" 200 3427 "http://renault.activities.at/10201442" "Mozilla/5.0 (Windows NT 10.0; Win64; x64) AppleWebKit/537.36 (KHTML, like Gecko) Chrome/88.0.4324.150 Safari/537.36 Edg/88.0.705.63"
93.83.245.18 - - [08/Feb/2021:15:23:23 +0100] "GET /loadthumbnail.php?id=12037190&width=113 HTTP/1.1" 200 19857 "http://renault.activities.at/10201442" "Mozilla/5.0 (Windows NT 10.0; Win64; x64) AppleWebKit/537.36 (KHTML, like Gecko) Chrome/88.0.4324.150 Safari/537.36 Edg/88.0.705.63"
93.83.245.18 - - [08/Feb/2021:15:23:23 +0100] "GET /loadthumbnail.php?id=12328871&width=113 HTTP/1.1" 200 3047 "http://renault.activities.at/10201442" "Mozilla/5.0 (Windows NT 10.0; Win64; x64) AppleWebKit/537.36 (KHTML, like Gecko) Chrome/88.0.4324.150 Safari/537.36 Edg/88.0.705.63"
80.122.53.230 - - [08/Feb/2021:15:23:32 +0100] "GET /reload?ser=1612794212603 HTTP/1.1" 200 28 "http://renault.activities.at/account" "Mozilla/5.0 (Windows NT 10.0; Win64; x64) AppleWebKit/537.36 (KHTML, like Gecko) Chrome/88.0.4324.146 Safari/537.36"
80.122.53.106 - - [08/Feb/2021:15:23:34 +0100] "GET /reload?ser=1612794222112 HTTP/1.1" 200 28 "http://renault.activities.at/result?searchterm=true&search=maske" "Mozilla/5.0 (Windows NT 10.0; WOW64) AppleWebKit/537.36 (KHTML, like Gecko) Chrome/80.0.3987.87 Safari/537.36"
93.83.245.18 - - [08/Feb/2021:15:23:38 +0100] "GET /10201442?cat=10260003 HTTP/1.1" 200 9141 "http://renault.activities.at/10201442" "Mozilla/5.0 (Windows NT 10.0; Win64; x64) AppleWebKit/537.36 (KHTML, like Gecko) Chrome/88.0.4324.150 Safari/537.36 Edg/88.0.705.63"
93.83.245.18 - - [08/Feb/2021:15:23:42 +0100] "GET /loadthumbnail.php?id=10201939&width=15&height=15 HTTP/1.1" 200 201 "http://renault.activities.at/10201442?cat=10260003" "Mozilla/5.0 (Windows NT 10.0; Win64; x64) AppleWebKit/537.36 (KHTML, like Gecko) Chrome/88.0.4324.150 Safari/537.36 Edg/88.0.705.63"
93.83.245.18 - - [08/Feb/2021:15:23:42 +0100] "GET /loadthumbnail.php?id=10203650&width=113 HTTP/1.1" 200 2741 "http://renault.activities.at/10201442?cat=10260003" "Mozilla/5.0 (Windows NT 10.0; Win64; x64) AppleWebKit/537.36 (KHTML, like Gecko) Chrome/88.0.4324.150 Safari/537.36 Edg/88.0.705.63"
93.83.245.18 - - [08/Feb/2021:15:23:42 +0100] "GET /loadthumbnail.php?id=12364069&width=113 HTTP/1.1" 200 19275 "http://renault.activities.at/10201442?cat=10260003" "Mozilla/5.0 (Windows NT 10.0; Win64; x64) AppleWebKit/537.36 (KHTML, like Gecko) Chrome/88.0.4324.150 Safari/537.36 Edg/88.0.705.63"
93.83.245.18 - - [08/Feb/2021:15:23:42 +0100] "GET /loadthumbnail.php?id=12294747&width=113 HTTP/1.1" 200 20271 "http://renault.activities.at/10201442?cat=10260003" "Mozilla/5.0 (Windows NT 10.0; Win64; x64) AppleWebKit/537.36 (KHTML, like Gecko) Chrome/88.0.4324.150 Safari/537.36 Edg/88.0.705.63"
93.83.245.18 - - [08/Feb/2021:15:23:42 +0100] "GET /loadthumbnail.php?id=10746885&width=113 HTTP/1.1" 200 3633 "http://renault.activities.at/10201442?cat=10260003" "Mozilla/5.0 (Windows NT 10.0; Win64; x64) AppleWebKit/537.36 (KHTML, like Gecko) Chrome/88.0.4324.150 Safari/537.36 Edg/88.0.705.63"
93.83.245.18 - - [08/Feb/2021:15:23:42 +0100] "GET /loadthumbnail.php?id=11075492&width=113 HTTP/1.1" 200 2349 "http://renault.activities.at/10201442?cat=10260003" "Mozilla/5.0 (Windows NT 10.0; Win64; x64) AppleWebKit/537.36 (KHTML, like Gecko) Chrome/88.0.4324.150 Safari/537.36 Edg/88.0.705.63"
93.83.245.18 - - [08/Feb/2021:15:23:42 +0100] "GET /loadthumbnail.php?id=11108158&width=113 HTTP/1.1" 200 1545 "http://renault.activities.at/10201442?cat=10260003" "Mozilla/5.0 (Windows NT 10.0; Win64; x64) AppleWebKit/537.36 (KHTML, like Gecko) Chrome/88.0.4324.150 Safari/537.36 Edg/88.0.705.63"
93.83.245.18 - - [08/Feb/2021:15:23:42 +0100] "GET /loadthumbnail.php?id=11036127&width=113 HTTP/1.1" 200 1099 "http://renault.activities.at/10201442?cat=10260003" "Mozilla/5.0 (Windows NT 10.0; Win64; x64) AppleWebKit/537.36 (KHTML, like Gecko) Chrome/88.0.4324.150 Safari/537.36 Edg/88.0.705.63"
93.83.245.18 - - [08/Feb/2021:15:23:42 +0100] "GET /loadthumbnail.php?id=10260877&width=113 HTTP/1.1" 200 1170 "http://renault.activities.at/10201442?cat=10260003" "Mozilla/5.0 (Windows NT 10.0; Win64; x64) AppleWebKit/537.36 (KHTML, like Gecko) Chrome/88.0.4324.150 Safari/537.36 Edg/88.0.705.63"
93.83.245.18 - - [08/Feb/2021:15:23:42 +0100] "GET /loadthumbnail.php?id=11036339&width=113 HTTP/1.1" 200 1330 "http://renault.activities.at/10201442?cat=10260003" "Mozilla/5.0 (Windows NT 10.0; Win64; x64) AppleWebKit/537.36 (KHTML, like Gecko) Chrome/88.0.4324.150 Safari/537.36 Edg/88.0.705.63"
93.83.245.18 - - [08/Feb/2021:15:23:42 +0100] "GET /loadthumbnail.php?id=11255648&width=113 HTTP/1.1" 200 1285 "http://renault.activities.at/10201442?cat=10260003" "Mozilla/5.0 (Windows NT 10.0; Win64; x64) AppleWebKit/537.36 (KHTML, like Gecko) Chrome/88.0.4324.150 Safari/537.36 Edg/88.0.705.63"
93.83.245.18 - - [08/Feb/2021:15:23:42 +0100] "GET /loadthumbnail.php?id=10260863&width=113 HTTP/1.1" 200 1170 "http://renault.activities.at/10201442?cat=10260003" "Mozilla/5.0 (Windows NT 10.0; Win64; x64) AppleWebKit/537.36 (KHTML, like Gecko) Chrome/88.0.4324.150 Safari/537.36 Edg/88.0.705.63"
80.120.210.180 - - [08/Feb/2021:15:23:45 +0100] "GET /reload?ser=1612794224294 HTTP/1.1" 200 28 "http://renault.activities.at/result?searchterm=true&search=Aktion" "Mozilla/5.0 (Windows NT 10.0; WOW64; Trident/7.0; rv:11.0) like Gecko"
80.122.221.194 - - [08/Feb/2021:15:23:46 +0100] "GET /reload?ser=1612794226105 HTTP/1.1" 200 28 "http://renault.activities.at/login?required=true" "Mozilla/5.0 (Windows NT 10.0; Win64; x64) AppleWebKit/537.36 (KHTML, like Gecko) Chrome/88.0.4324.96 Safari/537.36 Edg/88.0.705.56"
93.83.245.18 - - [08/Feb/2021:15:23:57 +0100] "POST /axjaxrequest?mode=suggest HTTP/1.1" 200 408 "http://renault.activities.at/10201442?cat=10260003" "Mozilla/5.0 (Windows NT 10.0; Win64; x64) AppleWebKit/537.36 (KHTML, like Gecko) Chrome/88.0.4324.150 Safari/537.36 Edg/88.0.705.63"
93.83.245.18 - - [08/Feb/2021:15:23:58 +0100] "POST /axjaxrequest?mode=suggest HTTP/1.1" 200 175 "http://renault.activities.at/10201442?cat=10260003" "Mozilla/5.0 (Windows NT 10.0; Win64; x64) AppleWebKit/537.36 (KHTML, like Gecko) Chrome/88.0.4324.150 Safari/537.36 Edg/88.0.705.63"
93.83.245.18 - - [08/Feb/2021:15:24:00 +0100] "POST /axjaxrequest?mode=suggest HTTP/1.1" 200 136 "http://renault.activities.at/10201442?cat=10260003" "Mozilla/5.0 (Windows NT 10.0; Win64; x64) AppleWebKit/537.36 (KHTML, like Gecko) Chrome/88.0.4324.150 Safari/537.36 Edg/88.0.705.63"
93.83.245.18 - - [08/Feb/2021:15:24:01 +0100] "POST /axjaxrequest?mode=suggest HTTP/1.1" 200 21 "http://renault.activities.at/10201442?cat=10260003" "Mozilla/5.0 (Windows NT 10.0; Win64; x64) AppleWebKit/537.36 (KHTML, like Gecko) Chrome/88.0.4324.150 Safari/537.36 Edg/88.0.705.63"
93.83.245.18 - - [08/Feb/2021:15:24:02 +0100] "GET /result?searchterm=true&search=kennzeichenblende+captur HTTP/1.1" 200 5897 "http://renault.activities.at/10201442?cat=10260003" "Mozilla/5.0 (Windows NT 10.0; Win64; x64) AppleWebKit/537.36 (KHTML, like Gecko) Chrome/88.0.4324.150 Safari/537.36 Edg/88.0.705.63"
93.83.245.18 - - [08/Feb/2021:15:24:04 +0100] "GET /loadthumbnail.php?id=10995605&width=113 HTTP/1.1" 200 1252 "http://renault.activities.at/result?searchterm=true&search=kennzeichenblende+captur" "Mozilla/5.0 (Windows NT 10.0; Win64; x64) AppleWebKit/537.36 (KHTML, like Gecko) Chrome/88.0.4324.150 Safari/537.36 Edg/88.0.705.63"
178.188.249.126 - - [08/Feb/2021:15:24:04 +0100] "GET /reload?ser=1612794245287 HTTP/1.1" 200 28 "http://renault.activities.at/success" "Mozilla/5.0 (Windows NT 10.0; WOW64) AppleWebKit/537.36 (KHTML, like Gecko) Chrome/88.0.4324.146 Safari/537.36"
138.21.12.26 - - [08/Feb/2021:15:24:16 +0100] "GET /reload?ser=1612794256580 HTTP/1.1" 200 28 "http://renault.2web.at/result?searchterm=true&search=checkblock" "Mozilla/5.0 (Windows NT 10.0; WOW64; Trident/7.0; Touch; rv:11.0) like Gecko"
93.83.245.18 - - [08/Feb/2021:15:24:19 +0100] "POST /result?searchterm=true&search=kennzeichenblende+captur HTTP/1.1" 200 5998 "http://renault.activities.at/result?searchterm=true&search=kennzeichenblende+captur" "Mozilla/5.0 (Windows NT 10.0; Win64; x64) AppleWebKit/537.36 (KHTML, like Gecko) Chrome/88.0.4324.150 Safari/537.36 Edg/88.0.705.63"
93.83.245.18 - - [08/Feb/2021:15:24:30 +0100] "GET /logout HTTP/1.1" 302 140 "http://renault.activities.at/result?searchterm=true&search=kennzeichenblende+captur" "Mozilla/5.0 (Windows NT 10.0; Win64; x64) AppleWebKit/537.36 (KHTML, like Gecko) Chrome/88.0.4324.150 Safari/537.36 Edg/88.0.705.63"
93.83.245.18 - - [08/Feb/2021:15:24:31 +0100] "GET /logout HTTP/1.1" 200 1583 "http://renault.activities.at/result?searchterm=true&search=kennzeichenblende+captur" "Mozilla/5.0 (Windows NT 10.0; Win64; x64) AppleWebKit/537.36 (KHTML, like Gecko) Chrome/88.0.4324.150 Safari/537.36 Edg/88.0.705.63"
80.122.53.230 - - [08/Feb/2021:15:24:33 +0100] "GET /reload?ser=1612794273613 HTTP/1.1" 200 28 "http://renault.activities.at/account" "Mozilla/5.0 (Windows NT 10.0; Win64; x64) AppleWebKit/537.36 (KHTML, like Gecko) Chrome/88.0.4324.146 Safari/537.36"
80.122.53.106 - - [08/Feb/2021:15:24:35 +0100] "GET /reload?ser=1612794283070 HTTP/1.1" 200 28 "http://renault.activities.at/result?searchterm=true&search=maske" "Mozilla/5.0 (Windows NT 10.0; WOW64) AppleWebKit/537.36 (KHTML, like Gecko) Chrome/80.0.3987.87 Safari/537.36"
93.83.245.18 - - [08/Feb/2021:15:24:37 +0100] "GET / HTTP/1.1" 200 3273 "http://renault.activities.at/logout" "Mozilla/5.0 (Windows NT 10.0; Win64; x64) AppleWebKit/537.36 (KHTML, like Gecko) Chrome/88.0.4324.150 Safari/537.36 Edg/88.0.705.63"
80.120.210.180 - - [08/Feb/2021:15:24:46 +0100] "GET /reload?ser=1612794285239 HTTP/1.1" 200 28 "http://renault.activities.at/result?searchterm=true&search=Aktion" "Mozilla/5.0 (Windows NT 10.0; WOW64; Trident/7.0; rv:11.0) like Gecko"
80.122.221.194 - - [08/Feb/2021:15:24:47 +0100] "GET /reload?ser=1612794287103 HTTP/1.1" 200 28 "http://renault.activities.at/login?required=true" "Mozilla/5.0 (Windows NT 10.0; Win64; x64) AppleWebKit/537.36 (KHTML, like Gecko) Chrome/88.0.4324.96 Safari/537.36 Edg/88.0.705.56"
178.188.249.126 - - [08/Feb/2021:15:25:05 +0100] "GET /reload?ser=1612794306281 HTTP/1.1" 200 28 "http://renault.activities.at/success" "Mozilla/5.0 (Windows NT 10.0; WOW64) AppleWebKit/537.36 (KHTML, like Gecko) Chrome/88.0.4324.146 Safari/537.36"
138.21.12.26 - - [08/Feb/2021:15:25:17 +0100] "GET /reload?ser=1612794317732 HTTP/1.1" 200 28 "http://renault.2web.at/result?searchterm=true&search=checkblock" "Mozilla/5.0 (Windows NT 10.0; WOW64; Trident/7.0; Touch; rv:11.0) like Gecko"
80.122.53.230 - - [08/Feb/2021:15:25:34 +0100] "GET /reload?ser=1612794334610 HTTP/1.1" 200 28 "http://renault.activities.at/account" "Mozilla/5.0 (Windows NT 10.0; Win64; x64) AppleWebKit/537.36 (KHTML, like Gecko) Chrome/88.0.4324.146 Safari/537.36"
80.122.53.106 - - [08/Feb/2021:15:25:36 +0100] "GET /reload?ser=1612794344066 HTTP/1.1" 200 28 "http://renault.activities.at/result?searchterm=true&search=maske" "Mozilla/5.0 (Windows NT 10.0; WOW64) AppleWebKit/537.36 (KHTML, like Gecko) Chrome/80.0.3987.87 Safari/537.36"
93.83.245.18 - - [08/Feb/2021:15:25:39 +0100] "GET /reload?ser=1612794329258 HTTP/1.1" 200 28 "http://renault.activities.at/" "Mozilla/5.0 (Windows NT 10.0; Win64; x64) AppleWebKit/537.36 (KHTML, like Gecko) Chrome/88.0.4324.150 Safari/537.36 Edg/88.0.705.63"
80.120.210.180 - - [08/Feb/2021:15:25:47 +0100] "GET /reload?ser=1612794346172 HTTP/1.1" 200 28 "http://renault.activities.at/result?searchterm=true&search=Aktion" "Mozilla/5.0 (Windows NT 10.0; WOW64; Trident/7.0; rv:11.0) like Gecko"
80.122.221.194 - - [08/Feb/2021:15:25:48 +0100] "GET /reload?ser=1612794348094 HTTP/1.1" 200 28 "http://renault.activities.at/login?required=true" "Mozilla/5.0 (Windows NT 10.0; Win64; x64) AppleWebKit/537.36 (KHTML, like Gecko) Chrome/88.0.4324.96 Safari/537.36 Edg/88.0.705.56"
178.188.249.126 - - [08/Feb/2021:15:26:06 +0100] "GET /reload?ser=1612794367291 HTTP/1.1" 200 28 "http://renault.activities.at/success" "Mozilla/5.0 (Windows NT 10.0; WOW64) AppleWebKit/537.36 (KHTML, like Gecko) Chrome/88.0.4324.146 Safari/537.36"
138.21.12.26 - - [08/Feb/2021:15:26:19 +0100] "GET /reload?ser=1612794378873 HTTP/1.1" 200 28 "http://renault.2web.at/result?searchterm=true&search=checkblock" "Mozilla/5.0 (Windows NT 10.0; WOW64; Trident/7.0; Touch; rv:11.0) like Gecko"
80.122.53.230 - - [08/Feb/2021:15:26:35 +0100] "GET /reload?ser=1612794395557 HTTP/1.1" 200 28 "http://renault.activities.at/account" "Mozilla/5.0 (Windows NT 10.0; Win64; x64) AppleWebKit/537.36 (KHTML, like Gecko) Chrome/88.0.4324.146 Safari/537.36"
80.122.53.106 - - [08/Feb/2021:15:26:37 +0100] "GET /reload?ser=1612794405040 HTTP/1.1" 200 28 "http://renault.activities.at/result?searchterm=true&search=maske" "Mozilla/5.0 (Windows NT 10.0; WOW64) AppleWebKit/537.36 (KHTML, like Gecko) Chrome/80.0.3987.87 Safari/537.36"
80.120.210.180 - - [08/Feb/2021:15:26:48 +0100] "GET /reload?ser=1612794407121 HTTP/1.1" 200 28 "http://renault.activities.at/result?searchterm=true&search=Aktion" "Mozilla/5.0 (Windows NT 10.0; WOW64; Trident/7.0; rv:11.0) like Gecko"
80.122.221.194 - - [08/Feb/2021:15:26:49 +0100] "GET /reload?ser=1612794409097 HTTP/1.1" 200 28 "http://renault.activities.at/login?required=true" "Mozilla/5.0 (Windows NT 10.0; Win64; x64) AppleWebKit/537.36 (KHTML, like Gecko) Chrome/88.0.4324.96 Safari/537.36 Edg/88.0.705.56"
178.188.249.126 - - [08/Feb/2021:15:27:07 +0100] "GET /reload?ser=1612794428289 HTTP/1.1" 200 28 "http://renault.activities.at/success" "Mozilla/5.0 (Windows NT 10.0; WOW64) AppleWebKit/537.36 (KHTML, like Gecko) Chrome/88.0.4324.146 Safari/537.36"
138.21.12.26 - - [08/Feb/2021:15:27:20 +0100] "GET /reload?ser=1612794439997 HTTP/1.1" 200 28 "http://renault.2web.at/result?searchterm=true&search=checkblock" "Mozilla/5.0 (Windows NT 10.0; WOW64; Trident/7.0; Touch; rv:11.0) like Gecko"
80.122.53.230 - - [08/Feb/2021:15:27:36 +0100] "GET /reload?ser=1612794456522 HTTP/1.1" 200 28 "http://renault.activities.at/account" "Mozilla/5.0 (Windows NT 10.0; Win64; x64) AppleWebKit/537.36 (KHTML, like Gecko) Chrome/88.0.4324.146 Safari/537.36"
80.122.53.106 - - [08/Feb/2021:15:27:39 +0100] "GET /reload?ser=1612794466760 HTTP/1.1" 200 28 "http://renault.activities.at/result?searchterm=true&search=maske" "Mozilla/5.0 (Windows NT 10.0; WOW64) AppleWebKit/537.36 (KHTML, like Gecko) Chrome/80.0.3987.87 Safari/537.36"
80.120.210.180 - - [08/Feb/2021:15:27:49 +0100] "GET /reload?ser=1612794468114 HTTP/1.1" 200 28 "http://renault.activities.at/result?searchterm=true&search=Aktion" "Mozilla/5.0 (Windows NT 10.0; WOW64; Trident/7.0; rv:11.0) like Gecko"
80.122.221.194 - - [08/Feb/2021:15:27:50 +0100] "GET /reload?ser=1612794470110 HTTP/1.1" 200 28 "http://renault.activities.at/login?required=true" "Mozilla/5.0 (Windows NT 10.0; Win64; x64) AppleWebKit/537.36 (KHTML, like Gecko) Chrome/88.0.4324.96 Safari/537.36 Edg/88.0.705.56"
178.188.249.126 - - [08/Feb/2021:15:28:08 +0100] "GET /reload?ser=1612794489277 HTTP/1.1" 200 28 "http://renault.activities.at/success" "Mozilla/5.0 (Windows NT 10.0; WOW64) AppleWebKit/537.36 (KHTML, like Gecko) Chrome/88.0.4324.146 Safari/537.36"
138.21.12.26 - - [08/Feb/2021:15:28:21 +0100] "GET /reload?ser=1612794501054 HTTP/1.1" 200 28 "http://renault.2web.at/result?searchterm=true&search=checkblock" "Mozilla/5.0 (Windows NT 10.0; WOW64; Trident/7.0; Touch; rv:11.0) like Gecko"
80.122.53.230 - - [08/Feb/2021:15:28:37 +0100] "GET /reload?ser=1612794517468 HTTP/1.1" 200 28 "http://renault.activities.at/account" "Mozilla/5.0 (Windows NT 10.0; Win64; x64) AppleWebKit/537.36 (KHTML, like Gecko) Chrome/88.0.4324.146 Safari/537.36"
80.122.53.106 - - [08/Feb/2021:15:28:40 +0100] "GET /reload?ser=1612794527761 HTTP/1.1" 200 28 "http://renault.activities.at/result?searchterm=true&search=maske" "Mozilla/5.0 (Windows NT 10.0; WOW64) AppleWebKit/537.36 (KHTML, like Gecko) Chrome/80.0.3987.87 Safari/537.36"
80.120.210.180 - - [08/Feb/2021:15:28:50 +0100] "GET /reload?ser=1612794529116 HTTP/1.1" 200 28 "http://renault.activities.at/result?searchterm=true&search=Aktion" "Mozilla/5.0 (Windows NT 10.0; WOW64; Trident/7.0; rv:11.0) like Gecko"
80.122.221.194 - - [08/Feb/2021:15:28:51 +0100] "GET /reload?ser=1612794531105 HTTP/1.1" 200 28 "http://renault.activities.at/login?required=true" "Mozilla/5.0 (Windows NT 10.0; Win64; x64) AppleWebKit/537.36 (KHTML, like Gecko) Chrome/88.0.4324.96 Safari/537.36 Edg/88.0.705.56"
178.188.249.126 - - [08/Feb/2021:15:29:09 +0100] "GET /reload?ser=1612794550290 HTTP/1.1" 200 28 "http://renault.activities.at/success" "Mozilla/5.0 (Windows NT 10.0; WOW64) AppleWebKit/537.36 (KHTML, like Gecko) Chrome/88.0.4324.146 Safari/537.36"
138.21.12.26 - - [08/Feb/2021:15:29:22 +0100] "GET /reload?ser=1612794562108 HTTP/1.1" 200 28 "http://renault.2web.at/result?searchterm=true&search=checkblock" "Mozilla/5.0 (Windows NT 10.0; WOW64; Trident/7.0; Touch; rv:11.0) like Gecko"
80.122.53.230 - - [08/Feb/2021:15:29:38 +0100] "GET /reload?ser=1612794578463 HTTP/1.1" 200 28 "http://renault.activities.at/account" "Mozilla/5.0 (Windows NT 10.0; Win64; x64) AppleWebKit/537.36 (KHTML, like Gecko) Chrome/88.0.4324.146 Safari/537.36"
80.122.53.106 - - [08/Feb/2021:15:29:41 +0100] "GET /reload?ser=1612794588764 HTTP/1.1" 200 28 "http://renault.activities.at/result?searchterm=true&search=maske" "Mozilla/5.0 (Windows NT 10.0; WOW64) AppleWebKit/537.36 (KHTML, like Gecko) Chrome/80.0.3987.87 Safari/537.36"
80.120.210.180 - - [08/Feb/2021:15:29:51 +0100] "GET /reload?ser=1612794590070 HTTP/1.1" 200 28 "http://renault.activities.at/result?searchterm=true&search=Aktion" "Mozilla/5.0 (Windows NT 10.0; WOW64; Trident/7.0; rv:11.0) like Gecko"
80.122.221.194 - - [08/Feb/2021:15:29:52 +0100] "GET /reload?ser=1612794592107 HTTP/1.1" 200 28 "http://renault.activities.at/login?required=true" "Mozilla/5.0 (Windows NT 10.0; Win64; x64) AppleWebKit/537.36 (KHTML, like Gecko) Chrome/88.0.4324.96 Safari/537.36 Edg/88.0.705.56"
178.188.249.126 - - [08/Feb/2021:15:30:10 +0100] "GET /reload?ser=1612794611278 HTTP/1.1" 200 28 "http://renault.activities.at/success" "Mozilla/5.0 (Windows NT 10.0; WOW64) AppleWebKit/537.36 (KHTML, like Gecko) Chrome/88.0.4324.146 Safari/537.36"
138.21.12.26 - - [08/Feb/2021:15:30:23 +0100] "GET /reload?ser=1612794623230 HTTP/1.1" 200 28 "http://renault.2web.at/result?searchterm=true&search=checkblock" "Mozilla/5.0 (Windows NT 10.0; WOW64; Trident/7.0; Touch; rv:11.0) like Gecko"
80.122.53.230 - - [08/Feb/2021:15:30:39 +0100] "GET /reload?ser=1612794639424 HTTP/1.1" 200 28 "http://renault.activities.at/account" "Mozilla/5.0 (Windows NT 10.0; Win64; x64) AppleWebKit/537.36 (KHTML, like Gecko) Chrome/88.0.4324.146 Safari/537.36"
80.122.53.106 - - [08/Feb/2021:15:30:42 +0100] "GET /reload?ser=1612794649756 HTTP/1.1" 200 28 "http://renault.activities.at/result?searchterm=true&search=maske" "Mozilla/5.0 (Windows NT 10.0; WOW64) AppleWebKit/537.36 (KHTML, like Gecko) Chrome/80.0.3987.87 Safari/537.36"
80.120.210.180 - - [08/Feb/2021:15:30:52 +0100] "GET /reload?ser=1612794651052 HTTP/1.1" 200 28 "http://renault.activities.at/result?searchterm=true&search=Aktion" "Mozilla/5.0 (Windows NT 10.0; WOW64; Trident/7.0; rv:11.0) like Gecko"
80.122.221.194 - - [08/Feb/2021:15:30:53 +0100] "GET /reload?ser=1612794653097 HTTP/1.1" 200 28 "http://renault.activities.at/login?required=true" "Mozilla/5.0 (Windows NT 10.0; Win64; x64) AppleWebKit/537.36 (KHTML, like Gecko) Chrome/88.0.4324.96 Safari/537.36 Edg/88.0.705.56"
178.188.249.126 - - [08/Feb/2021:15:31:11 +0100] "GET /reload?ser=1612794672277 HTTP/1.1" 200 28 "http://renault.activities.at/success" "Mozilla/5.0 (Windows NT 10.0; WOW64) AppleWebKit/537.36 (KHTML, like Gecko) Chrome/88.0.4324.146 Safari/537.36"
138.21.12.26 - - [08/Feb/2021:15:31:24 +0100] "GET /reload?ser=1612794684502 HTTP/1.1" 200 28 "http://renault.2web.at/result?searchterm=true&search=checkblock" "Mozilla/5.0 (Windows NT 10.0; WOW64; Trident/7.0; Touch; rv:11.0) like Gecko"
80.122.53.230 - - [08/Feb/2021:15:31:40 +0100] "GET /reload?ser=1612794700423 HTTP/1.1" 200 28 "http://renault.activities.at/account" "Mozilla/5.0 (Windows NT 10.0; Win64; x64) AppleWebKit/537.36 (KHTML, like Gecko) Chrome/88.0.4324.146 Safari/537.36"
80.122.53.106 - - [08/Feb/2021:15:31:43 +0100] "GET /reload?ser=1612794710759 HTTP/1.1" 200 28 "http://renault.activities.at/result?searchterm=true&search=maske" "Mozilla/5.0 (Windows NT 10.0; WOW64) AppleWebKit/537.36 (KHTML, like Gecko) Chrome/80.0.3987.87 Safari/537.36"
80.120.210.180 - - [08/Feb/2021:15:31:53 +0100] "GET /reload?ser=1612794711992 HTTP/1.1" 200 28 "http://renault.activities.at/result?searchterm=true&search=Aktion" "Mozilla/5.0 (Windows NT 10.0; WOW64; Trident/7.0; rv:11.0) like Gecko"
80.122.221.194 - - [08/Feb/2021:15:31:54 +0100] "GET /reload?ser=1612794714101 HTTP/1.1" 200 28 "http://renault.activities.at/login?required=true" "Mozilla/5.0 (Windows NT 10.0; Win64; x64) AppleWebKit/537.36 (KHTML, like Gecko) Chrome/88.0.4324.96 Safari/537.36 Edg/88.0.705.56"
178.188.249.126 - - [08/Feb/2021:15:32:12 +0100] "GET /reload?ser=1612794733277 HTTP/1.1" 200 28 "http://renault.activities.at/success" "Mozilla/5.0 (Windows NT 10.0; WOW64) AppleWebKit/537.36 (KHTML, like Gecko) Chrome/88.0.4324.146 Safari/537.36"
138.21.12.26 - - [08/Feb/2021:15:32:25 +0100] "GET /reload?ser=1612794745622 HTTP/1.1" 200 28 "http://renault.2web.at/result?searchterm=true&search=checkblock" "Mozilla/5.0 (Windows NT 10.0; WOW64; Trident/7.0; Touch; rv:11.0) like Gecko"
80.122.53.230 - - [08/Feb/2021:15:32:41 +0100] "GET /reload?ser=1612794761370 HTTP/1.1" 200 28 "http://renault.activities.at/account" "Mozilla/5.0 (Windows NT 10.0; Win64; x64) AppleWebKit/537.36 (KHTML, like Gecko) Chrome/88.0.4324.146 Safari/537.36"
80.122.53.106 - - [08/Feb/2021:15:32:44 +0100] "GET /reload?ser=1612794771761 HTTP/1.1" 200 28 "http://renault.activities.at/result?searchterm=true&search=maske" "Mozilla/5.0 (Windows NT 10.0; WOW64) AppleWebKit/537.36 (KHTML, like Gecko) Chrome/80.0.3987.87 Safari/537.36"
80.120.210.180 - - [08/Feb/2021:15:32:54 +0100] "GET /reload?ser=1612794772999 HTTP/1.1" 200 28 "http://renault.activities.at/result?searchterm=true&search=Aktion" "Mozilla/5.0 (Windows NT 10.0; WOW64; Trident/7.0; rv:11.0) like Gecko"
80.122.221.194 - - [08/Feb/2021:15:32:55 +0100] "GET /reload?ser=1612794775105 HTTP/1.1" 200 28 "http://renault.activities.at/login?required=true" "Mozilla/5.0 (Windows NT 10.0; Win64; x64) AppleWebKit/537.36 (KHTML, like Gecko) Chrome/88.0.4324.96 Safari/537.36 Edg/88.0.705.56"
178.188.249.126 - - [08/Feb/2021:15:33:13 +0100] "GET /reload?ser=1612794794287 HTTP/1.1" 200 28 "http://renault.activities.at/success" "Mozilla/5.0 (Windows NT 10.0; WOW64) AppleWebKit/537.36 (KHTML, like Gecko) Chrome/88.0.4324.146 Safari/537.36"
80.122.53.106 - - [08/Feb/2021:15:33:13 +0100] "GET /cart HTTP/1.1" 200 5513 "http://renault.activities.at/result?searchterm=true&search=maske" "Mozilla/5.0 (Windows NT 10.0; WOW64) AppleWebKit/537.36 (KHTML, like Gecko) Chrome/80.0.3987.87 Safari/537.36"
80.122.53.106 - - [08/Feb/2021:15:33:15 +0100] "GET /loadthumbnail.php?id=10232009&width=16&height=16 HTTP/1.1" 200 700 "http://renault.activities.at/cart" "Mozilla/5.0 (Windows NT 10.0; WOW64) AppleWebKit/537.36 (KHTML, like Gecko) Chrome/80.0.3987.87 Safari/537.36"
80.122.53.106 - - [08/Feb/2021:15:33:15 +0100] "GET /loadthumbnail.php?id=10203650&width=100 HTTP/1.1" 200 2545 "http://renault.activities.at/cart" "Mozilla/5.0 (Windows NT 10.0; WOW64) AppleWebKit/537.36 (KHTML, like Gecko) Chrome/80.0.3987.87 Safari/537.36"
80.122.53.106 - - [08/Feb/2021:15:33:15 +0100] "GET /loadthumbnail.php?id=10915886&width=100 HTTP/1.1" 200 1273 "http://renault.activities.at/cart" "Mozilla/5.0 (Windows NT 10.0; WOW64) AppleWebKit/537.36 (KHTML, like Gecko) Chrome/80.0.3987.87 Safari/537.36"
80.122.53.106 - - [08/Feb/2021:15:33:15 +0100] "GET /loadthumbnail.php?id=11255648&width=100 HTTP/1.1" 200 1212 "http://renault.activities.at/cart" "Mozilla/5.0 (Windows NT 10.0; WOW64) AppleWebKit/537.36 (KHTML, like Gecko) Chrome/80.0.3987.87 Safari/537.36"
80.122.53.106 - - [08/Feb/2021:15:33:18 +0100] "GET /checkout HTTP/1.1" 200 20561 "http://renault.activities.at/cart" "Mozilla/5.0 (Windows NT 10.0; WOW64) AppleWebKit/537.36 (KHTML, like Gecko) Chrome/80.0.3987.87 Safari/537.36"
80.122.53.106 - - [08/Feb/2021:15:33:22 +0100] "GET /js/checkout2.js HTTP/1.1" 200 4122 "http://renault.activities.at/checkout" "Mozilla/5.0 (Windows NT 10.0; WOW64) AppleWebKit/537.36 (KHTML, like Gecko) Chrome/80.0.3987.87 Safari/537.36"
80.122.53.106 - - [08/Feb/2021:15:33:23 +0100] "GET /images/step_bg.jpg HTTP/1.1" 200 319 "http://renault.activities.at/css/styles.css" "Mozilla/5.0 (Windows NT 10.0; WOW64) AppleWebKit/537.36 (KHTML, like Gecko) Chrome/80.0.3987.87 Safari/537.36"
80.122.53.106 - - [08/Feb/2021:15:33:23 +0100] "GET /images/step_marker.gif HTTP/1.1" 200 650 "http://renault.activities.at/css/styles.css" "Mozilla/5.0 (Windows NT 10.0; WOW64) AppleWebKit/537.36 (KHTML, like Gecko) Chrome/80.0.3987.87 Safari/537.36"
80.122.53.106 - - [08/Feb/2021:15:33:23 +0100] "GET /images/checkout_border_top.gif HTTP/1.1" 200 156 "http://renault.activities.at/css/styles.css" "Mozilla/5.0 (Windows NT 10.0; WOW64) AppleWebKit/537.36 (KHTML, like Gecko) Chrome/80.0.3987.87 Safari/537.36"
80.122.53.106 - - [08/Feb/2021:15:33:23 +0100] "GET /images/checkout_border.gif HTTP/1.1" 200 43 "http://renault.activities.at/css/styles.css" "Mozilla/5.0 (Windows NT 10.0; WOW64) AppleWebKit/537.36 (KHTML, like Gecko) Chrome/80.0.3987.87 Safari/537.36"
80.122.53.106 - - [08/Feb/2021:15:33:23 +0100] "GET /loadthumbnail.php?id=10201939 HTTP/1.1" 200 201 "http://renault.activities.at/checkout" "Mozilla/5.0 (Windows NT 10.0; WOW64) AppleWebKit/537.36 (KHTML, like Gecko) Chrome/80.0.3987.87 Safari/537.36"
80.122.53.106 - - [08/Feb/2021:15:33:23 +0100] "GET /loadthumbnail.php?id=10202698 HTTP/1.1" 200 16686 "http://renault.activities.at/checkout" "Mozilla/5.0 (Windows NT 10.0; WOW64) AppleWebKit/537.36 (KHTML, like Gecko) Chrome/80.0.3987.87 Safari/537.36"
138.21.12.26 - - [08/Feb/2021:15:33:26 +0100] "GET /reload?ser=1612794806777 HTTP/1.1" 200 28 "http://renault.2web.at/result?searchterm=true&search=checkblock" "Mozilla/5.0 (Windows NT 10.0; WOW64; Trident/7.0; Touch; rv:11.0) like Gecko"
80.122.53.106 - - [08/Feb/2021:15:33:33 +0100] "POST /docheckout HTTP/1.1" 200 453 "http://renault.activities.at/checkout" "Mozilla/5.0 (Windows NT 10.0; WOW64) AppleWebKit/537.36 (KHTML, like Gecko) Chrome/80.0.3987.87 Safari/537.36"
80.122.53.106 - - [08/Feb/2021:15:33:37 +0100] "POST /docheckout HTTP/1.1" 200 681 "http://renault.activities.at/checkout" "Mozilla/5.0 (Windows NT 10.0; WOW64) AppleWebKit/537.36 (KHTML, like Gecko) Chrome/80.0.3987.87 Safari/537.36"
80.122.53.106 - - [08/Feb/2021:15:33:38 +0100] "GET /images/error_msg_icon.gif HTTP/1.1" 200 1013 "http://renault.activities.at/checkout" "Mozilla/5.0 (Windows NT 10.0; WOW64) AppleWebKit/537.36 (KHTML, like Gecko) Chrome/80.0.3987.87 Safari/537.36"
80.122.53.106 - - [08/Feb/2021:15:33:38 +0100] "POST /docheckout HTTP/1.1" 200 68 "http://renault.activities.at/checkout" "Mozilla/5.0 (Windows NT 10.0; WOW64) AppleWebKit/537.36 (KHTML, like Gecko) Chrome/80.0.3987.87 Safari/537.36"
80.122.53.230 - - [08/Feb/2021:15:33:42 +0100] "GET /reload?ser=1612794822318 HTTP/1.1" 200 28 "http://renault.activities.at/account" "Mozilla/5.0 (Windows NT 10.0; Win64; x64) AppleWebKit/537.36 (KHTML, like Gecko) Chrome/88.0.4324.146 Safari/537.36"
