157.97.71.129 - - [08/Feb/2021:11:04:46 +0100] "POST /docheckout HTTP/1.1" 200 591 "http://renault.activities.at/checkout" "Mozilla/5.0 (Windows NT 10.0; WOW64; Trident/7.0; rv:11.0) like Gecko"
157.97.71.129 - - [08/Feb/2021:11:04:48 +0100] "GET /images/error_msg_icon.gif HTTP/1.1" 304 - "http://renault.activities.at/checkout" "Mozilla/5.0 (Windows NT 10.0; WOW64; Trident/7.0; rv:11.0) like Gecko"
157.97.71.129 - - [08/Feb/2021:11:04:48 +0100] "POST /docheckout HTTP/1.1" 200 68 "http://renault.activities.at/checkout" "Mozilla/5.0 (Windows NT 10.0; WOW64; Trident/7.0; rv:11.0) like Gecko"
157.97.71.129 - - [08/Feb/2021:11:04:50 +0100] "GET /success HTTP/1.1" 200 3779 "http://renault.activities.at/checkout" "Mozilla/5.0 (Windows NT 10.0; WOW64; Trident/7.0; rv:11.0) like Gecko"
157.97.71.129 - - [08/Feb/2021:11:04:52 +0100] "GET /js/default.js HTTP/1.1" 304 - "http://renault.activities.at/success" "Mozilla/5.0 (Windows NT 10.0; WOW64; Trident/7.0; rv:11.0) like Gecko"
157.97.71.129 - - [08/Feb/2021:11:04:52 +0100] "GET /css/reset.css HTTP/1.1" 304 - "http://renault.activities.at/success" "Mozilla/5.0 (Windows NT 10.0; WOW64; Trident/7.0; rv:11.0) like Gecko"
157.97.71.129 - - [08/Feb/2021:11:04:52 +0100] "GET /css/styles.css HTTP/1.1" 304 - "http://renault.activities.at/success" "Mozilla/5.0 (Windows NT 10.0; WOW64; Trident/7.0; rv:11.0) like Gecko"
157.97.71.129 - - [08/Feb/2021:11:04:52 +0100] "GET /css/clears.css HTTP/1.1" 304 - "http://renault.activities.at/success" "Mozilla/5.0 (Windows NT 10.0; WOW64; Trident/7.0; rv:11.0) like Gecko"
157.97.71.129 - - [08/Feb/2021:11:04:52 +0100] "GET /css/print.css HTTP/1.1" 304 - "http://renault.activities.at/success" "Mozilla/5.0 (Windows NT 10.0; WOW64; Trident/7.0; rv:11.0) like Gecko"
157.97.71.129 - - [08/Feb/2021:11:04:52 +0100] "GET /js/checkout.css HTTP/1.1" 304 - "http://renault.activities.at/success" "Mozilla/5.0 (Windows NT 10.0; WOW64; Trident/7.0; rv:11.0) like Gecko"
157.97.71.129 - - [08/Feb/2021:11:04:52 +0100] "GET /css/prototip.css HTTP/1.1" 304 - "http://renault.activities.at/success" "Mozilla/5.0 (Windows NT 10.0; WOW64; Trident/7.0; rv:11.0) like Gecko"
157.97.71.129 - - [08/Feb/2021:11:04:52 +0100] "GET /css/themes/default.css HTTP/1.1" 304 - "http://renault.activities.at/success" "Mozilla/5.0 (Windows NT 10.0; WOW64; Trident/7.0; rv:11.0) like Gecko"
157.97.71.129 - - [08/Feb/2021:11:04:52 +0100] "GET /css/themes/alphacube.css HTTP/1.1" 304 - "http://renault.activities.at/success" "Mozilla/5.0 (Windows NT 10.0; WOW64; Trident/7.0; rv:11.0) like Gecko"
157.97.71.129 - - [08/Feb/2021:11:04:52 +0100] "GET /images/search_bg.gif HTTP/1.1" 304 - "http://renault.activities.at/success" "Mozilla/5.0 (Windows NT 10.0; WOW64; Trident/7.0; rv:11.0) like Gecko"
157.97.71.129 - - [08/Feb/2021:11:04:52 +0100] "GET /images/header_block_corner_right_top.gif HTTP/1.1" 304 - "http://renault.activities.at/success" "Mozilla/5.0 (Windows NT 10.0; WOW64; Trident/7.0; rv:11.0) like Gecko"
157.97.71.129 - - [08/Feb/2021:11:04:52 +0100] "GET /images/header_block_corner_left_top.gif HTTP/1.1" 304 - "http://renault.activities.at/success" "Mozilla/5.0 (Windows NT 10.0; WOW64; Trident/7.0; rv:11.0) like Gecko"
157.97.71.129 - - [08/Feb/2021:11:04:52 +0100] "GET /images/header_block_border.gif HTTP/1.1" 304 - "http://renault.activities.at/success" "Mozilla/5.0 (Windows NT 10.0; WOW64; Trident/7.0; rv:11.0) like Gecko"
157.97.71.129 - - [08/Feb/2021:11:04:52 +0100] "GET /images/title_corner_right_top.jpg HTTP/1.1" 304 - "http://renault.activities.at/success" "Mozilla/5.0 (Windows NT 10.0; WOW64; Trident/7.0; rv:11.0) like Gecko"
157.97.71.129 - - [08/Feb/2021:11:04:52 +0100] "GET /images/top_links_divider.gif HTTP/1.1" 304 - "http://renault.activities.at/success" "Mozilla/5.0 (Windows NT 10.0; WOW64; Trident/7.0; rv:11.0) like Gecko"
157.97.71.129 - - [08/Feb/2021:11:04:52 +0100] "GET /images/button_left_bg.gif HTTP/1.1" 304 - "http://renault.activities.at/success" "Mozilla/5.0 (Windows NT 10.0; WOW64; Trident/7.0; rv:11.0) like Gecko"
157.97.71.129 - - [08/Feb/2021:11:04:52 +0100] "GET /images/title_corner_left_top.jpg HTTP/1.1" 304 - "http://renault.activities.at/success" "Mozilla/5.0 (Windows NT 10.0; WOW64; Trident/7.0; rv:11.0) like Gecko"
157.97.71.129 - - [08/Feb/2021:11:04:52 +0100] "GET /images/nav_divider.gif HTTP/1.1" 304 - "http://renault.activities.at/success" "Mozilla/5.0 (Windows NT 10.0; WOW64; Trident/7.0; rv:11.0) like Gecko"
157.97.71.129 - - [08/Feb/2021:11:04:52 +0100] "GET /images/main_block_corner_left_top.gif HTTP/1.1" 304 - "http://renault.activities.at/success" "Mozilla/5.0 (Windows NT 10.0; WOW64; Trident/7.0; rv:11.0) like Gecko"
157.97.71.129 - - [08/Feb/2021:11:04:52 +0100] "GET /images/main_block_corner_right_top.gif HTTP/1.1" 304 - "http://renault.activities.at/success" "Mozilla/5.0 (Windows NT 10.0; WOW64; Trident/7.0; rv:11.0) like Gecko"
157.97.71.129 - - [08/Feb/2021:11:04:52 +0100] "GET /images/main_block_corner_right_bot.gif HTTP/1.1" 304 - "http://renault.activities.at/success" "Mozilla/5.0 (Windows NT 10.0; WOW64; Trident/7.0; rv:11.0) like Gecko"
157.97.71.129 - - [08/Feb/2021:11:04:52 +0100] "GET /images/main_block_corner_left_bot.gif HTTP/1.1" 304 - "http://renault.activities.at/success" "Mozilla/5.0 (Windows NT 10.0; WOW64; Trident/7.0; rv:11.0) like Gecko"
157.97.71.129 - - [08/Feb/2021:11:04:52 +0100] "GET /images/title_border.jpg HTTP/1.1" 304 - "http://renault.activities.at/success" "Mozilla/5.0 (Windows NT 10.0; WOW64; Trident/7.0; rv:11.0) like Gecko"
157.97.71.129 - - [08/Feb/2021:11:04:52 +0100] "GET /images/main_block_border.gif HTTP/1.1" 304 - "http://renault.activities.at/success" "Mozilla/5.0 (Windows NT 10.0; WOW64; Trident/7.0; rv:11.0) like Gecko"
157.97.71.129 - - [08/Feb/2021:11:04:52 +0100] "GET /images/footer_divider.gif HTTP/1.1" 304 - "http://renault.activities.at/success" "Mozilla/5.0 (Windows NT 10.0; WOW64; Trident/7.0; rv:11.0) like Gecko"
157.97.71.129 - - [08/Feb/2021:11:04:52 +0100] "GET /images/menu_button_bg.jpg HTTP/1.1" 304 - "http://renault.activities.at/success" "Mozilla/5.0 (Windows NT 10.0; WOW64; Trident/7.0; rv:11.0) like Gecko"
157.97.71.129 - - [08/Feb/2021:11:04:52 +0100] "GET /images/title_border_top.jpg HTTP/1.1" 304 - "http://renault.activities.at/success" "Mozilla/5.0 (Windows NT 10.0; WOW64; Trident/7.0; rv:11.0) like Gecko"
157.97.71.129 - - [08/Feb/2021:11:04:52 +0100] "GET /images/menu_divider.gif HTTP/1.1" 304 - "http://renault.activities.at/success" "Mozilla/5.0 (Windows NT 10.0; WOW64; Trident/7.0; rv:11.0) like Gecko"
157.97.71.129 - - [08/Feb/2021:11:04:51 +0100] "POST /docheckout HTTP/1.1" 200 81 "http://renault.activities.at/checkout" "Mozilla/5.0 (Windows NT 10.0; WOW64; Trident/7.0; rv:11.0) like Gecko"
178.188.80.226 - - [08/Feb/2021:11:04:56 +0100] "GET /reload?ser=1612778696220 HTTP/1.1" 200 28 "http://renault.activities.at/success" "Mozilla/5.0 (Windows NT 6.1; WOW64; Trident/7.0; rv:11.0) like Gecko"
80.120.210.180 - - [08/Feb/2021:11:04:57 +0100] "GET /reload?ser=1612778697065 HTTP/1.1" 200 28 "http://renault.activities.at/" "Mozilla/5.0 (Windows NT 10.0; Win64; x64) AppleWebKit/537.36 (KHTML, like Gecko) Chrome/88.0.4324.150 Safari/537.36 Edg/88.0.705.63"
138.21.12.24 - - [08/Feb/2021:11:05:13 +0100] "GET /reload?ser=1612778712604 HTTP/1.1" 200 28 "http://renault.2web.at/result?searchterm=true&search=dacia+mappe" "Mozilla/5.0 (Windows NT 10.0; Win64; x64) AppleWebKit/537.36 (KHTML, like Gecko) Chrome/88.0.4324.104 Safari/537.36"
80.122.53.230 - - [08/Feb/2021:11:05:22 +0100] "GET /reload?ser=1612778722242 HTTP/1.1" 200 28 "http://renault.activities.at/account" "Mozilla/5.0 (Windows NT 10.0; Win64; x64) AppleWebKit/537.36 (KHTML, like Gecko) Chrome/88.0.4324.146 Safari/537.36"
138.21.12.26 - - [08/Feb/2021:11:05:29 +0100] "GET /reload?ser=1612778729390 HTTP/1.1" 200 28 "http://renault.2web.at/result?searchterm=true&search=checkblock" "Mozilla/5.0 (Windows NT 10.0; WOW64; Trident/7.0; Touch; rv:11.0) like Gecko"
80.120.210.180 - - [08/Feb/2021:11:05:29 +0100] "GET /reload?ser=1612778729534 HTTP/1.1" 200 28 "http://renault.2web.at/result?mode=list&search=Dacia%20Mappe" "Mozilla/5.0 (Windows NT 10.0; Win64; x64) AppleWebKit/537.36 (KHTML, like Gecko) Chrome/88.0.4324.150 Safari/537.36 Edg/88.0.705.63"
80.122.221.194 - - [08/Feb/2021:11:05:32 +0100] "GET /reload?ser=1612778732156 HTTP/1.1" 200 28 "http://renault.activities.at/login?required=true" "Mozilla/5.0 (Windows NT 10.0; Win64; x64) AppleWebKit/537.36 (KHTML, like Gecko) Chrome/88.0.4324.96 Safari/537.36 Edg/88.0.705.56"
178.188.80.226 - - [08/Feb/2021:11:05:57 +0100] "GET /reload?ser=1612778757440 HTTP/1.1" 200 28 "http://renault.activities.at/success" "Mozilla/5.0 (Windows NT 6.1; WOW64; Trident/7.0; rv:11.0) like Gecko"
80.120.210.180 - - [08/Feb/2021:11:05:58 +0100] "GET /reload?ser=1612778758065 HTTP/1.1" 200 28 "http://renault.activities.at/" "Mozilla/5.0 (Windows NT 10.0; Win64; x64) AppleWebKit/537.36 (KHTML, like Gecko) Chrome/88.0.4324.150 Safari/537.36 Edg/88.0.705.63"
80.120.210.180 - - [08/Feb/2021:11:06:01 +0100] "GET /cart HTTP/1.1" 200 1723 "-" "Mozilla/5.0 (Windows NT 10.0; Win64; x64) AppleWebKit/537.36 (KHTML, like Gecko) Chrome/88.0.4324.146 Safari/537.36"
80.120.210.180 - - [08/Feb/2021:11:06:01 +0100] "GET /images/favicon.ico HTTP/1.1" 404 300 "http://renault.2web.at/cart" "Mozilla/5.0 (Windows NT 10.0; Win64; x64) AppleWebKit/537.36 (KHTML, like Gecko) Chrome/88.0.4324.146 Safari/537.36"
80.120.210.180 - - [08/Feb/2021:11:06:04 +0100] "GET /login HTTP/1.1" 200 2095 "http://renault.2web.at/cart" "Mozilla/5.0 (Windows NT 10.0; Win64; x64) AppleWebKit/537.36 (KHTML, like Gecko) Chrome/88.0.4324.146 Safari/537.36"
80.120.210.180 - - [08/Feb/2021:11:06:08 +0100] "POST /login HTTP/1.1" 302 137 "http://renault.2web.at/login" "Mozilla/5.0 (Windows NT 10.0; Win64; x64) AppleWebKit/537.36 (KHTML, like Gecko) Chrome/88.0.4324.146 Safari/537.36"
80.120.210.180 - - [08/Feb/2021:11:06:10 +0100] "GET /account HTTP/1.1" 200 6386 "http://renault.2web.at/login" "Mozilla/5.0 (Windows NT 10.0; Win64; x64) AppleWebKit/537.36 (KHTML, like Gecko) Chrome/88.0.4324.146 Safari/537.36"
138.21.12.24 - - [08/Feb/2021:11:06:15 +0100] "GET /reload?ser=1612778774618 HTTP/1.1" 200 28 "http://renault.2web.at/result?searchterm=true&search=dacia+mappe" "Mozilla/5.0 (Windows NT 10.0; Win64; x64) AppleWebKit/537.36 (KHTML, like Gecko) Chrome/88.0.4324.104 Safari/537.36"
80.120.210.180 - - [08/Feb/2021:11:06:19 +0100] "GET /12369870 HTTP/1.1" 200 6415 "http://renault.2web.at/account" "Mozilla/5.0 (Windows NT 10.0; Win64; x64) AppleWebKit/537.36 (KHTML, like Gecko) Chrome/88.0.4324.146 Safari/537.36"
80.120.210.180 - - [08/Feb/2021:11:06:22 +0100] "GET /images/icons/lupe.gif HTTP/1.1" 200 324 "http://renault.2web.at/12369870" "Mozilla/5.0 (Windows NT 10.0; Win64; x64) AppleWebKit/537.36 (KHTML, like Gecko) Chrome/88.0.4324.146 Safari/537.36"
80.122.53.230 - - [08/Feb/2021:11:06:23 +0100] "GET /reload?ser=1612778783230 HTTP/1.1" 200 28 "http://renault.activities.at/account" "Mozilla/5.0 (Windows NT 10.0; Win64; x64) AppleWebKit/537.36 (KHTML, like Gecko) Chrome/88.0.4324.146 Safari/537.36"
80.120.210.180 - - [08/Feb/2021:11:06:27 +0100] "GET /12369870?print=true HTTP/1.1" 200 2309 "http://renault.2web.at/12369870" "Mozilla/5.0 (Windows NT 10.0; Win64; x64) AppleWebKit/537.36 (KHTML, like Gecko) Chrome/88.0.4324.146 Safari/537.36"
80.120.210.180 - - [08/Feb/2021:11:06:30 +0100] "GET /reload?ser=1612778790487 HTTP/1.1" 200 28 "http://renault.2web.at/result?mode=list&search=Dacia%20Mappe" "Mozilla/5.0 (Windows NT 10.0; Win64; x64) AppleWebKit/537.36 (KHTML, like Gecko) Chrome/88.0.4324.150 Safari/537.36 Edg/88.0.705.63"
138.21.12.26 - - [08/Feb/2021:11:06:30 +0100] "GET /reload?ser=1612778790462 HTTP/1.1" 200 28 "http://renault.2web.at/result?searchterm=true&search=checkblock" "Mozilla/5.0 (Windows NT 10.0; WOW64; Trident/7.0; Touch; rv:11.0) like Gecko"
80.122.221.194 - - [08/Feb/2021:11:06:33 +0100] "GET /reload?ser=1612778793146 HTTP/1.1" 200 28 "http://renault.activities.at/login?required=true" "Mozilla/5.0 (Windows NT 10.0; Win64; x64) AppleWebKit/537.36 (KHTML, like Gecko) Chrome/88.0.4324.96 Safari/537.36 Edg/88.0.705.56"
178.188.80.226 - - [08/Feb/2021:11:06:58 +0100] "GET /reload?ser=1612778818665 HTTP/1.1" 200 28 "http://renault.activities.at/success" "Mozilla/5.0 (Windows NT 6.1; WOW64; Trident/7.0; rv:11.0) like Gecko"
80.120.210.180 - - [08/Feb/2021:11:06:59 +0100] "GET /reload?ser=1612778819065 HTTP/1.1" 200 28 "http://renault.activities.at/" "Mozilla/5.0 (Windows NT 10.0; Win64; x64) AppleWebKit/537.36 (KHTML, like Gecko) Chrome/88.0.4324.150 Safari/537.36 Edg/88.0.705.63"
138.21.12.24 - - [08/Feb/2021:11:07:17 +0100] "GET /reload?ser=1612778836614 HTTP/1.1" 200 28 "http://renault.2web.at/result?searchterm=true&search=dacia+mappe" "Mozilla/5.0 (Windows NT 10.0; Win64; x64) AppleWebKit/537.36 (KHTML, like Gecko) Chrome/88.0.4324.104 Safari/537.36"
80.122.53.230 - - [08/Feb/2021:11:07:24 +0100] "GET /reload?ser=1612778844169 HTTP/1.1" 200 28 "http://renault.activities.at/account" "Mozilla/5.0 (Windows NT 10.0; Win64; x64) AppleWebKit/537.36 (KHTML, like Gecko) Chrome/88.0.4324.146 Safari/537.36"
138.21.12.26 - - [08/Feb/2021:11:07:31 +0100] "GET /reload?ser=1612778851583 HTTP/1.1" 200 28 "http://renault.2web.at/result?searchterm=true&search=checkblock" "Mozilla/5.0 (Windows NT 10.0; WOW64; Trident/7.0; Touch; rv:11.0) like Gecko"
80.120.210.180 - - [08/Feb/2021:11:07:32 +0100] "GET /reload?ser=1612778852068 HTTP/1.1" 200 28 "http://renault.2web.at/result?mode=list&search=Dacia%20Mappe" "Mozilla/5.0 (Windows NT 10.0; Win64; x64) AppleWebKit/537.36 (KHTML, like Gecko) Chrome/88.0.4324.150 Safari/537.36 Edg/88.0.705.63"
80.122.221.194 - - [08/Feb/2021:11:07:34 +0100] "GET /reload?ser=1612778854147 HTTP/1.1" 200 28 "http://renault.activities.at/login?required=true" "Mozilla/5.0 (Windows NT 10.0; Win64; x64) AppleWebKit/537.36 (KHTML, like Gecko) Chrome/88.0.4324.96 Safari/537.36 Edg/88.0.705.56"
80.120.210.180 - - [08/Feb/2021:11:08:00 +0100] "GET /reload?ser=1612778880067 HTTP/1.1" 200 28 "http://renault.activities.at/" "Mozilla/5.0 (Windows NT 10.0; Win64; x64) AppleWebKit/537.36 (KHTML, like Gecko) Chrome/88.0.4324.150 Safari/537.36 Edg/88.0.705.63"
178.188.80.226 - - [08/Feb/2021:11:07:59 +0100] "GET /reload?ser=1612778879869 HTTP/1.1" 200 28 "http://renault.activities.at/success" "Mozilla/5.0 (Windows NT 6.1; WOW64; Trident/7.0; rv:11.0) like Gecko"
138.21.12.24 - - [08/Feb/2021:11:08:19 +0100] "GET /reload?ser=1612778898616 HTTP/1.1" 200 28 "http://renault.2web.at/result?searchterm=true&search=dacia+mappe" "Mozilla/5.0 (Windows NT 10.0; Win64; x64) AppleWebKit/537.36 (KHTML, like Gecko) Chrome/88.0.4324.104 Safari/537.36"
80.122.53.230 - - [08/Feb/2021:11:08:25 +0100] "GET /reload?ser=1612778905115 HTTP/1.1" 200 28 "http://renault.activities.at/account" "Mozilla/5.0 (Windows NT 10.0; Win64; x64) AppleWebKit/537.36 (KHTML, like Gecko) Chrome/88.0.4324.146 Safari/537.36"
138.21.12.26 - - [08/Feb/2021:11:08:32 +0100] "GET /reload?ser=1612778912638 HTTP/1.1" 200 28 "http://renault.2web.at/result?searchterm=true&search=checkblock" "Mozilla/5.0 (Windows NT 10.0; WOW64; Trident/7.0; Touch; rv:11.0) like Gecko"
80.120.210.180 - - [08/Feb/2021:11:08:33 +0100] "GET /reload?ser=1612778913068 HTTP/1.1" 200 28 "http://renault.2web.at/result?mode=list&search=Dacia%20Mappe" "Mozilla/5.0 (Windows NT 10.0; Win64; x64) AppleWebKit/537.36 (KHTML, like Gecko) Chrome/88.0.4324.150 Safari/537.36 Edg/88.0.705.63"
80.122.221.194 - - [08/Feb/2021:11:08:35 +0100] "GET /reload?ser=1612778915152 HTTP/1.1" 200 28 "http://renault.activities.at/login?required=true" "Mozilla/5.0 (Windows NT 10.0; Win64; x64) AppleWebKit/537.36 (KHTML, like Gecko) Chrome/88.0.4324.96 Safari/537.36 Edg/88.0.705.56"
80.120.210.180 - - [08/Feb/2021:11:09:01 +0100] "GET /reload?ser=1612778941068 HTTP/1.1" 200 28 "http://renault.activities.at/" "Mozilla/5.0 (Windows NT 10.0; Win64; x64) AppleWebKit/537.36 (KHTML, like Gecko) Chrome/88.0.4324.150 Safari/537.36 Edg/88.0.705.63"
178.188.80.226 - - [08/Feb/2021:11:09:00 +0100] "GET /reload?ser=1612778941009 HTTP/1.1" 200 28 "http://renault.activities.at/success" "Mozilla/5.0 (Windows NT 6.1; WOW64; Trident/7.0; rv:11.0) like Gecko"
138.21.12.24 - - [08/Feb/2021:11:09:21 +0100] "GET /reload?ser=1612778960621 HTTP/1.1" 200 28 "http://renault.2web.at/result?searchterm=true&search=dacia+mappe" "Mozilla/5.0 (Windows NT 10.0; Win64; x64) AppleWebKit/537.36 (KHTML, like Gecko) Chrome/88.0.4324.104 Safari/537.36"
80.122.53.230 - - [08/Feb/2021:11:09:26 +0100] "GET /reload?ser=1612778966081 HTTP/1.1" 200 28 "http://renault.activities.at/account" "Mozilla/5.0 (Windows NT 10.0; Win64; x64) AppleWebKit/537.36 (KHTML, like Gecko) Chrome/88.0.4324.146 Safari/537.36"
138.21.12.26 - - [08/Feb/2021:11:09:33 +0100] "GET /reload?ser=1612778973827 HTTP/1.1" 200 28 "http://renault.2web.at/result?searchterm=true&search=checkblock" "Mozilla/5.0 (Windows NT 10.0; WOW64; Trident/7.0; Touch; rv:11.0) like Gecko"
80.120.210.180 - - [08/Feb/2021:11:09:34 +0100] "GET /reload?ser=1612778974068 HTTP/1.1" 200 28 "http://renault.2web.at/result?mode=list&search=Dacia%20Mappe" "Mozilla/5.0 (Windows NT 10.0; Win64; x64) AppleWebKit/537.36 (KHTML, like Gecko) Chrome/88.0.4324.150 Safari/537.36 Edg/88.0.705.63"
80.122.221.194 - - [08/Feb/2021:11:09:36 +0100] "GET /reload?ser=1612778976158 HTTP/1.1" 200 28 "http://renault.activities.at/login?required=true" "Mozilla/5.0 (Windows NT 10.0; Win64; x64) AppleWebKit/537.36 (KHTML, like Gecko) Chrome/88.0.4324.96 Safari/537.36 Edg/88.0.705.56"
80.120.210.180 - - [08/Feb/2021:11:10:02 +0100] "GET /reload?ser=1612779002068 HTTP/1.1" 200 28 "http://renault.activities.at/" "Mozilla/5.0 (Windows NT 10.0; Win64; x64) AppleWebKit/537.36 (KHTML, like Gecko) Chrome/88.0.4324.150 Safari/537.36 Edg/88.0.705.63"
178.188.80.226 - - [08/Feb/2021:11:10:02 +0100] "GET /reload?ser=1612779002181 HTTP/1.1" 200 28 "http://renault.activities.at/success" "Mozilla/5.0 (Windows NT 6.1; WOW64; Trident/7.0; rv:11.0) like Gecko"
138.21.12.24 - - [08/Feb/2021:11:10:23 +0100] "GET /reload?ser=1612779022623 HTTP/1.1" 200 28 "http://renault.2web.at/result?searchterm=true&search=dacia+mappe" "Mozilla/5.0 (Windows NT 10.0; Win64; x64) AppleWebKit/537.36 (KHTML, like Gecko) Chrome/88.0.4324.104 Safari/537.36"
80.122.53.230 - - [08/Feb/2021:11:10:27 +0100] "GET /reload?ser=1612779027030 HTTP/1.1" 200 28 "http://renault.activities.at/account" "Mozilla/5.0 (Windows NT 10.0; Win64; x64) AppleWebKit/537.36 (KHTML, like Gecko) Chrome/88.0.4324.146 Safari/537.36"
138.21.12.26 - - [08/Feb/2021:11:10:35 +0100] "GET /reload?ser=1612779034953 HTTP/1.1" 200 28 "http://renault.2web.at/result?searchterm=true&search=checkblock" "Mozilla/5.0 (Windows NT 10.0; WOW64; Trident/7.0; Touch; rv:11.0) like Gecko"
80.120.210.180 - - [08/Feb/2021:11:10:35 +0100] "GET /reload?ser=1612779035068 HTTP/1.1" 200 28 "http://renault.2web.at/result?mode=list&search=Dacia%20Mappe" "Mozilla/5.0 (Windows NT 10.0; Win64; x64) AppleWebKit/537.36 (KHTML, like Gecko) Chrome/88.0.4324.150 Safari/537.36 Edg/88.0.705.63"
80.122.221.194 - - [08/Feb/2021:11:10:37 +0100] "GET /reload?ser=1612779037150 HTTP/1.1" 200 28 "http://renault.activities.at/login?required=true" "Mozilla/5.0 (Windows NT 10.0; Win64; x64) AppleWebKit/537.36 (KHTML, like Gecko) Chrome/88.0.4324.96 Safari/537.36 Edg/88.0.705.56"
80.120.210.180 - - [08/Feb/2021:11:11:03 +0100] "GET /reload?ser=1612779063068 HTTP/1.1" 200 28 "http://renault.activities.at/" "Mozilla/5.0 (Windows NT 10.0; Win64; x64) AppleWebKit/537.36 (KHTML, like Gecko) Chrome/88.0.4324.150 Safari/537.36 Edg/88.0.705.63"
178.188.80.226 - - [08/Feb/2021:11:11:03 +0100] "GET /reload?ser=1612779063384 HTTP/1.1" 200 28 "http://renault.activities.at/success" "Mozilla/5.0 (Windows NT 6.1; WOW64; Trident/7.0; rv:11.0) like Gecko"
138.21.12.24 - - [08/Feb/2021:11:11:25 +0100] "GET /reload?ser=1612779084626 HTTP/1.1" 200 28 "http://renault.2web.at/result?searchterm=true&search=dacia+mappe" "Mozilla/5.0 (Windows NT 10.0; Win64; x64) AppleWebKit/537.36 (KHTML, like Gecko) Chrome/88.0.4324.104 Safari/537.36"
80.122.53.230 - - [08/Feb/2021:11:11:28 +0100] "GET /reload?ser=1612779088016 HTTP/1.1" 200 28 "http://renault.activities.at/account" "Mozilla/5.0 (Windows NT 10.0; Win64; x64) AppleWebKit/537.36 (KHTML, like Gecko) Chrome/88.0.4324.146 Safari/537.36"
138.21.12.26 - - [08/Feb/2021:11:11:36 +0100] "GET /reload?ser=1612779096081 HTTP/1.1" 200 28 "http://renault.2web.at/result?searchterm=true&search=checkblock" "Mozilla/5.0 (Windows NT 10.0; WOW64; Trident/7.0; Touch; rv:11.0) like Gecko"
80.120.210.180 - - [08/Feb/2021:11:11:37 +0100] "GET /reload?ser=1612779097068 HTTP/1.1" 200 28 "http://renault.2web.at/result?mode=list&search=Dacia%20Mappe" "Mozilla/5.0 (Windows NT 10.0; Win64; x64) AppleWebKit/537.36 (KHTML, like Gecko) Chrome/88.0.4324.150 Safari/537.36 Edg/88.0.705.63"
80.122.221.194 - - [08/Feb/2021:11:11:38 +0100] "GET /reload?ser=1612779098150 HTTP/1.1" 200 28 "http://renault.activities.at/login?required=true" "Mozilla/5.0 (Windows NT 10.0; Win64; x64) AppleWebKit/537.36 (KHTML, like Gecko) Chrome/88.0.4324.96 Safari/537.36 Edg/88.0.705.56"
80.120.210.180 - - [08/Feb/2021:11:12:04 +0100] "GET /reload?ser=1612779124068 HTTP/1.1" 200 28 "http://renault.activities.at/" "Mozilla/5.0 (Windows NT 10.0; Win64; x64) AppleWebKit/537.36 (KHTML, like Gecko) Chrome/88.0.4324.150 Safari/537.36 Edg/88.0.705.63"
178.188.80.226 - - [08/Feb/2021:11:12:04 +0100] "GET /reload?ser=1612779124529 HTTP/1.1" 200 28 "http://renault.activities.at/success" "Mozilla/5.0 (Windows NT 6.1; WOW64; Trident/7.0; rv:11.0) like Gecko"
138.21.12.24 - - [08/Feb/2021:11:12:27 +0100] "GET /reload?ser=1612779146629 HTTP/1.1" 200 28 "http://renault.2web.at/result?searchterm=true&search=dacia+mappe" "Mozilla/5.0 (Windows NT 10.0; Win64; x64) AppleWebKit/537.36 (KHTML, like Gecko) Chrome/88.0.4324.104 Safari/537.36"
80.122.53.230 - - [08/Feb/2021:11:12:29 +0100] "GET /reload?ser=1612779148976 HTTP/1.1" 200 28 "http://renault.activities.at/account" "Mozilla/5.0 (Windows NT 10.0; Win64; x64) AppleWebKit/537.36 (KHTML, like Gecko) Chrome/88.0.4324.146 Safari/537.36"
138.21.12.26 - - [08/Feb/2021:11:12:37 +0100] "GET /reload?ser=1612779157234 HTTP/1.1" 200 28 "http://renault.2web.at/result?searchterm=true&search=checkblock" "Mozilla/5.0 (Windows NT 10.0; WOW64; Trident/7.0; Touch; rv:11.0) like Gecko"
80.120.210.180 - - [08/Feb/2021:11:12:38 +0100] "GET /reload?ser=1612779158068 HTTP/1.1" 200 28 "http://renault.2web.at/result?mode=list&search=Dacia%20Mappe" "Mozilla/5.0 (Windows NT 10.0; Win64; x64) AppleWebKit/537.36 (KHTML, like Gecko) Chrome/88.0.4324.150 Safari/537.36 Edg/88.0.705.63"
80.122.221.194 - - [08/Feb/2021:11:12:39 +0100] "GET /reload?ser=1612779159148 HTTP/1.1" 200 28 "http://renault.activities.at/login?required=true" "Mozilla/5.0 (Windows NT 10.0; Win64; x64) AppleWebKit/537.36 (KHTML, like Gecko) Chrome/88.0.4324.96 Safari/537.36 Edg/88.0.705.56"
80.120.210.180 - - [08/Feb/2021:11:13:05 +0100] "GET /reload?ser=1612779185068 HTTP/1.1" 200 28 "http://renault.activities.at/" "Mozilla/5.0 (Windows NT 10.0; Win64; x64) AppleWebKit/537.36 (KHTML, like Gecko) Chrome/88.0.4324.150 Safari/537.36 Edg/88.0.705.63"
178.188.80.226 - - [08/Feb/2021:11:13:05 +0100] "GET /reload?ser=1612779185700 HTTP/1.1" 200 28 "http://renault.activities.at/success" "Mozilla/5.0 (Windows NT 6.1; WOW64; Trident/7.0; rv:11.0) like Gecko"
138.21.12.24 - - [08/Feb/2021:11:13:29 +0100] "GET /reload?ser=1612779208632 HTTP/1.1" 200 28 "http://renault.2web.at/result?searchterm=true&search=dacia+mappe" "Mozilla/5.0 (Windows NT 10.0; Win64; x64) AppleWebKit/537.36 (KHTML, like Gecko) Chrome/88.0.4324.104 Safari/537.36"
80.122.53.230 - - [08/Feb/2021:11:13:30 +0100] "GET /reload?ser=1612779209911 HTTP/1.1" 200 28 "http://renault.activities.at/account" "Mozilla/5.0 (Windows NT 10.0; Win64; x64) AppleWebKit/537.36 (KHTML, like Gecko) Chrome/88.0.4324.146 Safari/537.36"
138.21.12.26 - - [08/Feb/2021:11:13:38 +0100] "GET /reload?ser=1612779218380 HTTP/1.1" 200 28 "http://renault.2web.at/result?searchterm=true&search=checkblock" "Mozilla/5.0 (Windows NT 10.0; WOW64; Trident/7.0; Touch; rv:11.0) like Gecko"
80.120.210.180 - - [08/Feb/2021:11:13:39 +0100] "GET /reload?ser=1612779219068 HTTP/1.1" 200 28 "http://renault.2web.at/result?mode=list&search=Dacia%20Mappe" "Mozilla/5.0 (Windows NT 10.0; Win64; x64) AppleWebKit/537.36 (KHTML, like Gecko) Chrome/88.0.4324.150 Safari/537.36 Edg/88.0.705.63"
80.122.221.194 - - [08/Feb/2021:11:13:40 +0100] "GET /reload?ser=1612779220152 HTTP/1.1" 200 28 "http://renault.activities.at/login?required=true" "Mozilla/5.0 (Windows NT 10.0; Win64; x64) AppleWebKit/537.36 (KHTML, like Gecko) Chrome/88.0.4324.96 Safari/537.36 Edg/88.0.705.56"
80.120.210.180 - - [08/Feb/2021:11:14:06 +0100] "GET /reload?ser=1612779246068 HTTP/1.1" 200 28 "http://renault.activities.at/" "Mozilla/5.0 (Windows NT 10.0; Win64; x64) AppleWebKit/537.36 (KHTML, like Gecko) Chrome/88.0.4324.150 Safari/537.36 Edg/88.0.705.63"
80.122.53.230 - - [08/Feb/2021:11:14:31 +0100] "GET /reload?ser=1612779270892 HTTP/1.1" 200 28 "http://renault.activities.at/account" "Mozilla/5.0 (Windows NT 10.0; Win64; x64) AppleWebKit/537.36 (KHTML, like Gecko) Chrome/88.0.4324.146 Safari/537.36"
138.21.12.24 - - [08/Feb/2021:11:14:31 +0100] "GET /reload?ser=1612779270634 HTTP/1.1" 200 28 "http://renault.2web.at/result?searchterm=true&search=dacia+mappe" "Mozilla/5.0 (Windows NT 10.0; Win64; x64) AppleWebKit/537.36 (KHTML, like Gecko) Chrome/88.0.4324.104 Safari/537.36"
138.21.12.26 - - [08/Feb/2021:11:14:39 +0100] "GET /reload?ser=1612779279453 HTTP/1.1" 200 28 "http://renault.2web.at/result?searchterm=true&search=checkblock" "Mozilla/5.0 (Windows NT 10.0; WOW64; Trident/7.0; Touch; rv:11.0) like Gecko"
80.122.221.194 - - [08/Feb/2021:11:14:41 +0100] "GET /reload?ser=1612779281154 HTTP/1.1" 200 28 "http://renault.activities.at/login?required=true" "Mozilla/5.0 (Windows NT 10.0; Win64; x64) AppleWebKit/537.36 (KHTML, like Gecko) Chrome/88.0.4324.96 Safari/537.36 Edg/88.0.705.56"
80.120.210.180 - - [08/Feb/2021:11:14:41 +0100] "GET /reload?ser=1612779281068 HTTP/1.1" 200 28 "http://renault.2web.at/result?mode=list&search=Dacia%20Mappe" "Mozilla/5.0 (Windows NT 10.0; Win64; x64) AppleWebKit/537.36 (KHTML, like Gecko) Chrome/88.0.4324.150 Safari/537.36 Edg/88.0.705.63"
80.120.210.180 - - [08/Feb/2021:11:15:07 +0100] "GET /reload?ser=1612779307068 HTTP/1.1" 200 28 "http://renault.activities.at/" "Mozilla/5.0 (Windows NT 10.0; Win64; x64) AppleWebKit/537.36 (KHTML, like Gecko) Chrome/88.0.4324.150 Safari/537.36 Edg/88.0.705.63"
80.122.53.230 - - [08/Feb/2021:11:15:32 +0100] "GET /reload?ser=1612779331829 HTTP/1.1" 200 28 "http://renault.activities.at/account" "Mozilla/5.0 (Windows NT 10.0; Win64; x64) AppleWebKit/537.36 (KHTML, like Gecko) Chrome/88.0.4324.146 Safari/537.36"
138.21.12.24 - - [08/Feb/2021:11:15:33 +0100] "GET /reload?ser=1612779332636 HTTP/1.1" 200 28 "http://renault.2web.at/result?searchterm=true&search=dacia+mappe" "Mozilla/5.0 (Windows NT 10.0; Win64; x64) AppleWebKit/537.36 (KHTML, like Gecko) Chrome/88.0.4324.104 Safari/537.36"
138.21.12.26 - - [08/Feb/2021:11:15:40 +0100] "GET /reload?ser=1612779340587 HTTP/1.1" 200 28 "http://renault.2web.at/result?searchterm=true&search=checkblock" "Mozilla/5.0 (Windows NT 10.0; WOW64; Trident/7.0; Touch; rv:11.0) like Gecko"
80.122.221.194 - - [08/Feb/2021:11:15:42 +0100] "GET /reload?ser=1612779342155 HTTP/1.1" 200 28 "http://renault.activities.at/login?required=true" "Mozilla/5.0 (Windows NT 10.0; Win64; x64) AppleWebKit/537.36 (KHTML, like Gecko) Chrome/88.0.4324.96 Safari/537.36 Edg/88.0.705.56"
80.120.210.180 - - [08/Feb/2021:11:15:42 +0100] "GET /reload?ser=1612779342068 HTTP/1.1" 200 28 "http://renault.2web.at/result?mode=list&search=Dacia%20Mappe" "Mozilla/5.0 (Windows NT 10.0; Win64; x64) AppleWebKit/537.36 (KHTML, like Gecko) Chrome/88.0.4324.150 Safari/537.36 Edg/88.0.705.63"
80.120.210.180 - - [08/Feb/2021:11:16:08 +0100] "GET /reload?ser=1612779368068 HTTP/1.1" 200 28 "http://renault.activities.at/" "Mozilla/5.0 (Windows NT 10.0; Win64; x64) AppleWebKit/537.36 (KHTML, like Gecko) Chrome/88.0.4324.150 Safari/537.36 Edg/88.0.705.63"
80.122.53.230 - - [08/Feb/2021:11:16:33 +0100] "GET /reload?ser=1612779392798 HTTP/1.1" 200 28 "http://renault.activities.at/account" "Mozilla/5.0 (Windows NT 10.0; Win64; x64) AppleWebKit/537.36 (KHTML, like Gecko) Chrome/88.0.4324.146 Safari/537.36"
138.21.12.24 - - [08/Feb/2021:11:16:35 +0100] "GET /reload?ser=1612779394638 HTTP/1.1" 200 28 "http://renault.2web.at/result?searchterm=true&search=dacia+mappe" "Mozilla/5.0 (Windows NT 10.0; Win64; x64) AppleWebKit/537.36 (KHTML, like Gecko) Chrome/88.0.4324.104 Safari/537.36"
138.21.12.26 - - [08/Feb/2021:11:16:41 +0100] "GET /reload?ser=1612779401699 HTTP/1.1" 200 28 "http://renault.2web.at/result?searchterm=true&search=checkblock" "Mozilla/5.0 (Windows NT 10.0; WOW64; Trident/7.0; Touch; rv:11.0) like Gecko"
80.122.221.194 - - [08/Feb/2021:11:16:43 +0100] "GET /reload?ser=1612779403159 HTTP/1.1" 200 28 "http://renault.activities.at/login?required=true" "Mozilla/5.0 (Windows NT 10.0; Win64; x64) AppleWebKit/537.36 (KHTML, like Gecko) Chrome/88.0.4324.96 Safari/537.36 Edg/88.0.705.56"
80.120.210.180 - - [08/Feb/2021:11:16:43 +0100] "GET /reload?ser=1612779403068 HTTP/1.1" 200 28 "http://renault.2web.at/result?mode=list&search=Dacia%20Mappe" "Mozilla/5.0 (Windows NT 10.0; Win64; x64) AppleWebKit/537.36 (KHTML, like Gecko) Chrome/88.0.4324.150 Safari/537.36 Edg/88.0.705.63"
80.120.210.180 - - [08/Feb/2021:11:17:09 +0100] "GET /reload?ser=1612779429068 HTTP/1.1" 200 28 "http://renault.activities.at/" "Mozilla/5.0 (Windows NT 10.0; Win64; x64) AppleWebKit/537.36 (KHTML, like Gecko) Chrome/88.0.4324.150 Safari/537.36 Edg/88.0.705.63"
80.122.53.230 - - [08/Feb/2021:11:17:33 +0100] "GET /reload?ser=1612779453737 HTTP/1.1" 200 28 "http://renault.activities.at/account" "Mozilla/5.0 (Windows NT 10.0; Win64; x64) AppleWebKit/537.36 (KHTML, like Gecko) Chrome/88.0.4324.146 Safari/537.36"
138.21.12.24 - - [08/Feb/2021:11:17:37 +0100] "GET /reload?ser=1612779456640 HTTP/1.1" 200 28 "http://renault.2web.at/result?searchterm=true&search=dacia+mappe" "Mozilla/5.0 (Windows NT 10.0; Win64; x64) AppleWebKit/537.36 (KHTML, like Gecko) Chrome/88.0.4324.104 Safari/537.36"
138.21.12.26 - - [08/Feb/2021:11:17:43 +0100] "GET /reload?ser=1612779462884 HTTP/1.1" 200 28 "http://renault.2web.at/result?searchterm=true&search=checkblock" "Mozilla/5.0 (Windows NT 10.0; WOW64; Trident/7.0; Touch; rv:11.0) like Gecko"
80.122.221.194 - - [08/Feb/2021:11:17:44 +0100] "GET /reload?ser=1612779464149 HTTP/1.1" 200 28 "http://renault.activities.at/login?required=true" "Mozilla/5.0 (Windows NT 10.0; Win64; x64) AppleWebKit/537.36 (KHTML, like Gecko) Chrome/88.0.4324.96 Safari/537.36 Edg/88.0.705.56"
80.120.210.180 - - [08/Feb/2021:11:17:44 +0100] "GET /reload?ser=1612779464068 HTTP/1.1" 200 28 "http://renault.2web.at/result?mode=list&search=Dacia%20Mappe" "Mozilla/5.0 (Windows NT 10.0; Win64; x64) AppleWebKit/537.36 (KHTML, like Gecko) Chrome/88.0.4324.150 Safari/537.36 Edg/88.0.705.63"
80.120.210.180 - - [08/Feb/2021:11:18:10 +0100] "GET /reload?ser=1612779490068 HTTP/1.1" 200 28 "http://renault.activities.at/" "Mozilla/5.0 (Windows NT 10.0; Win64; x64) AppleWebKit/537.36 (KHTML, like Gecko) Chrome/88.0.4324.150 Safari/537.36 Edg/88.0.705.63"
80.122.53.230 - - [08/Feb/2021:11:18:35 +0100] "GET /reload?ser=1612779514717 HTTP/1.1" 200 28 "http://renault.activities.at/account" "Mozilla/5.0 (Windows NT 10.0; Win64; x64) AppleWebKit/537.36 (KHTML, like Gecko) Chrome/88.0.4324.146 Safari/537.36"
138.21.12.24 - - [08/Feb/2021:11:18:39 +0100] "GET /reload?ser=1612779518644 HTTP/1.1" 200 28 "http://renault.2web.at/result?searchterm=true&search=dacia+mappe" "Mozilla/5.0 (Windows NT 10.0; Win64; x64) AppleWebKit/537.36 (KHTML, like Gecko) Chrome/88.0.4324.104 Safari/537.36"
138.21.12.26 - - [08/Feb/2021:11:18:44 +0100] "GET /reload?ser=1612779524006 HTTP/1.1" 200 28 "http://renault.2web.at/result?searchterm=true&search=checkblock" "Mozilla/5.0 (Windows NT 10.0; WOW64; Trident/7.0; Touch; rv:11.0) like Gecko"
80.122.221.194 - - [08/Feb/2021:11:18:45 +0100] "GET /reload?ser=1612779525146 HTTP/1.1" 200 28 "http://renault.activities.at/login?required=true" "Mozilla/5.0 (Windows NT 10.0; Win64; x64) AppleWebKit/537.36 (KHTML, like Gecko) Chrome/88.0.4324.96 Safari/537.36 Edg/88.0.705.56"
80.120.210.180 - - [08/Feb/2021:11:18:45 +0100] "GET /reload?ser=1612779525068 HTTP/1.1" 200 28 "http://renault.2web.at/result?mode=list&search=Dacia%20Mappe" "Mozilla/5.0 (Windows NT 10.0; Win64; x64) AppleWebKit/537.36 (KHTML, like Gecko) Chrome/88.0.4324.150 Safari/537.36 Edg/88.0.705.63"
80.120.210.180 - - [08/Feb/2021:11:19:11 +0100] "GET /reload?ser=1612779551068 HTTP/1.1" 200 28 "http://renault.activities.at/" "Mozilla/5.0 (Windows NT 10.0; Win64; x64) AppleWebKit/537.36 (KHTML, like Gecko) Chrome/88.0.4324.150 Safari/537.36 Edg/88.0.705.63"
80.122.53.230 - - [08/Feb/2021:11:19:36 +0100] "GET /reload?ser=1612779575949 HTTP/1.1" 200 28 "http://renault.activities.at/account" "Mozilla/5.0 (Windows NT 10.0; Win64; x64) AppleWebKit/537.36 (KHTML, like Gecko) Chrome/88.0.4324.146 Safari/537.36"
138.21.12.24 - - [08/Feb/2021:11:19:41 +0100] "GET /reload?ser=1612779580649 HTTP/1.1" 200 28 "http://renault.2web.at/result?searchterm=true&search=dacia+mappe" "Mozilla/5.0 (Windows NT 10.0; Win64; x64) AppleWebKit/537.36 (KHTML, like Gecko) Chrome/88.0.4324.104 Safari/537.36"
138.21.12.26 - - [08/Feb/2021:11:19:45 +0100] "GET /reload?ser=1612779585121 HTTP/1.1" 200 28 "http://renault.2web.at/result?searchterm=true&search=checkblock" "Mozilla/5.0 (Windows NT 10.0; WOW64; Trident/7.0; Touch; rv:11.0) like Gecko"
80.122.221.194 - - [08/Feb/2021:11:19:46 +0100] "GET /reload?ser=1612779586152 HTTP/1.1" 200 28 "http://renault.activities.at/login?required=true" "Mozilla/5.0 (Windows NT 10.0; Win64; x64) AppleWebKit/537.36 (KHTML, like Gecko) Chrome/88.0.4324.96 Safari/537.36 Edg/88.0.705.56"
80.120.210.180 - - [08/Feb/2021:11:19:46 +0100] "GET /reload?ser=1612779586068 HTTP/1.1" 200 28 "http://renault.2web.at/result?mode=list&search=Dacia%20Mappe" "Mozilla/5.0 (Windows NT 10.0; Win64; x64) AppleWebKit/537.36 (KHTML, like Gecko) Chrome/88.0.4324.150 Safari/537.36 Edg/88.0.705.63"
80.120.210.180 - - [08/Feb/2021:11:20:12 +0100] "GET /reload?ser=1612779612068 HTTP/1.1" 200 28 "http://renault.activities.at/" "Mozilla/5.0 (Windows NT 10.0; Win64; x64) AppleWebKit/537.36 (KHTML, like Gecko) Chrome/88.0.4324.150 Safari/537.36 Edg/88.0.705.63"
80.122.53.230 - - [08/Feb/2021:11:20:37 +0100] "GET /reload?ser=1612779636897 HTTP/1.1" 200 28 "http://renault.activities.at/account" "Mozilla/5.0 (Windows NT 10.0; Win64; x64) AppleWebKit/537.36 (KHTML, like Gecko) Chrome/88.0.4324.146 Safari/537.36"
138.21.12.24 - - [08/Feb/2021:11:20:43 +0100] "GET /reload?ser=1612779642646 HTTP/1.1" 200 28 "http://renault.2web.at/result?searchterm=true&search=dacia+mappe" "Mozilla/5.0 (Windows NT 10.0; Win64; x64) AppleWebKit/537.36 (KHTML, like Gecko) Chrome/88.0.4324.104 Safari/537.36"
138.21.12.26 - - [08/Feb/2021:11:20:46 +0100] "GET /reload?ser=1612779646193 HTTP/1.1" 200 28 "http://renault.2web.at/result?searchterm=true&search=checkblock" "Mozilla/5.0 (Windows NT 10.0; WOW64; Trident/7.0; Touch; rv:11.0) like Gecko"
80.122.221.194 - - [08/Feb/2021:11:20:47 +0100] "GET /reload?ser=1612779647152 HTTP/1.1" 200 28 "http://renault.activities.at/login?required=true" "Mozilla/5.0 (Windows NT 10.0; Win64; x64) AppleWebKit/537.36 (KHTML, like Gecko) Chrome/88.0.4324.96 Safari/537.36 Edg/88.0.705.56"
80.120.210.180 - - [08/Feb/2021:11:20:48 +0100] "GET /reload?ser=1612779648068 HTTP/1.1" 200 28 "http://renault.2web.at/result?mode=list&search=Dacia%20Mappe" "Mozilla/5.0 (Windows NT 10.0; Win64; x64) AppleWebKit/537.36 (KHTML, like Gecko) Chrome/88.0.4324.150 Safari/537.36 Edg/88.0.705.63"
80.120.210.180 - - [08/Feb/2021:11:21:13 +0100] "GET /reload?ser=1612779673068 HTTP/1.1" 200 28 "http://renault.activities.at/" "Mozilla/5.0 (Windows NT 10.0; Win64; x64) AppleWebKit/537.36 (KHTML, like Gecko) Chrome/88.0.4324.150 Safari/537.36 Edg/88.0.705.63"
80.122.53.230 - - [08/Feb/2021:11:21:38 +0100] "GET /reload?ser=1612779697885 HTTP/1.1" 200 28 "http://renault.activities.at/account" "Mozilla/5.0 (Windows NT 10.0; Win64; x64) AppleWebKit/537.36 (KHTML, like Gecko) Chrome/88.0.4324.146 Safari/537.36"
138.21.12.24 - - [08/Feb/2021:11:21:45 +0100] "GET /reload?ser=1612779704648 HTTP/1.1" 200 28 "http://renault.2web.at/result?searchterm=true&search=dacia+mappe" "Mozilla/5.0 (Windows NT 10.0; Win64; x64) AppleWebKit/537.36 (KHTML, like Gecko) Chrome/88.0.4324.104 Safari/537.36"
138.21.12.26 - - [08/Feb/2021:11:21:47 +0100] "GET /reload?ser=1612779707351 HTTP/1.1" 200 28 "http://renault.2web.at/result?searchterm=true&search=checkblock" "Mozilla/5.0 (Windows NT 10.0; WOW64; Trident/7.0; Touch; rv:11.0) like Gecko"
80.122.221.194 - - [08/Feb/2021:11:21:48 +0100] "GET /reload?ser=1612779708155 HTTP/1.1" 200 28 "http://renault.activities.at/login?required=true" "Mozilla/5.0 (Windows NT 10.0; Win64; x64) AppleWebKit/537.36 (KHTML, like Gecko) Chrome/88.0.4324.96 Safari/537.36 Edg/88.0.705.56"
80.120.210.180 - - [08/Feb/2021:11:21:49 +0100] "GET /reload?ser=1612779709068 HTTP/1.1" 200 28 "http://renault.2web.at/result?mode=list&search=Dacia%20Mappe" "Mozilla/5.0 (Windows NT 10.0; Win64; x64) AppleWebKit/537.36 (KHTML, like Gecko) Chrome/88.0.4324.150 Safari/537.36 Edg/88.0.705.63"
80.120.210.180 - - [08/Feb/2021:11:22:14 +0100] "GET /reload?ser=1612779734068 HTTP/1.1" 200 28 "http://renault.activities.at/" "Mozilla/5.0 (Windows NT 10.0; Win64; x64) AppleWebKit/537.36 (KHTML, like Gecko) Chrome/88.0.4324.150 Safari/537.36 Edg/88.0.705.63"
80.122.53.230 - - [08/Feb/2021:11:22:39 +0100] "GET /reload?ser=1612779758875 HTTP/1.1" 200 28 "http://renault.activities.at/account" "Mozilla/5.0 (Windows NT 10.0; Win64; x64) AppleWebKit/537.36 (KHTML, like Gecko) Chrome/88.0.4324.146 Safari/537.36"
138.21.12.24 - - [08/Feb/2021:11:22:47 +0100] "GET /reload?ser=1612779766649 HTTP/1.1" 200 28 "http://renault.2web.at/result?searchterm=true&search=dacia+mappe" "Mozilla/5.0 (Windows NT 10.0; Win64; x64) AppleWebKit/537.36 (KHTML, like Gecko) Chrome/88.0.4324.104 Safari/537.36"
138.21.12.26 - - [08/Feb/2021:11:22:48 +0100] "GET /reload?ser=1612779768429 HTTP/1.1" 200 28 "http://renault.2web.at/result?searchterm=true&search=checkblock" "Mozilla/5.0 (Windows NT 10.0; WOW64; Trident/7.0; Touch; rv:11.0) like Gecko"
80.122.221.194 - - [08/Feb/2021:11:22:49 +0100] "GET /reload?ser=1612779769154 HTTP/1.1" 200 28 "http://renault.activities.at/login?required=true" "Mozilla/5.0 (Windows NT 10.0; Win64; x64) AppleWebKit/537.36 (KHTML, like Gecko) Chrome/88.0.4324.96 Safari/537.36 Edg/88.0.705.56"
80.120.210.180 - - [08/Feb/2021:11:22:50 +0100] "GET /reload?ser=1612779770068 HTTP/1.1" 200 28 "http://renault.2web.at/result?mode=list&search=Dacia%20Mappe" "Mozilla/5.0 (Windows NT 10.0; Win64; x64) AppleWebKit/537.36 (KHTML, like Gecko) Chrome/88.0.4324.150 Safari/537.36 Edg/88.0.705.63"
80.120.210.180 - - [08/Feb/2021:11:23:15 +0100] "GET /reload?ser=1612779795068 HTTP/1.1" 200 28 "http://renault.activities.at/" "Mozilla/5.0 (Windows NT 10.0; Win64; x64) AppleWebKit/537.36 (KHTML, like Gecko) Chrome/88.0.4324.150 Safari/537.36 Edg/88.0.705.63"
80.122.53.230 - - [08/Feb/2021:11:23:40 +0100] "GET /reload?ser=1612779819830 HTTP/1.1" 200 28 "http://renault.activities.at/account" "Mozilla/5.0 (Windows NT 10.0; Win64; x64) AppleWebKit/537.36 (KHTML, like Gecko) Chrome/88.0.4324.146 Safari/537.36"
138.21.12.24 - - [08/Feb/2021:11:23:49 +0100] "GET /reload?ser=1612779828651 HTTP/1.1" 200 28 "http://renault.2web.at/result?searchterm=true&search=dacia+mappe" "Mozilla/5.0 (Windows NT 10.0; Win64; x64) AppleWebKit/537.36 (KHTML, like Gecko) Chrome/88.0.4324.104 Safari/537.36"
138.21.12.26 - - [08/Feb/2021:11:23:49 +0100] "GET /reload?ser=1612779829577 HTTP/1.1" 200 28 "http://renault.2web.at/result?searchterm=true&search=checkblock" "Mozilla/5.0 (Windows NT 10.0; WOW64; Trident/7.0; Touch; rv:11.0) like Gecko"
80.122.221.194 - - [08/Feb/2021:11:23:50 +0100] "GET /reload?ser=1612779830154 HTTP/1.1" 200 28 "http://renault.activities.at/login?required=true" "Mozilla/5.0 (Windows NT 10.0; Win64; x64) AppleWebKit/537.36 (KHTML, like Gecko) Chrome/88.0.4324.96 Safari/537.36 Edg/88.0.705.56"
80.120.210.180 - - [08/Feb/2021:11:23:51 +0100] "GET /reload?ser=1612779831068 HTTP/1.1" 200 28 "http://renault.2web.at/result?mode=list&search=Dacia%20Mappe" "Mozilla/5.0 (Windows NT 10.0; Win64; x64) AppleWebKit/537.36 (KHTML, like Gecko) Chrome/88.0.4324.150 Safari/537.36 Edg/88.0.705.63"
80.120.210.180 - - [08/Feb/2021:11:24:16 +0100] "GET /reload?ser=1612779856068 HTTP/1.1" 200 28 "http://renault.activities.at/" "Mozilla/5.0 (Windows NT 10.0; Win64; x64) AppleWebKit/537.36 (KHTML, like Gecko) Chrome/88.0.4324.150 Safari/537.36 Edg/88.0.705.63"
80.122.53.230 - - [08/Feb/2021:11:24:41 +0100] "GET /reload?ser=1612779880832 HTTP/1.1" 200 28 "http://renault.activities.at/account" "Mozilla/5.0 (Windows NT 10.0; Win64; x64) AppleWebKit/537.36 (KHTML, like Gecko) Chrome/88.0.4324.146 Safari/537.36"
80.122.221.194 - - [08/Feb/2021:11:24:51 +0100] "GET /reload?ser=1612779891157 HTTP/1.1" 200 28 "http://renault.activities.at/login?required=true" "Mozilla/5.0 (Windows NT 10.0; Win64; x64) AppleWebKit/537.36 (KHTML, like Gecko) Chrome/88.0.4324.96 Safari/537.36 Edg/88.0.705.56"
138.21.12.26 - - [08/Feb/2021:11:24:50 +0100] "GET /reload?ser=1612779890749 HTTP/1.1" 200 28 "http://renault.2web.at/result?searchterm=true&search=checkblock" "Mozilla/5.0 (Windows NT 10.0; WOW64; Trident/7.0; Touch; rv:11.0) like Gecko"
138.21.12.24 - - [08/Feb/2021:11:24:51 +0100] "GET /reload?ser=1612779890652 HTTP/1.1" 200 28 "http://renault.2web.at/result?searchterm=true&search=dacia+mappe" "Mozilla/5.0 (Windows NT 10.0; Win64; x64) AppleWebKit/537.36 (KHTML, like Gecko) Chrome/88.0.4324.104 Safari/537.36"
80.120.210.180 - - [08/Feb/2021:11:24:52 +0100] "GET /reload?ser=1612779892068 HTTP/1.1" 200 28 "http://renault.2web.at/result?mode=list&search=Dacia%20Mappe" "Mozilla/5.0 (Windows NT 10.0; Win64; x64) AppleWebKit/537.36 (KHTML, like Gecko) Chrome/88.0.4324.150 Safari/537.36 Edg/88.0.705.63"
80.120.210.180 - - [08/Feb/2021:11:25:17 +0100] "GET /reload?ser=1612779917068 HTTP/1.1" 200 28 "http://renault.activities.at/" "Mozilla/5.0 (Windows NT 10.0; Win64; x64) AppleWebKit/537.36 (KHTML, like Gecko) Chrome/88.0.4324.150 Safari/537.36 Edg/88.0.705.63"
80.122.53.230 - - [08/Feb/2021:11:25:42 +0100] "GET /reload?ser=1612779941787 HTTP/1.1" 200 28 "http://renault.activities.at/account" "Mozilla/5.0 (Windows NT 10.0; Win64; x64) AppleWebKit/537.36 (KHTML, like Gecko) Chrome/88.0.4324.146 Safari/537.36"
80.122.221.194 - - [08/Feb/2021:11:25:52 +0100] "GET /reload?ser=1612779952158 HTTP/1.1" 200 28 "http://renault.activities.at/login?required=true" "Mozilla/5.0 (Windows NT 10.0; Win64; x64) AppleWebKit/537.36 (KHTML, like Gecko) Chrome/88.0.4324.96 Safari/537.36 Edg/88.0.705.56"
138.21.12.26 - - [08/Feb/2021:11:25:51 +0100] "GET /reload?ser=1612779951899 HTTP/1.1" 200 28 "http://renault.2web.at/result?searchterm=true&search=checkblock" "Mozilla/5.0 (Windows NT 10.0; WOW64; Trident/7.0; Touch; rv:11.0) like Gecko"
80.120.210.180 - - [08/Feb/2021:11:25:53 +0100] "GET /reload?ser=1612779953068 HTTP/1.1" 200 28 "http://renault.2web.at/result?mode=list&search=Dacia%20Mappe" "Mozilla/5.0 (Windows NT 10.0; Win64; x64) AppleWebKit/537.36 (KHTML, like Gecko) Chrome/88.0.4324.150 Safari/537.36 Edg/88.0.705.63"
138.21.12.24 - - [08/Feb/2021:11:25:53 +0100] "GET /reload?ser=1612779952654 HTTP/1.1" 200 28 "http://renault.2web.at/result?searchterm=true&search=dacia+mappe" "Mozilla/5.0 (Windows NT 10.0; Win64; x64) AppleWebKit/537.36 (KHTML, like Gecko) Chrome/88.0.4324.104 Safari/537.36"
80.120.210.180 - - [08/Feb/2021:11:26:18 +0100] "GET /reload?ser=1612779978068 HTTP/1.1" 200 28 "http://renault.activities.at/" "Mozilla/5.0 (Windows NT 10.0; Win64; x64) AppleWebKit/537.36 (KHTML, like Gecko) Chrome/88.0.4324.150 Safari/537.36 Edg/88.0.705.63"
80.122.53.230 - - [08/Feb/2021:11:26:42 +0100] "GET /reload?ser=1612780002726 HTTP/1.1" 200 28 "http://renault.activities.at/account" "Mozilla/5.0 (Windows NT 10.0; Win64; x64) AppleWebKit/537.36 (KHTML, like Gecko) Chrome/88.0.4324.146 Safari/537.36"
80.122.221.194 - - [08/Feb/2021:11:26:53 +0100] "GET /reload?ser=1612780013155 HTTP/1.1" 200 28 "http://renault.activities.at/login?required=true" "Mozilla/5.0 (Windows NT 10.0; Win64; x64) AppleWebKit/537.36 (KHTML, like Gecko) Chrome/88.0.4324.96 Safari/537.36 Edg/88.0.705.56"
138.21.12.26 - - [08/Feb/2021:11:26:53 +0100] "GET /reload?ser=1612780013010 HTTP/1.1" 200 28 "http://renault.2web.at/result?searchterm=true&search=checkblock" "Mozilla/5.0 (Windows NT 10.0; WOW64; Trident/7.0; Touch; rv:11.0) like Gecko"
80.120.210.180 - - [08/Feb/2021:11:26:54 +0100] "GET /reload?ser=1612780014068 HTTP/1.1" 200 28 "http://renault.2web.at/result?mode=list&search=Dacia%20Mappe" "Mozilla/5.0 (Windows NT 10.0; Win64; x64) AppleWebKit/537.36 (KHTML, like Gecko) Chrome/88.0.4324.150 Safari/537.36 Edg/88.0.705.63"
138.21.12.24 - - [08/Feb/2021:11:26:55 +0100] "GET /reload?ser=1612780014653 HTTP/1.1" 200 28 "http://renault.2web.at/result?searchterm=true&search=dacia+mappe" "Mozilla/5.0 (Windows NT 10.0; Win64; x64) AppleWebKit/537.36 (KHTML, like Gecko) Chrome/88.0.4324.104 Safari/537.36"
80.120.210.180 - - [08/Feb/2021:11:27:19 +0100] "GET /reload?ser=1612780039068 HTTP/1.1" 200 28 "http://renault.activities.at/" "Mozilla/5.0 (Windows NT 10.0; Win64; x64) AppleWebKit/537.36 (KHTML, like Gecko) Chrome/88.0.4324.150 Safari/537.36 Edg/88.0.705.63"
80.122.53.230 - - [08/Feb/2021:11:27:43 +0100] "GET /reload?ser=1612780063682 HTTP/1.1" 200 28 "http://renault.activities.at/account" "Mozilla/5.0 (Windows NT 10.0; Win64; x64) AppleWebKit/537.36 (KHTML, like Gecko) Chrome/88.0.4324.146 Safari/537.36"
80.122.221.194 - - [08/Feb/2021:11:27:54 +0100] "GET /reload?ser=1612780074154 HTTP/1.1" 200 28 "http://renault.activities.at/login?required=true" "Mozilla/5.0 (Windows NT 10.0; Win64; x64) AppleWebKit/537.36 (KHTML, like Gecko) Chrome/88.0.4324.96 Safari/537.36 Edg/88.0.705.56"
138.21.12.26 - - [08/Feb/2021:11:27:54 +0100] "GET /reload?ser=1612780074147 HTTP/1.1" 200 28 "http://renault.2web.at/result?searchterm=true&search=checkblock" "Mozilla/5.0 (Windows NT 10.0; WOW64; Trident/7.0; Touch; rv:11.0) like Gecko"
80.120.210.180 - - [08/Feb/2021:11:27:55 +0100] "GET /reload?ser=1612780075068 HTTP/1.1" 200 28 "http://renault.2web.at/result?mode=list&search=Dacia%20Mappe" "Mozilla/5.0 (Windows NT 10.0; Win64; x64) AppleWebKit/537.36 (KHTML, like Gecko) Chrome/88.0.4324.150 Safari/537.36 Edg/88.0.705.63"
138.21.12.24 - - [08/Feb/2021:11:27:57 +0100] "GET /reload?ser=1612780076655 HTTP/1.1" 200 28 "http://renault.2web.at/result?searchterm=true&search=dacia+mappe" "Mozilla/5.0 (Windows NT 10.0; Win64; x64) AppleWebKit/537.36 (KHTML, like Gecko) Chrome/88.0.4324.104 Safari/537.36"
80.120.210.180 - - [08/Feb/2021:11:28:20 +0100] "GET /reload?ser=1612780100068 HTTP/1.1" 200 28 "http://renault.activities.at/" "Mozilla/5.0 (Windows NT 10.0; Win64; x64) AppleWebKit/537.36 (KHTML, like Gecko) Chrome/88.0.4324.150 Safari/537.36 Edg/88.0.705.63"
80.122.53.230 - - [08/Feb/2021:11:28:44 +0100] "GET /reload?ser=1612780124685 HTTP/1.1" 200 28 "http://renault.activities.at/account" "Mozilla/5.0 (Windows NT 10.0; Win64; x64) AppleWebKit/537.36 (KHTML, like Gecko) Chrome/88.0.4324.146 Safari/537.36"
80.122.221.194 - - [08/Feb/2021:11:28:55 +0100] "GET /reload?ser=1612780135157 HTTP/1.1" 200 28 "http://renault.activities.at/login?required=true" "Mozilla/5.0 (Windows NT 10.0; Win64; x64) AppleWebKit/537.36 (KHTML, like Gecko) Chrome/88.0.4324.96 Safari/537.36 Edg/88.0.705.56"
138.21.12.26 - - [08/Feb/2021:11:28:55 +0100] "GET /reload?ser=1612780135290 HTTP/1.1" 200 28 "http://renault.2web.at/result?searchterm=true&search=checkblock" "Mozilla/5.0 (Windows NT 10.0; WOW64; Trident/7.0; Touch; rv:11.0) like Gecko"
138.21.12.24 - - [08/Feb/2021:11:28:59 +0100] "GET /reload?ser=1612780138656 HTTP/1.1" 200 28 "http://renault.2web.at/result?searchterm=true&search=dacia+mappe" "Mozilla/5.0 (Windows NT 10.0; Win64; x64) AppleWebKit/537.36 (KHTML, like Gecko) Chrome/88.0.4324.104 Safari/537.36"
80.122.53.230 - - [08/Feb/2021:11:29:45 +0100] "GET /reload?ser=1612780185660 HTTP/1.1" 200 28 "http://renault.activities.at/account" "Mozilla/5.0 (Windows NT 10.0; Win64; x64) AppleWebKit/537.36 (KHTML, like Gecko) Chrome/88.0.4324.146 Safari/537.36"
80.122.221.194 - - [08/Feb/2021:11:29:56 +0100] "GET /reload?ser=1612780196147 HTTP/1.1" 200 28 "http://renault.activities.at/login?required=true" "Mozilla/5.0 (Windows NT 10.0; Win64; x64) AppleWebKit/537.36 (KHTML, like Gecko) Chrome/88.0.4324.96 Safari/537.36 Edg/88.0.705.56"
138.21.12.26 - - [08/Feb/2021:11:29:56 +0100] "GET /reload?ser=1612780196498 HTTP/1.1" 200 28 "http://renault.2web.at/result?searchterm=true&search=checkblock" "Mozilla/5.0 (Windows NT 10.0; WOW64; Trident/7.0; Touch; rv:11.0) like Gecko"
138.21.12.24 - - [08/Feb/2021:11:30:01 +0100] "GET /reload?ser=1612780200660 HTTP/1.1" 200 28 "http://renault.2web.at/result?searchterm=true&search=dacia+mappe" "Mozilla/5.0 (Windows NT 10.0; Win64; x64) AppleWebKit/537.36 (KHTML, like Gecko) Chrome/88.0.4324.104 Safari/537.36"
80.122.53.230 - - [08/Feb/2021:11:30:46 +0100] "GET /reload?ser=1612780246656 HTTP/1.1" 200 28 "http://renault.activities.at/account" "Mozilla/5.0 (Windows NT 10.0; Win64; x64) AppleWebKit/537.36 (KHTML, like Gecko) Chrome/88.0.4324.146 Safari/537.36"
