93.83.102.34 - - [11/Feb/2021:14:19:33 +0100] "GET /loadthumbnail.php?id=12273107&width=113 HTTP/1.1" 200 2790 "http://renault.activities.at/10201637?dir=DESC&mode=grid&order=name&limit=15&page=9" "Mozilla/5.0 (Windows NT 10.0; Win64; x64) AppleWebKit/537.36 (KHTML, like Gecko) Chrome/88.0.4324.150 Safari/537.36"
93.83.102.34 - - [11/Feb/2021:14:19:33 +0100] "GET /loadthumbnail.php?id=12305845&width=113 HTTP/1.1" 200 2418 "http://renault.activities.at/10201637?dir=DESC&mode=grid&order=name&limit=15&page=9" "Mozilla/5.0 (Windows NT 10.0; Win64; x64) AppleWebKit/537.36 (KHTML, like Gecko) Chrome/88.0.4324.150 Safari/537.36"
93.83.102.34 - - [11/Feb/2021:14:19:33 +0100] "GET /loadthumbnail.php?id=12029412&width=113 HTTP/1.1" 200 3690 "http://renault.activities.at/10201637?dir=DESC&mode=grid&order=name&limit=15&page=9" "Mozilla/5.0 (Windows NT 10.0; Win64; x64) AppleWebKit/537.36 (KHTML, like Gecko) Chrome/88.0.4324.150 Safari/537.36"
93.83.102.34 - - [11/Feb/2021:14:19:33 +0100] "GET /loadthumbnail.php?id=11489794&width=113 HTTP/1.1" 200 2829 "http://renault.activities.at/10201637?dir=DESC&mode=grid&order=name&limit=15&page=9" "Mozilla/5.0 (Windows NT 10.0; Win64; x64) AppleWebKit/537.36 (KHTML, like Gecko) Chrome/88.0.4324.150 Safari/537.36"
93.83.102.34 - - [11/Feb/2021:14:19:33 +0100] "GET /loadthumbnail.php?id=12276317&width=113 HTTP/1.1" 200 2783 "http://renault.activities.at/10201637?dir=DESC&mode=grid&order=name&limit=15&page=9" "Mozilla/5.0 (Windows NT 10.0; Win64; x64) AppleWebKit/537.36 (KHTML, like Gecko) Chrome/88.0.4324.150 Safari/537.36"
93.83.102.34 - - [11/Feb/2021:14:19:33 +0100] "GET /loadthumbnail.php?id=11521730&width=113 HTTP/1.1" 200 2841 "http://renault.activities.at/10201637?dir=DESC&mode=grid&order=name&limit=15&page=9" "Mozilla/5.0 (Windows NT 10.0; Win64; x64) AppleWebKit/537.36 (KHTML, like Gecko) Chrome/88.0.4324.150 Safari/537.36"
93.83.102.34 - - [11/Feb/2021:14:19:33 +0100] "GET /loadthumbnail.php?id=11489786&width=113 HTTP/1.1" 200 2751 "http://renault.activities.at/10201637?dir=DESC&mode=grid&order=name&limit=15&page=9" "Mozilla/5.0 (Windows NT 10.0; Win64; x64) AppleWebKit/537.36 (KHTML, like Gecko) Chrome/88.0.4324.150 Safari/537.36"
93.83.102.34 - - [11/Feb/2021:14:19:33 +0100] "GET /loadthumbnail.php?id=10986339&width=113 HTTP/1.1" 200 3068 "http://renault.activities.at/10201637?dir=DESC&mode=grid&order=name&limit=15&page=9" "Mozilla/5.0 (Windows NT 10.0; Win64; x64) AppleWebKit/537.36 (KHTML, like Gecko) Chrome/88.0.4324.150 Safari/537.36"
93.83.102.34 - - [11/Feb/2021:14:19:33 +0100] "GET /loadthumbnail.php?id=12332933&width=113 HTTP/1.1" 200 1397 "http://renault.activities.at/10201637?dir=DESC&mode=grid&order=name&limit=15&page=9" "Mozilla/5.0 (Windows NT 10.0; Win64; x64) AppleWebKit/537.36 (KHTML, like Gecko) Chrome/88.0.4324.150 Safari/537.36"
93.83.102.34 - - [11/Feb/2021:14:19:33 +0100] "GET /loadthumbnail.php?id=11228502&width=113 HTTP/1.1" 200 1524 "http://renault.activities.at/10201637?dir=DESC&mode=grid&order=name&limit=15&page=9" "Mozilla/5.0 (Windows NT 10.0; Win64; x64) AppleWebKit/537.36 (KHTML, like Gecko) Chrome/88.0.4324.150 Safari/537.36"
193.194.132.28 - - [11/Feb/2021:14:19:49 +0100] "GET /reload?ser=1613049588393 HTTP/1.1" 200 28 "http://renault.2web.at/account" "Mozilla/5.0 (Windows NT 10.0; Win64; x64) AppleWebKit/537.36 (KHTML, like Gecko) Chrome/88.0.4324.150 Safari/537.36"
80.122.53.230 - - [11/Feb/2021:14:19:52 +0100] "GET /reload?ser=1613049592653 HTTP/1.1" 200 28 "http://renault.activities.at/cart" "Mozilla/5.0 (Windows NT 10.0; Win64; x64) AppleWebKit/537.36 (KHTML, like Gecko) Chrome/88.0.4324.150 Safari/537.36"
185.58.53.32 - - [11/Feb/2021:14:19:55 +0100] "GET /reload?ser=1613049595009 HTTP/1.1" 200 28 "http://renault.activities.at/" "Mozilla/5.0 (Windows NT 10.0; Win64; x64) AppleWebKit/537.36 (KHTML, like Gecko) Chrome/88.0.4324.150 Safari/537.36"
93.83.102.34 - - [11/Feb/2021:14:19:59 +0100] "GET /10201637?dir=DESC&mode=grid&order=name&limit=15&page=10 HTTP/1.1" 200 8893 "http://renault.activities.at/10201637?dir=DESC&mode=grid&order=name&limit=15&page=9" "Mozilla/5.0 (Windows NT 10.0; Win64; x64) AppleWebKit/537.36 (KHTML, like Gecko) Chrome/88.0.4324.150 Safari/537.36"
93.83.102.34 - - [11/Feb/2021:14:20:03 +0100] "GET /loadthumbnail.php?id=11433406&width=113 HTTP/1.1" 200 2604 "http://renault.activities.at/10201637?dir=DESC&mode=grid&order=name&limit=15&page=10" "Mozilla/5.0 (Windows NT 10.0; Win64; x64) AppleWebKit/537.36 (KHTML, like Gecko) Chrome/88.0.4324.150 Safari/537.36"
93.83.102.34 - - [11/Feb/2021:14:20:03 +0100] "GET /loadthumbnail.php?id=11459823&width=113 HTTP/1.1" 200 2833 "http://renault.activities.at/10201637?dir=DESC&mode=grid&order=name&limit=15&page=10" "Mozilla/5.0 (Windows NT 10.0; Win64; x64) AppleWebKit/537.36 (KHTML, like Gecko) Chrome/88.0.4324.150 Safari/537.36"
93.83.102.34 - - [11/Feb/2021:14:20:03 +0100] "GET /loadthumbnail.php?id=10271875&width=113 HTTP/1.1" 200 1262 "http://renault.activities.at/10201637?dir=DESC&mode=grid&order=name&limit=15&page=10" "Mozilla/5.0 (Windows NT 10.0; Win64; x64) AppleWebKit/537.36 (KHTML, like Gecko) Chrome/88.0.4324.150 Safari/537.36"
93.83.102.34 - - [11/Feb/2021:14:20:03 +0100] "GET /loadthumbnail.php?id=10925818&width=113 HTTP/1.1" 200 1753 "http://renault.activities.at/10201637?dir=DESC&mode=grid&order=name&limit=15&page=10" "Mozilla/5.0 (Windows NT 10.0; Win64; x64) AppleWebKit/537.36 (KHTML, like Gecko) Chrome/88.0.4324.150 Safari/537.36"
93.83.102.34 - - [11/Feb/2021:14:20:03 +0100] "GET /loadthumbnail.php?id=10925819&width=113 HTTP/1.1" 200 4429 "http://renault.activities.at/10201637?dir=DESC&mode=grid&order=name&limit=15&page=10" "Mozilla/5.0 (Windows NT 10.0; Win64; x64) AppleWebKit/537.36 (KHTML, like Gecko) Chrome/88.0.4324.150 Safari/537.36"
93.83.102.34 - - [11/Feb/2021:14:20:03 +0100] "GET /loadthumbnail.php?id=11111495&width=113 HTTP/1.1" 200 1788 "http://renault.activities.at/10201637?dir=DESC&mode=grid&order=name&limit=15&page=10" "Mozilla/5.0 (Windows NT 10.0; Win64; x64) AppleWebKit/537.36 (KHTML, like Gecko) Chrome/88.0.4324.150 Safari/537.36"
93.83.102.34 - - [11/Feb/2021:14:20:03 +0100] "GET /loadthumbnail.php?id=11111497&width=113 HTTP/1.1" 200 1788 "http://renault.activities.at/10201637?dir=DESC&mode=grid&order=name&limit=15&page=10" "Mozilla/5.0 (Windows NT 10.0; Win64; x64) AppleWebKit/537.36 (KHTML, like Gecko) Chrome/88.0.4324.150 Safari/537.36"
93.83.102.34 - - [11/Feb/2021:14:20:03 +0100] "GET /loadthumbnail.php?id=11111496&width=113 HTTP/1.1" 200 1791 "http://renault.activities.at/10201637?dir=DESC&mode=grid&order=name&limit=15&page=10" "Mozilla/5.0 (Windows NT 10.0; Win64; x64) AppleWebKit/537.36 (KHTML, like Gecko) Chrome/88.0.4324.150 Safari/537.36"
93.83.102.34 - - [11/Feb/2021:14:20:03 +0100] "GET /loadthumbnail.php?id=11111498&width=113 HTTP/1.1" 200 1791 "http://renault.activities.at/10201637?dir=DESC&mode=grid&order=name&limit=15&page=10" "Mozilla/5.0 (Windows NT 10.0; Win64; x64) AppleWebKit/537.36 (KHTML, like Gecko) Chrome/88.0.4324.150 Safari/537.36"
93.83.102.34 - - [11/Feb/2021:14:20:03 +0100] "GET /loadthumbnail.php?id=11111985&width=113 HTTP/1.1" 200 1814 "http://renault.activities.at/10201637?dir=DESC&mode=grid&order=name&limit=15&page=10" "Mozilla/5.0 (Windows NT 10.0; Win64; x64) AppleWebKit/537.36 (KHTML, like Gecko) Chrome/88.0.4324.150 Safari/537.36"
93.83.102.34 - - [11/Feb/2021:14:20:03 +0100] "GET /loadthumbnail.php?id=11112261&width=113 HTTP/1.1" 200 1814 "http://renault.activities.at/10201637?dir=DESC&mode=grid&order=name&limit=15&page=10" "Mozilla/5.0 (Windows NT 10.0; Win64; x64) AppleWebKit/537.36 (KHTML, like Gecko) Chrome/88.0.4324.150 Safari/537.36"
93.83.102.34 - - [11/Feb/2021:14:20:21 +0100] "GET /11433403?print=true HTTP/1.1" 200 2730 "http://renault.activities.at/10201637?dir=DESC&mode=grid&order=name&limit=15&page=10" "Mozilla/5.0 (Windows NT 10.0; Win64; x64) AppleWebKit/537.36 (KHTML, like Gecko) Chrome/88.0.4324.150 Safari/537.36"
93.83.102.34 - - [11/Feb/2021:14:20:24 +0100] "GET /loadthumbnail.php?id=11433406&width=250 HTTP/1.1" 200 7981 "http://renault.activities.at/11433403?print=true" "Mozilla/5.0 (Windows NT 10.0; Win64; x64) AppleWebKit/537.36 (KHTML, like Gecko) Chrome/88.0.4324.150 Safari/537.36"
93.83.102.34 - - [11/Feb/2021:14:20:24 +0100] "GET /loadthumbnail.php?id=11433406&width=83 HTTP/1.1" 200 1831 "http://renault.activities.at/11433403?print=true" "Mozilla/5.0 (Windows NT 10.0; Win64; x64) AppleWebKit/537.36 (KHTML, like Gecko) Chrome/88.0.4324.150 Safari/537.36"
93.83.102.34 - - [11/Feb/2021:14:20:24 +0100] "GET /loadthumbnail.php?id=11433407&width=83 HTTP/1.1" 200 1462 "http://renault.activities.at/11433403?print=true" "Mozilla/5.0 (Windows NT 10.0; Win64; x64) AppleWebKit/537.36 (KHTML, like Gecko) Chrome/88.0.4324.150 Safari/537.36"
93.83.102.34 - - [11/Feb/2021:14:20:24 +0100] "GET /loadthumbnail.php?id=11433406&width=900&height=900 HTTP/1.1" 200 50367 "http://renault.activities.at/11433403?print=true" "Mozilla/5.0 (Windows NT 10.0; Win64; x64) AppleWebKit/537.36 (KHTML, like Gecko) Chrome/88.0.4324.150 Safari/537.36"
93.83.102.34 - - [11/Feb/2021:14:20:25 +0100] "GET /loadthumbnail.php?id=11433407&width=250 HTTP/1.1" 200 6408 "http://renault.activities.at/11433403?print=true" "Mozilla/5.0 (Windows NT 10.0; Win64; x64) AppleWebKit/537.36 (KHTML, like Gecko) Chrome/88.0.4324.150 Safari/537.36"
93.83.102.34 - - [11/Feb/2021:14:20:42 +0100] "GET /10201637?dir=DESC&mode=grid&order=name&limit=15&page=11 HTTP/1.1" 200 9107 "http://renault.activities.at/10201637?dir=DESC&mode=grid&order=name&limit=15&page=10" "Mozilla/5.0 (Windows NT 10.0; Win64; x64) AppleWebKit/537.36 (KHTML, like Gecko) Chrome/88.0.4324.150 Safari/537.36"
93.83.102.34 - - [11/Feb/2021:14:20:45 +0100] "GET /loadthumbnail.php?id=11112110&width=113 HTTP/1.1" 200 1851 "http://renault.activities.at/10201637?dir=DESC&mode=grid&order=name&limit=15&page=11" "Mozilla/5.0 (Windows NT 10.0; Win64; x64) AppleWebKit/537.36 (KHTML, like Gecko) Chrome/88.0.4324.150 Safari/537.36"
93.83.102.34 - - [11/Feb/2021:14:20:45 +0100] "GET /loadthumbnail.php?id=11112400&width=113 HTTP/1.1" 200 1851 "http://renault.activities.at/10201637?dir=DESC&mode=grid&order=name&limit=15&page=11" "Mozilla/5.0 (Windows NT 10.0; Win64; x64) AppleWebKit/537.36 (KHTML, like Gecko) Chrome/88.0.4324.150 Safari/537.36"
93.83.102.34 - - [11/Feb/2021:14:20:45 +0100] "GET /loadthumbnail.php?id=12029410&width=113 HTTP/1.1" 200 3108 "http://renault.activities.at/10201637?dir=DESC&mode=grid&order=name&limit=15&page=11" "Mozilla/5.0 (Windows NT 10.0; Win64; x64) AppleWebKit/537.36 (KHTML, like Gecko) Chrome/88.0.4324.150 Safari/537.36"
93.83.102.34 - - [11/Feb/2021:14:20:45 +0100] "GET /loadthumbnail.php?id=11967858&width=113 HTTP/1.1" 200 1835 "http://renault.activities.at/10201637?dir=DESC&mode=grid&order=name&limit=15&page=11" "Mozilla/5.0 (Windows NT 10.0; Win64; x64) AppleWebKit/537.36 (KHTML, like Gecko) Chrome/88.0.4324.150 Safari/537.36"
93.83.102.34 - - [11/Feb/2021:14:20:45 +0100] "GET /loadthumbnail.php?id=11304834&width=113 HTTP/1.1" 200 1055 "http://renault.activities.at/10201637?dir=DESC&mode=grid&order=name&limit=15&page=11" "Mozilla/5.0 (Windows NT 10.0; Win64; x64) AppleWebKit/537.36 (KHTML, like Gecko) Chrome/88.0.4324.150 Safari/537.36"
93.83.102.34 - - [11/Feb/2021:14:20:45 +0100] "GET /loadthumbnail.php?id=12029411&width=113 HTTP/1.1" 200 3687 "http://renault.activities.at/10201637?dir=DESC&mode=grid&order=name&limit=15&page=11" "Mozilla/5.0 (Windows NT 10.0; Win64; x64) AppleWebKit/537.36 (KHTML, like Gecko) Chrome/88.0.4324.150 Safari/537.36"
93.83.102.34 - - [11/Feb/2021:14:20:45 +0100] "GET /loadthumbnail.php?id=11730459&width=113 HTTP/1.1" 200 4795 "http://renault.activities.at/10201637?dir=DESC&mode=grid&order=name&limit=15&page=11" "Mozilla/5.0 (Windows NT 10.0; Win64; x64) AppleWebKit/537.36 (KHTML, like Gecko) Chrome/88.0.4324.150 Safari/537.36"
93.83.102.34 - - [11/Feb/2021:14:20:45 +0100] "GET /loadthumbnail.php?id=11228566&width=113 HTTP/1.1" 200 4033 "http://renault.activities.at/10201637?dir=DESC&mode=grid&order=name&limit=15&page=11" "Mozilla/5.0 (Windows NT 10.0; Win64; x64) AppleWebKit/537.36 (KHTML, like Gecko) Chrome/88.0.4324.150 Safari/537.36"
93.83.102.34 - - [11/Feb/2021:14:20:45 +0100] "GET /loadthumbnail.php?id=12333924&width=113 HTTP/1.1" 200 3071 "http://renault.activities.at/10201637?dir=DESC&mode=grid&order=name&limit=15&page=11" "Mozilla/5.0 (Windows NT 10.0; Win64; x64) AppleWebKit/537.36 (KHTML, like Gecko) Chrome/88.0.4324.150 Safari/537.36"
93.83.102.34 - - [11/Feb/2021:14:20:45 +0100] "GET /loadthumbnail.php?id=12022094&width=113 HTTP/1.1" 200 3553 "http://renault.activities.at/10201637?dir=DESC&mode=grid&order=name&limit=15&page=11" "Mozilla/5.0 (Windows NT 10.0; Win64; x64) AppleWebKit/537.36 (KHTML, like Gecko) Chrome/88.0.4324.150 Safari/537.36"
93.83.102.34 - - [11/Feb/2021:14:20:45 +0100] "GET /loadthumbnail.php?id=12239245&width=113 HTTP/1.1" 200 3605 "http://renault.activities.at/10201637?dir=DESC&mode=grid&order=name&limit=15&page=11" "Mozilla/5.0 (Windows NT 10.0; Win64; x64) AppleWebKit/537.36 (KHTML, like Gecko) Chrome/88.0.4324.150 Safari/537.36"
93.83.102.34 - - [11/Feb/2021:14:20:45 +0100] "GET /loadthumbnail.php?id=12367878&width=113 HTTP/1.1" 200 3019 "http://renault.activities.at/10201637?dir=DESC&mode=grid&order=name&limit=15&page=11" "Mozilla/5.0 (Windows NT 10.0; Win64; x64) AppleWebKit/537.36 (KHTML, like Gecko) Chrome/88.0.4324.150 Safari/537.36"
93.83.102.34 - - [11/Feb/2021:14:20:45 +0100] "GET /loadthumbnail.php?id=12334033&width=113 HTTP/1.1" 200 3232 "http://renault.activities.at/10201637?dir=DESC&mode=grid&order=name&limit=15&page=11" "Mozilla/5.0 (Windows NT 10.0; Win64; x64) AppleWebKit/537.36 (KHTML, like Gecko) Chrome/88.0.4324.150 Safari/537.36"
93.83.102.34 - - [11/Feb/2021:14:20:45 +0100] "GET /loadthumbnail.php?id=12333903&width=113 HTTP/1.1" 200 3025 "http://renault.activities.at/10201637?dir=DESC&mode=grid&order=name&limit=15&page=11" "Mozilla/5.0 (Windows NT 10.0; Win64; x64) AppleWebKit/537.36 (KHTML, like Gecko) Chrome/88.0.4324.150 Safari/537.36"
93.83.102.34 - - [11/Feb/2021:14:20:45 +0100] "GET /loadthumbnail.php?id=12176987&width=113 HTTP/1.1" 200 3020 "http://renault.activities.at/10201637?dir=DESC&mode=grid&order=name&limit=15&page=11" "Mozilla/5.0 (Windows NT 10.0; Win64; x64) AppleWebKit/537.36 (KHTML, like Gecko) Chrome/88.0.4324.150 Safari/537.36"
193.194.132.28 - - [11/Feb/2021:14:20:50 +0100] "GET /reload?ser=1613049650395 HTTP/1.1" 200 28 "http://renault.2web.at/account" "Mozilla/5.0 (Windows NT 10.0; Win64; x64) AppleWebKit/537.36 (KHTML, like Gecko) Chrome/88.0.4324.150 Safari/537.36"
80.122.53.230 - - [11/Feb/2021:14:20:53 +0100] "GET /reload?ser=1613049653653 HTTP/1.1" 200 28 "http://renault.activities.at/cart" "Mozilla/5.0 (Windows NT 10.0; Win64; x64) AppleWebKit/537.36 (KHTML, like Gecko) Chrome/88.0.4324.150 Safari/537.36"
185.58.53.32 - - [11/Feb/2021:14:20:56 +0100] "GET /reload?ser=1613049656013 HTTP/1.1" 200 28 "http://renault.activities.at/" "Mozilla/5.0 (Windows NT 10.0; Win64; x64) AppleWebKit/537.36 (KHTML, like Gecko) Chrome/88.0.4324.150 Safari/537.36"
93.83.102.34 - - [11/Feb/2021:14:21:45 +0100] "GET /reload?ser=1613049705463 HTTP/1.1" 200 28 "http://renault.activities.at/10201637?dir=DESC&mode=grid&order=name&limit=15&page=11" "Mozilla/5.0 (Windows NT 10.0; Win64; x64) AppleWebKit/537.36 (KHTML, like Gecko) Chrome/88.0.4324.150 Safari/537.36"
93.83.102.34 - - [11/Feb/2021:14:21:47 +0100] "POST /10201637?dir=DESC&mode=grid&order=name&limit=15&page=11 HTTP/1.1" 200 9209 "http://renault.activities.at/10201637?dir=DESC&mode=grid&order=name&limit=15&page=11" "Mozilla/5.0 (Windows NT 10.0; Win64; x64) AppleWebKit/537.36 (KHTML, like Gecko) Chrome/88.0.4324.150 Safari/537.36"
193.194.132.28 - - [11/Feb/2021:14:21:53 +0100] "GET /reload?ser=1613049712510 HTTP/1.1" 200 28 "http://renault.2web.at/account" "Mozilla/5.0 (Windows NT 10.0; Win64; x64) AppleWebKit/537.36 (KHTML, like Gecko) Chrome/88.0.4324.150 Safari/537.36"
80.122.53.230 - - [11/Feb/2021:14:21:54 +0100] "GET /reload?ser=1613049714652 HTTP/1.1" 200 28 "http://renault.activities.at/cart" "Mozilla/5.0 (Windows NT 10.0; Win64; x64) AppleWebKit/537.36 (KHTML, like Gecko) Chrome/88.0.4324.150 Safari/537.36"
81.189.133.90 - - [11/Feb/2021:14:21:55 +0100] "GET /reload?ser=1613049708614 HTTP/1.1" 200 28 "http://renault.activities.at/result?dir=DESC&mode=grid&order=name&limit=15&page=4&search=dacia" "Mozilla/5.0 (Windows NT 10.0; Win64; x64; rv:85.0) Gecko/20100101 Firefox/85.0"
93.83.102.34 - - [11/Feb/2021:14:21:54 +0100] "GET /10201637?dir=DESC&mode=grid&order=name&limit=15&page=12 HTTP/1.1" 200 8888 "http://renault.activities.at/10201637?dir=DESC&mode=grid&order=name&limit=15&page=11" "Mozilla/5.0 (Windows NT 10.0; Win64; x64) AppleWebKit/537.36 (KHTML, like Gecko) Chrome/88.0.4324.150 Safari/537.36"
185.58.53.32 - - [11/Feb/2021:14:21:57 +0100] "GET /reload?ser=1613049717012 HTTP/1.1" 200 28 "http://renault.activities.at/" "Mozilla/5.0 (Windows NT 10.0; Win64; x64) AppleWebKit/537.36 (KHTML, like Gecko) Chrome/88.0.4324.150 Safari/537.36"
93.83.102.34 - - [11/Feb/2021:14:21:57 +0100] "GET /loadthumbnail.php?id=12176983&width=113 HTTP/1.1" 200 2917 "http://renault.activities.at/10201637?dir=DESC&mode=grid&order=name&limit=15&page=12" "Mozilla/5.0 (Windows NT 10.0; Win64; x64) AppleWebKit/537.36 (KHTML, like Gecko) Chrome/88.0.4324.150 Safari/537.36"
93.83.102.34 - - [11/Feb/2021:14:21:57 +0100] "GET /loadthumbnail.php?id=12176979&width=113 HTTP/1.1" 200 2612 "http://renault.activities.at/10201637?dir=DESC&mode=grid&order=name&limit=15&page=12" "Mozilla/5.0 (Windows NT 10.0; Win64; x64) AppleWebKit/537.36 (KHTML, like Gecko) Chrome/88.0.4324.150 Safari/537.36"
93.83.102.34 - - [11/Feb/2021:14:21:57 +0100] "GET /loadthumbnail.php?id=12333892&width=113 HTTP/1.1" 200 3396 "http://renault.activities.at/10201637?dir=DESC&mode=grid&order=name&limit=15&page=12" "Mozilla/5.0 (Windows NT 10.0; Win64; x64) AppleWebKit/537.36 (KHTML, like Gecko) Chrome/88.0.4324.150 Safari/537.36"
93.83.102.34 - - [11/Feb/2021:14:21:57 +0100] "GET /loadthumbnail.php?id=12333882&width=113 HTTP/1.1" 200 2749 "http://renault.activities.at/10201637?dir=DESC&mode=grid&order=name&limit=15&page=12" "Mozilla/5.0 (Windows NT 10.0; Win64; x64) AppleWebKit/537.36 (KHTML, like Gecko) Chrome/88.0.4324.150 Safari/537.36"
93.83.102.34 - - [11/Feb/2021:14:21:57 +0100] "GET /loadthumbnail.php?id=12266125&width=113 HTTP/1.1" 200 2955 "http://renault.activities.at/10201637?dir=DESC&mode=grid&order=name&limit=15&page=12" "Mozilla/5.0 (Windows NT 10.0; Win64; x64) AppleWebKit/537.36 (KHTML, like Gecko) Chrome/88.0.4324.150 Safari/537.36"
93.83.102.34 - - [11/Feb/2021:14:21:57 +0100] "GET /loadthumbnail.php?id=12334029&width=113 HTTP/1.1" 200 3526 "http://renault.activities.at/10201637?dir=DESC&mode=grid&order=name&limit=15&page=12" "Mozilla/5.0 (Windows NT 10.0; Win64; x64) AppleWebKit/537.36 (KHTML, like Gecko) Chrome/88.0.4324.150 Safari/537.36"
93.83.102.34 - - [11/Feb/2021:14:21:58 +0100] "GET /loadthumbnail.php?id=12333948&width=113 HTTP/1.1" 200 3218 "http://renault.activities.at/10201637?dir=DESC&mode=grid&order=name&limit=15&page=12" "Mozilla/5.0 (Windows NT 10.0; Win64; x64) AppleWebKit/537.36 (KHTML, like Gecko) Chrome/88.0.4324.150 Safari/537.36"
93.83.102.34 - - [11/Feb/2021:14:21:58 +0100] "GET /loadthumbnail.php?id=12033055&width=113 HTTP/1.1" 200 3147 "http://renault.activities.at/10201637?dir=DESC&mode=grid&order=name&limit=15&page=12" "Mozilla/5.0 (Windows NT 10.0; Win64; x64) AppleWebKit/537.36 (KHTML, like Gecko) Chrome/88.0.4324.150 Safari/537.36"
93.83.102.34 - - [11/Feb/2021:14:21:58 +0100] "GET /loadthumbnail.php?id=12237266&width=113 HTTP/1.1" 200 3139 "http://renault.activities.at/10201637?dir=DESC&mode=grid&order=name&limit=15&page=12" "Mozilla/5.0 (Windows NT 10.0; Win64; x64) AppleWebKit/537.36 (KHTML, like Gecko) Chrome/88.0.4324.150 Safari/537.36"
93.83.102.34 - - [11/Feb/2021:14:21:58 +0100] "GET /loadthumbnail.php?id=12234958&width=113 HTTP/1.1" 200 2519 "http://renault.activities.at/10201637?dir=DESC&mode=grid&order=name&limit=15&page=12" "Mozilla/5.0 (Windows NT 10.0; Win64; x64) AppleWebKit/537.36 (KHTML, like Gecko) Chrome/88.0.4324.150 Safari/537.36"
93.83.102.34 - - [11/Feb/2021:14:21:58 +0100] "GET /loadthumbnail.php?id=11798477&width=113 HTTP/1.1" 200 3326 "http://renault.activities.at/10201637?dir=DESC&mode=grid&order=name&limit=15&page=12" "Mozilla/5.0 (Windows NT 10.0; Win64; x64) AppleWebKit/537.36 (KHTML, like Gecko) Chrome/88.0.4324.150 Safari/537.36"
93.83.102.34 - - [11/Feb/2021:14:21:58 +0100] "GET /loadthumbnail.php?id=12367879&width=113 HTTP/1.1" 200 3151 "http://renault.activities.at/10201637?dir=DESC&mode=grid&order=name&limit=15&page=12" "Mozilla/5.0 (Windows NT 10.0; Win64; x64) AppleWebKit/537.36 (KHTML, like Gecko) Chrome/88.0.4324.150 Safari/537.36"
93.83.102.34 - - [11/Feb/2021:14:21:58 +0100] "GET /loadthumbnail.php?id=12237270&width=113 HTTP/1.1" 200 2874 "http://renault.activities.at/10201637?dir=DESC&mode=grid&order=name&limit=15&page=12" "Mozilla/5.0 (Windows NT 10.0; Win64; x64) AppleWebKit/537.36 (KHTML, like Gecko) Chrome/88.0.4324.150 Safari/537.36"
93.83.102.34 - - [11/Feb/2021:14:22:01 +0100] "GET /10201637?dir=DESC&mode=grid&order=name&limit=15&page=13 HTTP/1.1" 200 7454 "http://renault.activities.at/10201637?dir=DESC&mode=grid&order=name&limit=15&page=12" "Mozilla/5.0 (Windows NT 10.0; Win64; x64) AppleWebKit/537.36 (KHTML, like Gecko) Chrome/88.0.4324.150 Safari/537.36"
93.83.102.34 - - [11/Feb/2021:14:22:04 +0100] "GET /loadthumbnail.php?id=12234960&width=113 HTTP/1.1" 200 3148 "http://renault.activities.at/10201637?dir=DESC&mode=grid&order=name&limit=15&page=13" "Mozilla/5.0 (Windows NT 10.0; Win64; x64) AppleWebKit/537.36 (KHTML, like Gecko) Chrome/88.0.4324.150 Safari/537.36"
93.83.102.34 - - [11/Feb/2021:14:22:04 +0100] "GET /loadthumbnail.php?id=12334025&width=113 HTTP/1.1" 200 3408 "http://renault.activities.at/10201637?dir=DESC&mode=grid&order=name&limit=15&page=13" "Mozilla/5.0 (Windows NT 10.0; Win64; x64) AppleWebKit/537.36 (KHTML, like Gecko) Chrome/88.0.4324.150 Safari/537.36"
93.83.102.34 - - [11/Feb/2021:14:22:04 +0100] "GET /loadthumbnail.php?id=11304858&width=113 HTTP/1.1" 200 1289 "http://renault.activities.at/10201637?dir=DESC&mode=grid&order=name&limit=15&page=13" "Mozilla/5.0 (Windows NT 10.0; Win64; x64) AppleWebKit/537.36 (KHTML, like Gecko) Chrome/88.0.4324.150 Safari/537.36"
93.83.102.34 - - [11/Feb/2021:14:22:04 +0100] "GET /loadthumbnail.php?id=10848346&width=113 HTTP/1.1" 200 2340 "http://renault.activities.at/10201637?dir=DESC&mode=grid&order=name&limit=15&page=13" "Mozilla/5.0 (Windows NT 10.0; Win64; x64) AppleWebKit/537.36 (KHTML, like Gecko) Chrome/88.0.4324.150 Safari/537.36"
93.83.102.34 - - [11/Feb/2021:14:22:22 +0100] "GET /10260004 HTTP/1.1" 200 8577 "http://renault.activities.at/10201637?dir=DESC&mode=grid&order=name&limit=15&page=13" "Mozilla/5.0 (Windows NT 10.0; Win64; x64) AppleWebKit/537.36 (KHTML, like Gecko) Chrome/88.0.4324.150 Safari/537.36"
93.83.102.34 - - [11/Feb/2021:14:22:49 +0100] "GET /12244854?print=true HTTP/1.1" 200 2688 "http://renault.activities.at/10260004" "Mozilla/5.0 (Windows NT 10.0; Win64; x64) AppleWebKit/537.36 (KHTML, like Gecko) Chrome/88.0.4324.150 Safari/537.36"
93.83.102.34 - - [11/Feb/2021:14:22:52 +0100] "GET /loadthumbnail.php?id=12244856&width=250 HTTP/1.1" 200 18991 "http://renault.activities.at/12244854?print=true" "Mozilla/5.0 (Windows NT 10.0; Win64; x64) AppleWebKit/537.36 (KHTML, like Gecko) Chrome/88.0.4324.150 Safari/537.36"
93.83.102.34 - - [11/Feb/2021:14:22:52 +0100] "GET /loadthumbnail.php?id=12244856&width=900&height=900 HTTP/1.1" 200 160510 "http://renault.activities.at/12244854?print=true" "Mozilla/5.0 (Windows NT 10.0; Win64; x64) AppleWebKit/537.36 (KHTML, like Gecko) Chrome/88.0.4324.150 Safari/537.36"
193.194.132.28 - - [11/Feb/2021:14:22:54 +0100] "GET /reload?ser=1613049774404 HTTP/1.1" 200 28 "http://renault.2web.at/account" "Mozilla/5.0 (Windows NT 10.0; Win64; x64) AppleWebKit/537.36 (KHTML, like Gecko) Chrome/88.0.4324.150 Safari/537.36"
80.122.53.230 - - [11/Feb/2021:14:22:55 +0100] "GET /reload?ser=1613049775646 HTTP/1.1" 200 28 "http://renault.activities.at/cart" "Mozilla/5.0 (Windows NT 10.0; Win64; x64) AppleWebKit/537.36 (KHTML, like Gecko) Chrome/88.0.4324.150 Safari/537.36"
81.189.133.90 - - [11/Feb/2021:14:22:56 +0100] "GET /reload?ser=1613049776529 HTTP/1.1" 200 28 "http://renault.activities.at/result?dir=DESC&mode=grid&order=name&limit=15&page=4&search=dacia" "Mozilla/5.0 (Windows NT 10.0; Win64; x64; rv:85.0) Gecko/20100101 Firefox/85.0"
185.58.53.32 - - [11/Feb/2021:14:22:58 +0100] "GET /reload?ser=1613049778006 HTTP/1.1" 200 28 "http://renault.activities.at/" "Mozilla/5.0 (Windows NT 10.0; Win64; x64) AppleWebKit/537.36 (KHTML, like Gecko) Chrome/88.0.4324.150 Safari/537.36"
93.83.102.34 - - [11/Feb/2021:14:23:05 +0100] "POST /10260004 HTTP/1.1" 200 8681 "http://renault.activities.at/10260004" "Mozilla/5.0 (Windows NT 10.0; Win64; x64) AppleWebKit/537.36 (KHTML, like Gecko) Chrome/88.0.4324.150 Safari/537.36"
93.83.102.34 - - [11/Feb/2021:14:23:18 +0100] "GET /12244837?print=true HTTP/1.1" 200 2691 "http://renault.activities.at/10260004" "Mozilla/5.0 (Windows NT 10.0; Win64; x64) AppleWebKit/537.36 (KHTML, like Gecko) Chrome/88.0.4324.150 Safari/537.36"
93.83.102.34 - - [11/Feb/2021:14:23:21 +0100] "GET /loadthumbnail.php?id=12244839&width=250 HTTP/1.1" 200 87273 "http://renault.activities.at/12244837?print=true" "Mozilla/5.0 (Windows NT 10.0; Win64; x64) AppleWebKit/537.36 (KHTML, like Gecko) Chrome/88.0.4324.150 Safari/537.36"
93.83.102.34 - - [11/Feb/2021:14:23:21 +0100] "GET /loadthumbnail.php?id=12244839&width=900&height=900 HTTP/1.1" 200 94900 "http://renault.activities.at/12244837?print=true" "Mozilla/5.0 (Windows NT 10.0; Win64; x64) AppleWebKit/537.36 (KHTML, like Gecko) Chrome/88.0.4324.150 Safari/537.36"
93.83.102.34 - - [11/Feb/2021:14:23:32 +0100] "GET /10201634 HTTP/1.1" 200 8751 "http://renault.activities.at/10260004" "Mozilla/5.0 (Windows NT 10.0; Win64; x64) AppleWebKit/537.36 (KHTML, like Gecko) Chrome/88.0.4324.150 Safari/537.36"
93.83.102.34 - - [11/Feb/2021:14:23:38 +0100] "GET /10227785 HTTP/1.1" 200 6102 "http://renault.activities.at/10201634" "Mozilla/5.0 (Windows NT 10.0; Win64; x64) AppleWebKit/537.36 (KHTML, like Gecko) Chrome/88.0.4324.150 Safari/537.36"
93.83.102.34 - - [11/Feb/2021:14:23:47 +0100] "GET /10201637 HTTP/1.1" 200 8730 "http://renault.activities.at/10227785" "Mozilla/5.0 (Windows NT 10.0; Win64; x64) AppleWebKit/537.36 (KHTML, like Gecko) Chrome/88.0.4324.150 Safari/537.36"
80.122.53.230 - - [11/Feb/2021:14:23:56 +0100] "GET /reload?ser=1613049836654 HTTP/1.1" 200 28 "http://renault.activities.at/cart" "Mozilla/5.0 (Windows NT 10.0; Win64; x64) AppleWebKit/537.36 (KHTML, like Gecko) Chrome/88.0.4324.150 Safari/537.36"
193.194.132.28 - - [11/Feb/2021:14:23:56 +0100] "GET /reload?ser=1613049836397 HTTP/1.1" 200 28 "http://renault.2web.at/account" "Mozilla/5.0 (Windows NT 10.0; Win64; x64) AppleWebKit/537.36 (KHTML, like Gecko) Chrome/88.0.4324.150 Safari/537.36"
81.189.133.90 - - [11/Feb/2021:14:23:57 +0100] "GET /reload?ser=1613049837444 HTTP/1.1" 200 28 "http://renault.activities.at/result?dir=DESC&mode=grid&order=name&limit=15&page=4&search=dacia" "Mozilla/5.0 (Windows NT 10.0; Win64; x64; rv:85.0) Gecko/20100101 Firefox/85.0"
185.58.53.32 - - [11/Feb/2021:14:23:59 +0100] "GET /reload?ser=1613049839008 HTTP/1.1" 200 28 "http://renault.activities.at/" "Mozilla/5.0 (Windows NT 10.0; Win64; x64) AppleWebKit/537.36 (KHTML, like Gecko) Chrome/88.0.4324.150 Safari/537.36"
93.83.102.34 - - [11/Feb/2021:14:24:11 +0100] "GET /10201637?dir=DESC&mode=grid&order=name&limit=15&page=2 HTTP/1.1" 200 8742 "http://renault.activities.at/10201637" "Mozilla/5.0 (Windows NT 10.0; Win64; x64) AppleWebKit/537.36 (KHTML, like Gecko) Chrome/88.0.4324.150 Safari/537.36"
93.83.102.34 - - [11/Feb/2021:14:24:19 +0100] "GET /10201637?dir=DESC&mode=grid&order=name&limit=15&page=3 HTTP/1.1" 200 8758 "http://renault.activities.at/10201637?dir=DESC&mode=grid&order=name&limit=15&page=2" "Mozilla/5.0 (Windows NT 10.0; Win64; x64) AppleWebKit/537.36 (KHTML, like Gecko) Chrome/88.0.4324.150 Safari/537.36"
93.83.102.34 - - [11/Feb/2021:14:24:29 +0100] "GET /10201637?dir=DESC&mode=grid&order=name&limit=15&page=4 HTTP/1.1" 200 8766 "http://renault.activities.at/10201637?dir=DESC&mode=grid&order=name&limit=15&page=3" "Mozilla/5.0 (Windows NT 10.0; Win64; x64) AppleWebKit/537.36 (KHTML, like Gecko) Chrome/88.0.4324.150 Safari/537.36"
93.83.102.34 - - [11/Feb/2021:14:24:37 +0100] "GET /10201637?dir=DESC&mode=grid&order=name&limit=15&page=5 HTTP/1.1" 200 8885 "http://renault.activities.at/10201637?dir=DESC&mode=grid&order=name&limit=15&page=4" "Mozilla/5.0 (Windows NT 10.0; Win64; x64) AppleWebKit/537.36 (KHTML, like Gecko) Chrome/88.0.4324.150 Safari/537.36"
93.83.102.34 - - [11/Feb/2021:14:24:45 +0100] "GET /10201637?dir=DESC&mode=grid&order=name&limit=15&page=6 HTTP/1.1" 200 8911 "http://renault.activities.at/10201637?dir=DESC&mode=grid&order=name&limit=15&page=5" "Mozilla/5.0 (Windows NT 10.0; Win64; x64) AppleWebKit/537.36 (KHTML, like Gecko) Chrome/88.0.4324.150 Safari/537.36"
80.122.53.230 - - [11/Feb/2021:14:24:57 +0100] "GET /reload?ser=1613049897645 HTTP/1.1" 200 28 "http://renault.activities.at/cart" "Mozilla/5.0 (Windows NT 10.0; Win64; x64) AppleWebKit/537.36 (KHTML, like Gecko) Chrome/88.0.4324.150 Safari/537.36"
93.83.102.34 - - [11/Feb/2021:14:24:55 +0100] "GET /10201637?dir=DESC&mode=grid&order=name&limit=15&page=7 HTTP/1.1" 200 9029 "http://renault.activities.at/10201637?dir=DESC&mode=grid&order=name&limit=15&page=6" "Mozilla/5.0 (Windows NT 10.0; Win64; x64) AppleWebKit/537.36 (KHTML, like Gecko) Chrome/88.0.4324.150 Safari/537.36"
193.194.132.28 - - [11/Feb/2021:14:24:58 +0100] "GET /reload?ser=1613049898400 HTTP/1.1" 200 28 "http://renault.2web.at/account" "Mozilla/5.0 (Windows NT 10.0; Win64; x64) AppleWebKit/537.36 (KHTML, like Gecko) Chrome/88.0.4324.150 Safari/537.36"
185.58.53.32 - - [11/Feb/2021:14:25:00 +0100] "GET /reload?ser=1613049900013 HTTP/1.1" 200 28 "http://renault.activities.at/" "Mozilla/5.0 (Windows NT 10.0; Win64; x64) AppleWebKit/537.36 (KHTML, like Gecko) Chrome/88.0.4324.150 Safari/537.36"
93.83.102.34 - - [11/Feb/2021:14:25:09 +0100] "GET /10201637?dir=DESC&mode=grid&order=name&limit=15&page=8 HTTP/1.1" 200 8846 "http://renault.activities.at/10201637?dir=DESC&mode=grid&order=name&limit=15&page=7" "Mozilla/5.0 (Windows NT 10.0; Win64; x64) AppleWebKit/537.36 (KHTML, like Gecko) Chrome/88.0.4324.150 Safari/537.36"
93.83.102.34 - - [11/Feb/2021:14:25:39 +0100] "GET /12336706?print=true HTTP/1.1" 200 2650 "http://renault.activities.at/10201637?dir=DESC&mode=grid&order=name&limit=15&page=8" "Mozilla/5.0 (Windows NT 10.0; Win64; x64) AppleWebKit/537.36 (KHTML, like Gecko) Chrome/88.0.4324.150 Safari/537.36"
93.83.102.34 - - [11/Feb/2021:14:25:42 +0100] "GET /loadthumbnail.php?id=12341633&width=250 HTTP/1.1" 200 12140 "http://renault.activities.at/12336706?print=true" "Mozilla/5.0 (Windows NT 10.0; Win64; x64) AppleWebKit/537.36 (KHTML, like Gecko) Chrome/88.0.4324.150 Safari/537.36"
93.83.102.34 - - [11/Feb/2021:14:25:42 +0100] "GET /loadthumbnail.php?id=12341633&width=900&height=900 HTTP/1.1" 200 126321 "http://renault.activities.at/12336706?print=true" "Mozilla/5.0 (Windows NT 10.0; Win64; x64) AppleWebKit/537.36 (KHTML, like Gecko) Chrome/88.0.4324.150 Safari/537.36"
80.122.53.230 - - [11/Feb/2021:14:25:58 +0100] "GET /reload?ser=1613049958654 HTTP/1.1" 200 28 "http://renault.activities.at/cart" "Mozilla/5.0 (Windows NT 10.0; Win64; x64) AppleWebKit/537.36 (KHTML, like Gecko) Chrome/88.0.4324.150 Safari/537.36"
93.83.102.34 - - [11/Feb/2021:14:25:57 +0100] "GET /cart HTTP/1.1" 200 5768 "http://renault.activities.at/10201637?dir=DESC&mode=grid&order=name&limit=15&page=8" "Mozilla/5.0 (Windows NT 10.0; Win64; x64) AppleWebKit/537.36 (KHTML, like Gecko) Chrome/88.0.4324.150 Safari/537.36"
93.83.102.34 - - [11/Feb/2021:14:25:59 +0100] "GET /loadthumbnail.php?id=11967858&width=100 HTTP/1.1" 200 1569 "http://renault.activities.at/cart" "Mozilla/5.0 (Windows NT 10.0; Win64; x64) AppleWebKit/537.36 (KHTML, like Gecko) Chrome/88.0.4324.150 Safari/537.36"
93.83.102.34 - - [11/Feb/2021:14:25:59 +0100] "GET /loadthumbnail.php?id=12244856&width=100 HTTP/1.1" 200 4811 "http://renault.activities.at/cart" "Mozilla/5.0 (Windows NT 10.0; Win64; x64) AppleWebKit/537.36 (KHTML, like Gecko) Chrome/88.0.4324.150 Safari/537.36"
185.58.53.32 - - [11/Feb/2021:14:26:01 +0100] "GET /reload?ser=1613049961012 HTTP/1.1" 200 28 "http://renault.activities.at/" "Mozilla/5.0 (Windows NT 10.0; Win64; x64) AppleWebKit/537.36 (KHTML, like Gecko) Chrome/88.0.4324.150 Safari/537.36"
193.194.132.28 - - [11/Feb/2021:14:26:01 +0100] "GET /reload?ser=1613049960411 HTTP/1.1" 200 28 "http://renault.2web.at/account" "Mozilla/5.0 (Windows NT 10.0; Win64; x64) AppleWebKit/537.36 (KHTML, like Gecko) Chrome/88.0.4324.150 Safari/537.36"
93.83.102.34 - - [11/Feb/2021:14:26:07 +0100] "GET /checkout HTTP/1.1" 200 10242 "http://renault.activities.at/cart" "Mozilla/5.0 (Windows NT 10.0; Win64; x64) AppleWebKit/537.36 (KHTML, like Gecko) Chrome/88.0.4324.150 Safari/537.36"
93.83.102.34 - - [11/Feb/2021:14:26:12 +0100] "GET /js/checkout2.js HTTP/1.1" 200 4122 "http://renault.activities.at/checkout" "Mozilla/5.0 (Windows NT 10.0; Win64; x64) AppleWebKit/537.36 (KHTML, like Gecko) Chrome/88.0.4324.150 Safari/537.36"
93.83.102.34 - - [11/Feb/2021:14:26:12 +0100] "GET /images/ajax_loading.gif HTTP/1.1" 200 1542 "http://renault.activities.at/checkout" "Mozilla/5.0 (Windows NT 10.0; Win64; x64) AppleWebKit/537.36 (KHTML, like Gecko) Chrome/88.0.4324.150 Safari/537.36"
93.83.102.34 - - [11/Feb/2021:14:26:12 +0100] "GET /images/step_bg.jpg HTTP/1.1" 200 319 "http://renault.activities.at/css/styles.css" "Mozilla/5.0 (Windows NT 10.0; Win64; x64) AppleWebKit/537.36 (KHTML, like Gecko) Chrome/88.0.4324.150 Safari/537.36"
93.83.102.34 - - [11/Feb/2021:14:26:12 +0100] "GET /images/step_marker.gif HTTP/1.1" 200 650 "http://renault.activities.at/css/styles.css" "Mozilla/5.0 (Windows NT 10.0; Win64; x64) AppleWebKit/537.36 (KHTML, like Gecko) Chrome/88.0.4324.150 Safari/537.36"
93.83.102.34 - - [11/Feb/2021:14:26:12 +0100] "GET /images/checkout_border_top.gif HTTP/1.1" 200 156 "http://renault.activities.at/css/styles.css" "Mozilla/5.0 (Windows NT 10.0; Win64; x64) AppleWebKit/537.36 (KHTML, like Gecko) Chrome/88.0.4324.150 Safari/537.36"
93.83.102.34 - - [11/Feb/2021:14:26:12 +0100] "GET /images/checkout_border.gif HTTP/1.1" 200 43 "http://renault.activities.at/css/styles.css" "Mozilla/5.0 (Windows NT 10.0; Win64; x64) AppleWebKit/537.36 (KHTML, like Gecko) Chrome/88.0.4324.150 Safari/537.36"
93.83.102.34 - - [11/Feb/2021:14:26:12 +0100] "GET /loadthumbnail.php?id=10201939 HTTP/1.1" 200 201 "http://renault.activities.at/checkout" "Mozilla/5.0 (Windows NT 10.0; Win64; x64) AppleWebKit/537.36 (KHTML, like Gecko) Chrome/88.0.4324.150 Safari/537.36"
93.83.102.34 - - [11/Feb/2021:14:26:12 +0100] "GET /loadthumbnail.php?id=10202698 HTTP/1.1" 200 16686 "http://renault.activities.at/checkout" "Mozilla/5.0 (Windows NT 10.0; Win64; x64) AppleWebKit/537.36 (KHTML, like Gecko) Chrome/88.0.4324.150 Safari/537.36"
93.83.102.34 - - [11/Feb/2021:14:26:14 +0100] "POST /docheckout HTTP/1.1" 200 433 "http://renault.activities.at/checkout" "Mozilla/5.0 (Windows NT 10.0; Win64; x64) AppleWebKit/537.36 (KHTML, like Gecko) Chrome/88.0.4324.150 Safari/537.36"
93.83.102.34 - - [11/Feb/2021:14:26:18 +0100] "POST /docheckout HTTP/1.1" 200 782 "http://renault.activities.at/checkout" "Mozilla/5.0 (Windows NT 10.0; Win64; x64) AppleWebKit/537.36 (KHTML, like Gecko) Chrome/88.0.4324.150 Safari/537.36"
93.83.102.34 - - [11/Feb/2021:14:26:20 +0100] "GET /images/error_msg_icon.gif HTTP/1.1" 200 1013 "http://renault.activities.at/checkout" "Mozilla/5.0 (Windows NT 10.0; Win64; x64) AppleWebKit/537.36 (KHTML, like Gecko) Chrome/88.0.4324.150 Safari/537.36"
93.83.102.34 - - [11/Feb/2021:14:26:25 +0100] "POST /docheckout HTTP/1.1" 200 68 "http://renault.activities.at/checkout" "Mozilla/5.0 (Windows NT 10.0; Win64; x64) AppleWebKit/537.36 (KHTML, like Gecko) Chrome/88.0.4324.150 Safari/537.36"
93.83.102.34 - - [11/Feb/2021:14:26:28 +0100] "GET /success HTTP/1.1" 200 3782 "http://renault.activities.at/checkout" "Mozilla/5.0 (Windows NT 10.0; Win64; x64) AppleWebKit/537.36 (KHTML, like Gecko) Chrome/88.0.4324.150 Safari/537.36"
80.122.53.230 - - [11/Feb/2021:14:26:59 +0100] "GET /reload?ser=1613050019650 HTTP/1.1" 200 28 "http://renault.activities.at/cart" "Mozilla/5.0 (Windows NT 10.0; Win64; x64) AppleWebKit/537.36 (KHTML, like Gecko) Chrome/88.0.4324.150 Safari/537.36"
185.58.53.32 - - [11/Feb/2021:14:27:02 +0100] "GET /reload?ser=1613050022016 HTTP/1.1" 200 28 "http://renault.activities.at/" "Mozilla/5.0 (Windows NT 10.0; Win64; x64) AppleWebKit/537.36 (KHTML, like Gecko) Chrome/88.0.4324.150 Safari/537.36"
193.194.132.28 - - [11/Feb/2021:14:27:02 +0100] "GET /reload?ser=1613050022401 HTTP/1.1" 200 28 "http://renault.2web.at/account" "Mozilla/5.0 (Windows NT 10.0; Win64; x64) AppleWebKit/537.36 (KHTML, like Gecko) Chrome/88.0.4324.150 Safari/537.36"
93.83.102.34 - - [11/Feb/2021:14:27:31 +0100] "GET /reload?ser=1613050051096 HTTP/1.1" 200 28 "http://renault.activities.at/success" "Mozilla/5.0 (Windows NT 10.0; Win64; x64) AppleWebKit/537.36 (KHTML, like Gecko) Chrome/88.0.4324.150 Safari/537.36"
80.122.53.230 - - [11/Feb/2021:14:28:00 +0100] "GET /reload?ser=1613050080662 HTTP/1.1" 200 28 "http://renault.activities.at/cart" "Mozilla/5.0 (Windows NT 10.0; Win64; x64) AppleWebKit/537.36 (KHTML, like Gecko) Chrome/88.0.4324.150 Safari/537.36"
185.58.53.32 - - [11/Feb/2021:14:28:04 +0100] "GET /reload?ser=1613050084016 HTTP/1.1" 200 28 "http://renault.activities.at/" "Mozilla/5.0 (Windows NT 10.0; Win64; x64) AppleWebKit/537.36 (KHTML, like Gecko) Chrome/88.0.4324.150 Safari/537.36"
193.194.132.28 - - [11/Feb/2021:14:28:04 +0100] "GET /reload?ser=1613050084403 HTTP/1.1" 200 28 "http://renault.2web.at/account" "Mozilla/5.0 (Windows NT 10.0; Win64; x64) AppleWebKit/537.36 (KHTML, like Gecko) Chrome/88.0.4324.150 Safari/537.36"
93.83.102.34 - - [11/Feb/2021:14:28:32 +0100] "GET /reload?ser=1613050112096 HTTP/1.1" 200 28 "http://renault.activities.at/success" "Mozilla/5.0 (Windows NT 10.0; Win64; x64) AppleWebKit/537.36 (KHTML, like Gecko) Chrome/88.0.4324.150 Safari/537.36"
80.122.53.230 - - [11/Feb/2021:14:29:01 +0100] "GET /reload?ser=1613050141654 HTTP/1.1" 200 28 "http://renault.activities.at/cart" "Mozilla/5.0 (Windows NT 10.0; Win64; x64) AppleWebKit/537.36 (KHTML, like Gecko) Chrome/88.0.4324.150 Safari/537.36"
185.58.53.32 - - [11/Feb/2021:14:29:05 +0100] "GET /reload?ser=1613050145016 HTTP/1.1" 200 28 "http://renault.activities.at/" "Mozilla/5.0 (Windows NT 10.0; Win64; x64) AppleWebKit/537.36 (KHTML, like Gecko) Chrome/88.0.4324.150 Safari/537.36"
193.194.132.28 - - [11/Feb/2021:14:29:06 +0100] "GET /reload?ser=1613050146402 HTTP/1.1" 200 28 "http://renault.2web.at/account" "Mozilla/5.0 (Windows NT 10.0; Win64; x64) AppleWebKit/537.36 (KHTML, like Gecko) Chrome/88.0.4324.150 Safari/537.36"
93.83.102.34 - - [11/Feb/2021:14:29:33 +0100] "GET /reload?ser=1613050173089 HTTP/1.1" 200 28 "http://renault.activities.at/success" "Mozilla/5.0 (Windows NT 10.0; Win64; x64) AppleWebKit/537.36 (KHTML, like Gecko) Chrome/88.0.4324.150 Safari/537.36"
77.220.109.61 - - [11/Feb/2021:14:29:35 +0100] "GET / HTTP/1.1" 200 3285 "-" "Mozilla/5.0 (Macintosh; Intel Mac OS X 10_15_6) AppleWebKit/605.1.15 (KHTML, like Gecko) Version/14.0.3 Safari/605.1.15"
77.220.109.61 - - [11/Feb/2021:14:29:36 +0100] "GET /css/print.css HTTP/1.1" 200 543 "http://renault.2web.at/" "Mozilla/5.0 (Macintosh; Intel Mac OS X 10_15_6) AppleWebKit/605.1.15 (KHTML, like Gecko) Version/14.0.3 Safari/605.1.15"
77.220.109.61 - - [11/Feb/2021:14:29:36 +0100] "GET /css/prototip.css HTTP/1.1" 200 968 "http://renault.2web.at/" "Mozilla/5.0 (Macintosh; Intel Mac OS X 10_15_6) AppleWebKit/605.1.15 (KHTML, like Gecko) Version/14.0.3 Safari/605.1.15"
77.220.109.61 - - [11/Feb/2021:14:29:36 +0100] "GET /images/title_border.jpg HTTP/1.1" 200 304 "http://renault.2web.at/" "Mozilla/5.0 (Macintosh; Intel Mac OS X 10_15_6) AppleWebKit/605.1.15 (KHTML, like Gecko) Version/14.0.3 Safari/605.1.15"
77.220.109.61 - - [11/Feb/2021:14:29:36 +0100] "GET /loadthumbnail.php?id=11127982 HTTP/1.1" 200 399614 "http://renault.2web.at/" "Mozilla/5.0 (Macintosh; Intel Mac OS X 10_15_6) AppleWebKit/605.1.15 (KHTML, like Gecko) Version/14.0.3 Safari/605.1.15"
80.122.53.230 - - [11/Feb/2021:14:30:02 +0100] "GET /reload?ser=1613050202661 HTTP/1.1" 200 28 "http://renault.activities.at/cart" "Mozilla/5.0 (Windows NT 10.0; Win64; x64) AppleWebKit/537.36 (KHTML, like Gecko) Chrome/88.0.4324.150 Safari/537.36"
185.58.53.32 - - [11/Feb/2021:14:30:06 +0100] "GET /reload?ser=1613050206002 HTTP/1.1" 200 28 "http://renault.activities.at/" "Mozilla/5.0 (Windows NT 10.0; Win64; x64) AppleWebKit/537.36 (KHTML, like Gecko) Chrome/88.0.4324.150 Safari/537.36"
193.194.132.28 - - [11/Feb/2021:14:30:08 +0100] "GET /reload?ser=1613050208403 HTTP/1.1" 200 28 "http://renault.2web.at/account" "Mozilla/5.0 (Windows NT 10.0; Win64; x64) AppleWebKit/537.36 (KHTML, like Gecko) Chrome/88.0.4324.150 Safari/537.36"
93.83.102.34 - - [11/Feb/2021:14:30:34 +0100] "GET /reload?ser=1613050234100 HTTP/1.1" 200 28 "http://renault.activities.at/success" "Mozilla/5.0 (Windows NT 10.0; Win64; x64) AppleWebKit/537.36 (KHTML, like Gecko) Chrome/88.0.4324.150 Safari/537.36"
80.122.53.230 - - [11/Feb/2021:14:31:03 +0100] "GET /reload?ser=1613050263653 HTTP/1.1" 200 28 "http://renault.activities.at/cart" "Mozilla/5.0 (Windows NT 10.0; Win64; x64) AppleWebKit/537.36 (KHTML, like Gecko) Chrome/88.0.4324.150 Safari/537.36"
185.58.53.32 - - [11/Feb/2021:14:31:07 +0100] "GET /reload?ser=1613050267002 HTTP/1.1" 200 28 "http://renault.activities.at/" "Mozilla/5.0 (Windows NT 10.0; Win64; x64) AppleWebKit/537.36 (KHTML, like Gecko) Chrome/88.0.4324.150 Safari/537.36"
93.83.102.34 - - [11/Feb/2021:14:31:35 +0100] "GET /reload?ser=1613050295093 HTTP/1.1" 200 28 "http://renault.activities.at/success" "Mozilla/5.0 (Windows NT 10.0; Win64; x64) AppleWebKit/537.36 (KHTML, like Gecko) Chrome/88.0.4324.150 Safari/537.36"
80.122.53.230 - - [11/Feb/2021:14:32:04 +0100] "GET /reload?ser=1613050324663 HTTP/1.1" 200 28 "http://renault.activities.at/cart" "Mozilla/5.0 (Windows NT 10.0; Win64; x64) AppleWebKit/537.36 (KHTML, like Gecko) Chrome/88.0.4324.150 Safari/537.36"
185.58.53.32 - - [11/Feb/2021:14:32:08 +0100] "GET /reload?ser=1613050328009 HTTP/1.1" 200 28 "http://renault.activities.at/" "Mozilla/5.0 (Windows NT 10.0; Win64; x64) AppleWebKit/537.36 (KHTML, like Gecko) Chrome/88.0.4324.150 Safari/537.36"
93.83.102.34 - - [11/Feb/2021:14:32:36 +0100] "GET /reload?ser=1613050356101 HTTP/1.1" 200 28 "http://renault.activities.at/success" "Mozilla/5.0 (Windows NT 10.0; Win64; x64) AppleWebKit/537.36 (KHTML, like Gecko) Chrome/88.0.4324.150 Safari/537.36"
80.122.53.230 - - [11/Feb/2021:14:33:05 +0100] "GET /reload?ser=1613050385663 HTTP/1.1" 200 28 "http://renault.activities.at/cart" "Mozilla/5.0 (Windows NT 10.0; Win64; x64) AppleWebKit/537.36 (KHTML, like Gecko) Chrome/88.0.4324.150 Safari/537.36"
185.58.53.32 - - [11/Feb/2021:14:33:09 +0100] "GET /reload?ser=1613050389011 HTTP/1.1" 200 28 "http://renault.activities.at/" "Mozilla/5.0 (Windows NT 10.0; Win64; x64) AppleWebKit/537.36 (KHTML, like Gecko) Chrome/88.0.4324.150 Safari/537.36"
93.83.102.34 - - [11/Feb/2021:14:33:37 +0100] "GET /reload?ser=1613050417086 HTTP/1.1" 200 28 "http://renault.activities.at/success" "Mozilla/5.0 (Windows NT 10.0; Win64; x64) AppleWebKit/537.36 (KHTML, like Gecko) Chrome/88.0.4324.150 Safari/537.36"
80.122.53.230 - - [11/Feb/2021:14:34:06 +0100] "GET /reload?ser=1613050446656 HTTP/1.1" 200 28 "http://renault.activities.at/cart" "Mozilla/5.0 (Windows NT 10.0; Win64; x64) AppleWebKit/537.36 (KHTML, like Gecko) Chrome/88.0.4324.150 Safari/537.36"
185.58.53.32 - - [11/Feb/2021:14:34:10 +0100] "GET /reload?ser=1613050450001 HTTP/1.1" 200 28 "http://renault.activities.at/" "Mozilla/5.0 (Windows NT 10.0; Win64; x64) AppleWebKit/537.36 (KHTML, like Gecko) Chrome/88.0.4324.150 Safari/537.36"
93.83.102.34 - - [11/Feb/2021:14:34:38 +0100] "GET /reload?ser=1613050478087 HTTP/1.1" 200 28 "http://renault.activities.at/success" "Mozilla/5.0 (Windows NT 10.0; Win64; x64) AppleWebKit/537.36 (KHTML, like Gecko) Chrome/88.0.4324.150 Safari/537.36"
80.122.53.230 - - [11/Feb/2021:14:35:07 +0100] "GET /reload?ser=1613050507666 HTTP/1.1" 200 28 "http://renault.activities.at/cart" "Mozilla/5.0 (Windows NT 10.0; Win64; x64) AppleWebKit/537.36 (KHTML, like Gecko) Chrome/88.0.4324.150 Safari/537.36"
185.58.53.32 - - [11/Feb/2021:14:35:11 +0100] "GET /reload?ser=1613050511013 HTTP/1.1" 200 28 "http://renault.activities.at/" "Mozilla/5.0 (Windows NT 10.0; Win64; x64) AppleWebKit/537.36 (KHTML, like Gecko) Chrome/88.0.4324.150 Safari/537.36"
93.83.102.34 - - [11/Feb/2021:14:35:39 +0100] "GET /reload?ser=1613050539088 HTTP/1.1" 200 28 "http://renault.activities.at/success" "Mozilla/5.0 (Windows NT 10.0; Win64; x64) AppleWebKit/537.36 (KHTML, like Gecko) Chrome/88.0.4324.150 Safari/537.36"
80.122.53.230 - - [11/Feb/2021:14:36:08 +0100] "GET /reload?ser=1613050568662 HTTP/1.1" 200 28 "http://renault.activities.at/cart" "Mozilla/5.0 (Windows NT 10.0; Win64; x64) AppleWebKit/537.36 (KHTML, like Gecko) Chrome/88.0.4324.150 Safari/537.36"
185.58.53.32 - - [11/Feb/2021:14:36:12 +0100] "GET /reload?ser=1613050572010 HTTP/1.1" 200 28 "http://renault.activities.at/" "Mozilla/5.0 (Windows NT 10.0; Win64; x64) AppleWebKit/537.36 (KHTML, like Gecko) Chrome/88.0.4324.150 Safari/537.36"
93.83.102.34 - - [11/Feb/2021:14:36:37 +0100] "GET /10260016 HTTP/1.1" 200 7037 "http://renault.activities.at/success" "Mozilla/5.0 (Windows NT 10.0; Win64; x64) AppleWebKit/537.36 (KHTML, like Gecko) Chrome/88.0.4324.150 Safari/537.36"
93.83.102.34 - - [11/Feb/2021:14:36:40 +0100] "GET /loadthumbnail.php?id=10460287&width=50&height=50 HTTP/1.1" 200 936 "http://renault.activities.at/10260016" "Mozilla/5.0 (Windows NT 10.0; Win64; x64) AppleWebKit/537.36 (KHTML, like Gecko) Chrome/88.0.4324.150 Safari/537.36"
93.83.102.34 - - [11/Feb/2021:14:36:40 +0100] "GET /loadthumbnail.php?id=11721290&width=50&height=50 HTTP/1.1" 200 705 "http://renault.activities.at/10260016" "Mozilla/5.0 (Windows NT 10.0; Win64; x64) AppleWebKit/537.36 (KHTML, like Gecko) Chrome/88.0.4324.150 Safari/537.36"
93.83.102.34 - - [11/Feb/2021:14:36:40 +0100] "GET /loadthumbnail.php?id=11089820&width=50&height=50 HTTP/1.1" 200 947 "http://renault.activities.at/10260016" "Mozilla/5.0 (Windows NT 10.0; Win64; x64) AppleWebKit/537.36 (KHTML, like Gecko) Chrome/88.0.4324.150 Safari/537.36"
93.83.102.34 - - [11/Feb/2021:14:36:40 +0100] "GET /loadthumbnail.php?id=11431080&width=50&height=50 HTTP/1.1" 200 866 "http://renault.activities.at/10260016" "Mozilla/5.0 (Windows NT 10.0; Win64; x64) AppleWebKit/537.36 (KHTML, like Gecko) Chrome/88.0.4324.150 Safari/537.36"
93.83.102.34 - - [11/Feb/2021:14:36:40 +0100] "GET /loadthumbnail.php?id=11967859&width=50&height=50 HTTP/1.1" 200 850 "http://renault.activities.at/10260016" "Mozilla/5.0 (Windows NT 10.0; Win64; x64) AppleWebKit/537.36 (KHTML, like Gecko) Chrome/88.0.4324.150 Safari/537.36"
93.83.102.34 - - [11/Feb/2021:14:36:40 +0100] "GET /loadthumbnail.php?id=12244856&width=50&height=50 HTTP/1.1" 200 1880 "http://renault.activities.at/10260016" "Mozilla/5.0 (Windows NT 10.0; Win64; x64) AppleWebKit/537.36 (KHTML, like Gecko) Chrome/88.0.4324.150 Safari/537.36"
80.122.53.230 - - [11/Feb/2021:14:37:09 +0100] "GET /reload?ser=1613050629663 HTTP/1.1" 200 28 "http://renault.activities.at/cart" "Mozilla/5.0 (Windows NT 10.0; Win64; x64) AppleWebKit/537.36 (KHTML, like Gecko) Chrome/88.0.4324.150 Safari/537.36"
185.58.53.32 - - [11/Feb/2021:14:37:13 +0100] "GET /reload?ser=1613050633001 HTTP/1.1" 200 28 "http://renault.activities.at/" "Mozilla/5.0 (Windows NT 10.0; Win64; x64) AppleWebKit/537.36 (KHTML, like Gecko) Chrome/88.0.4324.150 Safari/537.36"
93.83.102.34 - - [11/Feb/2021:14:37:41 +0100] "GET /reload?ser=1613050661091 HTTP/1.1" 200 28 "http://renault.activities.at/10260016" "Mozilla/5.0 (Windows NT 10.0; Win64; x64) AppleWebKit/537.36 (KHTML, like Gecko) Chrome/88.0.4324.150 Safari/537.36"
80.122.53.230 - - [11/Feb/2021:14:38:10 +0100] "GET /reload?ser=1613050690668 HTTP/1.1" 200 28 "http://renault.activities.at/cart" "Mozilla/5.0 (Windows NT 10.0; Win64; x64) AppleWebKit/537.36 (KHTML, like Gecko) Chrome/88.0.4324.150 Safari/537.36"
185.58.53.32 - - [11/Feb/2021:14:38:14 +0100] "GET /reload?ser=1613050694012 HTTP/1.1" 200 28 "http://renault.activities.at/" "Mozilla/5.0 (Windows NT 10.0; Win64; x64) AppleWebKit/537.36 (KHTML, like Gecko) Chrome/88.0.4324.150 Safari/537.36"
93.83.102.34 - - [11/Feb/2021:14:38:42 +0100] "GET /reload?ser=1613050722096 HTTP/1.1" 200 28 "http://renault.activities.at/10260016" "Mozilla/5.0 (Windows NT 10.0; Win64; x64) AppleWebKit/537.36 (KHTML, like Gecko) Chrome/88.0.4324.150 Safari/537.36"
80.122.53.230 - - [11/Feb/2021:14:39:11 +0100] "GET /reload?ser=1613050751662 HTTP/1.1" 200 28 "http://renault.activities.at/cart" "Mozilla/5.0 (Windows NT 10.0; Win64; x64) AppleWebKit/537.36 (KHTML, like Gecko) Chrome/88.0.4324.150 Safari/537.36"
185.58.53.32 - - [11/Feb/2021:14:39:16 +0100] "GET /reload?ser=1613050756006 HTTP/1.1" 200 28 "http://renault.activities.at/" "Mozilla/5.0 (Windows NT 10.0; Win64; x64) AppleWebKit/537.36 (KHTML, like Gecko) Chrome/88.0.4324.150 Safari/537.36"
