80.122.221.194 - - [15/Feb/2021:11:38:25 +0100] "GET /reload?ser=1613385505305 HTTP/1.1" 200 28 "http://renault.activities.at/login?required=true" "Mozilla/5.0 (Windows NT 10.0; Win64; x64) AppleWebKit/537.36 (KHTML, like Gecko) Chrome/88.0.4324.150 Safari/537.36 Edg/88.0.705.63"
138.21.12.22 - - [15/Feb/2021:11:38:33 +0100] "GET /reload?ser=1613385513018 HTTP/1.1" 200 28 "http://renault.2web.at/result?searchterm=true&search=verkauft" "Mozilla/5.0 (Windows NT 10.0; Win64; x64) AppleWebKit/537.36 (KHTML, like Gecko) Chrome/88.0.4324.150 Safari/537.36"
213.147.166.10 - - [15/Feb/2021:11:38:47 +0100] "GET /reload?ser=1613385527053 HTTP/1.1" 200 28 "http://renault.activities.at/success" "Mozilla/5.0 (Windows NT 10.0; WOW64; Trident/7.0; rv:11.0) like Gecko"
80.122.221.194 - - [15/Feb/2021:11:39:26 +0100] "GET /reload?ser=1613385566304 HTTP/1.1" 200 28 "http://renault.activities.at/login?required=true" "Mozilla/5.0 (Windows NT 10.0; Win64; x64) AppleWebKit/537.36 (KHTML, like Gecko) Chrome/88.0.4324.150 Safari/537.36 Edg/88.0.705.63"
138.21.12.22 - - [15/Feb/2021:11:39:35 +0100] "GET /reload?ser=1613385575020 HTTP/1.1" 200 28 "http://renault.2web.at/result?searchterm=true&search=verkauft" "Mozilla/5.0 (Windows NT 10.0; Win64; x64) AppleWebKit/537.36 (KHTML, like Gecko) Chrome/88.0.4324.150 Safari/537.36"
213.147.166.10 - - [15/Feb/2021:11:39:48 +0100] "GET /reload?ser=1613385588055 HTTP/1.1" 200 28 "http://renault.activities.at/success" "Mozilla/5.0 (Windows NT 10.0; WOW64; Trident/7.0; rv:11.0) like Gecko"
80.122.221.194 - - [15/Feb/2021:11:40:27 +0100] "GET /reload?ser=1613385627307 HTTP/1.1" 200 28 "http://renault.activities.at/login?required=true" "Mozilla/5.0 (Windows NT 10.0; Win64; x64) AppleWebKit/537.36 (KHTML, like Gecko) Chrome/88.0.4324.150 Safari/537.36 Edg/88.0.705.63"
138.21.12.22 - - [15/Feb/2021:11:40:37 +0100] "GET /reload?ser=1613385637024 HTTP/1.1" 200 28 "http://renault.2web.at/result?searchterm=true&search=verkauft" "Mozilla/5.0 (Windows NT 10.0; Win64; x64) AppleWebKit/537.36 (KHTML, like Gecko) Chrome/88.0.4324.150 Safari/537.36"
213.147.166.10 - - [15/Feb/2021:11:40:49 +0100] "GET /reload?ser=1613385649066 HTTP/1.1" 200 28 "http://renault.activities.at/success" "Mozilla/5.0 (Windows NT 10.0; WOW64; Trident/7.0; rv:11.0) like Gecko"
80.122.221.194 - - [15/Feb/2021:11:41:28 +0100] "GET /reload?ser=1613385688300 HTTP/1.1" 200 28 "http://renault.activities.at/login?required=true" "Mozilla/5.0 (Windows NT 10.0; Win64; x64) AppleWebKit/537.36 (KHTML, like Gecko) Chrome/88.0.4324.150 Safari/537.36 Edg/88.0.705.63"
138.21.12.22 - - [15/Feb/2021:11:41:39 +0100] "GET /reload?ser=1613385699025 HTTP/1.1" 200 28 "http://renault.2web.at/result?searchterm=true&search=verkauft" "Mozilla/5.0 (Windows NT 10.0; Win64; x64) AppleWebKit/537.36 (KHTML, like Gecko) Chrome/88.0.4324.150 Safari/537.36"
213.147.166.10 - - [15/Feb/2021:11:41:50 +0100] "GET /reload?ser=1613385710078 HTTP/1.1" 200 28 "http://renault.activities.at/success" "Mozilla/5.0 (Windows NT 10.0; WOW64; Trident/7.0; rv:11.0) like Gecko"
80.122.221.194 - - [15/Feb/2021:11:42:29 +0100] "GET /reload?ser=1613385749315 HTTP/1.1" 200 28 "http://renault.activities.at/login?required=true" "Mozilla/5.0 (Windows NT 10.0; Win64; x64) AppleWebKit/537.36 (KHTML, like Gecko) Chrome/88.0.4324.150 Safari/537.36 Edg/88.0.705.63"
138.21.12.22 - - [15/Feb/2021:11:42:41 +0100] "GET /reload?ser=1613385761028 HTTP/1.1" 200 28 "http://renault.2web.at/result?searchterm=true&search=verkauft" "Mozilla/5.0 (Windows NT 10.0; Win64; x64) AppleWebKit/537.36 (KHTML, like Gecko) Chrome/88.0.4324.150 Safari/537.36"
213.147.166.10 - - [15/Feb/2021:11:42:51 +0100] "GET /reload?ser=1613385771147 HTTP/1.1" 200 28 "http://renault.activities.at/success" "Mozilla/5.0 (Windows NT 10.0; WOW64; Trident/7.0; rv:11.0) like Gecko"
80.122.221.194 - - [15/Feb/2021:11:43:30 +0100] "GET /reload?ser=1613385810311 HTTP/1.1" 200 28 "http://renault.activities.at/login?required=true" "Mozilla/5.0 (Windows NT 10.0; Win64; x64) AppleWebKit/537.36 (KHTML, like Gecko) Chrome/88.0.4324.150 Safari/537.36 Edg/88.0.705.63"
138.21.12.22 - - [15/Feb/2021:11:43:43 +0100] "GET /reload?ser=1613385823030 HTTP/1.1" 200 28 "http://renault.2web.at/result?searchterm=true&search=verkauft" "Mozilla/5.0 (Windows NT 10.0; Win64; x64) AppleWebKit/537.36 (KHTML, like Gecko) Chrome/88.0.4324.150 Safari/537.36"
213.147.166.10 - - [15/Feb/2021:11:43:52 +0100] "GET /reload?ser=1613385832167 HTTP/1.1" 200 28 "http://renault.activities.at/success" "Mozilla/5.0 (Windows NT 10.0; WOW64; Trident/7.0; rv:11.0) like Gecko"
80.122.221.194 - - [15/Feb/2021:11:44:31 +0100] "GET /reload?ser=1613385871306 HTTP/1.1" 200 28 "http://renault.activities.at/login?required=true" "Mozilla/5.0 (Windows NT 10.0; Win64; x64) AppleWebKit/537.36 (KHTML, like Gecko) Chrome/88.0.4324.150 Safari/537.36 Edg/88.0.705.63"
138.21.12.22 - - [15/Feb/2021:11:44:45 +0100] "GET /reload?ser=1613385885031 HTTP/1.1" 200 28 "http://renault.2web.at/result?searchterm=true&search=verkauft" "Mozilla/5.0 (Windows NT 10.0; Win64; x64) AppleWebKit/537.36 (KHTML, like Gecko) Chrome/88.0.4324.150 Safari/537.36"
213.147.166.10 - - [15/Feb/2021:11:44:53 +0100] "GET /reload?ser=1613385893177 HTTP/1.1" 200 28 "http://renault.activities.at/success" "Mozilla/5.0 (Windows NT 10.0; WOW64; Trident/7.0; rv:11.0) like Gecko"
80.122.221.194 - - [15/Feb/2021:11:45:32 +0100] "GET /reload?ser=1613385932300 HTTP/1.1" 200 28 "http://renault.activities.at/login?required=true" "Mozilla/5.0 (Windows NT 10.0; Win64; x64) AppleWebKit/537.36 (KHTML, like Gecko) Chrome/88.0.4324.150 Safari/537.36 Edg/88.0.705.63"
138.21.12.22 - - [15/Feb/2021:11:45:47 +0100] "GET /reload?ser=1613385947033 HTTP/1.1" 200 28 "http://renault.2web.at/result?searchterm=true&search=verkauft" "Mozilla/5.0 (Windows NT 10.0; Win64; x64) AppleWebKit/537.36 (KHTML, like Gecko) Chrome/88.0.4324.150 Safari/537.36"
213.147.166.10 - - [15/Feb/2021:11:45:54 +0100] "GET /reload?ser=1613385954191 HTTP/1.1" 200 28 "http://renault.activities.at/success" "Mozilla/5.0 (Windows NT 10.0; WOW64; Trident/7.0; rv:11.0) like Gecko"
80.122.221.194 - - [15/Feb/2021:11:46:33 +0100] "GET /reload?ser=1613385993314 HTTP/1.1" 200 28 "http://renault.activities.at/login?required=true" "Mozilla/5.0 (Windows NT 10.0; Win64; x64) AppleWebKit/537.36 (KHTML, like Gecko) Chrome/88.0.4324.150 Safari/537.36 Edg/88.0.705.63"
138.21.12.22 - - [15/Feb/2021:11:46:49 +0100] "GET /reload?ser=1613386009039 HTTP/1.1" 200 28 "http://renault.2web.at/result?searchterm=true&search=verkauft" "Mozilla/5.0 (Windows NT 10.0; Win64; x64) AppleWebKit/537.36 (KHTML, like Gecko) Chrome/88.0.4324.150 Safari/537.36"
213.147.166.10 - - [15/Feb/2021:11:46:55 +0100] "GET /reload?ser=1613386015189 HTTP/1.1" 200 28 "http://renault.activities.at/success" "Mozilla/5.0 (Windows NT 10.0; WOW64; Trident/7.0; rv:11.0) like Gecko"
80.122.221.194 - - [15/Feb/2021:11:47:34 +0100] "GET /reload?ser=1613386054310 HTTP/1.1" 200 28 "http://renault.activities.at/login?required=true" "Mozilla/5.0 (Windows NT 10.0; Win64; x64) AppleWebKit/537.36 (KHTML, like Gecko) Chrome/88.0.4324.150 Safari/537.36 Edg/88.0.705.63"
138.21.12.22 - - [15/Feb/2021:11:47:51 +0100] "GET /reload?ser=1613386071041 HTTP/1.1" 200 28 "http://renault.2web.at/result?searchterm=true&search=verkauft" "Mozilla/5.0 (Windows NT 10.0; Win64; x64) AppleWebKit/537.36 (KHTML, like Gecko) Chrome/88.0.4324.150 Safari/537.36"
213.147.166.10 - - [15/Feb/2021:11:47:56 +0100] "GET /reload?ser=1613386076174 HTTP/1.1" 200 28 "http://renault.activities.at/success" "Mozilla/5.0 (Windows NT 10.0; WOW64; Trident/7.0; rv:11.0) like Gecko"
80.122.221.194 - - [15/Feb/2021:11:48:35 +0100] "GET /reload?ser=1613386115308 HTTP/1.1" 200 28 "http://renault.activities.at/login?required=true" "Mozilla/5.0 (Windows NT 10.0; Win64; x64) AppleWebKit/537.36 (KHTML, like Gecko) Chrome/88.0.4324.150 Safari/537.36 Edg/88.0.705.63"
138.21.12.22 - - [15/Feb/2021:11:48:53 +0100] "GET /reload?ser=1613386133041 HTTP/1.1" 200 28 "http://renault.2web.at/result?searchterm=true&search=verkauft" "Mozilla/5.0 (Windows NT 10.0; Win64; x64) AppleWebKit/537.36 (KHTML, like Gecko) Chrome/88.0.4324.150 Safari/537.36"
213.147.166.10 - - [15/Feb/2021:11:48:57 +0100] "GET /reload?ser=1613386137167 HTTP/1.1" 200 28 "http://renault.activities.at/success" "Mozilla/5.0 (Windows NT 10.0; WOW64; Trident/7.0; rv:11.0) like Gecko"
80.122.221.194 - - [15/Feb/2021:11:49:36 +0100] "GET /reload?ser=1613386176304 HTTP/1.1" 200 28 "http://renault.activities.at/login?required=true" "Mozilla/5.0 (Windows NT 10.0; Win64; x64) AppleWebKit/537.36 (KHTML, like Gecko) Chrome/88.0.4324.150 Safari/537.36 Edg/88.0.705.63"
138.21.12.22 - - [15/Feb/2021:11:49:55 +0100] "GET /reload?ser=1613386195042 HTTP/1.1" 200 28 "http://renault.2web.at/result?searchterm=true&search=verkauft" "Mozilla/5.0 (Windows NT 10.0; Win64; x64) AppleWebKit/537.36 (KHTML, like Gecko) Chrome/88.0.4324.150 Safari/537.36"
213.147.166.10 - - [15/Feb/2021:11:49:58 +0100] "GET /reload?ser=1613386198163 HTTP/1.1" 200 28 "http://renault.activities.at/success" "Mozilla/5.0 (Windows NT 10.0; WOW64; Trident/7.0; rv:11.0) like Gecko"
80.122.221.194 - - [15/Feb/2021:11:50:37 +0100] "GET /reload?ser=1613386237307 HTTP/1.1" 200 28 "http://renault.activities.at/login?required=true" "Mozilla/5.0 (Windows NT 10.0; Win64; x64) AppleWebKit/537.36 (KHTML, like Gecko) Chrome/88.0.4324.150 Safari/537.36 Edg/88.0.705.63"
138.21.12.22 - - [15/Feb/2021:11:50:57 +0100] "GET /reload?ser=1613386257040 HTTP/1.1" 200 28 "http://renault.2web.at/result?searchterm=true&search=verkauft" "Mozilla/5.0 (Windows NT 10.0; Win64; x64) AppleWebKit/537.36 (KHTML, like Gecko) Chrome/88.0.4324.150 Safari/537.36"
213.147.166.10 - - [15/Feb/2021:11:50:59 +0100] "GET /reload?ser=1613386259145 HTTP/1.1" 200 28 "http://renault.activities.at/success" "Mozilla/5.0 (Windows NT 10.0; WOW64; Trident/7.0; rv:11.0) like Gecko"
80.122.221.194 - - [15/Feb/2021:11:51:38 +0100] "GET /reload?ser=1613386298320 HTTP/1.1" 200 28 "http://renault.activities.at/login?required=true" "Mozilla/5.0 (Windows NT 10.0; Win64; x64) AppleWebKit/537.36 (KHTML, like Gecko) Chrome/88.0.4324.150 Safari/537.36 Edg/88.0.705.63"
138.21.12.22 - - [15/Feb/2021:11:51:59 +0100] "GET /reload?ser=1613386319044 HTTP/1.1" 200 28 "http://renault.2web.at/result?searchterm=true&search=verkauft" "Mozilla/5.0 (Windows NT 10.0; Win64; x64) AppleWebKit/537.36 (KHTML, like Gecko) Chrome/88.0.4324.150 Safari/537.36"
213.147.166.10 - - [15/Feb/2021:11:52:00 +0100] "GET /reload?ser=1613386320231 HTTP/1.1" 200 28 "http://renault.activities.at/success" "Mozilla/5.0 (Windows NT 10.0; WOW64; Trident/7.0; rv:11.0) like Gecko"
80.122.221.194 - - [15/Feb/2021:11:52:39 +0100] "GET /reload?ser=1613386359308 HTTP/1.1" 200 28 "http://renault.activities.at/login?required=true" "Mozilla/5.0 (Windows NT 10.0; Win64; x64) AppleWebKit/537.36 (KHTML, like Gecko) Chrome/88.0.4324.150 Safari/537.36 Edg/88.0.705.63"
213.147.166.10 - - [15/Feb/2021:11:53:01 +0100] "GET /reload?ser=1613386381191 HTTP/1.1" 200 28 "http://renault.activities.at/success" "Mozilla/5.0 (Windows NT 10.0; WOW64; Trident/7.0; rv:11.0) like Gecko"
138.21.12.22 - - [15/Feb/2021:11:53:02 +0100] "GET /reload?ser=1613386381044 HTTP/1.1" 200 28 "http://renault.2web.at/result?searchterm=true&search=verkauft" "Mozilla/5.0 (Windows NT 10.0; Win64; x64) AppleWebKit/537.36 (KHTML, like Gecko) Chrome/88.0.4324.150 Safari/537.36"
80.122.221.194 - - [15/Feb/2021:11:53:40 +0100] "GET /reload?ser=1613386420308 HTTP/1.1" 200 28 "http://renault.activities.at/login?required=true" "Mozilla/5.0 (Windows NT 10.0; Win64; x64) AppleWebKit/537.36 (KHTML, like Gecko) Chrome/88.0.4324.150 Safari/537.36 Edg/88.0.705.63"
213.147.166.10 - - [15/Feb/2021:11:54:02 +0100] "GET /reload?ser=1613386442202 HTTP/1.1" 200 28 "http://renault.activities.at/success" "Mozilla/5.0 (Windows NT 10.0; WOW64; Trident/7.0; rv:11.0) like Gecko"
138.21.12.22 - - [15/Feb/2021:11:54:03 +0100] "GET /reload?ser=1613386443051 HTTP/1.1" 200 28 "http://renault.2web.at/result?searchterm=true&search=verkauft" "Mozilla/5.0 (Windows NT 10.0; Win64; x64) AppleWebKit/537.36 (KHTML, like Gecko) Chrome/88.0.4324.150 Safari/537.36"
80.122.221.194 - - [15/Feb/2021:11:54:41 +0100] "GET /reload?ser=1613386481310 HTTP/1.1" 200 28 "http://renault.activities.at/login?required=true" "Mozilla/5.0 (Windows NT 10.0; Win64; x64) AppleWebKit/537.36 (KHTML, like Gecko) Chrome/88.0.4324.150 Safari/537.36 Edg/88.0.705.63"
213.147.166.10 - - [15/Feb/2021:11:55:03 +0100] "GET /reload?ser=1613386503186 HTTP/1.1" 200 28 "http://renault.activities.at/success" "Mozilla/5.0 (Windows NT 10.0; WOW64; Trident/7.0; rv:11.0) like Gecko"
138.21.12.22 - - [15/Feb/2021:11:55:05 +0100] "GET /reload?ser=1613386505045 HTTP/1.1" 200 28 "http://renault.2web.at/result?searchterm=true&search=verkauft" "Mozilla/5.0 (Windows NT 10.0; Win64; x64) AppleWebKit/537.36 (KHTML, like Gecko) Chrome/88.0.4324.150 Safari/537.36"
40.77.167.63 - - [15/Feb/2021:11:55:21 +0100] "GET /10260003?dir=DESC&mode=list&order=name&limit=10&detail=715552 HTTP/1.1" 200 3250 "-" "Mozilla/5.0 (compatible; bingbot/2.0; +http://www.bing.com/bingbot.htm)"
80.122.221.194 - - [15/Feb/2021:11:55:42 +0100] "GET /reload?ser=1613386542312 HTTP/1.1" 200 28 "http://renault.activities.at/login?required=true" "Mozilla/5.0 (Windows NT 10.0; Win64; x64) AppleWebKit/537.36 (KHTML, like Gecko) Chrome/88.0.4324.150 Safari/537.36 Edg/88.0.705.63"
213.147.166.10 - - [15/Feb/2021:11:56:04 +0100] "GET /reload?ser=1613386564187 HTTP/1.1" 200 28 "http://renault.activities.at/success" "Mozilla/5.0 (Windows NT 10.0; WOW64; Trident/7.0; rv:11.0) like Gecko"
138.21.12.22 - - [15/Feb/2021:11:56:07 +0100] "GET /reload?ser=1613386567046 HTTP/1.1" 200 28 "http://renault.2web.at/result?searchterm=true&search=verkauft" "Mozilla/5.0 (Windows NT 10.0; Win64; x64) AppleWebKit/537.36 (KHTML, like Gecko) Chrome/88.0.4324.150 Safari/537.36"
80.122.221.194 - - [15/Feb/2021:11:56:43 +0100] "GET /reload?ser=1613386603312 HTTP/1.1" 200 28 "http://renault.activities.at/login?required=true" "Mozilla/5.0 (Windows NT 10.0; Win64; x64) AppleWebKit/537.36 (KHTML, like Gecko) Chrome/88.0.4324.150 Safari/537.36 Edg/88.0.705.63"
213.147.166.10 - - [15/Feb/2021:11:57:05 +0100] "GET /reload?ser=1613386625203 HTTP/1.1" 200 28 "http://renault.activities.at/success" "Mozilla/5.0 (Windows NT 10.0; WOW64; Trident/7.0; rv:11.0) like Gecko"
138.21.12.22 - - [15/Feb/2021:11:57:09 +0100] "GET /reload?ser=1613386629047 HTTP/1.1" 200 28 "http://renault.2web.at/result?searchterm=true&search=verkauft" "Mozilla/5.0 (Windows NT 10.0; Win64; x64) AppleWebKit/537.36 (KHTML, like Gecko) Chrome/88.0.4324.150 Safari/537.36"
40.77.167.58 - - [15/Feb/2021:11:57:16 +0100] "GET /10260004?cat=10260301 HTTP/1.1" 200 4831 "-" "Mozilla/5.0 (compatible; bingbot/2.0; +http://www.bing.com/bingbot.htm)"
80.122.221.194 - - [15/Feb/2021:11:57:44 +0100] "GET /reload?ser=1613386664310 HTTP/1.1" 200 28 "http://renault.activities.at/login?required=true" "Mozilla/5.0 (Windows NT 10.0; Win64; x64) AppleWebKit/537.36 (KHTML, like Gecko) Chrome/88.0.4324.150 Safari/537.36 Edg/88.0.705.63"
213.147.166.10 - - [15/Feb/2021:11:58:06 +0100] "GET /reload?ser=1613386686209 HTTP/1.1" 200 28 "http://renault.activities.at/success" "Mozilla/5.0 (Windows NT 10.0; WOW64; Trident/7.0; rv:11.0) like Gecko"
138.21.12.22 - - [15/Feb/2021:11:58:11 +0100] "GET /reload?ser=1613386691051 HTTP/1.1" 200 28 "http://renault.2web.at/result?searchterm=true&search=verkauft" "Mozilla/5.0 (Windows NT 10.0; Win64; x64) AppleWebKit/537.36 (KHTML, like Gecko) Chrome/88.0.4324.150 Safari/537.36"
80.122.221.194 - - [15/Feb/2021:11:58:45 +0100] "GET /reload?ser=1613386725304 HTTP/1.1" 200 28 "http://renault.activities.at/login?required=true" "Mozilla/5.0 (Windows NT 10.0; Win64; x64) AppleWebKit/537.36 (KHTML, like Gecko) Chrome/88.0.4324.150 Safari/537.36 Edg/88.0.705.63"
213.147.166.10 - - [15/Feb/2021:11:59:07 +0100] "GET /reload?ser=1613386747166 HTTP/1.1" 200 28 "http://renault.activities.at/success" "Mozilla/5.0 (Windows NT 10.0; WOW64; Trident/7.0; rv:11.0) like Gecko"
138.21.12.22 - - [15/Feb/2021:11:59:13 +0100] "GET /reload?ser=1613386753054 HTTP/1.1" 200 28 "http://renault.2web.at/result?searchterm=true&search=verkauft" "Mozilla/5.0 (Windows NT 10.0; Win64; x64) AppleWebKit/537.36 (KHTML, like Gecko) Chrome/88.0.4324.150 Safari/537.36"
80.122.221.194 - - [15/Feb/2021:11:59:46 +0100] "GET /reload?ser=1613386786301 HTTP/1.1" 200 28 "http://renault.activities.at/login?required=true" "Mozilla/5.0 (Windows NT 10.0; Win64; x64) AppleWebKit/537.36 (KHTML, like Gecko) Chrome/88.0.4324.150 Safari/537.36 Edg/88.0.705.63"
213.147.166.10 - - [15/Feb/2021:12:00:08 +0100] "GET /reload?ser=1613386808166 HTTP/1.1" 200 28 "http://renault.activities.at/success" "Mozilla/5.0 (Windows NT 10.0; WOW64; Trident/7.0; rv:11.0) like Gecko"
138.21.12.22 - - [15/Feb/2021:12:00:15 +0100] "GET /reload?ser=1613386815055 HTTP/1.1" 200 28 "http://renault.2web.at/result?searchterm=true&search=verkauft" "Mozilla/5.0 (Windows NT 10.0; Win64; x64) AppleWebKit/537.36 (KHTML, like Gecko) Chrome/88.0.4324.150 Safari/537.36"
80.122.221.194 - - [15/Feb/2021:12:00:47 +0100] "GET /reload?ser=1613386847300 HTTP/1.1" 200 28 "http://renault.activities.at/login?required=true" "Mozilla/5.0 (Windows NT 10.0; Win64; x64) AppleWebKit/537.36 (KHTML, like Gecko) Chrome/88.0.4324.150 Safari/537.36 Edg/88.0.705.63"
213.147.166.10 - - [15/Feb/2021:12:01:09 +0100] "GET /reload?ser=1613386869147 HTTP/1.1" 200 28 "http://renault.activities.at/success" "Mozilla/5.0 (Windows NT 10.0; WOW64; Trident/7.0; rv:11.0) like Gecko"
138.21.12.22 - - [15/Feb/2021:12:01:17 +0100] "GET /reload?ser=1613386877052 HTTP/1.1" 200 28 "http://renault.2web.at/result?searchterm=true&search=verkauft" "Mozilla/5.0 (Windows NT 10.0; Win64; x64) AppleWebKit/537.36 (KHTML, like Gecko) Chrome/88.0.4324.150 Safari/537.36"
80.122.221.194 - - [15/Feb/2021:12:01:48 +0100] "GET /reload?ser=1613386908303 HTTP/1.1" 200 28 "http://renault.activities.at/login?required=true" "Mozilla/5.0 (Windows NT 10.0; Win64; x64) AppleWebKit/537.36 (KHTML, like Gecko) Chrome/88.0.4324.150 Safari/537.36 Edg/88.0.705.63"
80.120.210.180 - - [15/Feb/2021:12:02:00 +0100] "GET / HTTP/1.1" 200 3273 "-" "Mozilla/5.0 (Windows NT 10.0; Win64; x64) AppleWebKit/537.36 (KHTML, like Gecko) Chrome/88.0.4324.150 Safari/537.36"
80.120.210.180 - - [15/Feb/2021:12:02:01 +0100] "GET /js/default.js HTTP/1.1" 200 14698 "http://renault.activities.at/" "Mozilla/5.0 (Windows NT 10.0; Win64; x64) AppleWebKit/537.36 (KHTML, like Gecko) Chrome/88.0.4324.150 Safari/537.36"
80.120.210.180 - - [15/Feb/2021:12:02:01 +0100] "GET /css/reset.css HTTP/1.1" 200 1356 "http://renault.activities.at/" "Mozilla/5.0 (Windows NT 10.0; Win64; x64) AppleWebKit/537.36 (KHTML, like Gecko) Chrome/88.0.4324.150 Safari/537.36"
80.120.210.180 - - [15/Feb/2021:12:02:01 +0100] "GET /css/clears.css HTTP/1.1" 200 851 "http://renault.activities.at/" "Mozilla/5.0 (Windows NT 10.0; Win64; x64) AppleWebKit/537.36 (KHTML, like Gecko) Chrome/88.0.4324.150 Safari/537.36"
80.120.210.180 - - [15/Feb/2021:12:02:01 +0100] "GET /js/checkout.css HTTP/1.1" 200 359 "http://renault.activities.at/" "Mozilla/5.0 (Windows NT 10.0; Win64; x64) AppleWebKit/537.36 (KHTML, like Gecko) Chrome/88.0.4324.150 Safari/537.36"
80.120.210.180 - - [15/Feb/2021:12:02:01 +0100] "GET /css/prototip.css HTTP/1.1" 200 968 "http://renault.activities.at/" "Mozilla/5.0 (Windows NT 10.0; Win64; x64) AppleWebKit/537.36 (KHTML, like Gecko) Chrome/88.0.4324.150 Safari/537.36"
80.120.210.180 - - [15/Feb/2021:12:02:01 +0100] "GET /css/styles.css HTTP/1.1" 200 14664 "http://renault.activities.at/" "Mozilla/5.0 (Windows NT 10.0; Win64; x64) AppleWebKit/537.36 (KHTML, like Gecko) Chrome/88.0.4324.150 Safari/537.36"
80.120.210.180 - - [15/Feb/2021:12:02:01 +0100] "GET /css/themes/default.css HTTP/1.1" 200 769 "http://renault.activities.at/" "Mozilla/5.0 (Windows NT 10.0; Win64; x64) AppleWebKit/537.36 (KHTML, like Gecko) Chrome/88.0.4324.150 Safari/537.36"
80.120.210.180 - - [15/Feb/2021:12:02:01 +0100] "GET /css/themes/alphacube.css HTTP/1.1" 200 743 "http://renault.activities.at/" "Mozilla/5.0 (Windows NT 10.0; Win64; x64) AppleWebKit/537.36 (KHTML, like Gecko) Chrome/88.0.4324.150 Safari/537.36"
80.120.210.180 - - [15/Feb/2021:12:02:01 +0100] "GET /js/flashdetection.js HTTP/1.1" 200 1059 "http://renault.activities.at/" "Mozilla/5.0 (Windows NT 10.0; Win64; x64) AppleWebKit/537.36 (KHTML, like Gecko) Chrome/88.0.4324.150 Safari/537.36"
80.120.210.180 - - [15/Feb/2021:12:02:01 +0100] "GET /js/index.php?c=auto&f=,prototype/prototype.js,prototype/validation.js,scriptaculous/builder.js,scriptaculous/effects.js,scriptaculous/dragdrop.js,scriptaculous/controls.js,scriptaculous/slider.js,varien/js.js,varien/form.js,varien/menu.js,mage/translate.js,mage/cookies.js,varien/product.js,spinner/SpinnerControl.jsmin.js,prototype/window.js,prototype/window_ext.js HTTP/1.1" 200 94182 "http://renault.activities.at/" "Mozilla/5.0 (Windows NT 10.0; Win64; x64) AppleWebKit/537.36 (KHTML, like Gecko) Chrome/88.0.4324.150 Safari/537.36"
80.120.210.180 - - [15/Feb/2021:12:02:01 +0100] "GET /images/main_block_border.gif HTTP/1.1" 200 43 "http://renault.activities.at/css/styles.css" "Mozilla/5.0 (Windows NT 10.0; Win64; x64) AppleWebKit/537.36 (KHTML, like Gecko) Chrome/88.0.4324.150 Safari/537.36"
80.120.210.180 - - [15/Feb/2021:12:02:01 +0100] "GET /images/main_block_corner_left_bot.gif HTTP/1.1" 200 159 "http://renault.activities.at/css/styles.css" "Mozilla/5.0 (Windows NT 10.0; Win64; x64) AppleWebKit/537.36 (KHTML, like Gecko) Chrome/88.0.4324.150 Safari/537.36"
80.120.210.180 - - [15/Feb/2021:12:02:01 +0100] "GET /images/main_block_corner_right_bot.gif HTTP/1.1" 200 158 "http://renault.activities.at/css/styles.css" "Mozilla/5.0 (Windows NT 10.0; Win64; x64) AppleWebKit/537.36 (KHTML, like Gecko) Chrome/88.0.4324.150 Safari/537.36"
80.120.210.180 - - [15/Feb/2021:12:02:01 +0100] "GET /images/header_block_border.gif HTTP/1.1" 200 43 "http://renault.activities.at/css/styles.css" "Mozilla/5.0 (Windows NT 10.0; Win64; x64) AppleWebKit/537.36 (KHTML, like Gecko) Chrome/88.0.4324.150 Safari/537.36"
80.120.210.180 - - [15/Feb/2021:12:02:01 +0100] "GET /images/header_block_corner_left_top.gif HTTP/1.1" 200 160 "http://renault.activities.at/css/styles.css" "Mozilla/5.0 (Windows NT 10.0; Win64; x64) AppleWebKit/537.36 (KHTML, like Gecko) Chrome/88.0.4324.150 Safari/537.36"
80.120.210.180 - - [15/Feb/2021:12:02:01 +0100] "GET /css/print.css HTTP/1.1" 200 543 "http://renault.activities.at/" "Mozilla/5.0 (Windows NT 10.0; Win64; x64) AppleWebKit/537.36 (KHTML, like Gecko) Chrome/88.0.4324.150 Safari/537.36"
80.120.210.180 - - [15/Feb/2021:12:02:01 +0100] "GET /images/header_block_corner_right_top.gif HTTP/1.1" 200 160 "http://renault.activities.at/css/styles.css" "Mozilla/5.0 (Windows NT 10.0; Win64; x64) AppleWebKit/537.36 (KHTML, like Gecko) Chrome/88.0.4324.150 Safari/537.36"
80.120.210.180 - - [15/Feb/2021:12:02:01 +0100] "GET /images/main_block_corner_left_top.gif HTTP/1.1" 200 159 "http://renault.activities.at/css/styles.css" "Mozilla/5.0 (Windows NT 10.0; Win64; x64) AppleWebKit/537.36 (KHTML, like Gecko) Chrome/88.0.4324.150 Safari/537.36"
80.120.210.180 - - [15/Feb/2021:12:02:01 +0100] "GET /images/main_block_corner_right_top.gif HTTP/1.1" 200 159 "http://renault.activities.at/css/styles.css" "Mozilla/5.0 (Windows NT 10.0; Win64; x64) AppleWebKit/537.36 (KHTML, like Gecko) Chrome/88.0.4324.150 Safari/537.36"
80.120.210.180 - - [15/Feb/2021:12:02:01 +0100] "GET /images/title_border.jpg HTTP/1.1" 200 304 "http://renault.activities.at/css/styles.css" "Mozilla/5.0 (Windows NT 10.0; Win64; x64) AppleWebKit/537.36 (KHTML, like Gecko) Chrome/88.0.4324.150 Safari/537.36"
80.120.210.180 - - [15/Feb/2021:12:02:01 +0100] "GET /images/title_border_top.jpg HTTP/1.1" 200 336 "http://renault.activities.at/css/styles.css" "Mozilla/5.0 (Windows NT 10.0; Win64; x64) AppleWebKit/537.36 (KHTML, like Gecko) Chrome/88.0.4324.150 Safari/537.36"
80.120.210.180 - - [15/Feb/2021:12:02:01 +0100] "GET /images/title_corner_left_top.jpg HTTP/1.1" 200 372 "http://renault.activities.at/css/styles.css" "Mozilla/5.0 (Windows NT 10.0; Win64; x64) AppleWebKit/537.36 (KHTML, like Gecko) Chrome/88.0.4324.150 Safari/537.36"
80.120.210.180 - - [15/Feb/2021:12:02:01 +0100] "GET /images/title_corner_right_top.jpg HTTP/1.1" 200 389 "http://renault.activities.at/css/styles.css" "Mozilla/5.0 (Windows NT 10.0; Win64; x64) AppleWebKit/537.36 (KHTML, like Gecko) Chrome/88.0.4324.150 Safari/537.36"
80.120.210.180 - - [15/Feb/2021:12:02:01 +0100] "GET /loadthumbnail.php?id=11127982 HTTP/1.1" 200 399614 "http://renault.activities.at/" "Mozilla/5.0 (Windows NT 10.0; Win64; x64) AppleWebKit/537.36 (KHTML, like Gecko) Chrome/88.0.4324.150 Safari/537.36"
80.120.210.180 - - [15/Feb/2021:12:02:02 +0100] "GET /images/favicon.ico HTTP/1.1" 404 305 "http://renault.activities.at/" "Mozilla/5.0 (Windows NT 10.0; Win64; x64) AppleWebKit/537.36 (KHTML, like Gecko) Chrome/88.0.4324.150 Safari/537.36"
213.147.166.10 - - [15/Feb/2021:12:02:10 +0100] "GET /reload?ser=1613386930163 HTTP/1.1" 200 28 "http://renault.activities.at/success" "Mozilla/5.0 (Windows NT 10.0; WOW64; Trident/7.0; rv:11.0) like Gecko"
138.21.12.22 - - [15/Feb/2021:12:02:20 +0100] "GET /reload?ser=1613386939052 HTTP/1.1" 200 28 "http://renault.2web.at/result?searchterm=true&search=verkauft" "Mozilla/5.0 (Windows NT 10.0; Win64; x64) AppleWebKit/537.36 (KHTML, like Gecko) Chrome/88.0.4324.150 Safari/537.36"
80.122.221.194 - - [15/Feb/2021:12:02:49 +0100] "GET /reload?ser=1613386969307 HTTP/1.1" 200 28 "http://renault.activities.at/login?required=true" "Mozilla/5.0 (Windows NT 10.0; Win64; x64) AppleWebKit/537.36 (KHTML, like Gecko) Chrome/88.0.4324.150 Safari/537.36 Edg/88.0.705.63"
213.147.166.10 - - [15/Feb/2021:12:03:11 +0100] "GET /reload?ser=1613386991193 HTTP/1.1" 200 28 "http://renault.activities.at/success" "Mozilla/5.0 (Windows NT 10.0; WOW64; Trident/7.0; rv:11.0) like Gecko"
138.21.12.22 - - [15/Feb/2021:12:03:21 +0100] "GET /reload?ser=1613387001054 HTTP/1.1" 200 28 "http://renault.2web.at/result?searchterm=true&search=verkauft" "Mozilla/5.0 (Windows NT 10.0; Win64; x64) AppleWebKit/537.36 (KHTML, like Gecko) Chrome/88.0.4324.150 Safari/537.36"
80.122.221.194 - - [15/Feb/2021:12:03:50 +0100] "GET /reload?ser=1613387030307 HTTP/1.1" 200 28 "http://renault.activities.at/login?required=true" "Mozilla/5.0 (Windows NT 10.0; Win64; x64) AppleWebKit/537.36 (KHTML, like Gecko) Chrome/88.0.4324.150 Safari/537.36 Edg/88.0.705.63"
213.147.166.10 - - [15/Feb/2021:12:04:12 +0100] "GET /reload?ser=1613387052134 HTTP/1.1" 200 28 "http://renault.activities.at/success" "Mozilla/5.0 (Windows NT 10.0; WOW64; Trident/7.0; rv:11.0) like Gecko"
138.21.12.22 - - [15/Feb/2021:12:04:23 +0100] "GET /reload?ser=1613387063053 HTTP/1.1" 200 28 "http://renault.2web.at/result?searchterm=true&search=verkauft" "Mozilla/5.0 (Windows NT 10.0; Win64; x64) AppleWebKit/537.36 (KHTML, like Gecko) Chrome/88.0.4324.150 Safari/537.36"
80.122.221.194 - - [15/Feb/2021:12:04:51 +0100] "GET /reload?ser=1613387091299 HTTP/1.1" 200 28 "http://renault.activities.at/login?required=true" "Mozilla/5.0 (Windows NT 10.0; Win64; x64) AppleWebKit/537.36 (KHTML, like Gecko) Chrome/88.0.4324.150 Safari/537.36 Edg/88.0.705.63"
213.147.166.10 - - [15/Feb/2021:12:05:13 +0100] "GET /reload?ser=1613387113127 HTTP/1.1" 200 28 "http://renault.activities.at/success" "Mozilla/5.0 (Windows NT 10.0; WOW64; Trident/7.0; rv:11.0) like Gecko"
138.21.12.22 - - [15/Feb/2021:12:05:25 +0100] "GET /reload?ser=1613387125055 HTTP/1.1" 200 28 "http://renault.2web.at/result?searchterm=true&search=verkauft" "Mozilla/5.0 (Windows NT 10.0; Win64; x64) AppleWebKit/537.36 (KHTML, like Gecko) Chrome/88.0.4324.150 Safari/537.36"
80.122.221.194 - - [15/Feb/2021:12:05:52 +0100] "GET /reload?ser=1613387152313 HTTP/1.1" 200 28 "http://renault.activities.at/login?required=true" "Mozilla/5.0 (Windows NT 10.0; Win64; x64) AppleWebKit/537.36 (KHTML, like Gecko) Chrome/88.0.4324.150 Safari/537.36 Edg/88.0.705.63"
213.147.166.10 - - [15/Feb/2021:12:06:14 +0100] "GET /reload?ser=1613387174138 HTTP/1.1" 200 28 "http://renault.activities.at/success" "Mozilla/5.0 (Windows NT 10.0; WOW64; Trident/7.0; rv:11.0) like Gecko"
138.21.12.22 - - [15/Feb/2021:12:06:27 +0100] "GET /reload?ser=1613387187056 HTTP/1.1" 200 28 "http://renault.2web.at/result?searchterm=true&search=verkauft" "Mozilla/5.0 (Windows NT 10.0; Win64; x64) AppleWebKit/537.36 (KHTML, like Gecko) Chrome/88.0.4324.150 Safari/537.36"
80.122.221.194 - - [15/Feb/2021:12:06:53 +0100] "GET /reload?ser=1613387213310 HTTP/1.1" 200 28 "http://renault.activities.at/login?required=true" "Mozilla/5.0 (Windows NT 10.0; Win64; x64) AppleWebKit/537.36 (KHTML, like Gecko) Chrome/88.0.4324.150 Safari/537.36 Edg/88.0.705.63"
213.147.166.10 - - [15/Feb/2021:12:07:15 +0100] "GET /reload?ser=1613387235107 HTTP/1.1" 200 28 "http://renault.activities.at/success" "Mozilla/5.0 (Windows NT 10.0; WOW64; Trident/7.0; rv:11.0) like Gecko"
138.21.12.22 - - [15/Feb/2021:12:07:29 +0100] "GET /reload?ser=1613387249060 HTTP/1.1" 200 28 "http://renault.2web.at/result?searchterm=true&search=verkauft" "Mozilla/5.0 (Windows NT 10.0; Win64; x64) AppleWebKit/537.36 (KHTML, like Gecko) Chrome/88.0.4324.150 Safari/537.36"
80.122.221.194 - - [15/Feb/2021:12:07:54 +0100] "GET /reload?ser=1613387274308 HTTP/1.1" 200 28 "http://renault.activities.at/login?required=true" "Mozilla/5.0 (Windows NT 10.0; Win64; x64) AppleWebKit/537.36 (KHTML, like Gecko) Chrome/88.0.4324.150 Safari/537.36 Edg/88.0.705.63"
213.147.166.10 - - [15/Feb/2021:12:08:16 +0100] "GET /reload?ser=1613387296117 HTTP/1.1" 200 28 "http://renault.activities.at/success" "Mozilla/5.0 (Windows NT 10.0; WOW64; Trident/7.0; rv:11.0) like Gecko"
138.21.12.22 - - [15/Feb/2021:12:08:31 +0100] "GET /reload?ser=1613387311055 HTTP/1.1" 200 28 "http://renault.2web.at/result?searchterm=true&search=verkauft" "Mozilla/5.0 (Windows NT 10.0; Win64; x64) AppleWebKit/537.36 (KHTML, like Gecko) Chrome/88.0.4324.150 Safari/537.36"
80.122.221.194 - - [15/Feb/2021:12:08:55 +0100] "GET /reload?ser=1613387335302 HTTP/1.1" 200 28 "http://renault.activities.at/login?required=true" "Mozilla/5.0 (Windows NT 10.0; Win64; x64) AppleWebKit/537.36 (KHTML, like Gecko) Chrome/88.0.4324.150 Safari/537.36 Edg/88.0.705.63"
213.147.166.10 - - [15/Feb/2021:12:09:17 +0100] "GET /reload?ser=1613387357096 HTTP/1.1" 200 28 "http://renault.activities.at/success" "Mozilla/5.0 (Windows NT 10.0; WOW64; Trident/7.0; rv:11.0) like Gecko"
138.21.12.22 - - [15/Feb/2021:12:09:33 +0100] "GET /reload?ser=1613387373057 HTTP/1.1" 200 28 "http://renault.2web.at/result?searchterm=true&search=verkauft" "Mozilla/5.0 (Windows NT 10.0; Win64; x64) AppleWebKit/537.36 (KHTML, like Gecko) Chrome/88.0.4324.150 Safari/537.36"
80.122.221.194 - - [15/Feb/2021:12:09:56 +0100] "GET /reload?ser=1613387396303 HTTP/1.1" 200 28 "http://renault.activities.at/login?required=true" "Mozilla/5.0 (Windows NT 10.0; Win64; x64) AppleWebKit/537.36 (KHTML, like Gecko) Chrome/88.0.4324.150 Safari/537.36 Edg/88.0.705.63"
213.147.166.10 - - [15/Feb/2021:12:10:18 +0100] "GET /reload?ser=1613387418827 HTTP/1.1" 200 28 "http://renault.activities.at/success" "Mozilla/5.0 (Windows NT 10.0; WOW64; Trident/7.0; rv:11.0) like Gecko"
138.21.12.22 - - [15/Feb/2021:12:10:35 +0100] "GET /reload?ser=1613387435055 HTTP/1.1" 200 28 "http://renault.2web.at/result?searchterm=true&search=verkauft" "Mozilla/5.0 (Windows NT 10.0; Win64; x64) AppleWebKit/537.36 (KHTML, like Gecko) Chrome/88.0.4324.150 Safari/537.36"
80.122.221.194 - - [15/Feb/2021:12:10:57 +0100] "GET /reload?ser=1613387457304 HTTP/1.1" 200 28 "http://renault.activities.at/login?required=true" "Mozilla/5.0 (Windows NT 10.0; Win64; x64) AppleWebKit/537.36 (KHTML, like Gecko) Chrome/88.0.4324.150 Safari/537.36 Edg/88.0.705.63"
213.147.166.10 - - [15/Feb/2021:12:11:19 +0100] "GET /reload?ser=1613387479859 HTTP/1.1" 200 28 "http://renault.activities.at/success" "Mozilla/5.0 (Windows NT 10.0; WOW64; Trident/7.0; rv:11.0) like Gecko"
138.21.12.22 - - [15/Feb/2021:12:11:37 +0100] "GET /reload?ser=1613387497057 HTTP/1.1" 200 28 "http://renault.2web.at/result?searchterm=true&search=verkauft" "Mozilla/5.0 (Windows NT 10.0; Win64; x64) AppleWebKit/537.36 (KHTML, like Gecko) Chrome/88.0.4324.150 Safari/537.36"
80.122.221.194 - - [15/Feb/2021:12:11:58 +0100] "GET /reload?ser=1613387518316 HTTP/1.1" 200 28 "http://renault.activities.at/login?required=true" "Mozilla/5.0 (Windows NT 10.0; Win64; x64) AppleWebKit/537.36 (KHTML, like Gecko) Chrome/88.0.4324.150 Safari/537.36 Edg/88.0.705.63"
213.147.166.10 - - [15/Feb/2021:12:12:20 +0100] "GET /reload?ser=1613387540842 HTTP/1.1" 200 28 "http://renault.activities.at/success" "Mozilla/5.0 (Windows NT 10.0; WOW64; Trident/7.0; rv:11.0) like Gecko"
138.21.12.22 - - [15/Feb/2021:12:12:39 +0100] "GET /reload?ser=1613387559058 HTTP/1.1" 200 28 "http://renault.2web.at/result?searchterm=true&search=verkauft" "Mozilla/5.0 (Windows NT 10.0; Win64; x64) AppleWebKit/537.36 (KHTML, like Gecko) Chrome/88.0.4324.150 Safari/537.36"
80.122.221.194 - - [15/Feb/2021:12:12:59 +0100] "GET /reload?ser=1613387579306 HTTP/1.1" 200 28 "http://renault.activities.at/login?required=true" "Mozilla/5.0 (Windows NT 10.0; Win64; x64) AppleWebKit/537.36 (KHTML, like Gecko) Chrome/88.0.4324.150 Safari/537.36 Edg/88.0.705.63"
213.147.166.10 - - [15/Feb/2021:12:13:21 +0100] "GET /reload?ser=1613387601845 HTTP/1.1" 200 28 "http://renault.activities.at/success" "Mozilla/5.0 (Windows NT 10.0; WOW64; Trident/7.0; rv:11.0) like Gecko"
138.21.12.22 - - [15/Feb/2021:12:13:41 +0100] "GET /reload?ser=1613387621056 HTTP/1.1" 200 28 "http://renault.2web.at/result?searchterm=true&search=verkauft" "Mozilla/5.0 (Windows NT 10.0; Win64; x64) AppleWebKit/537.36 (KHTML, like Gecko) Chrome/88.0.4324.150 Safari/537.36"
80.122.221.194 - - [15/Feb/2021:12:14:00 +0100] "GET /reload?ser=1613387640302 HTTP/1.1" 200 28 "http://renault.activities.at/login?required=true" "Mozilla/5.0 (Windows NT 10.0; Win64; x64) AppleWebKit/537.36 (KHTML, like Gecko) Chrome/88.0.4324.150 Safari/537.36 Edg/88.0.705.63"
114.119.150.215 - - [15/Feb/2021:12:14:21 +0100] "GET /robots.txt HTTP/1.1" 404 300 "-" "(compatible;PetalBot;+https://aspiegel.com/petalbot)"
213.147.166.10 - - [15/Feb/2021:12:14:22 +0100] "GET /reload?ser=1613387662816 HTTP/1.1" 200 28 "http://renault.activities.at/success" "Mozilla/5.0 (Windows NT 10.0; WOW64; Trident/7.0; rv:11.0) like Gecko"
138.21.12.22 - - [15/Feb/2021:12:14:43 +0100] "GET /reload?ser=1613387683059 HTTP/1.1" 200 28 "http://renault.2web.at/result?searchterm=true&search=verkauft" "Mozilla/5.0 (Windows NT 10.0; Win64; x64) AppleWebKit/537.36 (KHTML, like Gecko) Chrome/88.0.4324.150 Safari/537.36"
80.122.221.194 - - [15/Feb/2021:12:15:01 +0100] "GET /reload?ser=1613387701303 HTTP/1.1" 200 28 "http://renault.activities.at/login?required=true" "Mozilla/5.0 (Windows NT 10.0; Win64; x64) AppleWebKit/537.36 (KHTML, like Gecko) Chrome/88.0.4324.150 Safari/537.36 Edg/88.0.705.63"
213.147.166.10 - - [15/Feb/2021:12:15:23 +0100] "GET /reload?ser=1613387723812 HTTP/1.1" 200 28 "http://renault.activities.at/success" "Mozilla/5.0 (Windows NT 10.0; WOW64; Trident/7.0; rv:11.0) like Gecko"
138.21.12.22 - - [15/Feb/2021:12:15:45 +0100] "GET /reload?ser=1613387745058 HTTP/1.1" 200 28 "http://renault.2web.at/result?searchterm=true&search=verkauft" "Mozilla/5.0 (Windows NT 10.0; Win64; x64) AppleWebKit/537.36 (KHTML, like Gecko) Chrome/88.0.4324.150 Safari/537.36"
80.122.221.194 - - [15/Feb/2021:12:16:02 +0100] "GET /reload?ser=1613387762303 HTTP/1.1" 200 28 "http://renault.activities.at/login?required=true" "Mozilla/5.0 (Windows NT 10.0; Win64; x64) AppleWebKit/537.36 (KHTML, like Gecko) Chrome/88.0.4324.150 Safari/537.36 Edg/88.0.705.63"
213.147.166.10 - - [15/Feb/2021:12:16:24 +0100] "GET /reload?ser=1613387784780 HTTP/1.1" 200 28 "http://renault.activities.at/success" "Mozilla/5.0 (Windows NT 10.0; WOW64; Trident/7.0; rv:11.0) like Gecko"
138.21.12.22 - - [15/Feb/2021:12:16:47 +0100] "GET /reload?ser=1613387807058 HTTP/1.1" 200 28 "http://renault.2web.at/result?searchterm=true&search=verkauft" "Mozilla/5.0 (Windows NT 10.0; Win64; x64) AppleWebKit/537.36 (KHTML, like Gecko) Chrome/88.0.4324.150 Safari/537.36"
80.122.221.194 - - [15/Feb/2021:12:17:03 +0100] "GET /reload?ser=1613387823304 HTTP/1.1" 200 28 "http://renault.activities.at/login?required=true" "Mozilla/5.0 (Windows NT 10.0; Win64; x64) AppleWebKit/537.36 (KHTML, like Gecko) Chrome/88.0.4324.150 Safari/537.36 Edg/88.0.705.63"
213.147.166.10 - - [15/Feb/2021:12:17:25 +0100] "GET /reload?ser=1613387845806 HTTP/1.1" 200 28 "http://renault.activities.at/success" "Mozilla/5.0 (Windows NT 10.0; WOW64; Trident/7.0; rv:11.0) like Gecko"
138.21.12.22 - - [15/Feb/2021:12:17:49 +0100] "GET /reload?ser=1613387869057 HTTP/1.1" 200 28 "http://renault.2web.at/result?searchterm=true&search=verkauft" "Mozilla/5.0 (Windows NT 10.0; Win64; x64) AppleWebKit/537.36 (KHTML, like Gecko) Chrome/88.0.4324.150 Safari/537.36"
80.122.221.194 - - [15/Feb/2021:12:18:04 +0100] "GET /reload?ser=1613387884308 HTTP/1.1" 200 28 "http://renault.activities.at/login?required=true" "Mozilla/5.0 (Windows NT 10.0; Win64; x64) AppleWebKit/537.36 (KHTML, like Gecko) Chrome/88.0.4324.150 Safari/537.36 Edg/88.0.705.63"
213.147.166.10 - - [15/Feb/2021:12:18:26 +0100] "GET /reload?ser=1613387906749 HTTP/1.1" 200 28 "http://renault.activities.at/success" "Mozilla/5.0 (Windows NT 10.0; WOW64; Trident/7.0; rv:11.0) like Gecko"
138.21.12.22 - - [15/Feb/2021:12:18:51 +0100] "GET /reload?ser=1613387931061 HTTP/1.1" 200 28 "http://renault.2web.at/result?searchterm=true&search=verkauft" "Mozilla/5.0 (Windows NT 10.0; Win64; x64) AppleWebKit/537.36 (KHTML, like Gecko) Chrome/88.0.4324.150 Safari/537.36"
80.122.221.194 - - [15/Feb/2021:12:19:05 +0100] "GET /reload?ser=1613387945297 HTTP/1.1" 200 28 "http://renault.activities.at/login?required=true" "Mozilla/5.0 (Windows NT 10.0; Win64; x64) AppleWebKit/537.36 (KHTML, like Gecko) Chrome/88.0.4324.150 Safari/537.36 Edg/88.0.705.63"
213.147.166.10 - - [15/Feb/2021:12:19:27 +0100] "GET /reload?ser=1613387967734 HTTP/1.1" 200 28 "http://renault.activities.at/success" "Mozilla/5.0 (Windows NT 10.0; WOW64; Trident/7.0; rv:11.0) like Gecko"
138.21.12.22 - - [15/Feb/2021:12:19:53 +0100] "GET /reload?ser=1613387993060 HTTP/1.1" 200 28 "http://renault.2web.at/result?searchterm=true&search=verkauft" "Mozilla/5.0 (Windows NT 10.0; Win64; x64) AppleWebKit/537.36 (KHTML, like Gecko) Chrome/88.0.4324.150 Safari/537.36"
80.122.221.194 - - [15/Feb/2021:12:20:06 +0100] "GET /reload?ser=1613388006310 HTTP/1.1" 200 28 "http://renault.activities.at/login?required=true" "Mozilla/5.0 (Windows NT 10.0; Win64; x64) AppleWebKit/537.36 (KHTML, like Gecko) Chrome/88.0.4324.150 Safari/537.36 Edg/88.0.705.63"
213.147.166.10 - - [15/Feb/2021:12:20:29 +0100] "GET /reload?ser=1613388028723 HTTP/1.1" 200 28 "http://renault.activities.at/success" "Mozilla/5.0 (Windows NT 10.0; WOW64; Trident/7.0; rv:11.0) like Gecko"
138.21.12.22 - - [15/Feb/2021:12:20:55 +0100] "GET /reload?ser=1613388055058 HTTP/1.1" 200 28 "http://renault.2web.at/result?searchterm=true&search=verkauft" "Mozilla/5.0 (Windows NT 10.0; Win64; x64) AppleWebKit/537.36 (KHTML, like Gecko) Chrome/88.0.4324.150 Safari/537.36"
80.122.221.194 - - [15/Feb/2021:12:21:07 +0100] "GET /reload?ser=1613388067308 HTTP/1.1" 200 28 "http://renault.activities.at/login?required=true" "Mozilla/5.0 (Windows NT 10.0; Win64; x64) AppleWebKit/537.36 (KHTML, like Gecko) Chrome/88.0.4324.150 Safari/537.36 Edg/88.0.705.63"
213.147.166.10 - - [15/Feb/2021:12:21:30 +0100] "GET /reload?ser=1613388090614 HTTP/1.1" 200 28 "http://renault.activities.at/success" "Mozilla/5.0 (Windows NT 10.0; WOW64; Trident/7.0; rv:11.0) like Gecko"
138.21.12.22 - - [15/Feb/2021:12:21:57 +0100] "GET /reload?ser=1613388117059 HTTP/1.1" 200 28 "http://renault.2web.at/result?searchterm=true&search=verkauft" "Mozilla/5.0 (Windows NT 10.0; Win64; x64) AppleWebKit/537.36 (KHTML, like Gecko) Chrome/88.0.4324.150 Safari/537.36"
80.122.221.194 - - [15/Feb/2021:12:22:08 +0100] "GET /reload?ser=1613388128305 HTTP/1.1" 200 28 "http://renault.activities.at/login?required=true" "Mozilla/5.0 (Windows NT 10.0; Win64; x64) AppleWebKit/537.36 (KHTML, like Gecko) Chrome/88.0.4324.150 Safari/537.36 Edg/88.0.705.63"
213.147.166.10 - - [15/Feb/2021:12:22:31 +0100] "GET /reload?ser=1613388151620 HTTP/1.1" 200 28 "http://renault.activities.at/success" "Mozilla/5.0 (Windows NT 10.0; WOW64; Trident/7.0; rv:11.0) like Gecko"
138.21.12.22 - - [15/Feb/2021:12:22:59 +0100] "GET /reload?ser=1613388179059 HTTP/1.1" 200 28 "http://renault.2web.at/result?searchterm=true&search=verkauft" "Mozilla/5.0 (Windows NT 10.0; Win64; x64) AppleWebKit/537.36 (KHTML, like Gecko) Chrome/88.0.4324.150 Safari/537.36"
80.122.221.194 - - [15/Feb/2021:12:23:09 +0100] "GET /reload?ser=1613388189312 HTTP/1.1" 200 28 "http://renault.activities.at/login?required=true" "Mozilla/5.0 (Windows NT 10.0; Win64; x64) AppleWebKit/537.36 (KHTML, like Gecko) Chrome/88.0.4324.150 Safari/537.36 Edg/88.0.705.63"
213.147.166.10 - - [15/Feb/2021:12:23:32 +0100] "GET /reload?ser=1613388212602 HTTP/1.1" 200 28 "http://renault.activities.at/success" "Mozilla/5.0 (Windows NT 10.0; WOW64; Trident/7.0; rv:11.0) like Gecko"
138.21.12.22 - - [15/Feb/2021:12:24:01 +0100] "GET /reload?ser=1613388241060 HTTP/1.1" 200 28 "http://renault.2web.at/result?searchterm=true&search=verkauft" "Mozilla/5.0 (Windows NT 10.0; Win64; x64) AppleWebKit/537.36 (KHTML, like Gecko) Chrome/88.0.4324.150 Safari/537.36"
80.122.221.194 - - [15/Feb/2021:12:24:10 +0100] "GET /reload?ser=1613388250298 HTTP/1.1" 200 28 "http://renault.activities.at/login?required=true" "Mozilla/5.0 (Windows NT 10.0; Win64; x64) AppleWebKit/537.36 (KHTML, like Gecko) Chrome/88.0.4324.150 Safari/537.36 Edg/88.0.705.63"
213.147.166.10 - - [15/Feb/2021:12:24:33 +0100] "GET /reload?ser=1613388273636 HTTP/1.1" 200 28 "http://renault.activities.at/success" "Mozilla/5.0 (Windows NT 10.0; WOW64; Trident/7.0; rv:11.0) like Gecko"
138.21.12.22 - - [15/Feb/2021:12:25:03 +0100] "GET /reload?ser=1613388303060 HTTP/1.1" 200 28 "http://renault.2web.at/result?searchterm=true&search=verkauft" "Mozilla/5.0 (Windows NT 10.0; Win64; x64) AppleWebKit/537.36 (KHTML, like Gecko) Chrome/88.0.4324.150 Safari/537.36"
80.122.221.194 - - [15/Feb/2021:12:25:11 +0100] "GET /reload?ser=1613388311312 HTTP/1.1" 200 28 "http://renault.activities.at/login?required=true" "Mozilla/5.0 (Windows NT 10.0; Win64; x64) AppleWebKit/537.36 (KHTML, like Gecko) Chrome/88.0.4324.150 Safari/537.36 Edg/88.0.705.63"
213.147.166.10 - - [15/Feb/2021:12:25:34 +0100] "GET /reload?ser=1613388334619 HTTP/1.1" 200 28 "http://renault.activities.at/success" "Mozilla/5.0 (Windows NT 10.0; WOW64; Trident/7.0; rv:11.0) like Gecko"
138.21.12.22 - - [15/Feb/2021:12:26:05 +0100] "GET /reload?ser=1613388365059 HTTP/1.1" 200 28 "http://renault.2web.at/result?searchterm=true&search=verkauft" "Mozilla/5.0 (Windows NT 10.0; Win64; x64) AppleWebKit/537.36 (KHTML, like Gecko) Chrome/88.0.4324.150 Safari/537.36"
80.122.221.194 - - [15/Feb/2021:12:26:12 +0100] "GET /reload?ser=1613388372315 HTTP/1.1" 200 28 "http://renault.activities.at/login?required=true" "Mozilla/5.0 (Windows NT 10.0; Win64; x64) AppleWebKit/537.36 (KHTML, like Gecko) Chrome/88.0.4324.150 Safari/537.36 Edg/88.0.705.63"
213.147.166.10 - - [15/Feb/2021:12:26:35 +0100] "GET /reload?ser=1613388395588 HTTP/1.1" 200 28 "http://renault.activities.at/success" "Mozilla/5.0 (Windows NT 10.0; WOW64; Trident/7.0; rv:11.0) like Gecko"
138.21.12.22 - - [15/Feb/2021:12:27:07 +0100] "GET /reload?ser=1613388427061 HTTP/1.1" 200 28 "http://renault.2web.at/result?searchterm=true&search=verkauft" "Mozilla/5.0 (Windows NT 10.0; Win64; x64) AppleWebKit/537.36 (KHTML, like Gecko) Chrome/88.0.4324.150 Safari/537.36"
80.122.221.194 - - [15/Feb/2021:12:27:13 +0100] "GET /reload?ser=1613388433309 HTTP/1.1" 200 28 "http://renault.activities.at/login?required=true" "Mozilla/5.0 (Windows NT 10.0; Win64; x64) AppleWebKit/537.36 (KHTML, like Gecko) Chrome/88.0.4324.150 Safari/537.36 Edg/88.0.705.63"
213.147.166.10 - - [15/Feb/2021:12:27:36 +0100] "GET /reload?ser=1613388456610 HTTP/1.1" 200 28 "http://renault.activities.at/success" "Mozilla/5.0 (Windows NT 10.0; WOW64; Trident/7.0; rv:11.0) like Gecko"
138.21.12.22 - - [15/Feb/2021:12:28:09 +0100] "GET /reload?ser=1613388489061 HTTP/1.1" 200 28 "http://renault.2web.at/result?searchterm=true&search=verkauft" "Mozilla/5.0 (Windows NT 10.0; Win64; x64) AppleWebKit/537.36 (KHTML, like Gecko) Chrome/88.0.4324.150 Safari/537.36"
80.122.221.194 - - [15/Feb/2021:12:28:14 +0100] "GET /reload?ser=1613388494309 HTTP/1.1" 200 28 "http://renault.activities.at/login?required=true" "Mozilla/5.0 (Windows NT 10.0; Win64; x64) AppleWebKit/537.36 (KHTML, like Gecko) Chrome/88.0.4324.150 Safari/537.36 Edg/88.0.705.63"
213.147.166.10 - - [15/Feb/2021:12:28:37 +0100] "GET /reload?ser=1613388517635 HTTP/1.1" 200 28 "http://renault.activities.at/success" "Mozilla/5.0 (Windows NT 10.0; WOW64; Trident/7.0; rv:11.0) like Gecko"
138.21.12.22 - - [15/Feb/2021:12:29:11 +0100] "GET /reload?ser=1613388551061 HTTP/1.1" 200 28 "http://renault.2web.at/result?searchterm=true&search=verkauft" "Mozilla/5.0 (Windows NT 10.0; Win64; x64) AppleWebKit/537.36 (KHTML, like Gecko) Chrome/88.0.4324.150 Safari/537.36"
80.122.221.194 - - [15/Feb/2021:12:29:15 +0100] "GET /reload?ser=1613388555307 HTTP/1.1" 200 28 "http://renault.activities.at/login?required=true" "Mozilla/5.0 (Windows NT 10.0; Win64; x64) AppleWebKit/537.36 (KHTML, like Gecko) Chrome/88.0.4324.150 Safari/537.36 Edg/88.0.705.63"
213.147.166.10 - - [15/Feb/2021:12:29:39 +0100] "GET /reload?ser=1613388578656 HTTP/1.1" 200 28 "http://renault.activities.at/success" "Mozilla/5.0 (Windows NT 10.0; WOW64; Trident/7.0; rv:11.0) like Gecko"
138.21.12.22 - - [15/Feb/2021:12:30:13 +0100] "GET /reload?ser=1613388613062 HTTP/1.1" 200 28 "http://renault.2web.at/result?searchterm=true&search=verkauft" "Mozilla/5.0 (Windows NT 10.0; Win64; x64) AppleWebKit/537.36 (KHTML, like Gecko) Chrome/88.0.4324.150 Safari/537.36"
80.122.221.194 - - [15/Feb/2021:12:30:16 +0100] "GET /reload?ser=1613388616305 HTTP/1.1" 200 28 "http://renault.activities.at/login?required=true" "Mozilla/5.0 (Windows NT 10.0; Win64; x64) AppleWebKit/537.36 (KHTML, like Gecko) Chrome/88.0.4324.150 Safari/537.36 Edg/88.0.705.63"
213.147.166.10 - - [15/Feb/2021:12:30:40 +0100] "GET /reload?ser=1613388640481 HTTP/1.1" 200 28 "http://renault.activities.at/success" "Mozilla/5.0 (Windows NT 10.0; WOW64; Trident/7.0; rv:11.0) like Gecko"
138.21.12.22 - - [15/Feb/2021:12:31:15 +0100] "GET /reload?ser=1613388675061 HTTP/1.1" 200 28 "http://renault.2web.at/result?searchterm=true&search=verkauft" "Mozilla/5.0 (Windows NT 10.0; Win64; x64) AppleWebKit/537.36 (KHTML, like Gecko) Chrome/88.0.4324.150 Safari/537.36"
80.122.221.194 - - [15/Feb/2021:12:31:17 +0100] "GET /reload?ser=1613388677308 HTTP/1.1" 200 28 "http://renault.activities.at/login?required=true" "Mozilla/5.0 (Windows NT 10.0; Win64; x64) AppleWebKit/537.36 (KHTML, like Gecko) Chrome/88.0.4324.150 Safari/537.36 Edg/88.0.705.63"
213.147.166.10 - - [15/Feb/2021:12:31:41 +0100] "GET /reload?ser=1613388701493 HTTP/1.1" 200 28 "http://renault.activities.at/success" "Mozilla/5.0 (Windows NT 10.0; WOW64; Trident/7.0; rv:11.0) like Gecko"
138.21.12.22 - - [15/Feb/2021:12:32:17 +0100] "GET /reload?ser=1613388737061 HTTP/1.1" 200 28 "http://renault.2web.at/result?searchterm=true&search=verkauft" "Mozilla/5.0 (Windows NT 10.0; Win64; x64) AppleWebKit/537.36 (KHTML, like Gecko) Chrome/88.0.4324.150 Safari/537.36"
80.122.221.194 - - [15/Feb/2021:12:32:18 +0100] "GET /reload?ser=1613388738312 HTTP/1.1" 200 28 "http://renault.activities.at/login?required=true" "Mozilla/5.0 (Windows NT 10.0; Win64; x64) AppleWebKit/537.36 (KHTML, like Gecko) Chrome/88.0.4324.150 Safari/537.36 Edg/88.0.705.63"
213.147.166.10 - - [15/Feb/2021:12:32:42 +0100] "GET /reload?ser=1613388762484 HTTP/1.1" 200 28 "http://renault.activities.at/success" "Mozilla/5.0 (Windows NT 10.0; WOW64; Trident/7.0; rv:11.0) like Gecko"
80.122.221.194 - - [15/Feb/2021:12:33:19 +0100] "GET /reload?ser=1613388799306 HTTP/1.1" 200 28 "http://renault.activities.at/login?required=true" "Mozilla/5.0 (Windows NT 10.0; Win64; x64) AppleWebKit/537.36 (KHTML, like Gecko) Chrome/88.0.4324.150 Safari/537.36 Edg/88.0.705.63"
138.21.12.22 - - [15/Feb/2021:12:33:19 +0100] "GET /reload?ser=1613388799062 HTTP/1.1" 200 28 "http://renault.2web.at/result?searchterm=true&search=verkauft" "Mozilla/5.0 (Windows NT 10.0; Win64; x64) AppleWebKit/537.36 (KHTML, like Gecko) Chrome/88.0.4324.150 Safari/537.36"
213.147.166.10 - - [15/Feb/2021:12:33:44 +0100] "GET /reload?ser=1613388823515 HTTP/1.1" 200 28 "http://renault.activities.at/success" "Mozilla/5.0 (Windows NT 10.0; WOW64; Trident/7.0; rv:11.0) like Gecko"
80.122.221.194 - - [15/Feb/2021:12:34:20 +0100] "GET /reload?ser=1613388860307 HTTP/1.1" 200 28 "http://renault.activities.at/login?required=true" "Mozilla/5.0 (Windows NT 10.0; Win64; x64) AppleWebKit/537.36 (KHTML, like Gecko) Chrome/88.0.4324.150 Safari/537.36 Edg/88.0.705.63"
138.21.12.22 - - [15/Feb/2021:12:34:21 +0100] "GET /reload?ser=1613388861061 HTTP/1.1" 200 28 "http://renault.2web.at/result?searchterm=true&search=verkauft" "Mozilla/5.0 (Windows NT 10.0; Win64; x64) AppleWebKit/537.36 (KHTML, like Gecko) Chrome/88.0.4324.150 Safari/537.36"
213.147.166.10 - - [15/Feb/2021:12:34:45 +0100] "GET /reload?ser=1613388885154 HTTP/1.1" 200 28 "http://renault.activities.at/success" "Mozilla/5.0 (Windows NT 10.0; WOW64; Trident/7.0; rv:11.0) like Gecko"
