157.97.71.85 - - [16/Feb/2021:11:43:11 +0100] "GET /account HTTP/1.1" 200 5984 "http://renault.activities.at/login" "Mozilla/5.0 (Windows NT 10.0; Win64; x64) AppleWebKit/537.36 (KHTML, like Gecko) Chrome/88.0.4324.150 Safari/537.36"
138.21.12.23 - - [16/Feb/2021:11:43:16 +0100] "GET /reload?ser=1613472196016 HTTP/1.1" 200 28 "http://renault.2web.at/action" "Mozilla/5.0 (Windows NT 10.0; Win64; x64) AppleWebKit/537.36 (KHTML, like Gecko) Chrome/88.0.4324.150 Safari/537.36"
80.122.221.194 - - [16/Feb/2021:11:43:19 +0100] "GET /reload?ser=1613472199220 HTTP/1.1" 200 28 "http://renault.activities.at/login?required=true" "Mozilla/5.0 (Windows NT 10.0; Win64; x64) AppleWebKit/537.36 (KHTML, like Gecko) Chrome/88.0.4324.150 Safari/537.36 Edg/88.0.705.63"
157.97.71.85 - - [16/Feb/2021:11:43:22 +0100] "POST /axjaxrequest?mode=suggest HTTP/1.1" 200 166 "http://renault.activities.at/account" "Mozilla/5.0 (Windows NT 10.0; Win64; x64) AppleWebKit/537.36 (KHTML, like Gecko) Chrome/88.0.4324.150 Safari/537.36"
157.97.71.85 - - [16/Feb/2021:11:43:23 +0100] "POST /axjaxrequest?mode=suggest HTTP/1.1" 200 166 "http://renault.activities.at/account" "Mozilla/5.0 (Windows NT 10.0; Win64; x64) AppleWebKit/537.36 (KHTML, like Gecko) Chrome/88.0.4324.150 Safari/537.36"
157.97.71.85 - - [16/Feb/2021:11:43:24 +0100] "GET /result?searchterm=true&search=mobil HTTP/1.1" 200 6363 "http://renault.activities.at/account" "Mozilla/5.0 (Windows NT 10.0; Win64; x64) AppleWebKit/537.36 (KHTML, like Gecko) Chrome/88.0.4324.150 Safari/537.36"
157.97.71.85 - - [16/Feb/2021:11:43:36 +0100] "POST /result?searchterm=true&search=mobil HTTP/1.1" 200 6464 "http://renault.activities.at/result?searchterm=true&search=mobil" "Mozilla/5.0 (Windows NT 10.0; Win64; x64) AppleWebKit/537.36 (KHTML, like Gecko) Chrome/88.0.4324.150 Safari/537.36"
157.97.71.85 - - [16/Feb/2021:11:43:42 +0100] "POST /result?searchterm=true&search=mobil HTTP/1.1" 200 6466 "http://renault.activities.at/result?searchterm=true&search=mobil" "Mozilla/5.0 (Windows NT 10.0; Win64; x64) AppleWebKit/537.36 (KHTML, like Gecko) Chrome/88.0.4324.150 Safari/537.36"
157.97.71.85 - - [16/Feb/2021:11:43:46 +0100] "GET /cart HTTP/1.1" 200 5186 "http://renault.activities.at/result?searchterm=true&search=mobil" "Mozilla/5.0 (Windows NT 10.0; Win64; x64) AppleWebKit/537.36 (KHTML, like Gecko) Chrome/88.0.4324.150 Safari/537.36"
157.97.71.85 - - [16/Feb/2021:11:43:48 +0100] "GET /loadthumbnail.php?id=10232009&width=16&height=16 HTTP/1.1" 200 700 "http://renault.activities.at/cart" "Mozilla/5.0 (Windows NT 10.0; Win64; x64) AppleWebKit/537.36 (KHTML, like Gecko) Chrome/88.0.4324.150 Safari/537.36"
157.97.71.85 - - [16/Feb/2021:11:43:48 +0100] "GET /loadthumbnail.php?id=12363384&width=100 HTTP/1.1" 200 16456 "http://renault.activities.at/cart" "Mozilla/5.0 (Windows NT 10.0; Win64; x64) AppleWebKit/537.36 (KHTML, like Gecko) Chrome/88.0.4324.150 Safari/537.36"
157.97.71.85 - - [16/Feb/2021:11:43:48 +0100] "GET /loadthumbnail.php?id=12204968&width=100 HTTP/1.1" 200 3675 "http://renault.activities.at/cart" "Mozilla/5.0 (Windows NT 10.0; Win64; x64) AppleWebKit/537.36 (KHTML, like Gecko) Chrome/88.0.4324.150 Safari/537.36"
157.97.71.85 - - [16/Feb/2021:11:44:02 +0100] "POST /cart HTTP/1.1" 200 5239 "http://renault.activities.at/cart" "Mozilla/5.0 (Windows NT 10.0; Win64; x64) AppleWebKit/537.36 (KHTML, like Gecko) Chrome/88.0.4324.150 Safari/537.36"
157.97.71.85 - - [16/Feb/2021:11:44:10 +0100] "POST /cart HTTP/1.1" 200 5239 "http://renault.activities.at/cart" "Mozilla/5.0 (Windows NT 10.0; Win64; x64) AppleWebKit/537.36 (KHTML, like Gecko) Chrome/88.0.4324.150 Safari/537.36"
157.97.71.85 - - [16/Feb/2021:11:44:13 +0100] "GET /checkout HTTP/1.1" 200 10246 "http://renault.activities.at/cart" "Mozilla/5.0 (Windows NT 10.0; Win64; x64) AppleWebKit/537.36 (KHTML, like Gecko) Chrome/88.0.4324.150 Safari/537.36"
157.97.71.85 - - [16/Feb/2021:11:44:17 +0100] "GET /js/checkout2.js HTTP/1.1" 200 4122 "http://renault.activities.at/checkout" "Mozilla/5.0 (Windows NT 10.0; Win64; x64) AppleWebKit/537.36 (KHTML, like Gecko) Chrome/88.0.4324.150 Safari/537.36"
157.97.71.85 - - [16/Feb/2021:11:44:17 +0100] "GET /images/ajax_loading.gif HTTP/1.1" 200 1542 "http://renault.activities.at/checkout" "Mozilla/5.0 (Windows NT 10.0; Win64; x64) AppleWebKit/537.36 (KHTML, like Gecko) Chrome/88.0.4324.150 Safari/537.36"
157.97.71.85 - - [16/Feb/2021:11:44:17 +0100] "GET /images/step_bg.jpg HTTP/1.1" 200 319 "http://renault.activities.at/css/styles.css" "Mozilla/5.0 (Windows NT 10.0; Win64; x64) AppleWebKit/537.36 (KHTML, like Gecko) Chrome/88.0.4324.150 Safari/537.36"
157.97.71.85 - - [16/Feb/2021:11:44:17 +0100] "GET /images/step_marker.gif HTTP/1.1" 200 650 "http://renault.activities.at/css/styles.css" "Mozilla/5.0 (Windows NT 10.0; Win64; x64) AppleWebKit/537.36 (KHTML, like Gecko) Chrome/88.0.4324.150 Safari/537.36"
157.97.71.85 - - [16/Feb/2021:11:44:17 +0100] "GET /loadthumbnail.php?id=10201939 HTTP/1.1" 200 201 "http://renault.activities.at/checkout" "Mozilla/5.0 (Windows NT 10.0; Win64; x64) AppleWebKit/537.36 (KHTML, like Gecko) Chrome/88.0.4324.150 Safari/537.36"
157.97.71.85 - - [16/Feb/2021:11:44:18 +0100] "GET /images/checkout_border.gif HTTP/1.1" 200 43 "http://renault.activities.at/css/styles.css" "Mozilla/5.0 (Windows NT 10.0; Win64; x64) AppleWebKit/537.36 (KHTML, like Gecko) Chrome/88.0.4324.150 Safari/537.36"
157.97.71.85 - - [16/Feb/2021:11:44:18 +0100] "GET /images/checkout_border_top.gif HTTP/1.1" 200 156 "http://renault.activities.at/css/styles.css" "Mozilla/5.0 (Windows NT 10.0; Win64; x64) AppleWebKit/537.36 (KHTML, like Gecko) Chrome/88.0.4324.150 Safari/537.36"
157.97.71.85 - - [16/Feb/2021:11:44:17 +0100] "GET /loadthumbnail.php?id=10202698 HTTP/1.1" 200 16686 "http://renault.activities.at/checkout" "Mozilla/5.0 (Windows NT 10.0; Win64; x64) AppleWebKit/537.36 (KHTML, like Gecko) Chrome/88.0.4324.150 Safari/537.36"
138.21.12.23 - - [16/Feb/2021:11:44:18 +0100] "GET /reload?ser=1613472258021 HTTP/1.1" 200 28 "http://renault.2web.at/action" "Mozilla/5.0 (Windows NT 10.0; Win64; x64) AppleWebKit/537.36 (KHTML, like Gecko) Chrome/88.0.4324.150 Safari/537.36"
80.122.221.194 - - [16/Feb/2021:11:44:20 +0100] "GET /reload?ser=1613472260206 HTTP/1.1" 200 28 "http://renault.activities.at/login?required=true" "Mozilla/5.0 (Windows NT 10.0; Win64; x64) AppleWebKit/537.36 (KHTML, like Gecko) Chrome/88.0.4324.150 Safari/537.36 Edg/88.0.705.63"
157.97.71.85 - - [16/Feb/2021:11:44:19 +0100] "POST /docheckout HTTP/1.1" 200 452 "http://renault.activities.at/checkout" "Mozilla/5.0 (Windows NT 10.0; Win64; x64) AppleWebKit/537.36 (KHTML, like Gecko) Chrome/88.0.4324.150 Safari/537.36"
157.97.71.85 - - [16/Feb/2021:11:44:23 +0100] "POST /docheckout HTTP/1.1" 200 621 "http://renault.activities.at/checkout" "Mozilla/5.0 (Windows NT 10.0; Win64; x64) AppleWebKit/537.36 (KHTML, like Gecko) Chrome/88.0.4324.150 Safari/537.36"
157.97.71.85 - - [16/Feb/2021:11:44:24 +0100] "GET /images/error_msg_icon.gif HTTP/1.1" 200 1013 "http://renault.activities.at/checkout" "Mozilla/5.0 (Windows NT 10.0; Win64; x64) AppleWebKit/537.36 (KHTML, like Gecko) Chrome/88.0.4324.150 Safari/537.36"
157.97.71.85 - - [16/Feb/2021:11:44:28 +0100] "POST /docheckout HTTP/1.1" 200 68 "http://renault.activities.at/checkout" "Mozilla/5.0 (Windows NT 10.0; Win64; x64) AppleWebKit/537.36 (KHTML, like Gecko) Chrome/88.0.4324.150 Safari/537.36"
157.97.71.85 - - [16/Feb/2021:11:44:30 +0100] "GET /success HTTP/1.1" 200 3778 "http://renault.activities.at/checkout" "Mozilla/5.0 (Windows NT 10.0; Win64; x64) AppleWebKit/537.36 (KHTML, like Gecko) Chrome/88.0.4324.150 Safari/537.36"
3.91.94.138 - - [16/Feb/2021:11:45:15 +0100] "GET /login HTTP/1.1" 200 7269 "-" "Mozilla/5.0 (Windows NT 6.1; Win64; x64) AppleWebKit/537.36 (KHTML, like Gecko) Chrome/72.0.3626.109 Safari/537.36"
138.21.12.23 - - [16/Feb/2021:11:45:20 +0100] "GET /reload?ser=1613472320023 HTTP/1.1" 200 28 "http://renault.2web.at/action" "Mozilla/5.0 (Windows NT 10.0; Win64; x64) AppleWebKit/537.36 (KHTML, like Gecko) Chrome/88.0.4324.150 Safari/537.36"
80.122.221.194 - - [16/Feb/2021:11:45:21 +0100] "GET /reload?ser=1613472321218 HTTP/1.1" 200 28 "http://renault.activities.at/login?required=true" "Mozilla/5.0 (Windows NT 10.0; Win64; x64) AppleWebKit/537.36 (KHTML, like Gecko) Chrome/88.0.4324.150 Safari/537.36 Edg/88.0.705.63"
157.97.71.85 - - [16/Feb/2021:11:45:33 +0100] "GET /reload?ser=1613472333232 HTTP/1.1" 200 28 "http://renault.activities.at/success" "Mozilla/5.0 (Windows NT 10.0; Win64; x64) AppleWebKit/537.36 (KHTML, like Gecko) Chrome/88.0.4324.150 Safari/537.36"
80.122.221.194 - - [16/Feb/2021:11:46:22 +0100] "GET /reload?ser=1613472382219 HTTP/1.1" 200 28 "http://renault.activities.at/login?required=true" "Mozilla/5.0 (Windows NT 10.0; Win64; x64) AppleWebKit/537.36 (KHTML, like Gecko) Chrome/88.0.4324.150 Safari/537.36 Edg/88.0.705.63"
138.21.12.23 - - [16/Feb/2021:11:46:22 +0100] "GET /reload?ser=1613472382025 HTTP/1.1" 200 28 "http://renault.2web.at/action" "Mozilla/5.0 (Windows NT 10.0; Win64; x64) AppleWebKit/537.36 (KHTML, like Gecko) Chrome/88.0.4324.150 Safari/537.36"
157.97.71.85 - - [16/Feb/2021:11:46:34 +0100] "GET /reload?ser=1613472394229 HTTP/1.1" 200 28 "http://renault.activities.at/success" "Mozilla/5.0 (Windows NT 10.0; Win64; x64) AppleWebKit/537.36 (KHTML, like Gecko) Chrome/88.0.4324.150 Safari/537.36"
80.122.221.194 - - [16/Feb/2021:11:47:23 +0100] "GET /reload?ser=1613472443205 HTTP/1.1" 200 28 "http://renault.activities.at/login?required=true" "Mozilla/5.0 (Windows NT 10.0; Win64; x64) AppleWebKit/537.36 (KHTML, like Gecko) Chrome/88.0.4324.150 Safari/537.36 Edg/88.0.705.63"
138.21.12.23 - - [16/Feb/2021:11:47:24 +0100] "GET /reload?ser=1613472444028 HTTP/1.1" 200 28 "http://renault.2web.at/action" "Mozilla/5.0 (Windows NT 10.0; Win64; x64) AppleWebKit/537.36 (KHTML, like Gecko) Chrome/88.0.4324.150 Safari/537.36"
157.97.71.85 - - [16/Feb/2021:11:47:35 +0100] "GET /reload?ser=1613472455234 HTTP/1.1" 200 28 "http://renault.activities.at/success" "Mozilla/5.0 (Windows NT 10.0; Win64; x64) AppleWebKit/537.36 (KHTML, like Gecko) Chrome/88.0.4324.150 Safari/537.36"
77.220.109.61 - - [16/Feb/2021:11:48:19 +0100] "GET / HTTP/1.1" 200 3285 "-" "Mozilla/5.0 (Macintosh; Intel Mac OS X 10_15_6) AppleWebKit/605.1.15 (KHTML, like Gecko) Version/14.0.3 Safari/605.1.15"
77.220.109.61 - - [16/Feb/2021:11:48:20 +0100] "GET /js/flashdetection.js HTTP/1.1" 200 1059 "http://renault.2web.at/" "Mozilla/5.0 (Macintosh; Intel Mac OS X 10_15_6) AppleWebKit/605.1.15 (KHTML, like Gecko) Version/14.0.3 Safari/605.1.15"
77.220.109.61 - - [16/Feb/2021:11:48:20 +0100] "GET /css/clears.css HTTP/1.1" 200 851 "http://renault.2web.at/" "Mozilla/5.0 (Macintosh; Intel Mac OS X 10_15_6) AppleWebKit/605.1.15 (KHTML, like Gecko) Version/14.0.3 Safari/605.1.15"
77.220.109.61 - - [16/Feb/2021:11:48:20 +0100] "GET /css/reset.css HTTP/1.1" 200 1356 "http://renault.2web.at/" "Mozilla/5.0 (Macintosh; Intel Mac OS X 10_15_6) AppleWebKit/605.1.15 (KHTML, like Gecko) Version/14.0.3 Safari/605.1.15"
77.220.109.61 - - [16/Feb/2021:11:48:20 +0100] "GET /css/styles.css HTTP/1.1" 200 14664 "http://renault.2web.at/" "Mozilla/5.0 (Macintosh; Intel Mac OS X 10_15_6) AppleWebKit/605.1.15 (KHTML, like Gecko) Version/14.0.3 Safari/605.1.15"
77.220.109.61 - - [16/Feb/2021:11:48:20 +0100] "GET /js/default.js HTTP/1.1" 200 14698 "http://renault.2web.at/" "Mozilla/5.0 (Macintosh; Intel Mac OS X 10_15_6) AppleWebKit/605.1.15 (KHTML, like Gecko) Version/14.0.3 Safari/605.1.15"
77.220.109.61 - - [16/Feb/2021:11:48:20 +0100] "GET /js/checkout.css HTTP/1.1" 200 359 "http://renault.2web.at/" "Mozilla/5.0 (Macintosh; Intel Mac OS X 10_15_6) AppleWebKit/605.1.15 (KHTML, like Gecko) Version/14.0.3 Safari/605.1.15"
77.220.109.61 - - [16/Feb/2021:11:48:20 +0100] "GET /css/prototip.css HTTP/1.1" 200 968 "http://renault.2web.at/" "Mozilla/5.0 (Macintosh; Intel Mac OS X 10_15_6) AppleWebKit/605.1.15 (KHTML, like Gecko) Version/14.0.3 Safari/605.1.15"
77.220.109.61 - - [16/Feb/2021:11:48:20 +0100] "GET /css/themes/default.css HTTP/1.1" 200 769 "http://renault.2web.at/" "Mozilla/5.0 (Macintosh; Intel Mac OS X 10_15_6) AppleWebKit/605.1.15 (KHTML, like Gecko) Version/14.0.3 Safari/605.1.15"
77.220.109.61 - - [16/Feb/2021:11:48:20 +0100] "GET /css/themes/alphacube.css HTTP/1.1" 200 743 "http://renault.2web.at/" "Mozilla/5.0 (Macintosh; Intel Mac OS X 10_15_6) AppleWebKit/605.1.15 (KHTML, like Gecko) Version/14.0.3 Safari/605.1.15"
77.220.109.61 - - [16/Feb/2021:11:48:20 +0100] "GET /js/index.php?c=auto&f=,prototype/prototype.js,prototype/validation.js,scriptaculous/builder.js,scriptaculous/effects.js,scriptaculous/dragdrop.js,scriptaculous/controls.js,scriptaculous/slider.js,varien/js.js,varien/form.js,varien/menu.js,mage/translate.js,mage/cookies.js,varien/product.js,spinner/SpinnerControl.jsmin.js,prototype/window.js,prototype/window_ext.js HTTP/1.1" 200 94182 "http://renault.2web.at/" "Mozilla/5.0 (Macintosh; Intel Mac OS X 10_15_6) AppleWebKit/605.1.15 (KHTML, like Gecko) Version/14.0.3 Safari/605.1.15"
77.220.109.61 - - [16/Feb/2021:11:48:20 +0100] "GET /css/print.css HTTP/1.1" 200 543 "http://renault.2web.at/" "Mozilla/5.0 (Macintosh; Intel Mac OS X 10_15_6) AppleWebKit/605.1.15 (KHTML, like Gecko) Version/14.0.3 Safari/605.1.15"
77.220.109.61 - - [16/Feb/2021:11:48:20 +0100] "GET /images/main_block_border.gif HTTP/1.1" 200 43 "http://renault.2web.at/" "Mozilla/5.0 (Macintosh; Intel Mac OS X 10_15_6) AppleWebKit/605.1.15 (KHTML, like Gecko) Version/14.0.3 Safari/605.1.15"
77.220.109.61 - - [16/Feb/2021:11:48:20 +0100] "GET /images/main_block_corner_left_bot.gif HTTP/1.1" 200 159 "http://renault.2web.at/" "Mozilla/5.0 (Macintosh; Intel Mac OS X 10_15_6) AppleWebKit/605.1.15 (KHTML, like Gecko) Version/14.0.3 Safari/605.1.15"
77.220.109.61 - - [16/Feb/2021:11:48:20 +0100] "GET /images/main_block_corner_right_bot.gif HTTP/1.1" 200 158 "http://renault.2web.at/" "Mozilla/5.0 (Macintosh; Intel Mac OS X 10_15_6) AppleWebKit/605.1.15 (KHTML, like Gecko) Version/14.0.3 Safari/605.1.15"
77.220.109.61 - - [16/Feb/2021:11:48:20 +0100] "GET /images/header_block_border.gif HTTP/1.1" 200 43 "http://renault.2web.at/" "Mozilla/5.0 (Macintosh; Intel Mac OS X 10_15_6) AppleWebKit/605.1.15 (KHTML, like Gecko) Version/14.0.3 Safari/605.1.15"
77.220.109.61 - - [16/Feb/2021:11:48:20 +0100] "GET /images/header_block_corner_left_top.gif HTTP/1.1" 200 160 "http://renault.2web.at/" "Mozilla/5.0 (Macintosh; Intel Mac OS X 10_15_6) AppleWebKit/605.1.15 (KHTML, like Gecko) Version/14.0.3 Safari/605.1.15"
77.220.109.61 - - [16/Feb/2021:11:48:20 +0100] "GET /images/header_block_corner_right_top.gif HTTP/1.1" 200 160 "http://renault.2web.at/" "Mozilla/5.0 (Macintosh; Intel Mac OS X 10_15_6) AppleWebKit/605.1.15 (KHTML, like Gecko) Version/14.0.3 Safari/605.1.15"
77.220.109.61 - - [16/Feb/2021:11:48:20 +0100] "GET /images/main_block_corner_left_top.gif HTTP/1.1" 200 159 "http://renault.2web.at/" "Mozilla/5.0 (Macintosh; Intel Mac OS X 10_15_6) AppleWebKit/605.1.15 (KHTML, like Gecko) Version/14.0.3 Safari/605.1.15"
77.220.109.61 - - [16/Feb/2021:11:48:20 +0100] "GET /images/title_border.jpg HTTP/1.1" 200 304 "http://renault.2web.at/" "Mozilla/5.0 (Macintosh; Intel Mac OS X 10_15_6) AppleWebKit/605.1.15 (KHTML, like Gecko) Version/14.0.3 Safari/605.1.15"
77.220.109.61 - - [16/Feb/2021:11:48:20 +0100] "GET /images/main_block_corner_right_top.gif HTTP/1.1" 200 159 "http://renault.2web.at/" "Mozilla/5.0 (Macintosh; Intel Mac OS X 10_15_6) AppleWebKit/605.1.15 (KHTML, like Gecko) Version/14.0.3 Safari/605.1.15"
77.220.109.61 - - [16/Feb/2021:11:48:20 +0100] "GET /images/title_border_top.jpg HTTP/1.1" 200 336 "http://renault.2web.at/" "Mozilla/5.0 (Macintosh; Intel Mac OS X 10_15_6) AppleWebKit/605.1.15 (KHTML, like Gecko) Version/14.0.3 Safari/605.1.15"
77.220.109.61 - - [16/Feb/2021:11:48:20 +0100] "GET /images/title_corner_left_top.jpg HTTP/1.1" 200 372 "http://renault.2web.at/" "Mozilla/5.0 (Macintosh; Intel Mac OS X 10_15_6) AppleWebKit/605.1.15 (KHTML, like Gecko) Version/14.0.3 Safari/605.1.15"
77.220.109.61 - - [16/Feb/2021:11:48:20 +0100] "GET /images/title_corner_right_top.jpg HTTP/1.1" 200 389 "http://renault.2web.at/" "Mozilla/5.0 (Macintosh; Intel Mac OS X 10_15_6) AppleWebKit/605.1.15 (KHTML, like Gecko) Version/14.0.3 Safari/605.1.15"
77.220.109.61 - - [16/Feb/2021:11:48:20 +0100] "GET /loadthumbnail.php?id=11127982 HTTP/1.1" 200 399614 "http://renault.2web.at/" "Mozilla/5.0 (Macintosh; Intel Mac OS X 10_15_6) AppleWebKit/605.1.15 (KHTML, like Gecko) Version/14.0.3 Safari/605.1.15"
80.122.221.194 - - [16/Feb/2021:11:48:24 +0100] "GET /reload?ser=1613472504206 HTTP/1.1" 200 28 "http://renault.activities.at/login?required=true" "Mozilla/5.0 (Windows NT 10.0; Win64; x64) AppleWebKit/537.36 (KHTML, like Gecko) Chrome/88.0.4324.150 Safari/537.36 Edg/88.0.705.63"
138.21.12.23 - - [16/Feb/2021:11:48:26 +0100] "GET /reload?ser=1613472506031 HTTP/1.1" 200 28 "http://renault.2web.at/action" "Mozilla/5.0 (Windows NT 10.0; Win64; x64) AppleWebKit/537.36 (KHTML, like Gecko) Chrome/88.0.4324.150 Safari/537.36"
157.97.71.85 - - [16/Feb/2021:11:48:36 +0100] "GET /reload?ser=1613472516229 HTTP/1.1" 200 28 "http://renault.activities.at/success" "Mozilla/5.0 (Windows NT 10.0; Win64; x64) AppleWebKit/537.36 (KHTML, like Gecko) Chrome/88.0.4324.150 Safari/537.36"
80.122.221.194 - - [16/Feb/2021:11:49:25 +0100] "GET /reload?ser=1613472565219 HTTP/1.1" 200 28 "http://renault.activities.at/login?required=true" "Mozilla/5.0 (Windows NT 10.0; Win64; x64) AppleWebKit/537.36 (KHTML, like Gecko) Chrome/88.0.4324.150 Safari/537.36 Edg/88.0.705.63"
138.21.12.23 - - [16/Feb/2021:11:49:28 +0100] "GET /reload?ser=1613472568036 HTTP/1.1" 200 28 "http://renault.2web.at/action" "Mozilla/5.0 (Windows NT 10.0; Win64; x64) AppleWebKit/537.36 (KHTML, like Gecko) Chrome/88.0.4324.150 Safari/537.36"
157.97.71.85 - - [16/Feb/2021:11:49:37 +0100] "GET /reload?ser=1613472577232 HTTP/1.1" 200 28 "http://renault.activities.at/success" "Mozilla/5.0 (Windows NT 10.0; Win64; x64) AppleWebKit/537.36 (KHTML, like Gecko) Chrome/88.0.4324.150 Safari/537.36"
80.122.221.194 - - [16/Feb/2021:11:50:26 +0100] "GET /reload?ser=1613472626204 HTTP/1.1" 200 28 "http://renault.activities.at/login?required=true" "Mozilla/5.0 (Windows NT 10.0; Win64; x64) AppleWebKit/537.36 (KHTML, like Gecko) Chrome/88.0.4324.150 Safari/537.36 Edg/88.0.705.63"
138.21.12.23 - - [16/Feb/2021:11:50:30 +0100] "GET /reload?ser=1613472630037 HTTP/1.1" 200 28 "http://renault.2web.at/action" "Mozilla/5.0 (Windows NT 10.0; Win64; x64) AppleWebKit/537.36 (KHTML, like Gecko) Chrome/88.0.4324.150 Safari/537.36"
157.97.71.85 - - [16/Feb/2021:11:50:38 +0100] "GET /reload?ser=1613472638230 HTTP/1.1" 200 28 "http://renault.activities.at/success" "Mozilla/5.0 (Windows NT 10.0; Win64; x64) AppleWebKit/537.36 (KHTML, like Gecko) Chrome/88.0.4324.150 Safari/537.36"
157.97.71.85 - - [16/Feb/2021:11:50:44 +0100] "GET /12376827?print=true HTTP/1.1" 200 2041 "http://renault.activities.at/success" "Mozilla/5.0 (Windows NT 10.0; Win64; x64) AppleWebKit/537.36 (KHTML, like Gecko) Chrome/88.0.4324.150 Safari/537.36"
157.97.71.85 - - [16/Feb/2021:11:50:56 +0100] "GET /logout HTTP/1.1" 302 140 "http://renault.activities.at/success" "Mozilla/5.0 (Windows NT 10.0; Win64; x64) AppleWebKit/537.36 (KHTML, like Gecko) Chrome/88.0.4324.150 Safari/537.36"
157.97.71.85 - - [16/Feb/2021:11:50:57 +0100] "GET /logout HTTP/1.1" 200 1583 "http://renault.activities.at/success" "Mozilla/5.0 (Windows NT 10.0; Win64; x64) AppleWebKit/537.36 (KHTML, like Gecko) Chrome/88.0.4324.150 Safari/537.36"
80.122.221.194 - - [16/Feb/2021:11:51:27 +0100] "GET /reload?ser=1613472687205 HTTP/1.1" 200 28 "http://renault.activities.at/login?required=true" "Mozilla/5.0 (Windows NT 10.0; Win64; x64) AppleWebKit/537.36 (KHTML, like Gecko) Chrome/88.0.4324.150 Safari/537.36 Edg/88.0.705.63"
138.21.12.23 - - [16/Feb/2021:11:51:32 +0100] "GET /reload?ser=1613472692037 HTTP/1.1" 200 28 "http://renault.2web.at/action" "Mozilla/5.0 (Windows NT 10.0; Win64; x64) AppleWebKit/537.36 (KHTML, like Gecko) Chrome/88.0.4324.150 Safari/537.36"
80.122.221.194 - - [16/Feb/2021:11:52:28 +0100] "GET /reload?ser=1613472748206 HTTP/1.1" 200 28 "http://renault.activities.at/login?required=true" "Mozilla/5.0 (Windows NT 10.0; Win64; x64) AppleWebKit/537.36 (KHTML, like Gecko) Chrome/88.0.4324.150 Safari/537.36 Edg/88.0.705.63"
138.21.12.23 - - [16/Feb/2021:11:52:34 +0100] "GET /reload?ser=1613472754039 HTTP/1.1" 200 28 "http://renault.2web.at/action" "Mozilla/5.0 (Windows NT 10.0; Win64; x64) AppleWebKit/537.36 (KHTML, like Gecko) Chrome/88.0.4324.150 Safari/537.36"
80.122.221.194 - - [16/Feb/2021:11:53:29 +0100] "GET /reload?ser=1613472809207 HTTP/1.1" 200 28 "http://renault.activities.at/login?required=true" "Mozilla/5.0 (Windows NT 10.0; Win64; x64) AppleWebKit/537.36 (KHTML, like Gecko) Chrome/88.0.4324.150 Safari/537.36 Edg/88.0.705.63"
138.21.12.23 - - [16/Feb/2021:11:53:36 +0100] "GET /reload?ser=1613472816041 HTTP/1.1" 200 28 "http://renault.2web.at/action" "Mozilla/5.0 (Windows NT 10.0; Win64; x64) AppleWebKit/537.36 (KHTML, like Gecko) Chrome/88.0.4324.150 Safari/537.36"
80.122.221.194 - - [16/Feb/2021:11:54:30 +0100] "GET /reload?ser=1613472870210 HTTP/1.1" 200 28 "http://renault.activities.at/login?required=true" "Mozilla/5.0 (Windows NT 10.0; Win64; x64) AppleWebKit/537.36 (KHTML, like Gecko) Chrome/88.0.4324.150 Safari/537.36 Edg/88.0.705.63"
138.21.12.23 - - [16/Feb/2021:11:54:38 +0100] "GET /reload?ser=1613472878046 HTTP/1.1" 200 28 "http://renault.2web.at/action" "Mozilla/5.0 (Windows NT 10.0; Win64; x64) AppleWebKit/537.36 (KHTML, like Gecko) Chrome/88.0.4324.150 Safari/537.36"
80.122.221.194 - - [16/Feb/2021:11:55:31 +0100] "GET /reload?ser=1613472931211 HTTP/1.1" 200 28 "http://renault.activities.at/login?required=true" "Mozilla/5.0 (Windows NT 10.0; Win64; x64) AppleWebKit/537.36 (KHTML, like Gecko) Chrome/88.0.4324.150 Safari/537.36 Edg/88.0.705.63"
138.21.12.23 - - [16/Feb/2021:11:55:40 +0100] "GET /reload?ser=1613472940045 HTTP/1.1" 200 28 "http://renault.2web.at/action" "Mozilla/5.0 (Windows NT 10.0; Win64; x64) AppleWebKit/537.36 (KHTML, like Gecko) Chrome/88.0.4324.150 Safari/537.36"
80.122.221.194 - - [16/Feb/2021:11:56:32 +0100] "GET /reload?ser=1613472992212 HTTP/1.1" 200 28 "http://renault.activities.at/login?required=true" "Mozilla/5.0 (Windows NT 10.0; Win64; x64) AppleWebKit/537.36 (KHTML, like Gecko) Chrome/88.0.4324.150 Safari/537.36 Edg/88.0.705.63"
138.21.12.23 - - [16/Feb/2021:11:56:42 +0100] "GET /reload?ser=1613473002046 HTTP/1.1" 200 28 "http://renault.2web.at/action" "Mozilla/5.0 (Windows NT 10.0; Win64; x64) AppleWebKit/537.36 (KHTML, like Gecko) Chrome/88.0.4324.150 Safari/537.36"
80.122.221.194 - - [16/Feb/2021:11:57:33 +0100] "GET /reload?ser=1613473053213 HTTP/1.1" 200 28 "http://renault.activities.at/login?required=true" "Mozilla/5.0 (Windows NT 10.0; Win64; x64) AppleWebKit/537.36 (KHTML, like Gecko) Chrome/88.0.4324.150 Safari/537.36 Edg/88.0.705.63"
138.21.12.23 - - [16/Feb/2021:11:57:44 +0100] "GET /reload?ser=1613473064047 HTTP/1.1" 200 28 "http://renault.2web.at/action" "Mozilla/5.0 (Windows NT 10.0; Win64; x64) AppleWebKit/537.36 (KHTML, like Gecko) Chrome/88.0.4324.150 Safari/537.36"
80.122.221.194 - - [16/Feb/2021:11:58:34 +0100] "GET /reload?ser=1613473114214 HTTP/1.1" 200 28 "http://renault.activities.at/login?required=true" "Mozilla/5.0 (Windows NT 10.0; Win64; x64) AppleWebKit/537.36 (KHTML, like Gecko) Chrome/88.0.4324.150 Safari/537.36 Edg/88.0.705.63"
138.21.12.23 - - [16/Feb/2021:11:58:46 +0100] "GET /reload?ser=1613473126050 HTTP/1.1" 200 28 "http://renault.2web.at/action" "Mozilla/5.0 (Windows NT 10.0; Win64; x64) AppleWebKit/537.36 (KHTML, like Gecko) Chrome/88.0.4324.150 Safari/537.36"
80.122.221.194 - - [16/Feb/2021:11:59:35 +0100] "GET /reload?ser=1613473175212 HTTP/1.1" 200 28 "http://renault.activities.at/login?required=true" "Mozilla/5.0 (Windows NT 10.0; Win64; x64) AppleWebKit/537.36 (KHTML, like Gecko) Chrome/88.0.4324.150 Safari/537.36 Edg/88.0.705.63"
138.21.12.23 - - [16/Feb/2021:11:59:48 +0100] "GET /reload?ser=1613473188052 HTTP/1.1" 200 28 "http://renault.2web.at/action" "Mozilla/5.0 (Windows NT 10.0; Win64; x64) AppleWebKit/537.36 (KHTML, like Gecko) Chrome/88.0.4324.150 Safari/537.36"
80.122.221.194 - - [16/Feb/2021:12:00:36 +0100] "GET /reload?ser=1613473236213 HTTP/1.1" 200 28 "http://renault.activities.at/login?required=true" "Mozilla/5.0 (Windows NT 10.0; Win64; x64) AppleWebKit/537.36 (KHTML, like Gecko) Chrome/88.0.4324.150 Safari/537.36 Edg/88.0.705.63"
138.21.12.23 - - [16/Feb/2021:12:00:50 +0100] "GET /reload?ser=1613473250051 HTTP/1.1" 200 28 "http://renault.2web.at/action" "Mozilla/5.0 (Windows NT 10.0; Win64; x64) AppleWebKit/537.36 (KHTML, like Gecko) Chrome/88.0.4324.150 Safari/537.36"
80.122.221.194 - - [16/Feb/2021:12:01:37 +0100] "GET /reload?ser=1613473297214 HTTP/1.1" 200 28 "http://renault.activities.at/login?required=true" "Mozilla/5.0 (Windows NT 10.0; Win64; x64) AppleWebKit/537.36 (KHTML, like Gecko) Chrome/88.0.4324.150 Safari/537.36 Edg/88.0.705.63"
138.21.12.23 - - [16/Feb/2021:12:01:52 +0100] "GET /reload?ser=1613473312053 HTTP/1.1" 200 28 "http://renault.2web.at/action" "Mozilla/5.0 (Windows NT 10.0; Win64; x64) AppleWebKit/537.36 (KHTML, like Gecko) Chrome/88.0.4324.150 Safari/537.36"
80.122.221.194 - - [16/Feb/2021:12:02:38 +0100] "GET /reload?ser=1613473358215 HTTP/1.1" 200 28 "http://renault.activities.at/login?required=true" "Mozilla/5.0 (Windows NT 10.0; Win64; x64) AppleWebKit/537.36 (KHTML, like Gecko) Chrome/88.0.4324.150 Safari/537.36 Edg/88.0.705.63"
138.21.12.23 - - [16/Feb/2021:12:02:54 +0100] "GET /reload?ser=1613473374054 HTTP/1.1" 200 28 "http://renault.2web.at/action" "Mozilla/5.0 (Windows NT 10.0; Win64; x64) AppleWebKit/537.36 (KHTML, like Gecko) Chrome/88.0.4324.150 Safari/537.36"
80.122.221.194 - - [16/Feb/2021:12:03:39 +0100] "GET /reload?ser=1613473419200 HTTP/1.1" 200 28 "http://renault.activities.at/login?required=true" "Mozilla/5.0 (Windows NT 10.0; Win64; x64) AppleWebKit/537.36 (KHTML, like Gecko) Chrome/88.0.4324.150 Safari/537.36 Edg/88.0.705.63"
138.21.12.23 - - [16/Feb/2021:12:03:56 +0100] "GET /reload?ser=1613473436055 HTTP/1.1" 200 28 "http://renault.2web.at/action" "Mozilla/5.0 (Windows NT 10.0; Win64; x64) AppleWebKit/537.36 (KHTML, like Gecko) Chrome/88.0.4324.150 Safari/537.36"
80.122.221.194 - - [16/Feb/2021:12:04:40 +0100] "GET /reload?ser=1613473480215 HTTP/1.1" 200 28 "http://renault.activities.at/login?required=true" "Mozilla/5.0 (Windows NT 10.0; Win64; x64) AppleWebKit/537.36 (KHTML, like Gecko) Chrome/88.0.4324.150 Safari/537.36 Edg/88.0.705.63"
138.21.12.23 - - [16/Feb/2021:12:04:58 +0100] "GET /reload?ser=1613473498057 HTTP/1.1" 200 28 "http://renault.2web.at/action" "Mozilla/5.0 (Windows NT 10.0; Win64; x64) AppleWebKit/537.36 (KHTML, like Gecko) Chrome/88.0.4324.150 Safari/537.36"
80.122.221.194 - - [16/Feb/2021:12:05:41 +0100] "GET /reload?ser=1613473541200 HTTP/1.1" 200 28 "http://renault.activities.at/login?required=true" "Mozilla/5.0 (Windows NT 10.0; Win64; x64) AppleWebKit/537.36 (KHTML, like Gecko) Chrome/88.0.4324.150 Safari/537.36 Edg/88.0.705.63"
138.21.12.23 - - [16/Feb/2021:12:06:00 +0100] "GET /reload?ser=1613473560056 HTTP/1.1" 200 28 "http://renault.2web.at/action" "Mozilla/5.0 (Windows NT 10.0; Win64; x64) AppleWebKit/537.36 (KHTML, like Gecko) Chrome/88.0.4324.150 Safari/537.36"
80.122.221.194 - - [16/Feb/2021:12:06:42 +0100] "GET /reload?ser=1613473602202 HTTP/1.1" 200 28 "http://renault.activities.at/login?required=true" "Mozilla/5.0 (Windows NT 10.0; Win64; x64) AppleWebKit/537.36 (KHTML, like Gecko) Chrome/88.0.4324.150 Safari/537.36 Edg/88.0.705.63"
138.21.12.23 - - [16/Feb/2021:12:07:02 +0100] "GET /reload?ser=1613473622057 HTTP/1.1" 200 28 "http://renault.2web.at/action" "Mozilla/5.0 (Windows NT 10.0; Win64; x64) AppleWebKit/537.36 (KHTML, like Gecko) Chrome/88.0.4324.150 Safari/537.36"
80.122.221.194 - - [16/Feb/2021:12:07:43 +0100] "GET /reload?ser=1613473663207 HTTP/1.1" 200 28 "http://renault.activities.at/login?required=true" "Mozilla/5.0 (Windows NT 10.0; Win64; x64) AppleWebKit/537.36 (KHTML, like Gecko) Chrome/88.0.4324.150 Safari/537.36 Edg/88.0.705.63"
138.21.12.23 - - [16/Feb/2021:12:08:04 +0100] "GET /reload?ser=1613473684058 HTTP/1.1" 200 28 "http://renault.2web.at/action" "Mozilla/5.0 (Windows NT 10.0; Win64; x64) AppleWebKit/537.36 (KHTML, like Gecko) Chrome/88.0.4324.150 Safari/537.36"
80.122.221.194 - - [16/Feb/2021:12:08:44 +0100] "GET /reload?ser=1613473724201 HTTP/1.1" 200 28 "http://renault.activities.at/login?required=true" "Mozilla/5.0 (Windows NT 10.0; Win64; x64) AppleWebKit/537.36 (KHTML, like Gecko) Chrome/88.0.4324.150 Safari/537.36 Edg/88.0.705.63"
138.21.12.23 - - [16/Feb/2021:12:09:06 +0100] "GET /reload?ser=1613473746059 HTTP/1.1" 200 28 "http://renault.2web.at/action" "Mozilla/5.0 (Windows NT 10.0; Win64; x64) AppleWebKit/537.36 (KHTML, like Gecko) Chrome/88.0.4324.150 Safari/537.36"
80.122.221.194 - - [16/Feb/2021:12:09:45 +0100] "GET /reload?ser=1613473785202 HTTP/1.1" 200 28 "http://renault.activities.at/login?required=true" "Mozilla/5.0 (Windows NT 10.0; Win64; x64) AppleWebKit/537.36 (KHTML, like Gecko) Chrome/88.0.4324.150 Safari/537.36 Edg/88.0.705.63"
138.21.12.23 - - [16/Feb/2021:12:10:08 +0100] "GET /reload?ser=1613473808237 HTTP/1.1" 200 28 "http://renault.2web.at/action" "Mozilla/5.0 (Windows NT 10.0; Win64; x64) AppleWebKit/537.36 (KHTML, like Gecko) Chrome/88.0.4324.150 Safari/537.36"
80.122.221.194 - - [16/Feb/2021:12:10:46 +0100] "GET /reload?ser=1613473846203 HTTP/1.1" 200 28 "http://renault.activities.at/login?required=true" "Mozilla/5.0 (Windows NT 10.0; Win64; x64) AppleWebKit/537.36 (KHTML, like Gecko) Chrome/88.0.4324.150 Safari/537.36 Edg/88.0.705.63"
138.21.12.23 - - [16/Feb/2021:12:11:10 +0100] "GET /reload?ser=1613473870060 HTTP/1.1" 200 28 "http://renault.2web.at/action" "Mozilla/5.0 (Windows NT 10.0; Win64; x64) AppleWebKit/537.36 (KHTML, like Gecko) Chrome/88.0.4324.150 Safari/537.36"
80.122.221.194 - - [16/Feb/2021:12:11:47 +0100] "GET /reload?ser=1613473907204 HTTP/1.1" 200 28 "http://renault.activities.at/login?required=true" "Mozilla/5.0 (Windows NT 10.0; Win64; x64) AppleWebKit/537.36 (KHTML, like Gecko) Chrome/88.0.4324.150 Safari/537.36 Edg/88.0.705.63"
138.21.12.23 - - [16/Feb/2021:12:12:12 +0100] "GET /reload?ser=1613473932061 HTTP/1.1" 200 28 "http://renault.2web.at/action" "Mozilla/5.0 (Windows NT 10.0; Win64; x64) AppleWebKit/537.36 (KHTML, like Gecko) Chrome/88.0.4324.150 Safari/537.36"
80.122.221.194 - - [16/Feb/2021:12:12:48 +0100] "GET /reload?ser=1613473968205 HTTP/1.1" 200 28 "http://renault.activities.at/login?required=true" "Mozilla/5.0 (Windows NT 10.0; Win64; x64) AppleWebKit/537.36 (KHTML, like Gecko) Chrome/88.0.4324.150 Safari/537.36 Edg/88.0.705.63"
138.21.12.23 - - [16/Feb/2021:12:13:14 +0100] "GET /reload?ser=1613473994062 HTTP/1.1" 200 28 "http://renault.2web.at/action" "Mozilla/5.0 (Windows NT 10.0; Win64; x64) AppleWebKit/537.36 (KHTML, like Gecko) Chrome/88.0.4324.150 Safari/537.36"
80.122.221.194 - - [16/Feb/2021:12:13:49 +0100] "GET /reload?ser=1613474029210 HTTP/1.1" 200 28 "http://renault.activities.at/login?required=true" "Mozilla/5.0 (Windows NT 10.0; Win64; x64) AppleWebKit/537.36 (KHTML, like Gecko) Chrome/88.0.4324.150 Safari/537.36 Edg/88.0.705.63"
138.21.12.23 - - [16/Feb/2021:12:14:16 +0100] "GET /reload?ser=1613474056064 HTTP/1.1" 200 28 "http://renault.2web.at/action" "Mozilla/5.0 (Windows NT 10.0; Win64; x64) AppleWebKit/537.36 (KHTML, like Gecko) Chrome/88.0.4324.150 Safari/537.36"
80.122.221.194 - - [16/Feb/2021:12:14:50 +0100] "GET /reload?ser=1613474090211 HTTP/1.1" 200 28 "http://renault.activities.at/login?required=true" "Mozilla/5.0 (Windows NT 10.0; Win64; x64) AppleWebKit/537.36 (KHTML, like Gecko) Chrome/88.0.4324.150 Safari/537.36 Edg/88.0.705.63"
138.21.12.23 - - [16/Feb/2021:12:15:18 +0100] "GET /reload?ser=1613474118069 HTTP/1.1" 200 28 "http://renault.2web.at/action" "Mozilla/5.0 (Windows NT 10.0; Win64; x64) AppleWebKit/537.36 (KHTML, like Gecko) Chrome/88.0.4324.150 Safari/537.36"
80.122.221.194 - - [16/Feb/2021:12:15:51 +0100] "GET /reload?ser=1613474151209 HTTP/1.1" 200 28 "http://renault.activities.at/login?required=true" "Mozilla/5.0 (Windows NT 10.0; Win64; x64) AppleWebKit/537.36 (KHTML, like Gecko) Chrome/88.0.4324.150 Safari/537.36 Edg/88.0.705.63"
138.21.12.23 - - [16/Feb/2021:12:16:20 +0100] "GET /reload?ser=1613474180073 HTTP/1.1" 200 28 "http://renault.2web.at/action" "Mozilla/5.0 (Windows NT 10.0; Win64; x64) AppleWebKit/537.36 (KHTML, like Gecko) Chrome/88.0.4324.150 Safari/537.36"
80.122.221.194 - - [16/Feb/2021:12:16:52 +0100] "GET /reload?ser=1613474212210 HTTP/1.1" 200 28 "http://renault.activities.at/login?required=true" "Mozilla/5.0 (Windows NT 10.0; Win64; x64) AppleWebKit/537.36 (KHTML, like Gecko) Chrome/88.0.4324.150 Safari/537.36 Edg/88.0.705.63"
138.21.12.23 - - [16/Feb/2021:12:17:22 +0100] "GET /reload?ser=1613474242076 HTTP/1.1" 200 28 "http://renault.2web.at/action" "Mozilla/5.0 (Windows NT 10.0; Win64; x64) AppleWebKit/537.36 (KHTML, like Gecko) Chrome/88.0.4324.150 Safari/537.36"
80.122.221.194 - - [16/Feb/2021:12:17:53 +0100] "GET /reload?ser=1613474273211 HTTP/1.1" 200 28 "http://renault.activities.at/login?required=true" "Mozilla/5.0 (Windows NT 10.0; Win64; x64) AppleWebKit/537.36 (KHTML, like Gecko) Chrome/88.0.4324.150 Safari/537.36 Edg/88.0.705.63"
138.21.12.23 - - [16/Feb/2021:12:18:24 +0100] "GET /reload?ser=1613474304081 HTTP/1.1" 200 28 "http://renault.2web.at/action" "Mozilla/5.0 (Windows NT 10.0; Win64; x64) AppleWebKit/537.36 (KHTML, like Gecko) Chrome/88.0.4324.150 Safari/537.36"
80.122.221.194 - - [16/Feb/2021:12:18:54 +0100] "GET /reload?ser=1613474334210 HTTP/1.1" 200 28 "http://renault.activities.at/login?required=true" "Mozilla/5.0 (Windows NT 10.0; Win64; x64) AppleWebKit/537.36 (KHTML, like Gecko) Chrome/88.0.4324.150 Safari/537.36 Edg/88.0.705.63"
138.21.12.23 - - [16/Feb/2021:12:19:26 +0100] "GET /reload?ser=1613474366084 HTTP/1.1" 200 28 "http://renault.2web.at/action" "Mozilla/5.0 (Windows NT 10.0; Win64; x64) AppleWebKit/537.36 (KHTML, like Gecko) Chrome/88.0.4324.150 Safari/537.36"
80.122.221.194 - - [16/Feb/2021:12:19:55 +0100] "GET /reload?ser=1613474395210 HTTP/1.1" 200 28 "http://renault.activities.at/login?required=true" "Mozilla/5.0 (Windows NT 10.0; Win64; x64) AppleWebKit/537.36 (KHTML, like Gecko) Chrome/88.0.4324.150 Safari/537.36 Edg/88.0.705.63"
138.21.12.23 - - [16/Feb/2021:12:20:28 +0100] "GET /reload?ser=1613474428088 HTTP/1.1" 200 28 "http://renault.2web.at/action" "Mozilla/5.0 (Windows NT 10.0; Win64; x64) AppleWebKit/537.36 (KHTML, like Gecko) Chrome/88.0.4324.150 Safari/537.36"
80.122.221.194 - - [16/Feb/2021:12:20:56 +0100] "GET /reload?ser=1613474456196 HTTP/1.1" 200 28 "http://renault.activities.at/login?required=true" "Mozilla/5.0 (Windows NT 10.0; Win64; x64) AppleWebKit/537.36 (KHTML, like Gecko) Chrome/88.0.4324.150 Safari/537.36 Edg/88.0.705.63"
138.21.12.23 - - [16/Feb/2021:12:21:30 +0100] "GET /reload?ser=1613474490091 HTTP/1.1" 200 28 "http://renault.2web.at/action" "Mozilla/5.0 (Windows NT 10.0; Win64; x64) AppleWebKit/537.36 (KHTML, like Gecko) Chrome/88.0.4324.150 Safari/537.36"
80.122.221.194 - - [16/Feb/2021:12:21:57 +0100] "GET /reload?ser=1613474517197 HTTP/1.1" 200 28 "http://renault.activities.at/login?required=true" "Mozilla/5.0 (Windows NT 10.0; Win64; x64) AppleWebKit/537.36 (KHTML, like Gecko) Chrome/88.0.4324.150 Safari/537.36 Edg/88.0.705.63"
138.21.12.23 - - [16/Feb/2021:12:22:32 +0100] "GET /reload?ser=1613474552093 HTTP/1.1" 200 28 "http://renault.2web.at/action" "Mozilla/5.0 (Windows NT 10.0; Win64; x64) AppleWebKit/537.36 (KHTML, like Gecko) Chrome/88.0.4324.150 Safari/537.36"
80.122.221.194 - - [16/Feb/2021:12:22:58 +0100] "GET /reload?ser=1613474578198 HTTP/1.1" 200 28 "http://renault.activities.at/login?required=true" "Mozilla/5.0 (Windows NT 10.0; Win64; x64) AppleWebKit/537.36 (KHTML, like Gecko) Chrome/88.0.4324.150 Safari/537.36 Edg/88.0.705.63"
138.21.12.23 - - [16/Feb/2021:12:23:34 +0100] "GET /reload?ser=1613474614097 HTTP/1.1" 200 28 "http://renault.2web.at/action" "Mozilla/5.0 (Windows NT 10.0; Win64; x64) AppleWebKit/537.36 (KHTML, like Gecko) Chrome/88.0.4324.150 Safari/537.36"
80.122.221.194 - - [16/Feb/2021:12:23:59 +0100] "GET /reload?ser=1613474639200 HTTP/1.1" 200 28 "http://renault.activities.at/login?required=true" "Mozilla/5.0 (Windows NT 10.0; Win64; x64) AppleWebKit/537.36 (KHTML, like Gecko) Chrome/88.0.4324.150 Safari/537.36 Edg/88.0.705.63"
138.21.12.23 - - [16/Feb/2021:12:24:36 +0100] "GET /reload?ser=1613474676101 HTTP/1.1" 200 28 "http://renault.2web.at/action" "Mozilla/5.0 (Windows NT 10.0; Win64; x64) AppleWebKit/537.36 (KHTML, like Gecko) Chrome/88.0.4324.150 Safari/537.36"
80.122.221.194 - - [16/Feb/2021:12:25:00 +0100] "GET /reload?ser=1613474700201 HTTP/1.1" 200 28 "http://renault.activities.at/login?required=true" "Mozilla/5.0 (Windows NT 10.0; Win64; x64) AppleWebKit/537.36 (KHTML, like Gecko) Chrome/88.0.4324.150 Safari/537.36 Edg/88.0.705.63"
138.21.12.23 - - [16/Feb/2021:12:25:38 +0100] "GET /reload?ser=1613474738102 HTTP/1.1" 200 28 "http://renault.2web.at/action" "Mozilla/5.0 (Windows NT 10.0; Win64; x64) AppleWebKit/537.36 (KHTML, like Gecko) Chrome/88.0.4324.150 Safari/537.36"
80.122.221.194 - - [16/Feb/2021:12:26:01 +0100] "GET /reload?ser=1613474761202 HTTP/1.1" 200 28 "http://renault.activities.at/login?required=true" "Mozilla/5.0 (Windows NT 10.0; Win64; x64) AppleWebKit/537.36 (KHTML, like Gecko) Chrome/88.0.4324.150 Safari/537.36 Edg/88.0.705.63"
138.21.12.23 - - [16/Feb/2021:12:26:40 +0100] "GET /reload?ser=1613474800104 HTTP/1.1" 200 28 "http://renault.2web.at/action" "Mozilla/5.0 (Windows NT 10.0; Win64; x64) AppleWebKit/537.36 (KHTML, like Gecko) Chrome/88.0.4324.150 Safari/537.36"
80.122.221.194 - - [16/Feb/2021:12:27:02 +0100] "GET /reload?ser=1613474822203 HTTP/1.1" 200 28 "http://renault.activities.at/login?required=true" "Mozilla/5.0 (Windows NT 10.0; Win64; x64) AppleWebKit/537.36 (KHTML, like Gecko) Chrome/88.0.4324.150 Safari/537.36 Edg/88.0.705.63"
138.21.12.23 - - [16/Feb/2021:12:27:42 +0100] "GET /reload?ser=1613474862107 HTTP/1.1" 200 28 "http://renault.2web.at/action" "Mozilla/5.0 (Windows NT 10.0; Win64; x64) AppleWebKit/537.36 (KHTML, like Gecko) Chrome/88.0.4324.150 Safari/537.36"
80.122.221.194 - - [16/Feb/2021:12:28:03 +0100] "GET /reload?ser=1613474883204 HTTP/1.1" 200 28 "http://renault.activities.at/login?required=true" "Mozilla/5.0 (Windows NT 10.0; Win64; x64) AppleWebKit/537.36 (KHTML, like Gecko) Chrome/88.0.4324.150 Safari/537.36 Edg/88.0.705.63"
138.21.12.23 - - [16/Feb/2021:12:28:44 +0100] "GET /reload?ser=1613474924109 HTTP/1.1" 200 28 "http://renault.2web.at/action" "Mozilla/5.0 (Windows NT 10.0; Win64; x64) AppleWebKit/537.36 (KHTML, like Gecko) Chrome/88.0.4324.150 Safari/537.36"
80.122.221.194 - - [16/Feb/2021:12:29:04 +0100] "GET /reload?ser=1613474944205 HTTP/1.1" 200 28 "http://renault.activities.at/login?required=true" "Mozilla/5.0 (Windows NT 10.0; Win64; x64) AppleWebKit/537.36 (KHTML, like Gecko) Chrome/88.0.4324.150 Safari/537.36 Edg/88.0.705.63"
138.21.12.23 - - [16/Feb/2021:12:29:46 +0100] "GET /reload?ser=1613474986111 HTTP/1.1" 200 28 "http://renault.2web.at/action" "Mozilla/5.0 (Windows NT 10.0; Win64; x64) AppleWebKit/537.36 (KHTML, like Gecko) Chrome/88.0.4324.150 Safari/537.36"
80.122.221.194 - - [16/Feb/2021:12:30:05 +0100] "GET /reload?ser=1613475005206 HTTP/1.1" 200 28 "http://renault.activities.at/login?required=true" "Mozilla/5.0 (Windows NT 10.0; Win64; x64) AppleWebKit/537.36 (KHTML, like Gecko) Chrome/88.0.4324.150 Safari/537.36 Edg/88.0.705.63"
138.21.12.23 - - [16/Feb/2021:12:30:48 +0100] "GET /reload?ser=1613475048111 HTTP/1.1" 200 28 "http://renault.2web.at/action" "Mozilla/5.0 (Windows NT 10.0; Win64; x64) AppleWebKit/537.36 (KHTML, like Gecko) Chrome/88.0.4324.150 Safari/537.36"
80.122.221.194 - - [16/Feb/2021:12:31:06 +0100] "GET /reload?ser=1613475066207 HTTP/1.1" 200 28 "http://renault.activities.at/login?required=true" "Mozilla/5.0 (Windows NT 10.0; Win64; x64) AppleWebKit/537.36 (KHTML, like Gecko) Chrome/88.0.4324.150 Safari/537.36 Edg/88.0.705.63"
138.21.12.23 - - [16/Feb/2021:12:31:50 +0100] "GET /reload?ser=1613475110116 HTTP/1.1" 200 28 "http://renault.2web.at/action" "Mozilla/5.0 (Windows NT 10.0; Win64; x64) AppleWebKit/537.36 (KHTML, like Gecko) Chrome/88.0.4324.150 Safari/537.36"
80.122.221.194 - - [16/Feb/2021:12:32:07 +0100] "GET /reload?ser=1613475127208 HTTP/1.1" 200 28 "http://renault.activities.at/login?required=true" "Mozilla/5.0 (Windows NT 10.0; Win64; x64) AppleWebKit/537.36 (KHTML, like Gecko) Chrome/88.0.4324.150 Safari/537.36 Edg/88.0.705.63"
138.21.12.23 - - [16/Feb/2021:12:32:52 +0100] "GET /reload?ser=1613475172115 HTTP/1.1" 200 28 "http://renault.2web.at/action" "Mozilla/5.0 (Windows NT 10.0; Win64; x64) AppleWebKit/537.36 (KHTML, like Gecko) Chrome/88.0.4324.150 Safari/537.36"
80.122.221.194 - - [16/Feb/2021:12:33:08 +0100] "GET /reload?ser=1613475188202 HTTP/1.1" 200 28 "http://renault.activities.at/login?required=true" "Mozilla/5.0 (Windows NT 10.0; Win64; x64) AppleWebKit/537.36 (KHTML, like Gecko) Chrome/88.0.4324.150 Safari/537.36 Edg/88.0.705.63"
138.21.12.23 - - [16/Feb/2021:12:33:54 +0100] "GET /reload?ser=1613475234116 HTTP/1.1" 200 28 "http://renault.2web.at/action" "Mozilla/5.0 (Windows NT 10.0; Win64; x64) AppleWebKit/537.36 (KHTML, like Gecko) Chrome/88.0.4324.150 Safari/537.36"
80.122.221.194 - - [16/Feb/2021:12:34:09 +0100] "GET /reload?ser=1613475249200 HTTP/1.1" 200 28 "http://renault.activities.at/login?required=true" "Mozilla/5.0 (Windows NT 10.0; Win64; x64) AppleWebKit/537.36 (KHTML, like Gecko) Chrome/88.0.4324.150 Safari/537.36 Edg/88.0.705.63"
138.21.12.23 - - [16/Feb/2021:12:34:56 +0100] "GET /reload?ser=1613475296119 HTTP/1.1" 200 28 "http://renault.2web.at/action" "Mozilla/5.0 (Windows NT 10.0; Win64; x64) AppleWebKit/537.36 (KHTML, like Gecko) Chrome/88.0.4324.150 Safari/537.36"
80.122.221.194 - - [16/Feb/2021:12:35:11 +0100] "GET /reload?ser=1613475311200 HTTP/1.1" 200 28 "http://renault.activities.at/login?required=true" "Mozilla/5.0 (Windows NT 10.0; Win64; x64) AppleWebKit/537.36 (KHTML, like Gecko) Chrome/88.0.4324.150 Safari/537.36 Edg/88.0.705.63"
138.21.12.23 - - [16/Feb/2021:12:35:58 +0100] "GET /reload?ser=1613475358119 HTTP/1.1" 200 28 "http://renault.2web.at/action" "Mozilla/5.0 (Windows NT 10.0; Win64; x64) AppleWebKit/537.36 (KHTML, like Gecko) Chrome/88.0.4324.150 Safari/537.36"
80.122.221.194 - - [16/Feb/2021:12:36:12 +0100] "GET /reload?ser=1613475372201 HTTP/1.1" 200 28 "http://renault.activities.at/login?required=true" "Mozilla/5.0 (Windows NT 10.0; Win64; x64) AppleWebKit/537.36 (KHTML, like Gecko) Chrome/88.0.4324.150 Safari/537.36 Edg/88.0.705.63"
138.21.12.23 - - [16/Feb/2021:12:37:00 +0100] "GET /reload?ser=1613475420122 HTTP/1.1" 200 28 "http://renault.2web.at/action" "Mozilla/5.0 (Windows NT 10.0; Win64; x64) AppleWebKit/537.36 (KHTML, like Gecko) Chrome/88.0.4324.150 Safari/537.36"
80.122.221.194 - - [16/Feb/2021:12:37:13 +0100] "GET /reload?ser=1613475433203 HTTP/1.1" 200 28 "http://renault.activities.at/login?required=true" "Mozilla/5.0 (Windows NT 10.0; Win64; x64) AppleWebKit/537.36 (KHTML, like Gecko) Chrome/88.0.4324.150 Safari/537.36 Edg/88.0.705.63"
138.21.12.23 - - [16/Feb/2021:12:38:02 +0100] "GET /reload?ser=1613475482121 HTTP/1.1" 200 28 "http://renault.2web.at/action" "Mozilla/5.0 (Windows NT 10.0; Win64; x64) AppleWebKit/537.36 (KHTML, like Gecko) Chrome/88.0.4324.150 Safari/537.36"
80.122.221.194 - - [16/Feb/2021:12:38:14 +0100] "GET /reload?ser=1613475494204 HTTP/1.1" 200 28 "http://renault.activities.at/login?required=true" "Mozilla/5.0 (Windows NT 10.0; Win64; x64) AppleWebKit/537.36 (KHTML, like Gecko) Chrome/88.0.4324.150 Safari/537.36 Edg/88.0.705.63"
138.21.12.23 - - [16/Feb/2021:12:39:04 +0100] "GET /reload?ser=1613475544123 HTTP/1.1" 200 28 "http://renault.2web.at/action" "Mozilla/5.0 (Windows NT 10.0; Win64; x64) AppleWebKit/537.36 (KHTML, like Gecko) Chrome/88.0.4324.150 Safari/537.36"
80.122.221.194 - - [16/Feb/2021:12:39:15 +0100] "GET /reload?ser=1613475555207 HTTP/1.1" 200 28 "http://renault.activities.at/login?required=true" "Mozilla/5.0 (Windows NT 10.0; Win64; x64) AppleWebKit/537.36 (KHTML, like Gecko) Chrome/88.0.4324.150 Safari/537.36 Edg/88.0.705.63"
138.21.12.23 - - [16/Feb/2021:12:40:06 +0100] "GET /reload?ser=1613475606124 HTTP/1.1" 200 28 "http://renault.2web.at/action" "Mozilla/5.0 (Windows NT 10.0; Win64; x64) AppleWebKit/537.36 (KHTML, like Gecko) Chrome/88.0.4324.150 Safari/537.36"
80.122.221.194 - - [16/Feb/2021:12:40:16 +0100] "GET /reload?ser=1613475616193 HTTP/1.1" 200 28 "http://renault.activities.at/login?required=true" "Mozilla/5.0 (Windows NT 10.0; Win64; x64) AppleWebKit/537.36 (KHTML, like Gecko) Chrome/88.0.4324.150 Safari/537.36 Edg/88.0.705.63"
138.21.12.23 - - [16/Feb/2021:12:41:08 +0100] "GET /reload?ser=1613475668126 HTTP/1.1" 200 28 "http://renault.2web.at/action" "Mozilla/5.0 (Windows NT 10.0; Win64; x64) AppleWebKit/537.36 (KHTML, like Gecko) Chrome/88.0.4324.150 Safari/537.36"
80.122.221.194 - - [16/Feb/2021:12:41:17 +0100] "GET /reload?ser=1613475677194 HTTP/1.1" 200 28 "http://renault.activities.at/login?required=true" "Mozilla/5.0 (Windows NT 10.0; Win64; x64) AppleWebKit/537.36 (KHTML, like Gecko) Chrome/88.0.4324.150 Safari/537.36 Edg/88.0.705.63"
138.21.12.23 - - [16/Feb/2021:12:42:10 +0100] "GET /reload?ser=1613475730126 HTTP/1.1" 200 28 "http://renault.2web.at/action" "Mozilla/5.0 (Windows NT 10.0; Win64; x64) AppleWebKit/537.36 (KHTML, like Gecko) Chrome/88.0.4324.150 Safari/537.36"
80.122.221.194 - - [16/Feb/2021:12:42:18 +0100] "GET /reload?ser=1613475738195 HTTP/1.1" 200 28 "http://renault.activities.at/login?required=true" "Mozilla/5.0 (Windows NT 10.0; Win64; x64) AppleWebKit/537.36 (KHTML, like Gecko) Chrome/88.0.4324.150 Safari/537.36 Edg/88.0.705.63"
138.21.12.23 - - [16/Feb/2021:12:43:12 +0100] "GET /reload?ser=1613475792126 HTTP/1.1" 200 28 "http://renault.2web.at/action" "Mozilla/5.0 (Windows NT 10.0; Win64; x64) AppleWebKit/537.36 (KHTML, like Gecko) Chrome/88.0.4324.150 Safari/537.36"
80.122.221.194 - - [16/Feb/2021:12:43:19 +0100] "GET /reload?ser=1613475799196 HTTP/1.1" 200 28 "http://renault.activities.at/login?required=true" "Mozilla/5.0 (Windows NT 10.0; Win64; x64) AppleWebKit/537.36 (KHTML, like Gecko) Chrome/88.0.4324.150 Safari/537.36 Edg/88.0.705.63"
138.21.12.23 - - [16/Feb/2021:12:44:14 +0100] "GET /reload?ser=1613475854128 HTTP/1.1" 200 28 "http://renault.2web.at/action" "Mozilla/5.0 (Windows NT 10.0; Win64; x64) AppleWebKit/537.36 (KHTML, like Gecko) Chrome/88.0.4324.150 Safari/537.36"
80.122.221.194 - - [16/Feb/2021:12:44:20 +0100] "GET /reload?ser=1613475860205 HTTP/1.1" 200 28 "http://renault.activities.at/login?required=true" "Mozilla/5.0 (Windows NT 10.0; Win64; x64) AppleWebKit/537.36 (KHTML, like Gecko) Chrome/88.0.4324.150 Safari/537.36 Edg/88.0.705.63"
138.21.12.23 - - [16/Feb/2021:12:45:16 +0100] "GET /reload?ser=1613475916127 HTTP/1.1" 200 28 "http://renault.2web.at/action" "Mozilla/5.0 (Windows NT 10.0; Win64; x64) AppleWebKit/537.36 (KHTML, like Gecko) Chrome/88.0.4324.150 Safari/537.36"
80.122.221.194 - - [16/Feb/2021:12:45:21 +0100] "GET /reload?ser=1613475921193 HTTP/1.1" 200 28 "http://renault.activities.at/login?required=true" "Mozilla/5.0 (Windows NT 10.0; Win64; x64) AppleWebKit/537.36 (KHTML, like Gecko) Chrome/88.0.4324.150 Safari/537.36 Edg/88.0.705.63"
138.21.12.23 - - [16/Feb/2021:12:46:18 +0100] "GET /reload?ser=1613475978129 HTTP/1.1" 200 28 "http://renault.2web.at/action" "Mozilla/5.0 (Windows NT 10.0; Win64; x64) AppleWebKit/537.36 (KHTML, like Gecko) Chrome/88.0.4324.150 Safari/537.36"
80.122.221.194 - - [16/Feb/2021:12:46:22 +0100] "GET /reload?ser=1613475982194 HTTP/1.1" 200 28 "http://renault.activities.at/login?required=true" "Mozilla/5.0 (Windows NT 10.0; Win64; x64) AppleWebKit/537.36 (KHTML, like Gecko) Chrome/88.0.4324.150 Safari/537.36 Edg/88.0.705.63"
138.21.12.23 - - [16/Feb/2021:12:47:20 +0100] "GET /reload?ser=1613476040130 HTTP/1.1" 200 28 "http://renault.2web.at/action" "Mozilla/5.0 (Windows NT 10.0; Win64; x64) AppleWebKit/537.36 (KHTML, like Gecko) Chrome/88.0.4324.150 Safari/537.36"
80.122.221.194 - - [16/Feb/2021:12:47:23 +0100] "GET /reload?ser=1613476043195 HTTP/1.1" 200 28 "http://renault.activities.at/login?required=true" "Mozilla/5.0 (Windows NT 10.0; Win64; x64) AppleWebKit/537.36 (KHTML, like Gecko) Chrome/88.0.4324.150 Safari/537.36 Edg/88.0.705.63"
138.21.12.23 - - [16/Feb/2021:12:48:22 +0100] "GET /reload?ser=1613476102130 HTTP/1.1" 200 28 "http://renault.2web.at/action" "Mozilla/5.0 (Windows NT 10.0; Win64; x64) AppleWebKit/537.36 (KHTML, like Gecko) Chrome/88.0.4324.150 Safari/537.36"
80.122.221.194 - - [16/Feb/2021:12:48:24 +0100] "GET /reload?ser=1613476104196 HTTP/1.1" 200 28 "http://renault.activities.at/login?required=true" "Mozilla/5.0 (Windows NT 10.0; Win64; x64) AppleWebKit/537.36 (KHTML, like Gecko) Chrome/88.0.4324.150 Safari/537.36 Edg/88.0.705.63"
138.21.12.23 - - [16/Feb/2021:12:49:24 +0100] "GET /reload?ser=1613476164131 HTTP/1.1" 200 28 "http://renault.2web.at/action" "Mozilla/5.0 (Windows NT 10.0; Win64; x64) AppleWebKit/537.36 (KHTML, like Gecko) Chrome/88.0.4324.150 Safari/537.36"
80.122.221.194 - - [16/Feb/2021:12:49:25 +0100] "GET /reload?ser=1613476165201 HTTP/1.1" 200 28 "http://renault.activities.at/login?required=true" "Mozilla/5.0 (Windows NT 10.0; Win64; x64) AppleWebKit/537.36 (KHTML, like Gecko) Chrome/88.0.4324.150 Safari/537.36 Edg/88.0.705.63"
