80.122.221.194 - - [16/Feb/2021:15:48:21 +0100] "GET /reload?ser=1613486901177 HTTP/1.1" 200 28 "http://renault.activities.at/login?required=true" "Mozilla/5.0 (Windows NT 10.0; Win64; x64) AppleWebKit/537.36 (KHTML, like Gecko) Chrome/88.0.4324.150 Safari/537.36 Edg/88.0.705.63"
91.114.96.114 - - [16/Feb/2021:15:48:40 +0100] "GET /reload?ser=1613486920042 HTTP/1.1" 200 28 "http://renault.activities.at/12371452" "Mozilla/5.0 (Windows NT 10.0; WOW64) AppleWebKit/537.36 (KHTML, like Gecko) Chrome/88.0.4324.150 Safari/537.36"
138.21.12.23 - - [16/Feb/2021:15:49:15 +0100] "GET /reload?ser=1613486955334 HTTP/1.1" 200 28 "http://renault.2web.at/action" "Mozilla/5.0 (Windows NT 10.0; Win64; x64) AppleWebKit/537.36 (KHTML, like Gecko) Chrome/88.0.4324.150 Safari/537.36"
80.122.221.194 - - [16/Feb/2021:15:49:22 +0100] "GET /reload?ser=1613486962178 HTTP/1.1" 200 28 "http://renault.activities.at/login?required=true" "Mozilla/5.0 (Windows NT 10.0; Win64; x64) AppleWebKit/537.36 (KHTML, like Gecko) Chrome/88.0.4324.150 Safari/537.36 Edg/88.0.705.63"
91.114.96.114 - - [16/Feb/2021:15:49:42 +0100] "GET /reload?ser=1613486982031 HTTP/1.1" 200 28 "http://renault.activities.at/12371452" "Mozilla/5.0 (Windows NT 10.0; WOW64) AppleWebKit/537.36 (KHTML, like Gecko) Chrome/88.0.4324.150 Safari/537.36"
138.21.12.23 - - [16/Feb/2021:15:50:17 +0100] "GET /reload?ser=1613487017341 HTTP/1.1" 200 28 "http://renault.2web.at/action" "Mozilla/5.0 (Windows NT 10.0; Win64; x64) AppleWebKit/537.36 (KHTML, like Gecko) Chrome/88.0.4324.150 Safari/537.36"
80.122.221.194 - - [16/Feb/2021:15:50:23 +0100] "GET /reload?ser=1613487023179 HTTP/1.1" 200 28 "http://renault.activities.at/login?required=true" "Mozilla/5.0 (Windows NT 10.0; Win64; x64) AppleWebKit/537.36 (KHTML, like Gecko) Chrome/88.0.4324.150 Safari/537.36 Edg/88.0.705.63"
91.114.96.114 - - [16/Feb/2021:15:50:43 +0100] "GET /reload?ser=1613487043032 HTTP/1.1" 200 28 "http://renault.activities.at/12371452" "Mozilla/5.0 (Windows NT 10.0; WOW64) AppleWebKit/537.36 (KHTML, like Gecko) Chrome/88.0.4324.150 Safari/537.36"
138.21.12.23 - - [16/Feb/2021:15:51:20 +0100] "GET /reload?ser=1613487079345 HTTP/1.1" 200 28 "http://renault.2web.at/action" "Mozilla/5.0 (Windows NT 10.0; Win64; x64) AppleWebKit/537.36 (KHTML, like Gecko) Chrome/88.0.4324.150 Safari/537.36"
80.122.221.194 - - [16/Feb/2021:15:51:24 +0100] "GET /reload?ser=1613487084181 HTTP/1.1" 200 28 "http://renault.activities.at/login?required=true" "Mozilla/5.0 (Windows NT 10.0; Win64; x64) AppleWebKit/537.36 (KHTML, like Gecko) Chrome/88.0.4324.150 Safari/537.36 Edg/88.0.705.63"
91.114.96.114 - - [16/Feb/2021:15:51:45 +0100] "GET /reload?ser=1613487105036 HTTP/1.1" 200 28 "http://renault.activities.at/12371452" "Mozilla/5.0 (Windows NT 10.0; WOW64) AppleWebKit/537.36 (KHTML, like Gecko) Chrome/88.0.4324.150 Safari/537.36"
138.21.12.23 - - [16/Feb/2021:15:52:21 +0100] "GET /reload?ser=1613487141348 HTTP/1.1" 200 28 "http://renault.2web.at/action" "Mozilla/5.0 (Windows NT 10.0; Win64; x64) AppleWebKit/537.36 (KHTML, like Gecko) Chrome/88.0.4324.150 Safari/537.36"
80.122.221.194 - - [16/Feb/2021:15:52:25 +0100] "GET /reload?ser=1613487145182 HTTP/1.1" 200 28 "http://renault.activities.at/login?required=true" "Mozilla/5.0 (Windows NT 10.0; Win64; x64) AppleWebKit/537.36 (KHTML, like Gecko) Chrome/88.0.4324.150 Safari/537.36 Edg/88.0.705.63"
91.114.96.114 - - [16/Feb/2021:15:52:47 +0100] "GET /reload?ser=1613487167032 HTTP/1.1" 200 28 "http://renault.activities.at/12371452" "Mozilla/5.0 (Windows NT 10.0; WOW64) AppleWebKit/537.36 (KHTML, like Gecko) Chrome/88.0.4324.150 Safari/537.36"
138.21.12.23 - - [16/Feb/2021:15:53:23 +0100] "GET /reload?ser=1613487203355 HTTP/1.1" 200 28 "http://renault.2web.at/action" "Mozilla/5.0 (Windows NT 10.0; Win64; x64) AppleWebKit/537.36 (KHTML, like Gecko) Chrome/88.0.4324.150 Safari/537.36"
80.122.221.194 - - [16/Feb/2021:15:53:26 +0100] "GET /reload?ser=1613487206183 HTTP/1.1" 200 28 "http://renault.activities.at/login?required=true" "Mozilla/5.0 (Windows NT 10.0; Win64; x64) AppleWebKit/537.36 (KHTML, like Gecko) Chrome/88.0.4324.150 Safari/537.36 Edg/88.0.705.63"
91.114.96.114 - - [16/Feb/2021:15:53:48 +0100] "GET /reload?ser=1613487228035 HTTP/1.1" 200 28 "http://renault.activities.at/12371452" "Mozilla/5.0 (Windows NT 10.0; WOW64) AppleWebKit/537.36 (KHTML, like Gecko) Chrome/88.0.4324.150 Safari/537.36"
138.21.12.23 - - [16/Feb/2021:15:54:25 +0100] "GET /reload?ser=1613487265357 HTTP/1.1" 200 28 "http://renault.2web.at/action" "Mozilla/5.0 (Windows NT 10.0; Win64; x64) AppleWebKit/537.36 (KHTML, like Gecko) Chrome/88.0.4324.150 Safari/537.36"
80.122.221.194 - - [16/Feb/2021:15:54:27 +0100] "GET /reload?ser=1613487267181 HTTP/1.1" 200 28 "http://renault.activities.at/login?required=true" "Mozilla/5.0 (Windows NT 10.0; Win64; x64) AppleWebKit/537.36 (KHTML, like Gecko) Chrome/88.0.4324.150 Safari/537.36 Edg/88.0.705.63"
91.114.96.114 - - [16/Feb/2021:15:54:49 +0100] "GET /reload?ser=1613487289041 HTTP/1.1" 200 28 "http://renault.activities.at/12371452" "Mozilla/5.0 (Windows NT 10.0; WOW64) AppleWebKit/537.36 (KHTML, like Gecko) Chrome/88.0.4324.150 Safari/537.36"
80.122.221.194 - - [16/Feb/2021:15:55:28 +0100] "GET /reload?ser=1613487328182 HTTP/1.1" 200 28 "http://renault.activities.at/login?required=true" "Mozilla/5.0 (Windows NT 10.0; Win64; x64) AppleWebKit/537.36 (KHTML, like Gecko) Chrome/88.0.4324.150 Safari/537.36 Edg/88.0.705.63"
138.21.12.23 - - [16/Feb/2021:15:55:27 +0100] "GET /reload?ser=1613487327363 HTTP/1.1" 200 28 "http://renault.2web.at/action" "Mozilla/5.0 (Windows NT 10.0; Win64; x64) AppleWebKit/537.36 (KHTML, like Gecko) Chrome/88.0.4324.150 Safari/537.36"
91.114.96.114 - - [16/Feb/2021:15:55:51 +0100] "GET /reload?ser=1613487351035 HTTP/1.1" 200 28 "http://renault.activities.at/12371452" "Mozilla/5.0 (Windows NT 10.0; WOW64) AppleWebKit/537.36 (KHTML, like Gecko) Chrome/88.0.4324.150 Safari/537.36"
80.122.221.194 - - [16/Feb/2021:15:56:29 +0100] "GET /reload?ser=1613487389168 HTTP/1.1" 200 28 "http://renault.activities.at/login?required=true" "Mozilla/5.0 (Windows NT 10.0; Win64; x64) AppleWebKit/537.36 (KHTML, like Gecko) Chrome/88.0.4324.150 Safari/537.36 Edg/88.0.705.63"
138.21.12.23 - - [16/Feb/2021:15:56:29 +0100] "GET /reload?ser=1613487389366 HTTP/1.1" 200 28 "http://renault.2web.at/action" "Mozilla/5.0 (Windows NT 10.0; Win64; x64) AppleWebKit/537.36 (KHTML, like Gecko) Chrome/88.0.4324.150 Safari/537.36"
91.114.96.114 - - [16/Feb/2021:15:56:53 +0100] "GET /reload?ser=1613487413036 HTTP/1.1" 200 28 "http://renault.activities.at/12371452" "Mozilla/5.0 (Windows NT 10.0; WOW64) AppleWebKit/537.36 (KHTML, like Gecko) Chrome/88.0.4324.150 Safari/537.36"
80.122.221.194 - - [16/Feb/2021:15:57:30 +0100] "GET /reload?ser=1613487450169 HTTP/1.1" 200 28 "http://renault.activities.at/login?required=true" "Mozilla/5.0 (Windows NT 10.0; Win64; x64) AppleWebKit/537.36 (KHTML, like Gecko) Chrome/88.0.4324.150 Safari/537.36 Edg/88.0.705.63"
138.21.12.23 - - [16/Feb/2021:15:57:31 +0100] "GET /reload?ser=1613487451370 HTTP/1.1" 200 28 "http://renault.2web.at/action" "Mozilla/5.0 (Windows NT 10.0; Win64; x64) AppleWebKit/537.36 (KHTML, like Gecko) Chrome/88.0.4324.150 Safari/537.36"
13.66.139.36 - - [16/Feb/2021:15:57:49 +0100] "GET /sitemap.txt HTTP/1.1" 200 1558 "-" "Mozilla/5.0 (compatible; bingbot/2.0; +http://www.bing.com/bingbot.htm)"
91.114.96.114 - - [16/Feb/2021:15:57:54 +0100] "GET /reload?ser=1613487474038 HTTP/1.1" 200 28 "http://renault.activities.at/12371452" "Mozilla/5.0 (Windows NT 10.0; WOW64) AppleWebKit/537.36 (KHTML, like Gecko) Chrome/88.0.4324.150 Safari/537.36"
80.122.221.194 - - [16/Feb/2021:15:58:31 +0100] "GET /reload?ser=1613487511184 HTTP/1.1" 200 28 "http://renault.activities.at/login?required=true" "Mozilla/5.0 (Windows NT 10.0; Win64; x64) AppleWebKit/537.36 (KHTML, like Gecko) Chrome/88.0.4324.150 Safari/537.36 Edg/88.0.705.63"
138.21.12.23 - - [16/Feb/2021:15:58:33 +0100] "GET /reload?ser=1613487513375 HTTP/1.1" 200 28 "http://renault.2web.at/action" "Mozilla/5.0 (Windows NT 10.0; Win64; x64) AppleWebKit/537.36 (KHTML, like Gecko) Chrome/88.0.4324.150 Safari/537.36"
91.114.96.114 - - [16/Feb/2021:15:58:56 +0100] "GET /reload?ser=1613487536038 HTTP/1.1" 200 28 "http://renault.activities.at/12371452" "Mozilla/5.0 (Windows NT 10.0; WOW64) AppleWebKit/537.36 (KHTML, like Gecko) Chrome/88.0.4324.150 Safari/537.36"
80.122.221.194 - - [16/Feb/2021:15:59:32 +0100] "GET /reload?ser=1613487572170 HTTP/1.1" 200 28 "http://renault.activities.at/login?required=true" "Mozilla/5.0 (Windows NT 10.0; Win64; x64) AppleWebKit/537.36 (KHTML, like Gecko) Chrome/88.0.4324.150 Safari/537.36 Edg/88.0.705.63"
138.21.12.23 - - [16/Feb/2021:15:59:33 +0100] "POST /action HTTP/1.1" 302 136 "http://renault.2web.at/action" "Mozilla/5.0 (Windows NT 10.0; Win64; x64) AppleWebKit/537.36 (KHTML, like Gecko) Chrome/88.0.4324.150 Safari/537.36"
138.21.12.23 - - [16/Feb/2021:15:59:34 +0100] "GET /action HTTP/1.1" 200 6999 "http://renault.2web.at/action" "Mozilla/5.0 (Windows NT 10.0; Win64; x64) AppleWebKit/537.36 (KHTML, like Gecko) Chrome/88.0.4324.150 Safari/537.36"
138.21.12.23 - - [16/Feb/2021:15:59:34 +0100] "GET /reload?ser=1613487574724 HTTP/1.1" 200 28 "http://renault.2web.at/action" "Mozilla/5.0 (Windows NT 10.0; Win64; x64) AppleWebKit/537.36 (KHTML, like Gecko) Chrome/88.0.4324.150 Safari/537.36"
138.21.12.23 - - [16/Feb/2021:15:59:36 +0100] "GET /action HTTP/1.1" 200 6999 "http://renault.2web.at/action" "Mozilla/5.0 (Windows NT 10.0; Win64; x64) AppleWebKit/537.36 (KHTML, like Gecko) Chrome/88.0.4324.150 Safari/537.36"
91.114.96.114 - - [16/Feb/2021:15:59:57 +0100] "GET /reload?ser=1613487597039 HTTP/1.1" 200 28 "http://renault.activities.at/12371452" "Mozilla/5.0 (Windows NT 10.0; WOW64) AppleWebKit/537.36 (KHTML, like Gecko) Chrome/88.0.4324.150 Safari/537.36"
80.122.221.194 - - [16/Feb/2021:16:00:33 +0100] "GET /reload?ser=1613487633171 HTTP/1.1" 200 28 "http://renault.activities.at/login?required=true" "Mozilla/5.0 (Windows NT 10.0; Win64; x64) AppleWebKit/537.36 (KHTML, like Gecko) Chrome/88.0.4324.150 Safari/537.36 Edg/88.0.705.63"
138.21.12.23 - - [16/Feb/2021:16:00:39 +0100] "GET /reload?ser=1613487639381 HTTP/1.1" 200 28 "http://renault.2web.at/action" "Mozilla/5.0 (Windows NT 10.0; Win64; x64) AppleWebKit/537.36 (KHTML, like Gecko) Chrome/88.0.4324.150 Safari/537.36"
91.114.96.114 - - [16/Feb/2021:16:00:58 +0100] "GET /reload?ser=1613487658037 HTTP/1.1" 200 28 "http://renault.activities.at/12371452" "Mozilla/5.0 (Windows NT 10.0; WOW64) AppleWebKit/537.36 (KHTML, like Gecko) Chrome/88.0.4324.150 Safari/537.36"
80.122.221.194 - - [16/Feb/2021:16:01:34 +0100] "GET /reload?ser=1613487694172 HTTP/1.1" 200 28 "http://renault.activities.at/login?required=true" "Mozilla/5.0 (Windows NT 10.0; Win64; x64) AppleWebKit/537.36 (KHTML, like Gecko) Chrome/88.0.4324.150 Safari/537.36 Edg/88.0.705.63"
138.21.12.23 - - [16/Feb/2021:16:01:41 +0100] "GET /reload?ser=1613487701386 HTTP/1.1" 200 28 "http://renault.2web.at/action" "Mozilla/5.0 (Windows NT 10.0; Win64; x64) AppleWebKit/537.36 (KHTML, like Gecko) Chrome/88.0.4324.150 Safari/537.36"
91.114.96.114 - - [16/Feb/2021:16:01:59 +0100] "GET /reload?ser=1613487719042 HTTP/1.1" 200 28 "http://renault.activities.at/12371452" "Mozilla/5.0 (Windows NT 10.0; WOW64) AppleWebKit/537.36 (KHTML, like Gecko) Chrome/88.0.4324.150 Safari/537.36"
80.122.221.194 - - [16/Feb/2021:16:02:35 +0100] "GET /reload?ser=1613487755173 HTTP/1.1" 200 28 "http://renault.activities.at/login?required=true" "Mozilla/5.0 (Windows NT 10.0; Win64; x64) AppleWebKit/537.36 (KHTML, like Gecko) Chrome/88.0.4324.150 Safari/537.36 Edg/88.0.705.63"
138.21.12.23 - - [16/Feb/2021:16:02:43 +0100] "GET /reload?ser=1613487763390 HTTP/1.1" 200 28 "http://renault.2web.at/action" "Mozilla/5.0 (Windows NT 10.0; Win64; x64) AppleWebKit/537.36 (KHTML, like Gecko) Chrome/88.0.4324.150 Safari/537.36"
91.114.96.114 - - [16/Feb/2021:16:03:00 +0100] "GET /reload?ser=1613487780039 HTTP/1.1" 200 28 "http://renault.activities.at/12371452" "Mozilla/5.0 (Windows NT 10.0; WOW64) AppleWebKit/537.36 (KHTML, like Gecko) Chrome/88.0.4324.150 Safari/537.36"
80.122.221.194 - - [16/Feb/2021:16:03:36 +0100] "GET /reload?ser=1613487816175 HTTP/1.1" 200 28 "http://renault.activities.at/login?required=true" "Mozilla/5.0 (Windows NT 10.0; Win64; x64) AppleWebKit/537.36 (KHTML, like Gecko) Chrome/88.0.4324.150 Safari/537.36 Edg/88.0.705.63"
138.21.12.23 - - [16/Feb/2021:16:03:45 +0100] "GET /reload?ser=1613487825392 HTTP/1.1" 200 28 "http://renault.2web.at/action" "Mozilla/5.0 (Windows NT 10.0; Win64; x64) AppleWebKit/537.36 (KHTML, like Gecko) Chrome/88.0.4324.150 Safari/537.36"
91.114.96.114 - - [16/Feb/2021:16:04:02 +0100] "GET /reload?ser=1613487842040 HTTP/1.1" 200 28 "http://renault.activities.at/12371452" "Mozilla/5.0 (Windows NT 10.0; WOW64) AppleWebKit/537.36 (KHTML, like Gecko) Chrome/88.0.4324.150 Safari/537.36"
184.72.111.121 - - [16/Feb/2021:16:04:36 +0100] "GET /reload?ser=1613487780039 HTTP/1.1" 200 10166 "-" "Mozilla/5.0 (Windows NT 6.1; Win64; x64) AppleWebKit/537.36 (KHTML, like Gecko) Chrome/72.0.3626.109 Safari/537.36"
80.122.221.194 - - [16/Feb/2021:16:04:37 +0100] "GET /reload?ser=1613487877174 HTTP/1.1" 200 28 "http://renault.activities.at/login?required=true" "Mozilla/5.0 (Windows NT 10.0; Win64; x64) AppleWebKit/537.36 (KHTML, like Gecko) Chrome/88.0.4324.150 Safari/537.36 Edg/88.0.705.63"
138.21.12.23 - - [16/Feb/2021:16:04:47 +0100] "GET /reload?ser=1613487887394 HTTP/1.1" 200 28 "http://renault.2web.at/action" "Mozilla/5.0 (Windows NT 10.0; Win64; x64) AppleWebKit/537.36 (KHTML, like Gecko) Chrome/88.0.4324.150 Safari/537.36"
91.114.96.114 - - [16/Feb/2021:16:05:04 +0100] "GET /reload?ser=1613487904042 HTTP/1.1" 200 28 "http://renault.activities.at/12371452" "Mozilla/5.0 (Windows NT 10.0; WOW64) AppleWebKit/537.36 (KHTML, like Gecko) Chrome/88.0.4324.150 Safari/537.36"
80.122.221.194 - - [16/Feb/2021:16:05:38 +0100] "GET /reload?ser=1613487938176 HTTP/1.1" 200 28 "http://renault.activities.at/login?required=true" "Mozilla/5.0 (Windows NT 10.0; Win64; x64) AppleWebKit/537.36 (KHTML, like Gecko) Chrome/88.0.4324.150 Safari/537.36 Edg/88.0.705.63"
138.21.12.23 - - [16/Feb/2021:16:05:49 +0100] "GET /reload?ser=1613487949397 HTTP/1.1" 200 28 "http://renault.2web.at/action" "Mozilla/5.0 (Windows NT 10.0; Win64; x64) AppleWebKit/537.36 (KHTML, like Gecko) Chrome/88.0.4324.150 Safari/537.36"
91.114.96.114 - - [16/Feb/2021:16:06:05 +0100] "GET /reload?ser=1613487965040 HTTP/1.1" 200 28 "http://renault.activities.at/12371452" "Mozilla/5.0 (Windows NT 10.0; WOW64) AppleWebKit/537.36 (KHTML, like Gecko) Chrome/88.0.4324.150 Safari/537.36"
80.122.221.194 - - [16/Feb/2021:16:06:39 +0100] "GET /reload?ser=1613487999177 HTTP/1.1" 200 28 "http://renault.activities.at/login?required=true" "Mozilla/5.0 (Windows NT 10.0; Win64; x64) AppleWebKit/537.36 (KHTML, like Gecko) Chrome/88.0.4324.150 Safari/537.36 Edg/88.0.705.63"
138.21.12.23 - - [16/Feb/2021:16:06:51 +0100] "GET /reload?ser=1613488011401 HTTP/1.1" 200 28 "http://renault.2web.at/action" "Mozilla/5.0 (Windows NT 10.0; Win64; x64) AppleWebKit/537.36 (KHTML, like Gecko) Chrome/88.0.4324.150 Safari/537.36"
80.120.5.131 - - [16/Feb/2021:16:07:02 +0100] "GET / HTTP/1.1" 200 3273 "-" "Mozilla/5.0 (Windows NT 10.0; Win64; x64) AppleWebKit/537.36 (KHTML, like Gecko) Chrome/88.0.4324.150 Safari/537.36"
80.120.5.131 - - [16/Feb/2021:16:07:03 +0100] "GET /images/favicon.ico HTTP/1.1" 404 305 "http://renault.activities.at/" "Mozilla/5.0 (Windows NT 10.0; Win64; x64) AppleWebKit/537.36 (KHTML, like Gecko) Chrome/88.0.4324.150 Safari/537.36"
80.120.5.131 - - [16/Feb/2021:16:07:05 +0100] "GET /login HTTP/1.1" 200 2085 "http://renault.activities.at/" "Mozilla/5.0 (Windows NT 10.0; Win64; x64) AppleWebKit/537.36 (KHTML, like Gecko) Chrome/88.0.4324.150 Safari/537.36"
91.114.96.114 - - [16/Feb/2021:16:07:07 +0100] "GET /reload?ser=1613488027042 HTTP/1.1" 200 28 "http://renault.activities.at/12371452" "Mozilla/5.0 (Windows NT 10.0; WOW64) AppleWebKit/537.36 (KHTML, like Gecko) Chrome/88.0.4324.150 Safari/537.36"
80.120.5.131 - - [16/Feb/2021:16:07:10 +0100] "POST /login HTTP/1.1" 302 140 "http://renault.activities.at/login" "Mozilla/5.0 (Windows NT 10.0; Win64; x64) AppleWebKit/537.36 (KHTML, like Gecko) Chrome/88.0.4324.150 Safari/537.36"
80.120.5.131 - - [16/Feb/2021:16:07:12 +0100] "GET /account HTTP/1.1" 200 5923 "http://renault.activities.at/login" "Mozilla/5.0 (Windows NT 10.0; Win64; x64) AppleWebKit/537.36 (KHTML, like Gecko) Chrome/88.0.4324.150 Safari/537.36"
80.120.5.131 - - [16/Feb/2021:16:07:18 +0100] "GET /action HTTP/1.1" 200 3940 "http://renault.activities.at/account" "Mozilla/5.0 (Windows NT 10.0; Win64; x64) AppleWebKit/537.36 (KHTML, like Gecko) Chrome/88.0.4324.150 Safari/537.36"
80.120.5.131 - - [16/Feb/2021:16:07:22 +0100] "GET /12371452 HTTP/1.1" 200 6396 "http://renault.activities.at/action" "Mozilla/5.0 (Windows NT 10.0; Win64; x64) AppleWebKit/537.36 (KHTML, like Gecko) Chrome/88.0.4324.150 Safari/537.36"
80.120.5.131 - - [16/Feb/2021:16:07:23 +0100] "GET /js/actionorder.js HTTP/1.1" 200 4403 "http://renault.activities.at/12371452" "Mozilla/5.0 (Windows NT 10.0; Win64; x64) AppleWebKit/537.36 (KHTML, like Gecko) Chrome/88.0.4324.150 Safari/537.36"
80.120.5.131 - - [16/Feb/2021:16:07:23 +0100] "GET /js/actiontabs.js HTTP/1.1" 200 519 "http://renault.activities.at/12371452" "Mozilla/5.0 (Windows NT 10.0; Win64; x64) AppleWebKit/537.36 (KHTML, like Gecko) Chrome/88.0.4324.150 Safari/537.36"
80.120.5.131 - - [16/Feb/2021:16:07:23 +0100] "GET /images/tabs_button_corner_right_top.gif HTTP/1.1" 200 132 "http://renault.activities.at/css/styles.css" "Mozilla/5.0 (Windows NT 10.0; Win64; x64) AppleWebKit/537.36 (KHTML, like Gecko) Chrome/88.0.4324.150 Safari/537.36"
80.120.5.131 - - [16/Feb/2021:16:07:23 +0100] "GET /images/tabs_button_corner_left_top.gif HTTP/1.1" 200 132 "http://renault.activities.at/css/styles.css" "Mozilla/5.0 (Windows NT 10.0; Win64; x64) AppleWebKit/537.36 (KHTML, like Gecko) Chrome/88.0.4324.150 Safari/537.36"
80.120.5.131 - - [16/Feb/2021:16:07:23 +0100] "GET /images/tabs_border.gif HTTP/1.1" 200 43 "http://renault.activities.at/css/styles.css" "Mozilla/5.0 (Windows NT 10.0; Win64; x64) AppleWebKit/537.36 (KHTML, like Gecko) Chrome/88.0.4324.150 Safari/537.36"
80.120.5.131 - - [16/Feb/2021:16:07:23 +0100] "GET /images/tabs_corner_left_top.gif HTTP/1.1" 200 99 "http://renault.activities.at/css/styles.css" "Mozilla/5.0 (Windows NT 10.0; Win64; x64) AppleWebKit/537.36 (KHTML, like Gecko) Chrome/88.0.4324.150 Safari/537.36"
80.120.5.131 - - [16/Feb/2021:16:07:23 +0100] "GET /images/tabs_corner_right_top.gif HTTP/1.1" 200 98 "http://renault.activities.at/css/styles.css" "Mozilla/5.0 (Windows NT 10.0; Win64; x64) AppleWebKit/537.36 (KHTML, like Gecko) Chrome/88.0.4324.150 Safari/537.36"
80.120.5.131 - - [16/Feb/2021:16:07:23 +0100] "GET /images/tabs_corner_left_bot.gif HTTP/1.1" 200 98 "http://renault.activities.at/css/styles.css" "Mozilla/5.0 (Windows NT 10.0; Win64; x64) AppleWebKit/537.36 (KHTML, like Gecko) Chrome/88.0.4324.150 Safari/537.36"
80.120.5.131 - - [16/Feb/2021:16:07:23 +0100] "GET /images/tabs_corner_right_bot.gif HTTP/1.1" 200 99 "http://renault.activities.at/css/styles.css" "Mozilla/5.0 (Windows NT 10.0; Win64; x64) AppleWebKit/537.36 (KHTML, like Gecko) Chrome/88.0.4324.150 Safari/537.36"
80.120.5.131 - - [16/Feb/2021:16:07:23 +0100] "GET /images/ajax_loading.gif HTTP/1.1" 200 1542 "http://renault.activities.at/12371452" "Mozilla/5.0 (Windows NT 10.0; Win64; x64) AppleWebKit/537.36 (KHTML, like Gecko) Chrome/88.0.4324.150 Safari/537.36"
80.120.5.131 - - [16/Feb/2021:16:07:23 +0100] "GET /images/tabs_button_corner_left_top_active.gif HTTP/1.1" 200 138 "http://renault.activities.at/css/styles.css" "Mozilla/5.0 (Windows NT 10.0; Win64; x64) AppleWebKit/537.36 (KHTML, like Gecko) Chrome/88.0.4324.150 Safari/537.36"
80.120.5.131 - - [16/Feb/2021:16:07:23 +0100] "GET /images/tabs_button_corner_right_top_active.gif HTTP/1.1" 200 136 "http://renault.activities.at/css/styles.css" "Mozilla/5.0 (Windows NT 10.0; Win64; x64) AppleWebKit/537.36 (KHTML, like Gecko) Chrome/88.0.4324.150 Safari/537.36"
80.120.5.131 - - [16/Feb/2021:16:07:23 +0100] "GET /loadthumbnail.php?id=12374100&width=200&height=200 HTTP/1.1" 200 20415 "http://renault.activities.at/12371452" "Mozilla/5.0 (Windows NT 10.0; Win64; x64) AppleWebKit/537.36 (KHTML, like Gecko) Chrome/88.0.4324.150 Safari/537.36"
80.120.5.131 - - [16/Feb/2021:16:07:23 +0100] "GET /loadthumbnail.php?id=12374098&width=200&height=280 HTTP/1.1" 200 20415 "http://renault.activities.at/12371452" "Mozilla/5.0 (Windows NT 10.0; Win64; x64) AppleWebKit/537.36 (KHTML, like Gecko) Chrome/88.0.4324.150 Safari/537.36"
80.120.5.131 - - [16/Feb/2021:16:07:23 +0100] "GET /loadthumbnail.php?id=12374099&width=200&height=280 HTTP/1.1" 200 20415 "http://renault.activities.at/12371452" "Mozilla/5.0 (Windows NT 10.0; Win64; x64) AppleWebKit/537.36 (KHTML, like Gecko) Chrome/88.0.4324.150 Safari/537.36"
80.120.5.131 - - [16/Feb/2021:16:07:25 +0100] "GET /images/vista-up-hover.gif HTTP/1.1" 200 130 "http://renault.activities.at/css/styles.css" "Mozilla/5.0 (Windows NT 10.0; Win64; x64) AppleWebKit/537.36 (KHTML, like Gecko) Chrome/88.0.4324.150 Safari/537.36"
80.122.221.194 - - [16/Feb/2021:16:07:40 +0100] "GET /reload?ser=1613488060180 HTTP/1.1" 200 28 "http://renault.activities.at/login?required=true" "Mozilla/5.0 (Windows NT 10.0; Win64; x64) AppleWebKit/537.36 (KHTML, like Gecko) Chrome/88.0.4324.150 Safari/537.36 Edg/88.0.705.63"
80.120.5.131 - - [16/Feb/2021:16:07:39 +0100] "GET /insertactionorder?print=true&Document=&Event=12371452&action=insert&article=12371444&amount=2 HTTP/1.1" 200 2351 "http://renault.activities.at/12371452" "Mozilla/5.0 (Windows NT 10.0; Win64; x64) AppleWebKit/537.36 (KHTML, like Gecko) Chrome/88.0.4324.150 Safari/537.36"
80.120.5.131 - - [16/Feb/2021:16:07:42 +0100] "GET /images/icons/basket_remove.gif HTTP/1.1" 200 1015 "http://renault.activities.at/insertactionorder?print=true&Document=&Event=12371452&action=insert&article=12371444&amount=2" "Mozilla/5.0 (Windows NT 10.0; Win64; x64) AppleWebKit/537.36 (KHTML, like Gecko) Chrome/88.0.4324.150 Safari/537.36"
80.120.5.131 - - [16/Feb/2021:16:07:42 +0100] "GET /images/success_msg_icon.gif HTTP/1.1" 200 1024 "http://renault.activities.at/css/styles.css" "Mozilla/5.0 (Windows NT 10.0; Win64; x64) AppleWebKit/537.36 (KHTML, like Gecko) Chrome/88.0.4324.150 Safari/537.36"
80.120.5.131 - - [16/Feb/2021:16:07:45 +0100] "GET /images/vista-dn-hover.gif HTTP/1.1" 200 127 "http://renault.activities.at/css/styles.css" "Mozilla/5.0 (Windows NT 10.0; Win64; x64) AppleWebKit/537.36 (KHTML, like Gecko) Chrome/88.0.4324.150 Safari/537.36"
138.21.12.23 - - [16/Feb/2021:16:07:53 +0100] "GET /reload?ser=1613488073407 HTTP/1.1" 200 28 "http://renault.2web.at/action" "Mozilla/5.0 (Windows NT 10.0; Win64; x64) AppleWebKit/537.36 (KHTML, like Gecko) Chrome/88.0.4324.150 Safari/537.36"
91.114.96.114 - - [16/Feb/2021:16:08:08 +0100] "GET /reload?ser=1613488088042 HTTP/1.1" 200 28 "http://renault.activities.at/12371452" "Mozilla/5.0 (Windows NT 10.0; WOW64) AppleWebKit/537.36 (KHTML, like Gecko) Chrome/88.0.4324.150 Safari/537.36"
80.122.221.194 - - [16/Feb/2021:16:08:41 +0100] "GET /reload?ser=1613488121181 HTTP/1.1" 200 28 "http://renault.activities.at/login?required=true" "Mozilla/5.0 (Windows NT 10.0; Win64; x64) AppleWebKit/537.36 (KHTML, like Gecko) Chrome/88.0.4324.150 Safari/537.36 Edg/88.0.705.63"
138.21.12.23 - - [16/Feb/2021:16:08:55 +0100] "GET /reload?ser=1613488135408 HTTP/1.1" 200 28 "http://renault.2web.at/action" "Mozilla/5.0 (Windows NT 10.0; Win64; x64) AppleWebKit/537.36 (KHTML, like Gecko) Chrome/88.0.4324.150 Safari/537.36"
91.114.96.114 - - [16/Feb/2021:16:09:09 +0100] "GET /reload?ser=1613488149041 HTTP/1.1" 200 28 "http://renault.activities.at/12371452" "Mozilla/5.0 (Windows NT 10.0; WOW64) AppleWebKit/537.36 (KHTML, like Gecko) Chrome/88.0.4324.150 Safari/537.36"
80.122.221.194 - - [16/Feb/2021:16:09:42 +0100] "GET /reload?ser=1613488182171 HTTP/1.1" 200 28 "http://renault.activities.at/login?required=true" "Mozilla/5.0 (Windows NT 10.0; Win64; x64) AppleWebKit/537.36 (KHTML, like Gecko) Chrome/88.0.4324.150 Safari/537.36 Edg/88.0.705.63"
138.21.12.23 - - [16/Feb/2021:16:09:57 +0100] "GET /reload?ser=1613488197410 HTTP/1.1" 200 28 "http://renault.2web.at/action" "Mozilla/5.0 (Windows NT 10.0; Win64; x64) AppleWebKit/537.36 (KHTML, like Gecko) Chrome/88.0.4324.150 Safari/537.36"
91.114.96.114 - - [16/Feb/2021:16:10:10 +0100] "GET /reload?ser=1613488210046 HTTP/1.1" 200 28 "http://renault.activities.at/12371452" "Mozilla/5.0 (Windows NT 10.0; WOW64) AppleWebKit/537.36 (KHTML, like Gecko) Chrome/88.0.4324.150 Safari/537.36"
80.122.221.194 - - [16/Feb/2021:16:10:43 +0100] "GET /reload?ser=1613488243172 HTTP/1.1" 200 28 "http://renault.activities.at/login?required=true" "Mozilla/5.0 (Windows NT 10.0; Win64; x64) AppleWebKit/537.36 (KHTML, like Gecko) Chrome/88.0.4324.150 Safari/537.36 Edg/88.0.705.63"
138.21.12.23 - - [16/Feb/2021:16:10:59 +0100] "GET /reload?ser=1613488259412 HTTP/1.1" 200 28 "http://renault.2web.at/action" "Mozilla/5.0 (Windows NT 10.0; Win64; x64) AppleWebKit/537.36 (KHTML, like Gecko) Chrome/88.0.4324.150 Safari/537.36"
91.114.96.114 - - [16/Feb/2021:16:11:11 +0100] "GET /reload?ser=1613488271048 HTTP/1.1" 200 28 "http://renault.activities.at/12371452" "Mozilla/5.0 (Windows NT 10.0; WOW64) AppleWebKit/537.36 (KHTML, like Gecko) Chrome/88.0.4324.150 Safari/537.36"
80.122.221.194 - - [16/Feb/2021:16:11:44 +0100] "GET /reload?ser=1613488304173 HTTP/1.1" 200 28 "http://renault.activities.at/login?required=true" "Mozilla/5.0 (Windows NT 10.0; Win64; x64) AppleWebKit/537.36 (KHTML, like Gecko) Chrome/88.0.4324.150 Safari/537.36 Edg/88.0.705.63"
138.21.12.23 - - [16/Feb/2021:16:12:02 +0100] "GET /reload?ser=1613488321415 HTTP/1.1" 200 28 "http://renault.2web.at/action" "Mozilla/5.0 (Windows NT 10.0; Win64; x64) AppleWebKit/537.36 (KHTML, like Gecko) Chrome/88.0.4324.150 Safari/537.36"
91.114.96.114 - - [16/Feb/2021:16:12:13 +0100] "GET /reload?ser=1613488333047 HTTP/1.1" 200 28 "http://renault.activities.at/12371452" "Mozilla/5.0 (Windows NT 10.0; WOW64) AppleWebKit/537.36 (KHTML, like Gecko) Chrome/88.0.4324.150 Safari/537.36"
80.122.221.194 - - [16/Feb/2021:16:12:45 +0100] "GET /reload?ser=1613488365175 HTTP/1.1" 200 28 "http://renault.activities.at/login?required=true" "Mozilla/5.0 (Windows NT 10.0; Win64; x64) AppleWebKit/537.36 (KHTML, like Gecko) Chrome/88.0.4324.150 Safari/537.36 Edg/88.0.705.63"
138.21.12.23 - - [16/Feb/2021:16:13:04 +0100] "GET /reload?ser=1613488384417 HTTP/1.1" 200 28 "http://renault.2web.at/action" "Mozilla/5.0 (Windows NT 10.0; Win64; x64) AppleWebKit/537.36 (KHTML, like Gecko) Chrome/88.0.4324.150 Safari/537.36"
91.114.96.114 - - [16/Feb/2021:16:13:15 +0100] "GET /reload?ser=1613488395046 HTTP/1.1" 200 28 "http://renault.activities.at/12371452" "Mozilla/5.0 (Windows NT 10.0; WOW64) AppleWebKit/537.36 (KHTML, like Gecko) Chrome/88.0.4324.150 Safari/537.36"
80.122.221.194 - - [16/Feb/2021:16:13:46 +0100] "GET /reload?ser=1613488426173 HTTP/1.1" 200 28 "http://renault.activities.at/login?required=true" "Mozilla/5.0 (Windows NT 10.0; Win64; x64) AppleWebKit/537.36 (KHTML, like Gecko) Chrome/88.0.4324.150 Safari/537.36 Edg/88.0.705.63"
138.21.12.23 - - [16/Feb/2021:16:14:06 +0100] "GET /reload?ser=1613488446420 HTTP/1.1" 200 28 "http://renault.2web.at/action" "Mozilla/5.0 (Windows NT 10.0; Win64; x64) AppleWebKit/537.36 (KHTML, like Gecko) Chrome/88.0.4324.150 Safari/537.36"
91.114.96.114 - - [16/Feb/2021:16:14:17 +0100] "GET /reload?ser=1613488457045 HTTP/1.1" 200 28 "http://renault.activities.at/12371452" "Mozilla/5.0 (Windows NT 10.0; WOW64) AppleWebKit/537.36 (KHTML, like Gecko) Chrome/88.0.4324.150 Safari/537.36"
80.122.221.194 - - [16/Feb/2021:16:14:47 +0100] "GET /reload?ser=1613488487174 HTTP/1.1" 200 28 "http://renault.activities.at/login?required=true" "Mozilla/5.0 (Windows NT 10.0; Win64; x64) AppleWebKit/537.36 (KHTML, like Gecko) Chrome/88.0.4324.150 Safari/537.36 Edg/88.0.705.63"
138.21.12.23 - - [16/Feb/2021:16:15:08 +0100] "GET /reload?ser=1613488508421 HTTP/1.1" 200 28 "http://renault.2web.at/action" "Mozilla/5.0 (Windows NT 10.0; Win64; x64) AppleWebKit/537.36 (KHTML, like Gecko) Chrome/88.0.4324.150 Safari/537.36"
91.114.96.114 - - [16/Feb/2021:16:15:18 +0100] "GET /reload?ser=1613488518044 HTTP/1.1" 200 28 "http://renault.activities.at/12371452" "Mozilla/5.0 (Windows NT 10.0; WOW64) AppleWebKit/537.36 (KHTML, like Gecko) Chrome/88.0.4324.150 Safari/537.36"
80.122.221.194 - - [16/Feb/2021:16:15:48 +0100] "GET /reload?ser=1613488548176 HTTP/1.1" 200 28 "http://renault.activities.at/login?required=true" "Mozilla/5.0 (Windows NT 10.0; Win64; x64) AppleWebKit/537.36 (KHTML, like Gecko) Chrome/88.0.4324.150 Safari/537.36 Edg/88.0.705.63"
138.21.12.23 - - [16/Feb/2021:16:16:10 +0100] "GET /reload?ser=1613488570424 HTTP/1.1" 200 28 "http://renault.2web.at/action" "Mozilla/5.0 (Windows NT 10.0; Win64; x64) AppleWebKit/537.36 (KHTML, like Gecko) Chrome/88.0.4324.150 Safari/537.36"
91.114.96.114 - - [16/Feb/2021:16:16:19 +0100] "GET /reload?ser=1613488579052 HTTP/1.1" 200 28 "http://renault.activities.at/12371452" "Mozilla/5.0 (Windows NT 10.0; WOW64) AppleWebKit/537.36 (KHTML, like Gecko) Chrome/88.0.4324.150 Safari/537.36"
80.122.221.194 - - [16/Feb/2021:16:16:49 +0100] "GET /reload?ser=1613488609177 HTTP/1.1" 200 28 "http://renault.activities.at/login?required=true" "Mozilla/5.0 (Windows NT 10.0; Win64; x64) AppleWebKit/537.36 (KHTML, like Gecko) Chrome/88.0.4324.150 Safari/537.36 Edg/88.0.705.63"
138.21.12.23 - - [16/Feb/2021:16:17:12 +0100] "GET /reload?ser=1613488632427 HTTP/1.1" 200 28 "http://renault.2web.at/action" "Mozilla/5.0 (Windows NT 10.0; Win64; x64) AppleWebKit/537.36 (KHTML, like Gecko) Chrome/88.0.4324.150 Safari/537.36"
91.114.96.114 - - [16/Feb/2021:16:17:21 +0100] "GET /reload?ser=1613488641049 HTTP/1.1" 200 28 "http://renault.activities.at/12371452" "Mozilla/5.0 (Windows NT 10.0; WOW64) AppleWebKit/537.36 (KHTML, like Gecko) Chrome/88.0.4324.150 Safari/537.36"
80.122.221.194 - - [16/Feb/2021:16:17:50 +0100] "GET /reload?ser=1613488670178 HTTP/1.1" 200 28 "http://renault.activities.at/login?required=true" "Mozilla/5.0 (Windows NT 10.0; Win64; x64) AppleWebKit/537.36 (KHTML, like Gecko) Chrome/88.0.4324.150 Safari/537.36 Edg/88.0.705.63"
138.21.12.23 - - [16/Feb/2021:16:18:14 +0100] "GET /reload?ser=1613488694429 HTTP/1.1" 200 28 "http://renault.2web.at/action" "Mozilla/5.0 (Windows NT 10.0; Win64; x64) AppleWebKit/537.36 (KHTML, like Gecko) Chrome/88.0.4324.150 Safari/537.36"
91.114.96.114 - - [16/Feb/2021:16:18:23 +0100] "GET /reload?ser=1613488703045 HTTP/1.1" 200 28 "http://renault.activities.at/12371452" "Mozilla/5.0 (Windows NT 10.0; WOW64) AppleWebKit/537.36 (KHTML, like Gecko) Chrome/88.0.4324.150 Safari/537.36"
91.114.96.114 - - [16/Feb/2021:16:18:48 +0100] "GET /logout HTTP/1.1" 302 140 "http://renault.activities.at/12371452" "Mozilla/5.0 (Windows NT 10.0; WOW64) AppleWebKit/537.36 (KHTML, like Gecko) Chrome/88.0.4324.150 Safari/537.36"
91.114.96.114 - - [16/Feb/2021:16:18:49 +0100] "GET /logout HTTP/1.1" 200 1583 "http://renault.activities.at/12371452" "Mozilla/5.0 (Windows NT 10.0; WOW64) AppleWebKit/537.36 (KHTML, like Gecko) Chrome/88.0.4324.150 Safari/537.36"
80.122.221.194 - - [16/Feb/2021:16:18:51 +0100] "GET /reload?ser=1613488731174 HTTP/1.1" 200 28 "http://renault.activities.at/login?required=true" "Mozilla/5.0 (Windows NT 10.0; Win64; x64) AppleWebKit/537.36 (KHTML, like Gecko) Chrome/88.0.4324.150 Safari/537.36 Edg/88.0.705.63"
138.21.12.23 - - [16/Feb/2021:16:19:16 +0100] "GET /reload?ser=1613488756430 HTTP/1.1" 200 28 "http://renault.2web.at/action" "Mozilla/5.0 (Windows NT 10.0; Win64; x64) AppleWebKit/537.36 (KHTML, like Gecko) Chrome/88.0.4324.150 Safari/537.36"
80.122.221.194 - - [16/Feb/2021:16:19:52 +0100] "GET /reload?ser=1613488792175 HTTP/1.1" 200 28 "http://renault.activities.at/login?required=true" "Mozilla/5.0 (Windows NT 10.0; Win64; x64) AppleWebKit/537.36 (KHTML, like Gecko) Chrome/88.0.4324.150 Safari/537.36 Edg/88.0.705.63"
138.21.12.23 - - [16/Feb/2021:16:20:18 +0100] "GET /reload?ser=1613488818433 HTTP/1.1" 200 28 "http://renault.2web.at/action" "Mozilla/5.0 (Windows NT 10.0; Win64; x64) AppleWebKit/537.36 (KHTML, like Gecko) Chrome/88.0.4324.150 Safari/537.36"
80.122.221.194 - - [16/Feb/2021:16:20:53 +0100] "GET /reload?ser=1613488853176 HTTP/1.1" 200 28 "http://renault.activities.at/login?required=true" "Mozilla/5.0 (Windows NT 10.0; Win64; x64) AppleWebKit/537.36 (KHTML, like Gecko) Chrome/88.0.4324.150 Safari/537.36 Edg/88.0.705.63"
138.21.12.23 - - [16/Feb/2021:16:21:20 +0100] "GET /reload?ser=1613488880434 HTTP/1.1" 200 28 "http://renault.2web.at/action" "Mozilla/5.0 (Windows NT 10.0; Win64; x64) AppleWebKit/537.36 (KHTML, like Gecko) Chrome/88.0.4324.150 Safari/537.36"
80.122.221.194 - - [16/Feb/2021:16:21:54 +0100] "GET /reload?ser=1613488914178 HTTP/1.1" 200 28 "http://renault.activities.at/login?required=true" "Mozilla/5.0 (Windows NT 10.0; Win64; x64) AppleWebKit/537.36 (KHTML, like Gecko) Chrome/88.0.4324.150 Safari/537.36 Edg/88.0.705.63"
138.21.12.23 - - [16/Feb/2021:16:22:22 +0100] "GET /reload?ser=1613488942436 HTTP/1.1" 200 28 "http://renault.2web.at/action" "Mozilla/5.0 (Windows NT 10.0; Win64; x64) AppleWebKit/537.36 (KHTML, like Gecko) Chrome/88.0.4324.150 Safari/537.36"
80.122.221.194 - - [16/Feb/2021:16:22:55 +0100] "GET /reload?ser=1613488975179 HTTP/1.1" 200 28 "http://renault.activities.at/login?required=true" "Mozilla/5.0 (Windows NT 10.0; Win64; x64) AppleWebKit/537.36 (KHTML, like Gecko) Chrome/88.0.4324.150 Safari/537.36 Edg/88.0.705.63"
138.21.12.23 - - [16/Feb/2021:16:23:24 +0100] "GET /reload?ser=1613489004438 HTTP/1.1" 200 28 "http://renault.2web.at/action" "Mozilla/5.0 (Windows NT 10.0; Win64; x64) AppleWebKit/537.36 (KHTML, like Gecko) Chrome/88.0.4324.150 Safari/537.36"
80.122.221.194 - - [16/Feb/2021:16:23:56 +0100] "GET /reload?ser=1613489036170 HTTP/1.1" 200 28 "http://renault.activities.at/login?required=true" "Mozilla/5.0 (Windows NT 10.0; Win64; x64) AppleWebKit/537.36 (KHTML, like Gecko) Chrome/88.0.4324.150 Safari/537.36 Edg/88.0.705.63"
138.21.12.23 - - [16/Feb/2021:16:24:26 +0100] "GET /reload?ser=1613489066440 HTTP/1.1" 200 28 "http://renault.2web.at/action" "Mozilla/5.0 (Windows NT 10.0; Win64; x64) AppleWebKit/537.36 (KHTML, like Gecko) Chrome/88.0.4324.150 Safari/537.36"
80.122.221.194 - - [16/Feb/2021:16:24:57 +0100] "GET /reload?ser=1613489097172 HTTP/1.1" 200 28 "http://renault.activities.at/login?required=true" "Mozilla/5.0 (Windows NT 10.0; Win64; x64) AppleWebKit/537.36 (KHTML, like Gecko) Chrome/88.0.4324.150 Safari/537.36 Edg/88.0.705.63"
138.21.12.23 - - [16/Feb/2021:16:25:28 +0100] "GET /reload?ser=1613489128443 HTTP/1.1" 200 28 "http://renault.2web.at/action" "Mozilla/5.0 (Windows NT 10.0; Win64; x64) AppleWebKit/537.36 (KHTML, like Gecko) Chrome/88.0.4324.150 Safari/537.36"
80.122.221.194 - - [16/Feb/2021:16:25:58 +0100] "GET /reload?ser=1613489158173 HTTP/1.1" 200 28 "http://renault.activities.at/login?required=true" "Mozilla/5.0 (Windows NT 10.0; Win64; x64) AppleWebKit/537.36 (KHTML, like Gecko) Chrome/88.0.4324.150 Safari/537.36 Edg/88.0.705.63"
138.21.12.23 - - [16/Feb/2021:16:26:30 +0100] "GET /reload?ser=1613489190445 HTTP/1.1" 200 28 "http://renault.2web.at/action" "Mozilla/5.0 (Windows NT 10.0; Win64; x64) AppleWebKit/537.36 (KHTML, like Gecko) Chrome/88.0.4324.150 Safari/537.36"
80.122.221.194 - - [16/Feb/2021:16:26:59 +0100] "GET /reload?ser=1613489219174 HTTP/1.1" 200 28 "http://renault.activities.at/login?required=true" "Mozilla/5.0 (Windows NT 10.0; Win64; x64) AppleWebKit/537.36 (KHTML, like Gecko) Chrome/88.0.4324.150 Safari/537.36 Edg/88.0.705.63"
138.21.12.23 - - [16/Feb/2021:16:27:32 +0100] "GET /reload?ser=1613489252446 HTTP/1.1" 200 28 "http://renault.2web.at/action" "Mozilla/5.0 (Windows NT 10.0; Win64; x64) AppleWebKit/537.36 (KHTML, like Gecko) Chrome/88.0.4324.150 Safari/537.36"
80.122.221.194 - - [16/Feb/2021:16:28:00 +0100] "GET /reload?ser=1613489280175 HTTP/1.1" 200 28 "http://renault.activities.at/login?required=true" "Mozilla/5.0 (Windows NT 10.0; Win64; x64) AppleWebKit/537.36 (KHTML, like Gecko) Chrome/88.0.4324.150 Safari/537.36 Edg/88.0.705.63"
138.21.12.23 - - [16/Feb/2021:16:28:34 +0100] "GET /reload?ser=1613489314448 HTTP/1.1" 200 28 "http://renault.2web.at/action" "Mozilla/5.0 (Windows NT 10.0; Win64; x64) AppleWebKit/537.36 (KHTML, like Gecko) Chrome/88.0.4324.150 Safari/537.36"
80.122.221.194 - - [16/Feb/2021:16:29:01 +0100] "GET /reload?ser=1613489341180 HTTP/1.1" 200 28 "http://renault.activities.at/login?required=true" "Mozilla/5.0 (Windows NT 10.0; Win64; x64) AppleWebKit/537.36 (KHTML, like Gecko) Chrome/88.0.4324.150 Safari/537.36 Edg/88.0.705.63"
138.21.12.23 - - [16/Feb/2021:16:29:36 +0100] "GET /reload?ser=1613489376450 HTTP/1.1" 200 28 "http://renault.2web.at/action" "Mozilla/5.0 (Windows NT 10.0; Win64; x64) AppleWebKit/537.36 (KHTML, like Gecko) Chrome/88.0.4324.150 Safari/537.36"
80.122.221.194 - - [16/Feb/2021:16:30:02 +0100] "GET /reload?ser=1613489402181 HTTP/1.1" 200 28 "http://renault.activities.at/login?required=true" "Mozilla/5.0 (Windows NT 10.0; Win64; x64) AppleWebKit/537.36 (KHTML, like Gecko) Chrome/88.0.4324.150 Safari/537.36 Edg/88.0.705.63"
138.21.12.23 - - [16/Feb/2021:16:30:38 +0100] "GET /reload?ser=1613489438450 HTTP/1.1" 200 28 "http://renault.2web.at/action" "Mozilla/5.0 (Windows NT 10.0; Win64; x64) AppleWebKit/537.36 (KHTML, like Gecko) Chrome/88.0.4324.150 Safari/537.36"
80.122.221.194 - - [16/Feb/2021:16:31:03 +0100] "GET /reload?ser=1613489463167 HTTP/1.1" 200 28 "http://renault.activities.at/login?required=true" "Mozilla/5.0 (Windows NT 10.0; Win64; x64) AppleWebKit/537.36 (KHTML, like Gecko) Chrome/88.0.4324.150 Safari/537.36 Edg/88.0.705.63"
138.21.12.23 - - [16/Feb/2021:16:31:40 +0100] "GET /reload?ser=1613489500453 HTTP/1.1" 200 28 "http://renault.2web.at/action" "Mozilla/5.0 (Windows NT 10.0; Win64; x64) AppleWebKit/537.36 (KHTML, like Gecko) Chrome/88.0.4324.150 Safari/537.36"
80.122.221.194 - - [16/Feb/2021:16:32:04 +0100] "GET /reload?ser=1613489524168 HTTP/1.1" 200 28 "http://renault.activities.at/login?required=true" "Mozilla/5.0 (Windows NT 10.0; Win64; x64) AppleWebKit/537.36 (KHTML, like Gecko) Chrome/88.0.4324.150 Safari/537.36 Edg/88.0.705.63"
138.21.12.23 - - [16/Feb/2021:16:32:42 +0100] "GET /reload?ser=1613489562459 HTTP/1.1" 200 28 "http://renault.2web.at/action" "Mozilla/5.0 (Windows NT 10.0; Win64; x64) AppleWebKit/537.36 (KHTML, like Gecko) Chrome/88.0.4324.150 Safari/537.36"
80.122.221.194 - - [16/Feb/2021:16:33:05 +0100] "GET /reload?ser=1613489585169 HTTP/1.1" 200 28 "http://renault.activities.at/login?required=true" "Mozilla/5.0 (Windows NT 10.0; Win64; x64) AppleWebKit/537.36 (KHTML, like Gecko) Chrome/88.0.4324.150 Safari/537.36 Edg/88.0.705.63"
138.21.12.23 - - [16/Feb/2021:16:33:44 +0100] "GET /reload?ser=1613489624455 HTTP/1.1" 200 28 "http://renault.2web.at/action" "Mozilla/5.0 (Windows NT 10.0; Win64; x64) AppleWebKit/537.36 (KHTML, like Gecko) Chrome/88.0.4324.150 Safari/537.36"
80.122.221.194 - - [16/Feb/2021:16:34:06 +0100] "GET /reload?ser=1613489646178 HTTP/1.1" 200 28 "http://renault.activities.at/login?required=true" "Mozilla/5.0 (Windows NT 10.0; Win64; x64) AppleWebKit/537.36 (KHTML, like Gecko) Chrome/88.0.4324.150 Safari/537.36 Edg/88.0.705.63"
138.21.12.23 - - [16/Feb/2021:16:34:46 +0100] "GET /reload?ser=1613489686457 HTTP/1.1" 200 28 "http://renault.2web.at/action" "Mozilla/5.0 (Windows NT 10.0; Win64; x64) AppleWebKit/537.36 (KHTML, like Gecko) Chrome/88.0.4324.150 Safari/537.36"
80.122.221.194 - - [16/Feb/2021:16:35:07 +0100] "GET /reload?ser=1613489707179 HTTP/1.1" 200 28 "http://renault.activities.at/login?required=true" "Mozilla/5.0 (Windows NT 10.0; Win64; x64) AppleWebKit/537.36 (KHTML, like Gecko) Chrome/88.0.4324.150 Safari/537.36 Edg/88.0.705.63"
138.21.12.23 - - [16/Feb/2021:16:35:48 +0100] "GET /reload?ser=1613489748457 HTTP/1.1" 200 28 "http://renault.2web.at/action" "Mozilla/5.0 (Windows NT 10.0; Win64; x64) AppleWebKit/537.36 (KHTML, like Gecko) Chrome/88.0.4324.150 Safari/537.36"
80.122.221.194 - - [16/Feb/2021:16:36:08 +0100] "GET /reload?ser=1613489768181 HTTP/1.1" 200 28 "http://renault.activities.at/login?required=true" "Mozilla/5.0 (Windows NT 10.0; Win64; x64) AppleWebKit/537.36 (KHTML, like Gecko) Chrome/88.0.4324.150 Safari/537.36 Edg/88.0.705.63"
138.21.12.23 - - [16/Feb/2021:16:36:50 +0100] "GET /reload?ser=1613489810459 HTTP/1.1" 200 28 "http://renault.2web.at/action" "Mozilla/5.0 (Windows NT 10.0; Win64; x64) AppleWebKit/537.36 (KHTML, like Gecko) Chrome/88.0.4324.150 Safari/537.36"
80.122.221.194 - - [16/Feb/2021:16:37:09 +0100] "GET /reload?ser=1613489829166 HTTP/1.1" 200 28 "http://renault.activities.at/login?required=true" "Mozilla/5.0 (Windows NT 10.0; Win64; x64) AppleWebKit/537.36 (KHTML, like Gecko) Chrome/88.0.4324.150 Safari/537.36 Edg/88.0.705.63"
138.21.12.23 - - [16/Feb/2021:16:37:52 +0100] "GET /reload?ser=1613489872460 HTTP/1.1" 200 28 "http://renault.2web.at/action" "Mozilla/5.0 (Windows NT 10.0; Win64; x64) AppleWebKit/537.36 (KHTML, like Gecko) Chrome/88.0.4324.150 Safari/537.36"
80.122.221.194 - - [16/Feb/2021:16:38:10 +0100] "GET /reload?ser=1613489890174 HTTP/1.1" 200 28 "http://renault.activities.at/login?required=true" "Mozilla/5.0 (Windows NT 10.0; Win64; x64) AppleWebKit/537.36 (KHTML, like Gecko) Chrome/88.0.4324.150 Safari/537.36 Edg/88.0.705.63"
138.21.12.23 - - [16/Feb/2021:16:38:54 +0100] "GET /reload?ser=1613489934461 HTTP/1.1" 200 28 "http://renault.2web.at/action" "Mozilla/5.0 (Windows NT 10.0; Win64; x64) AppleWebKit/537.36 (KHTML, like Gecko) Chrome/88.0.4324.150 Safari/537.36"
80.122.221.194 - - [16/Feb/2021:16:39:11 +0100] "GET /reload?ser=1613489951179 HTTP/1.1" 200 28 "http://renault.activities.at/login?required=true" "Mozilla/5.0 (Windows NT 10.0; Win64; x64) AppleWebKit/537.36 (KHTML, like Gecko) Chrome/88.0.4324.150 Safari/537.36 Edg/88.0.705.63"
138.21.12.23 - - [16/Feb/2021:16:39:56 +0100] "GET /reload?ser=1613489996463 HTTP/1.1" 200 28 "http://renault.2web.at/action" "Mozilla/5.0 (Windows NT 10.0; Win64; x64) AppleWebKit/537.36 (KHTML, like Gecko) Chrome/88.0.4324.150 Safari/537.36"
80.122.221.194 - - [16/Feb/2021:16:40:12 +0100] "GET /reload?ser=1613490012180 HTTP/1.1" 200 28 "http://renault.activities.at/login?required=true" "Mozilla/5.0 (Windows NT 10.0; Win64; x64) AppleWebKit/537.36 (KHTML, like Gecko) Chrome/88.0.4324.150 Safari/537.36 Edg/88.0.705.63"
138.21.12.23 - - [16/Feb/2021:16:40:58 +0100] "GET /reload?ser=1613490058464 HTTP/1.1" 200 28 "http://renault.2web.at/action" "Mozilla/5.0 (Windows NT 10.0; Win64; x64) AppleWebKit/537.36 (KHTML, like Gecko) Chrome/88.0.4324.150 Safari/537.36"
80.122.221.194 - - [16/Feb/2021:16:41:13 +0100] "GET /reload?ser=1613490073181 HTTP/1.1" 200 28 "http://renault.activities.at/login?required=true" "Mozilla/5.0 (Windows NT 10.0; Win64; x64) AppleWebKit/537.36 (KHTML, like Gecko) Chrome/88.0.4324.150 Safari/537.36 Edg/88.0.705.63"
138.21.12.23 - - [16/Feb/2021:16:42:00 +0100] "GET /reload?ser=1613490120465 HTTP/1.1" 200 28 "http://renault.2web.at/action" "Mozilla/5.0 (Windows NT 10.0; Win64; x64) AppleWebKit/537.36 (KHTML, like Gecko) Chrome/88.0.4324.150 Safari/537.36"
80.122.221.194 - - [16/Feb/2021:16:42:14 +0100] "GET /reload?ser=1613490134167 HTTP/1.1" 200 28 "http://renault.activities.at/login?required=true" "Mozilla/5.0 (Windows NT 10.0; Win64; x64) AppleWebKit/537.36 (KHTML, like Gecko) Chrome/88.0.4324.150 Safari/537.36 Edg/88.0.705.63"
138.21.12.23 - - [16/Feb/2021:16:43:03 +0100] "GET /reload?ser=1613490182467 HTTP/1.1" 200 28 "http://renault.2web.at/action" "Mozilla/5.0 (Windows NT 10.0; Win64; x64) AppleWebKit/537.36 (KHTML, like Gecko) Chrome/88.0.4324.150 Safari/537.36"
80.122.221.194 - - [16/Feb/2021:16:43:15 +0100] "GET /reload?ser=1613490195168 HTTP/1.1" 200 28 "http://renault.activities.at/login?required=true" "Mozilla/5.0 (Windows NT 10.0; Win64; x64) AppleWebKit/537.36 (KHTML, like Gecko) Chrome/88.0.4324.150 Safari/537.36 Edg/88.0.705.63"
138.21.12.23 - - [16/Feb/2021:16:44:04 +0100] "GET /reload?ser=1613490244467 HTTP/1.1" 200 28 "http://renault.2web.at/action" "Mozilla/5.0 (Windows NT 10.0; Win64; x64) AppleWebKit/537.36 (KHTML, like Gecko) Chrome/88.0.4324.150 Safari/537.36"
80.122.221.194 - - [16/Feb/2021:16:44:16 +0100] "GET /reload?ser=1613490256170 HTTP/1.1" 200 28 "http://renault.activities.at/login?required=true" "Mozilla/5.0 (Windows NT 10.0; Win64; x64) AppleWebKit/537.36 (KHTML, like Gecko) Chrome/88.0.4324.150 Safari/537.36 Edg/88.0.705.63"
138.21.12.23 - - [16/Feb/2021:16:45:06 +0100] "GET /reload?ser=1613490306468 HTTP/1.1" 200 28 "http://renault.2web.at/action" "Mozilla/5.0 (Windows NT 10.0; Win64; x64) AppleWebKit/537.36 (KHTML, like Gecko) Chrome/88.0.4324.150 Safari/537.36"
80.122.221.194 - - [16/Feb/2021:16:45:17 +0100] "GET /reload?ser=1613490317177 HTTP/1.1" 200 28 "http://renault.activities.at/login?required=true" "Mozilla/5.0 (Windows NT 10.0; Win64; x64) AppleWebKit/537.36 (KHTML, like Gecko) Chrome/88.0.4324.150 Safari/537.36 Edg/88.0.705.63"
138.21.12.23 - - [16/Feb/2021:16:46:08 +0100] "GET /reload?ser=1613490368469 HTTP/1.1" 200 28 "http://renault.2web.at/action" "Mozilla/5.0 (Windows NT 10.0; Win64; x64) AppleWebKit/537.36 (KHTML, like Gecko) Chrome/88.0.4324.150 Safari/537.36"
80.122.221.194 - - [16/Feb/2021:16:46:18 +0100] "GET /reload?ser=1613490378178 HTTP/1.1" 200 28 "http://renault.activities.at/login?required=true" "Mozilla/5.0 (Windows NT 10.0; Win64; x64) AppleWebKit/537.36 (KHTML, like Gecko) Chrome/88.0.4324.150 Safari/537.36 Edg/88.0.705.63"
138.21.12.23 - - [16/Feb/2021:16:47:10 +0100] "GET /reload?ser=1613490430472 HTTP/1.1" 200 28 "http://renault.2web.at/action" "Mozilla/5.0 (Windows NT 10.0; Win64; x64) AppleWebKit/537.36 (KHTML, like Gecko) Chrome/88.0.4324.150 Safari/537.36"
80.122.221.194 - - [16/Feb/2021:16:47:19 +0100] "GET /reload?ser=1613490439179 HTTP/1.1" 200 28 "http://renault.activities.at/login?required=true" "Mozilla/5.0 (Windows NT 10.0; Win64; x64) AppleWebKit/537.36 (KHTML, like Gecko) Chrome/88.0.4324.150 Safari/537.36 Edg/88.0.705.63"
138.21.12.23 - - [16/Feb/2021:16:48:12 +0100] "GET /reload?ser=1613490492476 HTTP/1.1" 200 28 "http://renault.2web.at/action" "Mozilla/5.0 (Windows NT 10.0; Win64; x64) AppleWebKit/537.36 (KHTML, like Gecko) Chrome/88.0.4324.150 Safari/537.36"
80.122.221.194 - - [16/Feb/2021:16:48:20 +0100] "GET /reload?ser=1613490500180 HTTP/1.1" 200 28 "http://renault.activities.at/login?required=true" "Mozilla/5.0 (Windows NT 10.0; Win64; x64) AppleWebKit/537.36 (KHTML, like Gecko) Chrome/88.0.4324.150 Safari/537.36 Edg/88.0.705.63"
138.21.12.23 - - [16/Feb/2021:16:49:14 +0100] "GET /reload?ser=1613490554480 HTTP/1.1" 200 28 "http://renault.2web.at/action" "Mozilla/5.0 (Windows NT 10.0; Win64; x64) AppleWebKit/537.36 (KHTML, like Gecko) Chrome/88.0.4324.150 Safari/537.36"
80.122.221.194 - - [16/Feb/2021:16:49:21 +0100] "GET /reload?ser=1613490561179 HTTP/1.1" 200 28 "http://renault.activities.at/login?required=true" "Mozilla/5.0 (Windows NT 10.0; Win64; x64) AppleWebKit/537.36 (KHTML, like Gecko) Chrome/88.0.4324.150 Safari/537.36 Edg/88.0.705.63"
138.21.12.23 - - [16/Feb/2021:16:50:16 +0100] "GET /reload?ser=1613490616485 HTTP/1.1" 200 28 "http://renault.2web.at/action" "Mozilla/5.0 (Windows NT 10.0; Win64; x64) AppleWebKit/537.36 (KHTML, like Gecko) Chrome/88.0.4324.150 Safari/537.36"
80.122.221.194 - - [16/Feb/2021:16:50:22 +0100] "GET /reload?ser=1613490622180 HTTP/1.1" 200 28 "http://renault.activities.at/login?required=true" "Mozilla/5.0 (Windows NT 10.0; Win64; x64) AppleWebKit/537.36 (KHTML, like Gecko) Chrome/88.0.4324.150 Safari/537.36 Edg/88.0.705.63"
138.21.12.23 - - [16/Feb/2021:16:51:18 +0100] "GET /reload?ser=1613490678489 HTTP/1.1" 200 28 "http://renault.2web.at/action" "Mozilla/5.0 (Windows NT 10.0; Win64; x64) AppleWebKit/537.36 (KHTML, like Gecko) Chrome/88.0.4324.150 Safari/537.36"
80.122.221.194 - - [16/Feb/2021:16:51:23 +0100] "GET /reload?ser=1613490683165 HTTP/1.1" 200 28 "http://renault.activities.at/login?required=true" "Mozilla/5.0 (Windows NT 10.0; Win64; x64) AppleWebKit/537.36 (KHTML, like Gecko) Chrome/88.0.4324.150 Safari/537.36 Edg/88.0.705.63"
138.21.12.23 - - [16/Feb/2021:16:52:20 +0100] "GET /reload?ser=1613490740492 HTTP/1.1" 200 28 "http://renault.2web.at/action" "Mozilla/5.0 (Windows NT 10.0; Win64; x64) AppleWebKit/537.36 (KHTML, like Gecko) Chrome/88.0.4324.150 Safari/537.36"
80.122.221.194 - - [16/Feb/2021:16:52:24 +0100] "GET /reload?ser=1613490744167 HTTP/1.1" 200 28 "http://renault.activities.at/login?required=true" "Mozilla/5.0 (Windows NT 10.0; Win64; x64) AppleWebKit/537.36 (KHTML, like Gecko) Chrome/88.0.4324.150 Safari/537.36 Edg/88.0.705.63"
138.21.12.23 - - [16/Feb/2021:16:53:22 +0100] "GET /reload?ser=1613490802496 HTTP/1.1" 200 28 "http://renault.2web.at/action" "Mozilla/5.0 (Windows NT 10.0; Win64; x64) AppleWebKit/537.36 (KHTML, like Gecko) Chrome/88.0.4324.150 Safari/537.36"
80.122.221.194 - - [16/Feb/2021:16:53:25 +0100] "GET /reload?ser=1613490805168 HTTP/1.1" 200 28 "http://renault.activities.at/login?required=true" "Mozilla/5.0 (Windows NT 10.0; Win64; x64) AppleWebKit/537.36 (KHTML, like Gecko) Chrome/88.0.4324.150 Safari/537.36 Edg/88.0.705.63"
138.21.12.23 - - [16/Feb/2021:16:54:24 +0100] "GET /reload?ser=1613490864500 HTTP/1.1" 200 28 "http://renault.2web.at/action" "Mozilla/5.0 (Windows NT 10.0; Win64; x64) AppleWebKit/537.36 (KHTML, like Gecko) Chrome/88.0.4324.150 Safari/537.36"
