93.83.102.34 - - [17/Feb/2021:13:48:24 +0100] "GET /loadthumbnail.php?id=11111497&width=113 HTTP/1.1" 200 1788 "http://renault.activities.at/10201442?dir=DESC&mode=grid&order=name&limit=15&page=20" "Mozilla/5.0 (Windows NT 10.0; Win64; x64) AppleWebKit/537.36 (KHTML, like Gecko) Chrome/88.0.4324.150 Safari/537.36"
93.83.102.34 - - [17/Feb/2021:13:48:24 +0100] "GET /loadthumbnail.php?id=11111496&width=113 HTTP/1.1" 200 1791 "http://renault.activities.at/10201442?dir=DESC&mode=grid&order=name&limit=15&page=20" "Mozilla/5.0 (Windows NT 10.0; Win64; x64) AppleWebKit/537.36 (KHTML, like Gecko) Chrome/88.0.4324.150 Safari/537.36"
93.83.102.34 - - [17/Feb/2021:13:48:24 +0100] "GET /loadthumbnail.php?id=11112261&width=113 HTTP/1.1" 200 1814 "http://renault.activities.at/10201442?dir=DESC&mode=grid&order=name&limit=15&page=20" "Mozilla/5.0 (Windows NT 10.0; Win64; x64) AppleWebKit/537.36 (KHTML, like Gecko) Chrome/88.0.4324.150 Safari/537.36"
93.83.102.34 - - [17/Feb/2021:13:48:24 +0100] "GET /loadthumbnail.php?id=11111985&width=113 HTTP/1.1" 200 1814 "http://renault.activities.at/10201442?dir=DESC&mode=grid&order=name&limit=15&page=20" "Mozilla/5.0 (Windows NT 10.0; Win64; x64) AppleWebKit/537.36 (KHTML, like Gecko) Chrome/88.0.4324.150 Safari/537.36"
93.83.102.34 - - [17/Feb/2021:13:48:24 +0100] "GET /loadthumbnail.php?id=11111498&width=113 HTTP/1.1" 200 1791 "http://renault.activities.at/10201442?dir=DESC&mode=grid&order=name&limit=15&page=20" "Mozilla/5.0 (Windows NT 10.0; Win64; x64) AppleWebKit/537.36 (KHTML, like Gecko) Chrome/88.0.4324.150 Safari/537.36"
93.83.102.34 - - [17/Feb/2021:13:48:24 +0100] "GET /loadthumbnail.php?id=11112110&width=113 HTTP/1.1" 200 1851 "http://renault.activities.at/10201442?dir=DESC&mode=grid&order=name&limit=15&page=20" "Mozilla/5.0 (Windows NT 10.0; Win64; x64) AppleWebKit/537.36 (KHTML, like Gecko) Chrome/88.0.4324.150 Safari/537.36"
93.83.102.34 - - [17/Feb/2021:13:48:24 +0100] "GET /loadthumbnail.php?id=11112400&width=113 HTTP/1.1" 200 1851 "http://renault.activities.at/10201442?dir=DESC&mode=grid&order=name&limit=15&page=20" "Mozilla/5.0 (Windows NT 10.0; Win64; x64) AppleWebKit/537.36 (KHTML, like Gecko) Chrome/88.0.4324.150 Safari/537.36"
93.83.102.34 - - [17/Feb/2021:13:48:24 +0100] "GET /loadthumbnail.php?id=11340119&width=113 HTTP/1.1" 200 5321 "http://renault.activities.at/10201442?dir=DESC&mode=grid&order=name&limit=15&page=20" "Mozilla/5.0 (Windows NT 10.0; Win64; x64) AppleWebKit/537.36 (KHTML, like Gecko) Chrome/88.0.4324.150 Safari/537.36"
93.83.102.34 - - [17/Feb/2021:13:48:24 +0100] "GET /loadthumbnail.php?id=11340118&width=113 HTTP/1.1" 200 5862 "http://renault.activities.at/10201442?dir=DESC&mode=grid&order=name&limit=15&page=20" "Mozilla/5.0 (Windows NT 10.0; Win64; x64) AppleWebKit/537.36 (KHTML, like Gecko) Chrome/88.0.4324.150 Safari/537.36"
93.83.102.34 - - [17/Feb/2021:13:48:24 +0100] "GET /loadthumbnail.php?id=11094463&width=113 HTTP/1.1" 200 2237 "http://renault.activities.at/10201442?dir=DESC&mode=grid&order=name&limit=15&page=20" "Mozilla/5.0 (Windows NT 10.0; Win64; x64) AppleWebKit/537.36 (KHTML, like Gecko) Chrome/88.0.4324.150 Safari/537.36"
93.83.102.34 - - [17/Feb/2021:13:48:24 +0100] "GET /loadthumbnail.php?id=12364774&width=113 HTTP/1.1" 200 10570 "http://renault.activities.at/10201442?dir=DESC&mode=grid&order=name&limit=15&page=20" "Mozilla/5.0 (Windows NT 10.0; Win64; x64) AppleWebKit/537.36 (KHTML, like Gecko) Chrome/88.0.4324.150 Safari/537.36"
93.83.102.34 - - [17/Feb/2021:13:48:24 +0100] "GET /loadthumbnail.php?id=12364770&width=113 HTTP/1.1" 200 8925 "http://renault.activities.at/10201442?dir=DESC&mode=grid&order=name&limit=15&page=20" "Mozilla/5.0 (Windows NT 10.0; Win64; x64) AppleWebKit/537.36 (KHTML, like Gecko) Chrome/88.0.4324.150 Safari/537.36"
93.83.102.34 - - [17/Feb/2021:13:48:24 +0100] "GET /loadthumbnail.php?id=12051174&width=113 HTTP/1.1" 200 2873 "http://renault.activities.at/10201442?dir=DESC&mode=grid&order=name&limit=15&page=20" "Mozilla/5.0 (Windows NT 10.0; Win64; x64) AppleWebKit/537.36 (KHTML, like Gecko) Chrome/88.0.4324.150 Safari/537.36"
93.83.102.34 - - [17/Feb/2021:13:48:24 +0100] "GET /loadthumbnail.php?id=12255478&width=113 HTTP/1.1" 200 19353 "http://renault.activities.at/10201442?dir=DESC&mode=grid&order=name&limit=15&page=20" "Mozilla/5.0 (Windows NT 10.0; Win64; x64) AppleWebKit/537.36 (KHTML, like Gecko) Chrome/88.0.4324.150 Safari/537.36"
93.83.102.34 - - [17/Feb/2021:13:48:36 +0100] "GET /10201442?dir=DESC&mode=grid&order=name&limit=15&page=21 HTTP/1.1" 200 9504 "http://renault.activities.at/10201442?dir=DESC&mode=grid&order=name&limit=15&page=20" "Mozilla/5.0 (Windows NT 10.0; Win64; x64) AppleWebKit/537.36 (KHTML, like Gecko) Chrome/88.0.4324.150 Safari/537.36"
93.83.102.34 - - [17/Feb/2021:13:48:39 +0100] "GET /loadthumbnail.php?id=11967858&width=113 HTTP/1.1" 200 1835 "http://renault.activities.at/10201442?dir=DESC&mode=grid&order=name&limit=15&page=21" "Mozilla/5.0 (Windows NT 10.0; Win64; x64) AppleWebKit/537.36 (KHTML, like Gecko) Chrome/88.0.4324.150 Safari/537.36"
93.83.102.34 - - [17/Feb/2021:13:48:39 +0100] "GET /loadthumbnail.php?id=11304834&width=113 HTTP/1.1" 200 1055 "http://renault.activities.at/10201442?dir=DESC&mode=grid&order=name&limit=15&page=21" "Mozilla/5.0 (Windows NT 10.0; Win64; x64) AppleWebKit/537.36 (KHTML, like Gecko) Chrome/88.0.4324.150 Safari/537.36"
93.83.102.34 - - [17/Feb/2021:13:48:39 +0100] "GET /loadthumbnail.php?id=12029410&width=113 HTTP/1.1" 200 3108 "http://renault.activities.at/10201442?dir=DESC&mode=grid&order=name&limit=15&page=21" "Mozilla/5.0 (Windows NT 10.0; Win64; x64) AppleWebKit/537.36 (KHTML, like Gecko) Chrome/88.0.4324.150 Safari/537.36"
93.83.102.34 - - [17/Feb/2021:13:48:39 +0100] "GET /loadthumbnail.php?id=11340120&width=113 HTTP/1.1" 200 2962 "http://renault.activities.at/10201442?dir=DESC&mode=grid&order=name&limit=15&page=21" "Mozilla/5.0 (Windows NT 10.0; Win64; x64) AppleWebKit/537.36 (KHTML, like Gecko) Chrome/88.0.4324.150 Safari/537.36"
93.83.102.34 - - [17/Feb/2021:13:48:39 +0100] "GET /loadthumbnail.php?id=12230577&width=113 HTTP/1.1" 200 1374 "http://renault.activities.at/10201442?dir=DESC&mode=grid&order=name&limit=15&page=21" "Mozilla/5.0 (Windows NT 10.0; Win64; x64) AppleWebKit/537.36 (KHTML, like Gecko) Chrome/88.0.4324.150 Safari/537.36"
93.83.102.34 - - [17/Feb/2021:13:48:39 +0100] "GET /loadthumbnail.php?id=12029411&width=113 HTTP/1.1" 200 3687 "http://renault.activities.at/10201442?dir=DESC&mode=grid&order=name&limit=15&page=21" "Mozilla/5.0 (Windows NT 10.0; Win64; x64) AppleWebKit/537.36 (KHTML, like Gecko) Chrome/88.0.4324.150 Safari/537.36"
93.83.102.34 - - [17/Feb/2021:13:48:40 +0100] "GET /loadthumbnail.php?id=12010045&width=113 HTTP/1.1" 200 22094 "http://renault.activities.at/10201442?dir=DESC&mode=grid&order=name&limit=15&page=21" "Mozilla/5.0 (Windows NT 10.0; Win64; x64) AppleWebKit/537.36 (KHTML, like Gecko) Chrome/88.0.4324.150 Safari/537.36"
93.83.102.34 - - [17/Feb/2021:13:48:40 +0100] "GET /loadthumbnail.php?id=12025504&width=113 HTTP/1.1" 200 19297 "http://renault.activities.at/10201442?dir=DESC&mode=grid&order=name&limit=15&page=21" "Mozilla/5.0 (Windows NT 10.0; Win64; x64) AppleWebKit/537.36 (KHTML, like Gecko) Chrome/88.0.4324.150 Safari/537.36"
93.83.102.34 - - [17/Feb/2021:13:48:40 +0100] "GET /loadthumbnail.php?id=11249797&width=113 HTTP/1.1" 200 2985 "http://renault.activities.at/10201442?dir=DESC&mode=grid&order=name&limit=15&page=21" "Mozilla/5.0 (Windows NT 10.0; Win64; x64) AppleWebKit/537.36 (KHTML, like Gecko) Chrome/88.0.4324.150 Safari/537.36"
93.83.102.34 - - [17/Feb/2021:13:48:40 +0100] "GET /loadthumbnail.php?id=11249798&width=113 HTTP/1.1" 200 2985 "http://renault.activities.at/10201442?dir=DESC&mode=grid&order=name&limit=15&page=21" "Mozilla/5.0 (Windows NT 10.0; Win64; x64) AppleWebKit/537.36 (KHTML, like Gecko) Chrome/88.0.4324.150 Safari/537.36"
93.83.102.34 - - [17/Feb/2021:13:48:40 +0100] "GET /loadthumbnail.php?id=11730459&width=113 HTTP/1.1" 200 4795 "http://renault.activities.at/10201442?dir=DESC&mode=grid&order=name&limit=15&page=21" "Mozilla/5.0 (Windows NT 10.0; Win64; x64) AppleWebKit/537.36 (KHTML, like Gecko) Chrome/88.0.4324.150 Safari/537.36"
93.83.102.34 - - [17/Feb/2021:13:48:40 +0100] "GET /loadthumbnail.php?id=10413489&width=113 HTTP/1.1" 200 3213 "http://renault.activities.at/10201442?dir=DESC&mode=grid&order=name&limit=15&page=21" "Mozilla/5.0 (Windows NT 10.0; Win64; x64) AppleWebKit/537.36 (KHTML, like Gecko) Chrome/88.0.4324.150 Safari/537.36"
213.147.166.10 - - [17/Feb/2021:13:48:40 +0100] "GET /reload?ser=1613566120090 HTTP/1.1" 200 28 "http://renault.activities.at/cart" "Mozilla/5.0 (Windows NT 10.0; WOW64; Trident/7.0; rv:11.0) like Gecko"
138.21.12.22 - - [17/Feb/2021:13:48:46 +0100] "GET /reload?ser=1613566125768 HTTP/1.1" 200 28 "http://renault.2web.at/result?searchterm=true&search=kleber43" "Mozilla/5.0 (Windows NT 10.0; Win64; x64) AppleWebKit/537.36 (KHTML, like Gecko) Chrome/88.0.4324.150 Safari/537.36"
93.83.102.34 - - [17/Feb/2021:13:49:11 +0100] "GET /10201442?dir=DESC&mode=grid&order=name&limit=15&page=22 HTTP/1.1" 200 9456 "http://renault.activities.at/10201442?dir=DESC&mode=grid&order=name&limit=15&page=21" "Mozilla/5.0 (Windows NT 10.0; Win64; x64) AppleWebKit/537.36 (KHTML, like Gecko) Chrome/88.0.4324.150 Safari/537.36"
93.83.102.34 - - [17/Feb/2021:13:49:14 +0100] "GET /loadthumbnail.php?id=12328148&width=113 HTTP/1.1" 200 3311 "http://renault.activities.at/10201442?dir=DESC&mode=grid&order=name&limit=15&page=22" "Mozilla/5.0 (Windows NT 10.0; Win64; x64) AppleWebKit/537.36 (KHTML, like Gecko) Chrome/88.0.4324.150 Safari/537.36"
93.83.102.34 - - [17/Feb/2021:13:49:14 +0100] "GET /loadthumbnail.php?id=11730248&width=113 HTTP/1.1" 200 4910 "http://renault.activities.at/10201442?dir=DESC&mode=grid&order=name&limit=15&page=22" "Mozilla/5.0 (Windows NT 10.0; Win64; x64) AppleWebKit/537.36 (KHTML, like Gecko) Chrome/88.0.4324.150 Safari/537.36"
93.83.102.34 - - [17/Feb/2021:13:49:14 +0100] "GET /loadthumbnail.php?id=12333924&width=113 HTTP/1.1" 200 3071 "http://renault.activities.at/10201442?dir=DESC&mode=grid&order=name&limit=15&page=22" "Mozilla/5.0 (Windows NT 10.0; Win64; x64) AppleWebKit/537.36 (KHTML, like Gecko) Chrome/88.0.4324.150 Safari/537.36"
93.83.102.34 - - [17/Feb/2021:13:49:14 +0100] "GET /loadthumbnail.php?id=11228566&width=113 HTTP/1.1" 200 4033 "http://renault.activities.at/10201442?dir=DESC&mode=grid&order=name&limit=15&page=22" "Mozilla/5.0 (Windows NT 10.0; Win64; x64) AppleWebKit/537.36 (KHTML, like Gecko) Chrome/88.0.4324.150 Safari/537.36"
93.83.102.34 - - [17/Feb/2021:13:49:14 +0100] "GET /loadthumbnail.php?id=12297782&width=113 HTTP/1.1" 200 32707 "http://renault.activities.at/10201442?dir=DESC&mode=grid&order=name&limit=15&page=22" "Mozilla/5.0 (Windows NT 10.0; Win64; x64) AppleWebKit/537.36 (KHTML, like Gecko) Chrome/88.0.4324.150 Safari/537.36"
93.83.102.34 - - [17/Feb/2021:13:49:14 +0100] "GET /loadthumbnail.php?id=12367878&width=113 HTTP/1.1" 200 3019 "http://renault.activities.at/10201442?dir=DESC&mode=grid&order=name&limit=15&page=22" "Mozilla/5.0 (Windows NT 10.0; Win64; x64) AppleWebKit/537.36 (KHTML, like Gecko) Chrome/88.0.4324.150 Safari/537.36"
93.83.102.34 - - [17/Feb/2021:13:49:15 +0100] "GET /loadthumbnail.php?id=12022094&width=113 HTTP/1.1" 200 3553 "http://renault.activities.at/10201442?dir=DESC&mode=grid&order=name&limit=15&page=22" "Mozilla/5.0 (Windows NT 10.0; Win64; x64) AppleWebKit/537.36 (KHTML, like Gecko) Chrome/88.0.4324.150 Safari/537.36"
93.83.102.34 - - [17/Feb/2021:13:49:15 +0100] "GET /loadthumbnail.php?id=11500398&width=113 HTTP/1.1" 200 21704 "http://renault.activities.at/10201442?dir=DESC&mode=grid&order=name&limit=15&page=22" "Mozilla/5.0 (Windows NT 10.0; Win64; x64) AppleWebKit/537.36 (KHTML, like Gecko) Chrome/88.0.4324.150 Safari/537.36"
93.83.102.34 - - [17/Feb/2021:13:49:15 +0100] "GET /loadthumbnail.php?id=11500416&width=113 HTTP/1.1" 200 21073 "http://renault.activities.at/10201442?dir=DESC&mode=grid&order=name&limit=15&page=22" "Mozilla/5.0 (Windows NT 10.0; Win64; x64) AppleWebKit/537.36 (KHTML, like Gecko) Chrome/88.0.4324.150 Safari/537.36"
93.83.102.34 - - [17/Feb/2021:13:49:15 +0100] "GET /loadthumbnail.php?id=12239245&width=113 HTTP/1.1" 200 3605 "http://renault.activities.at/10201442?dir=DESC&mode=grid&order=name&limit=15&page=22" "Mozilla/5.0 (Windows NT 10.0; Win64; x64) AppleWebKit/537.36 (KHTML, like Gecko) Chrome/88.0.4324.150 Safari/537.36"
93.83.102.34 - - [17/Feb/2021:13:49:15 +0100] "GET /loadthumbnail.php?id=12334033&width=113 HTTP/1.1" 200 3232 "http://renault.activities.at/10201442?dir=DESC&mode=grid&order=name&limit=15&page=22" "Mozilla/5.0 (Windows NT 10.0; Win64; x64) AppleWebKit/537.36 (KHTML, like Gecko) Chrome/88.0.4324.150 Safari/537.36"
93.83.102.34 - - [17/Feb/2021:13:49:15 +0100] "GET /loadthumbnail.php?id=12333903&width=113 HTTP/1.1" 200 3025 "http://renault.activities.at/10201442?dir=DESC&mode=grid&order=name&limit=15&page=22" "Mozilla/5.0 (Windows NT 10.0; Win64; x64) AppleWebKit/537.36 (KHTML, like Gecko) Chrome/88.0.4324.150 Safari/537.36"
93.83.102.34 - - [17/Feb/2021:13:49:15 +0100] "GET /loadthumbnail.php?id=12176987&width=113 HTTP/1.1" 200 3020 "http://renault.activities.at/10201442?dir=DESC&mode=grid&order=name&limit=15&page=22" "Mozilla/5.0 (Windows NT 10.0; Win64; x64) AppleWebKit/537.36 (KHTML, like Gecko) Chrome/88.0.4324.150 Safari/537.36"
93.83.102.34 - - [17/Feb/2021:13:49:15 +0100] "GET /loadthumbnail.php?id=12176983&width=113 HTTP/1.1" 200 2917 "http://renault.activities.at/10201442?dir=DESC&mode=grid&order=name&limit=15&page=22" "Mozilla/5.0 (Windows NT 10.0; Win64; x64) AppleWebKit/537.36 (KHTML, like Gecko) Chrome/88.0.4324.150 Safari/537.36"
185.58.53.32 - - [17/Feb/2021:13:49:24 +0100] "GET /reload?ser=1613566164031 HTTP/1.1" 200 28 "http://renault.activities.at/" "Mozilla/5.0 (Windows NT 10.0; Win64; x64) AppleWebKit/537.36 (KHTML, like Gecko) Chrome/88.0.4324.150 Safari/537.36"
93.83.102.34 - - [17/Feb/2021:13:49:24 +0100] "GET /10201442?dir=DESC&mode=grid&order=name&limit=15&page=23 HTTP/1.1" 200 9293 "http://renault.activities.at/10201442?dir=DESC&mode=grid&order=name&limit=15&page=22" "Mozilla/5.0 (Windows NT 10.0; Win64; x64) AppleWebKit/537.36 (KHTML, like Gecko) Chrome/88.0.4324.150 Safari/537.36"
93.83.102.34 - - [17/Feb/2021:13:49:27 +0100] "GET /loadthumbnail.php?id=12176979&width=113 HTTP/1.1" 200 2612 "http://renault.activities.at/10201442?dir=DESC&mode=grid&order=name&limit=15&page=23" "Mozilla/5.0 (Windows NT 10.0; Win64; x64) AppleWebKit/537.36 (KHTML, like Gecko) Chrome/88.0.4324.150 Safari/537.36"
93.83.102.34 - - [17/Feb/2021:13:49:27 +0100] "GET /loadthumbnail.php?id=12333892&width=113 HTTP/1.1" 200 3396 "http://renault.activities.at/10201442?dir=DESC&mode=grid&order=name&limit=15&page=23" "Mozilla/5.0 (Windows NT 10.0; Win64; x64) AppleWebKit/537.36 (KHTML, like Gecko) Chrome/88.0.4324.150 Safari/537.36"
93.83.102.34 - - [17/Feb/2021:13:49:27 +0100] "GET /loadthumbnail.php?id=12333882&width=113 HTTP/1.1" 200 2749 "http://renault.activities.at/10201442?dir=DESC&mode=grid&order=name&limit=15&page=23" "Mozilla/5.0 (Windows NT 10.0; Win64; x64) AppleWebKit/537.36 (KHTML, like Gecko) Chrome/88.0.4324.150 Safari/537.36"
93.83.102.34 - - [17/Feb/2021:13:49:27 +0100] "GET /loadthumbnail.php?id=12266125&width=113 HTTP/1.1" 200 2955 "http://renault.activities.at/10201442?dir=DESC&mode=grid&order=name&limit=15&page=23" "Mozilla/5.0 (Windows NT 10.0; Win64; x64) AppleWebKit/537.36 (KHTML, like Gecko) Chrome/88.0.4324.150 Safari/537.36"
93.83.102.34 - - [17/Feb/2021:13:49:27 +0100] "GET /loadthumbnail.php?id=12237266&width=113 HTTP/1.1" 200 3139 "http://renault.activities.at/10201442?dir=DESC&mode=grid&order=name&limit=15&page=23" "Mozilla/5.0 (Windows NT 10.0; Win64; x64) AppleWebKit/537.36 (KHTML, like Gecko) Chrome/88.0.4324.150 Safari/537.36"
93.83.102.34 - - [17/Feb/2021:13:49:27 +0100] "GET /loadthumbnail.php?id=12334029&width=113 HTTP/1.1" 200 3526 "http://renault.activities.at/10201442?dir=DESC&mode=grid&order=name&limit=15&page=23" "Mozilla/5.0 (Windows NT 10.0; Win64; x64) AppleWebKit/537.36 (KHTML, like Gecko) Chrome/88.0.4324.150 Safari/537.36"
93.83.102.34 - - [17/Feb/2021:13:49:27 +0100] "GET /loadthumbnail.php?id=12333948&width=113 HTTP/1.1" 200 3218 "http://renault.activities.at/10201442?dir=DESC&mode=grid&order=name&limit=15&page=23" "Mozilla/5.0 (Windows NT 10.0; Win64; x64) AppleWebKit/537.36 (KHTML, like Gecko) Chrome/88.0.4324.150 Safari/537.36"
93.83.102.34 - - [17/Feb/2021:13:49:27 +0100] "GET /loadthumbnail.php?id=12033055&width=113 HTTP/1.1" 200 3147 "http://renault.activities.at/10201442?dir=DESC&mode=grid&order=name&limit=15&page=23" "Mozilla/5.0 (Windows NT 10.0; Win64; x64) AppleWebKit/537.36 (KHTML, like Gecko) Chrome/88.0.4324.150 Safari/537.36"
93.83.102.34 - - [17/Feb/2021:13:49:28 +0100] "GET /loadthumbnail.php?id=11031880&width=113 HTTP/1.1" 200 39263 "http://renault.activities.at/10201442?dir=DESC&mode=grid&order=name&limit=15&page=23" "Mozilla/5.0 (Windows NT 10.0; Win64; x64) AppleWebKit/537.36 (KHTML, like Gecko) Chrome/88.0.4324.150 Safari/537.36"
213.147.166.10 - - [17/Feb/2021:13:49:40 +0100] "GET /reload?ser=1613566180762 HTTP/1.1" 200 28 "http://renault.activities.at/cart" "Mozilla/5.0 (Windows NT 10.0; WOW64; Trident/7.0; rv:11.0) like Gecko"
93.83.102.34 - - [17/Feb/2021:13:49:41 +0100] "GET /10201442?dir=DESC&mode=grid&order=name&limit=15&page=24 HTTP/1.1" 200 9369 "http://renault.activities.at/10201442?dir=DESC&mode=grid&order=name&limit=15&page=23" "Mozilla/5.0 (Windows NT 10.0; Win64; x64) AppleWebKit/537.36 (KHTML, like Gecko) Chrome/88.0.4324.150 Safari/537.36"
93.83.102.34 - - [17/Feb/2021:13:49:44 +0100] "GET /loadthumbnail.php?id=11319983&width=113 HTTP/1.1" 200 38992 "http://renault.activities.at/10201442?dir=DESC&mode=grid&order=name&limit=15&page=24" "Mozilla/5.0 (Windows NT 10.0; Win64; x64) AppleWebKit/537.36 (KHTML, like Gecko) Chrome/88.0.4324.150 Safari/537.36"
93.83.102.34 - - [17/Feb/2021:13:49:44 +0100] "GET /loadthumbnail.php?id=12034916&width=113 HTTP/1.1" 200 5915 "http://renault.activities.at/10201442?dir=DESC&mode=grid&order=name&limit=15&page=24" "Mozilla/5.0 (Windows NT 10.0; Win64; x64) AppleWebKit/537.36 (KHTML, like Gecko) Chrome/88.0.4324.150 Safari/537.36"
93.83.102.34 - - [17/Feb/2021:13:49:44 +0100] "GET /loadthumbnail.php?id=11798477&width=113 HTTP/1.1" 200 3326 "http://renault.activities.at/10201442?dir=DESC&mode=grid&order=name&limit=15&page=24" "Mozilla/5.0 (Windows NT 10.0; Win64; x64) AppleWebKit/537.36 (KHTML, like Gecko) Chrome/88.0.4324.150 Safari/537.36"
93.83.102.34 - - [17/Feb/2021:13:49:44 +0100] "GET /loadthumbnail.php?id=12234958&width=113 HTTP/1.1" 200 2519 "http://renault.activities.at/10201442?dir=DESC&mode=grid&order=name&limit=15&page=24" "Mozilla/5.0 (Windows NT 10.0; Win64; x64) AppleWebKit/537.36 (KHTML, like Gecko) Chrome/88.0.4324.150 Safari/537.36"
93.83.102.34 - - [17/Feb/2021:13:49:44 +0100] "GET /loadthumbnail.php?id=11895725&width=113 HTTP/1.1" 200 2960 "http://renault.activities.at/10201442?dir=DESC&mode=grid&order=name&limit=15&page=24" "Mozilla/5.0 (Windows NT 10.0; Win64; x64) AppleWebKit/537.36 (KHTML, like Gecko) Chrome/88.0.4324.150 Safari/537.36"
93.83.102.34 - - [17/Feb/2021:13:49:44 +0100] "GET /loadthumbnail.php?id=12367879&width=113 HTTP/1.1" 200 3151 "http://renault.activities.at/10201442?dir=DESC&mode=grid&order=name&limit=15&page=24" "Mozilla/5.0 (Windows NT 10.0; Win64; x64) AppleWebKit/537.36 (KHTML, like Gecko) Chrome/88.0.4324.150 Safari/537.36"
93.83.102.34 - - [17/Feb/2021:13:49:45 +0100] "GET /loadthumbnail.php?id=12237274&width=113 HTTP/1.1" 200 2703 "http://renault.activities.at/10201442?dir=DESC&mode=grid&order=name&limit=15&page=24" "Mozilla/5.0 (Windows NT 10.0; Win64; x64) AppleWebKit/537.36 (KHTML, like Gecko) Chrome/88.0.4324.150 Safari/537.36"
93.83.102.34 - - [17/Feb/2021:13:49:45 +0100] "GET /loadthumbnail.php?id=12234960&width=113 HTTP/1.1" 200 3148 "http://renault.activities.at/10201442?dir=DESC&mode=grid&order=name&limit=15&page=24" "Mozilla/5.0 (Windows NT 10.0; Win64; x64) AppleWebKit/537.36 (KHTML, like Gecko) Chrome/88.0.4324.150 Safari/537.36"
93.83.102.34 - - [17/Feb/2021:13:49:45 +0100] "GET /loadthumbnail.php?id=11693093&width=113 HTTP/1.1" 200 6219 "http://renault.activities.at/10201442?dir=DESC&mode=grid&order=name&limit=15&page=24" "Mozilla/5.0 (Windows NT 10.0; Win64; x64) AppleWebKit/537.36 (KHTML, like Gecko) Chrome/88.0.4324.150 Safari/537.36"
93.83.102.34 - - [17/Feb/2021:13:49:45 +0100] "GET /loadthumbnail.php?id=10970934&width=113 HTTP/1.1" 200 4103 "http://renault.activities.at/10201442?dir=DESC&mode=grid&order=name&limit=15&page=24" "Mozilla/5.0 (Windows NT 10.0; Win64; x64) AppleWebKit/537.36 (KHTML, like Gecko) Chrome/88.0.4324.150 Safari/537.36"
138.21.12.22 - - [17/Feb/2021:13:49:48 +0100] "GET /reload?ser=1613566187766 HTTP/1.1" 200 28 "http://renault.2web.at/result?searchterm=true&search=kleber43" "Mozilla/5.0 (Windows NT 10.0; Win64; x64) AppleWebKit/537.36 (KHTML, like Gecko) Chrome/88.0.4324.150 Safari/537.36"
93.83.102.34 - - [17/Feb/2021:13:50:03 +0100] "GET /10201442?dir=DESC&mode=grid&order=name&limit=15&page=25 HTTP/1.1" 200 9148 "http://renault.activities.at/10201442?dir=DESC&mode=grid&order=name&limit=15&page=24" "Mozilla/5.0 (Windows NT 10.0; Win64; x64) AppleWebKit/537.36 (KHTML, like Gecko) Chrome/88.0.4324.150 Safari/537.36"
93.83.102.34 - - [17/Feb/2021:13:50:06 +0100] "GET /loadthumbnail.php?id=11164747&width=113 HTTP/1.1" 200 26121 "http://renault.activities.at/10201442?dir=DESC&mode=grid&order=name&limit=15&page=25" "Mozilla/5.0 (Windows NT 10.0; Win64; x64) AppleWebKit/537.36 (KHTML, like Gecko) Chrome/88.0.4324.150 Safari/537.36"
93.83.102.34 - - [17/Feb/2021:13:50:06 +0100] "GET /loadthumbnail.php?id=11319961&width=113 HTTP/1.1" 200 27077 "http://renault.activities.at/10201442?dir=DESC&mode=grid&order=name&limit=15&page=25" "Mozilla/5.0 (Windows NT 10.0; Win64; x64) AppleWebKit/537.36 (KHTML, like Gecko) Chrome/88.0.4324.150 Safari/537.36"
93.83.102.34 - - [17/Feb/2021:13:50:06 +0100] "GET /loadthumbnail.php?id=12139706&width=113 HTTP/1.1" 200 28671 "http://renault.activities.at/10201442?dir=DESC&mode=grid&order=name&limit=15&page=25" "Mozilla/5.0 (Windows NT 10.0; Win64; x64) AppleWebKit/537.36 (KHTML, like Gecko) Chrome/88.0.4324.150 Safari/537.36"
93.83.102.34 - - [17/Feb/2021:13:50:06 +0100] "GET /loadthumbnail.php?id=11577924&width=113 HTTP/1.1" 200 28282 "http://renault.activities.at/10201442?dir=DESC&mode=grid&order=name&limit=15&page=25" "Mozilla/5.0 (Windows NT 10.0; Win64; x64) AppleWebKit/537.36 (KHTML, like Gecko) Chrome/88.0.4324.150 Safari/537.36"
93.83.102.34 - - [17/Feb/2021:13:50:06 +0100] "GET /loadthumbnail.php?id=10970931&width=113 HTTP/1.1" 200 6246 "http://renault.activities.at/10201442?dir=DESC&mode=grid&order=name&limit=15&page=25" "Mozilla/5.0 (Windows NT 10.0; Win64; x64) AppleWebKit/537.36 (KHTML, like Gecko) Chrome/88.0.4324.150 Safari/537.36"
93.83.102.34 - - [17/Feb/2021:13:50:14 +0100] "GET /10201442?dir=DESC&mode=grid&order=name&limit=15&page=26 HTTP/1.1" 200 9507 "http://renault.activities.at/10201442?dir=DESC&mode=grid&order=name&limit=15&page=25" "Mozilla/5.0 (Windows NT 10.0; Win64; x64) AppleWebKit/537.36 (KHTML, like Gecko) Chrome/88.0.4324.150 Safari/537.36"
93.83.102.34 - - [17/Feb/2021:13:50:17 +0100] "GET /loadthumbnail.php?id=11124852&width=113 HTTP/1.1" 200 8535 "http://renault.activities.at/10201442?dir=DESC&mode=grid&order=name&limit=15&page=26" "Mozilla/5.0 (Windows NT 10.0; Win64; x64) AppleWebKit/537.36 (KHTML, like Gecko) Chrome/88.0.4324.150 Safari/537.36"
93.83.102.34 - - [17/Feb/2021:13:50:17 +0100] "GET /loadthumbnail.php?id=11078141&width=113 HTTP/1.1" 200 8866 "http://renault.activities.at/10201442?dir=DESC&mode=grid&order=name&limit=15&page=26" "Mozilla/5.0 (Windows NT 10.0; Win64; x64) AppleWebKit/537.36 (KHTML, like Gecko) Chrome/88.0.4324.150 Safari/537.36"
93.83.102.34 - - [17/Feb/2021:13:50:17 +0100] "GET /loadthumbnail.php?id=11304858&width=113 HTTP/1.1" 200 1289 "http://renault.activities.at/10201442?dir=DESC&mode=grid&order=name&limit=15&page=26" "Mozilla/5.0 (Windows NT 10.0; Win64; x64) AppleWebKit/537.36 (KHTML, like Gecko) Chrome/88.0.4324.150 Safari/537.36"
93.83.102.34 - - [17/Feb/2021:13:50:17 +0100] "GET /loadthumbnail.php?id=10729892&width=113 HTTP/1.1" 200 4176 "http://renault.activities.at/10201442?dir=DESC&mode=grid&order=name&limit=15&page=26" "Mozilla/5.0 (Windows NT 10.0; Win64; x64) AppleWebKit/537.36 (KHTML, like Gecko) Chrome/88.0.4324.150 Safari/537.36"
93.83.102.34 - - [17/Feb/2021:13:50:17 +0100] "GET /loadthumbnail.php?id=11089820&width=113 HTTP/1.1" 200 2212 "http://renault.activities.at/10201442?dir=DESC&mode=grid&order=name&limit=15&page=26" "Mozilla/5.0 (Windows NT 10.0; Win64; x64) AppleWebKit/537.36 (KHTML, like Gecko) Chrome/88.0.4324.150 Safari/537.36"
93.83.102.34 - - [17/Feb/2021:13:50:17 +0100] "GET /loadthumbnail.php?id=12010095&width=113 HTTP/1.1" 200 20832 "http://renault.activities.at/10201442?dir=DESC&mode=grid&order=name&limit=15&page=26" "Mozilla/5.0 (Windows NT 10.0; Win64; x64) AppleWebKit/537.36 (KHTML, like Gecko) Chrome/88.0.4324.150 Safari/537.36"
93.83.102.34 - - [17/Feb/2021:13:50:17 +0100] "GET /loadthumbnail.php?id=12364065&width=113 HTTP/1.1" 200 5991 "http://renault.activities.at/10201442?dir=DESC&mode=grid&order=name&limit=15&page=26" "Mozilla/5.0 (Windows NT 10.0; Win64; x64) AppleWebKit/537.36 (KHTML, like Gecko) Chrome/88.0.4324.150 Safari/537.36"
185.58.53.32 - - [17/Feb/2021:13:50:25 +0100] "GET /reload?ser=1613566225032 HTTP/1.1" 200 28 "http://renault.activities.at/" "Mozilla/5.0 (Windows NT 10.0; Win64; x64) AppleWebKit/537.36 (KHTML, like Gecko) Chrome/88.0.4324.150 Safari/537.36"
93.83.102.34 - - [17/Feb/2021:13:50:34 +0100] "GET /10201442?dir=DESC&mode=grid&order=name&limit=15&page=27 HTTP/1.1" 200 7384 "http://renault.activities.at/10201442?dir=DESC&mode=grid&order=name&limit=15&page=26" "Mozilla/5.0 (Windows NT 10.0; Win64; x64) AppleWebKit/537.36 (KHTML, like Gecko) Chrome/88.0.4324.150 Safari/537.36"
93.83.102.34 - - [17/Feb/2021:13:50:36 +0100] "GET /loadthumbnail.php?id=11170050&width=113 HTTP/1.1" 200 1819 "http://renault.activities.at/10201442?dir=DESC&mode=grid&order=name&limit=15&page=27" "Mozilla/5.0 (Windows NT 10.0; Win64; x64) AppleWebKit/537.36 (KHTML, like Gecko) Chrome/88.0.4324.150 Safari/537.36"
93.83.102.34 - - [17/Feb/2021:13:50:36 +0100] "GET /loadthumbnail.php?id=10848346&width=113 HTTP/1.1" 200 2340 "http://renault.activities.at/10201442?dir=DESC&mode=grid&order=name&limit=15&page=27" "Mozilla/5.0 (Windows NT 10.0; Win64; x64) AppleWebKit/537.36 (KHTML, like Gecko) Chrome/88.0.4324.150 Safari/537.36"
93.83.102.34 - - [17/Feb/2021:13:50:36 +0100] "GET /loadthumbnail.php?id=11831525&width=113 HTTP/1.1" 200 4126 "http://renault.activities.at/10201442?dir=DESC&mode=grid&order=name&limit=15&page=27" "Mozilla/5.0 (Windows NT 10.0; Win64; x64) AppleWebKit/537.36 (KHTML, like Gecko) Chrome/88.0.4324.150 Safari/537.36"
213.147.166.10 - - [17/Feb/2021:13:50:41 +0100] "GET /reload?ser=1613566241441 HTTP/1.1" 200 28 "http://renault.activities.at/cart" "Mozilla/5.0 (Windows NT 10.0; WOW64; Trident/7.0; rv:11.0) like Gecko"
93.83.102.34 - - [17/Feb/2021:13:50:43 +0100] "POST /axjaxrequest?mode=suggest HTTP/1.1" 200 149 "http://renault.activities.at/10201442?dir=DESC&mode=grid&order=name&limit=15&page=27" "Mozilla/5.0 (Windows NT 10.0; Win64; x64) AppleWebKit/537.36 (KHTML, like Gecko) Chrome/88.0.4324.150 Safari/537.36"
93.83.102.34 - - [17/Feb/2021:13:50:44 +0100] "GET /result?searchterm=true&search=captur HTTP/1.1" 200 8790 "http://renault.activities.at/10201442?dir=DESC&mode=grid&order=name&limit=15&page=27" "Mozilla/5.0 (Windows NT 10.0; Win64; x64) AppleWebKit/537.36 (KHTML, like Gecko) Chrome/88.0.4324.150 Safari/537.36"
93.83.102.34 - - [17/Feb/2021:13:50:44 +0100] "POST /axjaxrequest?mode=suggest HTTP/1.1" 200 111 "http://renault.activities.at/10201442?dir=DESC&mode=grid&order=name&limit=15&page=27" "Mozilla/5.0 (Windows NT 10.0; Win64; x64) AppleWebKit/537.36 (KHTML, like Gecko) Chrome/88.0.4324.150 Safari/537.36"
138.21.12.22 - - [17/Feb/2021:13:50:50 +0100] "GET /reload?ser=1613566249767 HTTP/1.1" 200 28 "http://renault.2web.at/result?searchterm=true&search=kleber43" "Mozilla/5.0 (Windows NT 10.0; Win64; x64) AppleWebKit/537.36 (KHTML, like Gecko) Chrome/88.0.4324.150 Safari/537.36"
13.66.139.123 - - [17/Feb/2021:13:50:58 +0100] "GET /10260003?cat=10260290 HTTP/1.1" 200 6237 "-" "Mozilla/5.0 (compatible; bingbot/2.0; +http://www.bing.com/bingbot.htm)"
93.83.102.34 - - [17/Feb/2021:13:51:01 +0100] "GET /result?dir=DESC&mode=grid&order=name&limit=15&page=2&search=captur HTTP/1.1" 200 7394 "http://renault.activities.at/result?searchterm=true&search=captur" "Mozilla/5.0 (Windows NT 10.0; Win64; x64) AppleWebKit/537.36 (KHTML, like Gecko) Chrome/88.0.4324.150 Safari/537.36"
13.66.139.123 - - [17/Feb/2021:13:51:02 +0100] "GET /10260003 HTTP/1.1" 200 6591 "-" "Mozilla/5.0 (compatible; bingbot/2.0; +http://www.bing.com/bingbot.htm)"
13.66.139.36 - - [17/Feb/2021:13:51:03 +0100] "GET /10227785?mode=list HTTP/1.1" 200 3583 "-" "Mozilla/5.0 (compatible; bingbot/2.0; +http://www.bing.com/bingbot.htm)"
13.66.139.36 - - [17/Feb/2021:13:51:06 +0100] "GET /10260003?cat=10260284 HTTP/1.1" 200 3784 "-" "Mozilla/5.0 (compatible; bingbot/2.0; +http://www.bing.com/bingbot.htm)"
13.66.139.36 - - [17/Feb/2021:13:51:08 +0100] "GET /10260004?mode=list&cat=10260301 HTTP/1.1" 200 5173 "-" "Mozilla/5.0 (compatible; bingbot/2.0; +http://www.bing.com/bingbot.htm)"
185.58.53.32 - - [17/Feb/2021:13:51:26 +0100] "GET /reload?ser=1613566286037 HTTP/1.1" 200 28 "http://renault.activities.at/" "Mozilla/5.0 (Windows NT 10.0; Win64; x64) AppleWebKit/537.36 (KHTML, like Gecko) Chrome/88.0.4324.150 Safari/537.36"
93.83.102.34 - - [17/Feb/2021:13:51:25 +0100] "GET /result?searchterm=true&search=poster HTTP/1.1" 200 8980 "http://renault.activities.at/result?dir=DESC&mode=grid&order=name&limit=15&page=2&search=captur" "Mozilla/5.0 (Windows NT 10.0; Win64; x64) AppleWebKit/537.36 (KHTML, like Gecko) Chrome/88.0.4324.150 Safari/537.36"
93.83.102.34 - - [17/Feb/2021:13:51:26 +0100] "POST /axjaxrequest?mode=suggest HTTP/1.1" 200 173 "http://renault.activities.at/result?dir=DESC&mode=grid&order=name&limit=15&page=2&search=captur" "Mozilla/5.0 (Windows NT 10.0; Win64; x64) AppleWebKit/537.36 (KHTML, like Gecko) Chrome/88.0.4324.150 Safari/537.36"
213.147.166.10 - - [17/Feb/2021:13:51:42 +0100] "GET /reload?ser=1613566302111 HTTP/1.1" 200 28 "http://renault.activities.at/cart" "Mozilla/5.0 (Windows NT 10.0; WOW64; Trident/7.0; rv:11.0) like Gecko"
93.83.102.34 - - [17/Feb/2021:13:51:44 +0100] "GET /result?dir=DESC&mode=grid&order=name&limit=15&page=2&search=poster HTTP/1.1" 200 8988 "http://renault.activities.at/result?searchterm=true&search=poster" "Mozilla/5.0 (Windows NT 10.0; Win64; x64) AppleWebKit/537.36 (KHTML, like Gecko) Chrome/88.0.4324.150 Safari/537.36"
138.21.12.22 - - [17/Feb/2021:13:51:52 +0100] "GET /reload?ser=1613566311767 HTTP/1.1" 200 28 "http://renault.2web.at/result?searchterm=true&search=kleber43" "Mozilla/5.0 (Windows NT 10.0; Win64; x64) AppleWebKit/537.36 (KHTML, like Gecko) Chrome/88.0.4324.150 Safari/537.36"
93.83.102.34 - - [17/Feb/2021:13:51:59 +0100] "GET /result?dir=DESC&mode=grid&order=name&limit=15&page=3&search=poster HTTP/1.1" 200 6474 "http://renault.activities.at/result?dir=DESC&mode=grid&order=name&limit=15&page=2&search=poster" "Mozilla/5.0 (Windows NT 10.0; Win64; x64) AppleWebKit/537.36 (KHTML, like Gecko) Chrome/88.0.4324.150 Safari/537.36"
93.83.102.34 - - [17/Feb/2021:13:52:06 +0100] "GET /result?searchterm=true&search=fabrik HTTP/1.1" 200 4960 "http://renault.activities.at/result?dir=DESC&mode=grid&order=name&limit=15&page=3&search=poster" "Mozilla/5.0 (Windows NT 10.0; Win64; x64) AppleWebKit/537.36 (KHTML, like Gecko) Chrome/88.0.4324.150 Safari/537.36"
93.83.102.34 - - [17/Feb/2021:13:52:06 +0100] "POST /axjaxrequest?mode=suggest HTTP/1.1" 200 21 "http://renault.activities.at/result?dir=DESC&mode=grid&order=name&limit=15&page=3&search=poster" "Mozilla/5.0 (Windows NT 10.0; Win64; x64) AppleWebKit/537.36 (KHTML, like Gecko) Chrome/88.0.4324.150 Safari/537.36"
93.83.102.34 - - [17/Feb/2021:13:52:23 +0100] "GET /10260260 HTTP/1.1" 200 9134 "http://renault.activities.at/result?searchterm=true&search=fabrik" "Mozilla/5.0 (Windows NT 10.0; Win64; x64) AppleWebKit/537.36 (KHTML, like Gecko) Chrome/88.0.4324.150 Safari/537.36"
185.58.53.32 - - [17/Feb/2021:13:52:27 +0100] "GET /reload?ser=1613566347036 HTTP/1.1" 200 28 "http://renault.activities.at/" "Mozilla/5.0 (Windows NT 10.0; Win64; x64) AppleWebKit/537.36 (KHTML, like Gecko) Chrome/88.0.4324.150 Safari/537.36"
213.147.166.10 - - [17/Feb/2021:13:52:42 +0100] "GET /reload?ser=1613566362785 HTTP/1.1" 200 28 "http://renault.activities.at/cart" "Mozilla/5.0 (Windows NT 10.0; WOW64; Trident/7.0; rv:11.0) like Gecko"
93.83.102.34 - - [17/Feb/2021:13:52:45 +0100] "GET /10260260?dir=DESC&mode=grid&order=name&limit=15&page=2 HTTP/1.1" 200 7326 "http://renault.activities.at/10260260" "Mozilla/5.0 (Windows NT 10.0; Win64; x64) AppleWebKit/537.36 (KHTML, like Gecko) Chrome/88.0.4324.150 Safari/537.36"
138.21.12.22 - - [17/Feb/2021:13:52:54 +0100] "GET /reload?ser=1613566373766 HTTP/1.1" 200 28 "http://renault.2web.at/result?searchterm=true&search=kleber43" "Mozilla/5.0 (Windows NT 10.0; Win64; x64) AppleWebKit/537.36 (KHTML, like Gecko) Chrome/88.0.4324.150 Safari/537.36"
93.83.102.34 - - [17/Feb/2021:13:52:59 +0100] "GET /10260271 HTTP/1.1" 200 6414 "http://renault.activities.at/10260260?dir=DESC&mode=grid&order=name&limit=15&page=2" "Mozilla/5.0 (Windows NT 10.0; Win64; x64) AppleWebKit/537.36 (KHTML, like Gecko) Chrome/88.0.4324.150 Safari/537.36"
185.58.53.32 - - [17/Feb/2021:13:53:28 +0100] "GET /reload?ser=1613566408027 HTTP/1.1" 200 28 "http://renault.activities.at/" "Mozilla/5.0 (Windows NT 10.0; Win64; x64) AppleWebKit/537.36 (KHTML, like Gecko) Chrome/88.0.4324.150 Safari/537.36"
213.147.166.10 - - [17/Feb/2021:13:53:43 +0100] "GET /reload?ser=1613566423451 HTTP/1.1" 200 28 "http://renault.activities.at/cart" "Mozilla/5.0 (Windows NT 10.0; WOW64; Trident/7.0; rv:11.0) like Gecko"
138.21.12.22 - - [17/Feb/2021:13:53:56 +0100] "GET /reload?ser=1613566435767 HTTP/1.1" 200 28 "http://renault.2web.at/result?searchterm=true&search=kleber43" "Mozilla/5.0 (Windows NT 10.0; Win64; x64) AppleWebKit/537.36 (KHTML, like Gecko) Chrome/88.0.4324.150 Safari/537.36"
93.83.102.34 - - [17/Feb/2021:13:54:01 +0100] "GET /reload?ser=1613566440947 HTTP/1.1" 200 28 "http://renault.activities.at/10260271" "Mozilla/5.0 (Windows NT 10.0; Win64; x64) AppleWebKit/537.36 (KHTML, like Gecko) Chrome/88.0.4324.150 Safari/537.36"
185.58.53.32 - - [17/Feb/2021:13:54:29 +0100] "GET /reload?ser=1613566469034 HTTP/1.1" 200 28 "http://renault.activities.at/" "Mozilla/5.0 (Windows NT 10.0; Win64; x64) AppleWebKit/537.36 (KHTML, like Gecko) Chrome/88.0.4324.150 Safari/537.36"
213.147.166.10 - - [17/Feb/2021:13:54:44 +0100] "GET /reload?ser=1613566484116 HTTP/1.1" 200 28 "http://renault.activities.at/cart" "Mozilla/5.0 (Windows NT 10.0; WOW64; Trident/7.0; rv:11.0) like Gecko"
138.21.12.22 - - [17/Feb/2021:13:54:58 +0100] "GET /reload?ser=1613566497769 HTTP/1.1" 200 28 "http://renault.2web.at/result?searchterm=true&search=kleber43" "Mozilla/5.0 (Windows NT 10.0; Win64; x64) AppleWebKit/537.36 (KHTML, like Gecko) Chrome/88.0.4324.150 Safari/537.36"
93.83.102.34 - - [17/Feb/2021:13:55:02 +0100] "GET /reload?ser=1613566501917 HTTP/1.1" 200 28 "http://renault.activities.at/10260271" "Mozilla/5.0 (Windows NT 10.0; Win64; x64) AppleWebKit/537.36 (KHTML, like Gecko) Chrome/88.0.4324.150 Safari/537.36"
185.58.53.32 - - [17/Feb/2021:13:55:30 +0100] "GET /reload?ser=1613566530029 HTTP/1.1" 200 28 "http://renault.activities.at/" "Mozilla/5.0 (Windows NT 10.0; Win64; x64) AppleWebKit/537.36 (KHTML, like Gecko) Chrome/88.0.4324.150 Safari/537.36"
213.147.166.10 - - [17/Feb/2021:13:55:44 +0100] "GET /reload?ser=1613566544809 HTTP/1.1" 200 28 "http://renault.activities.at/cart" "Mozilla/5.0 (Windows NT 10.0; WOW64; Trident/7.0; rv:11.0) like Gecko"
138.21.12.22 - - [17/Feb/2021:13:56:00 +0100] "GET /reload?ser=1613566559776 HTTP/1.1" 200 28 "http://renault.2web.at/result?searchterm=true&search=kleber43" "Mozilla/5.0 (Windows NT 10.0; Win64; x64) AppleWebKit/537.36 (KHTML, like Gecko) Chrome/88.0.4324.150 Safari/537.36"
93.83.102.34 - - [17/Feb/2021:13:56:03 +0100] "GET /reload?ser=1613566562878 HTTP/1.1" 200 28 "http://renault.activities.at/10260271" "Mozilla/5.0 (Windows NT 10.0; Win64; x64) AppleWebKit/537.36 (KHTML, like Gecko) Chrome/88.0.4324.150 Safari/537.36"
185.58.53.32 - - [17/Feb/2021:13:56:31 +0100] "GET /reload?ser=1613566591029 HTTP/1.1" 200 28 "http://renault.activities.at/" "Mozilla/5.0 (Windows NT 10.0; Win64; x64) AppleWebKit/537.36 (KHTML, like Gecko) Chrome/88.0.4324.150 Safari/537.36"
213.147.166.10 - - [17/Feb/2021:13:56:45 +0100] "GET /reload?ser=1613566605482 HTTP/1.1" 200 28 "http://renault.activities.at/cart" "Mozilla/5.0 (Windows NT 10.0; WOW64; Trident/7.0; rv:11.0) like Gecko"
138.21.12.22 - - [17/Feb/2021:13:57:02 +0100] "GET /reload?ser=1613566621784 HTTP/1.1" 200 28 "http://renault.2web.at/result?searchterm=true&search=kleber43" "Mozilla/5.0 (Windows NT 10.0; Win64; x64) AppleWebKit/537.36 (KHTML, like Gecko) Chrome/88.0.4324.150 Safari/537.36"
93.83.102.34 - - [17/Feb/2021:13:57:04 +0100] "GET /reload?ser=1613566623850 HTTP/1.1" 200 28 "http://renault.activities.at/10260271" "Mozilla/5.0 (Windows NT 10.0; Win64; x64) AppleWebKit/537.36 (KHTML, like Gecko) Chrome/88.0.4324.150 Safari/537.36"
185.58.53.32 - - [17/Feb/2021:13:57:32 +0100] "GET /reload?ser=1613566652035 HTTP/1.1" 200 28 "http://renault.activities.at/" "Mozilla/5.0 (Windows NT 10.0; Win64; x64) AppleWebKit/537.36 (KHTML, like Gecko) Chrome/88.0.4324.150 Safari/537.36"
213.147.166.10 - - [17/Feb/2021:13:57:46 +0100] "GET /reload?ser=1613566666153 HTTP/1.1" 200 28 "http://renault.activities.at/cart" "Mozilla/5.0 (Windows NT 10.0; WOW64; Trident/7.0; rv:11.0) like Gecko"
138.21.12.22 - - [17/Feb/2021:13:58:04 +0100] "GET /reload?ser=1613566683792 HTTP/1.1" 200 28 "http://renault.2web.at/result?searchterm=true&search=kleber43" "Mozilla/5.0 (Windows NT 10.0; Win64; x64) AppleWebKit/537.36 (KHTML, like Gecko) Chrome/88.0.4324.150 Safari/537.36"
93.83.102.34 - - [17/Feb/2021:13:58:05 +0100] "GET /reload?ser=1613566684804 HTTP/1.1" 200 28 "http://renault.activities.at/10260271" "Mozilla/5.0 (Windows NT 10.0; Win64; x64) AppleWebKit/537.36 (KHTML, like Gecko) Chrome/88.0.4324.150 Safari/537.36"
185.58.53.32 - - [17/Feb/2021:13:58:33 +0100] "GET /reload?ser=1613566713031 HTTP/1.1" 200 28 "http://renault.activities.at/" "Mozilla/5.0 (Windows NT 10.0; Win64; x64) AppleWebKit/537.36 (KHTML, like Gecko) Chrome/88.0.4324.150 Safari/537.36"
213.147.166.10 - - [17/Feb/2021:13:58:46 +0100] "GET /reload?ser=1613566726846 HTTP/1.1" 200 28 "http://renault.activities.at/cart" "Mozilla/5.0 (Windows NT 10.0; WOW64; Trident/7.0; rv:11.0) like Gecko"
138.21.12.22 - - [17/Feb/2021:13:59:06 +0100] "GET /reload?ser=1613566745799 HTTP/1.1" 200 28 "http://renault.2web.at/result?searchterm=true&search=kleber43" "Mozilla/5.0 (Windows NT 10.0; Win64; x64) AppleWebKit/537.36 (KHTML, like Gecko) Chrome/88.0.4324.150 Safari/537.36"
93.83.102.34 - - [17/Feb/2021:13:59:06 +0100] "GET /reload?ser=1613566745752 HTTP/1.1" 200 28 "http://renault.activities.at/10260271" "Mozilla/5.0 (Windows NT 10.0; Win64; x64) AppleWebKit/537.36 (KHTML, like Gecko) Chrome/88.0.4324.150 Safari/537.36"
185.58.53.32 - - [17/Feb/2021:13:59:34 +0100] "GET /reload?ser=1613566774030 HTTP/1.1" 200 28 "http://renault.activities.at/" "Mozilla/5.0 (Windows NT 10.0; Win64; x64) AppleWebKit/537.36 (KHTML, like Gecko) Chrome/88.0.4324.150 Safari/537.36"
213.147.166.10 - - [17/Feb/2021:13:59:47 +0100] "GET /reload?ser=1613566787526 HTTP/1.1" 200 28 "http://renault.activities.at/cart" "Mozilla/5.0 (Windows NT 10.0; WOW64; Trident/7.0; rv:11.0) like Gecko"
93.83.102.34 - - [17/Feb/2021:14:00:07 +0100] "GET /reload?ser=1613566806725 HTTP/1.1" 200 28 "http://renault.activities.at/10260271" "Mozilla/5.0 (Windows NT 10.0; Win64; x64) AppleWebKit/537.36 (KHTML, like Gecko) Chrome/88.0.4324.150 Safari/537.36"
138.21.12.22 - - [17/Feb/2021:14:00:08 +0100] "GET /reload?ser=1613566807806 HTTP/1.1" 200 28 "http://renault.2web.at/result?searchterm=true&search=kleber43" "Mozilla/5.0 (Windows NT 10.0; Win64; x64) AppleWebKit/537.36 (KHTML, like Gecko) Chrome/88.0.4324.150 Safari/537.36"
185.58.53.32 - - [17/Feb/2021:14:00:35 +0100] "GET /reload?ser=1613566835032 HTTP/1.1" 200 28 "http://renault.activities.at/" "Mozilla/5.0 (Windows NT 10.0; Win64; x64) AppleWebKit/537.36 (KHTML, like Gecko) Chrome/88.0.4324.150 Safari/537.36"
213.147.166.10 - - [17/Feb/2021:14:00:48 +0100] "GET /reload?ser=1613566848188 HTTP/1.1" 200 28 "http://renault.activities.at/cart" "Mozilla/5.0 (Windows NT 10.0; WOW64; Trident/7.0; rv:11.0) like Gecko"
93.83.102.34 - - [17/Feb/2021:14:01:08 +0100] "GET /reload?ser=1613566867698 HTTP/1.1" 200 28 "http://renault.activities.at/10260271" "Mozilla/5.0 (Windows NT 10.0; Win64; x64) AppleWebKit/537.36 (KHTML, like Gecko) Chrome/88.0.4324.150 Safari/537.36"
138.21.12.22 - - [17/Feb/2021:14:01:10 +0100] "GET /reload?ser=1613566869814 HTTP/1.1" 200 28 "http://renault.2web.at/result?searchterm=true&search=kleber43" "Mozilla/5.0 (Windows NT 10.0; Win64; x64) AppleWebKit/537.36 (KHTML, like Gecko) Chrome/88.0.4324.150 Safari/537.36"
185.58.53.32 - - [17/Feb/2021:14:01:36 +0100] "GET /reload?ser=1613566896034 HTTP/1.1" 200 28 "http://renault.activities.at/" "Mozilla/5.0 (Windows NT 10.0; Win64; x64) AppleWebKit/537.36 (KHTML, like Gecko) Chrome/88.0.4324.150 Safari/537.36"
213.147.166.10 - - [17/Feb/2021:14:01:48 +0100] "GET /reload?ser=1613566908862 HTTP/1.1" 200 28 "http://renault.activities.at/cart" "Mozilla/5.0 (Windows NT 10.0; WOW64; Trident/7.0; rv:11.0) like Gecko"
93.83.102.34 - - [17/Feb/2021:14:02:09 +0100] "GET /reload?ser=1613566928672 HTTP/1.1" 200 28 "http://renault.activities.at/10260271" "Mozilla/5.0 (Windows NT 10.0; Win64; x64) AppleWebKit/537.36 (KHTML, like Gecko) Chrome/88.0.4324.150 Safari/537.36"
138.21.12.22 - - [17/Feb/2021:14:02:12 +0100] "GET /reload?ser=1613566931817 HTTP/1.1" 200 28 "http://renault.2web.at/result?searchterm=true&search=kleber43" "Mozilla/5.0 (Windows NT 10.0; Win64; x64) AppleWebKit/537.36 (KHTML, like Gecko) Chrome/88.0.4324.150 Safari/537.36"
185.58.53.32 - - [17/Feb/2021:14:02:37 +0100] "GET /reload?ser=1613566957037 HTTP/1.1" 200 28 "http://renault.activities.at/" "Mozilla/5.0 (Windows NT 10.0; Win64; x64) AppleWebKit/537.36 (KHTML, like Gecko) Chrome/88.0.4324.150 Safari/537.36"
213.147.166.10 - - [17/Feb/2021:14:02:49 +0100] "GET /reload?ser=1613566969535 HTTP/1.1" 200 28 "http://renault.activities.at/cart" "Mozilla/5.0 (Windows NT 10.0; WOW64; Trident/7.0; rv:11.0) like Gecko"
93.83.102.34 - - [17/Feb/2021:14:03:10 +0100] "GET /reload?ser=1613566989625 HTTP/1.1" 200 28 "http://renault.activities.at/10260271" "Mozilla/5.0 (Windows NT 10.0; Win64; x64) AppleWebKit/537.36 (KHTML, like Gecko) Chrome/88.0.4324.150 Safari/537.36"
138.21.12.22 - - [17/Feb/2021:14:03:14 +0100] "GET /reload?ser=1613566993824 HTTP/1.1" 200 28 "http://renault.2web.at/result?searchterm=true&search=kleber43" "Mozilla/5.0 (Windows NT 10.0; Win64; x64) AppleWebKit/537.36 (KHTML, like Gecko) Chrome/88.0.4324.150 Safari/537.36"
185.58.53.32 - - [17/Feb/2021:14:03:38 +0100] "GET /reload?ser=1613567018039 HTTP/1.1" 200 28 "http://renault.activities.at/" "Mozilla/5.0 (Windows NT 10.0; Win64; x64) AppleWebKit/537.36 (KHTML, like Gecko) Chrome/88.0.4324.150 Safari/537.36"
213.147.166.10 - - [17/Feb/2021:14:03:50 +0100] "GET /reload?ser=1613567030200 HTTP/1.1" 200 28 "http://renault.activities.at/cart" "Mozilla/5.0 (Windows NT 10.0; WOW64; Trident/7.0; rv:11.0) like Gecko"
93.83.102.34 - - [17/Feb/2021:14:04:11 +0100] "GET /reload?ser=1613567050608 HTTP/1.1" 200 28 "http://renault.activities.at/10260271" "Mozilla/5.0 (Windows NT 10.0; Win64; x64) AppleWebKit/537.36 (KHTML, like Gecko) Chrome/88.0.4324.150 Safari/537.36"
185.58.53.32 - - [17/Feb/2021:14:04:39 +0100] "GET /reload?ser=1613567079036 HTTP/1.1" 200 28 "http://renault.activities.at/" "Mozilla/5.0 (Windows NT 10.0; Win64; x64) AppleWebKit/537.36 (KHTML, like Gecko) Chrome/88.0.4324.150 Safari/537.36"
213.147.166.10 - - [17/Feb/2021:14:04:50 +0100] "GET /reload?ser=1613567090858 HTTP/1.1" 200 28 "http://renault.activities.at/cart" "Mozilla/5.0 (Windows NT 10.0; WOW64; Trident/7.0; rv:11.0) like Gecko"
93.83.102.34 - - [17/Feb/2021:14:04:56 +0100] "GET /10260266 HTTP/1.1" 200 5199 "http://renault.activities.at/10260271" "Mozilla/5.0 (Windows NT 10.0; Win64; x64) AppleWebKit/537.36 (KHTML, like Gecko) Chrome/88.0.4324.150 Safari/537.36"
93.83.102.34 - - [17/Feb/2021:14:05:02 +0100] "GET /cart HTTP/1.1" 200 5542 "http://renault.activities.at/10260266" "Mozilla/5.0 (Windows NT 10.0; Win64; x64) AppleWebKit/537.36 (KHTML, like Gecko) Chrome/88.0.4324.150 Safari/537.36"
93.83.102.34 - - [17/Feb/2021:14:05:05 +0100] "GET /loadthumbnail.php?id=12237270&width=100 HTTP/1.1" 200 2400 "http://renault.activities.at/cart" "Mozilla/5.0 (Windows NT 10.0; Win64; x64) AppleWebKit/537.36 (KHTML, like Gecko) Chrome/88.0.4324.150 Safari/537.36"
93.83.102.34 - - [17/Feb/2021:14:05:05 +0100] "GET /loadthumbnail.php?id=10232009&width=16&height=16 HTTP/1.1" 200 700 "http://renault.activities.at/cart" "Mozilla/5.0 (Windows NT 10.0; Win64; x64) AppleWebKit/537.36 (KHTML, like Gecko) Chrome/88.0.4324.150 Safari/537.36"
93.83.102.34 - - [17/Feb/2021:14:05:05 +0100] "GET /loadthumbnail.php?id=11181172&width=100 HTTP/1.1" 200 1394 "http://renault.activities.at/cart" "Mozilla/5.0 (Windows NT 10.0; Win64; x64) AppleWebKit/537.36 (KHTML, like Gecko) Chrome/88.0.4324.150 Safari/537.36"
93.83.102.34 - - [17/Feb/2021:14:05:05 +0100] "GET /loadthumbnail.php?id=12341634&width=100 HTTP/1.1" 200 2715 "http://renault.activities.at/cart" "Mozilla/5.0 (Windows NT 10.0; Win64; x64) AppleWebKit/537.36 (KHTML, like Gecko) Chrome/88.0.4324.150 Safari/537.36"
93.83.102.34 - - [17/Feb/2021:14:05:05 +0100] "GET /loadthumbnail.php?id=12255326&width=100 HTTP/1.1" 200 1932 "http://renault.activities.at/cart" "Mozilla/5.0 (Windows NT 10.0; Win64; x64) AppleWebKit/537.36 (KHTML, like Gecko) Chrome/88.0.4324.150 Safari/537.36"
93.83.102.34 - - [17/Feb/2021:14:05:16 +0100] "GET /checkout HTTP/1.1" 200 10242 "http://renault.activities.at/cart" "Mozilla/5.0 (Windows NT 10.0; Win64; x64) AppleWebKit/537.36 (KHTML, like Gecko) Chrome/88.0.4324.150 Safari/537.36"
93.83.102.34 - - [17/Feb/2021:14:05:20 +0100] "GET /loadthumbnail.php?id=10202698 HTTP/1.1" 200 16686 "http://renault.activities.at/checkout" "Mozilla/5.0 (Windows NT 10.0; Win64; x64) AppleWebKit/537.36 (KHTML, like Gecko) Chrome/88.0.4324.150 Safari/537.36"
93.83.102.34 - - [17/Feb/2021:14:05:20 +0100] "GET /loadthumbnail.php?id=10201939 HTTP/1.1" 200 201 "http://renault.activities.at/checkout" "Mozilla/5.0 (Windows NT 10.0; Win64; x64) AppleWebKit/537.36 (KHTML, like Gecko) Chrome/88.0.4324.150 Safari/537.36"
93.83.102.34 - - [17/Feb/2021:14:05:25 +0100] "POST /docheckout HTTP/1.1" 200 433 "http://renault.activities.at/checkout" "Mozilla/5.0 (Windows NT 10.0; Win64; x64) AppleWebKit/537.36 (KHTML, like Gecko) Chrome/88.0.4324.150 Safari/537.36"
93.83.102.34 - - [17/Feb/2021:14:05:29 +0100] "POST /docheckout HTTP/1.1" 200 795 "http://renault.activities.at/checkout" "Mozilla/5.0 (Windows NT 10.0; Win64; x64) AppleWebKit/537.36 (KHTML, like Gecko) Chrome/88.0.4324.150 Safari/537.36"
185.58.53.32 - - [17/Feb/2021:14:05:40 +0100] "GET /reload?ser=1613567140041 HTTP/1.1" 200 28 "http://renault.activities.at/" "Mozilla/5.0 (Windows NT 10.0; Win64; x64) AppleWebKit/537.36 (KHTML, like Gecko) Chrome/88.0.4324.150 Safari/537.36"
213.147.166.10 - - [17/Feb/2021:14:05:51 +0100] "GET /reload?ser=1613567151539 HTTP/1.1" 200 28 "http://renault.activities.at/cart" "Mozilla/5.0 (Windows NT 10.0; WOW64; Trident/7.0; rv:11.0) like Gecko"
93.83.102.34 - - [17/Feb/2021:14:06:20 +0100] "GET /reload?ser=1613567180282 HTTP/1.1" 200 28 "http://renault.activities.at/checkout" "Mozilla/5.0 (Windows NT 10.0; Win64; x64) AppleWebKit/537.36 (KHTML, like Gecko) Chrome/88.0.4324.150 Safari/537.36"
185.58.53.32 - - [17/Feb/2021:14:06:41 +0100] "GET /reload?ser=1613567201030 HTTP/1.1" 200 28 "http://renault.activities.at/" "Mozilla/5.0 (Windows NT 10.0; Win64; x64) AppleWebKit/537.36 (KHTML, like Gecko) Chrome/88.0.4324.150 Safari/537.36"
213.147.166.10 - - [17/Feb/2021:14:06:52 +0100] "GET /reload?ser=1613567212200 HTTP/1.1" 200 28 "http://renault.activities.at/cart" "Mozilla/5.0 (Windows NT 10.0; WOW64; Trident/7.0; rv:11.0) like Gecko"
93.83.102.34 - - [17/Feb/2021:14:07:21 +0100] "GET /reload?ser=1613567241280 HTTP/1.1" 200 28 "http://renault.activities.at/checkout" "Mozilla/5.0 (Windows NT 10.0; Win64; x64) AppleWebKit/537.36 (KHTML, like Gecko) Chrome/88.0.4324.150 Safari/537.36"
185.58.53.32 - - [17/Feb/2021:14:07:42 +0100] "GET /reload?ser=1613567262041 HTTP/1.1" 200 28 "http://renault.activities.at/" "Mozilla/5.0 (Windows NT 10.0; Win64; x64) AppleWebKit/537.36 (KHTML, like Gecko) Chrome/88.0.4324.150 Safari/537.36"
213.147.166.10 - - [17/Feb/2021:14:07:52 +0100] "GET /reload?ser=1613567272875 HTTP/1.1" 200 28 "http://renault.activities.at/cart" "Mozilla/5.0 (Windows NT 10.0; WOW64; Trident/7.0; rv:11.0) like Gecko"
