194.24.159.94 - - [22/Feb/2021:11:45:35 +0100] "GET /reload?ser=1613990735156 HTTP/1.1" 200 28 "http://renault.activities.at/10201442?dir=DESC&mode=grid&order=name&limit=15&page=19" "Mozilla/5.0 (Windows NT 10.0; WOW64; Trident/7.0; rv:11.0) like Gecko"
80.122.53.230 - - [22/Feb/2021:11:45:52 +0100] "GET /reload?ser=1613990752548 HTTP/1.1" 200 28 "http://renault.activities.at/result?searchterm=true&search=schild" "Mozilla/5.0 (Windows NT 10.0; Win64; x64) AppleWebKit/537.36 (KHTML, like Gecko) Chrome/88.0.4324.182 Safari/537.36"
80.122.221.194 - - [22/Feb/2021:11:45:58 +0100] "GET /reload?ser=1613990759000 HTTP/1.1" 200 28 "http://renault.activities.at/success" "Mozilla/5.0 (Windows NT 10.0; Win64; x64) AppleWebKit/537.36 (KHTML, like Gecko) Chrome/88.0.4324.150 Safari/537.36 Edg/88.0.705.63"
138.21.12.25 - - [22/Feb/2021:11:46:12 +0100] "GET /reload?ser=1613990771641 HTTP/1.1" 200 28 "http://renault.2web.at/account" "Mozilla/5.0 (Windows NT 10.0; Win64; x64) AppleWebKit/537.36 (KHTML, like Gecko) Chrome/88.0.4324.182 Safari/537.36"
194.24.159.94 - - [22/Feb/2021:11:46:36 +0100] "GET /reload?ser=1613990796079 HTTP/1.1" 200 28 "http://renault.activities.at/10201442?dir=DESC&mode=grid&order=name&limit=15&page=19" "Mozilla/5.0 (Windows NT 10.0; WOW64; Trident/7.0; rv:11.0) like Gecko"
80.122.53.230 - - [22/Feb/2021:11:46:53 +0100] "GET /reload?ser=1613990813545 HTTP/1.1" 200 28 "http://renault.activities.at/result?searchterm=true&search=schild" "Mozilla/5.0 (Windows NT 10.0; Win64; x64) AppleWebKit/537.36 (KHTML, like Gecko) Chrome/88.0.4324.182 Safari/537.36"
80.122.221.194 - - [22/Feb/2021:11:46:59 +0100] "GET /reload?ser=1613990819997 HTTP/1.1" 200 28 "http://renault.activities.at/success" "Mozilla/5.0 (Windows NT 10.0; Win64; x64) AppleWebKit/537.36 (KHTML, like Gecko) Chrome/88.0.4324.150 Safari/537.36 Edg/88.0.705.63"
138.21.12.25 - - [22/Feb/2021:11:47:14 +0100] "GET /reload?ser=1613990833642 HTTP/1.1" 200 28 "http://renault.2web.at/account" "Mozilla/5.0 (Windows NT 10.0; Win64; x64) AppleWebKit/537.36 (KHTML, like Gecko) Chrome/88.0.4324.182 Safari/537.36"
194.24.159.94 - - [22/Feb/2021:11:47:37 +0100] "GET /reload?ser=1613990857029 HTTP/1.1" 200 28 "http://renault.activities.at/10201442?dir=DESC&mode=grid&order=name&limit=15&page=19" "Mozilla/5.0 (Windows NT 10.0; WOW64; Trident/7.0; rv:11.0) like Gecko"
80.122.53.230 - - [22/Feb/2021:11:47:54 +0100] "GET /reload?ser=1613990874546 HTTP/1.1" 200 28 "http://renault.activities.at/result?searchterm=true&search=schild" "Mozilla/5.0 (Windows NT 10.0; Win64; x64) AppleWebKit/537.36 (KHTML, like Gecko) Chrome/88.0.4324.182 Safari/537.36"
80.122.221.194 - - [22/Feb/2021:11:48:00 +0100] "GET /reload?ser=1613990881001 HTTP/1.1" 200 28 "http://renault.activities.at/success" "Mozilla/5.0 (Windows NT 10.0; Win64; x64) AppleWebKit/537.36 (KHTML, like Gecko) Chrome/88.0.4324.150 Safari/537.36 Edg/88.0.705.63"
138.21.12.25 - - [22/Feb/2021:11:48:16 +0100] "GET /reload?ser=1613990895651 HTTP/1.1" 200 28 "http://renault.2web.at/account" "Mozilla/5.0 (Windows NT 10.0; Win64; x64) AppleWebKit/537.36 (KHTML, like Gecko) Chrome/88.0.4324.182 Safari/537.36"
194.24.159.94 - - [22/Feb/2021:11:48:38 +0100] "GET /reload?ser=1613990917998 HTTP/1.1" 200 28 "http://renault.activities.at/10201442?dir=DESC&mode=grid&order=name&limit=15&page=19" "Mozilla/5.0 (Windows NT 10.0; WOW64; Trident/7.0; rv:11.0) like Gecko"
80.122.53.230 - - [22/Feb/2021:11:48:55 +0100] "GET /reload?ser=1613990935546 HTTP/1.1" 200 28 "http://renault.activities.at/result?searchterm=true&search=schild" "Mozilla/5.0 (Windows NT 10.0; Win64; x64) AppleWebKit/537.36 (KHTML, like Gecko) Chrome/88.0.4324.182 Safari/537.36"
80.122.221.194 - - [22/Feb/2021:11:49:01 +0100] "GET /reload?ser=1613990942000 HTTP/1.1" 200 28 "http://renault.activities.at/success" "Mozilla/5.0 (Windows NT 10.0; Win64; x64) AppleWebKit/537.36 (KHTML, like Gecko) Chrome/88.0.4324.150 Safari/537.36 Edg/88.0.705.63"
138.21.12.25 - - [22/Feb/2021:11:49:18 +0100] "GET /reload?ser=1613990957647 HTTP/1.1" 200 28 "http://renault.2web.at/account" "Mozilla/5.0 (Windows NT 10.0; Win64; x64) AppleWebKit/537.36 (KHTML, like Gecko) Chrome/88.0.4324.182 Safari/537.36"
194.24.159.94 - - [22/Feb/2021:11:49:39 +0100] "GET /reload?ser=1613990978927 HTTP/1.1" 200 28 "http://renault.activities.at/10201442?dir=DESC&mode=grid&order=name&limit=15&page=19" "Mozilla/5.0 (Windows NT 10.0; WOW64; Trident/7.0; rv:11.0) like Gecko"
80.122.53.230 - - [22/Feb/2021:11:49:56 +0100] "GET /reload?ser=1613990996546 HTTP/1.1" 200 28 "http://renault.activities.at/result?searchterm=true&search=schild" "Mozilla/5.0 (Windows NT 10.0; Win64; x64) AppleWebKit/537.36 (KHTML, like Gecko) Chrome/88.0.4324.182 Safari/537.36"
80.122.221.194 - - [22/Feb/2021:11:50:02 +0100] "GET /reload?ser=1613991003002 HTTP/1.1" 200 28 "http://renault.activities.at/success" "Mozilla/5.0 (Windows NT 10.0; Win64; x64) AppleWebKit/537.36 (KHTML, like Gecko) Chrome/88.0.4324.150 Safari/537.36 Edg/88.0.705.63"
138.21.12.25 - - [22/Feb/2021:11:50:20 +0100] "GET /reload?ser=1613991019649 HTTP/1.1" 200 28 "http://renault.2web.at/account" "Mozilla/5.0 (Windows NT 10.0; Win64; x64) AppleWebKit/537.36 (KHTML, like Gecko) Chrome/88.0.4324.182 Safari/537.36"
194.24.159.94 - - [22/Feb/2021:11:50:40 +0100] "GET /reload?ser=1613991039916 HTTP/1.1" 200 28 "http://renault.activities.at/10201442?dir=DESC&mode=grid&order=name&limit=15&page=19" "Mozilla/5.0 (Windows NT 10.0; WOW64; Trident/7.0; rv:11.0) like Gecko"
80.122.53.230 - - [22/Feb/2021:11:50:57 +0100] "GET /reload?ser=1613991057555 HTTP/1.1" 200 28 "http://renault.activities.at/result?searchterm=true&search=schild" "Mozilla/5.0 (Windows NT 10.0; Win64; x64) AppleWebKit/537.36 (KHTML, like Gecko) Chrome/88.0.4324.182 Safari/537.36"
80.122.221.194 - - [22/Feb/2021:11:51:03 +0100] "GET /reload?ser=1613991063995 HTTP/1.1" 200 28 "http://renault.activities.at/success" "Mozilla/5.0 (Windows NT 10.0; Win64; x64) AppleWebKit/537.36 (KHTML, like Gecko) Chrome/88.0.4324.150 Safari/537.36 Edg/88.0.705.63"
138.21.12.25 - - [22/Feb/2021:11:51:22 +0100] "GET /reload?ser=1613991081651 HTTP/1.1" 200 28 "http://renault.2web.at/account" "Mozilla/5.0 (Windows NT 10.0; Win64; x64) AppleWebKit/537.36 (KHTML, like Gecko) Chrome/88.0.4324.182 Safari/537.36"
194.24.159.94 - - [22/Feb/2021:11:51:41 +0100] "GET /reload?ser=1613991100886 HTTP/1.1" 200 28 "http://renault.activities.at/10201442?dir=DESC&mode=grid&order=name&limit=15&page=19" "Mozilla/5.0 (Windows NT 10.0; WOW64; Trident/7.0; rv:11.0) like Gecko"
80.122.53.230 - - [22/Feb/2021:11:51:58 +0100] "GET /reload?ser=1613991118544 HTTP/1.1" 200 28 "http://renault.activities.at/result?searchterm=true&search=schild" "Mozilla/5.0 (Windows NT 10.0; Win64; x64) AppleWebKit/537.36 (KHTML, like Gecko) Chrome/88.0.4324.182 Safari/537.36"
80.122.221.194 - - [22/Feb/2021:11:52:04 +0100] "GET /reload?ser=1613991124990 HTTP/1.1" 200 28 "http://renault.activities.at/success" "Mozilla/5.0 (Windows NT 10.0; Win64; x64) AppleWebKit/537.36 (KHTML, like Gecko) Chrome/88.0.4324.150 Safari/537.36 Edg/88.0.705.63"
138.21.12.25 - - [22/Feb/2021:11:52:24 +0100] "GET /reload?ser=1613991143653 HTTP/1.1" 200 28 "http://renault.2web.at/account" "Mozilla/5.0 (Windows NT 10.0; Win64; x64) AppleWebKit/537.36 (KHTML, like Gecko) Chrome/88.0.4324.182 Safari/537.36"
194.24.159.94 - - [22/Feb/2021:11:52:41 +0100] "GET /reload?ser=1613991161846 HTTP/1.1" 200 28 "http://renault.activities.at/10201442?dir=DESC&mode=grid&order=name&limit=15&page=19" "Mozilla/5.0 (Windows NT 10.0; WOW64; Trident/7.0; rv:11.0) like Gecko"
80.122.53.230 - - [22/Feb/2021:11:52:59 +0100] "GET /reload?ser=1613991179552 HTTP/1.1" 200 28 "http://renault.activities.at/result?searchterm=true&search=schild" "Mozilla/5.0 (Windows NT 10.0; Win64; x64) AppleWebKit/537.36 (KHTML, like Gecko) Chrome/88.0.4324.182 Safari/537.36"
80.122.221.194 - - [22/Feb/2021:11:53:05 +0100] "GET /reload?ser=1613991185992 HTTP/1.1" 200 28 "http://renault.activities.at/success" "Mozilla/5.0 (Windows NT 10.0; Win64; x64) AppleWebKit/537.36 (KHTML, like Gecko) Chrome/88.0.4324.150 Safari/537.36 Edg/88.0.705.63"
138.21.12.25 - - [22/Feb/2021:11:53:26 +0100] "GET /reload?ser=1613991205655 HTTP/1.1" 200 28 "http://renault.2web.at/account" "Mozilla/5.0 (Windows NT 10.0; Win64; x64) AppleWebKit/537.36 (KHTML, like Gecko) Chrome/88.0.4324.182 Safari/537.36"
194.24.159.94 - - [22/Feb/2021:11:53:42 +0100] "GET /reload?ser=1613991222836 HTTP/1.1" 200 28 "http://renault.activities.at/10201442?dir=DESC&mode=grid&order=name&limit=15&page=19" "Mozilla/5.0 (Windows NT 10.0; WOW64; Trident/7.0; rv:11.0) like Gecko"
80.122.53.230 - - [22/Feb/2021:11:54:00 +0100] "GET /reload?ser=1613991240559 HTTP/1.1" 200 28 "http://renault.activities.at/result?searchterm=true&search=schild" "Mozilla/5.0 (Windows NT 10.0; Win64; x64) AppleWebKit/537.36 (KHTML, like Gecko) Chrome/88.0.4324.182 Safari/537.36"
80.122.221.194 - - [22/Feb/2021:11:54:06 +0100] "GET /reload?ser=1613991247001 HTTP/1.1" 200 28 "http://renault.activities.at/success" "Mozilla/5.0 (Windows NT 10.0; Win64; x64) AppleWebKit/537.36 (KHTML, like Gecko) Chrome/88.0.4324.150 Safari/537.36 Edg/88.0.705.63"
138.21.12.25 - - [22/Feb/2021:11:54:28 +0100] "GET /reload?ser=1613991267658 HTTP/1.1" 200 28 "http://renault.2web.at/account" "Mozilla/5.0 (Windows NT 10.0; Win64; x64) AppleWebKit/537.36 (KHTML, like Gecko) Chrome/88.0.4324.182 Safari/537.36"
194.24.159.94 - - [22/Feb/2021:11:54:43 +0100] "GET /reload?ser=1613991283795 HTTP/1.1" 200 28 "http://renault.activities.at/10201442?dir=DESC&mode=grid&order=name&limit=15&page=19" "Mozilla/5.0 (Windows NT 10.0; WOW64; Trident/7.0; rv:11.0) like Gecko"
80.122.53.230 - - [22/Feb/2021:11:55:01 +0100] "GET /reload?ser=1613991301557 HTTP/1.1" 200 28 "http://renault.activities.at/result?searchterm=true&search=schild" "Mozilla/5.0 (Windows NT 10.0; Win64; x64) AppleWebKit/537.36 (KHTML, like Gecko) Chrome/88.0.4324.182 Safari/537.36"
80.122.221.194 - - [22/Feb/2021:11:55:07 +0100] "GET /reload?ser=1613991308000 HTTP/1.1" 200 28 "http://renault.activities.at/success" "Mozilla/5.0 (Windows NT 10.0; Win64; x64) AppleWebKit/537.36 (KHTML, like Gecko) Chrome/88.0.4324.150 Safari/537.36 Edg/88.0.705.63"
138.21.12.25 - - [22/Feb/2021:11:55:30 +0100] "GET /reload?ser=1613991329660 HTTP/1.1" 200 28 "http://renault.2web.at/account" "Mozilla/5.0 (Windows NT 10.0; Win64; x64) AppleWebKit/537.36 (KHTML, like Gecko) Chrome/88.0.4324.182 Safari/537.36"
194.24.159.94 - - [22/Feb/2021:11:55:44 +0100] "GET /reload?ser=1613991344736 HTTP/1.1" 200 28 "http://renault.activities.at/10201442?dir=DESC&mode=grid&order=name&limit=15&page=19" "Mozilla/5.0 (Windows NT 10.0; WOW64; Trident/7.0; rv:11.0) like Gecko"
80.122.53.230 - - [22/Feb/2021:11:56:02 +0100] "GET /reload?ser=1613991362546 HTTP/1.1" 200 28 "http://renault.activities.at/result?searchterm=true&search=schild" "Mozilla/5.0 (Windows NT 10.0; Win64; x64) AppleWebKit/537.36 (KHTML, like Gecko) Chrome/88.0.4324.182 Safari/537.36"
80.122.221.194 - - [22/Feb/2021:11:56:08 +0100] "GET /reload?ser=1613991368992 HTTP/1.1" 200 28 "http://renault.activities.at/success" "Mozilla/5.0 (Windows NT 10.0; Win64; x64) AppleWebKit/537.36 (KHTML, like Gecko) Chrome/88.0.4324.150 Safari/537.36 Edg/88.0.705.63"
138.21.12.25 - - [22/Feb/2021:11:56:32 +0100] "GET /reload?ser=1613991391660 HTTP/1.1" 200 28 "http://renault.2web.at/account" "Mozilla/5.0 (Windows NT 10.0; Win64; x64) AppleWebKit/537.36 (KHTML, like Gecko) Chrome/88.0.4324.182 Safari/537.36"
194.24.159.94 - - [22/Feb/2021:11:56:45 +0100] "GET /reload?ser=1613991405725 HTTP/1.1" 200 28 "http://renault.activities.at/10201442?dir=DESC&mode=grid&order=name&limit=15&page=19" "Mozilla/5.0 (Windows NT 10.0; WOW64; Trident/7.0; rv:11.0) like Gecko"
80.122.53.230 - - [22/Feb/2021:11:57:03 +0100] "GET /reload?ser=1613991423551 HTTP/1.1" 200 28 "http://renault.activities.at/result?searchterm=true&search=schild" "Mozilla/5.0 (Windows NT 10.0; Win64; x64) AppleWebKit/537.36 (KHTML, like Gecko) Chrome/88.0.4324.182 Safari/537.36"
80.122.221.194 - - [22/Feb/2021:11:57:09 +0100] "GET /reload?ser=1613991430001 HTTP/1.1" 200 28 "http://renault.activities.at/success" "Mozilla/5.0 (Windows NT 10.0; Win64; x64) AppleWebKit/537.36 (KHTML, like Gecko) Chrome/88.0.4324.150 Safari/537.36 Edg/88.0.705.63"
138.21.12.25 - - [22/Feb/2021:11:57:34 +0100] "GET /reload?ser=1613991453662 HTTP/1.1" 200 28 "http://renault.2web.at/account" "Mozilla/5.0 (Windows NT 10.0; Win64; x64) AppleWebKit/537.36 (KHTML, like Gecko) Chrome/88.0.4324.182 Safari/537.36"
194.24.159.94 - - [22/Feb/2021:11:57:46 +0100] "GET /reload?ser=1613991466666 HTTP/1.1" 200 28 "http://renault.activities.at/10201442?dir=DESC&mode=grid&order=name&limit=15&page=19" "Mozilla/5.0 (Windows NT 10.0; WOW64; Trident/7.0; rv:11.0) like Gecko"
80.122.53.230 - - [22/Feb/2021:11:58:04 +0100] "GET /reload?ser=1613991484556 HTTP/1.1" 200 28 "http://renault.activities.at/result?searchterm=true&search=schild" "Mozilla/5.0 (Windows NT 10.0; Win64; x64) AppleWebKit/537.36 (KHTML, like Gecko) Chrome/88.0.4324.182 Safari/537.36"
80.122.221.194 - - [22/Feb/2021:11:58:10 +0100] "GET /reload?ser=1613991490999 HTTP/1.1" 200 28 "http://renault.activities.at/success" "Mozilla/5.0 (Windows NT 10.0; Win64; x64) AppleWebKit/537.36 (KHTML, like Gecko) Chrome/88.0.4324.150 Safari/537.36 Edg/88.0.705.63"
138.21.12.25 - - [22/Feb/2021:11:58:36 +0100] "GET /reload?ser=1613991515664 HTTP/1.1" 200 28 "http://renault.2web.at/account" "Mozilla/5.0 (Windows NT 10.0; Win64; x64) AppleWebKit/537.36 (KHTML, like Gecko) Chrome/88.0.4324.182 Safari/537.36"
194.24.159.94 - - [22/Feb/2021:11:58:47 +0100] "GET /reload?ser=1613991527634 HTTP/1.1" 200 28 "http://renault.activities.at/10201442?dir=DESC&mode=grid&order=name&limit=15&page=19" "Mozilla/5.0 (Windows NT 10.0; WOW64; Trident/7.0; rv:11.0) like Gecko"
80.122.53.230 - - [22/Feb/2021:11:59:06 +0100] "GET /reload?ser=1613991546561 HTTP/1.1" 200 28 "http://renault.activities.at/result?searchterm=true&search=schild" "Mozilla/5.0 (Windows NT 10.0; Win64; x64) AppleWebKit/537.36 (KHTML, like Gecko) Chrome/88.0.4324.182 Safari/537.36"
80.122.221.194 - - [22/Feb/2021:11:59:11 +0100] "GET /reload?ser=1613991551996 HTTP/1.1" 200 28 "http://renault.activities.at/success" "Mozilla/5.0 (Windows NT 10.0; Win64; x64) AppleWebKit/537.36 (KHTML, like Gecko) Chrome/88.0.4324.150 Safari/537.36 Edg/88.0.705.63"
138.21.12.25 - - [22/Feb/2021:11:59:38 +0100] "GET /reload?ser=1613991577665 HTTP/1.1" 200 28 "http://renault.2web.at/account" "Mozilla/5.0 (Windows NT 10.0; Win64; x64) AppleWebKit/537.36 (KHTML, like Gecko) Chrome/88.0.4324.182 Safari/537.36"
194.24.159.94 - - [22/Feb/2021:11:59:48 +0100] "GET /reload?ser=1613991588604 HTTP/1.1" 200 28 "http://renault.activities.at/10201442?dir=DESC&mode=grid&order=name&limit=15&page=19" "Mozilla/5.0 (Windows NT 10.0; WOW64; Trident/7.0; rv:11.0) like Gecko"
80.122.53.230 - - [22/Feb/2021:12:00:07 +0100] "GET /reload?ser=1613991607553 HTTP/1.1" 200 28 "http://renault.activities.at/result?searchterm=true&search=schild" "Mozilla/5.0 (Windows NT 10.0; Win64; x64) AppleWebKit/537.36 (KHTML, like Gecko) Chrome/88.0.4324.182 Safari/537.36"
80.122.221.194 - - [22/Feb/2021:12:00:12 +0100] "GET /reload?ser=1613991612994 HTTP/1.1" 200 28 "http://renault.activities.at/success" "Mozilla/5.0 (Windows NT 10.0; Win64; x64) AppleWebKit/537.36 (KHTML, like Gecko) Chrome/88.0.4324.150 Safari/537.36 Edg/88.0.705.63"
138.21.12.25 - - [22/Feb/2021:12:00:40 +0100] "GET /reload?ser=1613991639667 HTTP/1.1" 200 28 "http://renault.2web.at/account" "Mozilla/5.0 (Windows NT 10.0; Win64; x64) AppleWebKit/537.36 (KHTML, like Gecko) Chrome/88.0.4324.182 Safari/537.36"
194.24.159.94 - - [22/Feb/2021:12:00:49 +0100] "GET /reload?ser=1613991649557 HTTP/1.1" 200 28 "http://renault.activities.at/10201442?dir=DESC&mode=grid&order=name&limit=15&page=19" "Mozilla/5.0 (Windows NT 10.0; WOW64; Trident/7.0; rv:11.0) like Gecko"
80.122.53.230 - - [22/Feb/2021:12:01:08 +0100] "GET /reload?ser=1613991668560 HTTP/1.1" 200 28 "http://renault.activities.at/result?searchterm=true&search=schild" "Mozilla/5.0 (Windows NT 10.0; Win64; x64) AppleWebKit/537.36 (KHTML, like Gecko) Chrome/88.0.4324.182 Safari/537.36"
80.122.221.194 - - [22/Feb/2021:12:01:13 +0100] "GET /reload?ser=1613991673986 HTTP/1.1" 200 28 "http://renault.activities.at/success" "Mozilla/5.0 (Windows NT 10.0; Win64; x64) AppleWebKit/537.36 (KHTML, like Gecko) Chrome/88.0.4324.150 Safari/537.36 Edg/88.0.705.63"
138.21.12.25 - - [22/Feb/2021:12:01:42 +0100] "GET /reload?ser=1613991701666 HTTP/1.1" 200 28 "http://renault.2web.at/account" "Mozilla/5.0 (Windows NT 10.0; Win64; x64) AppleWebKit/537.36 (KHTML, like Gecko) Chrome/88.0.4324.182 Safari/537.36"
194.24.159.94 - - [22/Feb/2021:12:01:50 +0100] "GET /reload?ser=1613991710534 HTTP/1.1" 200 28 "http://renault.activities.at/10201442?dir=DESC&mode=grid&order=name&limit=15&page=19" "Mozilla/5.0 (Windows NT 10.0; WOW64; Trident/7.0; rv:11.0) like Gecko"
80.122.53.230 - - [22/Feb/2021:12:02:09 +0100] "GET /reload?ser=1613991729558 HTTP/1.1" 200 28 "http://renault.activities.at/result?searchterm=true&search=schild" "Mozilla/5.0 (Windows NT 10.0; Win64; x64) AppleWebKit/537.36 (KHTML, like Gecko) Chrome/88.0.4324.182 Safari/537.36"
80.122.221.194 - - [22/Feb/2021:12:02:14 +0100] "GET /reload?ser=1613991734993 HTTP/1.1" 200 28 "http://renault.activities.at/success" "Mozilla/5.0 (Windows NT 10.0; Win64; x64) AppleWebKit/537.36 (KHTML, like Gecko) Chrome/88.0.4324.150 Safari/537.36 Edg/88.0.705.63"
138.21.12.25 - - [22/Feb/2021:12:02:44 +0100] "GET /reload?ser=1613991763668 HTTP/1.1" 200 28 "http://renault.2web.at/account" "Mozilla/5.0 (Windows NT 10.0; Win64; x64) AppleWebKit/537.36 (KHTML, like Gecko) Chrome/88.0.4324.182 Safari/537.36"
194.24.159.94 - - [22/Feb/2021:12:02:51 +0100] "GET /reload?ser=1613991771549 HTTP/1.1" 200 28 "http://renault.activities.at/10201442?dir=DESC&mode=grid&order=name&limit=15&page=19" "Mozilla/5.0 (Windows NT 10.0; WOW64; Trident/7.0; rv:11.0) like Gecko"
80.122.53.230 - - [22/Feb/2021:12:03:10 +0100] "GET /reload?ser=1613991790556 HTTP/1.1" 200 28 "http://renault.activities.at/result?searchterm=true&search=schild" "Mozilla/5.0 (Windows NT 10.0; Win64; x64) AppleWebKit/537.36 (KHTML, like Gecko) Chrome/88.0.4324.182 Safari/537.36"
80.122.221.194 - - [22/Feb/2021:12:03:15 +0100] "GET /reload?ser=1613991795985 HTTP/1.1" 200 28 "http://renault.activities.at/success" "Mozilla/5.0 (Windows NT 10.0; Win64; x64) AppleWebKit/537.36 (KHTML, like Gecko) Chrome/88.0.4324.150 Safari/537.36 Edg/88.0.705.63"
138.21.12.25 - - [22/Feb/2021:12:03:46 +0100] "GET /reload?ser=1613991825669 HTTP/1.1" 200 28 "http://renault.2web.at/account" "Mozilla/5.0 (Windows NT 10.0; Win64; x64) AppleWebKit/537.36 (KHTML, like Gecko) Chrome/88.0.4324.182 Safari/537.36"
194.24.159.94 - - [22/Feb/2021:12:03:52 +0100] "GET /reload?ser=1613991832532 HTTP/1.1" 200 28 "http://renault.activities.at/10201442?dir=DESC&mode=grid&order=name&limit=15&page=19" "Mozilla/5.0 (Windows NT 10.0; WOW64; Trident/7.0; rv:11.0) like Gecko"
40.77.167.52 - - [22/Feb/2021:12:03:57 +0100] "GET /10260003?dir=ASC&mode=list&order=name&limit=10&detail=10538263 HTTP/1.1" 200 3692 "-" "Mozilla/5.0 (compatible; bingbot/2.0; +http://www.bing.com/bingbot.htm)"
80.122.53.230 - - [22/Feb/2021:12:04:11 +0100] "GET /reload?ser=1613991851554 HTTP/1.1" 200 28 "http://renault.activities.at/result?searchterm=true&search=schild" "Mozilla/5.0 (Windows NT 10.0; Win64; x64) AppleWebKit/537.36 (KHTML, like Gecko) Chrome/88.0.4324.182 Safari/537.36"
80.122.221.194 - - [22/Feb/2021:12:04:16 +0100] "GET /reload?ser=1613991856994 HTTP/1.1" 200 28 "http://renault.activities.at/success" "Mozilla/5.0 (Windows NT 10.0; Win64; x64) AppleWebKit/537.36 (KHTML, like Gecko) Chrome/88.0.4324.150 Safari/537.36 Edg/88.0.705.63"
138.21.12.25 - - [22/Feb/2021:12:04:48 +0100] "GET /reload?ser=1613991887671 HTTP/1.1" 200 28 "http://renault.2web.at/account" "Mozilla/5.0 (Windows NT 10.0; Win64; x64) AppleWebKit/537.36 (KHTML, like Gecko) Chrome/88.0.4324.182 Safari/537.36"
194.24.159.94 - - [22/Feb/2021:12:04:53 +0100] "GET /reload?ser=1613991893513 HTTP/1.1" 200 28 "http://renault.activities.at/10201442?dir=DESC&mode=grid&order=name&limit=15&page=19" "Mozilla/5.0 (Windows NT 10.0; WOW64; Trident/7.0; rv:11.0) like Gecko"
80.122.53.230 - - [22/Feb/2021:12:05:12 +0100] "GET /reload?ser=1613991912560 HTTP/1.1" 200 28 "http://renault.activities.at/result?searchterm=true&search=schild" "Mozilla/5.0 (Windows NT 10.0; Win64; x64) AppleWebKit/537.36 (KHTML, like Gecko) Chrome/88.0.4324.182 Safari/537.36"
80.122.221.194 - - [22/Feb/2021:12:05:17 +0100] "GET /reload?ser=1613991917986 HTTP/1.1" 200 28 "http://renault.activities.at/success" "Mozilla/5.0 (Windows NT 10.0; Win64; x64) AppleWebKit/537.36 (KHTML, like Gecko) Chrome/88.0.4324.150 Safari/537.36 Edg/88.0.705.63"
138.21.12.25 - - [22/Feb/2021:12:05:50 +0100] "GET /reload?ser=1613991949673 HTTP/1.1" 200 28 "http://renault.2web.at/account" "Mozilla/5.0 (Windows NT 10.0; Win64; x64) AppleWebKit/537.36 (KHTML, like Gecko) Chrome/88.0.4324.182 Safari/537.36"
194.24.159.94 - - [22/Feb/2021:12:05:54 +0100] "GET /reload?ser=1613991954482 HTTP/1.1" 200 28 "http://renault.activities.at/10201442?dir=DESC&mode=grid&order=name&limit=15&page=19" "Mozilla/5.0 (Windows NT 10.0; WOW64; Trident/7.0; rv:11.0) like Gecko"
80.122.53.230 - - [22/Feb/2021:12:06:13 +0100] "GET /reload?ser=1613991973548 HTTP/1.1" 200 28 "http://renault.activities.at/result?searchterm=true&search=schild" "Mozilla/5.0 (Windows NT 10.0; Win64; x64) AppleWebKit/537.36 (KHTML, like Gecko) Chrome/88.0.4324.182 Safari/537.36"
80.122.221.194 - - [22/Feb/2021:12:06:18 +0100] "GET /reload?ser=1613991978987 HTTP/1.1" 200 28 "http://renault.activities.at/success" "Mozilla/5.0 (Windows NT 10.0; Win64; x64) AppleWebKit/537.36 (KHTML, like Gecko) Chrome/88.0.4324.150 Safari/537.36 Edg/88.0.705.63"
138.21.12.25 - - [22/Feb/2021:12:06:52 +0100] "GET /reload?ser=1613992011672 HTTP/1.1" 200 28 "http://renault.2web.at/account" "Mozilla/5.0 (Windows NT 10.0; Win64; x64) AppleWebKit/537.36 (KHTML, like Gecko) Chrome/88.0.4324.182 Safari/537.36"
194.24.159.94 - - [22/Feb/2021:12:06:55 +0100] "GET /reload?ser=1613992015441 HTTP/1.1" 200 28 "http://renault.activities.at/10201442?dir=DESC&mode=grid&order=name&limit=15&page=19" "Mozilla/5.0 (Windows NT 10.0; WOW64; Trident/7.0; rv:11.0) like Gecko"
80.122.53.230 - - [22/Feb/2021:12:07:14 +0100] "GET /reload?ser=1613992034558 HTTP/1.1" 200 28 "http://renault.activities.at/result?searchterm=true&search=schild" "Mozilla/5.0 (Windows NT 10.0; Win64; x64) AppleWebKit/537.36 (KHTML, like Gecko) Chrome/88.0.4324.182 Safari/537.36"
80.122.221.194 - - [22/Feb/2021:12:07:19 +0100] "GET /reload?ser=1613992039997 HTTP/1.1" 200 28 "http://renault.activities.at/success" "Mozilla/5.0 (Windows NT 10.0; Win64; x64) AppleWebKit/537.36 (KHTML, like Gecko) Chrome/88.0.4324.150 Safari/537.36 Edg/88.0.705.63"
138.21.12.25 - - [22/Feb/2021:12:07:54 +0100] "GET /reload?ser=1613992073673 HTTP/1.1" 200 28 "http://renault.2web.at/account" "Mozilla/5.0 (Windows NT 10.0; Win64; x64) AppleWebKit/537.36 (KHTML, like Gecko) Chrome/88.0.4324.182 Safari/537.36"
194.24.159.94 - - [22/Feb/2021:12:07:56 +0100] "GET /reload?ser=1613992076411 HTTP/1.1" 200 28 "http://renault.activities.at/10201442?dir=DESC&mode=grid&order=name&limit=15&page=19" "Mozilla/5.0 (Windows NT 10.0; WOW64; Trident/7.0; rv:11.0) like Gecko"
80.122.53.230 - - [22/Feb/2021:12:08:15 +0100] "GET /reload?ser=1613992095556 HTTP/1.1" 200 28 "http://renault.activities.at/result?searchterm=true&search=schild" "Mozilla/5.0 (Windows NT 10.0; Win64; x64) AppleWebKit/537.36 (KHTML, like Gecko) Chrome/88.0.4324.182 Safari/537.36"
80.122.221.194 - - [22/Feb/2021:12:08:20 +0100] "GET /reload?ser=1613992100990 HTTP/1.1" 200 28 "http://renault.activities.at/success" "Mozilla/5.0 (Windows NT 10.0; Win64; x64) AppleWebKit/537.36 (KHTML, like Gecko) Chrome/88.0.4324.150 Safari/537.36 Edg/88.0.705.63"
138.21.12.25 - - [22/Feb/2021:12:08:56 +0100] "GET /reload?ser=1613992135674 HTTP/1.1" 200 28 "http://renault.2web.at/account" "Mozilla/5.0 (Windows NT 10.0; Win64; x64) AppleWebKit/537.36 (KHTML, like Gecko) Chrome/88.0.4324.182 Safari/537.36"
194.24.159.94 - - [22/Feb/2021:12:08:57 +0100] "GET /reload?ser=1613992137432 HTTP/1.1" 200 28 "http://renault.activities.at/10201442?dir=DESC&mode=grid&order=name&limit=15&page=19" "Mozilla/5.0 (Windows NT 10.0; WOW64; Trident/7.0; rv:11.0) like Gecko"
80.122.53.230 - - [22/Feb/2021:12:09:16 +0100] "GET /reload?ser=1613992156553 HTTP/1.1" 200 28 "http://renault.activities.at/result?searchterm=true&search=schild" "Mozilla/5.0 (Windows NT 10.0; Win64; x64) AppleWebKit/537.36 (KHTML, like Gecko) Chrome/88.0.4324.182 Safari/537.36"
80.122.221.194 - - [22/Feb/2021:12:09:21 +0100] "GET /reload?ser=1613992161985 HTTP/1.1" 200 28 "http://renault.activities.at/success" "Mozilla/5.0 (Windows NT 10.0; Win64; x64) AppleWebKit/537.36 (KHTML, like Gecko) Chrome/88.0.4324.150 Safari/537.36 Edg/88.0.705.63"
138.21.12.25 - - [22/Feb/2021:12:09:58 +0100] "GET /reload?ser=1613992197674 HTTP/1.1" 200 28 "http://renault.2web.at/account" "Mozilla/5.0 (Windows NT 10.0; Win64; x64) AppleWebKit/537.36 (KHTML, like Gecko) Chrome/88.0.4324.182 Safari/537.36"
194.24.159.94 - - [22/Feb/2021:12:09:58 +0100] "GET /reload?ser=1613992198411 HTTP/1.1" 200 28 "http://renault.activities.at/10201442?dir=DESC&mode=grid&order=name&limit=15&page=19" "Mozilla/5.0 (Windows NT 10.0; WOW64; Trident/7.0; rv:11.0) like Gecko"
80.122.53.230 - - [22/Feb/2021:12:10:17 +0100] "GET /reload?ser=1613992217557 HTTP/1.1" 200 28 "http://renault.activities.at/result?searchterm=true&search=schild" "Mozilla/5.0 (Windows NT 10.0; Win64; x64) AppleWebKit/537.36 (KHTML, like Gecko) Chrome/88.0.4324.182 Safari/537.36"
80.122.221.194 - - [22/Feb/2021:12:10:22 +0100] "GET /reload?ser=1613992222987 HTTP/1.1" 200 28 "http://renault.activities.at/success" "Mozilla/5.0 (Windows NT 10.0; Win64; x64) AppleWebKit/537.36 (KHTML, like Gecko) Chrome/88.0.4324.150 Safari/537.36 Edg/88.0.705.63"
194.24.159.94 - - [22/Feb/2021:12:10:59 +0100] "GET /reload?ser=1613992259378 HTTP/1.1" 200 28 "http://renault.activities.at/10201442?dir=DESC&mode=grid&order=name&limit=15&page=19" "Mozilla/5.0 (Windows NT 10.0; WOW64; Trident/7.0; rv:11.0) like Gecko"
138.21.12.25 - - [22/Feb/2021:12:11:00 +0100] "GET /reload?ser=1613992259676 HTTP/1.1" 200 28 "http://renault.2web.at/account" "Mozilla/5.0 (Windows NT 10.0; Win64; x64) AppleWebKit/537.36 (KHTML, like Gecko) Chrome/88.0.4324.182 Safari/537.36"
80.122.53.230 - - [22/Feb/2021:12:11:18 +0100] "GET /reload?ser=1613992278549 HTTP/1.1" 200 28 "http://renault.activities.at/result?searchterm=true&search=schild" "Mozilla/5.0 (Windows NT 10.0; Win64; x64) AppleWebKit/537.36 (KHTML, like Gecko) Chrome/88.0.4324.182 Safari/537.36"
80.122.221.194 - - [22/Feb/2021:12:11:23 +0100] "GET /reload?ser=1613992283989 HTTP/1.1" 200 28 "http://renault.activities.at/success" "Mozilla/5.0 (Windows NT 10.0; Win64; x64) AppleWebKit/537.36 (KHTML, like Gecko) Chrome/88.0.4324.150 Safari/537.36 Edg/88.0.705.63"
194.24.159.94 - - [22/Feb/2021:12:11:52 +0100] "GET /logout HTTP/1.1" 302 140 "http://renault.activities.at/10201442?dir=DESC&mode=grid&order=name&limit=15&page=19" "Mozilla/5.0 (Windows NT 10.0; WOW64; Trident/7.0; rv:11.0) like Gecko"
194.24.159.94 - - [22/Feb/2021:12:11:53 +0100] "GET /logout HTTP/1.1" 200 1583 "http://renault.activities.at/10201442?dir=DESC&mode=grid&order=name&limit=15&page=19" "Mozilla/5.0 (Windows NT 10.0; WOW64; Trident/7.0; rv:11.0) like Gecko"
194.24.159.94 - - [22/Feb/2021:12:11:53 +0100] "GET /css/reset.css HTTP/1.1" 200 1356 "http://renault.activities.at/logout" "Mozilla/5.0 (Windows NT 10.0; WOW64; Trident/7.0; rv:11.0) like Gecko"
194.24.159.94 - - [22/Feb/2021:12:11:53 +0100] "GET /js/default.js HTTP/1.1" 200 14698 "http://renault.activities.at/logout" "Mozilla/5.0 (Windows NT 10.0; WOW64; Trident/7.0; rv:11.0) like Gecko"
194.24.159.94 - - [22/Feb/2021:12:11:53 +0100] "GET /css/clears.css HTTP/1.1" 200 851 "http://renault.activities.at/logout" "Mozilla/5.0 (Windows NT 10.0; WOW64; Trident/7.0; rv:11.0) like Gecko"
194.24.159.94 - - [22/Feb/2021:12:11:53 +0100] "GET /css/styles.css HTTP/1.1" 200 14664 "http://renault.activities.at/logout" "Mozilla/5.0 (Windows NT 10.0; WOW64; Trident/7.0; rv:11.0) like Gecko"
194.24.159.94 - - [22/Feb/2021:12:11:53 +0100] "GET /css/print.css HTTP/1.1" 200 543 "http://renault.activities.at/logout" "Mozilla/5.0 (Windows NT 10.0; WOW64; Trident/7.0; rv:11.0) like Gecko"
194.24.159.94 - - [22/Feb/2021:12:11:53 +0100] "GET /js/checkout.css HTTP/1.1" 200 359 "http://renault.activities.at/logout" "Mozilla/5.0 (Windows NT 10.0; WOW64; Trident/7.0; rv:11.0) like Gecko"
194.24.159.94 - - [22/Feb/2021:12:11:53 +0100] "GET /css/prototip.css HTTP/1.1" 200 968 "http://renault.activities.at/logout" "Mozilla/5.0 (Windows NT 10.0; WOW64; Trident/7.0; rv:11.0) like Gecko"
194.24.159.94 - - [22/Feb/2021:12:11:53 +0100] "GET /css/themes/default.css HTTP/1.1" 200 769 "http://renault.activities.at/logout" "Mozilla/5.0 (Windows NT 10.0; WOW64; Trident/7.0; rv:11.0) like Gecko"
194.24.159.94 - - [22/Feb/2021:12:11:53 +0100] "GET /css/themes/alphacube.css HTTP/1.1" 200 743 "http://renault.activities.at/logout" "Mozilla/5.0 (Windows NT 10.0; WOW64; Trident/7.0; rv:11.0) like Gecko"
194.24.159.94 - - [22/Feb/2021:12:11:53 +0100] "GET /js/index.php?c=auto&f=,prototype/prototype.js,prototype/validation.js,scriptaculous/builder.js,scriptaculous/effects.js,scriptaculous/dragdrop.js,scriptaculous/controls.js,scriptaculous/slider.js,varien/js.js,varien/form.js,varien/menu.js,mage/translate.js,mage/cookies.js,varien/product.js,spinner/SpinnerControl.jsmin.js,prototype/window.js,prototype/window_ext.js HTTP/1.1" 200 94182 "http://renault.activities.at/logout" "Mozilla/5.0 (Windows NT 10.0; WOW64; Trident/7.0; rv:11.0) like Gecko"
194.24.159.94 - - [22/Feb/2021:12:11:54 +0100] "GET /images/title_corner_right_top.jpg HTTP/1.1" 200 389 "http://renault.activities.at/logout" "Mozilla/5.0 (Windows NT 10.0; WOW64; Trident/7.0; rv:11.0) like Gecko"
194.24.159.94 - - [22/Feb/2021:12:11:54 +0100] "GET /images/header_block_border.gif HTTP/1.1" 200 43 "http://renault.activities.at/logout" "Mozilla/5.0 (Windows NT 10.0; WOW64; Trident/7.0; rv:11.0) like Gecko"
194.24.159.94 - - [22/Feb/2021:12:11:54 +0100] "GET /images/title_border.jpg HTTP/1.1" 200 304 "http://renault.activities.at/logout" "Mozilla/5.0 (Windows NT 10.0; WOW64; Trident/7.0; rv:11.0) like Gecko"
194.24.159.94 - - [22/Feb/2021:12:11:54 +0100] "GET /images/main_block_corner_right_bot.gif HTTP/1.1" 200 158 "http://renault.activities.at/logout" "Mozilla/5.0 (Windows NT 10.0; WOW64; Trident/7.0; rv:11.0) like Gecko"
194.24.159.94 - - [22/Feb/2021:12:11:54 +0100] "GET /images/main_block_border.gif HTTP/1.1" 200 43 "http://renault.activities.at/logout" "Mozilla/5.0 (Windows NT 10.0; WOW64; Trident/7.0; rv:11.0) like Gecko"
194.24.159.94 - - [22/Feb/2021:12:11:54 +0100] "GET /images/header_block_corner_right_top.gif HTTP/1.1" 200 160 "http://renault.activities.at/logout" "Mozilla/5.0 (Windows NT 10.0; WOW64; Trident/7.0; rv:11.0) like Gecko"
194.24.159.94 - - [22/Feb/2021:12:11:54 +0100] "GET /images/title_border_top.jpg HTTP/1.1" 200 336 "http://renault.activities.at/logout" "Mozilla/5.0 (Windows NT 10.0; WOW64; Trident/7.0; rv:11.0) like Gecko"
194.24.159.94 - - [22/Feb/2021:12:11:54 +0100] "GET /images/main_block_corner_left_bot.gif HTTP/1.1" 200 159 "http://renault.activities.at/logout" "Mozilla/5.0 (Windows NT 10.0; WOW64; Trident/7.0; rv:11.0) like Gecko"
194.24.159.94 - - [22/Feb/2021:12:11:54 +0100] "GET /images/main_block_corner_left_top.gif HTTP/1.1" 200 159 "http://renault.activities.at/logout" "Mozilla/5.0 (Windows NT 10.0; WOW64; Trident/7.0; rv:11.0) like Gecko"
194.24.159.94 - - [22/Feb/2021:12:11:54 +0100] "GET /images/main_block_corner_right_top.gif HTTP/1.1" 200 159 "http://renault.activities.at/logout" "Mozilla/5.0 (Windows NT 10.0; WOW64; Trident/7.0; rv:11.0) like Gecko"
194.24.159.94 - - [22/Feb/2021:12:11:54 +0100] "GET /images/header_block_corner_left_top.gif HTTP/1.1" 200 160 "http://renault.activities.at/logout" "Mozilla/5.0 (Windows NT 10.0; WOW64; Trident/7.0; rv:11.0) like Gecko"
194.24.159.94 - - [22/Feb/2021:12:11:54 +0100] "GET /images/title_corner_left_top.jpg HTTP/1.1" 200 372 "http://renault.activities.at/logout" "Mozilla/5.0 (Windows NT 10.0; WOW64; Trident/7.0; rv:11.0) like Gecko"
194.24.159.94 - - [22/Feb/2021:12:11:54 +0100] "GET /loadthumbnail.php?id=11127982 HTTP/1.1" 200 399614 "http://renault.activities.at/logout" "Mozilla/5.0 (Windows NT 10.0; WOW64; Trident/7.0; rv:11.0) like Gecko"
138.21.12.25 - - [22/Feb/2021:12:12:02 +0100] "GET /reload?ser=1613992321676 HTTP/1.1" 200 28 "http://renault.2web.at/account" "Mozilla/5.0 (Windows NT 10.0; Win64; x64) AppleWebKit/537.36 (KHTML, like Gecko) Chrome/88.0.4324.182 Safari/537.36"
80.122.53.230 - - [22/Feb/2021:12:12:19 +0100] "GET /reload?ser=1613992339550 HTTP/1.1" 200 28 "http://renault.activities.at/result?searchterm=true&search=schild" "Mozilla/5.0 (Windows NT 10.0; Win64; x64) AppleWebKit/537.36 (KHTML, like Gecko) Chrome/88.0.4324.182 Safari/537.36"
80.122.221.194 - - [22/Feb/2021:12:12:24 +0100] "GET /reload?ser=1613992344997 HTTP/1.1" 200 28 "http://renault.activities.at/success" "Mozilla/5.0 (Windows NT 10.0; Win64; x64) AppleWebKit/537.36 (KHTML, like Gecko) Chrome/88.0.4324.150 Safari/537.36 Edg/88.0.705.63"
138.21.12.25 - - [22/Feb/2021:12:13:04 +0100] "GET /reload?ser=1613992383675 HTTP/1.1" 200 28 "http://renault.2web.at/account" "Mozilla/5.0 (Windows NT 10.0; Win64; x64) AppleWebKit/537.36 (KHTML, like Gecko) Chrome/88.0.4324.182 Safari/537.36"
80.122.53.230 - - [22/Feb/2021:12:13:20 +0100] "GET /reload?ser=1613992400553 HTTP/1.1" 200 28 "http://renault.activities.at/result?searchterm=true&search=schild" "Mozilla/5.0 (Windows NT 10.0; Win64; x64) AppleWebKit/537.36 (KHTML, like Gecko) Chrome/88.0.4324.182 Safari/537.36"
80.122.221.194 - - [22/Feb/2021:12:13:26 +0100] "GET /reload?ser=1613992406984 HTTP/1.1" 200 28 "http://renault.activities.at/success" "Mozilla/5.0 (Windows NT 10.0; Win64; x64) AppleWebKit/537.36 (KHTML, like Gecko) Chrome/88.0.4324.150 Safari/537.36 Edg/88.0.705.63"
138.21.12.25 - - [22/Feb/2021:12:14:06 +0100] "GET /reload?ser=1613992445677 HTTP/1.1" 200 28 "http://renault.2web.at/account" "Mozilla/5.0 (Windows NT 10.0; Win64; x64) AppleWebKit/537.36 (KHTML, like Gecko) Chrome/88.0.4324.182 Safari/537.36"
80.122.53.230 - - [22/Feb/2021:12:14:21 +0100] "GET /reload?ser=1613992461564 HTTP/1.1" 200 28 "http://renault.activities.at/result?searchterm=true&search=schild" "Mozilla/5.0 (Windows NT 10.0; Win64; x64) AppleWebKit/537.36 (KHTML, like Gecko) Chrome/88.0.4324.182 Safari/537.36"
80.122.221.194 - - [22/Feb/2021:12:14:27 +0100] "GET /reload?ser=1613992467988 HTTP/1.1" 200 28 "http://renault.activities.at/success" "Mozilla/5.0 (Windows NT 10.0; Win64; x64) AppleWebKit/537.36 (KHTML, like Gecko) Chrome/88.0.4324.150 Safari/537.36 Edg/88.0.705.63"
138.21.12.25 - - [22/Feb/2021:12:15:08 +0100] "GET /reload?ser=1613992507677 HTTP/1.1" 200 28 "http://renault.2web.at/account" "Mozilla/5.0 (Windows NT 10.0; Win64; x64) AppleWebKit/537.36 (KHTML, like Gecko) Chrome/88.0.4324.182 Safari/537.36"
80.122.53.230 - - [22/Feb/2021:12:15:22 +0100] "GET /reload?ser=1613992522555 HTTP/1.1" 200 28 "http://renault.activities.at/result?searchterm=true&search=schild" "Mozilla/5.0 (Windows NT 10.0; Win64; x64) AppleWebKit/537.36 (KHTML, like Gecko) Chrome/88.0.4324.182 Safari/537.36"
80.122.221.194 - - [22/Feb/2021:12:15:28 +0100] "GET /reload?ser=1613992528990 HTTP/1.1" 200 28 "http://renault.activities.at/success" "Mozilla/5.0 (Windows NT 10.0; Win64; x64) AppleWebKit/537.36 (KHTML, like Gecko) Chrome/88.0.4324.150 Safari/537.36 Edg/88.0.705.63"
138.21.12.25 - - [22/Feb/2021:12:16:10 +0100] "GET /reload?ser=1613992569681 HTTP/1.1" 200 28 "http://renault.2web.at/account" "Mozilla/5.0 (Windows NT 10.0; Win64; x64) AppleWebKit/537.36 (KHTML, like Gecko) Chrome/88.0.4324.182 Safari/537.36"
80.122.53.230 - - [22/Feb/2021:12:16:23 +0100] "GET /reload?ser=1613992583565 HTTP/1.1" 200 28 "http://renault.activities.at/result?searchterm=true&search=schild" "Mozilla/5.0 (Windows NT 10.0; Win64; x64) AppleWebKit/537.36 (KHTML, like Gecko) Chrome/88.0.4324.182 Safari/537.36"
80.122.221.194 - - [22/Feb/2021:12:16:29 +0100] "GET /reload?ser=1613992589990 HTTP/1.1" 200 28 "http://renault.activities.at/success" "Mozilla/5.0 (Windows NT 10.0; Win64; x64) AppleWebKit/537.36 (KHTML, like Gecko) Chrome/88.0.4324.150 Safari/537.36 Edg/88.0.705.63"
138.21.12.25 - - [22/Feb/2021:12:17:12 +0100] "GET /reload?ser=1613992631677 HTTP/1.1" 200 28 "http://renault.2web.at/account" "Mozilla/5.0 (Windows NT 10.0; Win64; x64) AppleWebKit/537.36 (KHTML, like Gecko) Chrome/88.0.4324.182 Safari/537.36"
80.122.53.230 - - [22/Feb/2021:12:17:24 +0100] "GET /reload?ser=1613992644559 HTTP/1.1" 200 28 "http://renault.activities.at/result?searchterm=true&search=schild" "Mozilla/5.0 (Windows NT 10.0; Win64; x64) AppleWebKit/537.36 (KHTML, like Gecko) Chrome/88.0.4324.182 Safari/537.36"
80.122.221.194 - - [22/Feb/2021:12:17:30 +0100] "GET /reload?ser=1613992650981 HTTP/1.1" 200 28 "http://renault.activities.at/success" "Mozilla/5.0 (Windows NT 10.0; Win64; x64) AppleWebKit/537.36 (KHTML, like Gecko) Chrome/88.0.4324.150 Safari/537.36 Edg/88.0.705.63"
138.21.12.25 - - [22/Feb/2021:12:18:14 +0100] "GET /reload?ser=1613992693678 HTTP/1.1" 200 28 "http://renault.2web.at/account" "Mozilla/5.0 (Windows NT 10.0; Win64; x64) AppleWebKit/537.36 (KHTML, like Gecko) Chrome/88.0.4324.182 Safari/537.36"
80.122.53.230 - - [22/Feb/2021:12:18:25 +0100] "GET /reload?ser=1613992705555 HTTP/1.1" 200 28 "http://renault.activities.at/result?searchterm=true&search=schild" "Mozilla/5.0 (Windows NT 10.0; Win64; x64) AppleWebKit/537.36 (KHTML, like Gecko) Chrome/88.0.4324.182 Safari/537.36"
80.122.221.194 - - [22/Feb/2021:12:18:31 +0100] "GET /reload?ser=1613992711984 HTTP/1.1" 200 28 "http://renault.activities.at/success" "Mozilla/5.0 (Windows NT 10.0; Win64; x64) AppleWebKit/537.36 (KHTML, like Gecko) Chrome/88.0.4324.150 Safari/537.36 Edg/88.0.705.63"
138.21.12.25 - - [22/Feb/2021:12:19:16 +0100] "GET /reload?ser=1613992755679 HTTP/1.1" 200 28 "http://renault.2web.at/account" "Mozilla/5.0 (Windows NT 10.0; Win64; x64) AppleWebKit/537.36 (KHTML, like Gecko) Chrome/88.0.4324.182 Safari/537.36"
80.122.53.230 - - [22/Feb/2021:12:19:26 +0100] "GET /reload?ser=1613992766564 HTTP/1.1" 200 28 "http://renault.activities.at/result?searchterm=true&search=schild" "Mozilla/5.0 (Windows NT 10.0; Win64; x64) AppleWebKit/537.36 (KHTML, like Gecko) Chrome/88.0.4324.182 Safari/537.36"
80.122.221.194 - - [22/Feb/2021:12:19:32 +0100] "GET /reload?ser=1613992772985 HTTP/1.1" 200 28 "http://renault.activities.at/success" "Mozilla/5.0 (Windows NT 10.0; Win64; x64) AppleWebKit/537.36 (KHTML, like Gecko) Chrome/88.0.4324.150 Safari/537.36 Edg/88.0.705.63"
138.21.12.25 - - [22/Feb/2021:12:20:18 +0100] "GET /reload?ser=1613992817679 HTTP/1.1" 200 28 "http://renault.2web.at/account" "Mozilla/5.0 (Windows NT 10.0; Win64; x64) AppleWebKit/537.36 (KHTML, like Gecko) Chrome/88.0.4324.182 Safari/537.36"
80.122.53.230 - - [22/Feb/2021:12:20:27 +0100] "GET /reload?ser=1613992827562 HTTP/1.1" 200 28 "http://renault.activities.at/result?searchterm=true&search=schild" "Mozilla/5.0 (Windows NT 10.0; Win64; x64) AppleWebKit/537.36 (KHTML, like Gecko) Chrome/88.0.4324.182 Safari/537.36"
80.122.221.194 - - [22/Feb/2021:12:20:33 +0100] "GET /reload?ser=1613992833992 HTTP/1.1" 200 28 "http://renault.activities.at/success" "Mozilla/5.0 (Windows NT 10.0; Win64; x64) AppleWebKit/537.36 (KHTML, like Gecko) Chrome/88.0.4324.150 Safari/537.36 Edg/88.0.705.63"
138.21.12.25 - - [22/Feb/2021:12:21:20 +0100] "GET /reload?ser=1613992879680 HTTP/1.1" 200 28 "http://renault.2web.at/account" "Mozilla/5.0 (Windows NT 10.0; Win64; x64) AppleWebKit/537.36 (KHTML, like Gecko) Chrome/88.0.4324.182 Safari/537.36"
80.122.53.230 - - [22/Feb/2021:12:21:28 +0100] "GET /reload?ser=1613992888552 HTTP/1.1" 200 28 "http://renault.activities.at/result?searchterm=true&search=schild" "Mozilla/5.0 (Windows NT 10.0; Win64; x64) AppleWebKit/537.36 (KHTML, like Gecko) Chrome/88.0.4324.182 Safari/537.36"
80.122.221.194 - - [22/Feb/2021:12:21:34 +0100] "GET /reload?ser=1613992894992 HTTP/1.1" 200 28 "http://renault.activities.at/success" "Mozilla/5.0 (Windows NT 10.0; Win64; x64) AppleWebKit/537.36 (KHTML, like Gecko) Chrome/88.0.4324.150 Safari/537.36 Edg/88.0.705.63"
138.21.12.25 - - [22/Feb/2021:12:22:22 +0100] "GET /reload?ser=1613992941680 HTTP/1.1" 200 28 "http://renault.2web.at/account" "Mozilla/5.0 (Windows NT 10.0; Win64; x64) AppleWebKit/537.36 (KHTML, like Gecko) Chrome/88.0.4324.182 Safari/537.36"
80.122.53.230 - - [22/Feb/2021:12:22:29 +0100] "GET /reload?ser=1613992949551 HTTP/1.1" 200 28 "http://renault.activities.at/result?searchterm=true&search=schild" "Mozilla/5.0 (Windows NT 10.0; Win64; x64) AppleWebKit/537.36 (KHTML, like Gecko) Chrome/88.0.4324.182 Safari/537.36"
80.122.221.194 - - [22/Feb/2021:12:22:35 +0100] "GET /reload?ser=1613992955983 HTTP/1.1" 200 28 "http://renault.activities.at/success" "Mozilla/5.0 (Windows NT 10.0; Win64; x64) AppleWebKit/537.36 (KHTML, like Gecko) Chrome/88.0.4324.150 Safari/537.36 Edg/88.0.705.63"
138.21.12.25 - - [22/Feb/2021:12:23:24 +0100] "GET /reload?ser=1613993003680 HTTP/1.1" 200 28 "http://renault.2web.at/account" "Mozilla/5.0 (Windows NT 10.0; Win64; x64) AppleWebKit/537.36 (KHTML, like Gecko) Chrome/88.0.4324.182 Safari/537.36"
80.122.53.230 - - [22/Feb/2021:12:23:30 +0100] "GET /reload?ser=1613993010552 HTTP/1.1" 200 28 "http://renault.activities.at/result?searchterm=true&search=schild" "Mozilla/5.0 (Windows NT 10.0; Win64; x64) AppleWebKit/537.36 (KHTML, like Gecko) Chrome/88.0.4324.182 Safari/537.36"
80.122.221.194 - - [22/Feb/2021:12:23:36 +0100] "GET /reload?ser=1613993016985 HTTP/1.1" 200 28 "http://renault.activities.at/success" "Mozilla/5.0 (Windows NT 10.0; Win64; x64) AppleWebKit/537.36 (KHTML, like Gecko) Chrome/88.0.4324.150 Safari/537.36 Edg/88.0.705.63"
138.21.12.25 - - [22/Feb/2021:12:24:26 +0100] "GET /reload?ser=1613993065682 HTTP/1.1" 200 28 "http://renault.2web.at/account" "Mozilla/5.0 (Windows NT 10.0; Win64; x64) AppleWebKit/537.36 (KHTML, like Gecko) Chrome/88.0.4324.182 Safari/537.36"
80.122.53.230 - - [22/Feb/2021:12:24:31 +0100] "GET /reload?ser=1613993071553 HTTP/1.1" 200 28 "http://renault.activities.at/result?searchterm=true&search=schild" "Mozilla/5.0 (Windows NT 10.0; Win64; x64) AppleWebKit/537.36 (KHTML, like Gecko) Chrome/88.0.4324.182 Safari/537.36"
80.122.221.194 - - [22/Feb/2021:12:24:37 +0100] "GET /reload?ser=1613993077987 HTTP/1.1" 200 28 "http://renault.activities.at/success" "Mozilla/5.0 (Windows NT 10.0; Win64; x64) AppleWebKit/537.36 (KHTML, like Gecko) Chrome/88.0.4324.150 Safari/537.36 Edg/88.0.705.63"
138.21.12.25 - - [22/Feb/2021:12:25:28 +0100] "GET /reload?ser=1613993127681 HTTP/1.1" 200 28 "http://renault.2web.at/account" "Mozilla/5.0 (Windows NT 10.0; Win64; x64) AppleWebKit/537.36 (KHTML, like Gecko) Chrome/88.0.4324.182 Safari/537.36"
80.122.53.230 - - [22/Feb/2021:12:25:32 +0100] "GET /reload?ser=1613993132561 HTTP/1.1" 200 28 "http://renault.activities.at/result?searchterm=true&search=schild" "Mozilla/5.0 (Windows NT 10.0; Win64; x64) AppleWebKit/537.36 (KHTML, like Gecko) Chrome/88.0.4324.182 Safari/537.36"
80.122.221.194 - - [22/Feb/2021:12:25:38 +0100] "GET /reload?ser=1613993138982 HTTP/1.1" 200 28 "http://renault.activities.at/success" "Mozilla/5.0 (Windows NT 10.0; Win64; x64) AppleWebKit/537.36 (KHTML, like Gecko) Chrome/88.0.4324.150 Safari/537.36 Edg/88.0.705.63"
138.21.12.25 - - [22/Feb/2021:12:26:30 +0100] "GET /reload?ser=1613993189681 HTTP/1.1" 200 28 "http://renault.2web.at/account" "Mozilla/5.0 (Windows NT 10.0; Win64; x64) AppleWebKit/537.36 (KHTML, like Gecko) Chrome/88.0.4324.182 Safari/537.36"
80.122.53.230 - - [22/Feb/2021:12:26:33 +0100] "GET /reload?ser=1613993193559 HTTP/1.1" 200 28 "http://renault.activities.at/result?searchterm=true&search=schild" "Mozilla/5.0 (Windows NT 10.0; Win64; x64) AppleWebKit/537.36 (KHTML, like Gecko) Chrome/88.0.4324.182 Safari/537.36"
80.122.221.194 - - [22/Feb/2021:12:26:39 +0100] "GET /reload?ser=1613993199986 HTTP/1.1" 200 28 "http://renault.activities.at/success" "Mozilla/5.0 (Windows NT 10.0; Win64; x64) AppleWebKit/537.36 (KHTML, like Gecko) Chrome/88.0.4324.150 Safari/537.36 Edg/88.0.705.63"
138.21.12.25 - - [22/Feb/2021:12:27:32 +0100] "GET /reload?ser=1613993251681 HTTP/1.1" 200 28 "http://renault.2web.at/account" "Mozilla/5.0 (Windows NT 10.0; Win64; x64) AppleWebKit/537.36 (KHTML, like Gecko) Chrome/88.0.4324.182 Safari/537.36"
80.122.53.230 - - [22/Feb/2021:12:27:34 +0100] "GET /reload?ser=1613993254563 HTTP/1.1" 200 28 "http://renault.activities.at/result?searchterm=true&search=schild" "Mozilla/5.0 (Windows NT 10.0; Win64; x64) AppleWebKit/537.36 (KHTML, like Gecko) Chrome/88.0.4324.182 Safari/537.36"
80.122.221.194 - - [22/Feb/2021:12:27:40 +0100] "GET /reload?ser=1613993260982 HTTP/1.1" 200 28 "http://renault.activities.at/success" "Mozilla/5.0 (Windows NT 10.0; Win64; x64) AppleWebKit/537.36 (KHTML, like Gecko) Chrome/88.0.4324.150 Safari/537.36 Edg/88.0.705.63"
138.21.12.25 - - [22/Feb/2021:12:28:34 +0100] "GET /reload?ser=1613993313690 HTTP/1.1" 200 28 "http://renault.2web.at/account" "Mozilla/5.0 (Windows NT 10.0; Win64; x64) AppleWebKit/537.36 (KHTML, like Gecko) Chrome/88.0.4324.182 Safari/537.36"
80.122.53.230 - - [22/Feb/2021:12:28:35 +0100] "GET /reload?ser=1613993315566 HTTP/1.1" 200 28 "http://renault.activities.at/result?searchterm=true&search=schild" "Mozilla/5.0 (Windows NT 10.0; Win64; x64) AppleWebKit/537.36 (KHTML, like Gecko) Chrome/88.0.4324.182 Safari/537.36"
80.122.221.194 - - [22/Feb/2021:12:28:41 +0100] "GET /reload?ser=1613993321982 HTTP/1.1" 200 28 "http://renault.activities.at/success" "Mozilla/5.0 (Windows NT 10.0; Win64; x64) AppleWebKit/537.36 (KHTML, like Gecko) Chrome/88.0.4324.150 Safari/537.36 Edg/88.0.705.63"
138.21.12.25 - - [22/Feb/2021:12:29:36 +0100] "GET /reload?ser=1613993375683 HTTP/1.1" 200 28 "http://renault.2web.at/account" "Mozilla/5.0 (Windows NT 10.0; Win64; x64) AppleWebKit/537.36 (KHTML, like Gecko) Chrome/88.0.4324.182 Safari/537.36"
80.122.53.230 - - [22/Feb/2021:12:29:36 +0100] "GET /reload?ser=1613993376563 HTTP/1.1" 200 28 "http://renault.activities.at/result?searchterm=true&search=schild" "Mozilla/5.0 (Windows NT 10.0; Win64; x64) AppleWebKit/537.36 (KHTML, like Gecko) Chrome/88.0.4324.182 Safari/537.36"
80.122.221.194 - - [22/Feb/2021:12:29:43 +0100] "GET /reload?ser=1613993382977 HTTP/1.1" 200 28 "http://renault.activities.at/success" "Mozilla/5.0 (Windows NT 10.0; Win64; x64) AppleWebKit/537.36 (KHTML, like Gecko) Chrome/88.0.4324.150 Safari/537.36 Edg/88.0.705.63"
80.122.53.230 - - [22/Feb/2021:12:30:37 +0100] "GET /reload?ser=1613993437565 HTTP/1.1" 200 28 "http://renault.activities.at/result?searchterm=true&search=schild" "Mozilla/5.0 (Windows NT 10.0; Win64; x64) AppleWebKit/537.36 (KHTML, like Gecko) Chrome/88.0.4324.182 Safari/537.36"
138.21.12.25 - - [22/Feb/2021:12:30:38 +0100] "GET /reload?ser=1613993437683 HTTP/1.1" 200 28 "http://renault.2web.at/account" "Mozilla/5.0 (Windows NT 10.0; Win64; x64) AppleWebKit/537.36 (KHTML, like Gecko) Chrome/88.0.4324.182 Safari/537.36"
80.122.221.194 - - [22/Feb/2021:12:30:44 +0100] "GET /reload?ser=1613993444989 HTTP/1.1" 200 28 "http://renault.activities.at/success" "Mozilla/5.0 (Windows NT 10.0; Win64; x64) AppleWebKit/537.36 (KHTML, like Gecko) Chrome/88.0.4324.150 Safari/537.36 Edg/88.0.705.63"
80.122.53.230 - - [22/Feb/2021:12:31:38 +0100] "GET /reload?ser=1613993498572 HTTP/1.1" 200 28 "http://renault.activities.at/result?searchterm=true&search=schild" "Mozilla/5.0 (Windows NT 10.0; Win64; x64) AppleWebKit/537.36 (KHTML, like Gecko) Chrome/88.0.4324.182 Safari/537.36"
138.21.12.25 - - [22/Feb/2021:12:31:40 +0100] "GET /reload?ser=1613993499683 HTTP/1.1" 200 28 "http://renault.2web.at/account" "Mozilla/5.0 (Windows NT 10.0; Win64; x64) AppleWebKit/537.36 (KHTML, like Gecko) Chrome/88.0.4324.182 Safari/537.36"
80.122.221.194 - - [22/Feb/2021:12:31:45 +0100] "GET /reload?ser=1613993505988 HTTP/1.1" 200 28 "http://renault.activities.at/success" "Mozilla/5.0 (Windows NT 10.0; Win64; x64) AppleWebKit/537.36 (KHTML, like Gecko) Chrome/88.0.4324.150 Safari/537.36 Edg/88.0.705.63"
80.122.53.230 - - [22/Feb/2021:12:32:39 +0100] "GET /reload?ser=1613993559569 HTTP/1.1" 200 28 "http://renault.activities.at/result?searchterm=true&search=schild" "Mozilla/5.0 (Windows NT 10.0; Win64; x64) AppleWebKit/537.36 (KHTML, like Gecko) Chrome/88.0.4324.182 Safari/537.36"
138.21.12.25 - - [22/Feb/2021:12:32:42 +0100] "GET /reload?ser=1613993561683 HTTP/1.1" 200 28 "http://renault.2web.at/account" "Mozilla/5.0 (Windows NT 10.0; Win64; x64) AppleWebKit/537.36 (KHTML, like Gecko) Chrome/88.0.4324.182 Safari/537.36"
80.122.221.194 - - [22/Feb/2021:12:32:46 +0100] "GET /reload?ser=1613993566976 HTTP/1.1" 200 28 "http://renault.activities.at/success" "Mozilla/5.0 (Windows NT 10.0; Win64; x64) AppleWebKit/537.36 (KHTML, like Gecko) Chrome/88.0.4324.150 Safari/537.36 Edg/88.0.705.63"
80.122.53.230 - - [22/Feb/2021:12:33:40 +0100] "GET /reload?ser=1613993620568 HTTP/1.1" 200 28 "http://renault.activities.at/result?searchterm=true&search=schild" "Mozilla/5.0 (Windows NT 10.0; Win64; x64) AppleWebKit/537.36 (KHTML, like Gecko) Chrome/88.0.4324.182 Safari/537.36"
