62.40.161.72 - - [23/Feb/2021:15:32:07 +0100] "GET /images/vista-dn-hover.gif HTTP/1.1" 200 127 "http://renault.activities.at/result?searchterm=true&search=garantie" "Mozilla/5.0 (Windows NT 10.0; WOW64; Trident/7.0; rv:11.0) like Gecko"
62.40.161.72 - - [23/Feb/2021:15:32:07 +0100] "GET /images/vista-up-hover.gif HTTP/1.1" 200 130 "http://renault.activities.at/result?searchterm=true&search=garantie" "Mozilla/5.0 (Windows NT 10.0; WOW64; Trident/7.0; rv:11.0) like Gecko"
80.122.221.194 - - [23/Feb/2021:15:32:11 +0100] "GET /reload?ser=1614090731864 HTTP/1.1" 200 28 "http://renault.activities.at/login" "Mozilla/5.0 (Windows NT 10.0; Win64; x64) AppleWebKit/537.36 (KHTML, like Gecko) Chrome/88.0.4324.182 Safari/537.36"
80.122.221.194 - - [23/Feb/2021:15:32:25 +0100] "GET /reload?ser=1614090745851 HTTP/1.1" 200 1235 "http://renault.activities.at/success" "Mozilla/5.0 (Windows NT 10.0; Win64; x64) AppleWebKit/537.36 (KHTML, like Gecko) Chrome/88.0.4324.150 Safari/537.36 Edg/88.0.705.63"
212.152.229.244 - - [23/Feb/2021:15:32:49 +0100] "GET /reload?ser=1614090769236 HTTP/1.1" 200 28 "http://renault.activities.at/result?searchterm=true&search=anh%E4nger" "Mozilla/5.0 (Windows NT 10.0; Win64; x64) AppleWebKit/537.36 (KHTML, like Gecko) Chrome/88.0.4324.182 Safari/537.36"
193.194.132.25 - - [23/Feb/2021:15:32:50 +0100] "GET /reload?ser=1614090769341 HTTP/1.1" 200 28 "http://renault.2web.at/account" "Mozilla/5.0 (Windows NT 10.0; Win64; x64) AppleWebKit/537.36 (KHTML, like Gecko) Chrome/88.0.4324.182 Safari/537.36"
62.40.161.72 - - [23/Feb/2021:15:32:52 +0100] "GET /reload?ser=1614090772652 HTTP/1.1" 200 28 "http://renault.activities.at/result?searchterm=true&search=garantie" "Mozilla/5.0 (Windows NT 10.0; WOW64; Trident/7.0; rv:11.0) like Gecko"
80.122.221.194 - - [23/Feb/2021:15:33:12 +0100] "GET /reload?ser=1614090792857 HTTP/1.1" 200 28 "http://renault.activities.at/login" "Mozilla/5.0 (Windows NT 10.0; Win64; x64) AppleWebKit/537.36 (KHTML, like Gecko) Chrome/88.0.4324.182 Safari/537.36"
80.122.221.194 - - [23/Feb/2021:15:33:26 +0100] "GET /reload?ser=1614090806851 HTTP/1.1" 200 1231 "http://renault.activities.at/success" "Mozilla/5.0 (Windows NT 10.0; Win64; x64) AppleWebKit/537.36 (KHTML, like Gecko) Chrome/88.0.4324.150 Safari/537.36 Edg/88.0.705.63"
62.40.161.72 - - [23/Feb/2021:15:33:27 +0100] "GET /logout HTTP/1.1" 302 140 "http://renault.activities.at/result?searchterm=true&search=garantie" "Mozilla/5.0 (Windows NT 10.0; WOW64; Trident/7.0; rv:11.0) like Gecko"
62.40.161.72 - - [23/Feb/2021:15:33:28 +0100] "GET /logout HTTP/1.1" 200 1583 "http://renault.activities.at/result?searchterm=true&search=garantie" "Mozilla/5.0 (Windows NT 10.0; WOW64; Trident/7.0; rv:11.0) like Gecko"
62.40.161.72 - - [23/Feb/2021:15:33:29 +0100] "GET /js/default.js HTTP/1.1" 304 - "http://renault.activities.at/logout" "Mozilla/5.0 (Windows NT 10.0; WOW64; Trident/7.0; rv:11.0) like Gecko"
62.40.161.72 - - [23/Feb/2021:15:33:29 +0100] "GET /css/styles.css HTTP/1.1" 304 - "http://renault.activities.at/logout" "Mozilla/5.0 (Windows NT 10.0; WOW64; Trident/7.0; rv:11.0) like Gecko"
62.40.161.72 - - [23/Feb/2021:15:33:29 +0100] "GET /css/reset.css HTTP/1.1" 304 - "http://renault.activities.at/logout" "Mozilla/5.0 (Windows NT 10.0; WOW64; Trident/7.0; rv:11.0) like Gecko"
62.40.161.72 - - [23/Feb/2021:15:33:29 +0100] "GET /css/clears.css HTTP/1.1" 304 - "http://renault.activities.at/logout" "Mozilla/5.0 (Windows NT 10.0; WOW64; Trident/7.0; rv:11.0) like Gecko"
62.40.161.72 - - [23/Feb/2021:15:33:29 +0100] "GET /css/print.css HTTP/1.1" 304 - "http://renault.activities.at/logout" "Mozilla/5.0 (Windows NT 10.0; WOW64; Trident/7.0; rv:11.0) like Gecko"
62.40.161.72 - - [23/Feb/2021:15:33:29 +0100] "GET /js/checkout.css HTTP/1.1" 304 - "http://renault.activities.at/logout" "Mozilla/5.0 (Windows NT 10.0; WOW64; Trident/7.0; rv:11.0) like Gecko"
62.40.161.72 - - [23/Feb/2021:15:33:29 +0100] "GET /css/prototip.css HTTP/1.1" 304 - "http://renault.activities.at/logout" "Mozilla/5.0 (Windows NT 10.0; WOW64; Trident/7.0; rv:11.0) like Gecko"
62.40.161.72 - - [23/Feb/2021:15:33:29 +0100] "GET /css/themes/default.css HTTP/1.1" 304 - "http://renault.activities.at/logout" "Mozilla/5.0 (Windows NT 10.0; WOW64; Trident/7.0; rv:11.0) like Gecko"
62.40.161.72 - - [23/Feb/2021:15:33:29 +0100] "GET /css/themes/alphacube.css HTTP/1.1" 304 - "http://renault.activities.at/logout" "Mozilla/5.0 (Windows NT 10.0; WOW64; Trident/7.0; rv:11.0) like Gecko"
62.40.161.72 - - [23/Feb/2021:15:33:29 +0100] "GET /images/header_block_border.gif HTTP/1.1" 304 - "http://renault.activities.at/logout" "Mozilla/5.0 (Windows NT 10.0; WOW64; Trident/7.0; rv:11.0) like Gecko"
62.40.161.72 - - [23/Feb/2021:15:33:29 +0100] "GET /images/main_block_corner_left_bot.gif HTTP/1.1" 304 - "http://renault.activities.at/logout" "Mozilla/5.0 (Windows NT 10.0; WOW64; Trident/7.0; rv:11.0) like Gecko"
62.40.161.72 - - [23/Feb/2021:15:33:29 +0100] "GET /images/main_block_corner_right_top.gif HTTP/1.1" 304 - "http://renault.activities.at/logout" "Mozilla/5.0 (Windows NT 10.0; WOW64; Trident/7.0; rv:11.0) like Gecko"
62.40.161.72 - - [23/Feb/2021:15:33:29 +0100] "GET /images/header_block_corner_right_top.gif HTTP/1.1" 304 - "http://renault.activities.at/logout" "Mozilla/5.0 (Windows NT 10.0; WOW64; Trident/7.0; rv:11.0) like Gecko"
62.40.161.72 - - [23/Feb/2021:15:33:29 +0100] "GET /images/main_block_corner_left_top.gif HTTP/1.1" 304 - "http://renault.activities.at/logout" "Mozilla/5.0 (Windows NT 10.0; WOW64; Trident/7.0; rv:11.0) like Gecko"
62.40.161.72 - - [23/Feb/2021:15:33:29 +0100] "GET /images/title_corner_right_top.jpg HTTP/1.1" 304 - "http://renault.activities.at/logout" "Mozilla/5.0 (Windows NT 10.0; WOW64; Trident/7.0; rv:11.0) like Gecko"
62.40.161.72 - - [23/Feb/2021:15:33:29 +0100] "GET /images/title_corner_left_top.jpg HTTP/1.1" 304 - "http://renault.activities.at/logout" "Mozilla/5.0 (Windows NT 10.0; WOW64; Trident/7.0; rv:11.0) like Gecko"
62.40.161.72 - - [23/Feb/2021:15:33:29 +0100] "GET /images/header_block_corner_left_top.gif HTTP/1.1" 304 - "http://renault.activities.at/logout" "Mozilla/5.0 (Windows NT 10.0; WOW64; Trident/7.0; rv:11.0) like Gecko"
62.40.161.72 - - [23/Feb/2021:15:33:29 +0100] "GET /images/title_border_top.jpg HTTP/1.1" 304 - "http://renault.activities.at/logout" "Mozilla/5.0 (Windows NT 10.0; WOW64; Trident/7.0; rv:11.0) like Gecko"
62.40.161.72 - - [23/Feb/2021:15:33:29 +0100] "GET /images/main_block_corner_right_bot.gif HTTP/1.1" 304 - "http://renault.activities.at/logout" "Mozilla/5.0 (Windows NT 10.0; WOW64; Trident/7.0; rv:11.0) like Gecko"
62.40.161.72 - - [23/Feb/2021:15:33:29 +0100] "GET /images/main_block_border.gif HTTP/1.1" 304 - "http://renault.activities.at/logout" "Mozilla/5.0 (Windows NT 10.0; WOW64; Trident/7.0; rv:11.0) like Gecko"
62.40.161.72 - - [23/Feb/2021:15:33:29 +0100] "GET /images/title_border.jpg HTTP/1.1" 304 - "http://renault.activities.at/logout" "Mozilla/5.0 (Windows NT 10.0; WOW64; Trident/7.0; rv:11.0) like Gecko"
212.152.229.244 - - [23/Feb/2021:15:33:50 +0100] "GET /reload?ser=1614090830235 HTTP/1.1" 200 28 "http://renault.activities.at/result?searchterm=true&search=anh%E4nger" "Mozilla/5.0 (Windows NT 10.0; Win64; x64) AppleWebKit/537.36 (KHTML, like Gecko) Chrome/88.0.4324.182 Safari/537.36"
193.194.132.25 - - [23/Feb/2021:15:33:52 +0100] "GET /reload?ser=1614090831341 HTTP/1.1" 200 28 "http://renault.2web.at/account" "Mozilla/5.0 (Windows NT 10.0; Win64; x64) AppleWebKit/537.36 (KHTML, like Gecko) Chrome/88.0.4324.182 Safari/537.36"
80.122.221.194 - - [23/Feb/2021:15:34:13 +0100] "GET /reload?ser=1614090853851 HTTP/1.1" 200 28 "http://renault.activities.at/login" "Mozilla/5.0 (Windows NT 10.0; Win64; x64) AppleWebKit/537.36 (KHTML, like Gecko) Chrome/88.0.4324.182 Safari/537.36"
80.122.221.194 - - [23/Feb/2021:15:34:27 +0100] "GET /reload?ser=1614090867857 HTTP/1.1" 200 1250 "http://renault.activities.at/success" "Mozilla/5.0 (Windows NT 10.0; Win64; x64) AppleWebKit/537.36 (KHTML, like Gecko) Chrome/88.0.4324.150 Safari/537.36 Edg/88.0.705.63"
212.152.229.244 - - [23/Feb/2021:15:34:51 +0100] "GET /reload?ser=1614090891229 HTTP/1.1" 200 28 "http://renault.activities.at/result?searchterm=true&search=anh%E4nger" "Mozilla/5.0 (Windows NT 10.0; Win64; x64) AppleWebKit/537.36 (KHTML, like Gecko) Chrome/88.0.4324.182 Safari/537.36"
193.194.132.25 - - [23/Feb/2021:15:34:54 +0100] "GET /reload?ser=1614090893343 HTTP/1.1" 200 28 "http://renault.2web.at/account" "Mozilla/5.0 (Windows NT 10.0; Win64; x64) AppleWebKit/537.36 (KHTML, like Gecko) Chrome/88.0.4324.182 Safari/537.36"
80.122.221.194 - - [23/Feb/2021:15:35:14 +0100] "GET /reload?ser=1614090914855 HTTP/1.1" 200 28 "http://renault.activities.at/login" "Mozilla/5.0 (Windows NT 10.0; Win64; x64) AppleWebKit/537.36 (KHTML, like Gecko) Chrome/88.0.4324.182 Safari/537.36"
80.122.221.194 - - [23/Feb/2021:15:35:28 +0100] "GET /reload?ser=1614090928849 HTTP/1.1" 200 1234 "http://renault.activities.at/success" "Mozilla/5.0 (Windows NT 10.0; Win64; x64) AppleWebKit/537.36 (KHTML, like Gecko) Chrome/88.0.4324.150 Safari/537.36 Edg/88.0.705.63"
212.152.229.244 - - [23/Feb/2021:15:35:52 +0100] "GET /reload?ser=1614090952227 HTTP/1.1" 200 28 "http://renault.activities.at/result?searchterm=true&search=anh%E4nger" "Mozilla/5.0 (Windows NT 10.0; Win64; x64) AppleWebKit/537.36 (KHTML, like Gecko) Chrome/88.0.4324.182 Safari/537.36"
193.194.132.25 - - [23/Feb/2021:15:35:56 +0100] "GET /reload?ser=1614090955341 HTTP/1.1" 200 28 "http://renault.2web.at/account" "Mozilla/5.0 (Windows NT 10.0; Win64; x64) AppleWebKit/537.36 (KHTML, like Gecko) Chrome/88.0.4324.182 Safari/537.36"
80.122.221.194 - - [23/Feb/2021:15:36:15 +0100] "GET /reload?ser=1614090975853 HTTP/1.1" 200 28 "http://renault.activities.at/login" "Mozilla/5.0 (Windows NT 10.0; Win64; x64) AppleWebKit/537.36 (KHTML, like Gecko) Chrome/88.0.4324.182 Safari/537.36"
80.122.221.194 - - [23/Feb/2021:15:36:29 +0100] "GET /reload?ser=1614090989860 HTTP/1.1" 200 1230 "http://renault.activities.at/success" "Mozilla/5.0 (Windows NT 10.0; Win64; x64) AppleWebKit/537.36 (KHTML, like Gecko) Chrome/88.0.4324.150 Safari/537.36 Edg/88.0.705.63"
212.152.229.244 - - [23/Feb/2021:15:36:53 +0100] "GET /reload?ser=1614091013226 HTTP/1.1" 200 28 "http://renault.activities.at/result?searchterm=true&search=anh%E4nger" "Mozilla/5.0 (Windows NT 10.0; Win64; x64) AppleWebKit/537.36 (KHTML, like Gecko) Chrome/88.0.4324.182 Safari/537.36"
193.194.132.25 - - [23/Feb/2021:15:36:58 +0100] "GET /reload?ser=1614091017341 HTTP/1.1" 200 28 "http://renault.2web.at/account" "Mozilla/5.0 (Windows NT 10.0; Win64; x64) AppleWebKit/537.36 (KHTML, like Gecko) Chrome/88.0.4324.182 Safari/537.36"
80.122.221.194 - - [23/Feb/2021:15:37:16 +0100] "GET /reload?ser=1614091036860 HTTP/1.1" 200 28 "http://renault.activities.at/login" "Mozilla/5.0 (Windows NT 10.0; Win64; x64) AppleWebKit/537.36 (KHTML, like Gecko) Chrome/88.0.4324.182 Safari/537.36"
80.122.221.194 - - [23/Feb/2021:15:37:30 +0100] "GET /reload?ser=1614091050867 HTTP/1.1" 200 1236 "http://renault.activities.at/success" "Mozilla/5.0 (Windows NT 10.0; Win64; x64) AppleWebKit/537.36 (KHTML, like Gecko) Chrome/88.0.4324.150 Safari/537.36 Edg/88.0.705.63"
212.152.229.244 - - [23/Feb/2021:15:37:54 +0100] "GET /reload?ser=1614091074225 HTTP/1.1" 200 28 "http://renault.activities.at/result?searchterm=true&search=anh%E4nger" "Mozilla/5.0 (Windows NT 10.0; Win64; x64) AppleWebKit/537.36 (KHTML, like Gecko) Chrome/88.0.4324.182 Safari/537.36"
193.194.132.25 - - [23/Feb/2021:15:38:00 +0100] "GET /reload?ser=1614091079342 HTTP/1.1" 200 28 "http://renault.2web.at/account" "Mozilla/5.0 (Windows NT 10.0; Win64; x64) AppleWebKit/537.36 (KHTML, like Gecko) Chrome/88.0.4324.182 Safari/537.36"
80.122.221.194 - - [23/Feb/2021:15:38:17 +0100] "GET /reload?ser=1614091097860 HTTP/1.1" 200 28 "http://renault.activities.at/login" "Mozilla/5.0 (Windows NT 10.0; Win64; x64) AppleWebKit/537.36 (KHTML, like Gecko) Chrome/88.0.4324.182 Safari/537.36"
80.122.221.194 - - [23/Feb/2021:15:38:31 +0100] "GET /reload?ser=1614091111866 HTTP/1.1" 200 1236 "http://renault.activities.at/success" "Mozilla/5.0 (Windows NT 10.0; Win64; x64) AppleWebKit/537.36 (KHTML, like Gecko) Chrome/88.0.4324.150 Safari/537.36 Edg/88.0.705.63"
212.152.229.244 - - [23/Feb/2021:15:38:55 +0100] "GET /reload?ser=1614091135223 HTTP/1.1" 200 28 "http://renault.activities.at/result?searchterm=true&search=anh%E4nger" "Mozilla/5.0 (Windows NT 10.0; Win64; x64) AppleWebKit/537.36 (KHTML, like Gecko) Chrome/88.0.4324.182 Safari/537.36"
193.194.132.25 - - [23/Feb/2021:15:39:02 +0100] "GET /reload?ser=1614091141342 HTTP/1.1" 200 28 "http://renault.2web.at/account" "Mozilla/5.0 (Windows NT 10.0; Win64; x64) AppleWebKit/537.36 (KHTML, like Gecko) Chrome/88.0.4324.182 Safari/537.36"
80.122.221.194 - - [23/Feb/2021:15:39:18 +0100] "GET /reload?ser=1614091158861 HTTP/1.1" 200 28 "http://renault.activities.at/login" "Mozilla/5.0 (Windows NT 10.0; Win64; x64) AppleWebKit/537.36 (KHTML, like Gecko) Chrome/88.0.4324.182 Safari/537.36"
80.122.221.194 - - [23/Feb/2021:15:39:32 +0100] "GET /reload?ser=1614091172868 HTTP/1.1" 200 1241 "http://renault.activities.at/success" "Mozilla/5.0 (Windows NT 10.0; Win64; x64) AppleWebKit/537.36 (KHTML, like Gecko) Chrome/88.0.4324.150 Safari/537.36 Edg/88.0.705.63"
212.152.229.244 - - [23/Feb/2021:15:39:57 +0100] "GET /reload?ser=1614091196237 HTTP/1.1" 200 28 "http://renault.activities.at/result?searchterm=true&search=anh%E4nger" "Mozilla/5.0 (Windows NT 10.0; Win64; x64) AppleWebKit/537.36 (KHTML, like Gecko) Chrome/88.0.4324.182 Safari/537.36"
193.194.132.25 - - [23/Feb/2021:15:40:04 +0100] "GET /reload?ser=1614091203343 HTTP/1.1" 200 28 "http://renault.2web.at/account" "Mozilla/5.0 (Windows NT 10.0; Win64; x64) AppleWebKit/537.36 (KHTML, like Gecko) Chrome/88.0.4324.182 Safari/537.36"
80.122.221.194 - - [23/Feb/2021:15:40:19 +0100] "GET /reload?ser=1614091219857 HTTP/1.1" 200 28 "http://renault.activities.at/login" "Mozilla/5.0 (Windows NT 10.0; Win64; x64) AppleWebKit/537.36 (KHTML, like Gecko) Chrome/88.0.4324.182 Safari/537.36"
80.122.221.194 - - [23/Feb/2021:15:40:33 +0100] "GET /reload?ser=1614091233859 HTTP/1.1" 200 1235 "http://renault.activities.at/success" "Mozilla/5.0 (Windows NT 10.0; Win64; x64) AppleWebKit/537.36 (KHTML, like Gecko) Chrome/88.0.4324.150 Safari/537.36 Edg/88.0.705.63"
212.152.229.244 - - [23/Feb/2021:15:40:58 +0100] "GET /reload?ser=1614091257236 HTTP/1.1" 200 28 "http://renault.activities.at/result?searchterm=true&search=anh%E4nger" "Mozilla/5.0 (Windows NT 10.0; Win64; x64) AppleWebKit/537.36 (KHTML, like Gecko) Chrome/88.0.4324.182 Safari/537.36"
193.194.132.25 - - [23/Feb/2021:15:41:06 +0100] "GET /reload?ser=1614091265344 HTTP/1.1" 200 28 "http://renault.2web.at/account" "Mozilla/5.0 (Windows NT 10.0; Win64; x64) AppleWebKit/537.36 (KHTML, like Gecko) Chrome/88.0.4324.182 Safari/537.36"
80.122.221.194 - - [23/Feb/2021:15:41:20 +0100] "GET /reload?ser=1614091280860 HTTP/1.1" 200 28 "http://renault.activities.at/login" "Mozilla/5.0 (Windows NT 10.0; Win64; x64) AppleWebKit/537.36 (KHTML, like Gecko) Chrome/88.0.4324.182 Safari/537.36"
80.122.221.194 - - [23/Feb/2021:15:41:34 +0100] "GET /reload?ser=1614091294860 HTTP/1.1" 200 1231 "http://renault.activities.at/success" "Mozilla/5.0 (Windows NT 10.0; Win64; x64) AppleWebKit/537.36 (KHTML, like Gecko) Chrome/88.0.4324.150 Safari/537.36 Edg/88.0.705.63"
212.152.229.244 - - [23/Feb/2021:15:41:59 +0100] "GET /reload?ser=1614091318234 HTTP/1.1" 200 28 "http://renault.activities.at/result?searchterm=true&search=anh%E4nger" "Mozilla/5.0 (Windows NT 10.0; Win64; x64) AppleWebKit/537.36 (KHTML, like Gecko) Chrome/88.0.4324.182 Safari/537.36"
193.194.132.25 - - [23/Feb/2021:15:42:08 +0100] "GET /reload?ser=1614091327344 HTTP/1.1" 200 28 "http://renault.2web.at/account" "Mozilla/5.0 (Windows NT 10.0; Win64; x64) AppleWebKit/537.36 (KHTML, like Gecko) Chrome/88.0.4324.182 Safari/537.36"
80.122.221.194 - - [23/Feb/2021:15:42:21 +0100] "GET /reload?ser=1614091341866 HTTP/1.1" 200 28 "http://renault.activities.at/login" "Mozilla/5.0 (Windows NT 10.0; Win64; x64) AppleWebKit/537.36 (KHTML, like Gecko) Chrome/88.0.4324.182 Safari/537.36"
80.122.221.194 - - [23/Feb/2021:15:42:35 +0100] "GET /reload?ser=1614091355853 HTTP/1.1" 200 1235 "http://renault.activities.at/success" "Mozilla/5.0 (Windows NT 10.0; Win64; x64) AppleWebKit/537.36 (KHTML, like Gecko) Chrome/88.0.4324.150 Safari/537.36 Edg/88.0.705.63"
212.152.229.244 - - [23/Feb/2021:15:42:59 +0100] "GET /reload?ser=1614091379230 HTTP/1.1" 200 28 "http://renault.activities.at/result?searchterm=true&search=anh%E4nger" "Mozilla/5.0 (Windows NT 10.0; Win64; x64) AppleWebKit/537.36 (KHTML, like Gecko) Chrome/88.0.4324.182 Safari/537.36"
193.194.132.25 - - [23/Feb/2021:15:43:10 +0100] "GET /reload?ser=1614091389343 HTTP/1.1" 200 28 "http://renault.2web.at/account" "Mozilla/5.0 (Windows NT 10.0; Win64; x64) AppleWebKit/537.36 (KHTML, like Gecko) Chrome/88.0.4324.182 Safari/537.36"
80.122.221.194 - - [23/Feb/2021:15:43:22 +0100] "GET /reload?ser=1614091402857 HTTP/1.1" 200 28 "http://renault.activities.at/login" "Mozilla/5.0 (Windows NT 10.0; Win64; x64) AppleWebKit/537.36 (KHTML, like Gecko) Chrome/88.0.4324.182 Safari/537.36"
80.122.221.194 - - [23/Feb/2021:15:43:36 +0100] "GET /reload?ser=1614091416851 HTTP/1.1" 200 1228 "http://renault.activities.at/success" "Mozilla/5.0 (Windows NT 10.0; Win64; x64) AppleWebKit/537.36 (KHTML, like Gecko) Chrome/88.0.4324.150 Safari/537.36 Edg/88.0.705.63"
212.152.229.244 - - [23/Feb/2021:15:44:00 +0100] "GET /reload?ser=1614091440228 HTTP/1.1" 200 28 "http://renault.activities.at/result?searchterm=true&search=anh%E4nger" "Mozilla/5.0 (Windows NT 10.0; Win64; x64) AppleWebKit/537.36 (KHTML, like Gecko) Chrome/88.0.4324.182 Safari/537.36"
193.194.132.25 - - [23/Feb/2021:15:44:12 +0100] "GET /reload?ser=1614091451344 HTTP/1.1" 200 28 "http://renault.2web.at/account" "Mozilla/5.0 (Windows NT 10.0; Win64; x64) AppleWebKit/537.36 (KHTML, like Gecko) Chrome/88.0.4324.182 Safari/537.36"
40.77.167.69 - - [23/Feb/2021:15:44:17 +0100] "GET / HTTP/1.1" 200 3273 "-" "Mozilla/5.0 (compatible; bingbot/2.0; +http://www.bing.com/bingbot.htm)"
40.77.189.157 - - [23/Feb/2021:15:44:19 +0100] "GET /js/flashdetection.js HTTP/1.1" 200 2841 "-" "Mozilla/5.0 (Windows NT 6.1; WOW64) AppleWebKit/534+ (KHTML, like Gecko) BingPreview/1.0b"
40.77.189.181 - - [23/Feb/2021:15:44:20 +0100] "GET /css/styles.css HTTP/1.1" 200 78636 "-" "Mozilla/5.0 (Windows NT 6.1; WOW64) AppleWebKit/534+ (KHTML, like Gecko) BingPreview/1.0b"
40.77.188.32 - - [23/Feb/2021:15:44:19 +0100] "GET /js/index.php?c=auto&f=,prototype/prototype.js,prototype/validation.js,scriptaculous/builder.js,scriptaculous/effects.js,scriptaculous/dragdrop.js,scriptaculous/controls.js,scriptaculous/slider.js,varien/js.js,varien/form.js,varien/menu.js,mage/translate.js,mage/cookies.js,varien/product.js,spinner/SpinnerControl.jsmin.js,prototype/window.js,prototype/window_ext.js HTTP/1.1" 200 398646 "-" "Mozilla/5.0 (Windows NT 6.1; WOW64) AppleWebKit/534+ (KHTML, like Gecko) BingPreview/1.0b"
40.77.188.60 - - [23/Feb/2021:15:44:20 +0100] "GET /css/styles.css HTTP/1.1" 200 78636 "-" "Mozilla/5.0 (Windows NT 6.1; WOW64) AppleWebKit/534+ (KHTML, like Gecko) BingPreview/1.0b"
80.122.221.194 - - [23/Feb/2021:15:44:23 +0100] "GET /reload?ser=1614091463862 HTTP/1.1" 200 28 "http://renault.activities.at/login" "Mozilla/5.0 (Windows NT 10.0; Win64; x64) AppleWebKit/537.36 (KHTML, like Gecko) Chrome/88.0.4324.182 Safari/537.36"
80.122.221.194 - - [23/Feb/2021:15:44:37 +0100] "GET /reload?ser=1614091477855 HTTP/1.1" 200 1238 "http://renault.activities.at/success" "Mozilla/5.0 (Windows NT 10.0; Win64; x64) AppleWebKit/537.36 (KHTML, like Gecko) Chrome/88.0.4324.150 Safari/537.36 Edg/88.0.705.63"
212.152.229.244 - - [23/Feb/2021:15:45:01 +0100] "GET /reload?ser=1614091501227 HTTP/1.1" 200 28 "http://renault.activities.at/result?searchterm=true&search=anh%E4nger" "Mozilla/5.0 (Windows NT 10.0; Win64; x64) AppleWebKit/537.36 (KHTML, like Gecko) Chrome/88.0.4324.182 Safari/537.36"
193.194.132.25 - - [23/Feb/2021:15:45:14 +0100] "GET /reload?ser=1614091513343 HTTP/1.1" 200 28 "http://renault.2web.at/account" "Mozilla/5.0 (Windows NT 10.0; Win64; x64) AppleWebKit/537.36 (KHTML, like Gecko) Chrome/88.0.4324.182 Safari/537.36"
80.122.221.194 - - [23/Feb/2021:15:45:24 +0100] "GET /reload?ser=1614091524854 HTTP/1.1" 200 28 "http://renault.activities.at/login" "Mozilla/5.0 (Windows NT 10.0; Win64; x64) AppleWebKit/537.36 (KHTML, like Gecko) Chrome/88.0.4324.182 Safari/537.36"
80.122.221.194 - - [23/Feb/2021:15:45:38 +0100] "GET /reload?ser=1614091538849 HTTP/1.1" 200 1238 "http://renault.activities.at/success" "Mozilla/5.0 (Windows NT 10.0; Win64; x64) AppleWebKit/537.36 (KHTML, like Gecko) Chrome/88.0.4324.150 Safari/537.36 Edg/88.0.705.63"
212.152.229.244 - - [23/Feb/2021:15:46:02 +0100] "GET /reload?ser=1614091562225 HTTP/1.1" 200 28 "http://renault.activities.at/result?searchterm=true&search=anh%E4nger" "Mozilla/5.0 (Windows NT 10.0; Win64; x64) AppleWebKit/537.36 (KHTML, like Gecko) Chrome/88.0.4324.182 Safari/537.36"
193.194.132.25 - - [23/Feb/2021:15:46:16 +0100] "GET /reload?ser=1614091575343 HTTP/1.1" 200 28 "http://renault.2web.at/account" "Mozilla/5.0 (Windows NT 10.0; Win64; x64) AppleWebKit/537.36 (KHTML, like Gecko) Chrome/88.0.4324.182 Safari/537.36"
80.122.221.194 - - [23/Feb/2021:15:46:25 +0100] "GET /reload?ser=1614091585862 HTTP/1.1" 200 28 "http://renault.activities.at/login" "Mozilla/5.0 (Windows NT 10.0; Win64; x64) AppleWebKit/537.36 (KHTML, like Gecko) Chrome/88.0.4324.182 Safari/537.36"
80.122.221.194 - - [23/Feb/2021:15:46:39 +0100] "GET /reload?ser=1614091599855 HTTP/1.1" 200 1248 "http://renault.activities.at/success" "Mozilla/5.0 (Windows NT 10.0; Win64; x64) AppleWebKit/537.36 (KHTML, like Gecko) Chrome/88.0.4324.150 Safari/537.36 Edg/88.0.705.63"
212.152.229.244 - - [23/Feb/2021:15:47:03 +0100] "GET /reload?ser=1614091623224 HTTP/1.1" 200 28 "http://renault.activities.at/result?searchterm=true&search=anh%E4nger" "Mozilla/5.0 (Windows NT 10.0; Win64; x64) AppleWebKit/537.36 (KHTML, like Gecko) Chrome/88.0.4324.182 Safari/537.36"
193.194.132.25 - - [23/Feb/2021:15:47:18 +0100] "GET /reload?ser=1614091637344 HTTP/1.1" 200 28 "http://renault.2web.at/account" "Mozilla/5.0 (Windows NT 10.0; Win64; x64) AppleWebKit/537.36 (KHTML, like Gecko) Chrome/88.0.4324.182 Safari/537.36"
80.122.221.194 - - [23/Feb/2021:15:47:26 +0100] "GET /reload?ser=1614091646859 HTTP/1.1" 200 28 "http://renault.activities.at/login" "Mozilla/5.0 (Windows NT 10.0; Win64; x64) AppleWebKit/537.36 (KHTML, like Gecko) Chrome/88.0.4324.182 Safari/537.36"
80.122.221.194 - - [23/Feb/2021:15:47:40 +0100] "GET /reload?ser=1614091660851 HTTP/1.1" 200 1244 "http://renault.activities.at/success" "Mozilla/5.0 (Windows NT 10.0; Win64; x64) AppleWebKit/537.36 (KHTML, like Gecko) Chrome/88.0.4324.150 Safari/537.36 Edg/88.0.705.63"
212.152.229.244 - - [23/Feb/2021:15:48:04 +0100] "GET /reload?ser=1614091684222 HTTP/1.1" 200 28 "http://renault.activities.at/result?searchterm=true&search=anh%E4nger" "Mozilla/5.0 (Windows NT 10.0; Win64; x64) AppleWebKit/537.36 (KHTML, like Gecko) Chrome/88.0.4324.182 Safari/537.36"
193.194.132.25 - - [23/Feb/2021:15:48:20 +0100] "GET /reload?ser=1614091699345 HTTP/1.1" 200 28 "http://renault.2web.at/account" "Mozilla/5.0 (Windows NT 10.0; Win64; x64) AppleWebKit/537.36 (KHTML, like Gecko) Chrome/88.0.4324.182 Safari/537.36"
80.122.221.194 - - [23/Feb/2021:15:48:27 +0100] "GET /reload?ser=1614091707857 HTTP/1.1" 200 28 "http://renault.activities.at/login" "Mozilla/5.0 (Windows NT 10.0; Win64; x64) AppleWebKit/537.36 (KHTML, like Gecko) Chrome/88.0.4324.182 Safari/537.36"
80.122.221.194 - - [23/Feb/2021:15:48:41 +0100] "GET /reload?ser=1614091721850 HTTP/1.1" 200 1239 "http://renault.activities.at/success" "Mozilla/5.0 (Windows NT 10.0; Win64; x64) AppleWebKit/537.36 (KHTML, like Gecko) Chrome/88.0.4324.150 Safari/537.36 Edg/88.0.705.63"
212.152.229.244 - - [23/Feb/2021:15:49:06 +0100] "GET /reload?ser=1614091745237 HTTP/1.1" 200 28 "http://renault.activities.at/result?searchterm=true&search=anh%E4nger" "Mozilla/5.0 (Windows NT 10.0; Win64; x64) AppleWebKit/537.36 (KHTML, like Gecko) Chrome/88.0.4324.182 Safari/537.36"
193.194.132.25 - - [23/Feb/2021:15:49:22 +0100] "GET /reload?ser=1614091761344 HTTP/1.1" 200 28 "http://renault.2web.at/account" "Mozilla/5.0 (Windows NT 10.0; Win64; x64) AppleWebKit/537.36 (KHTML, like Gecko) Chrome/88.0.4324.182 Safari/537.36"
80.122.221.194 - - [23/Feb/2021:15:49:28 +0100] "GET /reload?ser=1614091768851 HTTP/1.1" 200 28 "http://renault.activities.at/login" "Mozilla/5.0 (Windows NT 10.0; Win64; x64) AppleWebKit/537.36 (KHTML, like Gecko) Chrome/88.0.4324.182 Safari/537.36"
80.122.221.194 - - [23/Feb/2021:15:49:42 +0100] "GET /reload?ser=1614091782858 HTTP/1.1" 200 1237 "http://renault.activities.at/success" "Mozilla/5.0 (Windows NT 10.0; Win64; x64) AppleWebKit/537.36 (KHTML, like Gecko) Chrome/88.0.4324.150 Safari/537.36 Edg/88.0.705.63"
212.152.229.244 - - [23/Feb/2021:15:50:07 +0100] "GET /reload?ser=1614091806235 HTTP/1.1" 200 28 "http://renault.activities.at/result?searchterm=true&search=anh%E4nger" "Mozilla/5.0 (Windows NT 10.0; Win64; x64) AppleWebKit/537.36 (KHTML, like Gecko) Chrome/88.0.4324.182 Safari/537.36"
193.194.132.25 - - [23/Feb/2021:15:50:24 +0100] "GET /reload?ser=1614091823344 HTTP/1.1" 200 28 "http://renault.2web.at/account" "Mozilla/5.0 (Windows NT 10.0; Win64; x64) AppleWebKit/537.36 (KHTML, like Gecko) Chrome/88.0.4324.182 Safari/537.36"
80.122.221.194 - - [23/Feb/2021:15:50:29 +0100] "GET /reload?ser=1614091829846 HTTP/1.1" 200 28 "http://renault.activities.at/login" "Mozilla/5.0 (Windows NT 10.0; Win64; x64) AppleWebKit/537.36 (KHTML, like Gecko) Chrome/88.0.4324.182 Safari/537.36"
80.122.221.194 - - [23/Feb/2021:15:50:43 +0100] "GET /reload?ser=1614091843851 HTTP/1.1" 200 1248 "http://renault.activities.at/success" "Mozilla/5.0 (Windows NT 10.0; Win64; x64) AppleWebKit/537.36 (KHTML, like Gecko) Chrome/88.0.4324.150 Safari/537.36 Edg/88.0.705.63"
212.152.229.244 - - [23/Feb/2021:15:51:08 +0100] "GET /reload?ser=1614091867234 HTTP/1.1" 200 28 "http://renault.activities.at/result?searchterm=true&search=anh%E4nger" "Mozilla/5.0 (Windows NT 10.0; Win64; x64) AppleWebKit/537.36 (KHTML, like Gecko) Chrome/88.0.4324.182 Safari/537.36"
193.194.132.25 - - [23/Feb/2021:15:51:26 +0100] "GET /reload?ser=1614091885345 HTTP/1.1" 200 28 "http://renault.2web.at/account" "Mozilla/5.0 (Windows NT 10.0; Win64; x64) AppleWebKit/537.36 (KHTML, like Gecko) Chrome/88.0.4324.182 Safari/537.36"
80.122.221.194 - - [23/Feb/2021:15:51:30 +0100] "GET /reload?ser=1614091890854 HTTP/1.1" 200 28 "http://renault.activities.at/login" "Mozilla/5.0 (Windows NT 10.0; Win64; x64) AppleWebKit/537.36 (KHTML, like Gecko) Chrome/88.0.4324.182 Safari/537.36"
80.122.221.194 - - [23/Feb/2021:15:51:44 +0100] "GET /reload?ser=1614091904856 HTTP/1.1" 200 1234 "http://renault.activities.at/success" "Mozilla/5.0 (Windows NT 10.0; Win64; x64) AppleWebKit/537.36 (KHTML, like Gecko) Chrome/88.0.4324.150 Safari/537.36 Edg/88.0.705.63"
212.152.229.244 - - [23/Feb/2021:15:52:09 +0100] "GET /reload?ser=1614091928232 HTTP/1.1" 200 28 "http://renault.activities.at/result?searchterm=true&search=anh%E4nger" "Mozilla/5.0 (Windows NT 10.0; Win64; x64) AppleWebKit/537.36 (KHTML, like Gecko) Chrome/88.0.4324.182 Safari/537.36"
193.194.132.25 - - [23/Feb/2021:15:52:28 +0100] "GET /reload?ser=1614091947346 HTTP/1.1" 200 28 "http://renault.2web.at/account" "Mozilla/5.0 (Windows NT 10.0; Win64; x64) AppleWebKit/537.36 (KHTML, like Gecko) Chrome/88.0.4324.182 Safari/537.36"
80.122.221.194 - - [23/Feb/2021:15:52:31 +0100] "GET /reload?ser=1614091951865 HTTP/1.1" 200 28 "http://renault.activities.at/login" "Mozilla/5.0 (Windows NT 10.0; Win64; x64) AppleWebKit/537.36 (KHTML, like Gecko) Chrome/88.0.4324.182 Safari/537.36"
80.122.221.194 - - [23/Feb/2021:15:52:45 +0100] "GET /reload?ser=1614091965850 HTTP/1.1" 200 1226 "http://renault.activities.at/success" "Mozilla/5.0 (Windows NT 10.0; Win64; x64) AppleWebKit/537.36 (KHTML, like Gecko) Chrome/88.0.4324.150 Safari/537.36 Edg/88.0.705.63"
212.152.229.244 - - [23/Feb/2021:15:53:10 +0100] "GET /reload?ser=1614091989231 HTTP/1.1" 200 28 "http://renault.activities.at/result?searchterm=true&search=anh%E4nger" "Mozilla/5.0 (Windows NT 10.0; Win64; x64) AppleWebKit/537.36 (KHTML, like Gecko) Chrome/88.0.4324.182 Safari/537.36"
193.194.132.25 - - [23/Feb/2021:15:53:30 +0100] "GET /reload?ser=1614092009345 HTTP/1.1" 200 28 "http://renault.2web.at/account" "Mozilla/5.0 (Windows NT 10.0; Win64; x64) AppleWebKit/537.36 (KHTML, like Gecko) Chrome/88.0.4324.182 Safari/537.36"
80.122.221.194 - - [23/Feb/2021:15:53:32 +0100] "GET /reload?ser=1614092012856 HTTP/1.1" 200 28 "http://renault.activities.at/login" "Mozilla/5.0 (Windows NT 10.0; Win64; x64) AppleWebKit/537.36 (KHTML, like Gecko) Chrome/88.0.4324.182 Safari/537.36"
80.122.221.194 - - [23/Feb/2021:15:53:46 +0100] "GET /reload?ser=1614092026849 HTTP/1.1" 200 1251 "http://renault.activities.at/success" "Mozilla/5.0 (Windows NT 10.0; Win64; x64) AppleWebKit/537.36 (KHTML, like Gecko) Chrome/88.0.4324.150 Safari/537.36 Edg/88.0.705.63"
212.152.229.244 - - [23/Feb/2021:15:54:12 +0100] "GET /reload?ser=1614092051229 HTTP/1.1" 200 28 "http://renault.activities.at/result?searchterm=true&search=anh%E4nger" "Mozilla/5.0 (Windows NT 10.0; Win64; x64) AppleWebKit/537.36 (KHTML, like Gecko) Chrome/88.0.4324.182 Safari/537.36"
193.194.132.25 - - [23/Feb/2021:15:54:31 +0100] "GET /reload?ser=1614092071346 HTTP/1.1" 200 28 "http://renault.2web.at/account" "Mozilla/5.0 (Windows NT 10.0; Win64; x64) AppleWebKit/537.36 (KHTML, like Gecko) Chrome/88.0.4324.182 Safari/537.36"
80.122.221.194 - - [23/Feb/2021:15:54:33 +0100] "GET /reload?ser=1614092073854 HTTP/1.1" 200 28 "http://renault.activities.at/login" "Mozilla/5.0 (Windows NT 10.0; Win64; x64) AppleWebKit/537.36 (KHTML, like Gecko) Chrome/88.0.4324.182 Safari/537.36"
80.122.221.194 - - [23/Feb/2021:15:54:47 +0100] "GET /reload?ser=1614092087850 HTTP/1.1" 200 1234 "http://renault.activities.at/success" "Mozilla/5.0 (Windows NT 10.0; Win64; x64) AppleWebKit/537.36 (KHTML, like Gecko) Chrome/88.0.4324.150 Safari/537.36 Edg/88.0.705.63"
212.152.229.244 - - [23/Feb/2021:15:55:13 +0100] "GET /reload?ser=1614092112228 HTTP/1.1" 200 28 "http://renault.activities.at/result?searchterm=true&search=anh%E4nger" "Mozilla/5.0 (Windows NT 10.0; Win64; x64) AppleWebKit/537.36 (KHTML, like Gecko) Chrome/88.0.4324.182 Safari/537.36"
193.194.132.25 - - [23/Feb/2021:15:55:33 +0100] "GET /reload?ser=1614092133345 HTTP/1.1" 200 28 "http://renault.2web.at/account" "Mozilla/5.0 (Windows NT 10.0; Win64; x64) AppleWebKit/537.36 (KHTML, like Gecko) Chrome/88.0.4324.182 Safari/537.36"
80.122.221.194 - - [23/Feb/2021:15:55:34 +0100] "GET /reload?ser=1614092134853 HTTP/1.1" 200 28 "http://renault.activities.at/login" "Mozilla/5.0 (Windows NT 10.0; Win64; x64) AppleWebKit/537.36 (KHTML, like Gecko) Chrome/88.0.4324.182 Safari/537.36"
80.122.221.194 - - [23/Feb/2021:15:55:48 +0100] "GET /reload?ser=1614092148859 HTTP/1.1" 200 1235 "http://renault.activities.at/success" "Mozilla/5.0 (Windows NT 10.0; Win64; x64) AppleWebKit/537.36 (KHTML, like Gecko) Chrome/88.0.4324.150 Safari/537.36 Edg/88.0.705.63"
212.152.229.244 - - [23/Feb/2021:15:56:14 +0100] "GET /reload?ser=1614092173227 HTTP/1.1" 200 28 "http://renault.activities.at/result?searchterm=true&search=anh%E4nger" "Mozilla/5.0 (Windows NT 10.0; Win64; x64) AppleWebKit/537.36 (KHTML, like Gecko) Chrome/88.0.4324.182 Safari/537.36"
80.122.221.194 - - [23/Feb/2021:15:56:35 +0100] "GET /reload?ser=1614092195851 HTTP/1.1" 200 28 "http://renault.activities.at/login" "Mozilla/5.0 (Windows NT 10.0; Win64; x64) AppleWebKit/537.36 (KHTML, like Gecko) Chrome/88.0.4324.182 Safari/537.36"
193.194.132.25 - - [23/Feb/2021:15:56:36 +0100] "GET /reload?ser=1614092195345 HTTP/1.1" 200 28 "http://renault.2web.at/account" "Mozilla/5.0 (Windows NT 10.0; Win64; x64) AppleWebKit/537.36 (KHTML, like Gecko) Chrome/88.0.4324.182 Safari/537.36"
80.122.221.194 - - [23/Feb/2021:15:56:49 +0100] "GET /reload?ser=1614092209856 HTTP/1.1" 200 1242 "http://renault.activities.at/success" "Mozilla/5.0 (Windows NT 10.0; Win64; x64) AppleWebKit/537.36 (KHTML, like Gecko) Chrome/88.0.4324.150 Safari/537.36 Edg/88.0.705.63"
212.152.229.244 - - [23/Feb/2021:15:57:15 +0100] "GET /reload?ser=1614092234225 HTTP/1.1" 200 28 "http://renault.activities.at/result?searchterm=true&search=anh%E4nger" "Mozilla/5.0 (Windows NT 10.0; Win64; x64) AppleWebKit/537.36 (KHTML, like Gecko) Chrome/88.0.4324.182 Safari/537.36"
80.122.221.194 - - [23/Feb/2021:15:57:36 +0100] "GET /reload?ser=1614092256849 HTTP/1.1" 200 28 "http://renault.activities.at/login" "Mozilla/5.0 (Windows NT 10.0; Win64; x64) AppleWebKit/537.36 (KHTML, like Gecko) Chrome/88.0.4324.182 Safari/537.36"
193.194.132.25 - - [23/Feb/2021:15:57:38 +0100] "GET /reload?ser=1614092257347 HTTP/1.1" 200 28 "http://renault.2web.at/account" "Mozilla/5.0 (Windows NT 10.0; Win64; x64) AppleWebKit/537.36 (KHTML, like Gecko) Chrome/88.0.4324.182 Safari/537.36"
80.122.221.194 - - [23/Feb/2021:15:57:50 +0100] "GET /reload?ser=1614092270854 HTTP/1.1" 200 1239 "http://renault.activities.at/success" "Mozilla/5.0 (Windows NT 10.0; Win64; x64) AppleWebKit/537.36 (KHTML, like Gecko) Chrome/88.0.4324.150 Safari/537.36 Edg/88.0.705.63"
212.152.229.244 - - [23/Feb/2021:15:58:16 +0100] "GET /reload?ser=1614092295224 HTTP/1.1" 200 28 "http://renault.activities.at/result?searchterm=true&search=anh%E4nger" "Mozilla/5.0 (Windows NT 10.0; Win64; x64) AppleWebKit/537.36 (KHTML, like Gecko) Chrome/88.0.4324.182 Safari/537.36"
80.122.221.194 - - [23/Feb/2021:15:58:37 +0100] "GET /reload?ser=1614092317856 HTTP/1.1" 200 28 "http://renault.activities.at/login" "Mozilla/5.0 (Windows NT 10.0; Win64; x64) AppleWebKit/537.36 (KHTML, like Gecko) Chrome/88.0.4324.182 Safari/537.36"
193.194.132.25 - - [23/Feb/2021:15:58:40 +0100] "GET /reload?ser=1614092319346 HTTP/1.1" 200 28 "http://renault.2web.at/account" "Mozilla/5.0 (Windows NT 10.0; Win64; x64) AppleWebKit/537.36 (KHTML, like Gecko) Chrome/88.0.4324.182 Safari/537.36"
80.122.221.194 - - [23/Feb/2021:15:58:51 +0100] "GET /reload?ser=1614092331859 HTTP/1.1" 200 1232 "http://renault.activities.at/success" "Mozilla/5.0 (Windows NT 10.0; Win64; x64) AppleWebKit/537.36 (KHTML, like Gecko) Chrome/88.0.4324.150 Safari/537.36 Edg/88.0.705.63"
212.152.229.244 - - [23/Feb/2021:15:59:17 +0100] "GET /reload?ser=1614092356238 HTTP/1.1" 200 28 "http://renault.activities.at/result?searchterm=true&search=anh%E4nger" "Mozilla/5.0 (Windows NT 10.0; Win64; x64) AppleWebKit/537.36 (KHTML, like Gecko) Chrome/88.0.4324.182 Safari/537.36"
80.122.221.194 - - [23/Feb/2021:15:59:38 +0100] "GET /reload?ser=1614092378852 HTTP/1.1" 200 28 "http://renault.activities.at/login" "Mozilla/5.0 (Windows NT 10.0; Win64; x64) AppleWebKit/537.36 (KHTML, like Gecko) Chrome/88.0.4324.182 Safari/537.36"
193.194.132.25 - - [23/Feb/2021:15:59:42 +0100] "GET /reload?ser=1614092381349 HTTP/1.1" 200 28 "http://renault.2web.at/account" "Mozilla/5.0 (Windows NT 10.0; Win64; x64) AppleWebKit/537.36 (KHTML, like Gecko) Chrome/88.0.4324.182 Safari/537.36"
80.122.221.194 - - [23/Feb/2021:15:59:52 +0100] "GET /reload?ser=1614092392860 HTTP/1.1" 200 1238 "http://renault.activities.at/success" "Mozilla/5.0 (Windows NT 10.0; Win64; x64) AppleWebKit/537.36 (KHTML, like Gecko) Chrome/88.0.4324.150 Safari/537.36 Edg/88.0.705.63"
212.152.229.244 - - [23/Feb/2021:16:00:18 +0100] "GET /reload?ser=1614092417236 HTTP/1.1" 200 28 "http://renault.activities.at/result?searchterm=true&search=anh%E4nger" "Mozilla/5.0 (Windows NT 10.0; Win64; x64) AppleWebKit/537.36 (KHTML, like Gecko) Chrome/88.0.4324.182 Safari/537.36"
80.122.221.194 - - [23/Feb/2021:16:00:39 +0100] "GET /reload?ser=1614092439858 HTTP/1.1" 200 28 "http://renault.activities.at/login" "Mozilla/5.0 (Windows NT 10.0; Win64; x64) AppleWebKit/537.36 (KHTML, like Gecko) Chrome/88.0.4324.182 Safari/537.36"
193.194.132.25 - - [23/Feb/2021:16:00:44 +0100] "GET /reload?ser=1614092443347 HTTP/1.1" 200 28 "http://renault.2web.at/account" "Mozilla/5.0 (Windows NT 10.0; Win64; x64) AppleWebKit/537.36 (KHTML, like Gecko) Chrome/88.0.4324.182 Safari/537.36"
80.122.221.194 - - [23/Feb/2021:16:00:53 +0100] "GET /reload?ser=1614092453847 HTTP/1.1" 200 1237 "http://renault.activities.at/success" "Mozilla/5.0 (Windows NT 10.0; Win64; x64) AppleWebKit/537.36 (KHTML, like Gecko) Chrome/88.0.4324.150 Safari/537.36 Edg/88.0.705.63"
212.152.229.244 - - [23/Feb/2021:16:01:19 +0100] "GET /reload?ser=1614092478235 HTTP/1.1" 200 28 "http://renault.activities.at/result?searchterm=true&search=anh%E4nger" "Mozilla/5.0 (Windows NT 10.0; Win64; x64) AppleWebKit/537.36 (KHTML, like Gecko) Chrome/88.0.4324.182 Safari/537.36"
80.122.221.194 - - [23/Feb/2021:16:01:40 +0100] "GET /reload?ser=1614092500856 HTTP/1.1" 200 28 "http://renault.activities.at/login" "Mozilla/5.0 (Windows NT 10.0; Win64; x64) AppleWebKit/537.36 (KHTML, like Gecko) Chrome/88.0.4324.182 Safari/537.36"
193.194.132.25 - - [23/Feb/2021:16:01:46 +0100] "GET /reload?ser=1614092505348 HTTP/1.1" 200 28 "http://renault.2web.at/account" "Mozilla/5.0 (Windows NT 10.0; Win64; x64) AppleWebKit/537.36 (KHTML, like Gecko) Chrome/88.0.4324.182 Safari/537.36"
80.122.221.194 - - [23/Feb/2021:16:01:54 +0100] "GET /reload?ser=1614092514848 HTTP/1.1" 200 1235 "http://renault.activities.at/success" "Mozilla/5.0 (Windows NT 10.0; Win64; x64) AppleWebKit/537.36 (KHTML, like Gecko) Chrome/88.0.4324.150 Safari/537.36 Edg/88.0.705.63"
212.152.229.244 - - [23/Feb/2021:16:02:20 +0100] "GET /reload?ser=1614092539233 HTTP/1.1" 200 28 "http://renault.activities.at/result?searchterm=true&search=anh%E4nger" "Mozilla/5.0 (Windows NT 10.0; Win64; x64) AppleWebKit/537.36 (KHTML, like Gecko) Chrome/88.0.4324.182 Safari/537.36"
80.122.221.194 - - [23/Feb/2021:16:02:41 +0100] "GET /reload?ser=1614092561852 HTTP/1.1" 200 28 "http://renault.activities.at/login" "Mozilla/5.0 (Windows NT 10.0; Win64; x64) AppleWebKit/537.36 (KHTML, like Gecko) Chrome/88.0.4324.182 Safari/537.36"
91.114.1.46 - - [23/Feb/2021:16:02:46 +0100] "GET /login HTTP/1.1" 200 2085 "-" "Mozilla/5.0 (Windows NT 10.0; Win64; x64) AppleWebKit/537.36 (KHTML, like Gecko) Chrome/88.0.4324.182 Safari/537.36"
91.114.1.46 - - [23/Feb/2021:16:02:46 +0100] "GET /js/default.js HTTP/1.1" 200 14698 "http://renault.activities.at/login" "Mozilla/5.0 (Windows NT 10.0; Win64; x64) AppleWebKit/537.36 (KHTML, like Gecko) Chrome/88.0.4324.182 Safari/537.36"
91.114.1.46 - - [23/Feb/2021:16:02:46 +0100] "GET /css/reset.css HTTP/1.1" 200 1356 "http://renault.activities.at/login" "Mozilla/5.0 (Windows NT 10.0; Win64; x64) AppleWebKit/537.36 (KHTML, like Gecko) Chrome/88.0.4324.182 Safari/537.36"
91.114.1.46 - - [23/Feb/2021:16:02:46 +0100] "GET /css/clears.css HTTP/1.1" 200 851 "http://renault.activities.at/login" "Mozilla/5.0 (Windows NT 10.0; Win64; x64) AppleWebKit/537.36 (KHTML, like Gecko) Chrome/88.0.4324.182 Safari/537.36"
91.114.1.46 - - [23/Feb/2021:16:02:46 +0100] "GET /js/checkout.css HTTP/1.1" 200 359 "http://renault.activities.at/login" "Mozilla/5.0 (Windows NT 10.0; Win64; x64) AppleWebKit/537.36 (KHTML, like Gecko) Chrome/88.0.4324.182 Safari/537.36"
91.114.1.46 - - [23/Feb/2021:16:02:46 +0100] "GET /css/prototip.css HTTP/1.1" 200 968 "http://renault.activities.at/login" "Mozilla/5.0 (Windows NT 10.0; Win64; x64) AppleWebKit/537.36 (KHTML, like Gecko) Chrome/88.0.4324.182 Safari/537.36"
91.114.1.46 - - [23/Feb/2021:16:02:46 +0100] "GET /css/styles.css HTTP/1.1" 200 14664 "http://renault.activities.at/login" "Mozilla/5.0 (Windows NT 10.0; Win64; x64) AppleWebKit/537.36 (KHTML, like Gecko) Chrome/88.0.4324.182 Safari/537.36"
91.114.1.46 - - [23/Feb/2021:16:02:46 +0100] "GET /css/themes/default.css HTTP/1.1" 200 769 "http://renault.activities.at/login" "Mozilla/5.0 (Windows NT 10.0; Win64; x64) AppleWebKit/537.36 (KHTML, like Gecko) Chrome/88.0.4324.182 Safari/537.36"
91.114.1.46 - - [23/Feb/2021:16:02:46 +0100] "GET /css/themes/alphacube.css HTTP/1.1" 200 743 "http://renault.activities.at/login" "Mozilla/5.0 (Windows NT 10.0; Win64; x64) AppleWebKit/537.36 (KHTML, like Gecko) Chrome/88.0.4324.182 Safari/537.36"
91.114.1.46 - - [23/Feb/2021:16:02:46 +0100] "GET /js/index.php?c=auto&f=,prototype/prototype.js,prototype/validation.js,scriptaculous/builder.js,scriptaculous/effects.js,scriptaculous/dragdrop.js,scriptaculous/controls.js,scriptaculous/slider.js,varien/js.js,varien/form.js,varien/menu.js,mage/translate.js,mage/cookies.js,varien/product.js,spinner/SpinnerControl.jsmin.js,prototype/window.js,prototype/window_ext.js HTTP/1.1" 200 94182 "http://renault.activities.at/login" "Mozilla/5.0 (Windows NT 10.0; Win64; x64) AppleWebKit/537.36 (KHTML, like Gecko) Chrome/88.0.4324.182 Safari/537.36"
91.114.1.46 - - [23/Feb/2021:16:02:47 +0100] "GET /images/main_block_border.gif HTTP/1.1" 200 43 "http://renault.activities.at/css/styles.css" "Mozilla/5.0 (Windows NT 10.0; Win64; x64) AppleWebKit/537.36 (KHTML, like Gecko) Chrome/88.0.4324.182 Safari/537.36"
91.114.1.46 - - [23/Feb/2021:16:02:47 +0100] "GET /images/main_block_corner_left_bot.gif HTTP/1.1" 200 159 "http://renault.activities.at/css/styles.css" "Mozilla/5.0 (Windows NT 10.0; Win64; x64) AppleWebKit/537.36 (KHTML, like Gecko) Chrome/88.0.4324.182 Safari/537.36"
91.114.1.46 - - [23/Feb/2021:16:02:47 +0100] "GET /images/main_block_corner_right_bot.gif HTTP/1.1" 200 158 "http://renault.activities.at/css/styles.css" "Mozilla/5.0 (Windows NT 10.0; Win64; x64) AppleWebKit/537.36 (KHTML, like Gecko) Chrome/88.0.4324.182 Safari/537.36"
91.114.1.46 - - [23/Feb/2021:16:02:47 +0100] "GET /images/header_block_corner_left_top.gif HTTP/1.1" 200 160 "http://renault.activities.at/css/styles.css" "Mozilla/5.0 (Windows NT 10.0; Win64; x64) AppleWebKit/537.36 (KHTML, like Gecko) Chrome/88.0.4324.182 Safari/537.36"
91.114.1.46 - - [23/Feb/2021:16:02:47 +0100] "GET /images/header_block_border.gif HTTP/1.1" 200 43 "http://renault.activities.at/css/styles.css" "Mozilla/5.0 (Windows NT 10.0; Win64; x64) AppleWebKit/537.36 (KHTML, like Gecko) Chrome/88.0.4324.182 Safari/537.36"
91.114.1.46 - - [23/Feb/2021:16:02:47 +0100] "GET /css/print.css HTTP/1.1" 200 543 "http://renault.activities.at/login" "Mozilla/5.0 (Windows NT 10.0; Win64; x64) AppleWebKit/537.36 (KHTML, like Gecko) Chrome/88.0.4324.182 Safari/537.36"
91.114.1.46 - - [23/Feb/2021:16:02:47 +0100] "GET /images/button_bg.gif HTTP/1.1" 200 151 "http://renault.activities.at/css/styles.css" "Mozilla/5.0 (Windows NT 10.0; Win64; x64) AppleWebKit/537.36 (KHTML, like Gecko) Chrome/88.0.4324.182 Safari/537.36"
91.114.1.46 - - [23/Feb/2021:16:02:47 +0100] "GET /images/title_corner_left_top.jpg HTTP/1.1" 200 372 "http://renault.activities.at/css/styles.css" "Mozilla/5.0 (Windows NT 10.0; Win64; x64) AppleWebKit/537.36 (KHTML, like Gecko) Chrome/88.0.4324.182 Safari/537.36"
91.114.1.46 - - [23/Feb/2021:16:02:47 +0100] "GET /images/title_border_top.jpg HTTP/1.1" 200 336 "http://renault.activities.at/css/styles.css" "Mozilla/5.0 (Windows NT 10.0; Win64; x64) AppleWebKit/537.36 (KHTML, like Gecko) Chrome/88.0.4324.182 Safari/537.36"
91.114.1.46 - - [23/Feb/2021:16:02:47 +0100] "GET /images/button_left_bg.gif HTTP/1.1" 200 564 "http://renault.activities.at/css/styles.css" "Mozilla/5.0 (Windows NT 10.0; Win64; x64) AppleWebKit/537.36 (KHTML, like Gecko) Chrome/88.0.4324.182 Safari/537.36"
91.114.1.46 - - [23/Feb/2021:16:02:47 +0100] "GET /images/main_block_corner_right_top.gif HTTP/1.1" 200 159 "http://renault.activities.at/css/styles.css" "Mozilla/5.0 (Windows NT 10.0; Win64; x64) AppleWebKit/537.36 (KHTML, like Gecko) Chrome/88.0.4324.182 Safari/537.36"
91.114.1.46 - - [23/Feb/2021:16:02:47 +0100] "GET /images/main_block_corner_left_top.gif HTTP/1.1" 200 159 "http://renault.activities.at/css/styles.css" "Mozilla/5.0 (Windows NT 10.0; Win64; x64) AppleWebKit/537.36 (KHTML, like Gecko) Chrome/88.0.4324.182 Safari/537.36"
91.114.1.46 - - [23/Feb/2021:16:02:47 +0100] "GET /images/header_block_corner_right_top.gif HTTP/1.1" 200 160 "http://renault.activities.at/css/styles.css" "Mozilla/5.0 (Windows NT 10.0; Win64; x64) AppleWebKit/537.36 (KHTML, like Gecko) Chrome/88.0.4324.182 Safari/537.36"
91.114.1.46 - - [23/Feb/2021:16:02:47 +0100] "GET /images/title_border.jpg HTTP/1.1" 200 304 "http://renault.activities.at/css/styles.css" "Mozilla/5.0 (Windows NT 10.0; Win64; x64) AppleWebKit/537.36 (KHTML, like Gecko) Chrome/88.0.4324.182 Safari/537.36"
91.114.1.46 - - [23/Feb/2021:16:02:47 +0100] "GET /images/title_corner_right_top.jpg HTTP/1.1" 200 389 "http://renault.activities.at/css/styles.css" "Mozilla/5.0 (Windows NT 10.0; Win64; x64) AppleWebKit/537.36 (KHTML, like Gecko) Chrome/88.0.4324.182 Safari/537.36"
91.114.1.46 - - [23/Feb/2021:16:02:47 +0100] "GET /images/button_right_bg.gif HTTP/1.1" 200 561 "http://renault.activities.at/css/styles.css" "Mozilla/5.0 (Windows NT 10.0; Win64; x64) AppleWebKit/537.36 (KHTML, like Gecko) Chrome/88.0.4324.182 Safari/537.36"
91.114.1.46 - - [23/Feb/2021:16:02:47 +0100] "GET /loadthumbnail.php?id=11127982 HTTP/1.1" 200 399614 "http://renault.activities.at/login" "Mozilla/5.0 (Windows NT 10.0; Win64; x64) AppleWebKit/537.36 (KHTML, like Gecko) Chrome/88.0.4324.182 Safari/537.36"
193.194.132.25 - - [23/Feb/2021:16:02:49 +0100] "GET /reload?ser=1614092568348 HTTP/1.1" 200 28 "http://renault.2web.at/account" "Mozilla/5.0 (Windows NT 10.0; Win64; x64) AppleWebKit/537.36 (KHTML, like Gecko) Chrome/88.0.4324.182 Safari/537.36"
91.114.1.46 - - [23/Feb/2021:16:02:51 +0100] "POST /login HTTP/1.1" 302 140 "http://renault.activities.at/login" "Mozilla/5.0 (Windows NT 10.0; Win64; x64) AppleWebKit/537.36 (KHTML, like Gecko) Chrome/88.0.4324.182 Safari/537.36"
91.114.1.46 - - [23/Feb/2021:16:02:53 +0100] "GET /account HTTP/1.1" 200 5894 "http://renault.activities.at/login" "Mozilla/5.0 (Windows NT 10.0; Win64; x64) AppleWebKit/537.36 (KHTML, like Gecko) Chrome/88.0.4324.182 Safari/537.36"
91.114.1.46 - - [23/Feb/2021:16:02:55 +0100] "GET /js/account.js HTTP/1.1" 200 953 "http://renault.activities.at/account" "Mozilla/5.0 (Windows NT 10.0; Win64; x64) AppleWebKit/537.36 (KHTML, like Gecko) Chrome/88.0.4324.182 Safari/537.36"
91.114.1.46 - - [23/Feb/2021:16:02:55 +0100] "GET /images/top_links_divider.gif HTTP/1.1" 200 44 "http://renault.activities.at/css/styles.css" "Mozilla/5.0 (Windows NT 10.0; Win64; x64) AppleWebKit/537.36 (KHTML, like Gecko) Chrome/88.0.4324.182 Safari/537.36"
91.114.1.46 - - [23/Feb/2021:16:02:55 +0100] "GET /images/menu_button_bg.jpg HTTP/1.1" 200 322 "http://renault.activities.at/css/styles.css" "Mozilla/5.0 (Windows NT 10.0; Win64; x64) AppleWebKit/537.36 (KHTML, like Gecko) Chrome/88.0.4324.182 Safari/537.36"
91.114.1.46 - - [23/Feb/2021:16:02:55 +0100] "GET /images/nav_divider.gif HTTP/1.1" 200 43 "http://renault.activities.at/css/styles.css" "Mozilla/5.0 (Windows NT 10.0; Win64; x64) AppleWebKit/537.36 (KHTML, like Gecko) Chrome/88.0.4324.182 Safari/537.36"
91.114.1.46 - - [23/Feb/2021:16:02:55 +0100] "GET /images/search_bg.gif HTTP/1.1" 200 1726 "http://renault.activities.at/css/styles.css" "Mozilla/5.0 (Windows NT 10.0; Win64; x64) AppleWebKit/537.36 (KHTML, like Gecko) Chrome/88.0.4324.182 Safari/537.36"
91.114.1.46 - - [23/Feb/2021:16:02:55 +0100] "GET /images/menu_divider.gif HTTP/1.1" 200 176 "http://renault.activities.at/css/styles.css" "Mozilla/5.0 (Windows NT 10.0; Win64; x64) AppleWebKit/537.36 (KHTML, like Gecko) Chrome/88.0.4324.182 Safari/537.36"
91.114.1.46 - - [23/Feb/2021:16:02:55 +0100] "GET /images/sidebar_title_border.gif HTTP/1.1" 200 43 "http://renault.activities.at/css/styles.css" "Mozilla/5.0 (Windows NT 10.0; Win64; x64) AppleWebKit/537.36 (KHTML, like Gecko) Chrome/88.0.4324.182 Safari/537.36"
91.114.1.46 - - [23/Feb/2021:16:02:55 +0100] "GET /images/sidebar_title_corner_left_top.gif HTTP/1.1" 200 1124 "http://renault.activities.at/css/styles.css" "Mozilla/5.0 (Windows NT 10.0; Win64; x64) AppleWebKit/537.36 (KHTML, like Gecko) Chrome/88.0.4324.182 Safari/537.36"
91.114.1.46 - - [23/Feb/2021:16:02:55 +0100] "GET /images/sidebar_title_border_top.gif HTTP/1.1" 200 155 "http://renault.activities.at/css/styles.css" "Mozilla/5.0 (Windows NT 10.0; Win64; x64) AppleWebKit/537.36 (KHTML, like Gecko) Chrome/88.0.4324.182 Safari/537.36"
91.114.1.46 - - [23/Feb/2021:16:02:55 +0100] "GET /images/sidebar_title_corner_right_top.gif HTTP/1.1" 200 383 "http://renault.activities.at/css/styles.css" "Mozilla/5.0 (Windows NT 10.0; Win64; x64) AppleWebKit/537.36 (KHTML, like Gecko) Chrome/88.0.4324.182 Safari/537.36"
91.114.1.46 - - [23/Feb/2021:16:02:55 +0100] "GET /images/footer_divider.gif HTTP/1.1" 200 44 "http://renault.activities.at/css/styles.css" "Mozilla/5.0 (Windows NT 10.0; Win64; x64) AppleWebKit/537.36 (KHTML, like Gecko) Chrome/88.0.4324.182 Safari/537.36"
91.114.1.46 - - [23/Feb/2021:16:02:55 +0100] "GET /loadthumbnail.php?id=12367879&width=50&height=50 HTTP/1.1" 200 1224 "http://renault.activities.at/account" "Mozilla/5.0 (Windows NT 10.0; Win64; x64) AppleWebKit/537.36 (KHTML, like Gecko) Chrome/88.0.4324.182 Safari/537.36"
80.122.221.194 - - [23/Feb/2021:16:02:55 +0100] "GET /reload?ser=1614092575861 HTTP/1.1" 200 1250 "http://renault.activities.at/success" "Mozilla/5.0 (Windows NT 10.0; Win64; x64) AppleWebKit/537.36 (KHTML, like Gecko) Chrome/88.0.4324.150 Safari/537.36 Edg/88.0.705.63"
91.114.1.46 - - [23/Feb/2021:16:03:00 +0100] "POST /axjaxrequest?mode=suggest HTTP/1.1" 200 108 "http://renault.activities.at/account" "Mozilla/5.0 (Windows NT 10.0; Win64; x64) AppleWebKit/537.36 (KHTML, like Gecko) Chrome/88.0.4324.182 Safari/537.36"
