80.122.221.194 - - [23/Feb/2021:14:30:10 +0100] "GET /reload?ser=1614087010858 HTTP/1.1" 200 28 "http://renault.activities.at/login" "Mozilla/5.0 (Windows NT 10.0; Win64; x64) AppleWebKit/537.36 (KHTML, like Gecko) Chrome/88.0.4324.182 Safari/537.36"
80.122.221.194 - - [23/Feb/2021:14:30:24 +0100] "GET /reload?ser=1614087024864 HTTP/1.1" 200 28 "http://renault.activities.at/success" "Mozilla/5.0 (Windows NT 10.0; Win64; x64) AppleWebKit/537.36 (KHTML, like Gecko) Chrome/88.0.4324.150 Safari/537.36 Edg/88.0.705.63"
193.194.132.25 - - [23/Feb/2021:14:30:47 +0100] "GET /reload?ser=1614087046317 HTTP/1.1" 200 28 "http://renault.2web.at/account" "Mozilla/5.0 (Windows NT 10.0; Win64; x64) AppleWebKit/537.36 (KHTML, like Gecko) Chrome/88.0.4324.182 Safari/537.36"
212.152.229.244 - - [23/Feb/2021:14:30:47 +0100] "GET /reload?ser=1614087047234 HTTP/1.1" 200 28 "http://renault.activities.at/result?searchterm=true&search=anh%E4nger" "Mozilla/5.0 (Windows NT 10.0; Win64; x64) AppleWebKit/537.36 (KHTML, like Gecko) Chrome/88.0.4324.182 Safari/537.36"
80.122.221.194 - - [23/Feb/2021:14:31:11 +0100] "GET /reload?ser=1614087071859 HTTP/1.1" 200 28 "http://renault.activities.at/login" "Mozilla/5.0 (Windows NT 10.0; Win64; x64) AppleWebKit/537.36 (KHTML, like Gecko) Chrome/88.0.4324.182 Safari/537.36"
80.122.221.194 - - [23/Feb/2021:14:31:25 +0100] "GET /reload?ser=1614087085870 HTTP/1.1" 200 28 "http://renault.activities.at/success" "Mozilla/5.0 (Windows NT 10.0; Win64; x64) AppleWebKit/537.36 (KHTML, like Gecko) Chrome/88.0.4324.150 Safari/537.36 Edg/88.0.705.63"
212.152.229.244 - - [23/Feb/2021:14:31:48 +0100] "GET /reload?ser=1614087108231 HTTP/1.1" 200 28 "http://renault.activities.at/result?searchterm=true&search=anh%E4nger" "Mozilla/5.0 (Windows NT 10.0; Win64; x64) AppleWebKit/537.36 (KHTML, like Gecko) Chrome/88.0.4324.182 Safari/537.36"
193.194.132.25 - - [23/Feb/2021:14:31:49 +0100] "GET /reload?ser=1614087108318 HTTP/1.1" 200 28 "http://renault.2web.at/account" "Mozilla/5.0 (Windows NT 10.0; Win64; x64) AppleWebKit/537.36 (KHTML, like Gecko) Chrome/88.0.4324.182 Safari/537.36"
80.122.221.194 - - [23/Feb/2021:14:32:12 +0100] "GET /reload?ser=1614087132870 HTTP/1.1" 200 28 "http://renault.activities.at/login" "Mozilla/5.0 (Windows NT 10.0; Win64; x64) AppleWebKit/537.36 (KHTML, like Gecko) Chrome/88.0.4324.182 Safari/537.36"
80.122.221.194 - - [23/Feb/2021:14:32:26 +0100] "GET /reload?ser=1614087146866 HTTP/1.1" 200 28 "http://renault.activities.at/success" "Mozilla/5.0 (Windows NT 10.0; Win64; x64) AppleWebKit/537.36 (KHTML, like Gecko) Chrome/88.0.4324.150 Safari/537.36 Edg/88.0.705.63"
212.152.229.244 - - [23/Feb/2021:14:32:49 +0100] "GET /reload?ser=1614087169226 HTTP/1.1" 200 28 "http://renault.activities.at/result?searchterm=true&search=anh%E4nger" "Mozilla/5.0 (Windows NT 10.0; Win64; x64) AppleWebKit/537.36 (KHTML, like Gecko) Chrome/88.0.4324.182 Safari/537.36"
193.194.132.25 - - [23/Feb/2021:14:32:51 +0100] "GET /reload?ser=1614087170319 HTTP/1.1" 200 28 "http://renault.2web.at/account" "Mozilla/5.0 (Windows NT 10.0; Win64; x64) AppleWebKit/537.36 (KHTML, like Gecko) Chrome/88.0.4324.182 Safari/537.36"
80.122.221.194 - - [23/Feb/2021:14:33:13 +0100] "GET /reload?ser=1614087193869 HTTP/1.1" 200 28 "http://renault.activities.at/login" "Mozilla/5.0 (Windows NT 10.0; Win64; x64) AppleWebKit/537.36 (KHTML, like Gecko) Chrome/88.0.4324.182 Safari/537.36"
80.122.221.194 - - [23/Feb/2021:14:33:27 +0100] "GET /reload?ser=1614087207864 HTTP/1.1" 200 28 "http://renault.activities.at/success" "Mozilla/5.0 (Windows NT 10.0; Win64; x64) AppleWebKit/537.36 (KHTML, like Gecko) Chrome/88.0.4324.150 Safari/537.36 Edg/88.0.705.63"
212.152.229.244 - - [23/Feb/2021:14:33:50 +0100] "GET /reload?ser=1614087230224 HTTP/1.1" 200 28 "http://renault.activities.at/result?searchterm=true&search=anh%E4nger" "Mozilla/5.0 (Windows NT 10.0; Win64; x64) AppleWebKit/537.36 (KHTML, like Gecko) Chrome/88.0.4324.182 Safari/537.36"
193.194.132.25 - - [23/Feb/2021:14:33:54 +0100] "GET /reload?ser=1614087233322 HTTP/1.1" 200 28 "http://renault.2web.at/account" "Mozilla/5.0 (Windows NT 10.0; Win64; x64) AppleWebKit/537.36 (KHTML, like Gecko) Chrome/88.0.4324.182 Safari/537.36"
80.122.221.194 - - [23/Feb/2021:14:34:14 +0100] "GET /reload?ser=1614087254869 HTTP/1.1" 200 28 "http://renault.activities.at/login" "Mozilla/5.0 (Windows NT 10.0; Win64; x64) AppleWebKit/537.36 (KHTML, like Gecko) Chrome/88.0.4324.182 Safari/537.36"
80.122.221.194 - - [23/Feb/2021:14:34:28 +0100] "GET /reload?ser=1614087268862 HTTP/1.1" 200 28 "http://renault.activities.at/success" "Mozilla/5.0 (Windows NT 10.0; Win64; x64) AppleWebKit/537.36 (KHTML, like Gecko) Chrome/88.0.4324.150 Safari/537.36 Edg/88.0.705.63"
212.152.229.244 - - [23/Feb/2021:14:34:51 +0100] "GET /reload?ser=1614087291233 HTTP/1.1" 200 28 "http://renault.activities.at/result?searchterm=true&search=anh%E4nger" "Mozilla/5.0 (Windows NT 10.0; Win64; x64) AppleWebKit/537.36 (KHTML, like Gecko) Chrome/88.0.4324.182 Safari/537.36"
193.194.132.25 - - [23/Feb/2021:14:34:55 +0100] "GET /reload?ser=1614087295342 HTTP/1.1" 200 28 "http://renault.2web.at/account" "Mozilla/5.0 (Windows NT 10.0; Win64; x64) AppleWebKit/537.36 (KHTML, like Gecko) Chrome/88.0.4324.182 Safari/537.36"
80.122.221.194 - - [23/Feb/2021:14:35:15 +0100] "GET /reload?ser=1614087315860 HTTP/1.1" 200 28 "http://renault.activities.at/login" "Mozilla/5.0 (Windows NT 10.0; Win64; x64) AppleWebKit/537.36 (KHTML, like Gecko) Chrome/88.0.4324.182 Safari/537.36"
89.26.36.153 - - [23/Feb/2021:14:35:26 +0100] "GET / HTTP/1.1" 200 3273 "-" "Mozilla/5.0 (Windows NT 10.0; WOW64; Trident/7.0; MASBJS; rv:11.0) like Gecko"
80.122.221.194 - - [23/Feb/2021:14:35:29 +0100] "GET /reload?ser=1614087329870 HTTP/1.1" 200 28 "http://renault.activities.at/success" "Mozilla/5.0 (Windows NT 10.0; Win64; x64) AppleWebKit/537.36 (KHTML, like Gecko) Chrome/88.0.4324.150 Safari/537.36 Edg/88.0.705.63"
212.152.229.244 - - [23/Feb/2021:14:35:52 +0100] "GET /reload?ser=1614087352232 HTTP/1.1" 200 28 "http://renault.activities.at/result?searchterm=true&search=anh%E4nger" "Mozilla/5.0 (Windows NT 10.0; Win64; x64) AppleWebKit/537.36 (KHTML, like Gecko) Chrome/88.0.4324.182 Safari/537.36"
193.194.132.25 - - [23/Feb/2021:14:35:58 +0100] "GET /reload?ser=1614087357332 HTTP/1.1" 200 28 "http://renault.2web.at/account" "Mozilla/5.0 (Windows NT 10.0; Win64; x64) AppleWebKit/537.36 (KHTML, like Gecko) Chrome/88.0.4324.182 Safari/537.36"
80.122.221.194 - - [23/Feb/2021:14:36:16 +0100] "GET /reload?ser=1614087376858 HTTP/1.1" 200 28 "http://renault.activities.at/login" "Mozilla/5.0 (Windows NT 10.0; Win64; x64) AppleWebKit/537.36 (KHTML, like Gecko) Chrome/88.0.4324.182 Safari/537.36"
80.122.221.194 - - [23/Feb/2021:14:36:30 +0100] "GET /reload?ser=1614087390869 HTTP/1.1" 200 28 "http://renault.activities.at/success" "Mozilla/5.0 (Windows NT 10.0; Win64; x64) AppleWebKit/537.36 (KHTML, like Gecko) Chrome/88.0.4324.150 Safari/537.36 Edg/88.0.705.63"
212.152.229.244 - - [23/Feb/2021:14:36:53 +0100] "GET /reload?ser=1614087413230 HTTP/1.1" 200 28 "http://renault.activities.at/result?searchterm=true&search=anh%E4nger" "Mozilla/5.0 (Windows NT 10.0; Win64; x64) AppleWebKit/537.36 (KHTML, like Gecko) Chrome/88.0.4324.182 Safari/537.36"
193.194.132.25 - - [23/Feb/2021:14:37:00 +0100] "GET /reload?ser=1614087419322 HTTP/1.1" 200 28 "http://renault.2web.at/account" "Mozilla/5.0 (Windows NT 10.0; Win64; x64) AppleWebKit/537.36 (KHTML, like Gecko) Chrome/88.0.4324.182 Safari/537.36"
80.122.221.194 - - [23/Feb/2021:14:37:17 +0100] "GET /reload?ser=1614087437870 HTTP/1.1" 200 28 "http://renault.activities.at/login" "Mozilla/5.0 (Windows NT 10.0; Win64; x64) AppleWebKit/537.36 (KHTML, like Gecko) Chrome/88.0.4324.182 Safari/537.36"
80.122.221.194 - - [23/Feb/2021:14:37:31 +0100] "GET /reload?ser=1614087451858 HTTP/1.1" 200 28 "http://renault.activities.at/success" "Mozilla/5.0 (Windows NT 10.0; Win64; x64) AppleWebKit/537.36 (KHTML, like Gecko) Chrome/88.0.4324.150 Safari/537.36 Edg/88.0.705.63"
212.152.229.244 - - [23/Feb/2021:14:37:54 +0100] "GET /reload?ser=1614087474229 HTTP/1.1" 200 28 "http://renault.activities.at/result?searchterm=true&search=anh%E4nger" "Mozilla/5.0 (Windows NT 10.0; Win64; x64) AppleWebKit/537.36 (KHTML, like Gecko) Chrome/88.0.4324.182 Safari/537.36"
193.194.132.25 - - [23/Feb/2021:14:38:02 +0100] "GET /reload?ser=1614087481327 HTTP/1.1" 200 28 "http://renault.2web.at/account" "Mozilla/5.0 (Windows NT 10.0; Win64; x64) AppleWebKit/537.36 (KHTML, like Gecko) Chrome/88.0.4324.182 Safari/537.36"
80.122.221.194 - - [23/Feb/2021:14:38:18 +0100] "GET /reload?ser=1614087498858 HTTP/1.1" 200 28 "http://renault.activities.at/login" "Mozilla/5.0 (Windows NT 10.0; Win64; x64) AppleWebKit/537.36 (KHTML, like Gecko) Chrome/88.0.4324.182 Safari/537.36"
80.122.221.194 - - [23/Feb/2021:14:38:32 +0100] "GET /reload?ser=1614087512862 HTTP/1.1" 200 28 "http://renault.activities.at/success" "Mozilla/5.0 (Windows NT 10.0; Win64; x64) AppleWebKit/537.36 (KHTML, like Gecko) Chrome/88.0.4324.150 Safari/537.36 Edg/88.0.705.63"
212.152.229.244 - - [23/Feb/2021:14:38:55 +0100] "GET /reload?ser=1614087535227 HTTP/1.1" 200 28 "http://renault.activities.at/result?searchterm=true&search=anh%E4nger" "Mozilla/5.0 (Windows NT 10.0; Win64; x64) AppleWebKit/537.36 (KHTML, like Gecko) Chrome/88.0.4324.182 Safari/537.36"
193.194.132.25 - - [23/Feb/2021:14:39:04 +0100] "GET /reload?ser=1614087543324 HTTP/1.1" 200 28 "http://renault.2web.at/account" "Mozilla/5.0 (Windows NT 10.0; Win64; x64) AppleWebKit/537.36 (KHTML, like Gecko) Chrome/88.0.4324.182 Safari/537.36"
80.122.221.194 - - [23/Feb/2021:14:39:19 +0100] "GET /reload?ser=1614087559865 HTTP/1.1" 200 28 "http://renault.activities.at/login" "Mozilla/5.0 (Windows NT 10.0; Win64; x64) AppleWebKit/537.36 (KHTML, like Gecko) Chrome/88.0.4324.182 Safari/537.36"
80.122.221.194 - - [23/Feb/2021:14:39:33 +0100] "GET /reload?ser=1614087573868 HTTP/1.1" 200 28 "http://renault.activities.at/success" "Mozilla/5.0 (Windows NT 10.0; Win64; x64) AppleWebKit/537.36 (KHTML, like Gecko) Chrome/88.0.4324.150 Safari/537.36 Edg/88.0.705.63"
212.152.229.244 - - [23/Feb/2021:14:39:56 +0100] "GET /reload?ser=1614087596226 HTTP/1.1" 200 28 "http://renault.activities.at/result?searchterm=true&search=anh%E4nger" "Mozilla/5.0 (Windows NT 10.0; Win64; x64) AppleWebKit/537.36 (KHTML, like Gecko) Chrome/88.0.4324.182 Safari/537.36"
193.194.132.25 - - [23/Feb/2021:14:40:05 +0100] "GET /reload?ser=1614087605324 HTTP/1.1" 200 28 "http://renault.2web.at/account" "Mozilla/5.0 (Windows NT 10.0; Win64; x64) AppleWebKit/537.36 (KHTML, like Gecko) Chrome/88.0.4324.182 Safari/537.36"
80.122.221.194 - - [23/Feb/2021:14:40:20 +0100] "GET /reload?ser=1614087620876 HTTP/1.1" 200 28 "http://renault.activities.at/login" "Mozilla/5.0 (Windows NT 10.0; Win64; x64) AppleWebKit/537.36 (KHTML, like Gecko) Chrome/88.0.4324.182 Safari/537.36"
80.122.221.194 - - [23/Feb/2021:14:40:34 +0100] "GET /reload?ser=1614087634863 HTTP/1.1" 200 28 "http://renault.activities.at/success" "Mozilla/5.0 (Windows NT 10.0; Win64; x64) AppleWebKit/537.36 (KHTML, like Gecko) Chrome/88.0.4324.150 Safari/537.36 Edg/88.0.705.63"
212.152.229.244 - - [23/Feb/2021:14:40:57 +0100] "GET /reload?ser=1614087657224 HTTP/1.1" 200 28 "http://renault.activities.at/result?searchterm=true&search=anh%E4nger" "Mozilla/5.0 (Windows NT 10.0; Win64; x64) AppleWebKit/537.36 (KHTML, like Gecko) Chrome/88.0.4324.182 Safari/537.36"
193.194.132.25 - - [23/Feb/2021:14:41:08 +0100] "GET /reload?ser=1614087667325 HTTP/1.1" 200 28 "http://renault.2web.at/account" "Mozilla/5.0 (Windows NT 10.0; Win64; x64) AppleWebKit/537.36 (KHTML, like Gecko) Chrome/88.0.4324.182 Safari/537.36"
80.122.221.194 - - [23/Feb/2021:14:41:21 +0100] "GET /reload?ser=1614087681859 HTTP/1.1" 200 28 "http://renault.activities.at/login" "Mozilla/5.0 (Windows NT 10.0; Win64; x64) AppleWebKit/537.36 (KHTML, like Gecko) Chrome/88.0.4324.182 Safari/537.36"
80.122.221.194 - - [23/Feb/2021:14:41:35 +0100] "GET /reload?ser=1614087695870 HTTP/1.1" 200 28 "http://renault.activities.at/success" "Mozilla/5.0 (Windows NT 10.0; Win64; x64) AppleWebKit/537.36 (KHTML, like Gecko) Chrome/88.0.4324.150 Safari/537.36 Edg/88.0.705.63"
212.152.229.244 - - [23/Feb/2021:14:41:58 +0100] "GET /reload?ser=1614087718223 HTTP/1.1" 200 28 "http://renault.activities.at/result?searchterm=true&search=anh%E4nger" "Mozilla/5.0 (Windows NT 10.0; Win64; x64) AppleWebKit/537.36 (KHTML, like Gecko) Chrome/88.0.4324.182 Safari/537.36"
193.194.132.25 - - [23/Feb/2021:14:42:10 +0100] "GET /reload?ser=1614087729326 HTTP/1.1" 200 28 "http://renault.2web.at/account" "Mozilla/5.0 (Windows NT 10.0; Win64; x64) AppleWebKit/537.36 (KHTML, like Gecko) Chrome/88.0.4324.182 Safari/537.36"
80.122.221.194 - - [23/Feb/2021:14:42:22 +0100] "GET /reload?ser=1614087742869 HTTP/1.1" 200 28 "http://renault.activities.at/login" "Mozilla/5.0 (Windows NT 10.0; Win64; x64) AppleWebKit/537.36 (KHTML, like Gecko) Chrome/88.0.4324.182 Safari/537.36"
80.122.221.194 - - [23/Feb/2021:14:42:36 +0100] "GET /reload?ser=1614087756863 HTTP/1.1" 200 28 "http://renault.activities.at/success" "Mozilla/5.0 (Windows NT 10.0; Win64; x64) AppleWebKit/537.36 (KHTML, like Gecko) Chrome/88.0.4324.150 Safari/537.36 Edg/88.0.705.63"
212.152.229.244 - - [23/Feb/2021:14:42:59 +0100] "GET /reload?ser=1614087779237 HTTP/1.1" 200 28 "http://renault.activities.at/result?searchterm=true&search=anh%E4nger" "Mozilla/5.0 (Windows NT 10.0; Win64; x64) AppleWebKit/537.36 (KHTML, like Gecko) Chrome/88.0.4324.182 Safari/537.36"
193.194.132.25 - - [23/Feb/2021:14:43:12 +0100] "GET /reload?ser=1614087791326 HTTP/1.1" 200 28 "http://renault.2web.at/account" "Mozilla/5.0 (Windows NT 10.0; Win64; x64) AppleWebKit/537.36 (KHTML, like Gecko) Chrome/88.0.4324.182 Safari/537.36"
80.122.221.194 - - [23/Feb/2021:14:43:23 +0100] "GET /reload?ser=1614087803869 HTTP/1.1" 200 28 "http://renault.activities.at/login" "Mozilla/5.0 (Windows NT 10.0; Win64; x64) AppleWebKit/537.36 (KHTML, like Gecko) Chrome/88.0.4324.182 Safari/537.36"
80.122.221.194 - - [23/Feb/2021:14:43:37 +0100] "GET /reload?ser=1614087817864 HTTP/1.1" 200 28 "http://renault.activities.at/success" "Mozilla/5.0 (Windows NT 10.0; Win64; x64) AppleWebKit/537.36 (KHTML, like Gecko) Chrome/88.0.4324.150 Safari/537.36 Edg/88.0.705.63"
212.152.229.244 - - [23/Feb/2021:14:44:00 +0100] "GET /reload?ser=1614087840236 HTTP/1.1" 200 28 "http://renault.activities.at/result?searchterm=true&search=anh%E4nger" "Mozilla/5.0 (Windows NT 10.0; Win64; x64) AppleWebKit/537.36 (KHTML, like Gecko) Chrome/88.0.4324.182 Safari/537.36"
193.194.132.25 - - [23/Feb/2021:14:44:14 +0100] "GET /reload?ser=1614087853328 HTTP/1.1" 200 28 "http://renault.2web.at/account" "Mozilla/5.0 (Windows NT 10.0; Win64; x64) AppleWebKit/537.36 (KHTML, like Gecko) Chrome/88.0.4324.182 Safari/537.36"
80.122.221.194 - - [23/Feb/2021:14:44:24 +0100] "GET /reload?ser=1614087864861 HTTP/1.1" 200 28 "http://renault.activities.at/login" "Mozilla/5.0 (Windows NT 10.0; Win64; x64) AppleWebKit/537.36 (KHTML, like Gecko) Chrome/88.0.4324.182 Safari/537.36"
80.122.221.194 - - [23/Feb/2021:14:44:38 +0100] "GET /reload?ser=1614087878868 HTTP/1.1" 200 28 "http://renault.activities.at/success" "Mozilla/5.0 (Windows NT 10.0; Win64; x64) AppleWebKit/537.36 (KHTML, like Gecko) Chrome/88.0.4324.150 Safari/537.36 Edg/88.0.705.63"
212.152.229.244 - - [23/Feb/2021:14:45:01 +0100] "GET /reload?ser=1614087901234 HTTP/1.1" 200 28 "http://renault.activities.at/result?searchterm=true&search=anh%E4nger" "Mozilla/5.0 (Windows NT 10.0; Win64; x64) AppleWebKit/537.36 (KHTML, like Gecko) Chrome/88.0.4324.182 Safari/537.36"
193.194.132.25 - - [23/Feb/2021:14:45:16 +0100] "GET /reload?ser=1614087915327 HTTP/1.1" 200 28 "http://renault.2web.at/account" "Mozilla/5.0 (Windows NT 10.0; Win64; x64) AppleWebKit/537.36 (KHTML, like Gecko) Chrome/88.0.4324.182 Safari/537.36"
80.122.221.194 - - [23/Feb/2021:14:45:25 +0100] "GET /reload?ser=1614087925864 HTTP/1.1" 200 28 "http://renault.activities.at/login" "Mozilla/5.0 (Windows NT 10.0; Win64; x64) AppleWebKit/537.36 (KHTML, like Gecko) Chrome/88.0.4324.182 Safari/537.36"
80.122.221.194 - - [23/Feb/2021:14:45:39 +0100] "GET /reload?ser=1614087939858 HTTP/1.1" 200 28 "http://renault.activities.at/success" "Mozilla/5.0 (Windows NT 10.0; Win64; x64) AppleWebKit/537.36 (KHTML, like Gecko) Chrome/88.0.4324.150 Safari/537.36 Edg/88.0.705.63"
212.152.229.244 - - [23/Feb/2021:14:46:02 +0100] "GET /reload?ser=1614087962233 HTTP/1.1" 200 28 "http://renault.activities.at/result?searchterm=true&search=anh%E4nger" "Mozilla/5.0 (Windows NT 10.0; Win64; x64) AppleWebKit/537.36 (KHTML, like Gecko) Chrome/88.0.4324.182 Safari/537.36"
193.194.132.25 - - [23/Feb/2021:14:46:18 +0100] "GET /reload?ser=1614087977328 HTTP/1.1" 200 28 "http://renault.2web.at/account" "Mozilla/5.0 (Windows NT 10.0; Win64; x64) AppleWebKit/537.36 (KHTML, like Gecko) Chrome/88.0.4324.182 Safari/537.36"
80.122.221.194 - - [23/Feb/2021:14:46:26 +0100] "GET /reload?ser=1614087986871 HTTP/1.1" 200 28 "http://renault.activities.at/login" "Mozilla/5.0 (Windows NT 10.0; Win64; x64) AppleWebKit/537.36 (KHTML, like Gecko) Chrome/88.0.4324.182 Safari/537.36"
80.122.221.194 - - [23/Feb/2021:14:46:40 +0100] "GET /reload?ser=1614088000867 HTTP/1.1" 200 28 "http://renault.activities.at/success" "Mozilla/5.0 (Windows NT 10.0; Win64; x64) AppleWebKit/537.36 (KHTML, like Gecko) Chrome/88.0.4324.150 Safari/537.36 Edg/88.0.705.63"
212.152.229.244 - - [23/Feb/2021:14:47:03 +0100] "GET /reload?ser=1614088023222 HTTP/1.1" 200 28 "http://renault.activities.at/result?searchterm=true&search=anh%E4nger" "Mozilla/5.0 (Windows NT 10.0; Win64; x64) AppleWebKit/537.36 (KHTML, like Gecko) Chrome/88.0.4324.182 Safari/537.36"
193.194.132.25 - - [23/Feb/2021:14:47:20 +0100] "GET /reload?ser=1614088039328 HTTP/1.1" 200 28 "http://renault.2web.at/account" "Mozilla/5.0 (Windows NT 10.0; Win64; x64) AppleWebKit/537.36 (KHTML, like Gecko) Chrome/88.0.4324.182 Safari/537.36"
80.122.221.194 - - [23/Feb/2021:14:47:27 +0100] "GET /reload?ser=1614088047872 HTTP/1.1" 200 28 "http://renault.activities.at/login" "Mozilla/5.0 (Windows NT 10.0; Win64; x64) AppleWebKit/537.36 (KHTML, like Gecko) Chrome/88.0.4324.182 Safari/537.36"
80.122.221.194 - - [23/Feb/2021:14:47:41 +0100] "GET /reload?ser=1614088061868 HTTP/1.1" 200 28 "http://renault.activities.at/success" "Mozilla/5.0 (Windows NT 10.0; Win64; x64) AppleWebKit/537.36 (KHTML, like Gecko) Chrome/88.0.4324.150 Safari/537.36 Edg/88.0.705.63"
212.152.229.244 - - [23/Feb/2021:14:48:04 +0100] "GET /reload?ser=1614088084236 HTTP/1.1" 200 28 "http://renault.activities.at/result?searchterm=true&search=anh%E4nger" "Mozilla/5.0 (Windows NT 10.0; Win64; x64) AppleWebKit/537.36 (KHTML, like Gecko) Chrome/88.0.4324.182 Safari/537.36"
193.194.132.25 - - [23/Feb/2021:14:48:21 +0100] "GET /reload?ser=1614088101328 HTTP/1.1" 200 28 "http://renault.2web.at/account" "Mozilla/5.0 (Windows NT 10.0; Win64; x64) AppleWebKit/537.36 (KHTML, like Gecko) Chrome/88.0.4324.182 Safari/537.36"
80.122.221.194 - - [23/Feb/2021:14:48:28 +0100] "GET /reload?ser=1614088108869 HTTP/1.1" 200 28 "http://renault.activities.at/login" "Mozilla/5.0 (Windows NT 10.0; Win64; x64) AppleWebKit/537.36 (KHTML, like Gecko) Chrome/88.0.4324.182 Safari/537.36"
80.122.221.194 - - [23/Feb/2021:14:48:42 +0100] "GET /reload?ser=1614088122863 HTTP/1.1" 200 28 "http://renault.activities.at/success" "Mozilla/5.0 (Windows NT 10.0; Win64; x64) AppleWebKit/537.36 (KHTML, like Gecko) Chrome/88.0.4324.150 Safari/537.36 Edg/88.0.705.63"
212.152.229.244 - - [23/Feb/2021:14:49:05 +0100] "GET /reload?ser=1614088145235 HTTP/1.1" 200 28 "http://renault.activities.at/result?searchterm=true&search=anh%E4nger" "Mozilla/5.0 (Windows NT 10.0; Win64; x64) AppleWebKit/537.36 (KHTML, like Gecko) Chrome/88.0.4324.182 Safari/537.36"
193.194.132.25 - - [23/Feb/2021:14:49:25 +0100] "GET /reload?ser=1614088164330 HTTP/1.1" 200 28 "http://renault.2web.at/account" "Mozilla/5.0 (Windows NT 10.0; Win64; x64) AppleWebKit/537.36 (KHTML, like Gecko) Chrome/88.0.4324.182 Safari/537.36"
80.122.221.194 - - [23/Feb/2021:14:49:29 +0100] "GET /reload?ser=1614088169861 HTTP/1.1" 200 28 "http://renault.activities.at/login" "Mozilla/5.0 (Windows NT 10.0; Win64; x64) AppleWebKit/537.36 (KHTML, like Gecko) Chrome/88.0.4324.182 Safari/537.36"
80.122.221.194 - - [23/Feb/2021:14:49:43 +0100] "GET /reload?ser=1614088183871 HTTP/1.1" 200 28 "http://renault.activities.at/success" "Mozilla/5.0 (Windows NT 10.0; Win64; x64) AppleWebKit/537.36 (KHTML, like Gecko) Chrome/88.0.4324.150 Safari/537.36 Edg/88.0.705.63"
212.152.229.244 - - [23/Feb/2021:14:50:06 +0100] "GET /reload?ser=1614088206233 HTTP/1.1" 200 28 "http://renault.activities.at/result?searchterm=true&search=anh%E4nger" "Mozilla/5.0 (Windows NT 10.0; Win64; x64) AppleWebKit/537.36 (KHTML, like Gecko) Chrome/88.0.4324.182 Safari/537.36"
193.194.132.25 - - [23/Feb/2021:14:50:27 +0100] "GET /reload?ser=1614088226330 HTTP/1.1" 200 28 "http://renault.2web.at/account" "Mozilla/5.0 (Windows NT 10.0; Win64; x64) AppleWebKit/537.36 (KHTML, like Gecko) Chrome/88.0.4324.182 Safari/537.36"
80.122.221.194 - - [23/Feb/2021:14:50:30 +0100] "GET /reload?ser=1614088230858 HTTP/1.1" 200 28 "http://renault.activities.at/login" "Mozilla/5.0 (Windows NT 10.0; Win64; x64) AppleWebKit/537.36 (KHTML, like Gecko) Chrome/88.0.4324.182 Safari/537.36"
80.122.221.194 - - [23/Feb/2021:14:50:44 +0100] "GET /reload?ser=1614088244860 HTTP/1.1" 200 28 "http://renault.activities.at/success" "Mozilla/5.0 (Windows NT 10.0; Win64; x64) AppleWebKit/537.36 (KHTML, like Gecko) Chrome/88.0.4324.150 Safari/537.36 Edg/88.0.705.63"
212.152.229.244 - - [23/Feb/2021:14:51:07 +0100] "GET /reload?ser=1614088267232 HTTP/1.1" 200 28 "http://renault.activities.at/result?searchterm=true&search=anh%E4nger" "Mozilla/5.0 (Windows NT 10.0; Win64; x64) AppleWebKit/537.36 (KHTML, like Gecko) Chrome/88.0.4324.182 Safari/537.36"
193.194.132.25 - - [23/Feb/2021:14:51:29 +0100] "GET /reload?ser=1614088288331 HTTP/1.1" 200 28 "http://renault.2web.at/account" "Mozilla/5.0 (Windows NT 10.0; Win64; x64) AppleWebKit/537.36 (KHTML, like Gecko) Chrome/88.0.4324.182 Safari/537.36"
80.122.221.194 - - [23/Feb/2021:14:51:31 +0100] "GET /reload?ser=1614088291865 HTTP/1.1" 200 28 "http://renault.activities.at/login" "Mozilla/5.0 (Windows NT 10.0; Win64; x64) AppleWebKit/537.36 (KHTML, like Gecko) Chrome/88.0.4324.182 Safari/537.36"
80.122.221.194 - - [23/Feb/2021:14:51:45 +0100] "GET /reload?ser=1614088305875 HTTP/1.1" 200 28 "http://renault.activities.at/success" "Mozilla/5.0 (Windows NT 10.0; Win64; x64) AppleWebKit/537.36 (KHTML, like Gecko) Chrome/88.0.4324.150 Safari/537.36 Edg/88.0.705.63"
212.152.229.244 - - [23/Feb/2021:14:52:08 +0100] "GET /reload?ser=1614088328231 HTTP/1.1" 200 28 "http://renault.activities.at/result?searchterm=true&search=anh%E4nger" "Mozilla/5.0 (Windows NT 10.0; Win64; x64) AppleWebKit/537.36 (KHTML, like Gecko) Chrome/88.0.4324.182 Safari/537.36"
193.194.132.25 - - [23/Feb/2021:14:52:31 +0100] "GET /reload?ser=1614088350331 HTTP/1.1" 200 28 "http://renault.2web.at/account" "Mozilla/5.0 (Windows NT 10.0; Win64; x64) AppleWebKit/537.36 (KHTML, like Gecko) Chrome/88.0.4324.182 Safari/537.36"
80.122.221.194 - - [23/Feb/2021:14:52:32 +0100] "GET /reload?ser=1614088352861 HTTP/1.1" 200 28 "http://renault.activities.at/login" "Mozilla/5.0 (Windows NT 10.0; Win64; x64) AppleWebKit/537.36 (KHTML, like Gecko) Chrome/88.0.4324.182 Safari/537.36"
80.122.221.194 - - [23/Feb/2021:14:52:46 +0100] "GET /reload?ser=1614088366865 HTTP/1.1" 200 28 "http://renault.activities.at/success" "Mozilla/5.0 (Windows NT 10.0; Win64; x64) AppleWebKit/537.36 (KHTML, like Gecko) Chrome/88.0.4324.150 Safari/537.36 Edg/88.0.705.63"
212.152.229.244 - - [23/Feb/2021:14:53:09 +0100] "GET /reload?ser=1614088389229 HTTP/1.1" 200 28 "http://renault.activities.at/result?searchterm=true&search=anh%E4nger" "Mozilla/5.0 (Windows NT 10.0; Win64; x64) AppleWebKit/537.36 (KHTML, like Gecko) Chrome/88.0.4324.182 Safari/537.36"
193.194.132.25 - - [23/Feb/2021:14:53:33 +0100] "GET /reload?ser=1614088412330 HTTP/1.1" 200 28 "http://renault.2web.at/account" "Mozilla/5.0 (Windows NT 10.0; Win64; x64) AppleWebKit/537.36 (KHTML, like Gecko) Chrome/88.0.4324.182 Safari/537.36"
80.122.221.194 - - [23/Feb/2021:14:53:33 +0100] "GET /reload?ser=1614088413871 HTTP/1.1" 200 28 "http://renault.activities.at/login" "Mozilla/5.0 (Windows NT 10.0; Win64; x64) AppleWebKit/537.36 (KHTML, like Gecko) Chrome/88.0.4324.182 Safari/537.36"
80.122.221.194 - - [23/Feb/2021:14:53:47 +0100] "GET /reload?ser=1614088427862 HTTP/1.1" 200 28 "http://renault.activities.at/success" "Mozilla/5.0 (Windows NT 10.0; Win64; x64) AppleWebKit/537.36 (KHTML, like Gecko) Chrome/88.0.4324.150 Safari/537.36 Edg/88.0.705.63"
212.152.229.244 - - [23/Feb/2021:14:54:10 +0100] "GET /reload?ser=1614088450228 HTTP/1.1" 200 28 "http://renault.activities.at/result?searchterm=true&search=anh%E4nger" "Mozilla/5.0 (Windows NT 10.0; Win64; x64) AppleWebKit/537.36 (KHTML, like Gecko) Chrome/88.0.4324.182 Safari/537.36"
80.122.221.194 - - [23/Feb/2021:14:54:34 +0100] "GET /reload?ser=1614088474864 HTTP/1.1" 200 28 "http://renault.activities.at/login" "Mozilla/5.0 (Windows NT 10.0; Win64; x64) AppleWebKit/537.36 (KHTML, like Gecko) Chrome/88.0.4324.182 Safari/537.36"
193.194.132.25 - - [23/Feb/2021:14:54:35 +0100] "GET /reload?ser=1614088475331 HTTP/1.1" 200 28 "http://renault.2web.at/account" "Mozilla/5.0 (Windows NT 10.0; Win64; x64) AppleWebKit/537.36 (KHTML, like Gecko) Chrome/88.0.4324.182 Safari/537.36"
80.122.221.194 - - [23/Feb/2021:14:54:48 +0100] "GET /reload?ser=1614088488860 HTTP/1.1" 200 28 "http://renault.activities.at/success" "Mozilla/5.0 (Windows NT 10.0; Win64; x64) AppleWebKit/537.36 (KHTML, like Gecko) Chrome/88.0.4324.150 Safari/537.36 Edg/88.0.705.63"
212.152.229.244 - - [23/Feb/2021:14:55:11 +0100] "GET /reload?ser=1614088511226 HTTP/1.1" 200 28 "http://renault.activities.at/result?searchterm=true&search=anh%E4nger" "Mozilla/5.0 (Windows NT 10.0; Win64; x64) AppleWebKit/537.36 (KHTML, like Gecko) Chrome/88.0.4324.182 Safari/537.36"
80.122.221.194 - - [23/Feb/2021:14:55:35 +0100] "GET /reload?ser=1614088535859 HTTP/1.1" 200 28 "http://renault.activities.at/login" "Mozilla/5.0 (Windows NT 10.0; Win64; x64) AppleWebKit/537.36 (KHTML, like Gecko) Chrome/88.0.4324.182 Safari/537.36"
193.194.132.25 - - [23/Feb/2021:14:55:38 +0100] "GET /reload?ser=1614088537331 HTTP/1.1" 200 28 "http://renault.2web.at/account" "Mozilla/5.0 (Windows NT 10.0; Win64; x64) AppleWebKit/537.36 (KHTML, like Gecko) Chrome/88.0.4324.182 Safari/537.36"
80.122.221.194 - - [23/Feb/2021:14:55:49 +0100] "GET /reload?ser=1614088549867 HTTP/1.1" 200 28 "http://renault.activities.at/success" "Mozilla/5.0 (Windows NT 10.0; Win64; x64) AppleWebKit/537.36 (KHTML, like Gecko) Chrome/88.0.4324.150 Safari/537.36 Edg/88.0.705.63"
212.152.229.244 - - [23/Feb/2021:14:56:12 +0100] "GET /reload?ser=1614088572225 HTTP/1.1" 200 28 "http://renault.activities.at/result?searchterm=true&search=anh%E4nger" "Mozilla/5.0 (Windows NT 10.0; Win64; x64) AppleWebKit/537.36 (KHTML, like Gecko) Chrome/88.0.4324.182 Safari/537.36"
80.122.221.194 - - [23/Feb/2021:14:56:36 +0100] "GET /reload?ser=1614088596864 HTTP/1.1" 200 28 "http://renault.activities.at/login" "Mozilla/5.0 (Windows NT 10.0; Win64; x64) AppleWebKit/537.36 (KHTML, like Gecko) Chrome/88.0.4324.182 Safari/537.36"
193.194.132.25 - - [23/Feb/2021:14:56:40 +0100] "GET /reload?ser=1614088599331 HTTP/1.1" 200 28 "http://renault.2web.at/account" "Mozilla/5.0 (Windows NT 10.0; Win64; x64) AppleWebKit/537.36 (KHTML, like Gecko) Chrome/88.0.4324.182 Safari/537.36"
80.122.221.194 - - [23/Feb/2021:14:56:50 +0100] "GET /reload?ser=1614088610872 HTTP/1.1" 200 28 "http://renault.activities.at/success" "Mozilla/5.0 (Windows NT 10.0; Win64; x64) AppleWebKit/537.36 (KHTML, like Gecko) Chrome/88.0.4324.150 Safari/537.36 Edg/88.0.705.63"
91.114.96.114 - - [23/Feb/2021:14:56:57 +0100] "GET / HTTP/1.1" 200 3273 "-" "Mozilla/5.0 (Windows NT 10.0; WOW64) AppleWebKit/537.36 (KHTML, like Gecko) Chrome/88.0.4324.182 Safari/537.36"
91.114.96.114 - - [23/Feb/2021:14:56:58 +0100] "GET /loadthumbnail.php?id=11127982 HTTP/1.1" 200 399614 "http://renault.activities.at/" "Mozilla/5.0 (Windows NT 10.0; WOW64) AppleWebKit/537.36 (KHTML, like Gecko) Chrome/88.0.4324.182 Safari/537.36"
91.114.96.114 - - [23/Feb/2021:14:56:59 +0100] "GET /images/favicon.ico HTTP/1.1" 404 305 "http://renault.activities.at/" "Mozilla/5.0 (Windows NT 10.0; WOW64) AppleWebKit/537.36 (KHTML, like Gecko) Chrome/88.0.4324.182 Safari/537.36"
91.114.96.114 - - [23/Feb/2021:14:57:00 +0100] "GET /login HTTP/1.1" 200 2085 "http://renault.activities.at/" "Mozilla/5.0 (Windows NT 10.0; WOW64) AppleWebKit/537.36 (KHTML, like Gecko) Chrome/88.0.4324.182 Safari/537.36"
91.114.96.114 - - [23/Feb/2021:14:57:05 +0100] "POST /login HTTP/1.1" 302 140 "http://renault.activities.at/login" "Mozilla/5.0 (Windows NT 10.0; WOW64) AppleWebKit/537.36 (KHTML, like Gecko) Chrome/88.0.4324.182 Safari/537.36"
91.114.96.114 - - [23/Feb/2021:14:57:07 +0100] "GET /account HTTP/1.1" 200 5945 "http://renault.activities.at/login" "Mozilla/5.0 (Windows NT 10.0; WOW64) AppleWebKit/537.36 (KHTML, like Gecko) Chrome/88.0.4324.182 Safari/537.36"
91.114.96.114 - - [23/Feb/2021:14:57:10 +0100] "GET /loadthumbnail.php?id=12374099&width=50&height=50 HTTP/1.1" 200 1680 "http://renault.activities.at/account" "Mozilla/5.0 (Windows NT 10.0; WOW64) AppleWebKit/537.36 (KHTML, like Gecko) Chrome/88.0.4324.182 Safari/537.36"
212.152.229.244 - - [23/Feb/2021:14:57:13 +0100] "GET /reload?ser=1614088633223 HTTP/1.1" 200 28 "http://renault.activities.at/result?searchterm=true&search=anh%E4nger" "Mozilla/5.0 (Windows NT 10.0; Win64; x64) AppleWebKit/537.36 (KHTML, like Gecko) Chrome/88.0.4324.182 Safari/537.36"
91.114.96.114 - - [23/Feb/2021:14:57:14 +0100] "GET /result?searchterm=true&search=duster HTTP/1.1" 200 6909 "http://renault.activities.at/account" "Mozilla/5.0 (Windows NT 10.0; WOW64) AppleWebKit/537.36 (KHTML, like Gecko) Chrome/88.0.4324.182 Safari/537.36"
91.114.96.114 - - [23/Feb/2021:14:57:16 +0100] "GET /loadthumbnail.php?id=12310511&width=113 HTTP/1.1" 200 2831 "http://renault.activities.at/result?searchterm=true&search=duster" "Mozilla/5.0 (Windows NT 10.0; WOW64) AppleWebKit/537.36 (KHTML, like Gecko) Chrome/88.0.4324.182 Safari/537.36"
91.114.96.114 - - [23/Feb/2021:14:57:16 +0100] "GET /loadthumbnail.php?id=10203255 HTTP/1.1" 200 137 "http://renault.activities.at/result?searchterm=true&search=duster" "Mozilla/5.0 (Windows NT 10.0; WOW64) AppleWebKit/537.36 (KHTML, like Gecko) Chrome/88.0.4324.182 Safari/537.36"
91.114.96.114 - - [23/Feb/2021:14:57:16 +0100] "GET /loadthumbnail.php?id=12064393&width=113 HTTP/1.1" 200 2870 "http://renault.activities.at/result?searchterm=true&search=duster" "Mozilla/5.0 (Windows NT 10.0; WOW64) AppleWebKit/537.36 (KHTML, like Gecko) Chrome/88.0.4324.182 Safari/537.36"
91.114.96.114 - - [23/Feb/2021:14:57:16 +0100] "GET /loadthumbnail.php?id=10203650&width=113 HTTP/1.1" 200 2741 "http://renault.activities.at/result?searchterm=true&search=duster" "Mozilla/5.0 (Windows NT 10.0; WOW64) AppleWebKit/537.36 (KHTML, like Gecko) Chrome/88.0.4324.182 Safari/537.36"
91.114.96.114 - - [23/Feb/2021:14:57:16 +0100] "GET /loadthumbnail.php?id=12022099&width=113 HTTP/1.1" 200 2908 "http://renault.activities.at/result?searchterm=true&search=duster" "Mozilla/5.0 (Windows NT 10.0; WOW64) AppleWebKit/537.36 (KHTML, like Gecko) Chrome/88.0.4324.182 Safari/537.36"
91.114.96.114 - - [23/Feb/2021:14:57:16 +0100] "GET /loadthumbnail.php?id=11715009&width=113 HTTP/1.1" 200 22295 "http://renault.activities.at/result?searchterm=true&search=duster" "Mozilla/5.0 (Windows NT 10.0; WOW64) AppleWebKit/537.36 (KHTML, like Gecko) Chrome/88.0.4324.182 Safari/537.36"
91.114.96.114 - - [23/Feb/2021:14:57:16 +0100] "GET /loadthumbnail.php?id=12237270&width=113 HTTP/1.1" 200 2874 "http://renault.activities.at/result?searchterm=true&search=duster" "Mozilla/5.0 (Windows NT 10.0; WOW64) AppleWebKit/537.36 (KHTML, like Gecko) Chrome/88.0.4324.182 Safari/537.36"
91.114.96.114 - - [23/Feb/2021:14:57:16 +0100] "GET /loadthumbnail.php?id=11877757&width=113 HTTP/1.1" 200 32396 "http://renault.activities.at/result?searchterm=true&search=duster" "Mozilla/5.0 (Windows NT 10.0; WOW64) AppleWebKit/537.36 (KHTML, like Gecko) Chrome/88.0.4324.182 Safari/537.36"
91.114.96.114 - - [23/Feb/2021:14:57:14 +0100] "POST /axjaxrequest?mode=suggest HTTP/1.1" 200 136 "http://renault.activities.at/account" "Mozilla/5.0 (Windows NT 10.0; WOW64) AppleWebKit/537.36 (KHTML, like Gecko) Chrome/88.0.4324.182 Safari/537.36"
91.114.96.114 - - [23/Feb/2021:14:57:33 +0100] "POST /result?searchterm=true&search=duster HTTP/1.1" 200 7103 "http://renault.activities.at/result?searchterm=true&search=duster" "Mozilla/5.0 (Windows NT 10.0; WOW64) AppleWebKit/537.36 (KHTML, like Gecko) Chrome/88.0.4324.182 Safari/537.36"
80.122.221.194 - - [23/Feb/2021:14:57:37 +0100] "GET /reload?ser=1614088657863 HTTP/1.1" 200 28 "http://renault.activities.at/login" "Mozilla/5.0 (Windows NT 10.0; Win64; x64) AppleWebKit/537.36 (KHTML, like Gecko) Chrome/88.0.4324.182 Safari/537.36"
193.194.132.25 - - [23/Feb/2021:14:57:42 +0100] "GET /reload?ser=1614088661332 HTTP/1.1" 200 28 "http://renault.2web.at/account" "Mozilla/5.0 (Windows NT 10.0; Win64; x64) AppleWebKit/537.36 (KHTML, like Gecko) Chrome/88.0.4324.182 Safari/537.36"
91.114.96.114 - - [23/Feb/2021:14:57:42 +0100] "GET /result?searchterm=true&search=sandero HTTP/1.1" 200 8133 "http://renault.activities.at/result?searchterm=true&search=duster" "Mozilla/5.0 (Windows NT 10.0; WOW64) AppleWebKit/537.36 (KHTML, like Gecko) Chrome/88.0.4324.182 Safari/537.36"
91.114.96.114 - - [23/Feb/2021:14:57:45 +0100] "GET /loadthumbnail.php?id=12333878&width=113 HTTP/1.1" 200 1913 "http://renault.activities.at/result?searchterm=true&search=sandero" "Mozilla/5.0 (Windows NT 10.0; WOW64) AppleWebKit/537.36 (KHTML, like Gecko) Chrome/88.0.4324.182 Safari/537.36"
91.114.96.114 - - [23/Feb/2021:14:57:45 +0100] "GET /loadthumbnail.php?id=12047627&width=113 HTTP/1.1" 200 3640 "http://renault.activities.at/result?searchterm=true&search=sandero" "Mozilla/5.0 (Windows NT 10.0; WOW64) AppleWebKit/537.36 (KHTML, like Gecko) Chrome/88.0.4324.182 Safari/537.36"
91.114.96.114 - - [23/Feb/2021:14:57:45 +0100] "GET /loadthumbnail.php?id=12333874&width=113 HTTP/1.1" 200 1957 "http://renault.activities.at/result?searchterm=true&search=sandero" "Mozilla/5.0 (Windows NT 10.0; WOW64) AppleWebKit/537.36 (KHTML, like Gecko) Chrome/88.0.4324.182 Safari/537.36"
91.114.96.114 - - [23/Feb/2021:14:57:45 +0100] "GET /loadthumbnail.php?id=12358273&width=113 HTTP/1.1" 200 2569 "http://renault.activities.at/result?searchterm=true&search=sandero" "Mozilla/5.0 (Windows NT 10.0; WOW64) AppleWebKit/537.36 (KHTML, like Gecko) Chrome/88.0.4324.182 Safari/537.36"
91.114.96.114 - - [23/Feb/2021:14:57:45 +0100] "GET /loadthumbnail.php?id=12358272&width=113 HTTP/1.1" 200 2569 "http://renault.activities.at/result?searchterm=true&search=sandero" "Mozilla/5.0 (Windows NT 10.0; WOW64) AppleWebKit/537.36 (KHTML, like Gecko) Chrome/88.0.4324.182 Safari/537.36"
91.114.96.114 - - [23/Feb/2021:14:57:45 +0100] "GET /loadthumbnail.php?id=12329380&width=113 HTTP/1.1" 200 6136 "http://renault.activities.at/result?searchterm=true&search=sandero" "Mozilla/5.0 (Windows NT 10.0; WOW64) AppleWebKit/537.36 (KHTML, like Gecko) Chrome/88.0.4324.182 Safari/537.36"
91.114.96.114 - - [23/Feb/2021:14:57:45 +0100] "GET /loadthumbnail.php?id=12341633&width=113 HTTP/1.1" 200 3367 "http://renault.activities.at/result?searchterm=true&search=sandero" "Mozilla/5.0 (Windows NT 10.0; WOW64) AppleWebKit/537.36 (KHTML, like Gecko) Chrome/88.0.4324.182 Safari/537.36"
91.114.96.114 - - [23/Feb/2021:14:57:45 +0100] "GET /loadthumbnail.php?id=12341631&width=113 HTTP/1.1" 200 2854 "http://renault.activities.at/result?searchterm=true&search=sandero" "Mozilla/5.0 (Windows NT 10.0; WOW64) AppleWebKit/537.36 (KHTML, like Gecko) Chrome/88.0.4324.182 Safari/537.36"
91.114.96.114 - - [23/Feb/2021:14:57:45 +0100] "GET /loadthumbnail.php?id=12234958&width=113 HTTP/1.1" 200 2519 "http://renault.activities.at/result?searchterm=true&search=sandero" "Mozilla/5.0 (Windows NT 10.0; WOW64) AppleWebKit/537.36 (KHTML, like Gecko) Chrome/88.0.4324.182 Safari/537.36"
91.114.96.114 - - [23/Feb/2021:14:57:45 +0100] "GET /loadthumbnail.php?id=12341634&width=113 HTTP/1.1" 200 3389 "http://renault.activities.at/result?searchterm=true&search=sandero" "Mozilla/5.0 (Windows NT 10.0; WOW64) AppleWebKit/537.36 (KHTML, like Gecko) Chrome/88.0.4324.182 Safari/537.36"
91.114.96.114 - - [23/Feb/2021:14:57:45 +0100] "GET /loadthumbnail.php?id=10260863&width=113 HTTP/1.1" 200 1170 "http://renault.activities.at/result?searchterm=true&search=sandero" "Mozilla/5.0 (Windows NT 10.0; WOW64) AppleWebKit/537.36 (KHTML, like Gecko) Chrome/88.0.4324.182 Safari/537.36"
91.114.96.114 - - [23/Feb/2021:14:57:45 +0100] "GET /loadthumbnail.php?id=12334029&width=113 HTTP/1.1" 200 3526 "http://renault.activities.at/result?searchterm=true&search=sandero" "Mozilla/5.0 (Windows NT 10.0; WOW64) AppleWebKit/537.36 (KHTML, like Gecko) Chrome/88.0.4324.182 Safari/537.36"
91.114.96.114 - - [23/Feb/2021:14:57:45 +0100] "GET /loadthumbnail.php?id=11715005&width=113 HTTP/1.1" 200 30128 "http://renault.activities.at/result?searchterm=true&search=sandero" "Mozilla/5.0 (Windows NT 10.0; WOW64) AppleWebKit/537.36 (KHTML, like Gecko) Chrome/88.0.4324.182 Safari/537.36"
91.114.96.114 - - [23/Feb/2021:14:57:42 +0100] "POST /axjaxrequest?mode=suggest HTTP/1.1" 200 133 "http://renault.activities.at/result?searchterm=true&search=duster" "Mozilla/5.0 (Windows NT 10.0; WOW64) AppleWebKit/537.36 (KHTML, like Gecko) Chrome/88.0.4324.182 Safari/537.36"
80.122.221.194 - - [23/Feb/2021:14:57:51 +0100] "GET /reload?ser=1614088671861 HTTP/1.1" 200 28 "http://renault.activities.at/success" "Mozilla/5.0 (Windows NT 10.0; Win64; x64) AppleWebKit/537.36 (KHTML, like Gecko) Chrome/88.0.4324.150 Safari/537.36 Edg/88.0.705.63"
91.114.96.114 - - [23/Feb/2021:14:57:56 +0100] "GET /12329378?print=true HTTP/1.1" 200 2653 "http://renault.activities.at/result?searchterm=true&search=sandero" "Mozilla/5.0 (Windows NT 10.0; WOW64) AppleWebKit/537.36 (KHTML, like Gecko) Chrome/88.0.4324.182 Safari/537.36"
91.114.96.114 - - [23/Feb/2021:14:57:59 +0100] "GET /loadthumbnail.php?id=12329380&width=250 HTTP/1.1" 200 21098 "http://renault.activities.at/12329378?print=true" "Mozilla/5.0 (Windows NT 10.0; WOW64) AppleWebKit/537.36 (KHTML, like Gecko) Chrome/88.0.4324.182 Safari/537.36"
91.114.96.114 - - [23/Feb/2021:14:57:59 +0100] "GET /loadthumbnail.php?id=12329380&width=900&height=900 HTTP/1.1" 200 100112 "http://renault.activities.at/12329378?print=true" "Mozilla/5.0 (Windows NT 10.0; WOW64) AppleWebKit/537.36 (KHTML, like Gecko) Chrome/88.0.4324.182 Safari/537.36"
91.114.96.114 - - [23/Feb/2021:14:58:02 +0100] "GET /js/magiczoom/graphics/zoomin.cur HTTP/1.1" 200 326 "http://renault.activities.at/js/magiczoom/magiczoom.css" "Mozilla/5.0 (Windows NT 10.0; WOW64) AppleWebKit/537.36 (KHTML, like Gecko) Chrome/88.0.4324.182 Safari/537.36"
91.114.96.114 - - [23/Feb/2021:14:58:13 +0100] "GET /12329378?print=true HTTP/1.1" 200 2653 "http://renault.activities.at/result?searchterm=true&search=sandero" "Mozilla/5.0 (Windows NT 10.0; WOW64) AppleWebKit/537.36 (KHTML, like Gecko) Chrome/88.0.4324.182 Safari/537.36"
212.152.229.244 - - [23/Feb/2021:14:58:14 +0100] "GET /reload?ser=1614088694237 HTTP/1.1" 200 28 "http://renault.activities.at/result?searchterm=true&search=anh%E4nger" "Mozilla/5.0 (Windows NT 10.0; Win64; x64) AppleWebKit/537.36 (KHTML, like Gecko) Chrome/88.0.4324.182 Safari/537.36"
80.122.221.194 - - [23/Feb/2021:14:58:38 +0100] "GET /reload?ser=1614088718862 HTTP/1.1" 200 28 "http://renault.activities.at/login" "Mozilla/5.0 (Windows NT 10.0; Win64; x64) AppleWebKit/537.36 (KHTML, like Gecko) Chrome/88.0.4324.182 Safari/537.36"
193.194.132.25 - - [23/Feb/2021:14:58:44 +0100] "GET /reload?ser=1614088723332 HTTP/1.1" 200 28 "http://renault.2web.at/account" "Mozilla/5.0 (Windows NT 10.0; Win64; x64) AppleWebKit/537.36 (KHTML, like Gecko) Chrome/88.0.4324.182 Safari/537.36"
91.114.96.114 - - [23/Feb/2021:14:58:45 +0100] "GET /reload?ser=1614088725907 HTTP/1.1" 200 28 "http://renault.activities.at/result?searchterm=true&search=sandero" "Mozilla/5.0 (Windows NT 10.0; WOW64) AppleWebKit/537.36 (KHTML, like Gecko) Chrome/88.0.4324.182 Safari/537.36"
80.122.221.194 - - [23/Feb/2021:14:58:52 +0100] "GET /reload?ser=1614088732869 HTTP/1.1" 200 28 "http://renault.activities.at/success" "Mozilla/5.0 (Windows NT 10.0; Win64; x64) AppleWebKit/537.36 (KHTML, like Gecko) Chrome/88.0.4324.150 Safari/537.36 Edg/88.0.705.63"
91.114.96.114 - - [23/Feb/2021:14:58:59 +0100] "GET /result?searchterm=true&search=lodgy HTTP/1.1" 200 6416 "http://renault.activities.at/result?searchterm=true&search=sandero" "Mozilla/5.0 (Windows NT 10.0; WOW64) AppleWebKit/537.36 (KHTML, like Gecko) Chrome/88.0.4324.182 Safari/537.36"
91.114.96.114 - - [23/Feb/2021:14:59:01 +0100] "GET /loadthumbnail.php?id=12329388&width=113 HTTP/1.1" 200 6391 "http://renault.activities.at/result?searchterm=true&search=lodgy" "Mozilla/5.0 (Windows NT 10.0; WOW64) AppleWebKit/537.36 (KHTML, like Gecko) Chrome/88.0.4324.182 Safari/537.36"
91.114.96.114 - - [23/Feb/2021:14:59:01 +0100] "GET /loadthumbnail.php?id=11784465&width=113 HTTP/1.1" 200 2824 "http://renault.activities.at/result?searchterm=true&search=lodgy" "Mozilla/5.0 (Windows NT 10.0; WOW64) AppleWebKit/537.36 (KHTML, like Gecko) Chrome/88.0.4324.182 Safari/537.36"
91.114.96.114 - - [23/Feb/2021:14:59:01 +0100] "GET /loadthumbnail.php?id=11243081&width=113 HTTP/1.1" 200 1218 "http://renault.activities.at/result?searchterm=true&search=lodgy" "Mozilla/5.0 (Windows NT 10.0; WOW64) AppleWebKit/537.36 (KHTML, like Gecko) Chrome/88.0.4324.182 Safari/537.36"
91.114.96.114 - - [23/Feb/2021:14:59:01 +0100] "GET /loadthumbnail.php?id=12367879&width=113 HTTP/1.1" 200 3151 "http://renault.activities.at/result?searchterm=true&search=lodgy" "Mozilla/5.0 (Windows NT 10.0; WOW64) AppleWebKit/537.36 (KHTML, like Gecko) Chrome/88.0.4324.182 Safari/537.36"
91.114.96.114 - - [23/Feb/2021:14:58:59 +0100] "POST /axjaxrequest?mode=suggest HTTP/1.1" 200 111 "http://renault.activities.at/result?searchterm=true&search=sandero" "Mozilla/5.0 (Windows NT 10.0; WOW64) AppleWebKit/537.36 (KHTML, like Gecko) Chrome/88.0.4324.182 Safari/537.36"
212.152.229.244 - - [23/Feb/2021:14:59:15 +0100] "GET /reload?ser=1614088755236 HTTP/1.1" 200 28 "http://renault.activities.at/result?searchterm=true&search=anh%E4nger" "Mozilla/5.0 (Windows NT 10.0; Win64; x64) AppleWebKit/537.36 (KHTML, like Gecko) Chrome/88.0.4324.182 Safari/537.36"
34.205.77.69 - - [23/Feb/2021:14:59:19 +0100] "GET / HTTP/1.1" 200 13281 "-" "Mozilla/5.0 (Windows NT 6.1; Win64; x64) AppleWebKit/537.36 (KHTML, like Gecko) Chrome/72.0.3626.109 Safari/537.36"
80.122.221.194 - - [23/Feb/2021:14:59:39 +0100] "GET /reload?ser=1614088779866 HTTP/1.1" 200 28 "http://renault.activities.at/login" "Mozilla/5.0 (Windows NT 10.0; Win64; x64) AppleWebKit/537.36 (KHTML, like Gecko) Chrome/88.0.4324.182 Safari/537.36"
193.194.132.25 - - [23/Feb/2021:14:59:46 +0100] "GET /reload?ser=1614088785333 HTTP/1.1" 200 28 "http://renault.2web.at/account" "Mozilla/5.0 (Windows NT 10.0; Win64; x64) AppleWebKit/537.36 (KHTML, like Gecko) Chrome/88.0.4324.182 Safari/537.36"
80.122.221.194 - - [23/Feb/2021:14:59:53 +0100] "GET /reload?ser=1614088793873 HTTP/1.1" 200 28 "http://renault.activities.at/success" "Mozilla/5.0 (Windows NT 10.0; Win64; x64) AppleWebKit/537.36 (KHTML, like Gecko) Chrome/88.0.4324.150 Safari/537.36 Edg/88.0.705.63"
91.114.96.114 - - [23/Feb/2021:15:00:01 +0100] "GET /reload?ser=1614088801522 HTTP/1.1" 200 28 "http://renault.activities.at/result?searchterm=true&search=lodgy" "Mozilla/5.0 (Windows NT 10.0; WOW64) AppleWebKit/537.36 (KHTML, like Gecko) Chrome/88.0.4324.182 Safari/537.36"
91.114.96.114 - - [23/Feb/2021:15:00:07 +0100] "GET /checkout HTTP/1.1" 200 20418 "http://renault.activities.at/result?searchterm=true&search=lodgy" "Mozilla/5.0 (Windows NT 10.0; WOW64) AppleWebKit/537.36 (KHTML, like Gecko) Chrome/88.0.4324.182 Safari/537.36"
91.114.96.114 - - [23/Feb/2021:15:00:13 +0100] "GET /loadthumbnail.php?id=10202698 HTTP/1.1" 200 16686 "http://renault.activities.at/checkout" "Mozilla/5.0 (Windows NT 10.0; WOW64) AppleWebKit/537.36 (KHTML, like Gecko) Chrome/88.0.4324.182 Safari/537.36"
91.114.96.114 - - [23/Feb/2021:15:00:13 +0100] "GET /loadthumbnail.php?id=10201939 HTTP/1.1" 200 201 "http://renault.activities.at/checkout" "Mozilla/5.0 (Windows NT 10.0; WOW64) AppleWebKit/537.36 (KHTML, like Gecko) Chrome/88.0.4324.182 Safari/537.36"
212.152.229.244 - - [23/Feb/2021:15:00:16 +0100] "GET /reload?ser=1614088816235 HTTP/1.1" 200 28 "http://renault.activities.at/result?searchterm=true&search=anh%E4nger" "Mozilla/5.0 (Windows NT 10.0; Win64; x64) AppleWebKit/537.36 (KHTML, like Gecko) Chrome/88.0.4324.182 Safari/537.36"
91.114.96.114 - - [23/Feb/2021:15:00:14 +0100] "POST /docheckout HTTP/1.1" 200 452 "http://renault.activities.at/checkout" "Mozilla/5.0 (Windows NT 10.0; WOW64) AppleWebKit/537.36 (KHTML, like Gecko) Chrome/88.0.4324.182 Safari/537.36"
91.114.96.114 - - [23/Feb/2021:15:00:18 +0100] "POST /docheckout HTTP/1.1" 200 615 "http://renault.activities.at/checkout" "Mozilla/5.0 (Windows NT 10.0; WOW64) AppleWebKit/537.36 (KHTML, like Gecko) Chrome/88.0.4324.182 Safari/537.36"
91.114.96.114 - - [23/Feb/2021:15:00:22 +0100] "POST /docheckout HTTP/1.1" 200 68 "http://renault.activities.at/checkout" "Mozilla/5.0 (Windows NT 10.0; WOW64) AppleWebKit/537.36 (KHTML, like Gecko) Chrome/88.0.4324.182 Safari/537.36"
91.114.96.114 - - [23/Feb/2021:15:00:24 +0100] "GET /success HTTP/1.1" 200 3777 "http://renault.activities.at/checkout" "Mozilla/5.0 (Windows NT 10.0; WOW64) AppleWebKit/537.36 (KHTML, like Gecko) Chrome/88.0.4324.182 Safari/537.36"
80.122.221.194 - - [23/Feb/2021:15:00:40 +0100] "GET /reload?ser=1614088840870 HTTP/1.1" 200 28 "http://renault.activities.at/login" "Mozilla/5.0 (Windows NT 10.0; Win64; x64) AppleWebKit/537.36 (KHTML, like Gecko) Chrome/88.0.4324.182 Safari/537.36"
193.194.132.25 - - [23/Feb/2021:15:00:48 +0100] "GET /reload?ser=1614088847336 HTTP/1.1" 200 28 "http://renault.2web.at/account" "Mozilla/5.0 (Windows NT 10.0; Win64; x64) AppleWebKit/537.36 (KHTML, like Gecko) Chrome/88.0.4324.182 Safari/537.36"
91.114.96.114 - - [23/Feb/2021:15:00:49 +0100] "GET /logout HTTP/1.1" 302 140 "http://renault.activities.at/success" "Mozilla/5.0 (Windows NT 10.0; WOW64) AppleWebKit/537.36 (KHTML, like Gecko) Chrome/88.0.4324.182 Safari/537.36"
91.114.96.114 - - [23/Feb/2021:15:00:50 +0100] "GET /logout HTTP/1.1" 200 1583 "http://renault.activities.at/success" "Mozilla/5.0 (Windows NT 10.0; WOW64) AppleWebKit/537.36 (KHTML, like Gecko) Chrome/88.0.4324.182 Safari/537.36"
80.122.221.194 - - [23/Feb/2021:15:00:54 +0100] "GET /reload?ser=1614088854857 HTTP/1.1" 200 28 "http://renault.activities.at/success" "Mozilla/5.0 (Windows NT 10.0; Win64; x64) AppleWebKit/537.36 (KHTML, like Gecko) Chrome/88.0.4324.150 Safari/537.36 Edg/88.0.705.63"
91.114.96.114 - - [23/Feb/2021:15:00:56 +0100] "GET / HTTP/1.1" 200 3273 "http://renault.activities.at/logout" "Mozilla/5.0 (Windows NT 10.0; WOW64) AppleWebKit/537.36 (KHTML, like Gecko) Chrome/88.0.4324.182 Safari/537.36"
91.114.96.114 - - [23/Feb/2021:15:00:57 +0100] "GET / HTTP/1.1" 200 3273 "-" "Mozilla/5.0 (Windows NT 10.0; WOW64) AppleWebKit/537.36 (KHTML, like Gecko) Chrome/88.0.4324.182 Safari/537.36"
91.114.96.114 - - [23/Feb/2021:15:00:58 +0100] "GET /login HTTP/1.1" 200 2085 "http://renault.activities.at/" "Mozilla/5.0 (Windows NT 10.0; WOW64) AppleWebKit/537.36 (KHTML, like Gecko) Chrome/88.0.4324.182 Safari/537.36"
91.114.96.114 - - [23/Feb/2021:15:01:04 +0100] "POST /login HTTP/1.1" 302 140 "http://renault.activities.at/login" "Mozilla/5.0 (Windows NT 10.0; WOW64) AppleWebKit/537.36 (KHTML, like Gecko) Chrome/88.0.4324.182 Safari/537.36"
91.114.96.114 - - [23/Feb/2021:15:01:06 +0100] "GET /account HTTP/1.1" 200 5939 "http://renault.activities.at/login" "Mozilla/5.0 (Windows NT 10.0; WOW64) AppleWebKit/537.36 (KHTML, like Gecko) Chrome/88.0.4324.182 Safari/537.36"
91.114.96.114 - - [23/Feb/2021:15:01:09 +0100] "GET /loadthumbnail.php?id=12237270&width=50&height=50 HTTP/1.1" 200 1115 "http://renault.activities.at/account" "Mozilla/5.0 (Windows NT 10.0; WOW64) AppleWebKit/537.36 (KHTML, like Gecko) Chrome/88.0.4324.182 Safari/537.36"
91.114.96.114 - - [23/Feb/2021:15:01:15 +0100] "GET /checkout HTTP/1.1" 302 148 "http://renault.activities.at/account" "Mozilla/5.0 (Windows NT 10.0; WOW64) AppleWebKit/537.36 (KHTML, like Gecko) Chrome/88.0.4324.182 Safari/537.36"
91.114.96.114 - - [23/Feb/2021:15:01:16 +0100] "GET /cart?noamount=true HTTP/1.1" 200 3759 "http://renault.activities.at/account" "Mozilla/5.0 (Windows NT 10.0; WOW64) AppleWebKit/537.36 (KHTML, like Gecko) Chrome/88.0.4324.182 Safari/537.36"
212.152.229.244 - - [23/Feb/2021:15:01:17 +0100] "GET /reload?ser=1614088877233 HTTP/1.1" 200 28 "http://renault.activities.at/result?searchterm=true&search=anh%E4nger" "Mozilla/5.0 (Windows NT 10.0; Win64; x64) AppleWebKit/537.36 (KHTML, like Gecko) Chrome/88.0.4324.182 Safari/537.36"
91.114.96.114 - - [23/Feb/2021:15:01:18 +0100] "GET /cart HTTP/1.1" 200 3759 "http://renault.activities.at/cart?noamount=true" "Mozilla/5.0 (Windows NT 10.0; WOW64) AppleWebKit/537.36 (KHTML, like Gecko) Chrome/88.0.4324.182 Safari/537.36"
