212.152.229.244 - - [23/Feb/2021:12:50:05 +0100] "GET /reload?ser=1614081005232 HTTP/1.1" 200 28 "http://renault.activities.at/result?searchterm=true&search=anh%E4nger" "Mozilla/5.0 (Windows NT 10.0; Win64; x64) AppleWebKit/537.36 (KHTML, like Gecko) Chrome/88.0.4324.182 Safari/537.36"
193.194.132.25 - - [23/Feb/2021:12:50:29 +0100] "GET /reload?ser=1614081029079 HTTP/1.1" 200 28 "http://renault.2web.at/account" "Mozilla/5.0 (Windows NT 10.0; Win64; x64) AppleWebKit/537.36 (KHTML, like Gecko) Chrome/88.0.4324.182 Safari/537.36"
80.122.221.194 - - [23/Feb/2021:12:50:32 +0100] "GET /reload?ser=1614081032864 HTTP/1.1" 200 28 "http://renault.activities.at/login" "Mozilla/5.0 (Windows NT 10.0; Win64; x64) AppleWebKit/537.36 (KHTML, like Gecko) Chrome/88.0.4324.182 Safari/537.36"
157.97.69.246 - - [23/Feb/2021:12:50:41 +0100] "GET /reload?ser=1614081041538 HTTP/1.1" 200 28 "http://renault.activities.at/success" "Mozilla/5.0 (Windows NT 10.0; Win64; x64) AppleWebKit/537.36 (KHTML, like Gecko) Chrome/88.0.4324.182 Safari/537.36 Edg/88.0.705.74"
80.122.221.194 - - [23/Feb/2021:12:50:44 +0100] "GET /reload?ser=1614081044882 HTTP/1.1" 200 28 "http://renault.activities.at/success" "Mozilla/5.0 (Windows NT 10.0; Win64; x64) AppleWebKit/537.36 (KHTML, like Gecko) Chrome/88.0.4324.150 Safari/537.36 Edg/88.0.705.63"
212.152.229.244 - - [23/Feb/2021:12:51:06 +0100] "GET /reload?ser=1614081066231 HTTP/1.1" 200 28 "http://renault.activities.at/result?searchterm=true&search=anh%E4nger" "Mozilla/5.0 (Windows NT 10.0; Win64; x64) AppleWebKit/537.36 (KHTML, like Gecko) Chrome/88.0.4324.182 Safari/537.36"
193.194.132.25 - - [23/Feb/2021:12:51:32 +0100] "GET /reload?ser=1614081091086 HTTP/1.1" 200 28 "http://renault.2web.at/account" "Mozilla/5.0 (Windows NT 10.0; Win64; x64) AppleWebKit/537.36 (KHTML, like Gecko) Chrome/88.0.4324.182 Safari/537.36"
80.122.221.194 - - [23/Feb/2021:12:51:33 +0100] "GET /reload?ser=1614081093866 HTTP/1.1" 200 28 "http://renault.activities.at/login" "Mozilla/5.0 (Windows NT 10.0; Win64; x64) AppleWebKit/537.36 (KHTML, like Gecko) Chrome/88.0.4324.182 Safari/537.36"
157.97.69.246 - - [23/Feb/2021:12:51:42 +0100] "GET /reload?ser=1614081102545 HTTP/1.1" 200 28 "http://renault.activities.at/success" "Mozilla/5.0 (Windows NT 10.0; Win64; x64) AppleWebKit/537.36 (KHTML, like Gecko) Chrome/88.0.4324.182 Safari/537.36 Edg/88.0.705.74"
80.122.221.194 - - [23/Feb/2021:12:51:45 +0100] "GET /reload?ser=1614081105866 HTTP/1.1" 200 28 "http://renault.activities.at/success" "Mozilla/5.0 (Windows NT 10.0; Win64; x64) AppleWebKit/537.36 (KHTML, like Gecko) Chrome/88.0.4324.150 Safari/537.36 Edg/88.0.705.63"
212.152.229.244 - - [23/Feb/2021:12:52:07 +0100] "GET /reload?ser=1614081127222 HTTP/1.1" 200 28 "http://renault.activities.at/result?searchterm=true&search=anh%E4nger" "Mozilla/5.0 (Windows NT 10.0; Win64; x64) AppleWebKit/537.36 (KHTML, like Gecko) Chrome/88.0.4324.182 Safari/537.36"
80.122.221.194 - - [23/Feb/2021:12:52:34 +0100] "GET /reload?ser=1614081154874 HTTP/1.1" 200 28 "http://renault.activities.at/login" "Mozilla/5.0 (Windows NT 10.0; Win64; x64) AppleWebKit/537.36 (KHTML, like Gecko) Chrome/88.0.4324.182 Safari/537.36"
193.194.132.25 - - [23/Feb/2021:12:52:34 +0100] "GET /reload?ser=1614081154095 HTTP/1.1" 200 28 "http://renault.2web.at/account" "Mozilla/5.0 (Windows NT 10.0; Win64; x64) AppleWebKit/537.36 (KHTML, like Gecko) Chrome/88.0.4324.182 Safari/537.36"
157.97.69.246 - - [23/Feb/2021:12:52:43 +0100] "GET /reload?ser=1614081163545 HTTP/1.1" 200 28 "http://renault.activities.at/success" "Mozilla/5.0 (Windows NT 10.0; Win64; x64) AppleWebKit/537.36 (KHTML, like Gecko) Chrome/88.0.4324.182 Safari/537.36 Edg/88.0.705.74"
80.122.221.194 - - [23/Feb/2021:12:52:46 +0100] "GET /reload?ser=1614081166873 HTTP/1.1" 200 28 "http://renault.activities.at/success" "Mozilla/5.0 (Windows NT 10.0; Win64; x64) AppleWebKit/537.36 (KHTML, like Gecko) Chrome/88.0.4324.150 Safari/537.36 Edg/88.0.705.63"
212.152.229.244 - - [23/Feb/2021:12:53:08 +0100] "GET /reload?ser=1614081188236 HTTP/1.1" 200 28 "http://renault.activities.at/result?searchterm=true&search=anh%E4nger" "Mozilla/5.0 (Windows NT 10.0; Win64; x64) AppleWebKit/537.36 (KHTML, like Gecko) Chrome/88.0.4324.182 Safari/537.36"
80.122.221.194 - - [23/Feb/2021:12:53:35 +0100] "GET /reload?ser=1614081215867 HTTP/1.1" 200 28 "http://renault.activities.at/login" "Mozilla/5.0 (Windows NT 10.0; Win64; x64) AppleWebKit/537.36 (KHTML, like Gecko) Chrome/88.0.4324.182 Safari/537.36"
193.194.132.25 - - [23/Feb/2021:12:53:36 +0100] "GET /reload?ser=1614081216102 HTTP/1.1" 200 28 "http://renault.2web.at/account" "Mozilla/5.0 (Windows NT 10.0; Win64; x64) AppleWebKit/537.36 (KHTML, like Gecko) Chrome/88.0.4324.182 Safari/537.36"
157.97.69.246 - - [23/Feb/2021:12:53:44 +0100] "GET /reload?ser=1614081224542 HTTP/1.1" 200 28 "http://renault.activities.at/success" "Mozilla/5.0 (Windows NT 10.0; Win64; x64) AppleWebKit/537.36 (KHTML, like Gecko) Chrome/88.0.4324.182 Safari/537.36 Edg/88.0.705.74"
80.122.221.194 - - [23/Feb/2021:12:53:47 +0100] "GET /reload?ser=1614081227871 HTTP/1.1" 200 28 "http://renault.activities.at/success" "Mozilla/5.0 (Windows NT 10.0; Win64; x64) AppleWebKit/537.36 (KHTML, like Gecko) Chrome/88.0.4324.150 Safari/537.36 Edg/88.0.705.63"
212.152.229.244 - - [23/Feb/2021:12:54:09 +0100] "GET /reload?ser=1614081249235 HTTP/1.1" 200 28 "http://renault.activities.at/result?searchterm=true&search=anh%E4nger" "Mozilla/5.0 (Windows NT 10.0; Win64; x64) AppleWebKit/537.36 (KHTML, like Gecko) Chrome/88.0.4324.182 Safari/537.36"
80.122.221.194 - - [23/Feb/2021:12:54:36 +0100] "GET /reload?ser=1614081276877 HTTP/1.1" 200 28 "http://renault.activities.at/login" "Mozilla/5.0 (Windows NT 10.0; Win64; x64) AppleWebKit/537.36 (KHTML, like Gecko) Chrome/88.0.4324.182 Safari/537.36"
193.194.132.25 - - [23/Feb/2021:12:54:38 +0100] "GET /reload?ser=1614081278109 HTTP/1.1" 200 28 "http://renault.2web.at/account" "Mozilla/5.0 (Windows NT 10.0; Win64; x64) AppleWebKit/537.36 (KHTML, like Gecko) Chrome/88.0.4324.182 Safari/537.36"
157.97.69.246 - - [23/Feb/2021:12:54:45 +0100] "GET /reload?ser=1614081285546 HTTP/1.1" 200 28 "http://renault.activities.at/success" "Mozilla/5.0 (Windows NT 10.0; Win64; x64) AppleWebKit/537.36 (KHTML, like Gecko) Chrome/88.0.4324.182 Safari/537.36 Edg/88.0.705.74"
80.122.221.194 - - [23/Feb/2021:12:54:48 +0100] "GET /reload?ser=1614081288865 HTTP/1.1" 200 28 "http://renault.activities.at/success" "Mozilla/5.0 (Windows NT 10.0; Win64; x64) AppleWebKit/537.36 (KHTML, like Gecko) Chrome/88.0.4324.150 Safari/537.36 Edg/88.0.705.63"
212.152.229.244 - - [23/Feb/2021:12:55:10 +0100] "GET /reload?ser=1614081310234 HTTP/1.1" 200 28 "http://renault.activities.at/result?searchterm=true&search=anh%E4nger" "Mozilla/5.0 (Windows NT 10.0; Win64; x64) AppleWebKit/537.36 (KHTML, like Gecko) Chrome/88.0.4324.182 Safari/537.36"
80.122.221.194 - - [23/Feb/2021:12:55:37 +0100] "GET /reload?ser=1614081337863 HTTP/1.1" 200 28 "http://renault.activities.at/login" "Mozilla/5.0 (Windows NT 10.0; Win64; x64) AppleWebKit/537.36 (KHTML, like Gecko) Chrome/88.0.4324.182 Safari/537.36"
193.194.132.25 - - [23/Feb/2021:12:55:40 +0100] "GET /reload?ser=1614081340116 HTTP/1.1" 200 28 "http://renault.2web.at/account" "Mozilla/5.0 (Windows NT 10.0; Win64; x64) AppleWebKit/537.36 (KHTML, like Gecko) Chrome/88.0.4324.182 Safari/537.36"
157.97.69.246 - - [23/Feb/2021:12:55:46 +0100] "GET /reload?ser=1614081346546 HTTP/1.1" 200 28 "http://renault.activities.at/success" "Mozilla/5.0 (Windows NT 10.0; Win64; x64) AppleWebKit/537.36 (KHTML, like Gecko) Chrome/88.0.4324.182 Safari/537.36 Edg/88.0.705.74"
80.122.221.194 - - [23/Feb/2021:12:55:49 +0100] "GET /reload?ser=1614081349868 HTTP/1.1" 200 28 "http://renault.activities.at/success" "Mozilla/5.0 (Windows NT 10.0; Win64; x64) AppleWebKit/537.36 (KHTML, like Gecko) Chrome/88.0.4324.150 Safari/537.36 Edg/88.0.705.63"
212.152.229.244 - - [23/Feb/2021:12:56:11 +0100] "GET /reload?ser=1614081371232 HTTP/1.1" 200 28 "http://renault.activities.at/result?searchterm=true&search=anh%E4nger" "Mozilla/5.0 (Windows NT 10.0; Win64; x64) AppleWebKit/537.36 (KHTML, like Gecko) Chrome/88.0.4324.182 Safari/537.36"
80.122.221.194 - - [23/Feb/2021:12:56:38 +0100] "GET /reload?ser=1614081398874 HTTP/1.1" 200 28 "http://renault.activities.at/login" "Mozilla/5.0 (Windows NT 10.0; Win64; x64) AppleWebKit/537.36 (KHTML, like Gecko) Chrome/88.0.4324.182 Safari/537.36"
193.194.132.25 - - [23/Feb/2021:12:56:43 +0100] "GET /reload?ser=1614081402121 HTTP/1.1" 200 28 "http://renault.2web.at/account" "Mozilla/5.0 (Windows NT 10.0; Win64; x64) AppleWebKit/537.36 (KHTML, like Gecko) Chrome/88.0.4324.182 Safari/537.36"
157.97.69.246 - - [23/Feb/2021:12:56:47 +0100] "GET /reload?ser=1614081407542 HTTP/1.1" 200 28 "http://renault.activities.at/success" "Mozilla/5.0 (Windows NT 10.0; Win64; x64) AppleWebKit/537.36 (KHTML, like Gecko) Chrome/88.0.4324.182 Safari/537.36 Edg/88.0.705.74"
80.122.221.194 - - [23/Feb/2021:12:56:50 +0100] "GET /reload?ser=1614081410864 HTTP/1.1" 200 28 "http://renault.activities.at/success" "Mozilla/5.0 (Windows NT 10.0; Win64; x64) AppleWebKit/537.36 (KHTML, like Gecko) Chrome/88.0.4324.150 Safari/537.36 Edg/88.0.705.63"
212.152.229.244 - - [23/Feb/2021:12:57:12 +0100] "GET /reload?ser=1614081432223 HTTP/1.1" 200 28 "http://renault.activities.at/result?searchterm=true&search=anh%E4nger" "Mozilla/5.0 (Windows NT 10.0; Win64; x64) AppleWebKit/537.36 (KHTML, like Gecko) Chrome/88.0.4324.182 Safari/537.36"
80.122.221.194 - - [23/Feb/2021:12:57:39 +0100] "GET /reload?ser=1614081459873 HTTP/1.1" 200 28 "http://renault.activities.at/login" "Mozilla/5.0 (Windows NT 10.0; Win64; x64) AppleWebKit/537.36 (KHTML, like Gecko) Chrome/88.0.4324.182 Safari/537.36"
193.194.132.25 - - [23/Feb/2021:12:57:45 +0100] "GET /reload?ser=1614081465129 HTTP/1.1" 200 28 "http://renault.2web.at/account" "Mozilla/5.0 (Windows NT 10.0; Win64; x64) AppleWebKit/537.36 (KHTML, like Gecko) Chrome/88.0.4324.182 Safari/537.36"
157.97.69.246 - - [23/Feb/2021:12:57:48 +0100] "GET /reload?ser=1614081468550 HTTP/1.1" 200 28 "http://renault.activities.at/success" "Mozilla/5.0 (Windows NT 10.0; Win64; x64) AppleWebKit/537.36 (KHTML, like Gecko) Chrome/88.0.4324.182 Safari/537.36 Edg/88.0.705.74"
80.122.221.194 - - [23/Feb/2021:12:57:51 +0100] "GET /reload?ser=1614081471877 HTTP/1.1" 200 28 "http://renault.activities.at/success" "Mozilla/5.0 (Windows NT 10.0; Win64; x64) AppleWebKit/537.36 (KHTML, like Gecko) Chrome/88.0.4324.150 Safari/537.36 Edg/88.0.705.63"
212.152.229.244 - - [23/Feb/2021:12:58:13 +0100] "GET /reload?ser=1614081493238 HTTP/1.1" 200 28 "http://renault.activities.at/result?searchterm=true&search=anh%E4nger" "Mozilla/5.0 (Windows NT 10.0; Win64; x64) AppleWebKit/537.36 (KHTML, like Gecko) Chrome/88.0.4324.182 Safari/537.36"
80.122.221.194 - - [23/Feb/2021:12:58:40 +0100] "GET /reload?ser=1614081520869 HTTP/1.1" 200 28 "http://renault.activities.at/login" "Mozilla/5.0 (Windows NT 10.0; Win64; x64) AppleWebKit/537.36 (KHTML, like Gecko) Chrome/88.0.4324.182 Safari/537.36"
193.194.132.25 - - [23/Feb/2021:12:58:47 +0100] "GET /reload?ser=1614081527133 HTTP/1.1" 200 28 "http://renault.2web.at/account" "Mozilla/5.0 (Windows NT 10.0; Win64; x64) AppleWebKit/537.36 (KHTML, like Gecko) Chrome/88.0.4324.182 Safari/537.36"
157.97.69.246 - - [23/Feb/2021:12:58:50 +0100] "GET /reload?ser=1614081530550 HTTP/1.1" 200 28 "http://renault.activities.at/success" "Mozilla/5.0 (Windows NT 10.0; Win64; x64) AppleWebKit/537.36 (KHTML, like Gecko) Chrome/88.0.4324.182 Safari/537.36 Edg/88.0.705.74"
80.122.221.194 - - [23/Feb/2021:12:58:52 +0100] "GET /reload?ser=1614081532868 HTTP/1.1" 200 28 "http://renault.activities.at/success" "Mozilla/5.0 (Windows NT 10.0; Win64; x64) AppleWebKit/537.36 (KHTML, like Gecko) Chrome/88.0.4324.150 Safari/537.36 Edg/88.0.705.63"
212.152.229.244 - - [23/Feb/2021:12:59:14 +0100] "GET /reload?ser=1614081554236 HTTP/1.1" 200 28 "http://renault.activities.at/result?searchterm=true&search=anh%E4nger" "Mozilla/5.0 (Windows NT 10.0; Win64; x64) AppleWebKit/537.36 (KHTML, like Gecko) Chrome/88.0.4324.182 Safari/537.36"
80.122.221.194 - - [23/Feb/2021:12:59:41 +0100] "GET /reload?ser=1614081581878 HTTP/1.1" 200 28 "http://renault.activities.at/login" "Mozilla/5.0 (Windows NT 10.0; Win64; x64) AppleWebKit/537.36 (KHTML, like Gecko) Chrome/88.0.4324.182 Safari/537.36"
193.194.132.25 - - [23/Feb/2021:12:59:49 +0100] "GET /reload?ser=1614081589141 HTTP/1.1" 200 28 "http://renault.2web.at/account" "Mozilla/5.0 (Windows NT 10.0; Win64; x64) AppleWebKit/537.36 (KHTML, like Gecko) Chrome/88.0.4324.182 Safari/537.36"
157.97.69.246 - - [23/Feb/2021:12:59:51 +0100] "GET /reload?ser=1614081591538 HTTP/1.1" 200 28 "http://renault.activities.at/success" "Mozilla/5.0 (Windows NT 10.0; Win64; x64) AppleWebKit/537.36 (KHTML, like Gecko) Chrome/88.0.4324.182 Safari/537.36 Edg/88.0.705.74"
80.122.221.194 - - [23/Feb/2021:12:59:53 +0100] "GET /reload?ser=1614081593877 HTTP/1.1" 200 28 "http://renault.activities.at/success" "Mozilla/5.0 (Windows NT 10.0; Win64; x64) AppleWebKit/537.36 (KHTML, like Gecko) Chrome/88.0.4324.150 Safari/537.36 Edg/88.0.705.63"
212.152.229.244 - - [23/Feb/2021:13:00:15 +0100] "GET /reload?ser=1614081615235 HTTP/1.1" 200 28 "http://renault.activities.at/result?searchterm=true&search=anh%E4nger" "Mozilla/5.0 (Windows NT 10.0; Win64; x64) AppleWebKit/537.36 (KHTML, like Gecko) Chrome/88.0.4324.182 Safari/537.36"
80.122.221.194 - - [23/Feb/2021:13:00:42 +0100] "GET /reload?ser=1614081642868 HTTP/1.1" 200 28 "http://renault.activities.at/login" "Mozilla/5.0 (Windows NT 10.0; Win64; x64) AppleWebKit/537.36 (KHTML, like Gecko) Chrome/88.0.4324.182 Safari/537.36"
193.194.132.25 - - [23/Feb/2021:13:00:51 +0100] "GET /reload?ser=1614081651143 HTTP/1.1" 200 28 "http://renault.2web.at/account" "Mozilla/5.0 (Windows NT 10.0; Win64; x64) AppleWebKit/537.36 (KHTML, like Gecko) Chrome/88.0.4324.182 Safari/537.36"
80.122.221.194 - - [23/Feb/2021:13:00:54 +0100] "GET /reload?ser=1614081654874 HTTP/1.1" 200 28 "http://renault.activities.at/success" "Mozilla/5.0 (Windows NT 10.0; Win64; x64) AppleWebKit/537.36 (KHTML, like Gecko) Chrome/88.0.4324.150 Safari/537.36 Edg/88.0.705.63"
212.152.229.244 - - [23/Feb/2021:13:01:16 +0100] "GET /reload?ser=1614081676233 HTTP/1.1" 200 28 "http://renault.activities.at/result?searchterm=true&search=anh%E4nger" "Mozilla/5.0 (Windows NT 10.0; Win64; x64) AppleWebKit/537.36 (KHTML, like Gecko) Chrome/88.0.4324.182 Safari/537.36"
80.122.221.194 - - [23/Feb/2021:13:01:43 +0100] "GET /reload?ser=1614081703871 HTTP/1.1" 200 28 "http://renault.activities.at/login" "Mozilla/5.0 (Windows NT 10.0; Win64; x64) AppleWebKit/537.36 (KHTML, like Gecko) Chrome/88.0.4324.182 Safari/537.36"
193.194.132.25 - - [23/Feb/2021:13:01:53 +0100] "GET /reload?ser=1614081713158 HTTP/1.1" 200 28 "http://renault.2web.at/account" "Mozilla/5.0 (Windows NT 10.0; Win64; x64) AppleWebKit/537.36 (KHTML, like Gecko) Chrome/88.0.4324.182 Safari/537.36"
80.122.221.194 - - [23/Feb/2021:13:01:55 +0100] "GET /reload?ser=1614081715862 HTTP/1.1" 200 28 "http://renault.activities.at/success" "Mozilla/5.0 (Windows NT 10.0; Win64; x64) AppleWebKit/537.36 (KHTML, like Gecko) Chrome/88.0.4324.150 Safari/537.36 Edg/88.0.705.63"
212.152.229.244 - - [23/Feb/2021:13:02:17 +0100] "GET /reload?ser=1614081737234 HTTP/1.1" 200 28 "http://renault.activities.at/result?searchterm=true&search=anh%E4nger" "Mozilla/5.0 (Windows NT 10.0; Win64; x64) AppleWebKit/537.36 (KHTML, like Gecko) Chrome/88.0.4324.182 Safari/537.36"
80.122.221.194 - - [23/Feb/2021:13:02:44 +0100] "GET /reload?ser=1614081764865 HTTP/1.1" 200 28 "http://renault.activities.at/login" "Mozilla/5.0 (Windows NT 10.0; Win64; x64) AppleWebKit/537.36 (KHTML, like Gecko) Chrome/88.0.4324.182 Safari/537.36"
193.194.132.25 - - [23/Feb/2021:13:02:55 +0100] "GET /reload?ser=1614081775151 HTTP/1.1" 200 28 "http://renault.2web.at/account" "Mozilla/5.0 (Windows NT 10.0; Win64; x64) AppleWebKit/537.36 (KHTML, like Gecko) Chrome/88.0.4324.182 Safari/537.36"
80.122.221.194 - - [23/Feb/2021:13:02:56 +0100] "GET /reload?ser=1614081776867 HTTP/1.1" 200 28 "http://renault.activities.at/success" "Mozilla/5.0 (Windows NT 10.0; Win64; x64) AppleWebKit/537.36 (KHTML, like Gecko) Chrome/88.0.4324.150 Safari/537.36 Edg/88.0.705.63"
212.152.229.244 - - [23/Feb/2021:13:03:19 +0100] "GET /reload?ser=1614081799233 HTTP/1.1" 200 28 "http://renault.activities.at/result?searchterm=true&search=anh%E4nger" "Mozilla/5.0 (Windows NT 10.0; Win64; x64) AppleWebKit/537.36 (KHTML, like Gecko) Chrome/88.0.4324.182 Safari/537.36"
80.122.221.194 - - [23/Feb/2021:13:03:45 +0100] "GET /reload?ser=1614081825868 HTTP/1.1" 200 28 "http://renault.activities.at/login" "Mozilla/5.0 (Windows NT 10.0; Win64; x64) AppleWebKit/537.36 (KHTML, like Gecko) Chrome/88.0.4324.182 Safari/537.36"
193.194.132.25 - - [23/Feb/2021:13:03:57 +0100] "GET /reload?ser=1614081837153 HTTP/1.1" 200 28 "http://renault.2web.at/account" "Mozilla/5.0 (Windows NT 10.0; Win64; x64) AppleWebKit/537.36 (KHTML, like Gecko) Chrome/88.0.4324.182 Safari/537.36"
80.122.221.194 - - [23/Feb/2021:13:03:57 +0100] "GET /reload?ser=1614081837875 HTTP/1.1" 200 28 "http://renault.activities.at/success" "Mozilla/5.0 (Windows NT 10.0; Win64; x64) AppleWebKit/537.36 (KHTML, like Gecko) Chrome/88.0.4324.150 Safari/537.36 Edg/88.0.705.63"
212.152.229.244 - - [23/Feb/2021:13:04:20 +0100] "GET /reload?ser=1614081860231 HTTP/1.1" 200 28 "http://renault.activities.at/result?searchterm=true&search=anh%E4nger" "Mozilla/5.0 (Windows NT 10.0; Win64; x64) AppleWebKit/537.36 (KHTML, like Gecko) Chrome/88.0.4324.182 Safari/537.36"
80.122.221.194 - - [23/Feb/2021:13:04:46 +0100] "GET /reload?ser=1614081886863 HTTP/1.1" 200 28 "http://renault.activities.at/login" "Mozilla/5.0 (Windows NT 10.0; Win64; x64) AppleWebKit/537.36 (KHTML, like Gecko) Chrome/88.0.4324.182 Safari/537.36"
80.122.221.194 - - [23/Feb/2021:13:04:58 +0100] "GET /reload?ser=1614081898869 HTTP/1.1" 200 28 "http://renault.activities.at/success" "Mozilla/5.0 (Windows NT 10.0; Win64; x64) AppleWebKit/537.36 (KHTML, like Gecko) Chrome/88.0.4324.150 Safari/537.36 Edg/88.0.705.63"
193.194.132.25 - - [23/Feb/2021:13:04:59 +0100] "GET /reload?ser=1614081899157 HTTP/1.1" 200 28 "http://renault.2web.at/account" "Mozilla/5.0 (Windows NT 10.0; Win64; x64) AppleWebKit/537.36 (KHTML, like Gecko) Chrome/88.0.4324.182 Safari/537.36"
212.152.229.244 - - [23/Feb/2021:13:05:21 +0100] "GET /reload?ser=1614081921237 HTTP/1.1" 200 28 "http://renault.activities.at/result?searchterm=true&search=anh%E4nger" "Mozilla/5.0 (Windows NT 10.0; Win64; x64) AppleWebKit/537.36 (KHTML, like Gecko) Chrome/88.0.4324.182 Safari/537.36"
80.122.221.194 - - [23/Feb/2021:13:05:47 +0100] "GET /reload?ser=1614081947872 HTTP/1.1" 200 28 "http://renault.activities.at/login" "Mozilla/5.0 (Windows NT 10.0; Win64; x64) AppleWebKit/537.36 (KHTML, like Gecko) Chrome/88.0.4324.182 Safari/537.36"
80.122.221.194 - - [23/Feb/2021:13:05:59 +0100] "GET /reload?ser=1614081959864 HTTP/1.1" 200 28 "http://renault.activities.at/success" "Mozilla/5.0 (Windows NT 10.0; Win64; x64) AppleWebKit/537.36 (KHTML, like Gecko) Chrome/88.0.4324.150 Safari/537.36 Edg/88.0.705.63"
193.194.132.25 - - [23/Feb/2021:13:06:01 +0100] "GET /reload?ser=1614081961161 HTTP/1.1" 200 28 "http://renault.2web.at/account" "Mozilla/5.0 (Windows NT 10.0; Win64; x64) AppleWebKit/537.36 (KHTML, like Gecko) Chrome/88.0.4324.182 Safari/537.36"
212.152.229.244 - - [23/Feb/2021:13:06:22 +0100] "GET /reload?ser=1614081982235 HTTP/1.1" 200 28 "http://renault.activities.at/result?searchterm=true&search=anh%E4nger" "Mozilla/5.0 (Windows NT 10.0; Win64; x64) AppleWebKit/537.36 (KHTML, like Gecko) Chrome/88.0.4324.182 Safari/537.36"
80.122.221.194 - - [23/Feb/2021:13:06:48 +0100] "GET /reload?ser=1614082008869 HTTP/1.1" 200 28 "http://renault.activities.at/login" "Mozilla/5.0 (Windows NT 10.0; Win64; x64) AppleWebKit/537.36 (KHTML, like Gecko) Chrome/88.0.4324.182 Safari/537.36"
80.122.221.194 - - [23/Feb/2021:13:07:00 +0100] "GET /reload?ser=1614082020876 HTTP/1.1" 200 28 "http://renault.activities.at/success" "Mozilla/5.0 (Windows NT 10.0; Win64; x64) AppleWebKit/537.36 (KHTML, like Gecko) Chrome/88.0.4324.150 Safari/537.36 Edg/88.0.705.63"
193.194.132.25 - - [23/Feb/2021:13:07:03 +0100] "GET /reload?ser=1614082023164 HTTP/1.1" 200 28 "http://renault.2web.at/account" "Mozilla/5.0 (Windows NT 10.0; Win64; x64) AppleWebKit/537.36 (KHTML, like Gecko) Chrome/88.0.4324.182 Safari/537.36"
212.152.229.244 - - [23/Feb/2021:13:07:23 +0100] "GET /reload?ser=1614082043226 HTTP/1.1" 200 28 "http://renault.activities.at/result?searchterm=true&search=anh%E4nger" "Mozilla/5.0 (Windows NT 10.0; Win64; x64) AppleWebKit/537.36 (KHTML, like Gecko) Chrome/88.0.4324.182 Safari/537.36"
80.122.221.194 - - [23/Feb/2021:13:07:49 +0100] "GET /reload?ser=1614082069863 HTTP/1.1" 200 28 "http://renault.activities.at/login" "Mozilla/5.0 (Windows NT 10.0; Win64; x64) AppleWebKit/537.36 (KHTML, like Gecko) Chrome/88.0.4324.182 Safari/537.36"
80.122.221.194 - - [23/Feb/2021:13:08:01 +0100] "GET /reload?ser=1614082081870 HTTP/1.1" 200 28 "http://renault.activities.at/success" "Mozilla/5.0 (Windows NT 10.0; Win64; x64) AppleWebKit/537.36 (KHTML, like Gecko) Chrome/88.0.4324.150 Safari/537.36 Edg/88.0.705.63"
193.194.132.25 - - [23/Feb/2021:13:08:05 +0100] "GET /reload?ser=1614082085166 HTTP/1.1" 200 28 "http://renault.2web.at/account" "Mozilla/5.0 (Windows NT 10.0; Win64; x64) AppleWebKit/537.36 (KHTML, like Gecko) Chrome/88.0.4324.182 Safari/537.36"
212.152.229.244 - - [23/Feb/2021:13:08:24 +0100] "GET /reload?ser=1614082104224 HTTP/1.1" 200 28 "http://renault.activities.at/result?searchterm=true&search=anh%E4nger" "Mozilla/5.0 (Windows NT 10.0; Win64; x64) AppleWebKit/537.36 (KHTML, like Gecko) Chrome/88.0.4324.182 Safari/537.36"
80.122.221.194 - - [23/Feb/2021:13:08:50 +0100] "GET /reload?ser=1614082130873 HTTP/1.1" 200 28 "http://renault.activities.at/login" "Mozilla/5.0 (Windows NT 10.0; Win64; x64) AppleWebKit/537.36 (KHTML, like Gecko) Chrome/88.0.4324.182 Safari/537.36"
80.122.221.194 - - [23/Feb/2021:13:09:02 +0100] "GET /reload?ser=1614082142868 HTTP/1.1" 200 28 "http://renault.activities.at/success" "Mozilla/5.0 (Windows NT 10.0; Win64; x64) AppleWebKit/537.36 (KHTML, like Gecko) Chrome/88.0.4324.150 Safari/537.36 Edg/88.0.705.63"
193.194.132.25 - - [23/Feb/2021:13:09:07 +0100] "GET /reload?ser=1614082147169 HTTP/1.1" 200 28 "http://renault.2web.at/account" "Mozilla/5.0 (Windows NT 10.0; Win64; x64) AppleWebKit/537.36 (KHTML, like Gecko) Chrome/88.0.4324.182 Safari/537.36"
212.152.229.244 - - [23/Feb/2021:13:09:25 +0100] "GET /reload?ser=1614082165223 HTTP/1.1" 200 28 "http://renault.activities.at/result?searchterm=true&search=anh%E4nger" "Mozilla/5.0 (Windows NT 10.0; Win64; x64) AppleWebKit/537.36 (KHTML, like Gecko) Chrome/88.0.4324.182 Safari/537.36"
80.122.221.194 - - [23/Feb/2021:13:09:51 +0100] "GET /reload?ser=1614082191869 HTTP/1.1" 200 28 "http://renault.activities.at/login" "Mozilla/5.0 (Windows NT 10.0; Win64; x64) AppleWebKit/537.36 (KHTML, like Gecko) Chrome/88.0.4324.182 Safari/537.36"
80.122.221.194 - - [23/Feb/2021:13:10:03 +0100] "GET /reload?ser=1614082203870 HTTP/1.1" 200 28 "http://renault.activities.at/success" "Mozilla/5.0 (Windows NT 10.0; Win64; x64) AppleWebKit/537.36 (KHTML, like Gecko) Chrome/88.0.4324.150 Safari/537.36 Edg/88.0.705.63"
193.194.132.25 - - [23/Feb/2021:13:10:09 +0100] "GET /reload?ser=1614082209171 HTTP/1.1" 200 28 "http://renault.2web.at/account" "Mozilla/5.0 (Windows NT 10.0; Win64; x64) AppleWebKit/537.36 (KHTML, like Gecko) Chrome/88.0.4324.182 Safari/537.36"
212.152.229.244 - - [23/Feb/2021:13:10:26 +0100] "GET /reload?ser=1614082226237 HTTP/1.1" 200 28 "http://renault.activities.at/result?searchterm=true&search=anh%E4nger" "Mozilla/5.0 (Windows NT 10.0; Win64; x64) AppleWebKit/537.36 (KHTML, like Gecko) Chrome/88.0.4324.182 Safari/537.36"
80.122.221.194 - - [23/Feb/2021:13:10:52 +0100] "GET /reload?ser=1614082252861 HTTP/1.1" 200 28 "http://renault.activities.at/login" "Mozilla/5.0 (Windows NT 10.0; Win64; x64) AppleWebKit/537.36 (KHTML, like Gecko) Chrome/88.0.4324.182 Safari/537.36"
80.122.221.194 - - [23/Feb/2021:13:11:04 +0100] "GET /reload?ser=1614082264866 HTTP/1.1" 200 28 "http://renault.activities.at/success" "Mozilla/5.0 (Windows NT 10.0; Win64; x64) AppleWebKit/537.36 (KHTML, like Gecko) Chrome/88.0.4324.150 Safari/537.36 Edg/88.0.705.63"
193.194.132.25 - - [23/Feb/2021:13:11:11 +0100] "GET /reload?ser=1614082271179 HTTP/1.1" 200 28 "http://renault.2web.at/account" "Mozilla/5.0 (Windows NT 10.0; Win64; x64) AppleWebKit/537.36 (KHTML, like Gecko) Chrome/88.0.4324.182 Safari/537.36"
212.152.229.244 - - [23/Feb/2021:13:11:27 +0100] "GET /reload?ser=1614082287228 HTTP/1.1" 200 28 "http://renault.activities.at/result?searchterm=true&search=anh%E4nger" "Mozilla/5.0 (Windows NT 10.0; Win64; x64) AppleWebKit/537.36 (KHTML, like Gecko) Chrome/88.0.4324.182 Safari/537.36"
80.122.221.194 - - [23/Feb/2021:13:11:53 +0100] "GET /reload?ser=1614082313862 HTTP/1.1" 200 28 "http://renault.activities.at/login" "Mozilla/5.0 (Windows NT 10.0; Win64; x64) AppleWebKit/537.36 (KHTML, like Gecko) Chrome/88.0.4324.182 Safari/537.36"
80.122.221.194 - - [23/Feb/2021:13:12:05 +0100] "GET /reload?ser=1614082325868 HTTP/1.1" 200 28 "http://renault.activities.at/success" "Mozilla/5.0 (Windows NT 10.0; Win64; x64) AppleWebKit/537.36 (KHTML, like Gecko) Chrome/88.0.4324.150 Safari/537.36 Edg/88.0.705.63"
193.194.132.25 - - [23/Feb/2021:13:12:13 +0100] "GET /reload?ser=1614082333176 HTTP/1.1" 200 28 "http://renault.2web.at/account" "Mozilla/5.0 (Windows NT 10.0; Win64; x64) AppleWebKit/537.36 (KHTML, like Gecko) Chrome/88.0.4324.182 Safari/537.36"
212.152.229.244 - - [23/Feb/2021:13:12:28 +0100] "GET /reload?ser=1614082348227 HTTP/1.1" 200 28 "http://renault.activities.at/result?searchterm=true&search=anh%E4nger" "Mozilla/5.0 (Windows NT 10.0; Win64; x64) AppleWebKit/537.36 (KHTML, like Gecko) Chrome/88.0.4324.182 Safari/537.36"
80.122.221.194 - - [23/Feb/2021:13:12:54 +0100] "GET /reload?ser=1614082374871 HTTP/1.1" 200 28 "http://renault.activities.at/login" "Mozilla/5.0 (Windows NT 10.0; Win64; x64) AppleWebKit/537.36 (KHTML, like Gecko) Chrome/88.0.4324.182 Safari/537.36"
80.122.221.194 - - [23/Feb/2021:13:13:06 +0100] "GET /reload?ser=1614082386862 HTTP/1.1" 200 28 "http://renault.activities.at/success" "Mozilla/5.0 (Windows NT 10.0; Win64; x64) AppleWebKit/537.36 (KHTML, like Gecko) Chrome/88.0.4324.150 Safari/537.36 Edg/88.0.705.63"
193.194.132.25 - - [23/Feb/2021:13:13:15 +0100] "GET /reload?ser=1614082395179 HTTP/1.1" 200 28 "http://renault.2web.at/account" "Mozilla/5.0 (Windows NT 10.0; Win64; x64) AppleWebKit/537.36 (KHTML, like Gecko) Chrome/88.0.4324.182 Safari/537.36"
212.152.229.244 - - [23/Feb/2021:13:13:29 +0100] "GET /reload?ser=1614082409225 HTTP/1.1" 200 28 "http://renault.activities.at/result?searchterm=true&search=anh%E4nger" "Mozilla/5.0 (Windows NT 10.0; Win64; x64) AppleWebKit/537.36 (KHTML, like Gecko) Chrome/88.0.4324.182 Safari/537.36"
80.122.221.194 - - [23/Feb/2021:13:13:55 +0100] "GET /reload?ser=1614082435869 HTTP/1.1" 200 28 "http://renault.activities.at/login" "Mozilla/5.0 (Windows NT 10.0; Win64; x64) AppleWebKit/537.36 (KHTML, like Gecko) Chrome/88.0.4324.182 Safari/537.36"
80.122.221.194 - - [23/Feb/2021:13:14:07 +0100] "GET /reload?ser=1614082447861 HTTP/1.1" 200 28 "http://renault.activities.at/success" "Mozilla/5.0 (Windows NT 10.0; Win64; x64) AppleWebKit/537.36 (KHTML, like Gecko) Chrome/88.0.4324.150 Safari/537.36 Edg/88.0.705.63"
193.194.132.25 - - [23/Feb/2021:13:14:17 +0100] "GET /reload?ser=1614082457180 HTTP/1.1" 200 28 "http://renault.2web.at/account" "Mozilla/5.0 (Windows NT 10.0; Win64; x64) AppleWebKit/537.36 (KHTML, like Gecko) Chrome/88.0.4324.182 Safari/537.36"
212.152.229.244 - - [23/Feb/2021:13:14:30 +0100] "GET /reload?ser=1614082470224 HTTP/1.1" 200 28 "http://renault.activities.at/result?searchterm=true&search=anh%E4nger" "Mozilla/5.0 (Windows NT 10.0; Win64; x64) AppleWebKit/537.36 (KHTML, like Gecko) Chrome/88.0.4324.182 Safari/537.36"
80.122.221.194 - - [23/Feb/2021:13:14:56 +0100] "GET /reload?ser=1614082496864 HTTP/1.1" 200 28 "http://renault.activities.at/login" "Mozilla/5.0 (Windows NT 10.0; Win64; x64) AppleWebKit/537.36 (KHTML, like Gecko) Chrome/88.0.4324.182 Safari/537.36"
80.122.221.194 - - [23/Feb/2021:13:15:08 +0100] "GET /reload?ser=1614082508870 HTTP/1.1" 200 28 "http://renault.activities.at/success" "Mozilla/5.0 (Windows NT 10.0; Win64; x64) AppleWebKit/537.36 (KHTML, like Gecko) Chrome/88.0.4324.150 Safari/537.36 Edg/88.0.705.63"
193.194.132.25 - - [23/Feb/2021:13:15:19 +0100] "GET /reload?ser=1614082519182 HTTP/1.1" 200 28 "http://renault.2web.at/account" "Mozilla/5.0 (Windows NT 10.0; Win64; x64) AppleWebKit/537.36 (KHTML, like Gecko) Chrome/88.0.4324.182 Safari/537.36"
212.152.229.244 - - [23/Feb/2021:13:15:31 +0100] "GET /reload?ser=1614082531234 HTTP/1.1" 200 28 "http://renault.activities.at/result?searchterm=true&search=anh%E4nger" "Mozilla/5.0 (Windows NT 10.0; Win64; x64) AppleWebKit/537.36 (KHTML, like Gecko) Chrome/88.0.4324.182 Safari/537.36"
80.122.221.194 - - [23/Feb/2021:13:15:57 +0100] "GET /reload?ser=1614082557873 HTTP/1.1" 200 28 "http://renault.activities.at/login" "Mozilla/5.0 (Windows NT 10.0; Win64; x64) AppleWebKit/537.36 (KHTML, like Gecko) Chrome/88.0.4324.182 Safari/537.36"
80.122.221.194 - - [23/Feb/2021:13:16:09 +0100] "GET /reload?ser=1614082569866 HTTP/1.1" 200 28 "http://renault.activities.at/success" "Mozilla/5.0 (Windows NT 10.0; Win64; x64) AppleWebKit/537.36 (KHTML, like Gecko) Chrome/88.0.4324.150 Safari/537.36 Edg/88.0.705.63"
193.194.132.25 - - [23/Feb/2021:13:16:21 +0100] "GET /reload?ser=1614082581184 HTTP/1.1" 200 28 "http://renault.2web.at/account" "Mozilla/5.0 (Windows NT 10.0; Win64; x64) AppleWebKit/537.36 (KHTML, like Gecko) Chrome/88.0.4324.182 Safari/537.36"
212.152.229.244 - - [23/Feb/2021:13:16:32 +0100] "GET /reload?ser=1614082592229 HTTP/1.1" 200 28 "http://renault.activities.at/result?searchterm=true&search=anh%E4nger" "Mozilla/5.0 (Windows NT 10.0; Win64; x64) AppleWebKit/537.36 (KHTML, like Gecko) Chrome/88.0.4324.182 Safari/537.36"
80.122.221.194 - - [23/Feb/2021:13:16:58 +0100] "GET /reload?ser=1614082618862 HTTP/1.1" 200 28 "http://renault.activities.at/login" "Mozilla/5.0 (Windows NT 10.0; Win64; x64) AppleWebKit/537.36 (KHTML, like Gecko) Chrome/88.0.4324.182 Safari/537.36"
80.122.221.194 - - [23/Feb/2021:13:17:10 +0100] "GET /reload?ser=1614082630868 HTTP/1.1" 200 28 "http://renault.activities.at/success" "Mozilla/5.0 (Windows NT 10.0; Win64; x64) AppleWebKit/537.36 (KHTML, like Gecko) Chrome/88.0.4324.150 Safari/537.36 Edg/88.0.705.63"
193.194.132.25 - - [23/Feb/2021:13:17:23 +0100] "GET /reload?ser=1614082643185 HTTP/1.1" 200 28 "http://renault.2web.at/account" "Mozilla/5.0 (Windows NT 10.0; Win64; x64) AppleWebKit/537.36 (KHTML, like Gecko) Chrome/88.0.4324.182 Safari/537.36"
212.152.229.244 - - [23/Feb/2021:13:17:33 +0100] "GET /reload?ser=1614082653228 HTTP/1.1" 200 28 "http://renault.activities.at/result?searchterm=true&search=anh%E4nger" "Mozilla/5.0 (Windows NT 10.0; Win64; x64) AppleWebKit/537.36 (KHTML, like Gecko) Chrome/88.0.4324.182 Safari/537.36"
80.122.221.194 - - [23/Feb/2021:13:17:59 +0100] "GET /reload?ser=1614082679871 HTTP/1.1" 200 28 "http://renault.activities.at/login" "Mozilla/5.0 (Windows NT 10.0; Win64; x64) AppleWebKit/537.36 (KHTML, like Gecko) Chrome/88.0.4324.182 Safari/537.36"
80.122.221.194 - - [23/Feb/2021:13:18:11 +0100] "GET /reload?ser=1614082691864 HTTP/1.1" 200 28 "http://renault.activities.at/success" "Mozilla/5.0 (Windows NT 10.0; Win64; x64) AppleWebKit/537.36 (KHTML, like Gecko) Chrome/88.0.4324.150 Safari/537.36 Edg/88.0.705.63"
193.194.132.25 - - [23/Feb/2021:13:18:25 +0100] "GET /reload?ser=1614082705186 HTTP/1.1" 200 28 "http://renault.2web.at/account" "Mozilla/5.0 (Windows NT 10.0; Win64; x64) AppleWebKit/537.36 (KHTML, like Gecko) Chrome/88.0.4324.182 Safari/537.36"
212.152.229.244 - - [23/Feb/2021:13:18:34 +0100] "GET /reload?ser=1614082714226 HTTP/1.1" 200 28 "http://renault.activities.at/result?searchterm=true&search=anh%E4nger" "Mozilla/5.0 (Windows NT 10.0; Win64; x64) AppleWebKit/537.36 (KHTML, like Gecko) Chrome/88.0.4324.182 Safari/537.36"
80.122.221.194 - - [23/Feb/2021:13:19:00 +0100] "GET /reload?ser=1614082740862 HTTP/1.1" 200 28 "http://renault.activities.at/login" "Mozilla/5.0 (Windows NT 10.0; Win64; x64) AppleWebKit/537.36 (KHTML, like Gecko) Chrome/88.0.4324.182 Safari/537.36"
80.122.221.194 - - [23/Feb/2021:13:19:12 +0100] "GET /reload?ser=1614082752867 HTTP/1.1" 200 28 "http://renault.activities.at/success" "Mozilla/5.0 (Windows NT 10.0; Win64; x64) AppleWebKit/537.36 (KHTML, like Gecko) Chrome/88.0.4324.150 Safari/537.36 Edg/88.0.705.63"
193.194.132.25 - - [23/Feb/2021:13:19:27 +0100] "GET /reload?ser=1614082767187 HTTP/1.1" 200 28 "http://renault.2web.at/account" "Mozilla/5.0 (Windows NT 10.0; Win64; x64) AppleWebKit/537.36 (KHTML, like Gecko) Chrome/88.0.4324.182 Safari/537.36"
212.152.229.244 - - [23/Feb/2021:13:19:35 +0100] "GET /reload?ser=1614082775225 HTTP/1.1" 200 28 "http://renault.activities.at/result?searchterm=true&search=anh%E4nger" "Mozilla/5.0 (Windows NT 10.0; Win64; x64) AppleWebKit/537.36 (KHTML, like Gecko) Chrome/88.0.4324.182 Safari/537.36"
80.122.221.194 - - [23/Feb/2021:13:20:01 +0100] "GET /reload?ser=1614082801869 HTTP/1.1" 200 28 "http://renault.activities.at/login" "Mozilla/5.0 (Windows NT 10.0; Win64; x64) AppleWebKit/537.36 (KHTML, like Gecko) Chrome/88.0.4324.182 Safari/537.36"
138.21.12.28 - - [23/Feb/2021:13:20:02 +0100] "GET / HTTP/1.1" 200 3285 "-" "Mozilla/5.0 (Windows NT 10.0; Win64; x64) AppleWebKit/537.36 (KHTML, like Gecko) Chrome/88.0.4324.182 Safari/537.36"
138.21.12.28 - - [23/Feb/2021:13:20:04 +0100] "GET /js/index.php?c=auto&f=,prototype/prototype.js,prototype/validation.js,scriptaculous/builder.js,scriptaculous/effects.js,scriptaculous/dragdrop.js,scriptaculous/controls.js,scriptaculous/slider.js,varien/js.js,varien/form.js,varien/menu.js,mage/translate.js,mage/cookies.js,varien/product.js,spinner/SpinnerControl.jsmin.js,prototype/window.js,prototype/window_ext.js HTTP/1.1" 200 94182 "http://renault.2web.at/" "Mozilla/5.0 (Windows NT 10.0; Win64; x64) AppleWebKit/537.36 (KHTML, like Gecko) Chrome/88.0.4324.182 Safari/537.36"
138.21.12.28 - - [23/Feb/2021:13:20:04 +0100] "GET /loadthumbnail.php?id=11127982 HTTP/1.1" 200 399614 "http://renault.2web.at/" "Mozilla/5.0 (Windows NT 10.0; Win64; x64) AppleWebKit/537.36 (KHTML, like Gecko) Chrome/88.0.4324.182 Safari/537.36"
138.21.12.28 - - [23/Feb/2021:13:20:05 +0100] "GET /images/favicon.ico HTTP/1.1" 404 300 "http://renault.2web.at/" "Mozilla/5.0 (Windows NT 10.0; Win64; x64) AppleWebKit/537.36 (KHTML, like Gecko) Chrome/88.0.4324.182 Safari/537.36"
138.21.12.28 - - [23/Feb/2021:13:20:06 +0100] "GET /login HTTP/1.1" 200 2095 "http://renault.2web.at/" "Mozilla/5.0 (Windows NT 10.0; Win64; x64) AppleWebKit/537.36 (KHTML, like Gecko) Chrome/88.0.4324.182 Safari/537.36"
80.122.221.194 - - [23/Feb/2021:13:20:13 +0100] "GET /reload?ser=1614082813860 HTTP/1.1" 200 28 "http://renault.activities.at/success" "Mozilla/5.0 (Windows NT 10.0; Win64; x64) AppleWebKit/537.36 (KHTML, like Gecko) Chrome/88.0.4324.150 Safari/537.36 Edg/88.0.705.63"
138.21.12.28 - - [23/Feb/2021:13:20:23 +0100] "POST /login HTTP/1.1" 302 137 "http://renault.2web.at/login" "Mozilla/5.0 (Windows NT 10.0; Win64; x64) AppleWebKit/537.36 (KHTML, like Gecko) Chrome/88.0.4324.182 Safari/537.36"
138.21.12.28 - - [23/Feb/2021:13:20:25 +0100] "GET /account HTTP/1.1" 200 8836 "http://renault.2web.at/login" "Mozilla/5.0 (Windows NT 10.0; Win64; x64) AppleWebKit/537.36 (KHTML, like Gecko) Chrome/88.0.4324.182 Safari/537.36"
138.21.12.28 - - [23/Feb/2021:13:20:28 +0100] "GET /loadthumbnail.php?id=10203651&width=50&height=50 HTTP/1.1" 200 1234 "http://renault.2web.at/account" "Mozilla/5.0 (Windows NT 10.0; Win64; x64) AppleWebKit/537.36 (KHTML, like Gecko) Chrome/88.0.4324.182 Safari/537.36"
193.194.132.25 - - [23/Feb/2021:13:20:29 +0100] "GET /reload?ser=1614082829190 HTTP/1.1" 200 28 "http://renault.2web.at/account" "Mozilla/5.0 (Windows NT 10.0; Win64; x64) AppleWebKit/537.36 (KHTML, like Gecko) Chrome/88.0.4324.182 Safari/537.36"
212.152.229.244 - - [23/Feb/2021:13:20:36 +0100] "GET /reload?ser=1614082836224 HTTP/1.1" 200 28 "http://renault.activities.at/result?searchterm=true&search=anh%E4nger" "Mozilla/5.0 (Windows NT 10.0; Win64; x64) AppleWebKit/537.36 (KHTML, like Gecko) Chrome/88.0.4324.182 Safari/537.36"
80.122.221.194 - - [23/Feb/2021:13:21:02 +0100] "GET /reload?ser=1614082862863 HTTP/1.1" 200 28 "http://renault.activities.at/login" "Mozilla/5.0 (Windows NT 10.0; Win64; x64) AppleWebKit/537.36 (KHTML, like Gecko) Chrome/88.0.4324.182 Safari/537.36"
80.122.221.194 - - [23/Feb/2021:13:21:14 +0100] "GET /reload?ser=1614082874867 HTTP/1.1" 200 28 "http://renault.activities.at/success" "Mozilla/5.0 (Windows NT 10.0; Win64; x64) AppleWebKit/537.36 (KHTML, like Gecko) Chrome/88.0.4324.150 Safari/537.36 Edg/88.0.705.63"
138.21.12.28 - - [23/Feb/2021:13:21:30 +0100] "GET /reload?ser=1614082890040 HTTP/1.1" 200 28 "http://renault.2web.at/account" "Mozilla/5.0 (Windows NT 10.0; Win64; x64) AppleWebKit/537.36 (KHTML, like Gecko) Chrome/88.0.4324.182 Safari/537.36"
193.194.132.25 - - [23/Feb/2021:13:21:31 +0100] "GET /reload?ser=1614082891190 HTTP/1.1" 200 28 "http://renault.2web.at/account" "Mozilla/5.0 (Windows NT 10.0; Win64; x64) AppleWebKit/537.36 (KHTML, like Gecko) Chrome/88.0.4324.182 Safari/537.36"
212.152.229.244 - - [23/Feb/2021:13:21:37 +0100] "GET /reload?ser=1614082897238 HTTP/1.1" 200 28 "http://renault.activities.at/result?searchterm=true&search=anh%E4nger" "Mozilla/5.0 (Windows NT 10.0; Win64; x64) AppleWebKit/537.36 (KHTML, like Gecko) Chrome/88.0.4324.182 Safari/537.36"
138.21.12.28 - - [23/Feb/2021:13:21:49 +0100] "POST /axjaxrequest?mode=suggest HTTP/1.1" 200 205 "http://renault.2web.at/account" "Mozilla/5.0 (Windows NT 10.0; Win64; x64) AppleWebKit/537.36 (KHTML, like Gecko) Chrome/88.0.4324.182 Safari/537.36"
138.21.12.28 - - [23/Feb/2021:13:21:52 +0100] "GET /result?searchterm=true&search=Brosch%FCre HTTP/1.1" 200 10986 "http://renault.2web.at/account" "Mozilla/5.0 (Windows NT 10.0; Win64; x64) AppleWebKit/537.36 (KHTML, like Gecko) Chrome/88.0.4324.182 Safari/537.36"
138.21.12.28 - - [23/Feb/2021:13:21:55 +0100] "GET /result?searchterm=true&search=Brosch%FCre HTTP/1.1" 200 10986 "http://renault.2web.at/account" "Mozilla/5.0 (Windows NT 10.0; Win64; x64) AppleWebKit/537.36 (KHTML, like Gecko) Chrome/88.0.4324.182 Safari/537.36"
138.21.12.28 - - [23/Feb/2021:13:21:59 +0100] "GET /loadthumbnail.php?id=10203255 HTTP/1.1" 200 137 "http://renault.2web.at/result?searchterm=true&search=Brosch%FCre" "Mozilla/5.0 (Windows NT 10.0; Win64; x64) AppleWebKit/537.36 (KHTML, like Gecko) Chrome/88.0.4324.182 Safari/537.36"
138.21.12.28 - - [23/Feb/2021:13:21:59 +0100] "GET /loadthumbnail.php?id=10203276 HTTP/1.1" 200 75 "http://renault.2web.at/result?searchterm=true&search=Brosch%FCre" "Mozilla/5.0 (Windows NT 10.0; Win64; x64) AppleWebKit/537.36 (KHTML, like Gecko) Chrome/88.0.4324.182 Safari/537.36"
138.21.12.28 - - [23/Feb/2021:13:21:59 +0100] "GET /loadthumbnail.php?id=12037190&width=113 HTTP/1.1" 200 19857 "http://renault.2web.at/result?searchterm=true&search=Brosch%FCre" "Mozilla/5.0 (Windows NT 10.0; Win64; x64) AppleWebKit/537.36 (KHTML, like Gecko) Chrome/88.0.4324.182 Safari/537.36"
138.21.12.28 - - [23/Feb/2021:13:21:59 +0100] "GET /loadthumbnail.php?id=12328871&width=113 HTTP/1.1" 200 3047 "http://renault.2web.at/result?searchterm=true&search=Brosch%FCre" "Mozilla/5.0 (Windows NT 10.0; Win64; x64) AppleWebKit/537.36 (KHTML, like Gecko) Chrome/88.0.4324.182 Safari/537.36"
138.21.12.28 - - [23/Feb/2021:13:21:59 +0100] "GET /loadthumbnail.php?id=12138224&width=113 HTTP/1.1" 200 3427 "http://renault.2web.at/result?searchterm=true&search=Brosch%FCre" "Mozilla/5.0 (Windows NT 10.0; Win64; x64) AppleWebKit/537.36 (KHTML, like Gecko) Chrome/88.0.4324.182 Safari/537.36"
138.21.12.28 - - [23/Feb/2021:13:21:59 +0100] "GET /loadthumbnail.php?id=12122446&width=113 HTTP/1.1" 200 3706 "http://renault.2web.at/result?searchterm=true&search=Brosch%FCre" "Mozilla/5.0 (Windows NT 10.0; Win64; x64) AppleWebKit/537.36 (KHTML, like Gecko) Chrome/88.0.4324.182 Safari/537.36"
138.21.12.28 - - [23/Feb/2021:13:21:59 +0100] "GET /loadthumbnail.php?id=12115542&width=113 HTTP/1.1" 200 6084 "http://renault.2web.at/result?searchterm=true&search=Brosch%FCre" "Mozilla/5.0 (Windows NT 10.0; Win64; x64) AppleWebKit/537.36 (KHTML, like Gecko) Chrome/88.0.4324.182 Safari/537.36"
138.21.12.28 - - [23/Feb/2021:13:21:59 +0100] "GET /loadthumbnail.php?id=11976088&width=113 HTTP/1.1" 200 23388 "http://renault.2web.at/result?searchterm=true&search=Brosch%FCre" "Mozilla/5.0 (Windows NT 10.0; Win64; x64) AppleWebKit/537.36 (KHTML, like Gecko) Chrome/88.0.4324.182 Safari/537.36"
138.21.12.28 - - [23/Feb/2021:13:21:59 +0100] "GET /loadthumbnail.php?id=11976076&width=113 HTTP/1.1" 200 17152 "http://renault.2web.at/result?searchterm=true&search=Brosch%FCre" "Mozilla/5.0 (Windows NT 10.0; Win64; x64) AppleWebKit/537.36 (KHTML, like Gecko) Chrome/88.0.4324.182 Safari/537.36"
138.21.12.28 - - [23/Feb/2021:13:21:59 +0100] "GET /loadthumbnail.php?id=12047627&width=113 HTTP/1.1" 200 3640 "http://renault.2web.at/result?searchterm=true&search=Brosch%FCre" "Mozilla/5.0 (Windows NT 10.0; Win64; x64) AppleWebKit/537.36 (KHTML, like Gecko) Chrome/88.0.4324.182 Safari/537.36"
138.21.12.28 - - [23/Feb/2021:13:21:59 +0100] "GET /loadthumbnail.php?id=12328160&width=113 HTTP/1.1" 200 2784 "http://renault.2web.at/result?searchterm=true&search=Brosch%FCre" "Mozilla/5.0 (Windows NT 10.0; Win64; x64) AppleWebKit/537.36 (KHTML, like Gecko) Chrome/88.0.4324.182 Safari/537.36"
138.21.12.28 - - [23/Feb/2021:13:21:59 +0100] "GET /loadthumbnail.php?id=12153811&width=113 HTTP/1.1" 200 2537 "http://renault.2web.at/result?searchterm=true&search=Brosch%FCre" "Mozilla/5.0 (Windows NT 10.0; Win64; x64) AppleWebKit/537.36 (KHTML, like Gecko) Chrome/88.0.4324.182 Safari/537.36"
138.21.12.28 - - [23/Feb/2021:13:21:59 +0100] "GET /loadthumbnail.php?id=11564187&width=113 HTTP/1.1" 200 22491 "http://renault.2web.at/result?searchterm=true&search=Brosch%FCre" "Mozilla/5.0 (Windows NT 10.0; Win64; x64) AppleWebKit/537.36 (KHTML, like Gecko) Chrome/88.0.4324.182 Safari/537.36"
138.21.12.28 - - [23/Feb/2021:13:21:59 +0100] "GET /loadthumbnail.php?id=11976092&width=113 HTTP/1.1" 200 22943 "http://renault.2web.at/result?searchterm=true&search=Brosch%FCre" "Mozilla/5.0 (Windows NT 10.0; Win64; x64) AppleWebKit/537.36 (KHTML, like Gecko) Chrome/88.0.4324.182 Safari/537.36"
138.21.12.28 - - [23/Feb/2021:13:21:59 +0100] "GET /loadthumbnail.php?id=12310521&width=113 HTTP/1.1" 200 3088 "http://renault.2web.at/result?searchterm=true&search=Brosch%FCre" "Mozilla/5.0 (Windows NT 10.0; Win64; x64) AppleWebKit/537.36 (KHTML, like Gecko) Chrome/88.0.4324.182 Safari/537.36"
138.21.12.28 - - [23/Feb/2021:13:21:59 +0100] "GET /loadthumbnail.php?id=11475295&width=113 HTTP/1.1" 200 17922 "http://renault.2web.at/result?searchterm=true&search=Brosch%FCre" "Mozilla/5.0 (Windows NT 10.0; Win64; x64) AppleWebKit/537.36 (KHTML, like Gecko) Chrome/88.0.4324.182 Safari/537.36"
138.21.12.28 - - [23/Feb/2021:13:21:59 +0100] "GET /loadthumbnail.php?id=12310511&width=113 HTTP/1.1" 200 2831 "http://renault.2web.at/result?searchterm=true&search=Brosch%FCre" "Mozilla/5.0 (Windows NT 10.0; Win64; x64) AppleWebKit/537.36 (KHTML, like Gecko) Chrome/88.0.4324.182 Safari/537.36"
80.122.221.194 - - [23/Feb/2021:13:22:03 +0100] "GET /reload?ser=1614082923872 HTTP/1.1" 200 28 "http://renault.activities.at/login" "Mozilla/5.0 (Windows NT 10.0; Win64; x64) AppleWebKit/537.36 (KHTML, like Gecko) Chrome/88.0.4324.182 Safari/537.36"
80.122.221.194 - - [23/Feb/2021:13:22:15 +0100] "GET /reload?ser=1614082935864 HTTP/1.1" 200 28 "http://renault.activities.at/success" "Mozilla/5.0 (Windows NT 10.0; Win64; x64) AppleWebKit/537.36 (KHTML, like Gecko) Chrome/88.0.4324.150 Safari/537.36 Edg/88.0.705.63"
138.21.12.28 - - [23/Feb/2021:13:22:19 +0100] "GET /result?dir=DESC&mode=grid&order=number&limit=15&search=Brosch%FCre HTTP/1.1" 200 10979 "http://renault.2web.at/result?searchterm=true&search=Brosch%FCre" "Mozilla/5.0 (Windows NT 10.0; Win64; x64) AppleWebKit/537.36 (KHTML, like Gecko) Chrome/88.0.4324.182 Safari/537.36"
138.21.12.28 - - [23/Feb/2021:13:22:19 +0100] "GET /result?dir=ASC&mode=grid&order=name&limit=15&page=1&search=Brosch%C3%BCre HTTP/1.1" 200 11005 "http://renault.2web.at/result?searchterm=true&search=Brosch%FCre" "Mozilla/5.0 (Windows NT 10.0; Win64; x64) AppleWebKit/537.36 (KHTML, like Gecko) Chrome/88.0.4324.182 Safari/537.36"
138.21.12.28 - - [23/Feb/2021:13:22:25 +0100] "GET /loadthumbnail.php?id=10633817&width=113 HTTP/1.1" 200 2614 "http://renault.2web.at/result?dir=ASC&mode=grid&order=name&limit=15&page=1&search=Brosch%C3%BCre" "Mozilla/5.0 (Windows NT 10.0; Win64; x64) AppleWebKit/537.36 (KHTML, like Gecko) Chrome/88.0.4324.182 Safari/537.36"
138.21.12.28 - - [23/Feb/2021:13:22:25 +0100] "GET /loadthumbnail.php?id=10970934&width=113 HTTP/1.1" 200 4103 "http://renault.2web.at/result?dir=ASC&mode=grid&order=name&limit=15&page=1&search=Brosch%C3%BCre" "Mozilla/5.0 (Windows NT 10.0; Win64; x64) AppleWebKit/537.36 (KHTML, like Gecko) Chrome/88.0.4324.182 Safari/537.36"
138.21.12.28 - - [23/Feb/2021:13:22:25 +0100] "GET /loadthumbnail.php?id=12010095&width=113 HTTP/1.1" 200 20832 "http://renault.2web.at/result?dir=ASC&mode=grid&order=name&limit=15&page=1&search=Brosch%C3%BCre" "Mozilla/5.0 (Windows NT 10.0; Win64; x64) AppleWebKit/537.36 (KHTML, like Gecko) Chrome/88.0.4324.182 Safari/537.36"
138.21.12.28 - - [23/Feb/2021:13:22:25 +0100] "GET /loadthumbnail.php?id=12334025&width=113 HTTP/1.1" 200 3408 "http://renault.2web.at/result?dir=ASC&mode=grid&order=name&limit=15&page=1&search=Brosch%C3%BCre" "Mozilla/5.0 (Windows NT 10.0; Win64; x64) AppleWebKit/537.36 (KHTML, like Gecko) Chrome/88.0.4324.182 Safari/537.36"
138.21.12.28 - - [23/Feb/2021:13:22:25 +0100] "GET /loadthumbnail.php?id=10203254 HTTP/1.1" 200 77 "http://renault.2web.at/result?dir=ASC&mode=grid&order=name&limit=15&page=1&search=Brosch%C3%BCre" "Mozilla/5.0 (Windows NT 10.0; Win64; x64) AppleWebKit/537.36 (KHTML, like Gecko) Chrome/88.0.4324.182 Safari/537.36"
138.21.12.28 - - [23/Feb/2021:13:22:25 +0100] "GET /loadthumbnail.php?id=11693093&width=113 HTTP/1.1" 200 6219 "http://renault.2web.at/result?dir=ASC&mode=grid&order=name&limit=15&page=1&search=Brosch%C3%BCre" "Mozilla/5.0 (Windows NT 10.0; Win64; x64) AppleWebKit/537.36 (KHTML, like Gecko) Chrome/88.0.4324.182 Safari/537.36"
138.21.12.28 - - [23/Feb/2021:13:22:25 +0100] "GET /loadthumbnail.php?id=12237270&width=113 HTTP/1.1" 200 2874 "http://renault.2web.at/result?dir=ASC&mode=grid&order=name&limit=15&page=1&search=Brosch%C3%BCre" "Mozilla/5.0 (Windows NT 10.0; Win64; x64) AppleWebKit/537.36 (KHTML, like Gecko) Chrome/88.0.4324.182 Safari/537.36"
138.21.12.28 - - [23/Feb/2021:13:22:25 +0100] "GET /loadthumbnail.php?id=12234960&width=113 HTTP/1.1" 200 3148 "http://renault.2web.at/result?dir=ASC&mode=grid&order=name&limit=15&page=1&search=Brosch%C3%BCre" "Mozilla/5.0 (Windows NT 10.0; Win64; x64) AppleWebKit/537.36 (KHTML, like Gecko) Chrome/88.0.4324.182 Safari/537.36"
138.21.12.28 - - [23/Feb/2021:13:22:25 +0100] "GET /loadthumbnail.php?id=11895725&width=113 HTTP/1.1" 200 2960 "http://renault.2web.at/result?dir=ASC&mode=grid&order=name&limit=15&page=1&search=Brosch%C3%BCre" "Mozilla/5.0 (Windows NT 10.0; Win64; x64) AppleWebKit/537.36 (KHTML, like Gecko) Chrome/88.0.4324.182 Safari/537.36"
138.21.12.28 - - [23/Feb/2021:13:22:25 +0100] "GET /loadthumbnail.php?id=12237274&width=113 HTTP/1.1" 200 2703 "http://renault.2web.at/result?dir=ASC&mode=grid&order=name&limit=15&page=1&search=Brosch%C3%BCre" "Mozilla/5.0 (Windows NT 10.0; Win64; x64) AppleWebKit/537.36 (KHTML, like Gecko) Chrome/88.0.4324.182 Safari/537.36"
138.21.12.28 - - [23/Feb/2021:13:22:25 +0100] "GET /loadthumbnail.php?id=12367879&width=113 HTTP/1.1" 200 3151 "http://renault.2web.at/result?dir=ASC&mode=grid&order=name&limit=15&page=1&search=Brosch%C3%BCre" "Mozilla/5.0 (Windows NT 10.0; Win64; x64) AppleWebKit/537.36 (KHTML, like Gecko) Chrome/88.0.4324.182 Safari/537.36"
138.21.12.28 - - [23/Feb/2021:13:22:25 +0100] "GET /loadthumbnail.php?id=11798477&width=113 HTTP/1.1" 200 3326 "http://renault.2web.at/result?dir=ASC&mode=grid&order=name&limit=15&page=1&search=Brosch%C3%BCre" "Mozilla/5.0 (Windows NT 10.0; Win64; x64) AppleWebKit/537.36 (KHTML, like Gecko) Chrome/88.0.4324.182 Safari/537.36"
138.21.12.28 - - [23/Feb/2021:13:22:25 +0100] "GET /loadthumbnail.php?id=12034916&width=113 HTTP/1.1" 200 5915 "http://renault.2web.at/result?dir=ASC&mode=grid&order=name&limit=15&page=1&search=Brosch%C3%BCre" "Mozilla/5.0 (Windows NT 10.0; Win64; x64) AppleWebKit/537.36 (KHTML, like Gecko) Chrome/88.0.4324.182 Safari/537.36"
138.21.12.28 - - [23/Feb/2021:13:22:26 +0100] "GET /loadthumbnail.php?id=12017023&width=113 HTTP/1.1" 200 34650 "http://renault.2web.at/result?dir=ASC&mode=grid&order=name&limit=15&page=1&search=Brosch%C3%BCre" "Mozilla/5.0 (Windows NT 10.0; Win64; x64) AppleWebKit/537.36 (KHTML, like Gecko) Chrome/88.0.4324.182 Safari/537.36"
138.21.12.28 - - [23/Feb/2021:13:22:25 +0100] "GET /loadthumbnail.php?id=12234958&width=113 HTTP/1.1" 200 2519 "http://renault.2web.at/result?dir=ASC&mode=grid&order=name&limit=15&page=1&search=Brosch%C3%BCre" "Mozilla/5.0 (Windows NT 10.0; Win64; x64) AppleWebKit/537.36 (KHTML, like Gecko) Chrome/88.0.4324.182 Safari/537.36"
