80.122.221.194 - - [08/Mar/2021:15:09:39 +0100] "GET /reload?ser=1615212579188 HTTP/1.1" 200 28 "http://renault.activities.at/success" "Mozilla/5.0 (Windows NT 10.0; Win64; x64) AppleWebKit/537.36 (KHTML, like Gecko) Chrome/88.0.4324.150 Safari/537.36 Edg/88.0.705.63"
80.122.221.194 - - [08/Mar/2021:15:09:58 +0100] "GET /reload?ser=1615212598189 HTTP/1.1" 200 28 "http://renault.activities.at/result?mode=list&search=NoVA" "Mozilla/5.0 (Windows NT 10.0; Win64; x64) AppleWebKit/537.36 (KHTML, like Gecko) Chrome/88.0.4324.150 Safari/537.36 Edg/88.0.705.63"
80.122.221.194 - - [08/Mar/2021:15:10:40 +0100] "GET /reload?ser=1615212640186 HTTP/1.1" 200 28 "http://renault.activities.at/success" "Mozilla/5.0 (Windows NT 10.0; Win64; x64) AppleWebKit/537.36 (KHTML, like Gecko) Chrome/88.0.4324.150 Safari/537.36 Edg/88.0.705.63"
80.122.221.194 - - [08/Mar/2021:15:10:59 +0100] "GET /reload?ser=1615212659186 HTTP/1.1" 200 28 "http://renault.activities.at/result?mode=list&search=NoVA" "Mozilla/5.0 (Windows NT 10.0; Win64; x64) AppleWebKit/537.36 (KHTML, like Gecko) Chrome/88.0.4324.150 Safari/537.36 Edg/88.0.705.63"
66.249.64.153 - - [08/Mar/2021:15:11:39 +0100] "GET / HTTP/1.1" 200 3273 "-" "Mozilla/5.0 (compatible; Googlebot/2.1; +http://www.google.com/bot.html)"
80.122.221.194 - - [08/Mar/2021:15:11:41 +0100] "GET /reload?ser=1615212701180 HTTP/1.1" 200 28 "http://renault.activities.at/success" "Mozilla/5.0 (Windows NT 10.0; Win64; x64) AppleWebKit/537.36 (KHTML, like Gecko) Chrome/88.0.4324.150 Safari/537.36 Edg/88.0.705.63"
66.249.64.155 - - [08/Mar/2021:15:11:59 +0100] "GET /js/flashdetection.js HTTP/1.1" 200 1059 "http://renault.activities.at/" "Mozilla/5.0 AppleWebKit/537.36 (KHTML, like Gecko; compatible; Googlebot/2.1; +http://www.google.com/bot.html) Chrome/88.0.4324.208 Safari/537.36"
80.122.221.194 - - [08/Mar/2021:15:12:00 +0100] "GET /reload?ser=1615212720182 HTTP/1.1" 200 28 "http://renault.activities.at/result?mode=list&search=NoVA" "Mozilla/5.0 (Windows NT 10.0; Win64; x64) AppleWebKit/537.36 (KHTML, like Gecko) Chrome/88.0.4324.150 Safari/537.36 Edg/88.0.705.63"
80.122.221.194 - - [08/Mar/2021:15:12:42 +0100] "GET /reload?ser=1615212762188 HTTP/1.1" 200 28 "http://renault.activities.at/success" "Mozilla/5.0 (Windows NT 10.0; Win64; x64) AppleWebKit/537.36 (KHTML, like Gecko) Chrome/88.0.4324.150 Safari/537.36 Edg/88.0.705.63"
80.122.221.194 - - [08/Mar/2021:15:13:01 +0100] "GET /reload?ser=1615212781187 HTTP/1.1" 200 28 "http://renault.activities.at/result?mode=list&search=NoVA" "Mozilla/5.0 (Windows NT 10.0; Win64; x64) AppleWebKit/537.36 (KHTML, like Gecko) Chrome/88.0.4324.150 Safari/537.36 Edg/88.0.705.63"
80.122.221.194 - - [08/Mar/2021:15:13:43 +0100] "GET /reload?ser=1615212823175 HTTP/1.1" 200 28 "http://renault.activities.at/success" "Mozilla/5.0 (Windows NT 10.0; Win64; x64) AppleWebKit/537.36 (KHTML, like Gecko) Chrome/88.0.4324.150 Safari/537.36 Edg/88.0.705.63"
80.122.221.194 - - [08/Mar/2021:15:14:02 +0100] "GET /reload?ser=1615212842180 HTTP/1.1" 200 28 "http://renault.activities.at/result?mode=list&search=NoVA" "Mozilla/5.0 (Windows NT 10.0; Win64; x64) AppleWebKit/537.36 (KHTML, like Gecko) Chrome/88.0.4324.150 Safari/537.36 Edg/88.0.705.63"
80.122.221.194 - - [08/Mar/2021:15:14:44 +0100] "GET /reload?ser=1615212884187 HTTP/1.1" 200 28 "http://renault.activities.at/success" "Mozilla/5.0 (Windows NT 10.0; Win64; x64) AppleWebKit/537.36 (KHTML, like Gecko) Chrome/88.0.4324.150 Safari/537.36 Edg/88.0.705.63"
80.122.221.194 - - [08/Mar/2021:15:15:03 +0100] "GET /reload?ser=1615212903186 HTTP/1.1" 200 28 "http://renault.activities.at/result?mode=list&search=NoVA" "Mozilla/5.0 (Windows NT 10.0; Win64; x64) AppleWebKit/537.36 (KHTML, like Gecko) Chrome/88.0.4324.150 Safari/537.36 Edg/88.0.705.63"
80.122.221.194 - - [08/Mar/2021:15:15:45 +0100] "GET /reload?ser=1615212945179 HTTP/1.1" 200 28 "http://renault.activities.at/success" "Mozilla/5.0 (Windows NT 10.0; Win64; x64) AppleWebKit/537.36 (KHTML, like Gecko) Chrome/88.0.4324.150 Safari/537.36 Edg/88.0.705.63"
80.122.221.194 - - [08/Mar/2021:15:16:04 +0100] "GET /reload?ser=1615212964180 HTTP/1.1" 200 28 "http://renault.activities.at/result?mode=list&search=NoVA" "Mozilla/5.0 (Windows NT 10.0; Win64; x64) AppleWebKit/537.36 (KHTML, like Gecko) Chrome/88.0.4324.150 Safari/537.36 Edg/88.0.705.63"
80.122.221.194 - - [08/Mar/2021:15:16:46 +0100] "GET /reload?ser=1615213006183 HTTP/1.1" 200 28 "http://renault.activities.at/success" "Mozilla/5.0 (Windows NT 10.0; Win64; x64) AppleWebKit/537.36 (KHTML, like Gecko) Chrome/88.0.4324.150 Safari/537.36 Edg/88.0.705.63"
80.122.221.194 - - [08/Mar/2021:15:17:05 +0100] "GET /reload?ser=1615213025184 HTTP/1.1" 200 28 "http://renault.activities.at/result?mode=list&search=NoVA" "Mozilla/5.0 (Windows NT 10.0; Win64; x64) AppleWebKit/537.36 (KHTML, like Gecko) Chrome/88.0.4324.150 Safari/537.36 Edg/88.0.705.63"
80.122.221.194 - - [08/Mar/2021:15:17:47 +0100] "GET /reload?ser=1615213067191 HTTP/1.1" 200 28 "http://renault.activities.at/success" "Mozilla/5.0 (Windows NT 10.0; Win64; x64) AppleWebKit/537.36 (KHTML, like Gecko) Chrome/88.0.4324.150 Safari/537.36 Edg/88.0.705.63"
80.122.221.194 - - [08/Mar/2021:15:18:06 +0100] "GET /reload?ser=1615213086186 HTTP/1.1" 200 28 "http://renault.activities.at/result?mode=list&search=NoVA" "Mozilla/5.0 (Windows NT 10.0; Win64; x64) AppleWebKit/537.36 (KHTML, like Gecko) Chrome/88.0.4324.150 Safari/537.36 Edg/88.0.705.63"
212.152.158.195 - - [08/Mar/2021:15:18:45 +0100] "GET / HTTP/1.1" 200 3273 "-" "Mozilla/5.0 (Windows NT 10.0; Win64; x64) AppleWebKit/537.36 (KHTML, like Gecko) Chrome/89.0.4389.82 Safari/537.36"
212.152.158.195 - - [08/Mar/2021:15:18:46 +0100] "GET /js/default.js HTTP/1.1" 200 14698 "http://renault.activities.at/" "Mozilla/5.0 (Windows NT 10.0; Win64; x64) AppleWebKit/537.36 (KHTML, like Gecko) Chrome/89.0.4389.82 Safari/537.36"
212.152.158.195 - - [08/Mar/2021:15:18:46 +0100] "GET /css/reset.css HTTP/1.1" 200 1356 "http://renault.activities.at/" "Mozilla/5.0 (Windows NT 10.0; Win64; x64) AppleWebKit/537.36 (KHTML, like Gecko) Chrome/89.0.4389.82 Safari/537.36"
212.152.158.195 - - [08/Mar/2021:15:18:46 +0100] "GET /css/clears.css HTTP/1.1" 200 851 "http://renault.activities.at/" "Mozilla/5.0 (Windows NT 10.0; Win64; x64) AppleWebKit/537.36 (KHTML, like Gecko) Chrome/89.0.4389.82 Safari/537.36"
212.152.158.195 - - [08/Mar/2021:15:18:46 +0100] "GET /js/checkout.css HTTP/1.1" 200 359 "http://renault.activities.at/" "Mozilla/5.0 (Windows NT 10.0; Win64; x64) AppleWebKit/537.36 (KHTML, like Gecko) Chrome/89.0.4389.82 Safari/537.36"
212.152.158.195 - - [08/Mar/2021:15:18:46 +0100] "GET /css/prototip.css HTTP/1.1" 200 968 "http://renault.activities.at/" "Mozilla/5.0 (Windows NT 10.0; Win64; x64) AppleWebKit/537.36 (KHTML, like Gecko) Chrome/89.0.4389.82 Safari/537.36"
212.152.158.195 - - [08/Mar/2021:15:18:46 +0100] "GET /css/styles.css HTTP/1.1" 200 14664 "http://renault.activities.at/" "Mozilla/5.0 (Windows NT 10.0; Win64; x64) AppleWebKit/537.36 (KHTML, like Gecko) Chrome/89.0.4389.82 Safari/537.36"
212.152.158.195 - - [08/Mar/2021:15:18:47 +0100] "GET /css/themes/default.css HTTP/1.1" 200 769 "http://renault.activities.at/" "Mozilla/5.0 (Windows NT 10.0; Win64; x64) AppleWebKit/537.36 (KHTML, like Gecko) Chrome/89.0.4389.82 Safari/537.36"
212.152.158.195 - - [08/Mar/2021:15:18:47 +0100] "GET /css/themes/alphacube.css HTTP/1.1" 200 743 "http://renault.activities.at/" "Mozilla/5.0 (Windows NT 10.0; Win64; x64) AppleWebKit/537.36 (KHTML, like Gecko) Chrome/89.0.4389.82 Safari/537.36"
212.152.158.195 - - [08/Mar/2021:15:18:47 +0100] "GET /js/flashdetection.js HTTP/1.1" 200 1059 "http://renault.activities.at/" "Mozilla/5.0 (Windows NT 10.0; Win64; x64) AppleWebKit/537.36 (KHTML, like Gecko) Chrome/89.0.4389.82 Safari/537.36"
80.122.221.194 - - [08/Mar/2021:15:18:48 +0100] "GET /reload?ser=1615213128177 HTTP/1.1" 200 28 "http://renault.activities.at/success" "Mozilla/5.0 (Windows NT 10.0; Win64; x64) AppleWebKit/537.36 (KHTML, like Gecko) Chrome/88.0.4324.150 Safari/537.36 Edg/88.0.705.63"
212.152.158.195 - - [08/Mar/2021:15:18:47 +0100] "GET /js/index.php?c=auto&f=,prototype/prototype.js,prototype/validation.js,scriptaculous/builder.js,scriptaculous/effects.js,scriptaculous/dragdrop.js,scriptaculous/controls.js,scriptaculous/slider.js,varien/js.js,varien/form.js,varien/menu.js,mage/translate.js,mage/cookies.js,varien/product.js,spinner/SpinnerControl.jsmin.js,prototype/window.js,prototype/window_ext.js HTTP/1.1" 200 94182 "http://renault.activities.at/" "Mozilla/5.0 (Windows NT 10.0; Win64; x64) AppleWebKit/537.36 (KHTML, like Gecko) Chrome/89.0.4389.82 Safari/537.36"
212.152.158.195 - - [08/Mar/2021:15:18:53 +0100] "GET /images/main_block_border.gif HTTP/1.1" 200 43 "http://renault.activities.at/css/styles.css" "Mozilla/5.0 (Windows NT 10.0; Win64; x64) AppleWebKit/537.36 (KHTML, like Gecko) Chrome/89.0.4389.82 Safari/537.36"
212.152.158.195 - - [08/Mar/2021:15:18:53 +0100] "GET /images/main_block_corner_right_bot.gif HTTP/1.1" 200 158 "http://renault.activities.at/css/styles.css" "Mozilla/5.0 (Windows NT 10.0; Win64; x64) AppleWebKit/537.36 (KHTML, like Gecko) Chrome/89.0.4389.82 Safari/537.36"
212.152.158.195 - - [08/Mar/2021:15:18:53 +0100] "GET /images/main_block_corner_left_bot.gif HTTP/1.1" 200 159 "http://renault.activities.at/css/styles.css" "Mozilla/5.0 (Windows NT 10.0; Win64; x64) AppleWebKit/537.36 (KHTML, like Gecko) Chrome/89.0.4389.82 Safari/537.36"
212.152.158.195 - - [08/Mar/2021:15:18:53 +0100] "GET /images/header_block_border.gif HTTP/1.1" 200 43 "http://renault.activities.at/css/styles.css" "Mozilla/5.0 (Windows NT 10.0; Win64; x64) AppleWebKit/537.36 (KHTML, like Gecko) Chrome/89.0.4389.82 Safari/537.36"
212.152.158.195 - - [08/Mar/2021:15:18:53 +0100] "GET /images/header_block_corner_left_top.gif HTTP/1.1" 200 160 "http://renault.activities.at/css/styles.css" "Mozilla/5.0 (Windows NT 10.0; Win64; x64) AppleWebKit/537.36 (KHTML, like Gecko) Chrome/89.0.4389.82 Safari/537.36"
212.152.158.195 - - [08/Mar/2021:15:18:53 +0100] "GET /css/print.css HTTP/1.1" 200 543 "http://renault.activities.at/" "Mozilla/5.0 (Windows NT 10.0; Win64; x64) AppleWebKit/537.36 (KHTML, like Gecko) Chrome/89.0.4389.82 Safari/537.36"
212.152.158.195 - - [08/Mar/2021:15:18:53 +0100] "GET /images/header_block_corner_right_top.gif HTTP/1.1" 200 160 "http://renault.activities.at/css/styles.css" "Mozilla/5.0 (Windows NT 10.0; Win64; x64) AppleWebKit/537.36 (KHTML, like Gecko) Chrome/89.0.4389.82 Safari/537.36"
212.152.158.195 - - [08/Mar/2021:15:18:53 +0100] "GET /images/main_block_corner_right_top.gif HTTP/1.1" 200 159 "http://renault.activities.at/css/styles.css" "Mozilla/5.0 (Windows NT 10.0; Win64; x64) AppleWebKit/537.36 (KHTML, like Gecko) Chrome/89.0.4389.82 Safari/537.36"
212.152.158.195 - - [08/Mar/2021:15:18:53 +0100] "GET /images/title_border.jpg HTTP/1.1" 200 304 "http://renault.activities.at/css/styles.css" "Mozilla/5.0 (Windows NT 10.0; Win64; x64) AppleWebKit/537.36 (KHTML, like Gecko) Chrome/89.0.4389.82 Safari/537.36"
212.152.158.195 - - [08/Mar/2021:15:18:53 +0100] "GET /images/main_block_corner_left_top.gif HTTP/1.1" 200 159 "http://renault.activities.at/css/styles.css" "Mozilla/5.0 (Windows NT 10.0; Win64; x64) AppleWebKit/537.36 (KHTML, like Gecko) Chrome/89.0.4389.82 Safari/537.36"
212.152.158.195 - - [08/Mar/2021:15:18:53 +0100] "GET /images/title_border_top.jpg HTTP/1.1" 200 336 "http://renault.activities.at/css/styles.css" "Mozilla/5.0 (Windows NT 10.0; Win64; x64) AppleWebKit/537.36 (KHTML, like Gecko) Chrome/89.0.4389.82 Safari/537.36"
212.152.158.195 - - [08/Mar/2021:15:18:53 +0100] "GET /images/title_corner_left_top.jpg HTTP/1.1" 200 372 "http://renault.activities.at/css/styles.css" "Mozilla/5.0 (Windows NT 10.0; Win64; x64) AppleWebKit/537.36 (KHTML, like Gecko) Chrome/89.0.4389.82 Safari/537.36"
212.152.158.195 - - [08/Mar/2021:15:18:53 +0100] "GET /images/title_corner_right_top.jpg HTTP/1.1" 200 389 "http://renault.activities.at/css/styles.css" "Mozilla/5.0 (Windows NT 10.0; Win64; x64) AppleWebKit/537.36 (KHTML, like Gecko) Chrome/89.0.4389.82 Safari/537.36"
212.152.158.195 - - [08/Mar/2021:15:18:54 +0100] "GET /login HTTP/1.1" 200 2085 "http://renault.activities.at/" "Mozilla/5.0 (Windows NT 10.0; Win64; x64) AppleWebKit/537.36 (KHTML, like Gecko) Chrome/89.0.4389.82 Safari/537.36"
212.152.158.195 - - [08/Mar/2021:15:18:55 +0100] "GET /images/button_left_bg.gif HTTP/1.1" 200 564 "http://renault.activities.at/css/styles.css" "Mozilla/5.0 (Windows NT 10.0; Win64; x64) AppleWebKit/537.36 (KHTML, like Gecko) Chrome/89.0.4389.82 Safari/537.36"
212.152.158.195 - - [08/Mar/2021:15:18:55 +0100] "GET /images/button_bg.gif HTTP/1.1" 200 151 "http://renault.activities.at/css/styles.css" "Mozilla/5.0 (Windows NT 10.0; Win64; x64) AppleWebKit/537.36 (KHTML, like Gecko) Chrome/89.0.4389.82 Safari/537.36"
212.152.158.195 - - [08/Mar/2021:15:18:55 +0100] "GET /images/button_right_bg.gif HTTP/1.1" 200 561 "http://renault.activities.at/css/styles.css" "Mozilla/5.0 (Windows NT 10.0; Win64; x64) AppleWebKit/537.36 (KHTML, like Gecko) Chrome/89.0.4389.82 Safari/537.36"
212.152.158.195 - - [08/Mar/2021:15:18:53 +0100] "GET /loadthumbnail.php?id=11127982 HTTP/1.1" 200 169743 "http://renault.activities.at/" "Mozilla/5.0 (Windows NT 10.0; Win64; x64) AppleWebKit/537.36 (KHTML, like Gecko) Chrome/89.0.4389.82 Safari/537.36"
212.152.158.195 - - [08/Mar/2021:15:18:55 +0100] "GET /loadthumbnail.php?id=11127982 HTTP/1.1" 200 399614 "http://renault.activities.at/login" "Mozilla/5.0 (Windows NT 10.0; Win64; x64) AppleWebKit/537.36 (KHTML, like Gecko) Chrome/89.0.4389.82 Safari/537.36"
212.152.158.195 - - [08/Mar/2021:15:19:02 +0100] "POST /login HTTP/1.1" 200 2145 "http://renault.activities.at/login" "Mozilla/5.0 (Windows NT 10.0; Win64; x64) AppleWebKit/537.36 (KHTML, like Gecko) Chrome/89.0.4389.82 Safari/537.36"
80.122.221.194 - - [08/Mar/2021:15:19:07 +0100] "GET /reload?ser=1615213147178 HTTP/1.1" 200 28 "http://renault.activities.at/result?mode=list&search=NoVA" "Mozilla/5.0 (Windows NT 10.0; Win64; x64) AppleWebKit/537.36 (KHTML, like Gecko) Chrome/88.0.4324.150 Safari/537.36 Edg/88.0.705.63"
212.152.158.195 - - [08/Mar/2021:15:19:08 +0100] "GET / HTTP/1.1" 200 3273 "-" "Mozilla/5.0 (Windows NT 10.0; Win64; x64) AppleWebKit/537.36 (KHTML, like Gecko) Chrome/89.0.4389.82 Safari/537.36"
212.152.158.195 - - [08/Mar/2021:15:19:09 +0100] "GET /images/favicon.ico HTTP/1.1" 404 305 "http://renault.activities.at/" "Mozilla/5.0 (Windows NT 10.0; Win64; x64) AppleWebKit/537.36 (KHTML, like Gecko) Chrome/89.0.4389.82 Safari/537.36"
212.152.158.195 - - [08/Mar/2021:15:19:11 +0100] "GET /login HTTP/1.1" 200 2085 "http://renault.activities.at/" "Mozilla/5.0 (Windows NT 10.0; Win64; x64) AppleWebKit/537.36 (KHTML, like Gecko) Chrome/89.0.4389.82 Safari/537.36"
212.152.158.195 - - [08/Mar/2021:15:19:18 +0100] "POST /login HTTP/1.1" 302 140 "http://renault.activities.at/login" "Mozilla/5.0 (Windows NT 10.0; Win64; x64) AppleWebKit/537.36 (KHTML, like Gecko) Chrome/89.0.4389.82 Safari/537.36"
212.152.158.195 - - [08/Mar/2021:15:19:20 +0100] "GET /account HTTP/1.1" 200 7031 "http://renault.activities.at/login" "Mozilla/5.0 (Windows NT 10.0; Win64; x64) AppleWebKit/537.36 (KHTML, like Gecko) Chrome/89.0.4389.82 Safari/537.36"
212.152.158.195 - - [08/Mar/2021:15:19:23 +0100] "GET /js/account.js HTTP/1.1" 200 953 "http://renault.activities.at/account" "Mozilla/5.0 (Windows NT 10.0; Win64; x64) AppleWebKit/537.36 (KHTML, like Gecko) Chrome/89.0.4389.82 Safari/537.36"
212.152.158.195 - - [08/Mar/2021:15:19:24 +0100] "GET /images/menu_divider.gif HTTP/1.1" 200 176 "http://renault.activities.at/css/styles.css" "Mozilla/5.0 (Windows NT 10.0; Win64; x64) AppleWebKit/537.36 (KHTML, like Gecko) Chrome/89.0.4389.82 Safari/537.36"
212.152.158.195 - - [08/Mar/2021:15:19:24 +0100] "GET /images/search_bg.gif HTTP/1.1" 200 1726 "http://renault.activities.at/css/styles.css" "Mozilla/5.0 (Windows NT 10.0; Win64; x64) AppleWebKit/537.36 (KHTML, like Gecko) Chrome/89.0.4389.82 Safari/537.36"
212.152.158.195 - - [08/Mar/2021:15:19:24 +0100] "GET /images/sidebar_title_corner_right_top.gif HTTP/1.1" 200 383 "http://renault.activities.at/css/styles.css" "Mozilla/5.0 (Windows NT 10.0; Win64; x64) AppleWebKit/537.36 (KHTML, like Gecko) Chrome/89.0.4389.82 Safari/537.36"
212.152.158.195 - - [08/Mar/2021:15:19:24 +0100] "GET /images/sidebar_title_border_top.gif HTTP/1.1" 200 155 "http://renault.activities.at/css/styles.css" "Mozilla/5.0 (Windows NT 10.0; Win64; x64) AppleWebKit/537.36 (KHTML, like Gecko) Chrome/89.0.4389.82 Safari/537.36"
212.152.158.195 - - [08/Mar/2021:15:19:24 +0100] "GET /images/sidebar_title_border.gif HTTP/1.1" 200 43 "http://renault.activities.at/css/styles.css" "Mozilla/5.0 (Windows NT 10.0; Win64; x64) AppleWebKit/537.36 (KHTML, like Gecko) Chrome/89.0.4389.82 Safari/537.36"
212.152.158.195 - - [08/Mar/2021:15:19:23 +0100] "GET /loadthumbnail.php?id=12364770&width=50&height=50 HTTP/1.1" 200 2258 "http://renault.activities.at/account" "Mozilla/5.0 (Windows NT 10.0; Win64; x64) AppleWebKit/537.36 (KHTML, like Gecko) Chrome/89.0.4389.82 Safari/537.36"
212.152.158.195 - - [08/Mar/2021:15:19:24 +0100] "GET /images/sidebar_title_corner_left_top.gif HTTP/1.1" 200 1124 "http://renault.activities.at/css/styles.css" "Mozilla/5.0 (Windows NT 10.0; Win64; x64) AppleWebKit/537.36 (KHTML, like Gecko) Chrome/89.0.4389.82 Safari/537.36"
212.152.158.195 - - [08/Mar/2021:15:19:24 +0100] "GET /images/reset_bg.gif HTTP/1.1" 200 785 "http://renault.activities.at/css/styles.css" "Mozilla/5.0 (Windows NT 10.0; Win64; x64) AppleWebKit/537.36 (KHTML, like Gecko) Chrome/89.0.4389.82 Safari/537.36"
212.152.158.195 - - [08/Mar/2021:15:19:24 +0100] "GET /images/ajax_loading.gif HTTP/1.1" 200 1542 "http://renault.activities.at/account" "Mozilla/5.0 (Windows NT 10.0; Win64; x64) AppleWebKit/537.36 (KHTML, like Gecko) Chrome/89.0.4389.82 Safari/537.36"
212.152.158.195 - - [08/Mar/2021:15:19:24 +0100] "GET /images/top_links_divider.gif HTTP/1.1" 200 44 "http://renault.activities.at/css/styles.css" "Mozilla/5.0 (Windows NT 10.0; Win64; x64) AppleWebKit/537.36 (KHTML, like Gecko) Chrome/89.0.4389.82 Safari/537.36"
212.152.158.195 - - [08/Mar/2021:15:19:24 +0100] "GET /loadthumbnail.php?id=12364774&width=50&height=50 HTTP/1.1" 200 2728 "http://renault.activities.at/account" "Mozilla/5.0 (Windows NT 10.0; Win64; x64) AppleWebKit/537.36 (KHTML, like Gecko) Chrome/89.0.4389.82 Safari/537.36"
212.152.158.195 - - [08/Mar/2021:15:19:25 +0100] "GET /images/menu_button_bg.jpg HTTP/1.1" 200 322 "http://renault.activities.at/css/styles.css" "Mozilla/5.0 (Windows NT 10.0; Win64; x64) AppleWebKit/537.36 (KHTML, like Gecko) Chrome/89.0.4389.82 Safari/537.36"
212.152.158.195 - - [08/Mar/2021:15:19:27 +0100] "GET /images/nav_divider.gif HTTP/1.1" 200 43 "http://renault.activities.at/css/styles.css" "Mozilla/5.0 (Windows NT 10.0; Win64; x64) AppleWebKit/537.36 (KHTML, like Gecko) Chrome/89.0.4389.82 Safari/537.36"
212.152.158.195 - - [08/Mar/2021:15:19:27 +0100] "GET /images/footer_divider.gif HTTP/1.1" 200 44 "http://renault.activities.at/css/styles.css" "Mozilla/5.0 (Windows NT 10.0; Win64; x64) AppleWebKit/537.36 (KHTML, like Gecko) Chrome/89.0.4389.82 Safari/537.36"
212.152.158.195 - - [08/Mar/2021:15:19:27 +0100] "GET /result?searchterm=true&search=service HTTP/1.1" 200 8756 "http://renault.activities.at/account" "Mozilla/5.0 (Windows NT 10.0; Win64; x64) AppleWebKit/537.36 (KHTML, like Gecko) Chrome/89.0.4389.82 Safari/537.36"
212.152.158.195 - - [08/Mar/2021:15:19:30 +0100] "GET /js/prototip.js HTTP/1.1" 200 4588 "http://renault.activities.at/result?searchterm=true&search=service" "Mozilla/5.0 (Windows NT 10.0; Win64; x64) AppleWebKit/537.36 (KHTML, like Gecko) Chrome/89.0.4389.82 Safari/537.36"
212.152.158.195 - - [08/Mar/2021:15:19:30 +0100] "GET /js/ProduktGrp.js HTTP/1.1" 200 1569 "http://renault.activities.at/result?searchterm=true&search=service" "Mozilla/5.0 (Windows NT 10.0; Win64; x64) AppleWebKit/537.36 (KHTML, like Gecko) Chrome/89.0.4389.82 Safari/537.36"
212.152.158.195 - - [08/Mar/2021:15:19:30 +0100] "GET /images/loading.gif HTTP/1.1" 200 3208 "http://renault.activities.at/result?searchterm=true&search=service" "Mozilla/5.0 (Windows NT 10.0; Win64; x64) AppleWebKit/537.36 (KHTML, like Gecko) Chrome/89.0.4389.82 Safari/537.36"
212.152.158.195 - - [08/Mar/2021:15:19:31 +0100] "GET /images/pager_bg.gif HTTP/1.1" 200 150 "http://renault.activities.at/css/styles.css" "Mozilla/5.0 (Windows NT 10.0; Win64; x64) AppleWebKit/537.36 (KHTML, like Gecko) Chrome/89.0.4389.82 Safari/537.36"
212.152.158.195 - - [08/Mar/2021:15:19:31 +0100] "GET /images/vista-up.gif HTTP/1.1" 200 131 "http://renault.activities.at/css/styles.css" "Mozilla/5.0 (Windows NT 10.0; Win64; x64) AppleWebKit/537.36 (KHTML, like Gecko) Chrome/89.0.4389.82 Safari/537.36"
212.152.158.195 - - [08/Mar/2021:15:19:31 +0100] "GET /loadthumbnail.php?id=12230337&width=113 HTTP/1.1" 200 2209 "http://renault.activities.at/result?searchterm=true&search=service" "Mozilla/5.0 (Windows NT 10.0; Win64; x64) AppleWebKit/537.36 (KHTML, like Gecko) Chrome/89.0.4389.82 Safari/537.36"
212.152.158.195 - - [08/Mar/2021:15:19:31 +0100] "GET /loadthumbnail.php?id=10203255 HTTP/1.1" 200 137 "http://renault.activities.at/result?searchterm=true&search=service" "Mozilla/5.0 (Windows NT 10.0; Win64; x64) AppleWebKit/537.36 (KHTML, like Gecko) Chrome/89.0.4389.82 Safari/537.36"
212.152.158.195 - - [08/Mar/2021:15:19:31 +0100] "GET /loadthumbnail.php?id=12230318&width=113 HTTP/1.1" 200 2255 "http://renault.activities.at/result?searchterm=true&search=service" "Mozilla/5.0 (Windows NT 10.0; Win64; x64) AppleWebKit/537.36 (KHTML, like Gecko) Chrome/89.0.4389.82 Safari/537.36"
212.152.158.195 - - [08/Mar/2021:15:19:31 +0100] "GET /loadthumbnail.php?id=11461719&width=113 HTTP/1.1" 200 32753 "http://renault.activities.at/result?searchterm=true&search=service" "Mozilla/5.0 (Windows NT 10.0; Win64; x64) AppleWebKit/537.36 (KHTML, like Gecko) Chrome/89.0.4389.82 Safari/537.36"
212.152.158.195 - - [08/Mar/2021:15:19:31 +0100] "GET /images/vista-dn.gif HTTP/1.1" 200 128 "http://renault.activities.at/css/styles.css" "Mozilla/5.0 (Windows NT 10.0; Win64; x64) AppleWebKit/537.36 (KHTML, like Gecko) Chrome/89.0.4389.82 Safari/537.36"
212.152.158.195 - - [08/Mar/2021:15:19:31 +0100] "GET /loadthumbnail.php?id=12230577&width=113 HTTP/1.1" 200 1374 "http://renault.activities.at/result?searchterm=true&search=service" "Mozilla/5.0 (Windows NT 10.0; Win64; x64) AppleWebKit/537.36 (KHTML, like Gecko) Chrome/89.0.4389.82 Safari/537.36"
212.152.158.195 - - [08/Mar/2021:15:19:31 +0100] "GET /loadthumbnail.php?id=12388135&width=113 HTTP/1.1" 200 1381 "http://renault.activities.at/result?searchterm=true&search=service" "Mozilla/5.0 (Windows NT 10.0; Win64; x64) AppleWebKit/537.36 (KHTML, like Gecko) Chrome/89.0.4389.82 Safari/537.36"
212.152.158.195 - - [08/Mar/2021:15:19:27 +0100] "POST /axjaxrequest?mode=suggest HTTP/1.1" 200 217 "http://renault.activities.at/account" "Mozilla/5.0 (Windows NT 10.0; Win64; x64) AppleWebKit/537.36 (KHTML, like Gecko) Chrome/89.0.4389.82 Safari/537.36"
212.152.158.195 - - [08/Mar/2021:15:19:31 +0100] "GET /loadthumbnail.php?id=12094811&width=113 HTTP/1.1" 200 27912 "http://renault.activities.at/result?searchterm=true&search=service" "Mozilla/5.0 (Windows NT 10.0; Win64; x64) AppleWebKit/537.36 (KHTML, like Gecko) Chrome/89.0.4389.82 Safari/537.36"
212.152.158.195 - - [08/Mar/2021:15:19:32 +0100] "GET /loadthumbnail.php?id=12088443&width=113 HTTP/1.1" 200 7201 "http://renault.activities.at/result?searchterm=true&search=service" "Mozilla/5.0 (Windows NT 10.0; Win64; x64) AppleWebKit/537.36 (KHTML, like Gecko) Chrome/89.0.4389.82 Safari/537.36"
212.152.158.195 - - [08/Mar/2021:15:19:32 +0100] "GET /loadthumbnail.php?id=11075492&width=113 HTTP/1.1" 200 2349 "http://renault.activities.at/result?searchterm=true&search=service" "Mozilla/5.0 (Windows NT 10.0; Win64; x64) AppleWebKit/537.36 (KHTML, like Gecko) Chrome/89.0.4389.82 Safari/537.36"
212.152.158.195 - - [08/Mar/2021:15:19:32 +0100] "GET /loadthumbnail.php?id=12094749&width=113 HTTP/1.1" 200 15117 "http://renault.activities.at/result?searchterm=true&search=service" "Mozilla/5.0 (Windows NT 10.0; Win64; x64) AppleWebKit/537.36 (KHTML, like Gecko) Chrome/89.0.4389.82 Safari/537.36"
212.152.158.195 - - [08/Mar/2021:15:19:33 +0100] "GET /loadthumbnail.php?id=11730248&width=113 HTTP/1.1" 200 4910 "http://renault.activities.at/result?searchterm=true&search=service" "Mozilla/5.0 (Windows NT 10.0; Win64; x64) AppleWebKit/537.36 (KHTML, like Gecko) Chrome/89.0.4389.82 Safari/537.36"
212.152.158.195 - - [08/Mar/2021:15:19:33 +0100] "GET /loadthumbnail.php?id=12388134&width=113 HTTP/1.1" 200 1524 "http://renault.activities.at/result?searchterm=true&search=service" "Mozilla/5.0 (Windows NT 10.0; Win64; x64) AppleWebKit/537.36 (KHTML, like Gecko) Chrome/89.0.4389.82 Safari/537.36"
212.152.158.195 - - [08/Mar/2021:15:19:34 +0100] "GET /loadthumbnail.php?id=10633817&width=113 HTTP/1.1" 200 2614 "http://renault.activities.at/result?searchterm=true&search=service" "Mozilla/5.0 (Windows NT 10.0; Win64; x64) AppleWebKit/537.36 (KHTML, like Gecko) Chrome/89.0.4389.82 Safari/537.36"
212.152.158.195 - - [08/Mar/2021:15:19:35 +0100] "GET /loadthumbnail.php?id=12010095&width=113 HTTP/1.1" 200 20832 "http://renault.activities.at/result?searchterm=true&search=service" "Mozilla/5.0 (Windows NT 10.0; Win64; x64) AppleWebKit/537.36 (KHTML, like Gecko) Chrome/89.0.4389.82 Safari/537.36"
212.152.158.195 - - [08/Mar/2021:15:19:36 +0100] "GET /images/footer_divider.gif HTTP/1.1" 200 44 "http://renault.activities.at/css/styles.css" "Mozilla/5.0 (Windows NT 10.0; Win64; x64) AppleWebKit/537.36 (KHTML, like Gecko) Chrome/89.0.4389.82 Safari/537.36"
80.122.221.194 - - [08/Mar/2021:15:19:49 +0100] "GET /reload?ser=1615213189179 HTTP/1.1" 200 28 "http://renault.activities.at/success" "Mozilla/5.0 (Windows NT 10.0; Win64; x64) AppleWebKit/537.36 (KHTML, like Gecko) Chrome/88.0.4324.150 Safari/537.36 Edg/88.0.705.63"
212.152.158.195 - - [08/Mar/2021:15:19:52 +0100] "GET /images/vista-dn-hover.gif HTTP/1.1" 200 127 "http://renault.activities.at/css/styles.css" "Mozilla/5.0 (Windows NT 10.0; Win64; x64) AppleWebKit/537.36 (KHTML, like Gecko) Chrome/89.0.4389.82 Safari/537.36"
212.152.158.195 - - [08/Mar/2021:15:19:53 +0100] "GET /css/themes/alphacube/top_mid.gif HTTP/1.1" 200 833 "http://renault.activities.at/css/themes/alphacube.css" "Mozilla/5.0 (Windows NT 10.0; Win64; x64) AppleWebKit/537.36 (KHTML, like Gecko) Chrome/89.0.4389.82 Safari/537.36"
212.152.158.195 - - [08/Mar/2021:15:19:53 +0100] "GET /css/themes/alphacube/frame_right.gif HTTP/1.1" 200 64 "http://renault.activities.at/css/themes/alphacube.css" "Mozilla/5.0 (Windows NT 10.0; Win64; x64) AppleWebKit/537.36 (KHTML, like Gecko) Chrome/89.0.4389.82 Safari/537.36"
212.152.158.195 - - [08/Mar/2021:15:19:53 +0100] "GET /css/themes/alphacube/bottom_middle.gif HTTP/1.1" 200 44 "http://renault.activities.at/css/themes/alphacube.css" "Mozilla/5.0 (Windows NT 10.0; Win64; x64) AppleWebKit/537.36 (KHTML, like Gecko) Chrome/89.0.4389.82 Safari/537.36"
212.152.158.195 - - [08/Mar/2021:15:19:53 +0100] "GET /css/themes/alphacube/frame_left.gif HTTP/1.1" 200 64 "http://renault.activities.at/css/themes/alphacube.css" "Mozilla/5.0 (Windows NT 10.0; Win64; x64) AppleWebKit/537.36 (KHTML, like Gecko) Chrome/89.0.4389.82 Safari/537.36"
212.152.158.195 - - [08/Mar/2021:15:19:53 +0100] "GET /css/themes/alphacube/bottom_left-c.gif HTTP/1.1" 200 62 "http://renault.activities.at/css/themes/alphacube.css" "Mozilla/5.0 (Windows NT 10.0; Win64; x64) AppleWebKit/537.36 (KHTML, like Gecko) Chrome/89.0.4389.82 Safari/537.36"
212.152.158.195 - - [08/Mar/2021:15:19:53 +0100] "GET /css/themes/alphacube/bottom_right-c.gif HTTP/1.1" 200 62 "http://renault.activities.at/css/themes/alphacube.css" "Mozilla/5.0 (Windows NT 10.0; Win64; x64) AppleWebKit/537.36 (KHTML, like Gecko) Chrome/89.0.4389.82 Safari/537.36"
212.152.158.195 - - [08/Mar/2021:15:19:53 +0100] "GET /css/themes/alphacube/top_right.gif HTTP/1.1" 200 972 "http://renault.activities.at/css/themes/alphacube.css" "Mozilla/5.0 (Windows NT 10.0; Win64; x64) AppleWebKit/537.36 (KHTML, like Gecko) Chrome/89.0.4389.82 Safari/537.36"
212.152.158.195 - - [08/Mar/2021:15:19:53 +0100] "GET /css/themes/alphacube/button-close-focus.gif HTTP/1.1" 200 699 "http://renault.activities.at/css/themes/alphacube.css" "Mozilla/5.0 (Windows NT 10.0; Win64; x64) AppleWebKit/537.36 (KHTML, like Gecko) Chrome/89.0.4389.82 Safari/537.36"
212.152.158.195 - - [08/Mar/2021:15:19:53 +0100] "GET /css/themes/alphacube/top_left.gif HTTP/1.1" 200 973 "http://renault.activities.at/css/themes/alphacube.css" "Mozilla/5.0 (Windows NT 10.0; Win64; x64) AppleWebKit/537.36 (KHTML, like Gecko) Chrome/89.0.4389.82 Safari/537.36"
212.152.158.195 - - [08/Mar/2021:15:19:50 +0100] "POST /result?searchterm=true&search=service HTTP/1.1" 200 8943 "http://renault.activities.at/result?searchterm=true&search=service" "Mozilla/5.0 (Windows NT 10.0; Win64; x64) AppleWebKit/537.36 (KHTML, like Gecko) Chrome/89.0.4389.82 Safari/537.36"
212.152.158.195 - - [08/Mar/2021:15:19:54 +0100] "GET /images/success_msg_icon.gif HTTP/1.1" 200 1024 "http://renault.activities.at/css/styles.css" "Mozilla/5.0 (Windows NT 10.0; Win64; x64) AppleWebKit/537.36 (KHTML, like Gecko) Chrome/89.0.4389.82 Safari/537.36"
212.152.158.195 - - [08/Mar/2021:15:19:53 +0100] "GET /11059213?print=true HTTP/1.1" 200 2695 "http://renault.activities.at/result?searchterm=true&search=service" "Mozilla/5.0 (Windows NT 10.0; Win64; x64) AppleWebKit/537.36 (KHTML, like Gecko) Chrome/89.0.4389.82 Safari/537.36"
212.152.158.195 - - [08/Mar/2021:15:19:56 +0100] "GET /11059213?print=true HTTP/1.1" 200 2695 "http://renault.activities.at/result?searchterm=true&search=service" "Mozilla/5.0 (Windows NT 10.0; Win64; x64) AppleWebKit/537.36 (KHTML, like Gecko) Chrome/89.0.4389.82 Safari/537.36"
212.152.158.195 - - [08/Mar/2021:15:19:59 +0100] "GET /js/magiczoom/magiczoom.css HTTP/1.1" 200 1210 "http://renault.activities.at/11059213?print=true" "Mozilla/5.0 (Windows NT 10.0; Win64; x64) AppleWebKit/537.36 (KHTML, like Gecko) Chrome/89.0.4389.82 Safari/537.36"
212.152.158.195 - - [08/Mar/2021:15:19:59 +0100] "GET /js/Produkt.js HTTP/1.1" 200 852 "http://renault.activities.at/11059213?print=true" "Mozilla/5.0 (Windows NT 10.0; Win64; x64) AppleWebKit/537.36 (KHTML, like Gecko) Chrome/89.0.4389.82 Safari/537.36"
212.152.158.195 - - [08/Mar/2021:15:19:59 +0100] "GET /js/magiczoom/magiczoom.js HTTP/1.1" 200 26397 "http://renault.activities.at/11059213?print=true" "Mozilla/5.0 (Windows NT 10.0; Win64; x64) AppleWebKit/537.36 (KHTML, like Gecko) Chrome/89.0.4389.82 Safari/537.36"
212.152.158.195 - - [08/Mar/2021:15:19:59 +0100] "GET /loadthumbnail.php?id=11075492&width=250 HTTP/1.1" 200 6730 "http://renault.activities.at/11059213?print=true" "Mozilla/5.0 (Windows NT 10.0; Win64; x64) AppleWebKit/537.36 (KHTML, like Gecko) Chrome/89.0.4389.82 Safari/537.36"
212.152.158.195 - - [08/Mar/2021:15:20:00 +0100] "GET /loadthumbnail.php?id=11075492&width=900&height=900 HTTP/1.1" 200 45728 "http://renault.activities.at/11059213?print=true" "Mozilla/5.0 (Windows NT 10.0; Win64; x64) AppleWebKit/537.36 (KHTML, like Gecko) Chrome/89.0.4389.82 Safari/537.36"
212.152.158.195 - - [08/Mar/2021:15:20:00 +0100] "GET /js/magiczoom/graphics/loader.gif HTTP/1.1" 200 1849 "http://renault.activities.at/js/magiczoom/magiczoom.css" "Mozilla/5.0 (Windows NT 10.0; Win64; x64) AppleWebKit/537.36 (KHTML, like Gecko) Chrome/89.0.4389.82 Safari/537.36"
212.152.158.195 - - [08/Mar/2021:15:20:01 +0100] "GET /js/magiczoom/graphics/hint.gif HTTP/1.1" 200 73 "http://renault.activities.at/js/magiczoom/magiczoom.css" "Mozilla/5.0 (Windows NT 10.0; Win64; x64) AppleWebKit/537.36 (KHTML, like Gecko) Chrome/89.0.4389.82 Safari/537.36"
80.122.221.194 - - [08/Mar/2021:15:20:08 +0100] "GET /reload?ser=1615213208176 HTTP/1.1" 200 28 "http://renault.activities.at/result?mode=list&search=NoVA" "Mozilla/5.0 (Windows NT 10.0; Win64; x64) AppleWebKit/537.36 (KHTML, like Gecko) Chrome/88.0.4324.150 Safari/537.36 Edg/88.0.705.63"
80.122.221.194 - - [08/Mar/2021:15:20:50 +0100] "GET /reload?ser=1615213250176 HTTP/1.1" 200 28 "http://renault.activities.at/success" "Mozilla/5.0 (Windows NT 10.0; Win64; x64) AppleWebKit/537.36 (KHTML, like Gecko) Chrome/88.0.4324.150 Safari/537.36 Edg/88.0.705.63"
212.152.158.195 - - [08/Mar/2021:15:20:54 +0100] "GET /reload?ser=1615213254895 HTTP/1.1" 200 28 "http://renault.activities.at/result?searchterm=true&search=service" "Mozilla/5.0 (Windows NT 10.0; Win64; x64) AppleWebKit/537.36 (KHTML, like Gecko) Chrome/89.0.4389.82 Safari/537.36"
80.122.221.194 - - [08/Mar/2021:15:21:09 +0100] "GET /reload?ser=1615213269181 HTTP/1.1" 200 28 "http://renault.activities.at/result?mode=list&search=NoVA" "Mozilla/5.0 (Windows NT 10.0; Win64; x64) AppleWebKit/537.36 (KHTML, like Gecko) Chrome/88.0.4324.150 Safari/537.36 Edg/88.0.705.63"
80.122.221.194 - - [08/Mar/2021:15:21:51 +0100] "GET /reload?ser=1615213311186 HTTP/1.1" 200 28 "http://renault.activities.at/success" "Mozilla/5.0 (Windows NT 10.0; Win64; x64) AppleWebKit/537.36 (KHTML, like Gecko) Chrome/88.0.4324.150 Safari/537.36 Edg/88.0.705.63"
212.152.158.195 - - [08/Mar/2021:15:21:56 +0100] "GET /reload?ser=1615213316414 HTTP/1.1" 200 28 "http://renault.activities.at/result?searchterm=true&search=service" "Mozilla/5.0 (Windows NT 10.0; Win64; x64) AppleWebKit/537.36 (KHTML, like Gecko) Chrome/89.0.4389.82 Safari/537.36"
80.122.221.194 - - [08/Mar/2021:15:22:10 +0100] "GET /reload?ser=1615213330187 HTTP/1.1" 200 28 "http://renault.activities.at/result?mode=list&search=NoVA" "Mozilla/5.0 (Windows NT 10.0; Win64; x64) AppleWebKit/537.36 (KHTML, like Gecko) Chrome/88.0.4324.150 Safari/537.36 Edg/88.0.705.63"
80.122.221.194 - - [08/Mar/2021:15:22:52 +0100] "GET /reload?ser=1615213372177 HTTP/1.1" 200 28 "http://renault.activities.at/success" "Mozilla/5.0 (Windows NT 10.0; Win64; x64) AppleWebKit/537.36 (KHTML, like Gecko) Chrome/88.0.4324.150 Safari/537.36 Edg/88.0.705.63"
212.152.158.195 - - [08/Mar/2021:15:22:58 +0100] "GET /reload?ser=1615213378414 HTTP/1.1" 200 28 "http://renault.activities.at/result?searchterm=true&search=service" "Mozilla/5.0 (Windows NT 10.0; Win64; x64) AppleWebKit/537.36 (KHTML, like Gecko) Chrome/89.0.4389.82 Safari/537.36"
80.122.221.194 - - [08/Mar/2021:15:23:11 +0100] "GET /reload?ser=1615213391190 HTTP/1.1" 200 28 "http://renault.activities.at/result?mode=list&search=NoVA" "Mozilla/5.0 (Windows NT 10.0; Win64; x64) AppleWebKit/537.36 (KHTML, like Gecko) Chrome/88.0.4324.150 Safari/537.36 Edg/88.0.705.63"
80.122.221.194 - - [08/Mar/2021:15:23:53 +0100] "GET /reload?ser=1615213433178 HTTP/1.1" 200 28 "http://renault.activities.at/success" "Mozilla/5.0 (Windows NT 10.0; Win64; x64) AppleWebKit/537.36 (KHTML, like Gecko) Chrome/88.0.4324.150 Safari/537.36 Edg/88.0.705.63"
212.152.158.195 - - [08/Mar/2021:15:24:00 +0100] "GET /reload?ser=1615213440418 HTTP/1.1" 200 28 "http://renault.activities.at/result?searchterm=true&search=service" "Mozilla/5.0 (Windows NT 10.0; Win64; x64) AppleWebKit/537.36 (KHTML, like Gecko) Chrome/89.0.4389.82 Safari/537.36"
80.122.221.194 - - [08/Mar/2021:15:24:12 +0100] "GET /reload?ser=1615213452175 HTTP/1.1" 200 28 "http://renault.activities.at/result?mode=list&search=NoVA" "Mozilla/5.0 (Windows NT 10.0; Win64; x64) AppleWebKit/537.36 (KHTML, like Gecko) Chrome/88.0.4324.150 Safari/537.36 Edg/88.0.705.63"
80.122.221.194 - - [08/Mar/2021:15:24:54 +0100] "GET /reload?ser=1615213494188 HTTP/1.1" 200 28 "http://renault.activities.at/success" "Mozilla/5.0 (Windows NT 10.0; Win64; x64) AppleWebKit/537.36 (KHTML, like Gecko) Chrome/88.0.4324.150 Safari/537.36 Edg/88.0.705.63"
80.123.225.38 - - [08/Mar/2021:15:24:54 +0100] "GET / HTTP/1.1" 200 3285 "-" "Mozilla/5.0 (Windows NT 6.1; WOW64; Trident/7.0; rv:11.0) like Gecko"
80.123.225.38 - - [08/Mar/2021:15:24:55 +0100] "GET /js/flashdetection.js HTTP/1.1" 200 1059 "http://renault.2web.at/" "Mozilla/5.0 (Windows NT 6.1; WOW64; Trident/7.0; rv:11.0) like Gecko"
80.123.225.38 - - [08/Mar/2021:15:24:55 +0100] "GET /css/clears.css HTTP/1.1" 200 851 "http://renault.2web.at/" "Mozilla/5.0 (Windows NT 6.1; WOW64; Trident/7.0; rv:11.0) like Gecko"
80.123.225.38 - - [08/Mar/2021:15:24:55 +0100] "GET /css/reset.css HTTP/1.1" 200 1356 "http://renault.2web.at/" "Mozilla/5.0 (Windows NT 6.1; WOW64; Trident/7.0; rv:11.0) like Gecko"
80.123.225.38 - - [08/Mar/2021:15:24:55 +0100] "GET /js/default.js HTTP/1.1" 200 14698 "http://renault.2web.at/" "Mozilla/5.0 (Windows NT 6.1; WOW64; Trident/7.0; rv:11.0) like Gecko"
80.123.225.38 - - [08/Mar/2021:15:24:55 +0100] "GET /css/styles.css HTTP/1.1" 200 14664 "http://renault.2web.at/" "Mozilla/5.0 (Windows NT 6.1; WOW64; Trident/7.0; rv:11.0) like Gecko"
80.123.225.38 - - [08/Mar/2021:15:24:55 +0100] "GET /css/print.css HTTP/1.1" 200 543 "http://renault.2web.at/" "Mozilla/5.0 (Windows NT 6.1; WOW64; Trident/7.0; rv:11.0) like Gecko"
80.123.225.38 - - [08/Mar/2021:15:24:55 +0100] "GET /js/checkout.css HTTP/1.1" 200 359 "http://renault.2web.at/" "Mozilla/5.0 (Windows NT 6.1; WOW64; Trident/7.0; rv:11.0) like Gecko"
80.123.225.38 - - [08/Mar/2021:15:24:56 +0100] "GET /css/prototip.css HTTP/1.1" 200 968 "http://renault.2web.at/" "Mozilla/5.0 (Windows NT 6.1; WOW64; Trident/7.0; rv:11.0) like Gecko"
80.123.225.38 - - [08/Mar/2021:15:24:56 +0100] "GET /css/themes/default.css HTTP/1.1" 200 769 "http://renault.2web.at/" "Mozilla/5.0 (Windows NT 6.1; WOW64; Trident/7.0; rv:11.0) like Gecko"
80.123.225.38 - - [08/Mar/2021:15:24:56 +0100] "GET /css/themes/alphacube.css HTTP/1.1" 200 743 "http://renault.2web.at/" "Mozilla/5.0 (Windows NT 6.1; WOW64; Trident/7.0; rv:11.0) like Gecko"
80.123.225.38 - - [08/Mar/2021:15:24:55 +0100] "GET /js/index.php?c=auto&f=,prototype/prototype.js,prototype/validation.js,scriptaculous/builder.js,scriptaculous/effects.js,scriptaculous/dragdrop.js,scriptaculous/controls.js,scriptaculous/slider.js,varien/js.js,varien/form.js,varien/menu.js,mage/translate.js,mage/cookies.js,varien/product.js,spinner/SpinnerControl.jsmin.js,prototype/window.js,prototype/window_ext.js HTTP/1.1" 200 94182 "http://renault.2web.at/" "Mozilla/5.0 (Windows NT 6.1; WOW64; Trident/7.0; rv:11.0) like Gecko"
80.123.225.38 - - [08/Mar/2021:15:24:56 +0100] "GET /images/main_block_border.gif HTTP/1.1" 200 43 "http://renault.2web.at/" "Mozilla/5.0 (Windows NT 6.1; WOW64; Trident/7.0; rv:11.0) like Gecko"
80.123.225.38 - - [08/Mar/2021:15:24:56 +0100] "GET /images/header_block_corner_left_top.gif HTTP/1.1" 200 160 "http://renault.2web.at/" "Mozilla/5.0 (Windows NT 6.1; WOW64; Trident/7.0; rv:11.0) like Gecko"
80.123.225.38 - - [08/Mar/2021:15:24:56 +0100] "GET /images/main_block_corner_left_bot.gif HTTP/1.1" 200 159 "http://renault.2web.at/" "Mozilla/5.0 (Windows NT 6.1; WOW64; Trident/7.0; rv:11.0) like Gecko"
80.123.225.38 - - [08/Mar/2021:15:24:56 +0100] "GET /images/header_block_border.gif HTTP/1.1" 200 43 "http://renault.2web.at/" "Mozilla/5.0 (Windows NT 6.1; WOW64; Trident/7.0; rv:11.0) like Gecko"
80.123.225.38 - - [08/Mar/2021:15:24:56 +0100] "GET /images/main_block_corner_right_bot.gif HTTP/1.1" 200 158 "http://renault.2web.at/" "Mozilla/5.0 (Windows NT 6.1; WOW64; Trident/7.0; rv:11.0) like Gecko"
80.123.225.38 - - [08/Mar/2021:15:24:56 +0100] "GET /images/header_block_corner_right_top.gif HTTP/1.1" 200 160 "http://renault.2web.at/" "Mozilla/5.0 (Windows NT 6.1; WOW64; Trident/7.0; rv:11.0) like Gecko"
80.123.225.38 - - [08/Mar/2021:15:24:56 +0100] "GET /images/main_block_corner_left_top.gif HTTP/1.1" 200 159 "http://renault.2web.at/" "Mozilla/5.0 (Windows NT 6.1; WOW64; Trident/7.0; rv:11.0) like Gecko"
80.123.225.38 - - [08/Mar/2021:15:24:56 +0100] "GET /images/title_border.jpg HTTP/1.1" 200 304 "http://renault.2web.at/" "Mozilla/5.0 (Windows NT 6.1; WOW64; Trident/7.0; rv:11.0) like Gecko"
80.123.225.38 - - [08/Mar/2021:15:24:56 +0100] "GET /images/main_block_corner_right_top.gif HTTP/1.1" 200 159 "http://renault.2web.at/" "Mozilla/5.0 (Windows NT 6.1; WOW64; Trident/7.0; rv:11.0) like Gecko"
80.123.225.38 - - [08/Mar/2021:15:24:56 +0100] "GET /images/title_border_top.jpg HTTP/1.1" 200 336 "http://renault.2web.at/" "Mozilla/5.0 (Windows NT 6.1; WOW64; Trident/7.0; rv:11.0) like Gecko"
80.123.225.38 - - [08/Mar/2021:15:24:56 +0100] "GET /images/title_corner_left_top.jpg HTTP/1.1" 200 372 "http://renault.2web.at/" "Mozilla/5.0 (Windows NT 6.1; WOW64; Trident/7.0; rv:11.0) like Gecko"
80.123.225.38 - - [08/Mar/2021:15:24:56 +0100] "GET /images/title_corner_right_top.jpg HTTP/1.1" 200 389 "http://renault.2web.at/" "Mozilla/5.0 (Windows NT 6.1; WOW64; Trident/7.0; rv:11.0) like Gecko"
80.123.225.38 - - [08/Mar/2021:15:24:56 +0100] "GET /images/favicon.ico HTTP/1.1" 404 300 "-" "Mozilla/5.0 (Windows NT 6.1; WOW64; Trident/7.0; rv:11.0) like Gecko"
80.123.225.38 - - [08/Mar/2021:15:24:56 +0100] "GET /loadthumbnail.php?id=11127982 HTTP/1.1" 200 399614 "http://renault.2web.at/" "Mozilla/5.0 (Windows NT 6.1; WOW64; Trident/7.0; rv:11.0) like Gecko"
212.152.158.195 - - [08/Mar/2021:15:25:01 +0100] "GET /reload?ser=1615213501477 HTTP/1.1" 200 28 "http://renault.activities.at/result?searchterm=true&search=service" "Mozilla/5.0 (Windows NT 10.0; Win64; x64) AppleWebKit/537.36 (KHTML, like Gecko) Chrome/89.0.4389.82 Safari/537.36"
80.122.221.194 - - [08/Mar/2021:15:25:13 +0100] "GET /reload?ser=1615213513183 HTTP/1.1" 200 28 "http://renault.activities.at/result?mode=list&search=NoVA" "Mozilla/5.0 (Windows NT 10.0; Win64; x64) AppleWebKit/537.36 (KHTML, like Gecko) Chrome/88.0.4324.150 Safari/537.36 Edg/88.0.705.63"
80.123.225.38 - - [08/Mar/2021:15:25:21 +0100] "GET /login HTTP/1.1" 200 2095 "http://renault.2web.at/" "Mozilla/5.0 (Windows NT 6.1; WOW64; Trident/7.0; rv:11.0) like Gecko"
80.123.225.38 - - [08/Mar/2021:15:25:22 +0100] "GET /images/button_left_bg.gif HTTP/1.1" 200 564 "http://renault.2web.at/login" "Mozilla/5.0 (Windows NT 6.1; WOW64; Trident/7.0; rv:11.0) like Gecko"
80.123.225.38 - - [08/Mar/2021:15:25:22 +0100] "GET /images/button_right_bg.gif HTTP/1.1" 200 561 "http://renault.2web.at/login" "Mozilla/5.0 (Windows NT 6.1; WOW64; Trident/7.0; rv:11.0) like Gecko"
80.123.225.38 - - [08/Mar/2021:15:25:22 +0100] "GET /images/button_bg.gif HTTP/1.1" 200 151 "http://renault.2web.at/login" "Mozilla/5.0 (Windows NT 6.1; WOW64; Trident/7.0; rv:11.0) like Gecko"
80.123.225.38 - - [08/Mar/2021:15:25:22 +0100] "GET /images/favicon.ico HTTP/1.1" 404 300 "-" "Mozilla/5.0 (Windows NT 6.1; WOW64; Trident/7.0; rv:11.0) like Gecko"
80.123.225.38 - - [08/Mar/2021:15:25:22 +0100] "GET /favicon.ico HTTP/1.1" 200 3250 "-" "Mozilla/5.0 (Windows NT 6.1; WOW64; Trident/7.0; rv:11.0) like Gecko"
80.123.225.38 - - [08/Mar/2021:15:25:46 +0100] "POST /login HTTP/1.1" 302 137 "http://renault.2web.at/login" "Mozilla/5.0 (Windows NT 6.1; WOW64; Trident/7.0; rv:11.0) like Gecko"
80.123.225.38 - - [08/Mar/2021:15:25:48 +0100] "GET /account HTTP/1.1" 200 5941 "http://renault.2web.at/login" "Mozilla/5.0 (Windows NT 6.1; WOW64; Trident/7.0; rv:11.0) like Gecko"
80.123.225.38 - - [08/Mar/2021:15:25:51 +0100] "GET /js/account.js HTTP/1.1" 200 953 "http://renault.2web.at/account" "Mozilla/5.0 (Windows NT 6.1; WOW64; Trident/7.0; rv:11.0) like Gecko"
80.123.225.38 - - [08/Mar/2021:15:25:51 +0100] "GET /images/search_bg.gif HTTP/1.1" 200 1726 "http://renault.2web.at/account" "Mozilla/5.0 (Windows NT 6.1; WOW64; Trident/7.0; rv:11.0) like Gecko"
80.123.225.38 - - [08/Mar/2021:15:25:51 +0100] "GET /images/top_links_divider.gif HTTP/1.1" 200 44 "http://renault.2web.at/account" "Mozilla/5.0 (Windows NT 6.1; WOW64; Trident/7.0; rv:11.0) like Gecko"
80.123.225.38 - - [08/Mar/2021:15:25:51 +0100] "GET /images/menu_divider.gif HTTP/1.1" 200 176 "http://renault.2web.at/account" "Mozilla/5.0 (Windows NT 6.1; WOW64; Trident/7.0; rv:11.0) like Gecko"
80.123.225.38 - - [08/Mar/2021:15:25:51 +0100] "GET /images/sidebar_title_border.gif HTTP/1.1" 200 43 "http://renault.2web.at/account" "Mozilla/5.0 (Windows NT 6.1; WOW64; Trident/7.0; rv:11.0) like Gecko"
80.123.225.38 - - [08/Mar/2021:15:25:51 +0100] "GET /images/menu_button_bg.jpg HTTP/1.1" 200 322 "http://renault.2web.at/account" "Mozilla/5.0 (Windows NT 6.1; WOW64; Trident/7.0; rv:11.0) like Gecko"
80.123.225.38 - - [08/Mar/2021:15:25:51 +0100] "GET /images/nav_divider.gif HTTP/1.1" 200 43 "http://renault.2web.at/account" "Mozilla/5.0 (Windows NT 6.1; WOW64; Trident/7.0; rv:11.0) like Gecko"
80.123.225.38 - - [08/Mar/2021:15:25:51 +0100] "GET /images/sidebar_title_corner_left_top.gif HTTP/1.1" 200 1124 "http://renault.2web.at/account" "Mozilla/5.0 (Windows NT 6.1; WOW64; Trident/7.0; rv:11.0) like Gecko"
80.123.225.38 - - [08/Mar/2021:15:25:51 +0100] "GET /images/footer_divider.gif HTTP/1.1" 200 44 "http://renault.2web.at/account" "Mozilla/5.0 (Windows NT 6.1; WOW64; Trident/7.0; rv:11.0) like Gecko"
80.123.225.38 - - [08/Mar/2021:15:25:51 +0100] "GET /images/sidebar_title_border_top.gif HTTP/1.1" 200 155 "http://renault.2web.at/account" "Mozilla/5.0 (Windows NT 6.1; WOW64; Trident/7.0; rv:11.0) like Gecko"
80.123.225.38 - - [08/Mar/2021:15:25:51 +0100] "GET /images/sidebar_title_corner_right_top.gif HTTP/1.1" 200 383 "http://renault.2web.at/account" "Mozilla/5.0 (Windows NT 6.1; WOW64; Trident/7.0; rv:11.0) like Gecko"
80.123.225.38 - - [08/Mar/2021:15:25:51 +0100] "GET /loadthumbnail.php?id=12244851&width=50&height=50 HTTP/1.1" 200 760 "http://renault.2web.at/account" "Mozilla/5.0 (Windows NT 6.1; WOW64; Trident/7.0; rv:11.0) like Gecko"
80.123.225.38 - - [08/Mar/2021:15:25:51 +0100] "GET /favicon.ico HTTP/1.1" 200 3250 "-" "Mozilla/5.0 (Windows NT 6.1; WOW64; Trident/7.0; rv:11.0) like Gecko"
80.122.221.194 - - [08/Mar/2021:15:25:55 +0100] "GET /reload?ser=1615213555189 HTTP/1.1" 200 28 "http://renault.activities.at/success" "Mozilla/5.0 (Windows NT 10.0; Win64; x64) AppleWebKit/537.36 (KHTML, like Gecko) Chrome/88.0.4324.150 Safari/537.36 Edg/88.0.705.63"
212.152.158.195 - - [08/Mar/2021:15:26:02 +0100] "GET /reload?ser=1615213562540 HTTP/1.1" 200 28 "http://renault.activities.at/result?searchterm=true&search=service" "Mozilla/5.0 (Windows NT 10.0; Win64; x64) AppleWebKit/537.36 (KHTML, like Gecko) Chrome/89.0.4389.82 Safari/537.36"
80.123.225.38 - - [08/Mar/2021:15:26:10 +0100] "GET /10260262 HTTP/1.1" 200 6974 "http://renault.2web.at/account" "Mozilla/5.0 (Windows NT 6.1; WOW64; Trident/7.0; rv:11.0) like Gecko"
80.123.225.38 - - [08/Mar/2021:15:26:13 +0100] "GET /js/prototip.js HTTP/1.1" 200 4588 "http://renault.2web.at/10260262" "Mozilla/5.0 (Windows NT 6.1; WOW64; Trident/7.0; rv:11.0) like Gecko"
80.123.225.38 - - [08/Mar/2021:15:26:13 +0100] "GET /js/ProduktGrp.js HTTP/1.1" 200 1569 "http://renault.2web.at/10260262" "Mozilla/5.0 (Windows NT 6.1; WOW64; Trident/7.0; rv:11.0) like Gecko"
80.123.225.38 - - [08/Mar/2021:15:26:13 +0100] "GET /images/loading.gif HTTP/1.1" 200 3208 "http://renault.2web.at/10260262" "Mozilla/5.0 (Windows NT 6.1; WOW64; Trident/7.0; rv:11.0) like Gecko"
80.123.225.38 - - [08/Mar/2021:15:26:13 +0100] "GET /loadthumbnail.php?id=12230318&width=113 HTTP/1.1" 200 2255 "http://renault.2web.at/10260262" "Mozilla/5.0 (Windows NT 6.1; WOW64; Trident/7.0; rv:11.0) like Gecko"
80.123.225.38 - - [08/Mar/2021:15:26:13 +0100] "GET /loadthumbnail.php?id=10203255 HTTP/1.1" 200 137 "http://renault.2web.at/10260262" "Mozilla/5.0 (Windows NT 6.1; WOW64; Trident/7.0; rv:11.0) like Gecko"
80.123.225.38 - - [08/Mar/2021:15:26:13 +0100] "GET /loadthumbnail.php?id=12230337&width=113 HTTP/1.1" 200 2209 "http://renault.2web.at/10260262" "Mozilla/5.0 (Windows NT 6.1; WOW64; Trident/7.0; rv:11.0) like Gecko"
80.123.225.38 - - [08/Mar/2021:15:26:13 +0100] "GET /images/pager_bg.gif HTTP/1.1" 200 150 "http://renault.2web.at/10260262" "Mozilla/5.0 (Windows NT 6.1; WOW64; Trident/7.0; rv:11.0) like Gecko"
80.123.225.38 - - [08/Mar/2021:15:26:13 +0100] "GET /loadthumbnail.php?id=12130670&width=113 HTTP/1.1" 200 8989 "http://renault.2web.at/10260262" "Mozilla/5.0 (Windows NT 6.1; WOW64; Trident/7.0; rv:11.0) like Gecko"
80.123.225.38 - - [08/Mar/2021:15:26:13 +0100] "GET /images/vista-up.gif HTTP/1.1" 200 131 "http://renault.2web.at/10260262" "Mozilla/5.0 (Windows NT 6.1; WOW64; Trident/7.0; rv:11.0) like Gecko"
80.123.225.38 - - [08/Mar/2021:15:26:13 +0100] "GET /images/vista-dn.gif HTTP/1.1" 200 128 "http://renault.2web.at/10260262" "Mozilla/5.0 (Windows NT 6.1; WOW64; Trident/7.0; rv:11.0) like Gecko"
80.123.225.38 - - [08/Mar/2021:15:26:13 +0100] "GET /loadthumbnail.php?id=12130660&width=113 HTTP/1.1" 200 9098 "http://renault.2web.at/10260262" "Mozilla/5.0 (Windows NT 6.1; WOW64; Trident/7.0; rv:11.0) like Gecko"
80.123.225.38 - - [08/Mar/2021:15:26:13 +0100] "GET /images/validation_advice_bg.gif HTTP/1.1" 200 134 "http://renault.2web.at/10260262" "Mozilla/5.0 (Windows NT 6.1; WOW64; Trident/7.0; rv:11.0) like Gecko"
80.123.225.38 - - [08/Mar/2021:15:26:13 +0100] "GET /loadthumbnail.php?id=12094749&width=113 HTTP/1.1" 200 15117 "http://renault.2web.at/10260262" "Mozilla/5.0 (Windows NT 6.1; WOW64; Trident/7.0; rv:11.0) like Gecko"
80.123.225.38 - - [08/Mar/2021:15:26:13 +0100] "GET /loadthumbnail.php?id=11660364&width=113 HTTP/1.1" 200 1865 "http://renault.2web.at/10260262" "Mozilla/5.0 (Windows NT 6.1; WOW64; Trident/7.0; rv:11.0) like Gecko"
80.123.225.38 - - [08/Mar/2021:15:26:13 +0100] "GET /loadthumbnail.php?id=11660371&width=113 HTTP/1.1" 200 1292 "http://renault.2web.at/10260262" "Mozilla/5.0 (Windows NT 6.1; WOW64; Trident/7.0; rv:11.0) like Gecko"
