91.113.165.162 - - [08/Mar/2021:08:41:34 +0100] "GET /reload?ser=1615189294641 HTTP/1.1" 200 28 "http://renault.activities.at/result?searchterm=true&search=phev" "Mozilla/5.0 (Windows NT 10.0; Win64; x64) AppleWebKit/537.36 (KHTML, like Gecko) Chrome/88.0.4324.182 Safari/537.36"
138.21.12.24 - - [08/Mar/2021:08:41:50 +0100] "GET /reload?ser=1615189310169 HTTP/1.1" 200 28 "http://renault.2web.at/result?searchterm=true&search=REH5412" "Mozilla/5.0 (Windows NT 10.0; Win64; x64) AppleWebKit/537.36 (KHTML, like Gecko) Chrome/88.0.4324.190 Safari/537.36"
80.122.221.194 - - [08/Mar/2021:08:42:02 +0100] "GET /reload?ser=1615189322187 HTTP/1.1" 200 28 "http://renault.activities.at/login?required=true" "Mozilla/5.0 (Windows NT 10.0; Win64; x64) AppleWebKit/537.36 (KHTML, like Gecko) Chrome/88.0.4324.150 Safari/537.36 Edg/88.0.705.63"
80.122.221.194 - - [08/Mar/2021:08:42:03 +0100] "GET /reload?ser=1615189323185 HTTP/1.1" 200 28 "http://renault.activities.at/success" "Mozilla/5.0 (Windows NT 10.0; Win64; x64) AppleWebKit/537.36 (KHTML, like Gecko) Chrome/88.0.4324.150 Safari/537.36 Edg/88.0.705.63"
80.122.221.194 - - [08/Mar/2021:08:42:04 +0100] "GET /reload?ser=1615189324189 HTTP/1.1" 200 28 "http://renault.activities.at/result?searchterm=true&search=NoVA" "Mozilla/5.0 (Windows NT 10.0; Win64; x64) AppleWebKit/537.36 (KHTML, like Gecko) Chrome/88.0.4324.150 Safari/537.36 Edg/88.0.705.63"
83.175.113.91 - - [08/Mar/2021:08:42:31 +0100] "GET /login HTTP/1.1" 200 2085 "-" "Mozilla/5.0 (Windows NT 10.0; Win64; x64) AppleWebKit/537.36 (KHTML, like Gecko) Chrome/88.0.4324.190 Safari/537.36"
83.175.113.91 - - [08/Mar/2021:08:42:32 +0100] "GET /css/reset.css HTTP/1.1" 200 1356 "http://renault.activities.at/login" "Mozilla/5.0 (Windows NT 10.0; Win64; x64) AppleWebKit/537.36 (KHTML, like Gecko) Chrome/88.0.4324.190 Safari/537.36"
83.175.113.91 - - [08/Mar/2021:08:42:32 +0100] "GET /js/checkout.css HTTP/1.1" 200 359 "http://renault.activities.at/login" "Mozilla/5.0 (Windows NT 10.0; Win64; x64) AppleWebKit/537.36 (KHTML, like Gecko) Chrome/88.0.4324.190 Safari/537.36"
83.175.113.91 - - [08/Mar/2021:08:42:32 +0100] "GET /css/prototip.css HTTP/1.1" 200 968 "http://renault.activities.at/login" "Mozilla/5.0 (Windows NT 10.0; Win64; x64) AppleWebKit/537.36 (KHTML, like Gecko) Chrome/88.0.4324.190 Safari/537.36"
83.175.113.91 - - [08/Mar/2021:08:42:32 +0100] "GET /js/default.js HTTP/1.1" 200 14698 "http://renault.activities.at/login" "Mozilla/5.0 (Windows NT 10.0; Win64; x64) AppleWebKit/537.36 (KHTML, like Gecko) Chrome/88.0.4324.190 Safari/537.36"
83.175.113.91 - - [08/Mar/2021:08:42:32 +0100] "GET /css/clears.css HTTP/1.1" 200 851 "http://renault.activities.at/login" "Mozilla/5.0 (Windows NT 10.0; Win64; x64) AppleWebKit/537.36 (KHTML, like Gecko) Chrome/88.0.4324.190 Safari/537.36"
83.175.113.91 - - [08/Mar/2021:08:42:32 +0100] "GET /css/styles.css HTTP/1.1" 200 14664 "http://renault.activities.at/login" "Mozilla/5.0 (Windows NT 10.0; Win64; x64) AppleWebKit/537.36 (KHTML, like Gecko) Chrome/88.0.4324.190 Safari/537.36"
83.175.113.91 - - [08/Mar/2021:08:42:32 +0100] "GET /css/themes/default.css HTTP/1.1" 200 769 "http://renault.activities.at/login" "Mozilla/5.0 (Windows NT 10.0; Win64; x64) AppleWebKit/537.36 (KHTML, like Gecko) Chrome/88.0.4324.190 Safari/537.36"
83.175.113.91 - - [08/Mar/2021:08:42:32 +0100] "GET /css/themes/alphacube.css HTTP/1.1" 200 743 "http://renault.activities.at/login" "Mozilla/5.0 (Windows NT 10.0; Win64; x64) AppleWebKit/537.36 (KHTML, like Gecko) Chrome/88.0.4324.190 Safari/537.36"
83.175.113.91 - - [08/Mar/2021:08:42:32 +0100] "GET /js/index.php?c=auto&f=,prototype/prototype.js,prototype/validation.js,scriptaculous/builder.js,scriptaculous/effects.js,scriptaculous/dragdrop.js,scriptaculous/controls.js,scriptaculous/slider.js,varien/js.js,varien/form.js,varien/menu.js,mage/translate.js,mage/cookies.js,varien/product.js,spinner/SpinnerControl.jsmin.js,prototype/window.js,prototype/window_ext.js HTTP/1.1" 200 94182 "http://renault.activities.at/login" "Mozilla/5.0 (Windows NT 10.0; Win64; x64) AppleWebKit/537.36 (KHTML, like Gecko) Chrome/88.0.4324.190 Safari/537.36"
83.175.113.91 - - [08/Mar/2021:08:42:32 +0100] "GET /images/main_block_border.gif HTTP/1.1" 200 43 "http://renault.activities.at/css/styles.css" "Mozilla/5.0 (Windows NT 10.0; Win64; x64) AppleWebKit/537.36 (KHTML, like Gecko) Chrome/88.0.4324.190 Safari/537.36"
83.175.113.91 - - [08/Mar/2021:08:42:32 +0100] "GET /images/main_block_corner_left_bot.gif HTTP/1.1" 200 159 "http://renault.activities.at/css/styles.css" "Mozilla/5.0 (Windows NT 10.0; Win64; x64) AppleWebKit/537.36 (KHTML, like Gecko) Chrome/88.0.4324.190 Safari/537.36"
83.175.113.91 - - [08/Mar/2021:08:42:32 +0100] "GET /images/header_block_corner_left_top.gif HTTP/1.1" 200 160 "http://renault.activities.at/css/styles.css" "Mozilla/5.0 (Windows NT 10.0; Win64; x64) AppleWebKit/537.36 (KHTML, like Gecko) Chrome/88.0.4324.190 Safari/537.36"
83.175.113.91 - - [08/Mar/2021:08:42:32 +0100] "GET /images/main_block_corner_right_bot.gif HTTP/1.1" 200 158 "http://renault.activities.at/css/styles.css" "Mozilla/5.0 (Windows NT 10.0; Win64; x64) AppleWebKit/537.36 (KHTML, like Gecko) Chrome/88.0.4324.190 Safari/537.36"
83.175.113.91 - - [08/Mar/2021:08:42:32 +0100] "GET /images/header_block_border.gif HTTP/1.1" 200 43 "http://renault.activities.at/css/styles.css" "Mozilla/5.0 (Windows NT 10.0; Win64; x64) AppleWebKit/537.36 (KHTML, like Gecko) Chrome/88.0.4324.190 Safari/537.36"
83.175.113.91 - - [08/Mar/2021:08:42:32 +0100] "GET /css/print.css HTTP/1.1" 200 543 "http://renault.activities.at/login" "Mozilla/5.0 (Windows NT 10.0; Win64; x64) AppleWebKit/537.36 (KHTML, like Gecko) Chrome/88.0.4324.190 Safari/537.36"
83.175.113.91 - - [08/Mar/2021:08:42:32 +0100] "GET /images/header_block_corner_right_top.gif HTTP/1.1" 200 160 "http://renault.activities.at/css/styles.css" "Mozilla/5.0 (Windows NT 10.0; Win64; x64) AppleWebKit/537.36 (KHTML, like Gecko) Chrome/88.0.4324.190 Safari/537.36"
83.175.113.91 - - [08/Mar/2021:08:42:32 +0100] "GET /images/button_left_bg.gif HTTP/1.1" 200 564 "http://renault.activities.at/css/styles.css" "Mozilla/5.0 (Windows NT 10.0; Win64; x64) AppleWebKit/537.36 (KHTML, like Gecko) Chrome/88.0.4324.190 Safari/537.36"
83.175.113.91 - - [08/Mar/2021:08:42:32 +0100] "GET /images/button_right_bg.gif HTTP/1.1" 200 561 "http://renault.activities.at/css/styles.css" "Mozilla/5.0 (Windows NT 10.0; Win64; x64) AppleWebKit/537.36 (KHTML, like Gecko) Chrome/88.0.4324.190 Safari/537.36"
83.175.113.91 - - [08/Mar/2021:08:42:32 +0100] "GET /images/title_corner_left_top.jpg HTTP/1.1" 200 372 "http://renault.activities.at/css/styles.css" "Mozilla/5.0 (Windows NT 10.0; Win64; x64) AppleWebKit/537.36 (KHTML, like Gecko) Chrome/88.0.4324.190 Safari/537.36"
83.175.113.91 - - [08/Mar/2021:08:42:32 +0100] "GET /images/title_corner_right_top.jpg HTTP/1.1" 200 389 "http://renault.activities.at/css/styles.css" "Mozilla/5.0 (Windows NT 10.0; Win64; x64) AppleWebKit/537.36 (KHTML, like Gecko) Chrome/88.0.4324.190 Safari/537.36"
83.175.113.91 - - [08/Mar/2021:08:42:32 +0100] "GET /images/button_bg.gif HTTP/1.1" 200 151 "http://renault.activities.at/css/styles.css" "Mozilla/5.0 (Windows NT 10.0; Win64; x64) AppleWebKit/537.36 (KHTML, like Gecko) Chrome/88.0.4324.190 Safari/537.36"
83.175.113.91 - - [08/Mar/2021:08:42:32 +0100] "GET /images/main_block_corner_left_top.gif HTTP/1.1" 200 159 "http://renault.activities.at/css/styles.css" "Mozilla/5.0 (Windows NT 10.0; Win64; x64) AppleWebKit/537.36 (KHTML, like Gecko) Chrome/88.0.4324.190 Safari/537.36"
83.175.113.91 - - [08/Mar/2021:08:42:32 +0100] "GET /images/main_block_corner_right_top.gif HTTP/1.1" 200 159 "http://renault.activities.at/css/styles.css" "Mozilla/5.0 (Windows NT 10.0; Win64; x64) AppleWebKit/537.36 (KHTML, like Gecko) Chrome/88.0.4324.190 Safari/537.36"
83.175.113.91 - - [08/Mar/2021:08:42:32 +0100] "GET /images/title_border.jpg HTTP/1.1" 200 304 "http://renault.activities.at/css/styles.css" "Mozilla/5.0 (Windows NT 10.0; Win64; x64) AppleWebKit/537.36 (KHTML, like Gecko) Chrome/88.0.4324.190 Safari/537.36"
83.175.113.91 - - [08/Mar/2021:08:42:32 +0100] "GET /images/title_border_top.jpg HTTP/1.1" 200 336 "http://renault.activities.at/css/styles.css" "Mozilla/5.0 (Windows NT 10.0; Win64; x64) AppleWebKit/537.36 (KHTML, like Gecko) Chrome/88.0.4324.190 Safari/537.36"
83.175.113.91 - - [08/Mar/2021:08:42:32 +0100] "GET /loadthumbnail.php?id=11127982 HTTP/1.1" 200 399614 "http://renault.activities.at/login" "Mozilla/5.0 (Windows NT 10.0; Win64; x64) AppleWebKit/537.36 (KHTML, like Gecko) Chrome/88.0.4324.190 Safari/537.36"
83.175.113.91 - - [08/Mar/2021:08:42:32 +0100] "GET /images/favicon.ico HTTP/1.1" 404 305 "http://renault.activities.at/login" "Mozilla/5.0 (Windows NT 10.0; Win64; x64) AppleWebKit/537.36 (KHTML, like Gecko) Chrome/88.0.4324.190 Safari/537.36"
91.113.165.162 - - [08/Mar/2021:08:42:35 +0100] "GET /reload?ser=1615189355652 HTTP/1.1" 200 28 "http://renault.activities.at/result?searchterm=true&search=phev" "Mozilla/5.0 (Windows NT 10.0; Win64; x64) AppleWebKit/537.36 (KHTML, like Gecko) Chrome/88.0.4324.182 Safari/537.36"
83.175.113.91 - - [08/Mar/2021:08:42:47 +0100] "POST /login HTTP/1.1" 302 140 "http://renault.activities.at/login" "Mozilla/5.0 (Windows NT 10.0; Win64; x64) AppleWebKit/537.36 (KHTML, like Gecko) Chrome/88.0.4324.190 Safari/537.36"
83.175.113.91 - - [08/Mar/2021:08:42:48 +0100] "GET /account HTTP/1.1" 200 6905 "http://renault.activities.at/login" "Mozilla/5.0 (Windows NT 10.0; Win64; x64) AppleWebKit/537.36 (KHTML, like Gecko) Chrome/88.0.4324.190 Safari/537.36"
138.21.12.24 - - [08/Mar/2021:08:42:52 +0100] "GET /reload?ser=1615189372172 HTTP/1.1" 200 28 "http://renault.2web.at/result?searchterm=true&search=REH5412" "Mozilla/5.0 (Windows NT 10.0; Win64; x64) AppleWebKit/537.36 (KHTML, like Gecko) Chrome/88.0.4324.190 Safari/537.36"
83.175.113.91 - - [08/Mar/2021:08:42:49 +0100] "POST /login HTTP/1.1" 302 140 "http://renault.activities.at/login" "Mozilla/5.0 (Windows NT 10.0; Win64; x64) AppleWebKit/537.36 (KHTML, like Gecko) Chrome/88.0.4324.190 Safari/537.36"
83.175.113.91 - - [08/Mar/2021:08:42:54 +0100] "GET /account HTTP/1.1" 200 6905 "http://renault.activities.at/login" "Mozilla/5.0 (Windows NT 10.0; Win64; x64) AppleWebKit/537.36 (KHTML, like Gecko) Chrome/88.0.4324.190 Safari/537.36"
83.175.113.91 - - [08/Mar/2021:08:42:56 +0100] "GET /js/account.js HTTP/1.1" 200 953 "http://renault.activities.at/account" "Mozilla/5.0 (Windows NT 10.0; Win64; x64) AppleWebKit/537.36 (KHTML, like Gecko) Chrome/88.0.4324.190 Safari/537.36"
83.175.113.91 - - [08/Mar/2021:08:42:56 +0100] "GET /images/ajax_loading.gif HTTP/1.1" 200 1542 "http://renault.activities.at/account" "Mozilla/5.0 (Windows NT 10.0; Win64; x64) AppleWebKit/537.36 (KHTML, like Gecko) Chrome/88.0.4324.190 Safari/537.36"
83.175.113.91 - - [08/Mar/2021:08:42:56 +0100] "GET /images/top_links_divider.gif HTTP/1.1" 200 44 "http://renault.activities.at/css/styles.css" "Mozilla/5.0 (Windows NT 10.0; Win64; x64) AppleWebKit/537.36 (KHTML, like Gecko) Chrome/88.0.4324.190 Safari/537.36"
83.175.113.91 - - [08/Mar/2021:08:42:56 +0100] "GET /images/menu_divider.gif HTTP/1.1" 200 176 "http://renault.activities.at/css/styles.css" "Mozilla/5.0 (Windows NT 10.0; Win64; x64) AppleWebKit/537.36 (KHTML, like Gecko) Chrome/88.0.4324.190 Safari/537.36"
83.175.113.91 - - [08/Mar/2021:08:42:56 +0100] "GET /images/search_bg.gif HTTP/1.1" 200 1726 "http://renault.activities.at/css/styles.css" "Mozilla/5.0 (Windows NT 10.0; Win64; x64) AppleWebKit/537.36 (KHTML, like Gecko) Chrome/88.0.4324.190 Safari/537.36"
83.175.113.91 - - [08/Mar/2021:08:42:56 +0100] "GET /images/sidebar_title_corner_left_top.gif HTTP/1.1" 200 1124 "http://renault.activities.at/css/styles.css" "Mozilla/5.0 (Windows NT 10.0; Win64; x64) AppleWebKit/537.36 (KHTML, like Gecko) Chrome/88.0.4324.190 Safari/537.36"
83.175.113.91 - - [08/Mar/2021:08:42:56 +0100] "GET /images/sidebar_title_corner_right_top.gif HTTP/1.1" 200 383 "http://renault.activities.at/css/styles.css" "Mozilla/5.0 (Windows NT 10.0; Win64; x64) AppleWebKit/537.36 (KHTML, like Gecko) Chrome/88.0.4324.190 Safari/537.36"
83.175.113.91 - - [08/Mar/2021:08:42:56 +0100] "GET /images/sidebar_title_border_top.gif HTTP/1.1" 200 155 "http://renault.activities.at/css/styles.css" "Mozilla/5.0 (Windows NT 10.0; Win64; x64) AppleWebKit/537.36 (KHTML, like Gecko) Chrome/88.0.4324.190 Safari/537.36"
83.175.113.91 - - [08/Mar/2021:08:42:56 +0100] "GET /images/sidebar_title_border.gif HTTP/1.1" 200 43 "http://renault.activities.at/css/styles.css" "Mozilla/5.0 (Windows NT 10.0; Win64; x64) AppleWebKit/537.36 (KHTML, like Gecko) Chrome/88.0.4324.190 Safari/537.36"
83.175.113.91 - - [08/Mar/2021:08:42:56 +0100] "GET /images/menu_button_bg.jpg HTTP/1.1" 200 322 "http://renault.activities.at/css/styles.css" "Mozilla/5.0 (Windows NT 10.0; Win64; x64) AppleWebKit/537.36 (KHTML, like Gecko) Chrome/88.0.4324.190 Safari/537.36"
83.175.113.91 - - [08/Mar/2021:08:42:56 +0100] "GET /images/reset_bg.gif HTTP/1.1" 200 785 "http://renault.activities.at/css/styles.css" "Mozilla/5.0 (Windows NT 10.0; Win64; x64) AppleWebKit/537.36 (KHTML, like Gecko) Chrome/88.0.4324.190 Safari/537.36"
83.175.113.91 - - [08/Mar/2021:08:42:56 +0100] "GET /images/nav_divider.gif HTTP/1.1" 200 43 "http://renault.activities.at/css/styles.css" "Mozilla/5.0 (Windows NT 10.0; Win64; x64) AppleWebKit/537.36 (KHTML, like Gecko) Chrome/88.0.4324.190 Safari/537.36"
83.175.113.91 - - [08/Mar/2021:08:42:56 +0100] "GET /images/footer_divider.gif HTTP/1.1" 200 44 "http://renault.activities.at/css/styles.css" "Mozilla/5.0 (Windows NT 10.0; Win64; x64) AppleWebKit/537.36 (KHTML, like Gecko) Chrome/88.0.4324.190 Safari/537.36"
83.175.113.91 - - [08/Mar/2021:08:42:56 +0100] "GET /loadthumbnail.php?id=10260190&width=50&height=50 HTTP/1.1" 200 1018 "http://renault.activities.at/account" "Mozilla/5.0 (Windows NT 10.0; Win64; x64) AppleWebKit/537.36 (KHTML, like Gecko) Chrome/88.0.4324.190 Safari/537.36"
83.175.113.91 - - [08/Mar/2021:08:42:56 +0100] "GET /loadthumbnail.php?id=10260174&width=50&height=50 HTTP/1.1" 200 1024 "http://renault.activities.at/account" "Mozilla/5.0 (Windows NT 10.0; Win64; x64) AppleWebKit/537.36 (KHTML, like Gecko) Chrome/88.0.4324.190 Safari/537.36"
83.175.113.91 - - [08/Mar/2021:08:42:56 +0100] "GET /loadthumbnail.php?id=10272696&width=50&height=50 HTTP/1.1" 200 1124 "http://renault.activities.at/account" "Mozilla/5.0 (Windows NT 10.0; Win64; x64) AppleWebKit/537.36 (KHTML, like Gecko) Chrome/88.0.4324.190 Safari/537.36"
83.175.113.91 - - [08/Mar/2021:08:42:56 +0100] "GET /loadthumbnail.php?id=11730239&width=50&height=50 HTTP/1.1" 200 947 "http://renault.activities.at/account" "Mozilla/5.0 (Windows NT 10.0; Win64; x64) AppleWebKit/537.36 (KHTML, like Gecko) Chrome/88.0.4324.190 Safari/537.36"
80.122.221.194 - - [08/Mar/2021:08:43:03 +0100] "GET /reload?ser=1615189383186 HTTP/1.1" 200 28 "http://renault.activities.at/login?required=true" "Mozilla/5.0 (Windows NT 10.0; Win64; x64) AppleWebKit/537.36 (KHTML, like Gecko) Chrome/88.0.4324.150 Safari/537.36 Edg/88.0.705.63"
83.175.113.91 - - [08/Mar/2021:08:43:01 +0100] "GET /12386410 HTTP/1.1" 200 6683 "http://renault.activities.at/account" "Mozilla/5.0 (Windows NT 10.0; Win64; x64) AppleWebKit/537.36 (KHTML, like Gecko) Chrome/88.0.4324.190 Safari/537.36"
83.175.113.91 - - [08/Mar/2021:08:43:04 +0100] "GET /images/icons/lupe.gif HTTP/1.1" 200 324 "http://renault.activities.at/12386410" "Mozilla/5.0 (Windows NT 10.0; Win64; x64) AppleWebKit/537.36 (KHTML, like Gecko) Chrome/88.0.4324.190 Safari/537.36"
83.175.113.91 - - [08/Mar/2021:08:43:04 +0100] "GET /images/pager_bg.gif HTTP/1.1" 200 150 "http://renault.activities.at/css/styles.css" "Mozilla/5.0 (Windows NT 10.0; Win64; x64) AppleWebKit/537.36 (KHTML, like Gecko) Chrome/88.0.4324.190 Safari/537.36"
80.122.221.194 - - [08/Mar/2021:08:43:04 +0100] "GET /reload?ser=1615189384189 HTTP/1.1" 200 28 "http://renault.activities.at/success" "Mozilla/5.0 (Windows NT 10.0; Win64; x64) AppleWebKit/537.36 (KHTML, like Gecko) Chrome/88.0.4324.150 Safari/537.36 Edg/88.0.705.63"
80.122.221.194 - - [08/Mar/2021:08:43:05 +0100] "GET /reload?ser=1615189385194 HTTP/1.1" 200 28 "http://renault.activities.at/result?searchterm=true&search=NoVA" "Mozilla/5.0 (Windows NT 10.0; Win64; x64) AppleWebKit/537.36 (KHTML, like Gecko) Chrome/88.0.4324.150 Safari/537.36 Edg/88.0.705.63"
83.175.113.91 - - [08/Mar/2021:08:43:23 +0100] "GET /orders HTTP/1.1" 200 5838 "http://renault.activities.at/12386410" "Mozilla/5.0 (Windows NT 10.0; Win64; x64) AppleWebKit/537.36 (KHTML, like Gecko) Chrome/88.0.4324.190 Safari/537.36"
83.175.113.91 - - [08/Mar/2021:08:43:25 +0100] "GET /loadthumbnail.php?id=10203276 HTTP/1.1" 200 75 "http://renault.activities.at/orders" "Mozilla/5.0 (Windows NT 10.0; Win64; x64) AppleWebKit/537.36 (KHTML, like Gecko) Chrome/88.0.4324.190 Safari/537.36"
83.175.113.91 - - [08/Mar/2021:08:43:27 +0100] "GET /12387286 HTTP/1.1" 200 6138 "http://renault.activities.at/orders" "Mozilla/5.0 (Windows NT 10.0; Win64; x64) AppleWebKit/537.36 (KHTML, like Gecko) Chrome/88.0.4324.190 Safari/537.36"
83.175.113.91 - - [08/Mar/2021:08:43:33 +0100] "GET /orders HTTP/1.1" 200 5838 "http://renault.activities.at/12387286" "Mozilla/5.0 (Windows NT 10.0; Win64; x64) AppleWebKit/537.36 (KHTML, like Gecko) Chrome/88.0.4324.190 Safari/537.36"
83.175.113.91 - - [08/Mar/2021:08:43:35 +0100] "GET /orders HTTP/1.1" 200 5838 "http://renault.activities.at/12387286" "Mozilla/5.0 (Windows NT 10.0; Win64; x64) AppleWebKit/537.36 (KHTML, like Gecko) Chrome/88.0.4324.190 Safari/537.36"
91.113.165.162 - - [08/Mar/2021:08:43:36 +0100] "GET /reload?ser=1615189416649 HTTP/1.1" 200 28 "http://renault.activities.at/result?searchterm=true&search=phev" "Mozilla/5.0 (Windows NT 10.0; Win64; x64) AppleWebKit/537.36 (KHTML, like Gecko) Chrome/88.0.4324.182 Safari/537.36"
83.175.113.91 - - [08/Mar/2021:08:43:43 +0100] "GET /action HTTP/1.1" 200 4065 "http://renault.activities.at/orders" "Mozilla/5.0 (Windows NT 10.0; Win64; x64) AppleWebKit/537.36 (KHTML, like Gecko) Chrome/88.0.4324.190 Safari/537.36"
83.175.113.91 - - [08/Mar/2021:08:43:44 +0100] "GET /images/note_msg_icon.gif HTTP/1.1" 200 1022 "http://renault.activities.at/css/styles.css" "Mozilla/5.0 (Windows NT 10.0; Win64; x64) AppleWebKit/537.36 (KHTML, like Gecko) Chrome/88.0.4324.190 Safari/537.36"
138.21.12.24 - - [08/Mar/2021:08:43:54 +0100] "GET /reload?ser=1615189434176 HTTP/1.1" 200 28 "http://renault.2web.at/result?searchterm=true&search=REH5412" "Mozilla/5.0 (Windows NT 10.0; Win64; x64) AppleWebKit/537.36 (KHTML, like Gecko) Chrome/88.0.4324.190 Safari/537.36"
80.122.221.194 - - [08/Mar/2021:08:44:04 +0100] "GET /reload?ser=1615189444193 HTTP/1.1" 200 28 "http://renault.activities.at/login?required=true" "Mozilla/5.0 (Windows NT 10.0; Win64; x64) AppleWebKit/537.36 (KHTML, like Gecko) Chrome/88.0.4324.150 Safari/537.36 Edg/88.0.705.63"
80.122.221.194 - - [08/Mar/2021:08:44:05 +0100] "GET /reload?ser=1615189445183 HTTP/1.1" 200 28 "http://renault.activities.at/success" "Mozilla/5.0 (Windows NT 10.0; Win64; x64) AppleWebKit/537.36 (KHTML, like Gecko) Chrome/88.0.4324.150 Safari/537.36 Edg/88.0.705.63"
80.122.221.194 - - [08/Mar/2021:08:44:06 +0100] "GET /reload?ser=1615189446183 HTTP/1.1" 200 28 "http://renault.activities.at/result?searchterm=true&search=NoVA" "Mozilla/5.0 (Windows NT 10.0; Win64; x64) AppleWebKit/537.36 (KHTML, like Gecko) Chrome/88.0.4324.150 Safari/537.36 Edg/88.0.705.63"
91.113.165.162 - - [08/Mar/2021:08:44:37 +0100] "GET /reload?ser=1615189477650 HTTP/1.1" 200 28 "http://renault.activities.at/result?searchterm=true&search=phev" "Mozilla/5.0 (Windows NT 10.0; Win64; x64) AppleWebKit/537.36 (KHTML, like Gecko) Chrome/88.0.4324.182 Safari/537.36"
138.21.12.24 - - [08/Mar/2021:08:44:56 +0100] "GET /reload?ser=1615189496179 HTTP/1.1" 200 28 "http://renault.2web.at/result?searchterm=true&search=REH5412" "Mozilla/5.0 (Windows NT 10.0; Win64; x64) AppleWebKit/537.36 (KHTML, like Gecko) Chrome/88.0.4324.190 Safari/537.36"
80.122.221.194 - - [08/Mar/2021:08:45:05 +0100] "GET /reload?ser=1615189505193 HTTP/1.1" 200 28 "http://renault.activities.at/login?required=true" "Mozilla/5.0 (Windows NT 10.0; Win64; x64) AppleWebKit/537.36 (KHTML, like Gecko) Chrome/88.0.4324.150 Safari/537.36 Edg/88.0.705.63"
80.122.221.194 - - [08/Mar/2021:08:45:06 +0100] "GET /reload?ser=1615189506190 HTTP/1.1" 200 28 "http://renault.activities.at/success" "Mozilla/5.0 (Windows NT 10.0; Win64; x64) AppleWebKit/537.36 (KHTML, like Gecko) Chrome/88.0.4324.150 Safari/537.36 Edg/88.0.705.63"
80.122.221.194 - - [08/Mar/2021:08:45:07 +0100] "GET /reload?ser=1615189507189 HTTP/1.1" 200 28 "http://renault.activities.at/result?searchterm=true&search=NoVA" "Mozilla/5.0 (Windows NT 10.0; Win64; x64) AppleWebKit/537.36 (KHTML, like Gecko) Chrome/88.0.4324.150 Safari/537.36 Edg/88.0.705.63"
91.113.165.162 - - [08/Mar/2021:08:45:38 +0100] "GET /reload?ser=1615189538653 HTTP/1.1" 200 28 "http://renault.activities.at/result?searchterm=true&search=phev" "Mozilla/5.0 (Windows NT 10.0; Win64; x64) AppleWebKit/537.36 (KHTML, like Gecko) Chrome/88.0.4324.182 Safari/537.36"
138.21.12.24 - - [08/Mar/2021:08:45:58 +0100] "GET /reload?ser=1615189558181 HTTP/1.1" 200 28 "http://renault.2web.at/result?searchterm=true&search=REH5412" "Mozilla/5.0 (Windows NT 10.0; Win64; x64) AppleWebKit/537.36 (KHTML, like Gecko) Chrome/88.0.4324.190 Safari/537.36"
80.122.221.194 - - [08/Mar/2021:08:46:06 +0100] "GET /reload?ser=1615189566192 HTTP/1.1" 200 28 "http://renault.activities.at/login?required=true" "Mozilla/5.0 (Windows NT 10.0; Win64; x64) AppleWebKit/537.36 (KHTML, like Gecko) Chrome/88.0.4324.150 Safari/537.36 Edg/88.0.705.63"
80.122.221.194 - - [08/Mar/2021:08:46:07 +0100] "GET /reload?ser=1615189567188 HTTP/1.1" 200 28 "http://renault.activities.at/success" "Mozilla/5.0 (Windows NT 10.0; Win64; x64) AppleWebKit/537.36 (KHTML, like Gecko) Chrome/88.0.4324.150 Safari/537.36 Edg/88.0.705.63"
80.122.221.194 - - [08/Mar/2021:08:46:08 +0100] "GET /reload?ser=1615189568182 HTTP/1.1" 200 28 "http://renault.activities.at/result?searchterm=true&search=NoVA" "Mozilla/5.0 (Windows NT 10.0; Win64; x64) AppleWebKit/537.36 (KHTML, like Gecko) Chrome/88.0.4324.150 Safari/537.36 Edg/88.0.705.63"
91.113.165.162 - - [08/Mar/2021:08:46:39 +0100] "GET /reload?ser=1615189599648 HTTP/1.1" 200 28 "http://renault.activities.at/result?searchterm=true&search=phev" "Mozilla/5.0 (Windows NT 10.0; Win64; x64) AppleWebKit/537.36 (KHTML, like Gecko) Chrome/88.0.4324.182 Safari/537.36"
138.21.12.24 - - [08/Mar/2021:08:47:00 +0100] "GET /reload?ser=1615189620182 HTTP/1.1" 200 28 "http://renault.2web.at/result?searchterm=true&search=REH5412" "Mozilla/5.0 (Windows NT 10.0; Win64; x64) AppleWebKit/537.36 (KHTML, like Gecko) Chrome/88.0.4324.190 Safari/537.36"
80.122.221.194 - - [08/Mar/2021:08:47:07 +0100] "GET /reload?ser=1615189627184 HTTP/1.1" 200 28 "http://renault.activities.at/login?required=true" "Mozilla/5.0 (Windows NT 10.0; Win64; x64) AppleWebKit/537.36 (KHTML, like Gecko) Chrome/88.0.4324.150 Safari/537.36 Edg/88.0.705.63"
80.122.221.194 - - [08/Mar/2021:08:47:08 +0100] "GET /reload?ser=1615189628189 HTTP/1.1" 200 28 "http://renault.activities.at/success" "Mozilla/5.0 (Windows NT 10.0; Win64; x64) AppleWebKit/537.36 (KHTML, like Gecko) Chrome/88.0.4324.150 Safari/537.36 Edg/88.0.705.63"
80.122.221.194 - - [08/Mar/2021:08:47:09 +0100] "GET /reload?ser=1615189629192 HTTP/1.1" 200 28 "http://renault.activities.at/result?searchterm=true&search=NoVA" "Mozilla/5.0 (Windows NT 10.0; Win64; x64) AppleWebKit/537.36 (KHTML, like Gecko) Chrome/88.0.4324.150 Safari/537.36 Edg/88.0.705.63"
91.113.165.162 - - [08/Mar/2021:08:47:40 +0100] "GET /reload?ser=1615189660660 HTTP/1.1" 200 28 "http://renault.activities.at/result?searchterm=true&search=phev" "Mozilla/5.0 (Windows NT 10.0; Win64; x64) AppleWebKit/537.36 (KHTML, like Gecko) Chrome/88.0.4324.182 Safari/537.36"
138.21.12.24 - - [08/Mar/2021:08:48:02 +0100] "GET /reload?ser=1615189682185 HTTP/1.1" 200 28 "http://renault.2web.at/result?searchterm=true&search=REH5412" "Mozilla/5.0 (Windows NT 10.0; Win64; x64) AppleWebKit/537.36 (KHTML, like Gecko) Chrome/88.0.4324.190 Safari/537.36"
80.122.221.194 - - [08/Mar/2021:08:48:08 +0100] "GET /reload?ser=1615189688192 HTTP/1.1" 200 28 "http://renault.activities.at/login?required=true" "Mozilla/5.0 (Windows NT 10.0; Win64; x64) AppleWebKit/537.36 (KHTML, like Gecko) Chrome/88.0.4324.150 Safari/537.36 Edg/88.0.705.63"
80.122.221.194 - - [08/Mar/2021:08:48:09 +0100] "GET /reload?ser=1615189689189 HTTP/1.1" 200 28 "http://renault.activities.at/success" "Mozilla/5.0 (Windows NT 10.0; Win64; x64) AppleWebKit/537.36 (KHTML, like Gecko) Chrome/88.0.4324.150 Safari/537.36 Edg/88.0.705.63"
80.122.221.194 - - [08/Mar/2021:08:48:10 +0100] "GET /reload?ser=1615189690185 HTTP/1.1" 200 28 "http://renault.activities.at/result?searchterm=true&search=NoVA" "Mozilla/5.0 (Windows NT 10.0; Win64; x64) AppleWebKit/537.36 (KHTML, like Gecko) Chrome/88.0.4324.150 Safari/537.36 Edg/88.0.705.63"
91.113.165.162 - - [08/Mar/2021:08:48:41 +0100] "GET /reload?ser=1615189721655 HTTP/1.1" 200 28 "http://renault.activities.at/result?searchterm=true&search=phev" "Mozilla/5.0 (Windows NT 10.0; Win64; x64) AppleWebKit/537.36 (KHTML, like Gecko) Chrome/88.0.4324.182 Safari/537.36"
138.21.12.24 - - [08/Mar/2021:08:49:04 +0100] "GET /reload?ser=1615189744185 HTTP/1.1" 200 28 "http://renault.2web.at/result?searchterm=true&search=REH5412" "Mozilla/5.0 (Windows NT 10.0; Win64; x64) AppleWebKit/537.36 (KHTML, like Gecko) Chrome/88.0.4324.190 Safari/537.36"
80.122.221.194 - - [08/Mar/2021:08:49:09 +0100] "GET /reload?ser=1615189749184 HTTP/1.1" 200 28 "http://renault.activities.at/login?required=true" "Mozilla/5.0 (Windows NT 10.0; Win64; x64) AppleWebKit/537.36 (KHTML, like Gecko) Chrome/88.0.4324.150 Safari/537.36 Edg/88.0.705.63"
80.122.221.194 - - [08/Mar/2021:08:49:10 +0100] "GET /reload?ser=1615189750189 HTTP/1.1" 200 28 "http://renault.activities.at/success" "Mozilla/5.0 (Windows NT 10.0; Win64; x64) AppleWebKit/537.36 (KHTML, like Gecko) Chrome/88.0.4324.150 Safari/537.36 Edg/88.0.705.63"
80.122.221.194 - - [08/Mar/2021:08:49:11 +0100] "GET /reload?ser=1615189751189 HTTP/1.1" 200 28 "http://renault.activities.at/result?searchterm=true&search=NoVA" "Mozilla/5.0 (Windows NT 10.0; Win64; x64) AppleWebKit/537.36 (KHTML, like Gecko) Chrome/88.0.4324.150 Safari/537.36 Edg/88.0.705.63"
91.113.165.162 - - [08/Mar/2021:08:49:42 +0100] "GET /reload?ser=1615189782665 HTTP/1.1" 200 28 "http://renault.activities.at/result?searchterm=true&search=phev" "Mozilla/5.0 (Windows NT 10.0; Win64; x64) AppleWebKit/537.36 (KHTML, like Gecko) Chrome/88.0.4324.182 Safari/537.36"
138.21.12.24 - - [08/Mar/2021:08:50:06 +0100] "GET /reload?ser=1615189806187 HTTP/1.1" 200 28 "http://renault.2web.at/result?searchterm=true&search=REH5412" "Mozilla/5.0 (Windows NT 10.0; Win64; x64) AppleWebKit/537.36 (KHTML, like Gecko) Chrome/88.0.4324.190 Safari/537.36"
80.122.221.194 - - [08/Mar/2021:08:50:10 +0100] "GET /reload?ser=1615189810187 HTTP/1.1" 200 28 "http://renault.activities.at/login?required=true" "Mozilla/5.0 (Windows NT 10.0; Win64; x64) AppleWebKit/537.36 (KHTML, like Gecko) Chrome/88.0.4324.150 Safari/537.36 Edg/88.0.705.63"
80.122.221.194 - - [08/Mar/2021:08:50:11 +0100] "GET /reload?ser=1615189811184 HTTP/1.1" 200 28 "http://renault.activities.at/success" "Mozilla/5.0 (Windows NT 10.0; Win64; x64) AppleWebKit/537.36 (KHTML, like Gecko) Chrome/88.0.4324.150 Safari/537.36 Edg/88.0.705.63"
80.122.221.194 - - [08/Mar/2021:08:50:12 +0100] "GET /reload?ser=1615189812185 HTTP/1.1" 200 28 "http://renault.activities.at/result?searchterm=true&search=NoVA" "Mozilla/5.0 (Windows NT 10.0; Win64; x64) AppleWebKit/537.36 (KHTML, like Gecko) Chrome/88.0.4324.150 Safari/537.36 Edg/88.0.705.63"
91.113.165.162 - - [08/Mar/2021:08:50:43 +0100] "GET /reload?ser=1615189843670 HTTP/1.1" 200 28 "http://renault.activities.at/result?searchterm=true&search=phev" "Mozilla/5.0 (Windows NT 10.0; Win64; x64) AppleWebKit/537.36 (KHTML, like Gecko) Chrome/88.0.4324.182 Safari/537.36"
138.21.12.24 - - [08/Mar/2021:08:51:08 +0100] "GET /reload?ser=1615189868188 HTTP/1.1" 200 28 "http://renault.2web.at/result?searchterm=true&search=REH5412" "Mozilla/5.0 (Windows NT 10.0; Win64; x64) AppleWebKit/537.36 (KHTML, like Gecko) Chrome/88.0.4324.190 Safari/537.36"
80.122.221.194 - - [08/Mar/2021:08:51:11 +0100] "GET /reload?ser=1615189871185 HTTP/1.1" 200 28 "http://renault.activities.at/login?required=true" "Mozilla/5.0 (Windows NT 10.0; Win64; x64) AppleWebKit/537.36 (KHTML, like Gecko) Chrome/88.0.4324.150 Safari/537.36 Edg/88.0.705.63"
80.122.221.194 - - [08/Mar/2021:08:51:12 +0100] "GET /reload?ser=1615189872195 HTTP/1.1" 200 28 "http://renault.activities.at/success" "Mozilla/5.0 (Windows NT 10.0; Win64; x64) AppleWebKit/537.36 (KHTML, like Gecko) Chrome/88.0.4324.150 Safari/537.36 Edg/88.0.705.63"
80.122.221.194 - - [08/Mar/2021:08:51:13 +0100] "GET /reload?ser=1615189873192 HTTP/1.1" 200 28 "http://renault.activities.at/result?searchterm=true&search=NoVA" "Mozilla/5.0 (Windows NT 10.0; Win64; x64) AppleWebKit/537.36 (KHTML, like Gecko) Chrome/88.0.4324.150 Safari/537.36 Edg/88.0.705.63"
91.113.165.162 - - [08/Mar/2021:08:51:44 +0100] "GET /reload?ser=1615189904657 HTTP/1.1" 200 28 "http://renault.activities.at/result?searchterm=true&search=phev" "Mozilla/5.0 (Windows NT 10.0; Win64; x64) AppleWebKit/537.36 (KHTML, like Gecko) Chrome/88.0.4324.182 Safari/537.36"
138.21.12.24 - - [08/Mar/2021:08:52:10 +0100] "GET /reload?ser=1615189930190 HTTP/1.1" 200 28 "http://renault.2web.at/result?searchterm=true&search=REH5412" "Mozilla/5.0 (Windows NT 10.0; Win64; x64) AppleWebKit/537.36 (KHTML, like Gecko) Chrome/88.0.4324.190 Safari/537.36"
80.122.221.194 - - [08/Mar/2021:08:52:12 +0100] "GET /reload?ser=1615189932181 HTTP/1.1" 200 28 "http://renault.activities.at/login?required=true" "Mozilla/5.0 (Windows NT 10.0; Win64; x64) AppleWebKit/537.36 (KHTML, like Gecko) Chrome/88.0.4324.150 Safari/537.36 Edg/88.0.705.63"
80.122.221.194 - - [08/Mar/2021:08:52:13 +0100] "GET /reload?ser=1615189933183 HTTP/1.1" 200 28 "http://renault.activities.at/success" "Mozilla/5.0 (Windows NT 10.0; Win64; x64) AppleWebKit/537.36 (KHTML, like Gecko) Chrome/88.0.4324.150 Safari/537.36 Edg/88.0.705.63"
80.122.221.194 - - [08/Mar/2021:08:52:14 +0100] "GET /reload?ser=1615189934185 HTTP/1.1" 200 28 "http://renault.activities.at/result?searchterm=true&search=NoVA" "Mozilla/5.0 (Windows NT 10.0; Win64; x64) AppleWebKit/537.36 (KHTML, like Gecko) Chrome/88.0.4324.150 Safari/537.36 Edg/88.0.705.63"
91.113.165.162 - - [08/Mar/2021:08:52:45 +0100] "GET /reload?ser=1615189965666 HTTP/1.1" 200 28 "http://renault.activities.at/result?searchterm=true&search=phev" "Mozilla/5.0 (Windows NT 10.0; Win64; x64) AppleWebKit/537.36 (KHTML, like Gecko) Chrome/88.0.4324.182 Safari/537.36"
138.21.12.24 - - [08/Mar/2021:08:53:12 +0100] "GET /reload?ser=1615189992197 HTTP/1.1" 200 28 "http://renault.2web.at/result?searchterm=true&search=REH5412" "Mozilla/5.0 (Windows NT 10.0; Win64; x64) AppleWebKit/537.36 (KHTML, like Gecko) Chrome/88.0.4324.190 Safari/537.36"
80.122.221.194 - - [08/Mar/2021:08:53:13 +0100] "GET /reload?ser=1615189993185 HTTP/1.1" 200 28 "http://renault.activities.at/login?required=true" "Mozilla/5.0 (Windows NT 10.0; Win64; x64) AppleWebKit/537.36 (KHTML, like Gecko) Chrome/88.0.4324.150 Safari/537.36 Edg/88.0.705.63"
80.122.221.194 - - [08/Mar/2021:08:53:14 +0100] "GET /reload?ser=1615189994194 HTTP/1.1" 200 28 "http://renault.activities.at/success" "Mozilla/5.0 (Windows NT 10.0; Win64; x64) AppleWebKit/537.36 (KHTML, like Gecko) Chrome/88.0.4324.150 Safari/537.36 Edg/88.0.705.63"
80.122.221.194 - - [08/Mar/2021:08:53:15 +0100] "GET /reload?ser=1615189995196 HTTP/1.1" 200 28 "http://renault.activities.at/result?searchterm=true&search=NoVA" "Mozilla/5.0 (Windows NT 10.0; Win64; x64) AppleWebKit/537.36 (KHTML, like Gecko) Chrome/88.0.4324.150 Safari/537.36 Edg/88.0.705.63"
91.113.165.162 - - [08/Mar/2021:08:53:46 +0100] "GET /reload?ser=1615190026661 HTTP/1.1" 200 28 "http://renault.activities.at/result?searchterm=true&search=phev" "Mozilla/5.0 (Windows NT 10.0; Win64; x64) AppleWebKit/537.36 (KHTML, like Gecko) Chrome/88.0.4324.182 Safari/537.36"
80.122.221.194 - - [08/Mar/2021:08:54:14 +0100] "GET /reload?ser=1615190054188 HTTP/1.1" 200 28 "http://renault.activities.at/login?required=true" "Mozilla/5.0 (Windows NT 10.0; Win64; x64) AppleWebKit/537.36 (KHTML, like Gecko) Chrome/88.0.4324.150 Safari/537.36 Edg/88.0.705.63"
138.21.12.24 - - [08/Mar/2021:08:54:14 +0100] "GET /reload?ser=1615190054190 HTTP/1.1" 200 28 "http://renault.2web.at/result?searchterm=true&search=REH5412" "Mozilla/5.0 (Windows NT 10.0; Win64; x64) AppleWebKit/537.36 (KHTML, like Gecko) Chrome/88.0.4324.190 Safari/537.36"
80.122.221.194 - - [08/Mar/2021:08:54:15 +0100] "GET /reload?ser=1615190055184 HTTP/1.1" 200 28 "http://renault.activities.at/success" "Mozilla/5.0 (Windows NT 10.0; Win64; x64) AppleWebKit/537.36 (KHTML, like Gecko) Chrome/88.0.4324.150 Safari/537.36 Edg/88.0.705.63"
80.122.221.194 - - [08/Mar/2021:08:54:16 +0100] "GET /reload?ser=1615190056193 HTTP/1.1" 200 28 "http://renault.activities.at/result?searchterm=true&search=NoVA" "Mozilla/5.0 (Windows NT 10.0; Win64; x64) AppleWebKit/537.36 (KHTML, like Gecko) Chrome/88.0.4324.150 Safari/537.36 Edg/88.0.705.63"
91.113.165.162 - - [08/Mar/2021:08:54:47 +0100] "GET /reload?ser=1615190087672 HTTP/1.1" 200 28 "http://renault.activities.at/result?searchterm=true&search=phev" "Mozilla/5.0 (Windows NT 10.0; Win64; x64) AppleWebKit/537.36 (KHTML, like Gecko) Chrome/88.0.4324.182 Safari/537.36"
80.122.221.194 - - [08/Mar/2021:08:55:15 +0100] "GET /reload?ser=1615190115186 HTTP/1.1" 200 28 "http://renault.activities.at/login?required=true" "Mozilla/5.0 (Windows NT 10.0; Win64; x64) AppleWebKit/537.36 (KHTML, like Gecko) Chrome/88.0.4324.150 Safari/537.36 Edg/88.0.705.63"
80.122.221.194 - - [08/Mar/2021:08:55:16 +0100] "GET /reload?ser=1615190116194 HTTP/1.1" 200 28 "http://renault.activities.at/success" "Mozilla/5.0 (Windows NT 10.0; Win64; x64) AppleWebKit/537.36 (KHTML, like Gecko) Chrome/88.0.4324.150 Safari/537.36 Edg/88.0.705.63"
138.21.12.24 - - [08/Mar/2021:08:55:16 +0100] "GET /reload?ser=1615190116190 HTTP/1.1" 200 28 "http://renault.2web.at/result?searchterm=true&search=REH5412" "Mozilla/5.0 (Windows NT 10.0; Win64; x64) AppleWebKit/537.36 (KHTML, like Gecko) Chrome/88.0.4324.190 Safari/537.36"
80.122.221.194 - - [08/Mar/2021:08:55:17 +0100] "GET /reload?ser=1615190117191 HTTP/1.1" 200 28 "http://renault.activities.at/result?searchterm=true&search=NoVA" "Mozilla/5.0 (Windows NT 10.0; Win64; x64) AppleWebKit/537.36 (KHTML, like Gecko) Chrome/88.0.4324.150 Safari/537.36 Edg/88.0.705.63"
91.113.165.162 - - [08/Mar/2021:08:55:48 +0100] "GET /reload?ser=1615190148667 HTTP/1.1" 200 28 "http://renault.activities.at/result?searchterm=true&search=phev" "Mozilla/5.0 (Windows NT 10.0; Win64; x64) AppleWebKit/537.36 (KHTML, like Gecko) Chrome/88.0.4324.182 Safari/537.36"
80.122.221.194 - - [08/Mar/2021:08:56:16 +0100] "GET /reload?ser=1615190176193 HTTP/1.1" 200 28 "http://renault.activities.at/login?required=true" "Mozilla/5.0 (Windows NT 10.0; Win64; x64) AppleWebKit/537.36 (KHTML, like Gecko) Chrome/88.0.4324.150 Safari/537.36 Edg/88.0.705.63"
80.122.221.194 - - [08/Mar/2021:08:56:17 +0100] "GET /reload?ser=1615190177194 HTTP/1.1" 200 28 "http://renault.activities.at/success" "Mozilla/5.0 (Windows NT 10.0; Win64; x64) AppleWebKit/537.36 (KHTML, like Gecko) Chrome/88.0.4324.150 Safari/537.36 Edg/88.0.705.63"
80.122.221.194 - - [08/Mar/2021:08:56:18 +0100] "GET /reload?ser=1615190178183 HTTP/1.1" 200 28 "http://renault.activities.at/result?searchterm=true&search=NoVA" "Mozilla/5.0 (Windows NT 10.0; Win64; x64) AppleWebKit/537.36 (KHTML, like Gecko) Chrome/88.0.4324.150 Safari/537.36 Edg/88.0.705.63"
138.21.12.24 - - [08/Mar/2021:08:56:18 +0100] "GET /reload?ser=1615190178192 HTTP/1.1" 200 28 "http://renault.2web.at/result?searchterm=true&search=REH5412" "Mozilla/5.0 (Windows NT 10.0; Win64; x64) AppleWebKit/537.36 (KHTML, like Gecko) Chrome/88.0.4324.190 Safari/537.36"
91.113.165.162 - - [08/Mar/2021:08:56:49 +0100] "GET /reload?ser=1615190209664 HTTP/1.1" 200 28 "http://renault.activities.at/result?searchterm=true&search=phev" "Mozilla/5.0 (Windows NT 10.0; Win64; x64) AppleWebKit/537.36 (KHTML, like Gecko) Chrome/88.0.4324.182 Safari/537.36"
80.122.221.194 - - [08/Mar/2021:08:57:17 +0100] "GET /reload?ser=1615190237190 HTTP/1.1" 200 28 "http://renault.activities.at/login?required=true" "Mozilla/5.0 (Windows NT 10.0; Win64; x64) AppleWebKit/537.36 (KHTML, like Gecko) Chrome/88.0.4324.150 Safari/537.36 Edg/88.0.705.63"
80.122.221.194 - - [08/Mar/2021:08:57:18 +0100] "GET /reload?ser=1615190238193 HTTP/1.1" 200 28 "http://renault.activities.at/success" "Mozilla/5.0 (Windows NT 10.0; Win64; x64) AppleWebKit/537.36 (KHTML, like Gecko) Chrome/88.0.4324.150 Safari/537.36 Edg/88.0.705.63"
80.122.221.194 - - [08/Mar/2021:08:57:19 +0100] "GET /reload?ser=1615190239195 HTTP/1.1" 200 28 "http://renault.activities.at/result?searchterm=true&search=NoVA" "Mozilla/5.0 (Windows NT 10.0; Win64; x64) AppleWebKit/537.36 (KHTML, like Gecko) Chrome/88.0.4324.150 Safari/537.36 Edg/88.0.705.63"
138.21.12.24 - - [08/Mar/2021:08:57:20 +0100] "GET /reload?ser=1615190240190 HTTP/1.1" 200 28 "http://renault.2web.at/result?searchterm=true&search=REH5412" "Mozilla/5.0 (Windows NT 10.0; Win64; x64) AppleWebKit/537.36 (KHTML, like Gecko) Chrome/88.0.4324.190 Safari/537.36"
91.113.165.162 - - [08/Mar/2021:08:57:50 +0100] "GET /reload?ser=1615190270672 HTTP/1.1" 200 28 "http://renault.activities.at/result?searchterm=true&search=phev" "Mozilla/5.0 (Windows NT 10.0; Win64; x64) AppleWebKit/537.36 (KHTML, like Gecko) Chrome/88.0.4324.182 Safari/537.36"
80.122.221.194 - - [08/Mar/2021:08:58:18 +0100] "GET /reload?ser=1615190298186 HTTP/1.1" 200 28 "http://renault.activities.at/login?required=true" "Mozilla/5.0 (Windows NT 10.0; Win64; x64) AppleWebKit/537.36 (KHTML, like Gecko) Chrome/88.0.4324.150 Safari/537.36 Edg/88.0.705.63"
80.122.221.194 - - [08/Mar/2021:08:58:19 +0100] "GET /reload?ser=1615190299187 HTTP/1.1" 200 28 "http://renault.activities.at/success" "Mozilla/5.0 (Windows NT 10.0; Win64; x64) AppleWebKit/537.36 (KHTML, like Gecko) Chrome/88.0.4324.150 Safari/537.36 Edg/88.0.705.63"
80.122.221.194 - - [08/Mar/2021:08:58:20 +0100] "GET /reload?ser=1615190300190 HTTP/1.1" 200 28 "http://renault.activities.at/result?searchterm=true&search=NoVA" "Mozilla/5.0 (Windows NT 10.0; Win64; x64) AppleWebKit/537.36 (KHTML, like Gecko) Chrome/88.0.4324.150 Safari/537.36 Edg/88.0.705.63"
138.21.12.24 - - [08/Mar/2021:08:58:22 +0100] "GET /reload?ser=1615190302192 HTTP/1.1" 200 28 "http://renault.2web.at/result?searchterm=true&search=REH5412" "Mozilla/5.0 (Windows NT 10.0; Win64; x64) AppleWebKit/537.36 (KHTML, like Gecko) Chrome/88.0.4324.190 Safari/537.36"
91.113.165.162 - - [08/Mar/2021:08:58:51 +0100] "GET /reload?ser=1615190331668 HTTP/1.1" 200 28 "http://renault.activities.at/result?searchterm=true&search=phev" "Mozilla/5.0 (Windows NT 10.0; Win64; x64) AppleWebKit/537.36 (KHTML, like Gecko) Chrome/88.0.4324.182 Safari/537.36"
80.122.221.194 - - [08/Mar/2021:08:59:19 +0100] "GET /reload?ser=1615190359182 HTTP/1.1" 200 28 "http://renault.activities.at/login?required=true" "Mozilla/5.0 (Windows NT 10.0; Win64; x64) AppleWebKit/537.36 (KHTML, like Gecko) Chrome/88.0.4324.150 Safari/537.36 Edg/88.0.705.63"
80.122.221.194 - - [08/Mar/2021:08:59:20 +0100] "GET /reload?ser=1615190360184 HTTP/1.1" 200 28 "http://renault.activities.at/success" "Mozilla/5.0 (Windows NT 10.0; Win64; x64) AppleWebKit/537.36 (KHTML, like Gecko) Chrome/88.0.4324.150 Safari/537.36 Edg/88.0.705.63"
80.122.221.194 - - [08/Mar/2021:08:59:21 +0100] "GET /reload?ser=1615190361187 HTTP/1.1" 200 28 "http://renault.activities.at/result?searchterm=true&search=NoVA" "Mozilla/5.0 (Windows NT 10.0; Win64; x64) AppleWebKit/537.36 (KHTML, like Gecko) Chrome/88.0.4324.150 Safari/537.36 Edg/88.0.705.63"
138.21.12.24 - - [08/Mar/2021:08:59:24 +0100] "GET /reload?ser=1615190364192 HTTP/1.1" 200 28 "http://renault.2web.at/result?searchterm=true&search=REH5412" "Mozilla/5.0 (Windows NT 10.0; Win64; x64) AppleWebKit/537.36 (KHTML, like Gecko) Chrome/88.0.4324.190 Safari/537.36"
91.113.165.162 - - [08/Mar/2021:08:59:52 +0100] "GET /reload?ser=1615190392666 HTTP/1.1" 200 28 "http://renault.activities.at/result?searchterm=true&search=phev" "Mozilla/5.0 (Windows NT 10.0; Win64; x64) AppleWebKit/537.36 (KHTML, like Gecko) Chrome/88.0.4324.182 Safari/537.36"
80.122.221.194 - - [08/Mar/2021:09:00:20 +0100] "GET /reload?ser=1615190420181 HTTP/1.1" 200 28 "http://renault.activities.at/login?required=true" "Mozilla/5.0 (Windows NT 10.0; Win64; x64) AppleWebKit/537.36 (KHTML, like Gecko) Chrome/88.0.4324.150 Safari/537.36 Edg/88.0.705.63"
80.122.221.194 - - [08/Mar/2021:09:00:21 +0100] "GET /reload?ser=1615190421183 HTTP/1.1" 200 28 "http://renault.activities.at/success" "Mozilla/5.0 (Windows NT 10.0; Win64; x64) AppleWebKit/537.36 (KHTML, like Gecko) Chrome/88.0.4324.150 Safari/537.36 Edg/88.0.705.63"
80.122.221.194 - - [08/Mar/2021:09:00:22 +0100] "GET /reload?ser=1615190422185 HTTP/1.1" 200 28 "http://renault.activities.at/result?searchterm=true&search=NoVA" "Mozilla/5.0 (Windows NT 10.0; Win64; x64) AppleWebKit/537.36 (KHTML, like Gecko) Chrome/88.0.4324.150 Safari/537.36 Edg/88.0.705.63"
138.21.12.24 - - [08/Mar/2021:09:00:26 +0100] "GET /reload?ser=1615190426192 HTTP/1.1" 200 28 "http://renault.2web.at/result?searchterm=true&search=REH5412" "Mozilla/5.0 (Windows NT 10.0; Win64; x64) AppleWebKit/537.36 (KHTML, like Gecko) Chrome/88.0.4324.190 Safari/537.36"
91.113.165.162 - - [08/Mar/2021:09:00:53 +0100] "GET /reload?ser=1615190453675 HTTP/1.1" 200 28 "http://renault.activities.at/result?searchterm=true&search=phev" "Mozilla/5.0 (Windows NT 10.0; Win64; x64) AppleWebKit/537.36 (KHTML, like Gecko) Chrome/88.0.4324.182 Safari/537.36"
80.122.221.194 - - [08/Mar/2021:09:01:21 +0100] "GET /reload?ser=1615190481195 HTTP/1.1" 200 28 "http://renault.activities.at/login?required=true" "Mozilla/5.0 (Windows NT 10.0; Win64; x64) AppleWebKit/537.36 (KHTML, like Gecko) Chrome/88.0.4324.150 Safari/537.36 Edg/88.0.705.63"
80.122.221.194 - - [08/Mar/2021:09:01:22 +0100] "GET /reload?ser=1615190482197 HTTP/1.1" 200 28 "http://renault.activities.at/success" "Mozilla/5.0 (Windows NT 10.0; Win64; x64) AppleWebKit/537.36 (KHTML, like Gecko) Chrome/88.0.4324.150 Safari/537.36 Edg/88.0.705.63"
80.122.221.194 - - [08/Mar/2021:09:01:23 +0100] "GET /reload?ser=1615190483199 HTTP/1.1" 200 28 "http://renault.activities.at/result?searchterm=true&search=NoVA" "Mozilla/5.0 (Windows NT 10.0; Win64; x64) AppleWebKit/537.36 (KHTML, like Gecko) Chrome/88.0.4324.150 Safari/537.36 Edg/88.0.705.63"
138.21.12.24 - - [08/Mar/2021:09:01:28 +0100] "GET /reload?ser=1615190488192 HTTP/1.1" 200 28 "http://renault.2web.at/result?searchterm=true&search=REH5412" "Mozilla/5.0 (Windows NT 10.0; Win64; x64) AppleWebKit/537.36 (KHTML, like Gecko) Chrome/88.0.4324.190 Safari/537.36"
91.113.165.162 - - [08/Mar/2021:09:01:54 +0100] "GET /reload?ser=1615190514669 HTTP/1.1" 200 28 "http://renault.activities.at/result?searchterm=true&search=phev" "Mozilla/5.0 (Windows NT 10.0; Win64; x64) AppleWebKit/537.36 (KHTML, like Gecko) Chrome/88.0.4324.182 Safari/537.36"
80.122.221.194 - - [08/Mar/2021:09:02:22 +0100] "GET /reload?ser=1615190542185 HTTP/1.1" 200 28 "http://renault.activities.at/login?required=true" "Mozilla/5.0 (Windows NT 10.0; Win64; x64) AppleWebKit/537.36 (KHTML, like Gecko) Chrome/88.0.4324.150 Safari/537.36 Edg/88.0.705.63"
80.122.221.194 - - [08/Mar/2021:09:02:23 +0100] "GET /reload?ser=1615190543187 HTTP/1.1" 200 28 "http://renault.activities.at/success" "Mozilla/5.0 (Windows NT 10.0; Win64; x64) AppleWebKit/537.36 (KHTML, like Gecko) Chrome/88.0.4324.150 Safari/537.36 Edg/88.0.705.63"
80.122.221.194 - - [08/Mar/2021:09:02:24 +0100] "GET /reload?ser=1615190544189 HTTP/1.1" 200 28 "http://renault.activities.at/result?searchterm=true&search=NoVA" "Mozilla/5.0 (Windows NT 10.0; Win64; x64) AppleWebKit/537.36 (KHTML, like Gecko) Chrome/88.0.4324.150 Safari/537.36 Edg/88.0.705.63"
138.21.12.24 - - [08/Mar/2021:09:02:30 +0100] "GET /reload?ser=1615190550193 HTTP/1.1" 200 28 "http://renault.2web.at/result?searchterm=true&search=REH5412" "Mozilla/5.0 (Windows NT 10.0; Win64; x64) AppleWebKit/537.36 (KHTML, like Gecko) Chrome/88.0.4324.190 Safari/537.36"
91.113.165.162 - - [08/Mar/2021:09:02:55 +0100] "GET /reload?ser=1615190575672 HTTP/1.1" 200 28 "http://renault.activities.at/result?searchterm=true&search=phev" "Mozilla/5.0 (Windows NT 10.0; Win64; x64) AppleWebKit/537.36 (KHTML, like Gecko) Chrome/88.0.4324.182 Safari/537.36"
80.122.221.194 - - [08/Mar/2021:09:03:23 +0100] "GET /reload?ser=1615190603183 HTTP/1.1" 200 28 "http://renault.activities.at/login?required=true" "Mozilla/5.0 (Windows NT 10.0; Win64; x64) AppleWebKit/537.36 (KHTML, like Gecko) Chrome/88.0.4324.150 Safari/537.36 Edg/88.0.705.63"
80.122.221.194 - - [08/Mar/2021:09:03:24 +0100] "GET /reload?ser=1615190604186 HTTP/1.1" 200 28 "http://renault.activities.at/success" "Mozilla/5.0 (Windows NT 10.0; Win64; x64) AppleWebKit/537.36 (KHTML, like Gecko) Chrome/88.0.4324.150 Safari/537.36 Edg/88.0.705.63"
80.122.221.194 - - [08/Mar/2021:09:03:25 +0100] "GET /reload?ser=1615190605188 HTTP/1.1" 200 28 "http://renault.activities.at/result?searchterm=true&search=NoVA" "Mozilla/5.0 (Windows NT 10.0; Win64; x64) AppleWebKit/537.36 (KHTML, like Gecko) Chrome/88.0.4324.150 Safari/537.36 Edg/88.0.705.63"
138.21.12.24 - - [08/Mar/2021:09:03:32 +0100] "GET /reload?ser=1615190612192 HTTP/1.1" 200 28 "http://renault.2web.at/result?searchterm=true&search=REH5412" "Mozilla/5.0 (Windows NT 10.0; Win64; x64) AppleWebKit/537.36 (KHTML, like Gecko) Chrome/88.0.4324.190 Safari/537.36"
91.113.165.162 - - [08/Mar/2021:09:03:56 +0100] "GET /reload?ser=1615190636675 HTTP/1.1" 200 28 "http://renault.activities.at/result?searchterm=true&search=phev" "Mozilla/5.0 (Windows NT 10.0; Win64; x64) AppleWebKit/537.36 (KHTML, like Gecko) Chrome/88.0.4324.182 Safari/537.36"
80.122.221.194 - - [08/Mar/2021:09:04:24 +0100] "GET /reload?ser=1615190664197 HTTP/1.1" 200 28 "http://renault.activities.at/login?required=true" "Mozilla/5.0 (Windows NT 10.0; Win64; x64) AppleWebKit/537.36 (KHTML, like Gecko) Chrome/88.0.4324.150 Safari/537.36 Edg/88.0.705.63"
80.122.221.194 - - [08/Mar/2021:09:04:25 +0100] "GET /reload?ser=1615190665182 HTTP/1.1" 200 28 "http://renault.activities.at/success" "Mozilla/5.0 (Windows NT 10.0; Win64; x64) AppleWebKit/537.36 (KHTML, like Gecko) Chrome/88.0.4324.150 Safari/537.36 Edg/88.0.705.63"
80.122.221.194 - - [08/Mar/2021:09:04:26 +0100] "GET /reload?ser=1615190666184 HTTP/1.1" 200 28 "http://renault.activities.at/result?searchterm=true&search=NoVA" "Mozilla/5.0 (Windows NT 10.0; Win64; x64) AppleWebKit/537.36 (KHTML, like Gecko) Chrome/88.0.4324.150 Safari/537.36 Edg/88.0.705.63"
138.21.12.24 - - [08/Mar/2021:09:04:34 +0100] "GET /reload?ser=1615190674193 HTTP/1.1" 200 28 "http://renault.2web.at/result?searchterm=true&search=REH5412" "Mozilla/5.0 (Windows NT 10.0; Win64; x64) AppleWebKit/537.36 (KHTML, like Gecko) Chrome/88.0.4324.190 Safari/537.36"
91.113.165.162 - - [08/Mar/2021:09:04:57 +0100] "GET /reload?ser=1615190697686 HTTP/1.1" 200 28 "http://renault.activities.at/result?searchterm=true&search=phev" "Mozilla/5.0 (Windows NT 10.0; Win64; x64) AppleWebKit/537.36 (KHTML, like Gecko) Chrome/88.0.4324.182 Safari/537.36"
80.122.221.194 - - [08/Mar/2021:09:05:25 +0100] "GET /reload?ser=1615190725182 HTTP/1.1" 200 28 "http://renault.activities.at/login?required=true" "Mozilla/5.0 (Windows NT 10.0; Win64; x64) AppleWebKit/537.36 (KHTML, like Gecko) Chrome/88.0.4324.150 Safari/537.36 Edg/88.0.705.63"
80.122.221.194 - - [08/Mar/2021:09:05:26 +0100] "GET /reload?ser=1615190726185 HTTP/1.1" 200 28 "http://renault.activities.at/success" "Mozilla/5.0 (Windows NT 10.0; Win64; x64) AppleWebKit/537.36 (KHTML, like Gecko) Chrome/88.0.4324.150 Safari/537.36 Edg/88.0.705.63"
80.122.221.194 - - [08/Mar/2021:09:05:27 +0100] "GET /reload?ser=1615190727202 HTTP/1.1" 200 28 "http://renault.activities.at/result?searchterm=true&search=NoVA" "Mozilla/5.0 (Windows NT 10.0; Win64; x64) AppleWebKit/537.36 (KHTML, like Gecko) Chrome/88.0.4324.150 Safari/537.36 Edg/88.0.705.63"
138.21.12.24 - - [08/Mar/2021:09:05:36 +0100] "GET /reload?ser=1615190736193 HTTP/1.1" 200 28 "http://renault.2web.at/result?searchterm=true&search=REH5412" "Mozilla/5.0 (Windows NT 10.0; Win64; x64) AppleWebKit/537.36 (KHTML, like Gecko) Chrome/88.0.4324.190 Safari/537.36"
91.113.165.162 - - [08/Mar/2021:09:05:58 +0100] "GET /reload?ser=1615190758681 HTTP/1.1" 200 28 "http://renault.activities.at/result?searchterm=true&search=phev" "Mozilla/5.0 (Windows NT 10.0; Win64; x64) AppleWebKit/537.36 (KHTML, like Gecko) Chrome/88.0.4324.182 Safari/537.36"
80.122.221.194 - - [08/Mar/2021:09:06:26 +0100] "GET /reload?ser=1615190786181 HTTP/1.1" 200 28 "http://renault.activities.at/login?required=true" "Mozilla/5.0 (Windows NT 10.0; Win64; x64) AppleWebKit/537.36 (KHTML, like Gecko) Chrome/88.0.4324.150 Safari/537.36 Edg/88.0.705.63"
80.122.221.194 - - [08/Mar/2021:09:06:27 +0100] "GET /reload?ser=1615190787186 HTTP/1.1" 200 28 "http://renault.activities.at/success" "Mozilla/5.0 (Windows NT 10.0; Win64; x64) AppleWebKit/537.36 (KHTML, like Gecko) Chrome/88.0.4324.150 Safari/537.36 Edg/88.0.705.63"
