80.122.221.194 - - [09/Mar/2021:22:31:38 +0100] "GET /reload?ser=1615325498178 HTTP/1.1" 200 28 "http://renault.activities.at/result?mode=list&search=NoVA" "Mozilla/5.0 (Windows NT 10.0; Win64; x64) AppleWebKit/537.36 (KHTML, like Gecko) Chrome/88.0.4324.150 Safari/537.36 Edg/88.0.705.63"
80.122.221.194 - - [09/Mar/2021:22:31:40 +0100] "GET /reload?ser=1615325500176 HTTP/1.1" 200 28 "http://renault.activities.at/success" "Mozilla/5.0 (Windows NT 10.0; Win64; x64) AppleWebKit/537.36 (KHTML, like Gecko) Chrome/88.0.4324.150 Safari/537.36 Edg/88.0.705.63"
82.135.5.126 - - [09/Mar/2021:22:32:33 +0100] "GET /reload?ser=1615325553271 HTTP/1.1" 200 28 "http://renault.activities.at/result?searchterm=true&search=REH163" "Mozilla/5.0 (Windows NT 10.0; WOW64; Trident/7.0; rv:11.0) like Gecko"
80.122.221.194 - - [09/Mar/2021:22:32:39 +0100] "GET /reload?ser=1615325559172 HTTP/1.1" 200 28 "http://renault.activities.at/result?mode=list&search=NoVA" "Mozilla/5.0 (Windows NT 10.0; Win64; x64) AppleWebKit/537.36 (KHTML, like Gecko) Chrome/88.0.4324.150 Safari/537.36 Edg/88.0.705.63"
80.122.221.194 - - [09/Mar/2021:22:32:41 +0100] "GET /reload?ser=1615325561176 HTTP/1.1" 200 28 "http://renault.activities.at/success" "Mozilla/5.0 (Windows NT 10.0; Win64; x64) AppleWebKit/537.36 (KHTML, like Gecko) Chrome/88.0.4324.150 Safari/537.36 Edg/88.0.705.63"
82.135.5.126 - - [09/Mar/2021:22:33:34 +0100] "GET /reload?ser=1615325614259 HTTP/1.1" 200 28 "http://renault.activities.at/result?searchterm=true&search=REH163" "Mozilla/5.0 (Windows NT 10.0; WOW64; Trident/7.0; rv:11.0) like Gecko"
80.122.221.194 - - [09/Mar/2021:22:33:40 +0100] "GET /reload?ser=1615325620173 HTTP/1.1" 200 28 "http://renault.activities.at/result?mode=list&search=NoVA" "Mozilla/5.0 (Windows NT 10.0; Win64; x64) AppleWebKit/537.36 (KHTML, like Gecko) Chrome/88.0.4324.150 Safari/537.36 Edg/88.0.705.63"
80.122.221.194 - - [09/Mar/2021:22:33:42 +0100] "GET /reload?ser=1615325622177 HTTP/1.1" 200 28 "http://renault.activities.at/success" "Mozilla/5.0 (Windows NT 10.0; Win64; x64) AppleWebKit/537.36 (KHTML, like Gecko) Chrome/88.0.4324.150 Safari/537.36 Edg/88.0.705.63"
82.135.5.126 - - [09/Mar/2021:22:34:35 +0100] "GET /reload?ser=1615325675244 HTTP/1.1" 200 28 "http://renault.activities.at/result?searchterm=true&search=REH163" "Mozilla/5.0 (Windows NT 10.0; WOW64; Trident/7.0; rv:11.0) like Gecko"
80.122.221.194 - - [09/Mar/2021:22:34:41 +0100] "GET /reload?ser=1615325681181 HTTP/1.1" 200 28 "http://renault.activities.at/result?mode=list&search=NoVA" "Mozilla/5.0 (Windows NT 10.0; Win64; x64) AppleWebKit/537.36 (KHTML, like Gecko) Chrome/88.0.4324.150 Safari/537.36 Edg/88.0.705.63"
80.122.221.194 - - [09/Mar/2021:22:34:43 +0100] "GET /reload?ser=1615325683176 HTTP/1.1" 200 28 "http://renault.activities.at/success" "Mozilla/5.0 (Windows NT 10.0; Win64; x64) AppleWebKit/537.36 (KHTML, like Gecko) Chrome/88.0.4324.150 Safari/537.36 Edg/88.0.705.63"
82.135.5.126 - - [09/Mar/2021:22:35:36 +0100] "GET /reload?ser=1615325736246 HTTP/1.1" 200 28 "http://renault.activities.at/result?searchterm=true&search=REH163" "Mozilla/5.0 (Windows NT 10.0; WOW64; Trident/7.0; rv:11.0) like Gecko"
80.122.221.194 - - [09/Mar/2021:22:35:42 +0100] "GET /reload?ser=1615325742168 HTTP/1.1" 200 28 "http://renault.activities.at/result?mode=list&search=NoVA" "Mozilla/5.0 (Windows NT 10.0; Win64; x64) AppleWebKit/537.36 (KHTML, like Gecko) Chrome/88.0.4324.150 Safari/537.36 Edg/88.0.705.63"
80.122.221.194 - - [09/Mar/2021:22:35:44 +0100] "GET /reload?ser=1615325744171 HTTP/1.1" 200 28 "http://renault.activities.at/success" "Mozilla/5.0 (Windows NT 10.0; Win64; x64) AppleWebKit/537.36 (KHTML, like Gecko) Chrome/88.0.4324.150 Safari/537.36 Edg/88.0.705.63"
82.135.5.126 - - [09/Mar/2021:22:36:37 +0100] "GET /reload?ser=1615325797233 HTTP/1.1" 200 28 "http://renault.activities.at/result?searchterm=true&search=REH163" "Mozilla/5.0 (Windows NT 10.0; WOW64; Trident/7.0; rv:11.0) like Gecko"
80.122.221.194 - - [09/Mar/2021:22:36:43 +0100] "GET /reload?ser=1615325803168 HTTP/1.1" 200 28 "http://renault.activities.at/result?mode=list&search=NoVA" "Mozilla/5.0 (Windows NT 10.0; Win64; x64) AppleWebKit/537.36 (KHTML, like Gecko) Chrome/88.0.4324.150 Safari/537.36 Edg/88.0.705.63"
80.122.221.194 - - [09/Mar/2021:22:36:45 +0100] "GET /reload?ser=1615325805172 HTTP/1.1" 200 28 "http://renault.activities.at/success" "Mozilla/5.0 (Windows NT 10.0; Win64; x64) AppleWebKit/537.36 (KHTML, like Gecko) Chrome/88.0.4324.150 Safari/537.36 Edg/88.0.705.63"
82.135.5.126 - - [09/Mar/2021:22:37:38 +0100] "GET /reload?ser=1615325858219 HTTP/1.1" 200 28 "http://renault.activities.at/result?searchterm=true&search=REH163" "Mozilla/5.0 (Windows NT 10.0; WOW64; Trident/7.0; rv:11.0) like Gecko"
80.122.221.194 - - [09/Mar/2021:22:37:44 +0100] "GET /reload?ser=1615325864177 HTTP/1.1" 200 28 "http://renault.activities.at/result?mode=list&search=NoVA" "Mozilla/5.0 (Windows NT 10.0; Win64; x64) AppleWebKit/537.36 (KHTML, like Gecko) Chrome/88.0.4324.150 Safari/537.36 Edg/88.0.705.63"
80.122.221.194 - - [09/Mar/2021:22:37:46 +0100] "GET /reload?ser=1615325866181 HTTP/1.1" 200 28 "http://renault.activities.at/success" "Mozilla/5.0 (Windows NT 10.0; Win64; x64) AppleWebKit/537.36 (KHTML, like Gecko) Chrome/88.0.4324.150 Safari/537.36 Edg/88.0.705.63"
82.135.5.126 - - [09/Mar/2021:22:38:39 +0100] "GET /reload?ser=1615325919223 HTTP/1.1" 200 28 "http://renault.activities.at/result?searchterm=true&search=REH163" "Mozilla/5.0 (Windows NT 10.0; WOW64; Trident/7.0; rv:11.0) like Gecko"
80.122.221.194 - - [09/Mar/2021:22:38:45 +0100] "GET /reload?ser=1615325925173 HTTP/1.1" 200 28 "http://renault.activities.at/result?mode=list&search=NoVA" "Mozilla/5.0 (Windows NT 10.0; Win64; x64) AppleWebKit/537.36 (KHTML, like Gecko) Chrome/88.0.4324.150 Safari/537.36 Edg/88.0.705.63"
80.122.221.194 - - [09/Mar/2021:22:38:47 +0100] "GET /reload?ser=1615325927177 HTTP/1.1" 200 28 "http://renault.activities.at/success" "Mozilla/5.0 (Windows NT 10.0; Win64; x64) AppleWebKit/537.36 (KHTML, like Gecko) Chrome/88.0.4324.150 Safari/537.36 Edg/88.0.705.63"
82.135.5.126 - - [09/Mar/2021:22:39:40 +0100] "GET /reload?ser=1615325980194 HTTP/1.1" 200 28 "http://renault.activities.at/result?searchterm=true&search=REH163" "Mozilla/5.0 (Windows NT 10.0; WOW64; Trident/7.0; rv:11.0) like Gecko"
80.122.221.194 - - [09/Mar/2021:22:39:46 +0100] "GET /reload?ser=1615325986176 HTTP/1.1" 200 28 "http://renault.activities.at/result?mode=list&search=NoVA" "Mozilla/5.0 (Windows NT 10.0; Win64; x64) AppleWebKit/537.36 (KHTML, like Gecko) Chrome/88.0.4324.150 Safari/537.36 Edg/88.0.705.63"
80.122.221.194 - - [09/Mar/2021:22:39:48 +0100] "GET /reload?ser=1615325988180 HTTP/1.1" 200 28 "http://renault.activities.at/success" "Mozilla/5.0 (Windows NT 10.0; Win64; x64) AppleWebKit/537.36 (KHTML, like Gecko) Chrome/88.0.4324.150 Safari/537.36 Edg/88.0.705.63"
82.135.5.126 - - [09/Mar/2021:22:40:41 +0100] "GET /reload?ser=1615326041180 HTTP/1.1" 200 28 "http://renault.activities.at/result?searchterm=true&search=REH163" "Mozilla/5.0 (Windows NT 10.0; WOW64; Trident/7.0; rv:11.0) like Gecko"
80.122.221.194 - - [09/Mar/2021:22:40:47 +0100] "GET /reload?ser=1615326047178 HTTP/1.1" 200 28 "http://renault.activities.at/result?mode=list&search=NoVA" "Mozilla/5.0 (Windows NT 10.0; Win64; x64) AppleWebKit/537.36 (KHTML, like Gecko) Chrome/88.0.4324.150 Safari/537.36 Edg/88.0.705.63"
80.122.221.194 - - [09/Mar/2021:22:40:49 +0100] "GET /reload?ser=1615326049173 HTTP/1.1" 200 28 "http://renault.activities.at/success" "Mozilla/5.0 (Windows NT 10.0; Win64; x64) AppleWebKit/537.36 (KHTML, like Gecko) Chrome/88.0.4324.150 Safari/537.36 Edg/88.0.705.63"
82.135.5.126 - - [09/Mar/2021:22:41:42 +0100] "GET /reload?ser=1615326102152 HTTP/1.1" 200 28 "http://renault.activities.at/result?searchterm=true&search=REH163" "Mozilla/5.0 (Windows NT 10.0; WOW64; Trident/7.0; rv:11.0) like Gecko"
80.122.221.194 - - [09/Mar/2021:22:41:48 +0100] "GET /reload?ser=1615326108169 HTTP/1.1" 200 28 "http://renault.activities.at/result?mode=list&search=NoVA" "Mozilla/5.0 (Windows NT 10.0; Win64; x64) AppleWebKit/537.36 (KHTML, like Gecko) Chrome/88.0.4324.150 Safari/537.36 Edg/88.0.705.63"
80.122.221.194 - - [09/Mar/2021:22:41:50 +0100] "GET /reload?ser=1615326110173 HTTP/1.1" 200 28 "http://renault.activities.at/success" "Mozilla/5.0 (Windows NT 10.0; Win64; x64) AppleWebKit/537.36 (KHTML, like Gecko) Chrome/88.0.4324.150 Safari/537.36 Edg/88.0.705.63"
82.135.5.126 - - [09/Mar/2021:22:42:43 +0100] "GET /reload?ser=1615326163138 HTTP/1.1" 200 28 "http://renault.activities.at/result?searchterm=true&search=REH163" "Mozilla/5.0 (Windows NT 10.0; WOW64; Trident/7.0; rv:11.0) like Gecko"
80.122.221.194 - - [09/Mar/2021:22:42:49 +0100] "GET /reload?ser=1615326169182 HTTP/1.1" 200 28 "http://renault.activities.at/result?mode=list&search=NoVA" "Mozilla/5.0 (Windows NT 10.0; Win64; x64) AppleWebKit/537.36 (KHTML, like Gecko) Chrome/88.0.4324.150 Safari/537.36 Edg/88.0.705.63"
80.122.221.194 - - [09/Mar/2021:22:42:51 +0100] "GET /reload?ser=1615326171171 HTTP/1.1" 200 28 "http://renault.activities.at/success" "Mozilla/5.0 (Windows NT 10.0; Win64; x64) AppleWebKit/537.36 (KHTML, like Gecko) Chrome/88.0.4324.150 Safari/537.36 Edg/88.0.705.63"
82.135.5.126 - - [09/Mar/2021:22:43:44 +0100] "GET /reload?ser=1615326224141 HTTP/1.1" 200 28 "http://renault.activities.at/result?searchterm=true&search=REH163" "Mozilla/5.0 (Windows NT 10.0; WOW64; Trident/7.0; rv:11.0) like Gecko"
80.122.221.194 - - [09/Mar/2021:22:43:50 +0100] "GET /reload?ser=1615326230174 HTTP/1.1" 200 28 "http://renault.activities.at/result?mode=list&search=NoVA" "Mozilla/5.0 (Windows NT 10.0; Win64; x64) AppleWebKit/537.36 (KHTML, like Gecko) Chrome/88.0.4324.150 Safari/537.36 Edg/88.0.705.63"
80.122.221.194 - - [09/Mar/2021:22:43:52 +0100] "GET /reload?ser=1615326232182 HTTP/1.1" 200 28 "http://renault.activities.at/success" "Mozilla/5.0 (Windows NT 10.0; Win64; x64) AppleWebKit/537.36 (KHTML, like Gecko) Chrome/88.0.4324.150 Safari/537.36 Edg/88.0.705.63"
82.135.5.126 - - [09/Mar/2021:22:44:45 +0100] "GET /reload?ser=1615326285112 HTTP/1.1" 200 28 "http://renault.activities.at/result?searchterm=true&search=REH163" "Mozilla/5.0 (Windows NT 10.0; WOW64; Trident/7.0; rv:11.0) like Gecko"
80.122.221.194 - - [09/Mar/2021:22:44:51 +0100] "GET /reload?ser=1615326291179 HTTP/1.1" 200 28 "http://renault.activities.at/result?mode=list&search=NoVA" "Mozilla/5.0 (Windows NT 10.0; Win64; x64) AppleWebKit/537.36 (KHTML, like Gecko) Chrome/88.0.4324.150 Safari/537.36 Edg/88.0.705.63"
80.122.221.194 - - [09/Mar/2021:22:44:53 +0100] "GET /reload?ser=1615326293182 HTTP/1.1" 200 28 "http://renault.activities.at/success" "Mozilla/5.0 (Windows NT 10.0; Win64; x64) AppleWebKit/537.36 (KHTML, like Gecko) Chrome/88.0.4324.150 Safari/537.36 Edg/88.0.705.63"
82.135.5.126 - - [09/Mar/2021:22:45:46 +0100] "GET /reload?ser=1615326346083 HTTP/1.1" 200 28 "http://renault.activities.at/result?searchterm=true&search=REH163" "Mozilla/5.0 (Windows NT 10.0; WOW64; Trident/7.0; rv:11.0) like Gecko"
80.122.221.194 - - [09/Mar/2021:22:45:52 +0100] "GET /reload?ser=1615326352179 HTTP/1.1" 200 28 "http://renault.activities.at/result?mode=list&search=NoVA" "Mozilla/5.0 (Windows NT 10.0; Win64; x64) AppleWebKit/537.36 (KHTML, like Gecko) Chrome/88.0.4324.150 Safari/537.36 Edg/88.0.705.63"
80.122.221.194 - - [09/Mar/2021:22:45:54 +0100] "GET /reload?ser=1615326354173 HTTP/1.1" 200 28 "http://renault.activities.at/success" "Mozilla/5.0 (Windows NT 10.0; Win64; x64) AppleWebKit/537.36 (KHTML, like Gecko) Chrome/88.0.4324.150 Safari/537.36 Edg/88.0.705.63"
82.135.5.126 - - [09/Mar/2021:22:46:47 +0100] "GET /reload?ser=1615326407070 HTTP/1.1" 200 28 "http://renault.activities.at/result?searchterm=true&search=REH163" "Mozilla/5.0 (Windows NT 10.0; WOW64; Trident/7.0; rv:11.0) like Gecko"
80.122.221.194 - - [09/Mar/2021:22:46:53 +0100] "GET /reload?ser=1615326413172 HTTP/1.1" 200 28 "http://renault.activities.at/result?mode=list&search=NoVA" "Mozilla/5.0 (Windows NT 10.0; Win64; x64) AppleWebKit/537.36 (KHTML, like Gecko) Chrome/88.0.4324.150 Safari/537.36 Edg/88.0.705.63"
80.122.221.194 - - [09/Mar/2021:22:46:55 +0100] "GET /reload?ser=1615326415171 HTTP/1.1" 200 28 "http://renault.activities.at/success" "Mozilla/5.0 (Windows NT 10.0; Win64; x64) AppleWebKit/537.36 (KHTML, like Gecko) Chrome/88.0.4324.150 Safari/537.36 Edg/88.0.705.63"
82.135.5.126 - - [09/Mar/2021:22:47:48 +0100] "GET /reload?ser=1615326468057 HTTP/1.1" 200 28 "http://renault.activities.at/result?searchterm=true&search=REH163" "Mozilla/5.0 (Windows NT 10.0; WOW64; Trident/7.0; rv:11.0) like Gecko"
80.122.221.194 - - [09/Mar/2021:22:47:54 +0100] "GET /reload?ser=1615326474180 HTTP/1.1" 200 28 "http://renault.activities.at/result?mode=list&search=NoVA" "Mozilla/5.0 (Windows NT 10.0; Win64; x64) AppleWebKit/537.36 (KHTML, like Gecko) Chrome/88.0.4324.150 Safari/537.36 Edg/88.0.705.63"
80.122.221.194 - - [09/Mar/2021:22:47:56 +0100] "GET /reload?ser=1615326476183 HTTP/1.1" 200 28 "http://renault.activities.at/success" "Mozilla/5.0 (Windows NT 10.0; Win64; x64) AppleWebKit/537.36 (KHTML, like Gecko) Chrome/88.0.4324.150 Safari/537.36 Edg/88.0.705.63"
82.135.5.126 - - [09/Mar/2021:22:48:49 +0100] "GET /reload?ser=1615326529059 HTTP/1.1" 200 28 "http://renault.activities.at/result?searchterm=true&search=REH163" "Mozilla/5.0 (Windows NT 10.0; WOW64; Trident/7.0; rv:11.0) like Gecko"
80.122.221.194 - - [09/Mar/2021:22:48:55 +0100] "GET /reload?ser=1615326535176 HTTP/1.1" 200 28 "http://renault.activities.at/result?mode=list&search=NoVA" "Mozilla/5.0 (Windows NT 10.0; Win64; x64) AppleWebKit/537.36 (KHTML, like Gecko) Chrome/88.0.4324.150 Safari/537.36 Edg/88.0.705.63"
80.122.221.194 - - [09/Mar/2021:22:48:57 +0100] "GET /reload?ser=1615326537172 HTTP/1.1" 200 28 "http://renault.activities.at/success" "Mozilla/5.0 (Windows NT 10.0; Win64; x64) AppleWebKit/537.36 (KHTML, like Gecko) Chrome/88.0.4324.150 Safari/537.36 Edg/88.0.705.63"
82.135.5.126 - - [09/Mar/2021:22:49:50 +0100] "GET /reload?ser=1615326590047 HTTP/1.1" 200 28 "http://renault.activities.at/result?searchterm=true&search=REH163" "Mozilla/5.0 (Windows NT 10.0; WOW64; Trident/7.0; rv:11.0) like Gecko"
80.122.221.194 - - [09/Mar/2021:22:49:56 +0100] "GET /reload?ser=1615326596179 HTTP/1.1" 200 28 "http://renault.activities.at/result?mode=list&search=NoVA" "Mozilla/5.0 (Windows NT 10.0; Win64; x64) AppleWebKit/537.36 (KHTML, like Gecko) Chrome/88.0.4324.150 Safari/537.36 Edg/88.0.705.63"
80.122.221.194 - - [09/Mar/2021:22:49:58 +0100] "GET /reload?ser=1615326598182 HTTP/1.1" 200 28 "http://renault.activities.at/success" "Mozilla/5.0 (Windows NT 10.0; Win64; x64) AppleWebKit/537.36 (KHTML, like Gecko) Chrome/88.0.4324.150 Safari/537.36 Edg/88.0.705.63"
82.135.5.126 - - [09/Mar/2021:22:50:51 +0100] "GET /reload?ser=1615326651081 HTTP/1.1" 200 28 "http://renault.activities.at/result?searchterm=true&search=REH163" "Mozilla/5.0 (Windows NT 10.0; WOW64; Trident/7.0; rv:11.0) like Gecko"
80.122.221.194 - - [09/Mar/2021:22:50:57 +0100] "GET /reload?ser=1615326657184 HTTP/1.1" 200 28 "http://renault.activities.at/result?mode=list&search=NoVA" "Mozilla/5.0 (Windows NT 10.0; Win64; x64) AppleWebKit/537.36 (KHTML, like Gecko) Chrome/88.0.4324.150 Safari/537.36 Edg/88.0.705.63"
80.122.221.194 - - [09/Mar/2021:22:50:59 +0100] "GET /reload?ser=1615326659180 HTTP/1.1" 200 28 "http://renault.activities.at/success" "Mozilla/5.0 (Windows NT 10.0; Win64; x64) AppleWebKit/537.36 (KHTML, like Gecko) Chrome/88.0.4324.150 Safari/537.36 Edg/88.0.705.63"
82.135.5.126 - - [09/Mar/2021:22:51:52 +0100] "GET /reload?ser=1615326712131 HTTP/1.1" 200 28 "http://renault.activities.at/result?searchterm=true&search=REH163" "Mozilla/5.0 (Windows NT 10.0; WOW64; Trident/7.0; rv:11.0) like Gecko"
80.122.221.194 - - [09/Mar/2021:22:51:59 +0100] "GET /reload?ser=1615326719182 HTTP/1.1" 200 28 "http://renault.activities.at/result?mode=list&search=NoVA" "Mozilla/5.0 (Windows NT 10.0; Win64; x64) AppleWebKit/537.36 (KHTML, like Gecko) Chrome/88.0.4324.150 Safari/537.36 Edg/88.0.705.63"
80.122.221.194 - - [09/Mar/2021:22:52:00 +0100] "GET /reload?ser=1615326720177 HTTP/1.1" 200 28 "http://renault.activities.at/success" "Mozilla/5.0 (Windows NT 10.0; Win64; x64) AppleWebKit/537.36 (KHTML, like Gecko) Chrome/88.0.4324.150 Safari/537.36 Edg/88.0.705.63"
82.135.5.126 - - [09/Mar/2021:22:52:53 +0100] "GET /reload?ser=1615326773117 HTTP/1.1" 200 28 "http://renault.activities.at/result?searchterm=true&search=REH163" "Mozilla/5.0 (Windows NT 10.0; WOW64; Trident/7.0; rv:11.0) like Gecko"
80.122.221.194 - - [09/Mar/2021:22:53:00 +0100] "GET /reload?ser=1615326780179 HTTP/1.1" 200 28 "http://renault.activities.at/result?mode=list&search=NoVA" "Mozilla/5.0 (Windows NT 10.0; Win64; x64) AppleWebKit/537.36 (KHTML, like Gecko) Chrome/88.0.4324.150 Safari/537.36 Edg/88.0.705.63"
80.122.221.194 - - [09/Mar/2021:22:53:01 +0100] "GET /reload?ser=1615326781170 HTTP/1.1" 200 28 "http://renault.activities.at/success" "Mozilla/5.0 (Windows NT 10.0; Win64; x64) AppleWebKit/537.36 (KHTML, like Gecko) Chrome/88.0.4324.150 Safari/537.36 Edg/88.0.705.63"
82.135.5.126 - - [09/Mar/2021:22:53:54 +0100] "GET /reload?ser=1615326834089 HTTP/1.1" 200 28 "http://renault.activities.at/result?searchterm=true&search=REH163" "Mozilla/5.0 (Windows NT 10.0; WOW64; Trident/7.0; rv:11.0) like Gecko"
80.122.221.194 - - [09/Mar/2021:22:54:01 +0100] "GET /reload?ser=1615326841178 HTTP/1.1" 200 28 "http://renault.activities.at/result?mode=list&search=NoVA" "Mozilla/5.0 (Windows NT 10.0; Win64; x64) AppleWebKit/537.36 (KHTML, like Gecko) Chrome/88.0.4324.150 Safari/537.36 Edg/88.0.705.63"
80.122.221.194 - - [09/Mar/2021:22:54:02 +0100] "GET /reload?ser=1615326842170 HTTP/1.1" 200 28 "http://renault.activities.at/success" "Mozilla/5.0 (Windows NT 10.0; Win64; x64) AppleWebKit/537.36 (KHTML, like Gecko) Chrome/88.0.4324.150 Safari/537.36 Edg/88.0.705.63"
82.135.5.126 - - [09/Mar/2021:22:54:55 +0100] "GET /reload?ser=1615326895060 HTTP/1.1" 200 28 "http://renault.activities.at/result?searchterm=true&search=REH163" "Mozilla/5.0 (Windows NT 10.0; WOW64; Trident/7.0; rv:11.0) like Gecko"
80.122.221.194 - - [09/Mar/2021:22:55:02 +0100] "GET /reload?ser=1615326902182 HTTP/1.1" 200 28 "http://renault.activities.at/result?mode=list&search=NoVA" "Mozilla/5.0 (Windows NT 10.0; Win64; x64) AppleWebKit/537.36 (KHTML, like Gecko) Chrome/88.0.4324.150 Safari/537.36 Edg/88.0.705.63"
80.122.221.194 - - [09/Mar/2021:22:55:03 +0100] "GET /reload?ser=1615326903170 HTTP/1.1" 200 28 "http://renault.activities.at/success" "Mozilla/5.0 (Windows NT 10.0; Win64; x64) AppleWebKit/537.36 (KHTML, like Gecko) Chrome/88.0.4324.150 Safari/537.36 Edg/88.0.705.63"
82.135.5.126 - - [09/Mar/2021:22:55:56 +0100] "GET /reload?ser=1615326956047 HTTP/1.1" 200 28 "http://renault.activities.at/result?searchterm=true&search=REH163" "Mozilla/5.0 (Windows NT 10.0; WOW64; Trident/7.0; rv:11.0) like Gecko"
80.122.221.194 - - [09/Mar/2021:22:56:03 +0100] "GET /reload?ser=1615326963169 HTTP/1.1" 200 28 "http://renault.activities.at/result?mode=list&search=NoVA" "Mozilla/5.0 (Windows NT 10.0; Win64; x64) AppleWebKit/537.36 (KHTML, like Gecko) Chrome/88.0.4324.150 Safari/537.36 Edg/88.0.705.63"
80.122.221.194 - - [09/Mar/2021:22:56:04 +0100] "GET /reload?ser=1615326964175 HTTP/1.1" 200 28 "http://renault.activities.at/success" "Mozilla/5.0 (Windows NT 10.0; Win64; x64) AppleWebKit/537.36 (KHTML, like Gecko) Chrome/88.0.4324.150 Safari/537.36 Edg/88.0.705.63"
82.135.5.126 - - [09/Mar/2021:22:56:57 +0100] "GET /reload?ser=1615327017037 HTTP/1.1" 200 28 "http://renault.activities.at/result?searchterm=true&search=REH163" "Mozilla/5.0 (Windows NT 10.0; WOW64; Trident/7.0; rv:11.0) like Gecko"
80.122.221.194 - - [09/Mar/2021:22:57:04 +0100] "GET /reload?ser=1615327024182 HTTP/1.1" 200 28 "http://renault.activities.at/result?mode=list&search=NoVA" "Mozilla/5.0 (Windows NT 10.0; Win64; x64) AppleWebKit/537.36 (KHTML, like Gecko) Chrome/88.0.4324.150 Safari/537.36 Edg/88.0.705.63"
80.122.221.194 - - [09/Mar/2021:22:57:05 +0100] "GET /reload?ser=1615327025168 HTTP/1.1" 200 28 "http://renault.activities.at/success" "Mozilla/5.0 (Windows NT 10.0; Win64; x64) AppleWebKit/537.36 (KHTML, like Gecko) Chrome/88.0.4324.150 Safari/537.36 Edg/88.0.705.63"
82.135.5.126 - - [09/Mar/2021:22:57:58 +0100] "GET /reload?ser=1615327078010 HTTP/1.1" 200 28 "http://renault.activities.at/result?searchterm=true&search=REH163" "Mozilla/5.0 (Windows NT 10.0; WOW64; Trident/7.0; rv:11.0) like Gecko"
80.122.221.194 - - [09/Mar/2021:22:58:05 +0100] "GET /reload?ser=1615327085171 HTTP/1.1" 200 28 "http://renault.activities.at/result?mode=list&search=NoVA" "Mozilla/5.0 (Windows NT 10.0; Win64; x64) AppleWebKit/537.36 (KHTML, like Gecko) Chrome/88.0.4324.150 Safari/537.36 Edg/88.0.705.63"
80.122.221.194 - - [09/Mar/2021:22:58:06 +0100] "GET /reload?ser=1615327086176 HTTP/1.1" 200 28 "http://renault.activities.at/success" "Mozilla/5.0 (Windows NT 10.0; Win64; x64) AppleWebKit/537.36 (KHTML, like Gecko) Chrome/88.0.4324.150 Safari/537.36 Edg/88.0.705.63"
82.135.5.126 - - [09/Mar/2021:22:58:59 +0100] "GET /reload?ser=1615327139011 HTTP/1.1" 200 28 "http://renault.activities.at/result?searchterm=true&search=REH163" "Mozilla/5.0 (Windows NT 10.0; WOW64; Trident/7.0; rv:11.0) like Gecko"
80.122.221.194 - - [09/Mar/2021:22:59:06 +0100] "GET /reload?ser=1615327146172 HTTP/1.1" 200 28 "http://renault.activities.at/result?mode=list&search=NoVA" "Mozilla/5.0 (Windows NT 10.0; Win64; x64) AppleWebKit/537.36 (KHTML, like Gecko) Chrome/88.0.4324.150 Safari/537.36 Edg/88.0.705.63"
80.122.221.194 - - [09/Mar/2021:22:59:07 +0100] "GET /reload?ser=1615327147181 HTTP/1.1" 200 28 "http://renault.activities.at/success" "Mozilla/5.0 (Windows NT 10.0; Win64; x64) AppleWebKit/537.36 (KHTML, like Gecko) Chrome/88.0.4324.150 Safari/537.36 Edg/88.0.705.63"
82.135.5.126 - - [09/Mar/2021:23:00:00 +0100] "GET /reload?ser=1615327199999 HTTP/1.1" 200 28 "http://renault.activities.at/result?searchterm=true&search=REH163" "Mozilla/5.0 (Windows NT 10.0; WOW64; Trident/7.0; rv:11.0) like Gecko"
80.122.221.194 - - [09/Mar/2021:23:00:07 +0100] "GET /reload?ser=1615327207178 HTTP/1.1" 200 28 "http://renault.activities.at/result?mode=list&search=NoVA" "Mozilla/5.0 (Windows NT 10.0; Win64; x64) AppleWebKit/537.36 (KHTML, like Gecko) Chrome/88.0.4324.150 Safari/537.36 Edg/88.0.705.63"
80.122.221.194 - - [09/Mar/2021:23:00:08 +0100] "GET /reload?ser=1615327208174 HTTP/1.1" 200 28 "http://renault.activities.at/success" "Mozilla/5.0 (Windows NT 10.0; Win64; x64) AppleWebKit/537.36 (KHTML, like Gecko) Chrome/88.0.4324.150 Safari/537.36 Edg/88.0.705.63"
82.135.5.126 - - [09/Mar/2021:23:01:01 +0100] "GET /reload?ser=1615327260970 HTTP/1.1" 200 28 "http://renault.activities.at/result?searchterm=true&search=REH163" "Mozilla/5.0 (Windows NT 10.0; WOW64; Trident/7.0; rv:11.0) like Gecko"
80.122.221.194 - - [09/Mar/2021:23:01:08 +0100] "GET /reload?ser=1615327268168 HTTP/1.1" 200 28 "http://renault.activities.at/result?mode=list&search=NoVA" "Mozilla/5.0 (Windows NT 10.0; Win64; x64) AppleWebKit/537.36 (KHTML, like Gecko) Chrome/88.0.4324.150 Safari/537.36 Edg/88.0.705.63"
80.122.221.194 - - [09/Mar/2021:23:01:09 +0100] "GET /reload?ser=1615327269173 HTTP/1.1" 200 28 "http://renault.activities.at/success" "Mozilla/5.0 (Windows NT 10.0; Win64; x64) AppleWebKit/537.36 (KHTML, like Gecko) Chrome/88.0.4324.150 Safari/537.36 Edg/88.0.705.63"
82.135.5.126 - - [09/Mar/2021:23:02:02 +0100] "GET /reload?ser=1615327321972 HTTP/1.1" 200 28 "http://renault.activities.at/result?searchterm=true&search=REH163" "Mozilla/5.0 (Windows NT 10.0; WOW64; Trident/7.0; rv:11.0) like Gecko"
80.122.221.194 - - [09/Mar/2021:23:02:09 +0100] "GET /reload?ser=1615327329174 HTTP/1.1" 200 28 "http://renault.activities.at/result?mode=list&search=NoVA" "Mozilla/5.0 (Windows NT 10.0; Win64; x64) AppleWebKit/537.36 (KHTML, like Gecko) Chrome/88.0.4324.150 Safari/537.36 Edg/88.0.705.63"
80.122.221.194 - - [09/Mar/2021:23:02:10 +0100] "GET /reload?ser=1615327330169 HTTP/1.1" 200 28 "http://renault.activities.at/success" "Mozilla/5.0 (Windows NT 10.0; Win64; x64) AppleWebKit/537.36 (KHTML, like Gecko) Chrome/88.0.4324.150 Safari/537.36 Edg/88.0.705.63"
82.135.5.126 - - [09/Mar/2021:23:03:03 +0100] "GET /reload?ser=1615327382944 HTTP/1.1" 200 28 "http://renault.activities.at/result?searchterm=true&search=REH163" "Mozilla/5.0 (Windows NT 10.0; WOW64; Trident/7.0; rv:11.0) like Gecko"
80.122.221.194 - - [09/Mar/2021:23:03:10 +0100] "GET /reload?ser=1615327390177 HTTP/1.1" 200 28 "http://renault.activities.at/result?mode=list&search=NoVA" "Mozilla/5.0 (Windows NT 10.0; Win64; x64) AppleWebKit/537.36 (KHTML, like Gecko) Chrome/88.0.4324.150 Safari/537.36 Edg/88.0.705.63"
80.122.221.194 - - [09/Mar/2021:23:03:11 +0100] "GET /reload?ser=1615327391179 HTTP/1.1" 200 28 "http://renault.activities.at/success" "Mozilla/5.0 (Windows NT 10.0; Win64; x64) AppleWebKit/537.36 (KHTML, like Gecko) Chrome/88.0.4324.150 Safari/537.36 Edg/88.0.705.63"
82.135.5.126 - - [09/Mar/2021:23:04:04 +0100] "GET /reload?ser=1615327444008 HTTP/1.1" 200 28 "http://renault.activities.at/result?searchterm=true&search=REH163" "Mozilla/5.0 (Windows NT 10.0; WOW64; Trident/7.0; rv:11.0) like Gecko"
80.122.221.194 - - [09/Mar/2021:23:04:11 +0100] "GET /reload?ser=1615327451175 HTTP/1.1" 200 28 "http://renault.activities.at/result?mode=list&search=NoVA" "Mozilla/5.0 (Windows NT 10.0; Win64; x64) AppleWebKit/537.36 (KHTML, like Gecko) Chrome/88.0.4324.150 Safari/537.36 Edg/88.0.705.63"
80.122.221.194 - - [09/Mar/2021:23:04:12 +0100] "GET /reload?ser=1615327452176 HTTP/1.1" 200 28 "http://renault.activities.at/success" "Mozilla/5.0 (Windows NT 10.0; Win64; x64) AppleWebKit/537.36 (KHTML, like Gecko) Chrome/88.0.4324.150 Safari/537.36 Edg/88.0.705.63"
82.135.5.126 - - [09/Mar/2021:23:05:05 +0100] "GET /reload?ser=1615327504995 HTTP/1.1" 200 28 "http://renault.activities.at/result?searchterm=true&search=REH163" "Mozilla/5.0 (Windows NT 10.0; WOW64; Trident/7.0; rv:11.0) like Gecko"
80.122.221.194 - - [09/Mar/2021:23:05:12 +0100] "GET /reload?ser=1615327512172 HTTP/1.1" 200 28 "http://renault.activities.at/result?mode=list&search=NoVA" "Mozilla/5.0 (Windows NT 10.0; Win64; x64) AppleWebKit/537.36 (KHTML, like Gecko) Chrome/88.0.4324.150 Safari/537.36 Edg/88.0.705.63"
80.122.221.194 - - [09/Mar/2021:23:05:13 +0100] "GET /reload?ser=1615327513174 HTTP/1.1" 200 28 "http://renault.activities.at/success" "Mozilla/5.0 (Windows NT 10.0; Win64; x64) AppleWebKit/537.36 (KHTML, like Gecko) Chrome/88.0.4324.150 Safari/537.36 Edg/88.0.705.63"
82.135.5.126 - - [09/Mar/2021:23:06:06 +0100] "GET /reload?ser=1615327565998 HTTP/1.1" 200 28 "http://renault.activities.at/result?searchterm=true&search=REH163" "Mozilla/5.0 (Windows NT 10.0; WOW64; Trident/7.0; rv:11.0) like Gecko"
80.122.221.194 - - [09/Mar/2021:23:06:13 +0100] "GET /reload?ser=1615327573176 HTTP/1.1" 200 28 "http://renault.activities.at/result?mode=list&search=NoVA" "Mozilla/5.0 (Windows NT 10.0; Win64; x64) AppleWebKit/537.36 (KHTML, like Gecko) Chrome/88.0.4324.150 Safari/537.36 Edg/88.0.705.63"
80.122.221.194 - - [09/Mar/2021:23:06:14 +0100] "GET /reload?ser=1615327574178 HTTP/1.1" 200 28 "http://renault.activities.at/success" "Mozilla/5.0 (Windows NT 10.0; Win64; x64) AppleWebKit/537.36 (KHTML, like Gecko) Chrome/88.0.4324.150 Safari/537.36 Edg/88.0.705.63"
82.135.5.126 - - [09/Mar/2021:23:07:07 +0100] "GET /reload?ser=1615327626985 HTTP/1.1" 200 28 "http://renault.activities.at/result?searchterm=true&search=REH163" "Mozilla/5.0 (Windows NT 10.0; WOW64; Trident/7.0; rv:11.0) like Gecko"
80.122.221.194 - - [09/Mar/2021:23:07:14 +0100] "GET /reload?ser=1615327634177 HTTP/1.1" 200 28 "http://renault.activities.at/result?mode=list&search=NoVA" "Mozilla/5.0 (Windows NT 10.0; Win64; x64) AppleWebKit/537.36 (KHTML, like Gecko) Chrome/88.0.4324.150 Safari/537.36 Edg/88.0.705.63"
80.122.221.194 - - [09/Mar/2021:23:07:15 +0100] "GET /reload?ser=1615327635170 HTTP/1.1" 200 28 "http://renault.activities.at/success" "Mozilla/5.0 (Windows NT 10.0; Win64; x64) AppleWebKit/537.36 (KHTML, like Gecko) Chrome/88.0.4324.150 Safari/537.36 Edg/88.0.705.63"
217.149.169.81 - - [09/Mar/2021:23:07:30 +0100] "GET / HTTP/1.1" 200 3273 "-" "Mozilla/5.0 (Windows NT 10.0; Win64; x64) AppleWebKit/537.36 (KHTML, like Gecko) Chrome/88.0.4324.190 Safari/537.36"
217.149.169.81 - - [09/Mar/2021:23:07:32 +0100] "GET /loadthumbnail.php?id=11127982 HTTP/1.1" 200 399614 "http://renault.activities.at/" "Mozilla/5.0 (Windows NT 10.0; Win64; x64) AppleWebKit/537.36 (KHTML, like Gecko) Chrome/88.0.4324.190 Safari/537.36"
217.149.169.81 - - [09/Mar/2021:23:07:32 +0100] "GET /images/favicon.ico HTTP/1.1" 404 305 "http://renault.activities.at/" "Mozilla/5.0 (Windows NT 10.0; Win64; x64) AppleWebKit/537.36 (KHTML, like Gecko) Chrome/88.0.4324.190 Safari/537.36"
217.149.169.81 - - [09/Mar/2021:23:07:34 +0100] "GET /login HTTP/1.1" 200 2085 "http://renault.activities.at/" "Mozilla/5.0 (Windows NT 10.0; Win64; x64) AppleWebKit/537.36 (KHTML, like Gecko) Chrome/88.0.4324.190 Safari/537.36"
217.149.169.81 - - [09/Mar/2021:23:07:40 +0100] "POST /login HTTP/1.1" 302 140 "http://renault.activities.at/login" "Mozilla/5.0 (Windows NT 10.0; Win64; x64) AppleWebKit/537.36 (KHTML, like Gecko) Chrome/88.0.4324.190 Safari/537.36"
217.149.169.81 - - [09/Mar/2021:23:07:42 +0100] "GET /account HTTP/1.1" 200 6923 "http://renault.activities.at/login" "Mozilla/5.0 (Windows NT 10.0; Win64; x64) AppleWebKit/537.36 (KHTML, like Gecko) Chrome/88.0.4324.190 Safari/537.36"
217.149.169.81 - - [09/Mar/2021:23:07:44 +0100] "GET /loadthumbnail.php?id=10986339&width=50&height=50 HTTP/1.1" 200 1295 "http://renault.activities.at/account" "Mozilla/5.0 (Windows NT 10.0; Win64; x64) AppleWebKit/537.36 (KHTML, like Gecko) Chrome/88.0.4324.190 Safari/537.36"
217.149.169.81 - - [09/Mar/2021:23:07:56 +0100] "GET /images/validation_advice_bg.gif HTTP/1.1" 200 134 "http://renault.activities.at/css/styles.css" "Mozilla/5.0 (Windows NT 10.0; Win64; x64) AppleWebKit/537.36 (KHTML, like Gecko) Chrome/88.0.4324.190 Safari/537.36"
217.149.169.81 - - [09/Mar/2021:23:08:00 +0100] "POST /account HTTP/1.1" 200 7070 "http://renault.activities.at/account" "Mozilla/5.0 (Windows NT 10.0; Win64; x64) AppleWebKit/537.36 (KHTML, like Gecko) Chrome/88.0.4324.190 Safari/537.36"
217.149.169.81 - - [09/Mar/2021:23:08:03 +0100] "GET /images/success_msg_icon.gif HTTP/1.1" 200 1024 "http://renault.activities.at/css/styles.css" "Mozilla/5.0 (Windows NT 10.0; Win64; x64) AppleWebKit/537.36 (KHTML, like Gecko) Chrome/88.0.4324.190 Safari/537.36"
82.135.5.126 - - [09/Mar/2021:23:08:08 +0100] "GET /reload?ser=1615327687972 HTTP/1.1" 200 28 "http://renault.activities.at/result?searchterm=true&search=REH163" "Mozilla/5.0 (Windows NT 10.0; WOW64; Trident/7.0; rv:11.0) like Gecko"
80.122.221.194 - - [09/Mar/2021:23:08:15 +0100] "GET /reload?ser=1615327695175 HTTP/1.1" 200 28 "http://renault.activities.at/result?mode=list&search=NoVA" "Mozilla/5.0 (Windows NT 10.0; Win64; x64) AppleWebKit/537.36 (KHTML, like Gecko) Chrome/88.0.4324.150 Safari/537.36 Edg/88.0.705.63"
80.122.221.194 - - [09/Mar/2021:23:08:16 +0100] "GET /reload?ser=1615327696177 HTTP/1.1" 200 28 "http://renault.activities.at/success" "Mozilla/5.0 (Windows NT 10.0; Win64; x64) AppleWebKit/537.36 (KHTML, like Gecko) Chrome/88.0.4324.150 Safari/537.36 Edg/88.0.705.63"
217.149.169.81 - - [09/Mar/2021:23:08:16 +0100] "GET /action HTTP/1.1" 200 4363 "http://renault.activities.at/account" "Mozilla/5.0 (Windows NT 10.0; Win64; x64) AppleWebKit/537.36 (KHTML, like Gecko) Chrome/88.0.4324.190 Safari/537.36"
217.149.169.81 - - [09/Mar/2021:23:08:17 +0100] "GET /10201442 HTTP/1.1" 200 9139 "http://renault.activities.at/account" "Mozilla/5.0 (Windows NT 10.0; Win64; x64) AppleWebKit/537.36 (KHTML, like Gecko) Chrome/88.0.4324.190 Safari/537.36"
217.149.169.81 - - [09/Mar/2021:23:08:19 +0100] "GET /action HTTP/1.1" 200 4363 "http://renault.activities.at/account" "Mozilla/5.0 (Windows NT 10.0; Win64; x64) AppleWebKit/537.36 (KHTML, like Gecko) Chrome/88.0.4324.190 Safari/537.36"
217.149.169.81 - - [09/Mar/2021:23:08:22 +0100] "GET /images/note_msg_icon.gif HTTP/1.1" 200 1022 "http://renault.activities.at/css/styles.css" "Mozilla/5.0 (Windows NT 10.0; Win64; x64) AppleWebKit/537.36 (KHTML, like Gecko) Chrome/88.0.4324.190 Safari/537.36"
217.149.169.81 - - [09/Mar/2021:23:08:34 +0100] "GET /10201442 HTTP/1.1" 200 9139 "http://renault.activities.at/action" "Mozilla/5.0 (Windows NT 10.0; Win64; x64) AppleWebKit/537.36 (KHTML, like Gecko) Chrome/88.0.4324.190 Safari/537.36"
217.149.169.81 - - [09/Mar/2021:23:08:35 +0100] "GET /js/prototip.js HTTP/1.1" 200 4588 "http://renault.activities.at/10201442" "Mozilla/5.0 (Windows NT 10.0; Win64; x64) AppleWebKit/537.36 (KHTML, like Gecko) Chrome/88.0.4324.190 Safari/537.36"
217.149.169.81 - - [09/Mar/2021:23:08:35 +0100] "GET /js/ProduktGrp.js HTTP/1.1" 200 1569 "http://renault.activities.at/10201442" "Mozilla/5.0 (Windows NT 10.0; Win64; x64) AppleWebKit/537.36 (KHTML, like Gecko) Chrome/88.0.4324.190 Safari/537.36"
217.149.169.81 - - [09/Mar/2021:23:08:35 +0100] "GET /images/loading.gif HTTP/1.1" 200 3208 "http://renault.activities.at/10201442" "Mozilla/5.0 (Windows NT 10.0; Win64; x64) AppleWebKit/537.36 (KHTML, like Gecko) Chrome/88.0.4324.190 Safari/537.36"
217.149.169.81 - - [09/Mar/2021:23:08:35 +0100] "GET /images/sub_title_bg.jpg HTTP/1.1" 200 314 "http://renault.activities.at/css/styles.css" "Mozilla/5.0 (Windows NT 10.0; Win64; x64) AppleWebKit/537.36 (KHTML, like Gecko) Chrome/88.0.4324.190 Safari/537.36"
217.149.169.81 - - [09/Mar/2021:23:08:35 +0100] "GET /images/vista-dn.gif HTTP/1.1" 200 128 "http://renault.activities.at/css/styles.css" "Mozilla/5.0 (Windows NT 10.0; Win64; x64) AppleWebKit/537.36 (KHTML, like Gecko) Chrome/88.0.4324.190 Safari/537.36"
217.149.169.81 - - [09/Mar/2021:23:08:35 +0100] "GET /images/vista-up.gif HTTP/1.1" 200 131 "http://renault.activities.at/css/styles.css" "Mozilla/5.0 (Windows NT 10.0; Win64; x64) AppleWebKit/537.36 (KHTML, like Gecko) Chrome/88.0.4324.190 Safari/537.36"
217.149.169.81 - - [09/Mar/2021:23:08:35 +0100] "GET /loadthumbnail.php?id=10203276 HTTP/1.1" 200 75 "http://renault.activities.at/10201442" "Mozilla/5.0 (Windows NT 10.0; Win64; x64) AppleWebKit/537.36 (KHTML, like Gecko) Chrome/88.0.4324.190 Safari/537.36"
217.149.169.81 - - [09/Mar/2021:23:08:35 +0100] "GET /loadthumbnail.php?id=10203255 HTTP/1.1" 200 137 "http://renault.activities.at/10201442" "Mozilla/5.0 (Windows NT 10.0; Win64; x64) AppleWebKit/537.36 (KHTML, like Gecko) Chrome/88.0.4324.190 Safari/537.36"
217.149.169.81 - - [09/Mar/2021:23:08:35 +0100] "GET /loadthumbnail.php?id=12329777&width=113 HTTP/1.1" 200 5924 "http://renault.activities.at/10201442" "Mozilla/5.0 (Windows NT 10.0; Win64; x64) AppleWebKit/537.36 (KHTML, like Gecko) Chrome/88.0.4324.190 Safari/537.36"
217.149.169.81 - - [09/Mar/2021:23:08:35 +0100] "GET /loadthumbnail.php?id=12329773&width=113 HTTP/1.1" 200 6402 "http://renault.activities.at/10201442" "Mozilla/5.0 (Windows NT 10.0; Win64; x64) AppleWebKit/537.36 (KHTML, like Gecko) Chrome/88.0.4324.190 Safari/537.36"
217.149.169.81 - - [09/Mar/2021:23:08:35 +0100] "GET /loadthumbnail.php?id=12329384&width=113 HTTP/1.1" 200 6523 "http://renault.activities.at/10201442" "Mozilla/5.0 (Windows NT 10.0; Win64; x64) AppleWebKit/537.36 (KHTML, like Gecko) Chrome/88.0.4324.190 Safari/537.36"
217.149.169.81 - - [09/Mar/2021:23:08:35 +0100] "GET /loadthumbnail.php?id=12329742&width=113 HTTP/1.1" 200 6011 "http://renault.activities.at/10201442" "Mozilla/5.0 (Windows NT 10.0; Win64; x64) AppleWebKit/537.36 (KHTML, like Gecko) Chrome/88.0.4324.190 Safari/537.36"
217.149.169.81 - - [09/Mar/2021:23:08:36 +0100] "GET /loadthumbnail.php?id=12329765&width=113 HTTP/1.1" 200 6417 "http://renault.activities.at/10201442" "Mozilla/5.0 (Windows NT 10.0; Win64; x64) AppleWebKit/537.36 (KHTML, like Gecko) Chrome/88.0.4324.190 Safari/537.36"
217.149.169.81 - - [09/Mar/2021:23:08:36 +0100] "GET /loadthumbnail.php?id=12329388&width=113 HTTP/1.1" 200 6391 "http://renault.activities.at/10201442" "Mozilla/5.0 (Windows NT 10.0; Win64; x64) AppleWebKit/537.36 (KHTML, like Gecko) Chrome/88.0.4324.190 Safari/537.36"
217.149.169.81 - - [09/Mar/2021:23:08:36 +0100] "GET /loadthumbnail.php?id=12329754&width=113 HTTP/1.1" 200 6497 "http://renault.activities.at/10201442" "Mozilla/5.0 (Windows NT 10.0; Win64; x64) AppleWebKit/537.36 (KHTML, like Gecko) Chrome/88.0.4324.190 Safari/537.36"
217.149.169.81 - - [09/Mar/2021:23:08:36 +0100] "GET /loadthumbnail.php?id=12329769&width=113 HTTP/1.1" 200 6281 "http://renault.activities.at/10201442" "Mozilla/5.0 (Windows NT 10.0; Win64; x64) AppleWebKit/537.36 (KHTML, like Gecko) Chrome/88.0.4324.190 Safari/537.36"
217.149.169.81 - - [09/Mar/2021:23:08:36 +0100] "GET /loadthumbnail.php?id=12329380&width=113 HTTP/1.1" 200 6136 "http://renault.activities.at/10201442" "Mozilla/5.0 (Windows NT 10.0; Win64; x64) AppleWebKit/537.36 (KHTML, like Gecko) Chrome/88.0.4324.190 Safari/537.36"
217.149.169.81 - - [09/Mar/2021:23:08:36 +0100] "GET /loadthumbnail.php?id=12329758&width=113 HTTP/1.1" 200 6291 "http://renault.activities.at/10201442" "Mozilla/5.0 (Windows NT 10.0; Win64; x64) AppleWebKit/537.36 (KHTML, like Gecko) Chrome/88.0.4324.190 Safari/537.36"
217.149.169.81 - - [09/Mar/2021:23:08:36 +0100] "GET /loadthumbnail.php?id=12329750&width=113 HTTP/1.1" 200 6710 "http://renault.activities.at/10201442" "Mozilla/5.0 (Windows NT 10.0; Win64; x64) AppleWebKit/537.36 (KHTML, like Gecko) Chrome/88.0.4324.190 Safari/537.36"
217.149.169.81 - - [09/Mar/2021:23:08:36 +0100] "GET /loadthumbnail.php?id=12329395&width=113 HTTP/1.1" 200 6279 "http://renault.activities.at/10201442" "Mozilla/5.0 (Windows NT 10.0; Win64; x64) AppleWebKit/537.36 (KHTML, like Gecko) Chrome/88.0.4324.190 Safari/537.36"
217.149.169.81 - - [09/Mar/2021:23:08:36 +0100] "GET /loadthumbnail.php?id=12138224&width=113 HTTP/1.1" 200 3427 "http://renault.activities.at/10201442" "Mozilla/5.0 (Windows NT 10.0; Win64; x64) AppleWebKit/537.36 (KHTML, like Gecko) Chrome/88.0.4324.190 Safari/537.36"
217.149.169.81 - - [09/Mar/2021:23:08:36 +0100] "GET /loadthumbnail.php?id=12037190&width=113 HTTP/1.1" 200 19857 "http://renault.activities.at/10201442" "Mozilla/5.0 (Windows NT 10.0; Win64; x64) AppleWebKit/537.36 (KHTML, like Gecko) Chrome/88.0.4324.190 Safari/537.36"
217.149.169.81 - - [09/Mar/2021:23:08:36 +0100] "GET /loadthumbnail.php?id=12328871&width=113 HTTP/1.1" 200 3047 "http://renault.activities.at/10201442" "Mozilla/5.0 (Windows NT 10.0; Win64; x64) AppleWebKit/537.36 (KHTML, like Gecko) Chrome/88.0.4324.190 Safari/537.36"
217.149.169.81 - - [09/Mar/2021:23:08:37 +0100] "GET /cart HTTP/1.1" 200 5506 "http://renault.activities.at/10201442" "Mozilla/5.0 (Windows NT 10.0; Win64; x64) AppleWebKit/537.36 (KHTML, like Gecko) Chrome/88.0.4324.190 Safari/537.36"
217.149.169.81 - - [09/Mar/2021:23:08:39 +0100] "GET /loadthumbnail.php?id=10232009&width=16&height=16 HTTP/1.1" 200 700 "http://renault.activities.at/cart" "Mozilla/5.0 (Windows NT 10.0; Win64; x64) AppleWebKit/537.36 (KHTML, like Gecko) Chrome/88.0.4324.190 Safari/537.36"
217.149.169.81 - - [09/Mar/2021:23:08:39 +0100] "GET /loadthumbnail.php?id=10986339&width=100 HTTP/1.1" 200 2565 "http://renault.activities.at/cart" "Mozilla/5.0 (Windows NT 10.0; Win64; x64) AppleWebKit/537.36 (KHTML, like Gecko) Chrome/88.0.4324.190 Safari/537.36"
217.149.169.81 - - [09/Mar/2021:23:08:42 +0100] "GET /images/vista-up-hover.gif HTTP/1.1" 200 130 "http://renault.activities.at/css/styles.css" "Mozilla/5.0 (Windows NT 10.0; Win64; x64) AppleWebKit/537.36 (KHTML, like Gecko) Chrome/88.0.4324.190 Safari/537.36"
217.149.169.81 - - [09/Mar/2021:23:08:59 +0100] "GET /images/vista-dn-hover.gif HTTP/1.1" 200 127 "http://renault.activities.at/css/styles.css" "Mozilla/5.0 (Windows NT 10.0; Win64; x64) AppleWebKit/537.36 (KHTML, like Gecko) Chrome/88.0.4324.190 Safari/537.36"
82.135.5.126 - - [09/Mar/2021:23:09:09 +0100] "GET /reload?ser=1615327748927 HTTP/1.1" 200 28 "http://renault.activities.at/result?searchterm=true&search=REH163" "Mozilla/5.0 (Windows NT 10.0; WOW64; Trident/7.0; rv:11.0) like Gecko"
80.122.221.194 - - [09/Mar/2021:23:09:16 +0100] "GET /reload?ser=1615327756175 HTTP/1.1" 200 28 "http://renault.activities.at/result?mode=list&search=NoVA" "Mozilla/5.0 (Windows NT 10.0; Win64; x64) AppleWebKit/537.36 (KHTML, like Gecko) Chrome/88.0.4324.150 Safari/537.36 Edg/88.0.705.63"
80.122.221.194 - - [09/Mar/2021:23:09:17 +0100] "GET /reload?ser=1615327757177 HTTP/1.1" 200 28 "http://renault.activities.at/success" "Mozilla/5.0 (Windows NT 10.0; Win64; x64) AppleWebKit/537.36 (KHTML, like Gecko) Chrome/88.0.4324.150 Safari/537.36 Edg/88.0.705.63"
217.149.169.81 - - [09/Mar/2021:23:09:17 +0100] "GET /checkout HTTP/1.1" 200 11522 "http://renault.activities.at/cart" "Mozilla/5.0 (Windows NT 10.0; Win64; x64) AppleWebKit/537.36 (KHTML, like Gecko) Chrome/88.0.4324.190 Safari/537.36"
217.149.169.81 - - [09/Mar/2021:23:09:21 +0100] "GET /js/checkout2.js HTTP/1.1" 200 4122 "http://renault.activities.at/checkout" "Mozilla/5.0 (Windows NT 10.0; Win64; x64) AppleWebKit/537.36 (KHTML, like Gecko) Chrome/88.0.4324.190 Safari/537.36"
217.149.169.81 - - [09/Mar/2021:23:09:21 +0100] "GET /images/step_bg.jpg HTTP/1.1" 200 319 "http://renault.activities.at/css/styles.css" "Mozilla/5.0 (Windows NT 10.0; Win64; x64) AppleWebKit/537.36 (KHTML, like Gecko) Chrome/88.0.4324.190 Safari/537.36"
217.149.169.81 - - [09/Mar/2021:23:09:21 +0100] "GET /images/step_marker.gif HTTP/1.1" 200 650 "http://renault.activities.at/css/styles.css" "Mozilla/5.0 (Windows NT 10.0; Win64; x64) AppleWebKit/537.36 (KHTML, like Gecko) Chrome/88.0.4324.190 Safari/537.36"
217.149.169.81 - - [09/Mar/2021:23:09:21 +0100] "GET /images/checkout_border_top.gif HTTP/1.1" 200 156 "http://renault.activities.at/css/styles.css" "Mozilla/5.0 (Windows NT 10.0; Win64; x64) AppleWebKit/537.36 (KHTML, like Gecko) Chrome/88.0.4324.190 Safari/537.36"
217.149.169.81 - - [09/Mar/2021:23:09:21 +0100] "GET /images/checkout_border.gif HTTP/1.1" 200 43 "http://renault.activities.at/css/styles.css" "Mozilla/5.0 (Windows NT 10.0; Win64; x64) AppleWebKit/537.36 (KHTML, like Gecko) Chrome/88.0.4324.190 Safari/537.36"
217.149.169.81 - - [09/Mar/2021:23:09:21 +0100] "GET /loadthumbnail.php?id=10201939 HTTP/1.1" 200 201 "http://renault.activities.at/checkout" "Mozilla/5.0 (Windows NT 10.0; Win64; x64) AppleWebKit/537.36 (KHTML, like Gecko) Chrome/88.0.4324.190 Safari/537.36"
217.149.169.81 - - [09/Mar/2021:23:09:21 +0100] "GET /loadthumbnail.php?id=10202698 HTTP/1.1" 200 16686 "http://renault.activities.at/checkout" "Mozilla/5.0 (Windows NT 10.0; Win64; x64) AppleWebKit/537.36 (KHTML, like Gecko) Chrome/88.0.4324.190 Safari/537.36"
213.162.73.166 - - [09/Mar/2021:23:09:30 +0100] "GET / HTTP/1.1" 200 3273 "-" "Mozilla/5.0 (iPhone; CPU iPhone OS 14_4 like Mac OS X) AppleWebKit/605.1.15 (KHTML, like Gecko) Version/14.0.3 Mobile/15E148 Safari/604.1"
213.162.73.166 - - [09/Mar/2021:23:09:31 +0100] "GET /js/flashdetection.js HTTP/1.1" 200 1059 "http://renault.activities.at/" "Mozilla/5.0 (iPhone; CPU iPhone OS 14_4 like Mac OS X) AppleWebKit/605.1.15 (KHTML, like Gecko) Version/14.0.3 Mobile/15E148 Safari/604.1"
213.162.73.166 - - [09/Mar/2021:23:09:31 +0100] "GET /js/checkout.css HTTP/1.1" 200 359 "http://renault.activities.at/" "Mozilla/5.0 (iPhone; CPU iPhone OS 14_4 like Mac OS X) AppleWebKit/605.1.15 (KHTML, like Gecko) Version/14.0.3 Mobile/15E148 Safari/604.1"
213.162.73.166 - - [09/Mar/2021:23:09:31 +0100] "GET /css/styles.css HTTP/1.1" 200 14664 "http://renault.activities.at/" "Mozilla/5.0 (iPhone; CPU iPhone OS 14_4 like Mac OS X) AppleWebKit/605.1.15 (KHTML, like Gecko) Version/14.0.3 Mobile/15E148 Safari/604.1"
213.162.73.166 - - [09/Mar/2021:23:09:31 +0100] "GET /css/prototip.css HTTP/1.1" 200 968 "http://renault.activities.at/" "Mozilla/5.0 (iPhone; CPU iPhone OS 14_4 like Mac OS X) AppleWebKit/605.1.15 (KHTML, like Gecko) Version/14.0.3 Mobile/15E148 Safari/604.1"
213.162.73.166 - - [09/Mar/2021:23:09:31 +0100] "GET /js/index.php?c=auto&f=,prototype/prototype.js,prototype/validation.js,scriptaculous/builder.js,scriptaculous/effects.js,scriptaculous/dragdrop.js,scriptaculous/controls.js,scriptaculous/slider.js,varien/js.js,varien/form.js,varien/menu.js,mage/translate.js,mage/cookies.js,varien/product.js,spinner/SpinnerControl.jsmin.js,prototype/window.js,prototype/window_ext.js HTTP/1.1" 200 94182 "http://renault.activities.at/" "Mozilla/5.0 (iPhone; CPU iPhone OS 14_4 like Mac OS X) AppleWebKit/605.1.15 (KHTML, like Gecko) Version/14.0.3 Mobile/15E148 Safari/604.1"
213.162.73.166 - - [09/Mar/2021:23:09:31 +0100] "GET /css/print.css HTTP/1.1" 200 543 "http://renault.activities.at/" "Mozilla/5.0 (iPhone; CPU iPhone OS 14_4 like Mac OS X) AppleWebKit/605.1.15 (KHTML, like Gecko) Version/14.0.3 Mobile/15E148 Safari/604.1"
213.162.73.166 - - [09/Mar/2021:23:09:32 +0100] "GET /images/main_block_corner_right_top.gif HTTP/1.1" 200 159 "http://renault.activities.at/" "Mozilla/5.0 (iPhone; CPU iPhone OS 14_4 like Mac OS X) AppleWebKit/605.1.15 (KHTML, like Gecko) Version/14.0.3 Mobile/15E148 Safari/604.1"
213.162.73.166 - - [09/Mar/2021:23:09:32 +0100] "GET /images/header_block_border.gif HTTP/1.1" 200 43 "http://renault.activities.at/" "Mozilla/5.0 (iPhone; CPU iPhone OS 14_4 like Mac OS X) AppleWebKit/605.1.15 (KHTML, like Gecko) Version/14.0.3 Mobile/15E148 Safari/604.1"
213.162.73.166 - - [09/Mar/2021:23:09:32 +0100] "GET /images/header_block_corner_left_top.gif HTTP/1.1" 200 160 "http://renault.activities.at/" "Mozilla/5.0 (iPhone; CPU iPhone OS 14_4 like Mac OS X) AppleWebKit/605.1.15 (KHTML, like Gecko) Version/14.0.3 Mobile/15E148 Safari/604.1"
213.162.73.166 - - [09/Mar/2021:23:09:32 +0100] "GET /images/title_corner_right_top.jpg HTTP/1.1" 200 389 "http://renault.activities.at/" "Mozilla/5.0 (iPhone; CPU iPhone OS 14_4 like Mac OS X) AppleWebKit/605.1.15 (KHTML, like Gecko) Version/14.0.3 Mobile/15E148 Safari/604.1"
213.162.73.166 - - [09/Mar/2021:23:09:32 +0100] "GET /images/title_corner_left_top.jpg HTTP/1.1" 200 372 "http://renault.activities.at/" "Mozilla/5.0 (iPhone; CPU iPhone OS 14_4 like Mac OS X) AppleWebKit/605.1.15 (KHTML, like Gecko) Version/14.0.3 Mobile/15E148 Safari/604.1"
213.162.73.166 - - [09/Mar/2021:23:09:32 +0100] "GET /loadthumbnail.php?id=11127982 HTTP/1.1" 200 399614 "http://renault.activities.at/" "Mozilla/5.0 (iPhone; CPU iPhone OS 14_4 like Mac OS X) AppleWebKit/605.1.15 (KHTML, like Gecko) Version/14.0.3 Mobile/15E148 Safari/604.1"
213.162.73.166 - - [09/Mar/2021:23:09:32 +0100] "GET /images/favicon.ico HTTP/1.1" 404 305 "http://renault.activities.at/" "Mozilla/5.0 (iPhone; CPU iPhone OS 14_4 like Mac OS X) AppleWebKit/605.1.15 (KHTML, like Gecko) Version/14.0.3 Mobile/15E148 Safari/604.1"
217.149.169.81 - - [09/Mar/2021:23:09:40 +0100] "POST /docheckout HTTP/1.1" 200 480 "http://renault.activities.at/checkout" "Mozilla/5.0 (Windows NT 10.0; Win64; x64) AppleWebKit/537.36 (KHTML, like Gecko) Chrome/88.0.4324.190 Safari/537.36"
217.149.169.81 - - [09/Mar/2021:23:09:44 +0100] "POST /docheckout HTTP/1.1" 200 601 "http://renault.activities.at/checkout" "Mozilla/5.0 (Windows NT 10.0; Win64; x64) AppleWebKit/537.36 (KHTML, like Gecko) Chrome/88.0.4324.190 Safari/537.36"
217.149.169.81 - - [09/Mar/2021:23:09:45 +0100] "GET /images/error_msg_icon.gif HTTP/1.1" 200 1013 "http://renault.activities.at/checkout" "Mozilla/5.0 (Windows NT 10.0; Win64; x64) AppleWebKit/537.36 (KHTML, like Gecko) Chrome/88.0.4324.190 Safari/537.36"
217.149.169.81 - - [09/Mar/2021:23:09:55 +0100] "GET /cart HTTP/1.1" 200 5503 "http://renault.activities.at/checkout" "Mozilla/5.0 (Windows NT 10.0; Win64; x64) AppleWebKit/537.36 (KHTML, like Gecko) Chrome/88.0.4324.190 Safari/537.36"
217.149.169.81 - - [09/Mar/2021:23:10:05 +0100] "POST /cart HTTP/1.1" 200 5570 "http://renault.activities.at/cart" "Mozilla/5.0 (Windows NT 10.0; Win64; x64) AppleWebKit/537.36 (KHTML, like Gecko) Chrome/88.0.4324.190 Safari/537.36"
82.135.5.126 - - [09/Mar/2021:23:10:09 +0100] "GET /reload?ser=1615327809914 HTTP/1.1" 200 28 "http://renault.activities.at/result?searchterm=true&search=REH163" "Mozilla/5.0 (Windows NT 10.0; WOW64; Trident/7.0; rv:11.0) like Gecko"
217.149.169.81 - - [09/Mar/2021:23:10:10 +0100] "GET /checkout HTTP/1.1" 200 11522 "http://renault.activities.at/cart" "Mozilla/5.0 (Windows NT 10.0; Win64; x64) AppleWebKit/537.36 (KHTML, like Gecko) Chrome/88.0.4324.190 Safari/537.36"
80.122.221.194 - - [09/Mar/2021:23:10:17 +0100] "GET /reload?ser=1615327817174 HTTP/1.1" 200 28 "http://renault.activities.at/result?mode=list&search=NoVA" "Mozilla/5.0 (Windows NT 10.0; Win64; x64) AppleWebKit/537.36 (KHTML, like Gecko) Chrome/88.0.4324.150 Safari/537.36 Edg/88.0.705.63"
80.122.221.194 - - [09/Mar/2021:23:10:18 +0100] "GET /reload?ser=1615327818168 HTTP/1.1" 200 28 "http://renault.activities.at/success" "Mozilla/5.0 (Windows NT 10.0; Win64; x64) AppleWebKit/537.36 (KHTML, like Gecko) Chrome/88.0.4324.150 Safari/537.36 Edg/88.0.705.63"
217.149.169.81 - - [09/Mar/2021:23:10:20 +0100] "POST /docheckout HTTP/1.1" 200 480 "http://renault.activities.at/checkout" "Mozilla/5.0 (Windows NT 10.0; Win64; x64) AppleWebKit/537.36 (KHTML, like Gecko) Chrome/88.0.4324.190 Safari/537.36"
217.149.169.81 - - [09/Mar/2021:23:10:24 +0100] "POST /docheckout HTTP/1.1" 200 606 "http://renault.activities.at/checkout" "Mozilla/5.0 (Windows NT 10.0; Win64; x64) AppleWebKit/537.36 (KHTML, like Gecko) Chrome/88.0.4324.190 Safari/537.36"
