80.122.221.194 - - [09/Mar/2021:16:36:40 +0100] "GET /reload?ser=1615304200165 HTTP/1.1" 200 28 "http://renault.activities.at/result?mode=list&search=NoVA" "Mozilla/5.0 (Windows NT 10.0; Win64; x64) AppleWebKit/537.36 (KHTML, like Gecko) Chrome/88.0.4324.150 Safari/537.36 Edg/88.0.705.63"
80.122.221.194 - - [09/Mar/2021:16:36:41 +0100] "GET /reload?ser=1615304201152 HTTP/1.1" 200 28 "http://renault.activities.at/success" "Mozilla/5.0 (Windows NT 10.0; Win64; x64) AppleWebKit/537.36 (KHTML, like Gecko) Chrome/88.0.4324.150 Safari/537.36 Edg/88.0.705.63"
82.135.5.126 - - [09/Mar/2021:16:36:42 +0100] "GET /reload?ser=1615304202613 HTTP/1.1" 200 28 "http://renault.activities.at/result?searchterm=true&search=REH163" "Mozilla/5.0 (Windows NT 10.0; WOW64; Trident/7.0; rv:11.0) like Gecko"
66.249.75.79 - - [09/Mar/2021:16:36:46 +0100] "GET /login HTTP/1.1" 200 2085 "-" "Mozilla/5.0 (Linux; Android 6.0.1; Nexus 5X Build/MMB29P) AppleWebKit/537.36 (KHTML, like Gecko) Chrome/88.0.4324.188 Mobile Safari/537.36 (compatible; Googlebot/2.1; +http://www.google.com/bot.html)"
66.249.75.75 - - [09/Mar/2021:16:37:01 +0100] "GET /css/clears.css HTTP/1.1" 200 851 "http://renault.activities.at/login" "Mozilla/5.0 (Linux; Android 6.0.1; Nexus 5X Build/MMB29P) AppleWebKit/537.36 (KHTML, like Gecko) Chrome/88.0.4324.208 Mobile Safari/537.36 (compatible; Googlebot/2.1; +http://www.google.com/bot.html)"
80.122.221.194 - - [09/Mar/2021:16:37:41 +0100] "GET /reload?ser=1615304261156 HTTP/1.1" 200 28 "http://renault.activities.at/result?mode=list&search=NoVA" "Mozilla/5.0 (Windows NT 10.0; Win64; x64) AppleWebKit/537.36 (KHTML, like Gecko) Chrome/88.0.4324.150 Safari/537.36 Edg/88.0.705.63"
80.122.221.194 - - [09/Mar/2021:16:37:42 +0100] "GET /reload?ser=1615304262164 HTTP/1.1" 200 28 "http://renault.activities.at/success" "Mozilla/5.0 (Windows NT 10.0; Win64; x64) AppleWebKit/537.36 (KHTML, like Gecko) Chrome/88.0.4324.150 Safari/537.36 Edg/88.0.705.63"
82.135.5.126 - - [09/Mar/2021:16:37:43 +0100] "GET /reload?ser=1615304263570 HTTP/1.1" 200 28 "http://renault.activities.at/result?searchterm=true&search=REH163" "Mozilla/5.0 (Windows NT 10.0; WOW64; Trident/7.0; rv:11.0) like Gecko"
80.122.221.194 - - [09/Mar/2021:16:38:42 +0100] "GET /reload?ser=1615304322157 HTTP/1.1" 200 28 "http://renault.activities.at/result?mode=list&search=NoVA" "Mozilla/5.0 (Windows NT 10.0; Win64; x64) AppleWebKit/537.36 (KHTML, like Gecko) Chrome/88.0.4324.150 Safari/537.36 Edg/88.0.705.63"
80.122.221.194 - - [09/Mar/2021:16:38:43 +0100] "GET /reload?ser=1615304323159 HTTP/1.1" 200 28 "http://renault.activities.at/success" "Mozilla/5.0 (Windows NT 10.0; Win64; x64) AppleWebKit/537.36 (KHTML, like Gecko) Chrome/88.0.4324.150 Safari/537.36 Edg/88.0.705.63"
82.135.5.126 - - [09/Mar/2021:16:38:44 +0100] "GET /reload?ser=1615304324558 HTTP/1.1" 200 28 "http://renault.activities.at/result?searchterm=true&search=REH163" "Mozilla/5.0 (Windows NT 10.0; WOW64; Trident/7.0; rv:11.0) like Gecko"
80.122.221.194 - - [09/Mar/2021:16:39:43 +0100] "GET /reload?ser=1615304383164 HTTP/1.1" 200 28 "http://renault.activities.at/result?mode=list&search=NoVA" "Mozilla/5.0 (Windows NT 10.0; Win64; x64) AppleWebKit/537.36 (KHTML, like Gecko) Chrome/88.0.4324.150 Safari/537.36 Edg/88.0.705.63"
80.122.221.194 - - [09/Mar/2021:16:39:44 +0100] "GET /reload?ser=1615304384165 HTTP/1.1" 200 28 "http://renault.activities.at/success" "Mozilla/5.0 (Windows NT 10.0; Win64; x64) AppleWebKit/537.36 (KHTML, like Gecko) Chrome/88.0.4324.150 Safari/537.36 Edg/88.0.705.63"
82.135.5.126 - - [09/Mar/2021:16:39:45 +0100] "GET /reload?ser=1615304385531 HTTP/1.1" 200 28 "http://renault.activities.at/result?searchterm=true&search=REH163" "Mozilla/5.0 (Windows NT 10.0; WOW64; Trident/7.0; rv:11.0) like Gecko"
80.122.221.194 - - [09/Mar/2021:16:40:45 +0100] "GET /reload?ser=1615304445161 HTTP/1.1" 200 28 "http://renault.activities.at/success" "Mozilla/5.0 (Windows NT 10.0; Win64; x64) AppleWebKit/537.36 (KHTML, like Gecko) Chrome/88.0.4324.150 Safari/537.36 Edg/88.0.705.63"
80.122.221.194 - - [09/Mar/2021:16:40:46 +0100] "GET /reload?ser=1615304445161 HTTP/1.1" 200 28 "http://renault.activities.at/result?mode=list&search=NoVA" "Mozilla/5.0 (Windows NT 10.0; Win64; x64) AppleWebKit/537.36 (KHTML, like Gecko) Chrome/88.0.4324.150 Safari/537.36 Edg/88.0.705.63"
82.135.5.126 - - [09/Mar/2021:16:40:46 +0100] "GET /reload?ser=1615304446486 HTTP/1.1" 200 28 "http://renault.activities.at/result?searchterm=true&search=REH163" "Mozilla/5.0 (Windows NT 10.0; WOW64; Trident/7.0; rv:11.0) like Gecko"
80.122.221.194 - - [09/Mar/2021:16:41:46 +0100] "GET /reload?ser=1615304506161 HTTP/1.1" 200 28 "http://renault.activities.at/success" "Mozilla/5.0 (Windows NT 10.0; Win64; x64) AppleWebKit/537.36 (KHTML, like Gecko) Chrome/88.0.4324.150 Safari/537.36 Edg/88.0.705.63"
80.122.221.194 - - [09/Mar/2021:16:41:47 +0100] "GET /reload?ser=1615304507163 HTTP/1.1" 200 28 "http://renault.activities.at/result?mode=list&search=NoVA" "Mozilla/5.0 (Windows NT 10.0; Win64; x64) AppleWebKit/537.36 (KHTML, like Gecko) Chrome/88.0.4324.150 Safari/537.36 Edg/88.0.705.63"
82.135.5.126 - - [09/Mar/2021:16:41:47 +0100] "GET /reload?ser=1615304507457 HTTP/1.1" 200 28 "http://renault.activities.at/result?searchterm=true&search=REH163" "Mozilla/5.0 (Windows NT 10.0; WOW64; Trident/7.0; rv:11.0) like Gecko"
80.122.221.194 - - [09/Mar/2021:16:42:47 +0100] "GET /reload?ser=1615304567164 HTTP/1.1" 200 28 "http://renault.activities.at/success" "Mozilla/5.0 (Windows NT 10.0; Win64; x64) AppleWebKit/537.36 (KHTML, like Gecko) Chrome/88.0.4324.150 Safari/537.36 Edg/88.0.705.63"
80.122.221.194 - - [09/Mar/2021:16:42:48 +0100] "GET /reload?ser=1615304568161 HTTP/1.1" 200 28 "http://renault.activities.at/result?mode=list&search=NoVA" "Mozilla/5.0 (Windows NT 10.0; Win64; x64) AppleWebKit/537.36 (KHTML, like Gecko) Chrome/88.0.4324.150 Safari/537.36 Edg/88.0.705.63"
82.135.5.126 - - [09/Mar/2021:16:42:48 +0100] "GET /reload?ser=1615304568430 HTTP/1.1" 200 28 "http://renault.activities.at/result?searchterm=true&search=REH163" "Mozilla/5.0 (Windows NT 10.0; WOW64; Trident/7.0; rv:11.0) like Gecko"
80.122.221.194 - - [09/Mar/2021:16:43:48 +0100] "GET /reload?ser=1615304628155 HTTP/1.1" 200 28 "http://renault.activities.at/success" "Mozilla/5.0 (Windows NT 10.0; Win64; x64) AppleWebKit/537.36 (KHTML, like Gecko) Chrome/88.0.4324.150 Safari/537.36 Edg/88.0.705.63"
80.122.221.194 - - [09/Mar/2021:16:43:49 +0100] "GET /reload?ser=1615304629157 HTTP/1.1" 200 28 "http://renault.activities.at/result?mode=list&search=NoVA" "Mozilla/5.0 (Windows NT 10.0; Win64; x64) AppleWebKit/537.36 (KHTML, like Gecko) Chrome/88.0.4324.150 Safari/537.36 Edg/88.0.705.63"
82.135.5.126 - - [09/Mar/2021:16:43:49 +0100] "GET /reload?ser=1615304629402 HTTP/1.1" 200 28 "http://renault.activities.at/result?searchterm=true&search=REH163" "Mozilla/5.0 (Windows NT 10.0; WOW64; Trident/7.0; rv:11.0) like Gecko"
80.122.221.194 - - [09/Mar/2021:16:44:49 +0100] "GET /reload?ser=1615304689161 HTTP/1.1" 200 28 "http://renault.activities.at/success" "Mozilla/5.0 (Windows NT 10.0; Win64; x64) AppleWebKit/537.36 (KHTML, like Gecko) Chrome/88.0.4324.150 Safari/537.36 Edg/88.0.705.63"
80.122.221.194 - - [09/Mar/2021:16:44:50 +0100] "GET /reload?ser=1615304690162 HTTP/1.1" 200 28 "http://renault.activities.at/result?mode=list&search=NoVA" "Mozilla/5.0 (Windows NT 10.0; Win64; x64) AppleWebKit/537.36 (KHTML, like Gecko) Chrome/88.0.4324.150 Safari/537.36 Edg/88.0.705.63"
82.135.5.126 - - [09/Mar/2021:16:44:50 +0100] "GET /reload?ser=1615304690388 HTTP/1.1" 200 28 "http://renault.activities.at/result?searchterm=true&search=REH163" "Mozilla/5.0 (Windows NT 10.0; WOW64; Trident/7.0; rv:11.0) like Gecko"
80.122.221.194 - - [09/Mar/2021:16:45:50 +0100] "GET /reload?ser=1615304750166 HTTP/1.1" 200 28 "http://renault.activities.at/success" "Mozilla/5.0 (Windows NT 10.0; Win64; x64) AppleWebKit/537.36 (KHTML, like Gecko) Chrome/88.0.4324.150 Safari/537.36 Edg/88.0.705.63"
80.122.221.194 - - [09/Mar/2021:16:45:51 +0100] "GET /reload?ser=1615304751167 HTTP/1.1" 200 28 "http://renault.activities.at/result?mode=list&search=NoVA" "Mozilla/5.0 (Windows NT 10.0; Win64; x64) AppleWebKit/537.36 (KHTML, like Gecko) Chrome/88.0.4324.150 Safari/537.36 Edg/88.0.705.63"
82.135.5.126 - - [09/Mar/2021:16:45:51 +0100] "GET /reload?ser=1615304751362 HTTP/1.1" 200 28 "http://renault.activities.at/result?searchterm=true&search=REH163" "Mozilla/5.0 (Windows NT 10.0; WOW64; Trident/7.0; rv:11.0) like Gecko"
80.122.221.194 - - [09/Mar/2021:16:46:51 +0100] "GET /reload?ser=1615304811161 HTTP/1.1" 200 28 "http://renault.activities.at/success" "Mozilla/5.0 (Windows NT 10.0; Win64; x64) AppleWebKit/537.36 (KHTML, like Gecko) Chrome/88.0.4324.150 Safari/537.36 Edg/88.0.705.63"
80.122.221.194 - - [09/Mar/2021:16:46:52 +0100] "GET /reload?ser=1615304812163 HTTP/1.1" 200 28 "http://renault.activities.at/result?mode=list&search=NoVA" "Mozilla/5.0 (Windows NT 10.0; Win64; x64) AppleWebKit/537.36 (KHTML, like Gecko) Chrome/88.0.4324.150 Safari/537.36 Edg/88.0.705.63"
82.135.5.126 - - [09/Mar/2021:16:46:52 +0100] "GET /reload?ser=1615304812334 HTTP/1.1" 200 28 "http://renault.activities.at/result?searchterm=true&search=REH163" "Mozilla/5.0 (Windows NT 10.0; WOW64; Trident/7.0; rv:11.0) like Gecko"
80.122.221.194 - - [09/Mar/2021:16:47:52 +0100] "GET /reload?ser=1615304872160 HTTP/1.1" 200 28 "http://renault.activities.at/success" "Mozilla/5.0 (Windows NT 10.0; Win64; x64) AppleWebKit/537.36 (KHTML, like Gecko) Chrome/88.0.4324.150 Safari/537.36 Edg/88.0.705.63"
80.122.221.194 - - [09/Mar/2021:16:47:53 +0100] "GET /reload?ser=1615304873165 HTTP/1.1" 200 28 "http://renault.activities.at/result?mode=list&search=NoVA" "Mozilla/5.0 (Windows NT 10.0; Win64; x64) AppleWebKit/537.36 (KHTML, like Gecko) Chrome/88.0.4324.150 Safari/537.36 Edg/88.0.705.63"
82.135.5.126 - - [09/Mar/2021:16:47:53 +0100] "GET /reload?ser=1615304873321 HTTP/1.1" 200 28 "http://renault.activities.at/result?searchterm=true&search=REH163" "Mozilla/5.0 (Windows NT 10.0; WOW64; Trident/7.0; rv:11.0) like Gecko"
80.122.221.194 - - [09/Mar/2021:16:48:53 +0100] "GET /reload?ser=1615304933169 HTTP/1.1" 200 28 "http://renault.activities.at/success" "Mozilla/5.0 (Windows NT 10.0; Win64; x64) AppleWebKit/537.36 (KHTML, like Gecko) Chrome/88.0.4324.150 Safari/537.36 Edg/88.0.705.63"
80.122.221.194 - - [09/Mar/2021:16:48:54 +0100] "GET /reload?ser=1615304934159 HTTP/1.1" 200 28 "http://renault.activities.at/result?mode=list&search=NoVA" "Mozilla/5.0 (Windows NT 10.0; Win64; x64) AppleWebKit/537.36 (KHTML, like Gecko) Chrome/88.0.4324.150 Safari/537.36 Edg/88.0.705.63"
82.135.5.126 - - [09/Mar/2021:16:48:54 +0100] "GET /reload?ser=1615304934293 HTTP/1.1" 200 28 "http://renault.activities.at/result?searchterm=true&search=REH163" "Mozilla/5.0 (Windows NT 10.0; WOW64; Trident/7.0; rv:11.0) like Gecko"
185.58.53.32 - - [09/Mar/2021:16:49:43 +0100] "GET /login HTTP/1.1" 200 2085 "-" "Mozilla/5.0 (Windows NT 10.0; Win64; x64) AppleWebKit/537.36 (KHTML, like Gecko) Chrome/89.0.4389.82 Safari/537.36"
185.58.53.32 - - [09/Mar/2021:16:49:44 +0100] "GET /css/reset.css HTTP/1.1" 200 1356 "http://renault.activities.at/login" "Mozilla/5.0 (Windows NT 10.0; Win64; x64) AppleWebKit/537.36 (KHTML, like Gecko) Chrome/89.0.4389.82 Safari/537.36"
185.58.53.32 - - [09/Mar/2021:16:49:44 +0100] "GET /css/clears.css HTTP/1.1" 200 851 "http://renault.activities.at/login" "Mozilla/5.0 (Windows NT 10.0; Win64; x64) AppleWebKit/537.36 (KHTML, like Gecko) Chrome/89.0.4389.82 Safari/537.36"
185.58.53.32 - - [09/Mar/2021:16:49:44 +0100] "GET /js/checkout.css HTTP/1.1" 200 359 "http://renault.activities.at/login" "Mozilla/5.0 (Windows NT 10.0; Win64; x64) AppleWebKit/537.36 (KHTML, like Gecko) Chrome/89.0.4389.82 Safari/537.36"
185.58.53.32 - - [09/Mar/2021:16:49:44 +0100] "GET /css/prototip.css HTTP/1.1" 200 968 "http://renault.activities.at/login" "Mozilla/5.0 (Windows NT 10.0; Win64; x64) AppleWebKit/537.36 (KHTML, like Gecko) Chrome/89.0.4389.82 Safari/537.36"
185.58.53.32 - - [09/Mar/2021:16:49:44 +0100] "GET /js/default.js HTTP/1.1" 200 14698 "http://renault.activities.at/login" "Mozilla/5.0 (Windows NT 10.0; Win64; x64) AppleWebKit/537.36 (KHTML, like Gecko) Chrome/89.0.4389.82 Safari/537.36"
185.58.53.32 - - [09/Mar/2021:16:49:44 +0100] "GET /css/styles.css HTTP/1.1" 200 14664 "http://renault.activities.at/login" "Mozilla/5.0 (Windows NT 10.0; Win64; x64) AppleWebKit/537.36 (KHTML, like Gecko) Chrome/89.0.4389.82 Safari/537.36"
185.58.53.32 - - [09/Mar/2021:16:49:44 +0100] "GET /css/themes/default.css HTTP/1.1" 200 769 "http://renault.activities.at/login" "Mozilla/5.0 (Windows NT 10.0; Win64; x64) AppleWebKit/537.36 (KHTML, like Gecko) Chrome/89.0.4389.82 Safari/537.36"
185.58.53.32 - - [09/Mar/2021:16:49:44 +0100] "GET /css/themes/alphacube.css HTTP/1.1" 200 743 "http://renault.activities.at/login" "Mozilla/5.0 (Windows NT 10.0; Win64; x64) AppleWebKit/537.36 (KHTML, like Gecko) Chrome/89.0.4389.82 Safari/537.36"
185.58.53.32 - - [09/Mar/2021:16:49:44 +0100] "GET /js/index.php?c=auto&f=,prototype/prototype.js,prototype/validation.js,scriptaculous/builder.js,scriptaculous/effects.js,scriptaculous/dragdrop.js,scriptaculous/controls.js,scriptaculous/slider.js,varien/js.js,varien/form.js,varien/menu.js,mage/translate.js,mage/cookies.js,varien/product.js,spinner/SpinnerControl.jsmin.js,prototype/window.js,prototype/window_ext.js HTTP/1.1" 200 94182 "http://renault.activities.at/login" "Mozilla/5.0 (Windows NT 10.0; Win64; x64) AppleWebKit/537.36 (KHTML, like Gecko) Chrome/89.0.4389.82 Safari/537.36"
185.58.53.32 - - [09/Mar/2021:16:49:44 +0100] "GET /images/main_block_border.gif HTTP/1.1" 200 43 "http://renault.activities.at/css/styles.css" "Mozilla/5.0 (Windows NT 10.0; Win64; x64) AppleWebKit/537.36 (KHTML, like Gecko) Chrome/89.0.4389.82 Safari/537.36"
185.58.53.32 - - [09/Mar/2021:16:49:44 +0100] "GET /images/main_block_corner_left_bot.gif HTTP/1.1" 200 159 "http://renault.activities.at/css/styles.css" "Mozilla/5.0 (Windows NT 10.0; Win64; x64) AppleWebKit/537.36 (KHTML, like Gecko) Chrome/89.0.4389.82 Safari/537.36"
185.58.53.32 - - [09/Mar/2021:16:49:44 +0100] "GET /images/main_block_corner_right_bot.gif HTTP/1.1" 200 158 "http://renault.activities.at/css/styles.css" "Mozilla/5.0 (Windows NT 10.0; Win64; x64) AppleWebKit/537.36 (KHTML, like Gecko) Chrome/89.0.4389.82 Safari/537.36"
185.58.53.32 - - [09/Mar/2021:16:49:44 +0100] "GET /images/header_block_border.gif HTTP/1.1" 200 43 "http://renault.activities.at/css/styles.css" "Mozilla/5.0 (Windows NT 10.0; Win64; x64) AppleWebKit/537.36 (KHTML, like Gecko) Chrome/89.0.4389.82 Safari/537.36"
185.58.53.32 - - [09/Mar/2021:16:49:44 +0100] "GET /images/header_block_corner_left_top.gif HTTP/1.1" 200 160 "http://renault.activities.at/css/styles.css" "Mozilla/5.0 (Windows NT 10.0; Win64; x64) AppleWebKit/537.36 (KHTML, like Gecko) Chrome/89.0.4389.82 Safari/537.36"
185.58.53.32 - - [09/Mar/2021:16:49:44 +0100] "GET /css/print.css HTTP/1.1" 200 543 "http://renault.activities.at/login" "Mozilla/5.0 (Windows NT 10.0; Win64; x64) AppleWebKit/537.36 (KHTML, like Gecko) Chrome/89.0.4389.82 Safari/537.36"
185.58.53.32 - - [09/Mar/2021:16:49:44 +0100] "GET /images/main_block_corner_left_top.gif HTTP/1.1" 200 159 "http://renault.activities.at/css/styles.css" "Mozilla/5.0 (Windows NT 10.0; Win64; x64) AppleWebKit/537.36 (KHTML, like Gecko) Chrome/89.0.4389.82 Safari/537.36"
185.58.53.32 - - [09/Mar/2021:16:49:44 +0100] "GET /images/title_border.jpg HTTP/1.1" 200 304 "http://renault.activities.at/css/styles.css" "Mozilla/5.0 (Windows NT 10.0; Win64; x64) AppleWebKit/537.36 (KHTML, like Gecko) Chrome/89.0.4389.82 Safari/537.36"
185.58.53.32 - - [09/Mar/2021:16:49:44 +0100] "GET /images/main_block_corner_right_top.gif HTTP/1.1" 200 159 "http://renault.activities.at/css/styles.css" "Mozilla/5.0 (Windows NT 10.0; Win64; x64) AppleWebKit/537.36 (KHTML, like Gecko) Chrome/89.0.4389.82 Safari/537.36"
185.58.53.32 - - [09/Mar/2021:16:49:44 +0100] "GET /images/title_border_top.jpg HTTP/1.1" 200 336 "http://renault.activities.at/css/styles.css" "Mozilla/5.0 (Windows NT 10.0; Win64; x64) AppleWebKit/537.36 (KHTML, like Gecko) Chrome/89.0.4389.82 Safari/537.36"
185.58.53.32 - - [09/Mar/2021:16:49:44 +0100] "GET /images/title_corner_left_top.jpg HTTP/1.1" 200 372 "http://renault.activities.at/css/styles.css" "Mozilla/5.0 (Windows NT 10.0; Win64; x64) AppleWebKit/537.36 (KHTML, like Gecko) Chrome/89.0.4389.82 Safari/537.36"
185.58.53.32 - - [09/Mar/2021:16:49:44 +0100] "GET /images/title_corner_right_top.jpg HTTP/1.1" 200 389 "http://renault.activities.at/css/styles.css" "Mozilla/5.0 (Windows NT 10.0; Win64; x64) AppleWebKit/537.36 (KHTML, like Gecko) Chrome/89.0.4389.82 Safari/537.36"
185.58.53.32 - - [09/Mar/2021:16:49:44 +0100] "GET /images/button_left_bg.gif HTTP/1.1" 200 564 "http://renault.activities.at/css/styles.css" "Mozilla/5.0 (Windows NT 10.0; Win64; x64) AppleWebKit/537.36 (KHTML, like Gecko) Chrome/89.0.4389.82 Safari/537.36"
185.58.53.32 - - [09/Mar/2021:16:49:44 +0100] "GET /images/button_right_bg.gif HTTP/1.1" 200 561 "http://renault.activities.at/css/styles.css" "Mozilla/5.0 (Windows NT 10.0; Win64; x64) AppleWebKit/537.36 (KHTML, like Gecko) Chrome/89.0.4389.82 Safari/537.36"
185.58.53.32 - - [09/Mar/2021:16:49:44 +0100] "GET /images/button_bg.gif HTTP/1.1" 200 151 "http://renault.activities.at/css/styles.css" "Mozilla/5.0 (Windows NT 10.0; Win64; x64) AppleWebKit/537.36 (KHTML, like Gecko) Chrome/89.0.4389.82 Safari/537.36"
185.58.53.32 - - [09/Mar/2021:16:49:44 +0100] "GET /images/header_block_corner_right_top.gif HTTP/1.1" 200 160 "http://renault.activities.at/css/styles.css" "Mozilla/5.0 (Windows NT 10.0; Win64; x64) AppleWebKit/537.36 (KHTML, like Gecko) Chrome/89.0.4389.82 Safari/537.36"
185.58.53.32 - - [09/Mar/2021:16:49:44 +0100] "GET /loadthumbnail.php?id=11127982 HTTP/1.1" 200 399614 "http://renault.activities.at/login" "Mozilla/5.0 (Windows NT 10.0; Win64; x64) AppleWebKit/537.36 (KHTML, like Gecko) Chrome/89.0.4389.82 Safari/537.36"
185.58.53.32 - - [09/Mar/2021:16:49:44 +0100] "GET /images/favicon.ico HTTP/1.1" 404 305 "http://renault.activities.at/login" "Mozilla/5.0 (Windows NT 10.0; Win64; x64) AppleWebKit/537.36 (KHTML, like Gecko) Chrome/89.0.4389.82 Safari/537.36"
185.58.53.32 - - [09/Mar/2021:16:49:47 +0100] "POST /login HTTP/1.1" 302 140 "http://renault.activities.at/login" "Mozilla/5.0 (Windows NT 10.0; Win64; x64) AppleWebKit/537.36 (KHTML, like Gecko) Chrome/89.0.4389.82 Safari/537.36"
185.58.53.32 - - [09/Mar/2021:16:49:49 +0100] "GET /account HTTP/1.1" 200 6373 "http://renault.activities.at/login" "Mozilla/5.0 (Windows NT 10.0; Win64; x64) AppleWebKit/537.36 (KHTML, like Gecko) Chrome/89.0.4389.82 Safari/537.36"
185.58.53.32 - - [09/Mar/2021:16:49:52 +0100] "GET /js/account.js HTTP/1.1" 200 953 "http://renault.activities.at/account" "Mozilla/5.0 (Windows NT 10.0; Win64; x64) AppleWebKit/537.36 (KHTML, like Gecko) Chrome/89.0.4389.82 Safari/537.36"
185.58.53.32 - - [09/Mar/2021:16:49:52 +0100] "GET /loadthumbnail.php?id=10745359&width=50&height=50 HTTP/1.1" 200 1503 "http://renault.activities.at/account" "Mozilla/5.0 (Windows NT 10.0; Win64; x64) AppleWebKit/537.36 (KHTML, like Gecko) Chrome/89.0.4389.82 Safari/537.36"
185.58.53.32 - - [09/Mar/2021:16:49:52 +0100] "GET /loadthumbnail.php?id=12230577&width=50&height=50 HTTP/1.1" 200 767 "http://renault.activities.at/account" "Mozilla/5.0 (Windows NT 10.0; Win64; x64) AppleWebKit/537.36 (KHTML, like Gecko) Chrome/89.0.4389.82 Safari/537.36"
185.58.53.32 - - [09/Mar/2021:16:49:52 +0100] "GET /loadthumbnail.php?id=11434114&width=50&height=50 HTTP/1.1" 200 1658 "http://renault.activities.at/account" "Mozilla/5.0 (Windows NT 10.0; Win64; x64) AppleWebKit/537.36 (KHTML, like Gecko) Chrome/89.0.4389.82 Safari/537.36"
185.58.53.32 - - [09/Mar/2021:16:49:52 +0100] "GET /loadthumbnail.php?id=12230578&width=50&height=50 HTTP/1.1" 200 801 "http://renault.activities.at/account" "Mozilla/5.0 (Windows NT 10.0; Win64; x64) AppleWebKit/537.36 (KHTML, like Gecko) Chrome/89.0.4389.82 Safari/537.36"
185.58.53.32 - - [09/Mar/2021:16:49:52 +0100] "GET /loadthumbnail.php?id=10272696&width=50&height=50 HTTP/1.1" 200 1124 "http://renault.activities.at/account" "Mozilla/5.0 (Windows NT 10.0; Win64; x64) AppleWebKit/537.36 (KHTML, like Gecko) Chrome/89.0.4389.82 Safari/537.36"
185.58.53.32 - - [09/Mar/2021:16:49:52 +0100] "GET /images/menu_button_bg.jpg HTTP/1.1" 200 322 "http://renault.activities.at/css/styles.css" "Mozilla/5.0 (Windows NT 10.0; Win64; x64) AppleWebKit/537.36 (KHTML, like Gecko) Chrome/89.0.4389.82 Safari/537.36"
185.58.53.32 - - [09/Mar/2021:16:49:52 +0100] "GET /images/search_bg.gif HTTP/1.1" 200 1726 "http://renault.activities.at/css/styles.css" "Mozilla/5.0 (Windows NT 10.0; Win64; x64) AppleWebKit/537.36 (KHTML, like Gecko) Chrome/89.0.4389.82 Safari/537.36"
185.58.53.32 - - [09/Mar/2021:16:49:52 +0100] "GET /images/menu_divider.gif HTTP/1.1" 200 176 "http://renault.activities.at/css/styles.css" "Mozilla/5.0 (Windows NT 10.0; Win64; x64) AppleWebKit/537.36 (KHTML, like Gecko) Chrome/89.0.4389.82 Safari/537.36"
185.58.53.32 - - [09/Mar/2021:16:49:52 +0100] "GET /loadthumbnail.php?id=12243596&width=50&height=50 HTTP/1.1" 200 1200 "http://renault.activities.at/account" "Mozilla/5.0 (Windows NT 10.0; Win64; x64) AppleWebKit/537.36 (KHTML, like Gecko) Chrome/89.0.4389.82 Safari/537.36"
185.58.53.32 - - [09/Mar/2021:16:49:52 +0100] "GET /images/sidebar_title_border.gif HTTP/1.1" 200 43 "http://renault.activities.at/css/styles.css" "Mozilla/5.0 (Windows NT 10.0; Win64; x64) AppleWebKit/537.36 (KHTML, like Gecko) Chrome/89.0.4389.82 Safari/537.36"
185.58.53.32 - - [09/Mar/2021:16:49:52 +0100] "GET /images/sidebar_title_corner_right_top.gif HTTP/1.1" 200 383 "http://renault.activities.at/css/styles.css" "Mozilla/5.0 (Windows NT 10.0; Win64; x64) AppleWebKit/537.36 (KHTML, like Gecko) Chrome/89.0.4389.82 Safari/537.36"
185.58.53.32 - - [09/Mar/2021:16:49:52 +0100] "GET /images/sidebar_title_border_top.gif HTTP/1.1" 200 155 "http://renault.activities.at/css/styles.css" "Mozilla/5.0 (Windows NT 10.0; Win64; x64) AppleWebKit/537.36 (KHTML, like Gecko) Chrome/89.0.4389.82 Safari/537.36"
185.58.53.32 - - [09/Mar/2021:16:49:52 +0100] "GET /images/sidebar_title_corner_left_top.gif HTTP/1.1" 200 1124 "http://renault.activities.at/css/styles.css" "Mozilla/5.0 (Windows NT 10.0; Win64; x64) AppleWebKit/537.36 (KHTML, like Gecko) Chrome/89.0.4389.82 Safari/537.36"
185.58.53.32 - - [09/Mar/2021:16:49:52 +0100] "GET /images/top_links_divider.gif HTTP/1.1" 200 44 "http://renault.activities.at/css/styles.css" "Mozilla/5.0 (Windows NT 10.0; Win64; x64) AppleWebKit/537.36 (KHTML, like Gecko) Chrome/89.0.4389.82 Safari/537.36"
185.58.53.32 - - [09/Mar/2021:16:49:52 +0100] "GET /images/nav_divider.gif HTTP/1.1" 200 43 "http://renault.activities.at/css/styles.css" "Mozilla/5.0 (Windows NT 10.0; Win64; x64) AppleWebKit/537.36 (KHTML, like Gecko) Chrome/89.0.4389.82 Safari/537.36"
185.58.53.32 - - [09/Mar/2021:16:49:52 +0100] "GET /images/footer_divider.gif HTTP/1.1" 200 44 "http://renault.activities.at/css/styles.css" "Mozilla/5.0 (Windows NT 10.0; Win64; x64) AppleWebKit/537.36 (KHTML, like Gecko) Chrome/89.0.4389.82 Safari/537.36"
185.58.53.32 - - [09/Mar/2021:16:49:52 +0100] "GET /loadthumbnail.php?id=12363384&width=50&height=50 HTTP/1.1" 200 3915 "http://renault.activities.at/account" "Mozilla/5.0 (Windows NT 10.0; Win64; x64) AppleWebKit/537.36 (KHTML, like Gecko) Chrome/89.0.4389.82 Safari/537.36"
185.58.53.32 - - [09/Mar/2021:16:49:52 +0100] "GET /loadthumbnail.php?id=12204968&width=50&height=50 HTTP/1.1" 200 1557 "http://renault.activities.at/account" "Mozilla/5.0 (Windows NT 10.0; Win64; x64) AppleWebKit/537.36 (KHTML, like Gecko) Chrome/89.0.4389.82 Safari/537.36"
80.122.221.194 - - [09/Mar/2021:16:49:54 +0100] "GET /reload?ser=1615304994164 HTTP/1.1" 200 28 "http://renault.activities.at/success" "Mozilla/5.0 (Windows NT 10.0; Win64; x64) AppleWebKit/537.36 (KHTML, like Gecko) Chrome/88.0.4324.150 Safari/537.36 Edg/88.0.705.63"
80.122.221.194 - - [09/Mar/2021:16:49:55 +0100] "GET /reload?ser=1615304995166 HTTP/1.1" 200 28 "http://renault.activities.at/result?mode=list&search=NoVA" "Mozilla/5.0 (Windows NT 10.0; Win64; x64) AppleWebKit/537.36 (KHTML, like Gecko) Chrome/88.0.4324.150 Safari/537.36 Edg/88.0.705.63"
82.135.5.126 - - [09/Mar/2021:16:49:55 +0100] "GET /reload?ser=1615304995296 HTTP/1.1" 200 28 "http://renault.activities.at/result?searchterm=true&search=REH163" "Mozilla/5.0 (Windows NT 10.0; WOW64; Trident/7.0; rv:11.0) like Gecko"
185.58.53.32 - - [09/Mar/2021:16:49:58 +0100] "POST /axjaxrequest?mode=suggest HTTP/1.1" 200 111 "http://renault.activities.at/account" "Mozilla/5.0 (Windows NT 10.0; Win64; x64) AppleWebKit/537.36 (KHTML, like Gecko) Chrome/89.0.4389.82 Safari/537.36"
185.58.53.32 - - [09/Mar/2021:16:49:59 +0100] "POST /axjaxrequest?mode=suggest HTTP/1.1" 200 21 "http://renault.activities.at/account" "Mozilla/5.0 (Windows NT 10.0; Win64; x64) AppleWebKit/537.36 (KHTML, like Gecko) Chrome/89.0.4389.82 Safari/537.36"
185.58.53.32 - - [09/Mar/2021:16:50:00 +0100] "GET /result?searchterm=true&search=Schrift HTTP/1.1" 200 8662 "http://renault.activities.at/account" "Mozilla/5.0 (Windows NT 10.0; Win64; x64) AppleWebKit/537.36 (KHTML, like Gecko) Chrome/89.0.4389.82 Safari/537.36"
185.58.53.32 - - [09/Mar/2021:16:50:04 +0100] "GET /js/prototip.js HTTP/1.1" 200 4588 "http://renault.activities.at/result?searchterm=true&search=Schrift" "Mozilla/5.0 (Windows NT 10.0; Win64; x64) AppleWebKit/537.36 (KHTML, like Gecko) Chrome/89.0.4389.82 Safari/537.36"
185.58.53.32 - - [09/Mar/2021:16:50:04 +0100] "GET /js/ProduktGrp.js HTTP/1.1" 200 1569 "http://renault.activities.at/result?searchterm=true&search=Schrift" "Mozilla/5.0 (Windows NT 10.0; Win64; x64) AppleWebKit/537.36 (KHTML, like Gecko) Chrome/89.0.4389.82 Safari/537.36"
185.58.53.32 - - [09/Mar/2021:16:50:04 +0100] "GET /images/loading.gif HTTP/1.1" 200 3208 "http://renault.activities.at/result?searchterm=true&search=Schrift" "Mozilla/5.0 (Windows NT 10.0; Win64; x64) AppleWebKit/537.36 (KHTML, like Gecko) Chrome/89.0.4389.82 Safari/537.36"
185.58.53.32 - - [09/Mar/2021:16:50:04 +0100] "GET /loadthumbnail.php?id=10260877&width=113 HTTP/1.1" 200 1170 "http://renault.activities.at/result?searchterm=true&search=Schrift" "Mozilla/5.0 (Windows NT 10.0; Win64; x64) AppleWebKit/537.36 (KHTML, like Gecko) Chrome/89.0.4389.82 Safari/537.36"
185.58.53.32 - - [09/Mar/2021:16:50:04 +0100] "GET /loadthumbnail.php?id=10203255 HTTP/1.1" 200 137 "http://renault.activities.at/result?searchterm=true&search=Schrift" "Mozilla/5.0 (Windows NT 10.0; Win64; x64) AppleWebKit/537.36 (KHTML, like Gecko) Chrome/89.0.4389.82 Safari/537.36"
185.58.53.32 - - [09/Mar/2021:16:50:04 +0100] "GET /loadthumbnail.php?id=11255648&width=113 HTTP/1.1" 200 1285 "http://renault.activities.at/result?searchterm=true&search=Schrift" "Mozilla/5.0 (Windows NT 10.0; Win64; x64) AppleWebKit/537.36 (KHTML, like Gecko) Chrome/89.0.4389.82 Safari/537.36"
185.58.53.32 - - [09/Mar/2021:16:50:04 +0100] "GET /loadthumbnail.php?id=10260863&width=113 HTTP/1.1" 200 1170 "http://renault.activities.at/result?searchterm=true&search=Schrift" "Mozilla/5.0 (Windows NT 10.0; Win64; x64) AppleWebKit/537.36 (KHTML, like Gecko) Chrome/89.0.4389.82 Safari/537.36"
185.58.53.32 - - [09/Mar/2021:16:50:04 +0100] "GET /loadthumbnail.php?id=10261230&width=113 HTTP/1.1" 200 1170 "http://renault.activities.at/result?searchterm=true&search=Schrift" "Mozilla/5.0 (Windows NT 10.0; Win64; x64) AppleWebKit/537.36 (KHTML, like Gecko) Chrome/89.0.4389.82 Safari/537.36"
185.58.53.32 - - [09/Mar/2021:16:50:04 +0100] "GET /loadthumbnail.php?id=11036127&width=113 HTTP/1.1" 200 1099 "http://renault.activities.at/result?searchterm=true&search=Schrift" "Mozilla/5.0 (Windows NT 10.0; Win64; x64) AppleWebKit/537.36 (KHTML, like Gecko) Chrome/89.0.4389.82 Safari/537.36"
185.58.53.32 - - [09/Mar/2021:16:50:04 +0100] "GET /images/vista-up.gif HTTP/1.1" 200 131 "http://renault.activities.at/css/styles.css" "Mozilla/5.0 (Windows NT 10.0; Win64; x64) AppleWebKit/537.36 (KHTML, like Gecko) Chrome/89.0.4389.82 Safari/537.36"
185.58.53.32 - - [09/Mar/2021:16:50:04 +0100] "GET /images/pager_bg.gif HTTP/1.1" 200 150 "http://renault.activities.at/css/styles.css" "Mozilla/5.0 (Windows NT 10.0; Win64; x64) AppleWebKit/537.36 (KHTML, like Gecko) Chrome/89.0.4389.82 Safari/537.36"
185.58.53.32 - - [09/Mar/2021:16:50:04 +0100] "GET /images/vista-dn.gif HTTP/1.1" 200 128 "http://renault.activities.at/css/styles.css" "Mozilla/5.0 (Windows NT 10.0; Win64; x64) AppleWebKit/537.36 (KHTML, like Gecko) Chrome/89.0.4389.82 Safari/537.36"
185.58.53.32 - - [09/Mar/2021:16:50:04 +0100] "GET /loadthumbnail.php?id=10260875&width=113 HTTP/1.1" 200 1170 "http://renault.activities.at/result?searchterm=true&search=Schrift" "Mozilla/5.0 (Windows NT 10.0; Win64; x64) AppleWebKit/537.36 (KHTML, like Gecko) Chrome/89.0.4389.82 Safari/537.36"
185.58.53.32 - - [09/Mar/2021:16:50:04 +0100] "GET /loadthumbnail.php?id=10260861&width=113 HTTP/1.1" 200 1170 "http://renault.activities.at/result?searchterm=true&search=Schrift" "Mozilla/5.0 (Windows NT 10.0; Win64; x64) AppleWebKit/537.36 (KHTML, like Gecko) Chrome/89.0.4389.82 Safari/537.36"
185.58.53.32 - - [09/Mar/2021:16:50:04 +0100] "GET /loadthumbnail.php?id=11036124&width=113 HTTP/1.1" 200 1328 "http://renault.activities.at/result?searchterm=true&search=Schrift" "Mozilla/5.0 (Windows NT 10.0; Win64; x64) AppleWebKit/537.36 (KHTML, like Gecko) Chrome/89.0.4389.82 Safari/537.36"
185.58.53.32 - - [09/Mar/2021:16:50:04 +0100] "GET /loadthumbnail.php?id=10260890&width=113 HTTP/1.1" 200 1170 "http://renault.activities.at/result?searchterm=true&search=Schrift" "Mozilla/5.0 (Windows NT 10.0; Win64; x64) AppleWebKit/537.36 (KHTML, like Gecko) Chrome/89.0.4389.82 Safari/537.36"
185.58.53.32 - - [09/Mar/2021:16:50:04 +0100] "GET /loadthumbnail.php?id=10203650&width=113 HTTP/1.1" 200 2741 "http://renault.activities.at/result?searchterm=true&search=Schrift" "Mozilla/5.0 (Windows NT 10.0; Win64; x64) AppleWebKit/537.36 (KHTML, like Gecko) Chrome/89.0.4389.82 Safari/537.36"
185.58.53.32 - - [09/Mar/2021:16:50:04 +0100] "GET /loadthumbnail.php?id=11036126&width=113 HTTP/1.1" 200 1377 "http://renault.activities.at/result?searchterm=true&search=Schrift" "Mozilla/5.0 (Windows NT 10.0; Win64; x64) AppleWebKit/537.36 (KHTML, like Gecko) Chrome/89.0.4389.82 Safari/537.36"
185.58.53.32 - - [09/Mar/2021:16:50:04 +0100] "GET /loadthumbnail.php?id=11243081&width=113 HTTP/1.1" 200 1218 "http://renault.activities.at/result?searchterm=true&search=Schrift" "Mozilla/5.0 (Windows NT 10.0; Win64; x64) AppleWebKit/537.36 (KHTML, like Gecko) Chrome/89.0.4389.82 Safari/537.36"
185.58.53.32 - - [09/Mar/2021:16:50:04 +0100] "GET /loadthumbnail.php?id=10995605&width=113 HTTP/1.1" 200 1252 "http://renault.activities.at/result?searchterm=true&search=Schrift" "Mozilla/5.0 (Windows NT 10.0; Win64; x64) AppleWebKit/537.36 (KHTML, like Gecko) Chrome/89.0.4389.82 Safari/537.36"
185.58.53.32 - - [09/Mar/2021:16:50:15 +0100] "POST /axjaxrequest?mode=suggest HTTP/1.1" 200 114 "http://renault.activities.at/result?searchterm=true&search=Schrift" "Mozilla/5.0 (Windows NT 10.0; Win64; x64) AppleWebKit/537.36 (KHTML, like Gecko) Chrome/89.0.4389.82 Safari/537.36"
185.58.53.32 - - [09/Mar/2021:16:50:17 +0100] "GET /result?searchterm=true&search=Vfw HTTP/1.1" 200 6434 "http://renault.activities.at/result?searchterm=true&search=Schrift" "Mozilla/5.0 (Windows NT 10.0; Win64; x64) AppleWebKit/537.36 (KHTML, like Gecko) Chrome/89.0.4389.82 Safari/537.36"
185.58.53.32 - - [09/Mar/2021:16:50:18 +0100] "GET /loadthumbnail.php?id=10768338&width=113 HTTP/1.1" 200 2677 "http://renault.activities.at/result?searchterm=true&search=Vfw" "Mozilla/5.0 (Windows NT 10.0; Win64; x64) AppleWebKit/537.36 (KHTML, like Gecko) Chrome/89.0.4389.82 Safari/537.36"
185.58.53.32 - - [09/Mar/2021:16:50:18 +0100] "GET /loadthumbnail.php?id=10768339&width=113 HTTP/1.1" 200 2677 "http://renault.activities.at/result?searchterm=true&search=Vfw" "Mozilla/5.0 (Windows NT 10.0; Win64; x64) AppleWebKit/537.36 (KHTML, like Gecko) Chrome/89.0.4389.82 Safari/537.36"
185.58.53.32 - - [09/Mar/2021:16:50:22 +0100] "GET /10201442 HTTP/1.1" 200 9108 "http://renault.activities.at/result?searchterm=true&search=Vfw" "Mozilla/5.0 (Windows NT 10.0; Win64; x64) AppleWebKit/537.36 (KHTML, like Gecko) Chrome/89.0.4389.82 Safari/537.36"
185.58.53.32 - - [09/Mar/2021:16:50:25 +0100] "GET /images/sub_title_bg.jpg HTTP/1.1" 200 314 "http://renault.activities.at/css/styles.css" "Mozilla/5.0 (Windows NT 10.0; Win64; x64) AppleWebKit/537.36 (KHTML, like Gecko) Chrome/89.0.4389.82 Safari/537.36"
185.58.53.32 - - [09/Mar/2021:16:50:25 +0100] "GET /loadthumbnail.php?id=10203276 HTTP/1.1" 200 75 "http://renault.activities.at/10201442" "Mozilla/5.0 (Windows NT 10.0; Win64; x64) AppleWebKit/537.36 (KHTML, like Gecko) Chrome/89.0.4389.82 Safari/537.36"
185.58.53.32 - - [09/Mar/2021:16:50:25 +0100] "GET /loadthumbnail.php?id=12329773&width=113 HTTP/1.1" 200 6402 "http://renault.activities.at/10201442" "Mozilla/5.0 (Windows NT 10.0; Win64; x64) AppleWebKit/537.36 (KHTML, like Gecko) Chrome/89.0.4389.82 Safari/537.36"
185.58.53.32 - - [09/Mar/2021:16:50:25 +0100] "GET /loadthumbnail.php?id=12329769&width=113 HTTP/1.1" 200 6281 "http://renault.activities.at/10201442" "Mozilla/5.0 (Windows NT 10.0; Win64; x64) AppleWebKit/537.36 (KHTML, like Gecko) Chrome/89.0.4389.82 Safari/537.36"
185.58.53.32 - - [09/Mar/2021:16:50:25 +0100] "GET /loadthumbnail.php?id=12329380&width=113 HTTP/1.1" 200 6136 "http://renault.activities.at/10201442" "Mozilla/5.0 (Windows NT 10.0; Win64; x64) AppleWebKit/537.36 (KHTML, like Gecko) Chrome/89.0.4389.82 Safari/537.36"
185.58.53.32 - - [09/Mar/2021:16:50:25 +0100] "GET /loadthumbnail.php?id=12329777&width=113 HTTP/1.1" 200 5924 "http://renault.activities.at/10201442" "Mozilla/5.0 (Windows NT 10.0; Win64; x64) AppleWebKit/537.36 (KHTML, like Gecko) Chrome/89.0.4389.82 Safari/537.36"
185.58.53.32 - - [09/Mar/2021:16:50:25 +0100] "GET /loadthumbnail.php?id=12329742&width=113 HTTP/1.1" 200 6011 "http://renault.activities.at/10201442" "Mozilla/5.0 (Windows NT 10.0; Win64; x64) AppleWebKit/537.36 (KHTML, like Gecko) Chrome/89.0.4389.82 Safari/537.36"
185.58.53.32 - - [09/Mar/2021:16:50:26 +0100] "GET /loadthumbnail.php?id=12329388&width=113 HTTP/1.1" 200 6391 "http://renault.activities.at/10201442" "Mozilla/5.0 (Windows NT 10.0; Win64; x64) AppleWebKit/537.36 (KHTML, like Gecko) Chrome/89.0.4389.82 Safari/537.36"
185.58.53.32 - - [09/Mar/2021:16:50:26 +0100] "GET /loadthumbnail.php?id=12329754&width=113 HTTP/1.1" 200 6497 "http://renault.activities.at/10201442" "Mozilla/5.0 (Windows NT 10.0; Win64; x64) AppleWebKit/537.36 (KHTML, like Gecko) Chrome/89.0.4389.82 Safari/537.36"
185.58.53.32 - - [09/Mar/2021:16:50:26 +0100] "GET /loadthumbnail.php?id=12329765&width=113 HTTP/1.1" 200 6417 "http://renault.activities.at/10201442" "Mozilla/5.0 (Windows NT 10.0; Win64; x64) AppleWebKit/537.36 (KHTML, like Gecko) Chrome/89.0.4389.82 Safari/537.36"
185.58.53.32 - - [09/Mar/2021:16:50:26 +0100] "GET /loadthumbnail.php?id=12329384&width=113 HTTP/1.1" 200 6523 "http://renault.activities.at/10201442" "Mozilla/5.0 (Windows NT 10.0; Win64; x64) AppleWebKit/537.36 (KHTML, like Gecko) Chrome/89.0.4389.82 Safari/537.36"
185.58.53.32 - - [09/Mar/2021:16:50:26 +0100] "GET /loadthumbnail.php?id=12329758&width=113 HTTP/1.1" 200 6291 "http://renault.activities.at/10201442" "Mozilla/5.0 (Windows NT 10.0; Win64; x64) AppleWebKit/537.36 (KHTML, like Gecko) Chrome/89.0.4389.82 Safari/537.36"
185.58.53.32 - - [09/Mar/2021:16:50:26 +0100] "GET /loadthumbnail.php?id=12329750&width=113 HTTP/1.1" 200 6710 "http://renault.activities.at/10201442" "Mozilla/5.0 (Windows NT 10.0; Win64; x64) AppleWebKit/537.36 (KHTML, like Gecko) Chrome/89.0.4389.82 Safari/537.36"
185.58.53.32 - - [09/Mar/2021:16:50:26 +0100] "GET /loadthumbnail.php?id=12329395&width=113 HTTP/1.1" 200 6279 "http://renault.activities.at/10201442" "Mozilla/5.0 (Windows NT 10.0; Win64; x64) AppleWebKit/537.36 (KHTML, like Gecko) Chrome/89.0.4389.82 Safari/537.36"
185.58.53.32 - - [09/Mar/2021:16:50:26 +0100] "GET /loadthumbnail.php?id=12138224&width=113 HTTP/1.1" 200 3427 "http://renault.activities.at/10201442" "Mozilla/5.0 (Windows NT 10.0; Win64; x64) AppleWebKit/537.36 (KHTML, like Gecko) Chrome/89.0.4389.82 Safari/537.36"
185.58.53.32 - - [09/Mar/2021:16:50:26 +0100] "GET /loadthumbnail.php?id=12037190&width=113 HTTP/1.1" 200 19857 "http://renault.activities.at/10201442" "Mozilla/5.0 (Windows NT 10.0; Win64; x64) AppleWebKit/537.36 (KHTML, like Gecko) Chrome/89.0.4389.82 Safari/537.36"
185.58.53.32 - - [09/Mar/2021:16:50:26 +0100] "GET /loadthumbnail.php?id=12328871&width=113 HTTP/1.1" 200 3047 "http://renault.activities.at/10201442" "Mozilla/5.0 (Windows NT 10.0; Win64; x64) AppleWebKit/537.36 (KHTML, like Gecko) Chrome/89.0.4389.82 Safari/537.36"
185.58.53.32 - - [09/Mar/2021:16:50:28 +0100] "GET /10201442?dir=DESC&mode=grid&order=name&limit=15&page=4 HTTP/1.1" 200 9066 "http://renault.activities.at/10201442" "Mozilla/5.0 (Windows NT 10.0; Win64; x64) AppleWebKit/537.36 (KHTML, like Gecko) Chrome/89.0.4389.82 Safari/537.36"
185.58.53.32 - - [09/Mar/2021:16:50:32 +0100] "GET /loadthumbnail.php?id=10203275 HTTP/1.1" 200 85 "http://renault.activities.at/10201442?dir=DESC&mode=grid&order=name&limit=15&page=4" "Mozilla/5.0 (Windows NT 10.0; Win64; x64) AppleWebKit/537.36 (KHTML, like Gecko) Chrome/89.0.4389.82 Safari/537.36"
185.58.53.32 - - [09/Mar/2021:16:50:32 +0100] "GET /loadthumbnail.php?id=12198625&width=113 HTTP/1.1" 200 1975 "http://renault.activities.at/10201442?dir=DESC&mode=grid&order=name&limit=15&page=4" "Mozilla/5.0 (Windows NT 10.0; Win64; x64) AppleWebKit/537.36 (KHTML, like Gecko) Chrome/89.0.4389.82 Safari/537.36"
185.58.53.32 - - [09/Mar/2021:16:50:32 +0100] "GET /loadthumbnail.php?id=12198633&width=113 HTTP/1.1" 200 1975 "http://renault.activities.at/10201442?dir=DESC&mode=grid&order=name&limit=15&page=4" "Mozilla/5.0 (Windows NT 10.0; Win64; x64) AppleWebKit/537.36 (KHTML, like Gecko) Chrome/89.0.4389.82 Safari/537.36"
185.58.53.32 - - [09/Mar/2021:16:50:32 +0100] "GET /loadthumbnail.php?id=12198629&width=113 HTTP/1.1" 200 1975 "http://renault.activities.at/10201442?dir=DESC&mode=grid&order=name&limit=15&page=4" "Mozilla/5.0 (Windows NT 10.0; Win64; x64) AppleWebKit/537.36 (KHTML, like Gecko) Chrome/89.0.4389.82 Safari/537.36"
185.58.53.32 - - [09/Mar/2021:16:50:32 +0100] "GET /loadthumbnail.php?id=12273155&width=113 HTTP/1.1" 200 1895 "http://renault.activities.at/10201442?dir=DESC&mode=grid&order=name&limit=15&page=4" "Mozilla/5.0 (Windows NT 10.0; Win64; x64) AppleWebKit/537.36 (KHTML, like Gecko) Chrome/89.0.4389.82 Safari/537.36"
185.58.53.32 - - [09/Mar/2021:16:50:32 +0100] "GET /loadthumbnail.php?id=12273156&width=113 HTTP/1.1" 200 1895 "http://renault.activities.at/10201442?dir=DESC&mode=grid&order=name&limit=15&page=4" "Mozilla/5.0 (Windows NT 10.0; Win64; x64) AppleWebKit/537.36 (KHTML, like Gecko) Chrome/89.0.4389.82 Safari/537.36"
185.58.53.32 - - [09/Mar/2021:16:50:32 +0100] "GET /loadthumbnail.php?id=12273142&width=113 HTTP/1.1" 200 1895 "http://renault.activities.at/10201442?dir=DESC&mode=grid&order=name&limit=15&page=4" "Mozilla/5.0 (Windows NT 10.0; Win64; x64) AppleWebKit/537.36 (KHTML, like Gecko) Chrome/89.0.4389.82 Safari/537.36"
185.58.53.32 - - [09/Mar/2021:16:50:32 +0100] "GET /loadthumbnail.php?id=11181187&width=113 HTTP/1.1" 200 1532 "http://renault.activities.at/10201442?dir=DESC&mode=grid&order=name&limit=15&page=4" "Mozilla/5.0 (Windows NT 10.0; Win64; x64) AppleWebKit/537.36 (KHTML, like Gecko) Chrome/89.0.4389.82 Safari/537.36"
185.58.53.32 - - [09/Mar/2021:16:50:32 +0100] "GET /loadthumbnail.php?id=11181185&width=113 HTTP/1.1" 200 1532 "http://renault.activities.at/10201442?dir=DESC&mode=grid&order=name&limit=15&page=4" "Mozilla/5.0 (Windows NT 10.0; Win64; x64) AppleWebKit/537.36 (KHTML, like Gecko) Chrome/89.0.4389.82 Safari/537.36"
185.58.53.32 - - [09/Mar/2021:16:50:32 +0100] "GET /loadthumbnail.php?id=11181180&width=113 HTTP/1.1" 200 1834 "http://renault.activities.at/10201442?dir=DESC&mode=grid&order=name&limit=15&page=4" "Mozilla/5.0 (Windows NT 10.0; Win64; x64) AppleWebKit/537.36 (KHTML, like Gecko) Chrome/89.0.4389.82 Safari/537.36"
185.58.53.32 - - [09/Mar/2021:16:50:32 +0100] "GET /loadthumbnail.php?id=11186502&width=113 HTTP/1.1" 200 2016 "http://renault.activities.at/10201442?dir=DESC&mode=grid&order=name&limit=15&page=4" "Mozilla/5.0 (Windows NT 10.0; Win64; x64) AppleWebKit/537.36 (KHTML, like Gecko) Chrome/89.0.4389.82 Safari/537.36"
185.58.53.32 - - [09/Mar/2021:16:50:32 +0100] "GET /loadthumbnail.php?id=11181178&width=113 HTTP/1.1" 200 1834 "http://renault.activities.at/10201442?dir=DESC&mode=grid&order=name&limit=15&page=4" "Mozilla/5.0 (Windows NT 10.0; Win64; x64) AppleWebKit/537.36 (KHTML, like Gecko) Chrome/89.0.4389.82 Safari/537.36"
185.58.53.32 - - [09/Mar/2021:16:50:32 +0100] "GET /loadthumbnail.php?id=11195848&width=113 HTTP/1.1" 200 2016 "http://renault.activities.at/10201442?dir=DESC&mode=grid&order=name&limit=15&page=4" "Mozilla/5.0 (Windows NT 10.0; Win64; x64) AppleWebKit/537.36 (KHTML, like Gecko) Chrome/89.0.4389.82 Safari/537.36"
185.58.53.32 - - [09/Mar/2021:16:50:32 +0100] "GET /loadthumbnail.php?id=11186498&width=113 HTTP/1.1" 200 2016 "http://renault.activities.at/10201442?dir=DESC&mode=grid&order=name&limit=15&page=4" "Mozilla/5.0 (Windows NT 10.0; Win64; x64) AppleWebKit/537.36 (KHTML, like Gecko) Chrome/89.0.4389.82 Safari/537.36"
185.58.53.32 - - [09/Mar/2021:16:50:36 +0100] "GET /images/vista-up-hover.gif HTTP/1.1" 200 130 "http://renault.activities.at/css/styles.css" "Mozilla/5.0 (Windows NT 10.0; Win64; x64) AppleWebKit/537.36 (KHTML, like Gecko) Chrome/89.0.4389.82 Safari/537.36"
185.58.53.32 - - [09/Mar/2021:16:50:50 +0100] "GET /css/themes/alphacube/top_mid.gif HTTP/1.1" 200 833 "http://renault.activities.at/css/themes/alphacube.css" "Mozilla/5.0 (Windows NT 10.0; Win64; x64) AppleWebKit/537.36 (KHTML, like Gecko) Chrome/89.0.4389.82 Safari/537.36"
185.58.53.32 - - [09/Mar/2021:16:50:50 +0100] "GET /css/themes/alphacube/bottom_middle.gif HTTP/1.1" 200 44 "http://renault.activities.at/css/themes/alphacube.css" "Mozilla/5.0 (Windows NT 10.0; Win64; x64) AppleWebKit/537.36 (KHTML, like Gecko) Chrome/89.0.4389.82 Safari/537.36"
185.58.53.32 - - [09/Mar/2021:16:50:50 +0100] "GET /css/themes/alphacube/frame_right.gif HTTP/1.1" 200 64 "http://renault.activities.at/css/themes/alphacube.css" "Mozilla/5.0 (Windows NT 10.0; Win64; x64) AppleWebKit/537.36 (KHTML, like Gecko) Chrome/89.0.4389.82 Safari/537.36"
185.58.53.32 - - [09/Mar/2021:16:50:50 +0100] "GET /css/themes/alphacube/frame_left.gif HTTP/1.1" 200 64 "http://renault.activities.at/css/themes/alphacube.css" "Mozilla/5.0 (Windows NT 10.0; Win64; x64) AppleWebKit/537.36 (KHTML, like Gecko) Chrome/89.0.4389.82 Safari/537.36"
185.58.53.32 - - [09/Mar/2021:16:50:50 +0100] "GET /css/themes/alphacube/button-close-focus.gif HTTP/1.1" 200 699 "http://renault.activities.at/css/themes/alphacube.css" "Mozilla/5.0 (Windows NT 10.0; Win64; x64) AppleWebKit/537.36 (KHTML, like Gecko) Chrome/89.0.4389.82 Safari/537.36"
185.58.53.32 - - [09/Mar/2021:16:50:50 +0100] "GET /css/themes/alphacube/top_left.gif HTTP/1.1" 200 973 "http://renault.activities.at/css/themes/alphacube.css" "Mozilla/5.0 (Windows NT 10.0; Win64; x64) AppleWebKit/537.36 (KHTML, like Gecko) Chrome/89.0.4389.82 Safari/537.36"
185.58.53.32 - - [09/Mar/2021:16:50:50 +0100] "GET /css/themes/alphacube/top_right.gif HTTP/1.1" 200 972 "http://renault.activities.at/css/themes/alphacube.css" "Mozilla/5.0 (Windows NT 10.0; Win64; x64) AppleWebKit/537.36 (KHTML, like Gecko) Chrome/89.0.4389.82 Safari/537.36"
185.58.53.32 - - [09/Mar/2021:16:50:50 +0100] "GET /css/themes/alphacube/bottom_left-c.gif HTTP/1.1" 200 62 "http://renault.activities.at/css/themes/alphacube.css" "Mozilla/5.0 (Windows NT 10.0; Win64; x64) AppleWebKit/537.36 (KHTML, like Gecko) Chrome/89.0.4389.82 Safari/537.36"
185.58.53.32 - - [09/Mar/2021:16:50:50 +0100] "GET /css/themes/alphacube/bottom_right-c.gif HTTP/1.1" 200 62 "http://renault.activities.at/css/themes/alphacube.css" "Mozilla/5.0 (Windows NT 10.0; Win64; x64) AppleWebKit/537.36 (KHTML, like Gecko) Chrome/89.0.4389.82 Safari/537.36"
185.58.53.32 - - [09/Mar/2021:16:50:50 +0100] "GET /12198630?print=true HTTP/1.1" 200 2925 "http://renault.activities.at/10201442?dir=DESC&mode=grid&order=name&limit=15&page=4" "Mozilla/5.0 (Windows NT 10.0; Win64; x64) AppleWebKit/537.36 (KHTML, like Gecko) Chrome/89.0.4389.82 Safari/537.36"
185.58.53.32 - - [09/Mar/2021:16:50:52 +0100] "GET /js/magiczoom/magiczoom.css HTTP/1.1" 200 1210 "http://renault.activities.at/12198630?print=true" "Mozilla/5.0 (Windows NT 10.0; Win64; x64) AppleWebKit/537.36 (KHTML, like Gecko) Chrome/89.0.4389.82 Safari/537.36"
185.58.53.32 - - [09/Mar/2021:16:50:52 +0100] "GET /js/Produkt.js HTTP/1.1" 200 852 "http://renault.activities.at/12198630?print=true" "Mozilla/5.0 (Windows NT 10.0; Win64; x64) AppleWebKit/537.36 (KHTML, like Gecko) Chrome/89.0.4389.82 Safari/537.36"
185.58.53.32 - - [09/Mar/2021:16:50:52 +0100] "GET /js/magiczoom/magiczoom.js HTTP/1.1" 200 26397 "http://renault.activities.at/12198630?print=true" "Mozilla/5.0 (Windows NT 10.0; Win64; x64) AppleWebKit/537.36 (KHTML, like Gecko) Chrome/89.0.4389.82 Safari/537.36"
185.58.53.32 - - [09/Mar/2021:16:50:52 +0100] "GET /js/tabs.js HTTP/1.1" 200 519 "http://renault.activities.at/12198630?print=true" "Mozilla/5.0 (Windows NT 10.0; Win64; x64) AppleWebKit/537.36 (KHTML, like Gecko) Chrome/89.0.4389.82 Safari/537.36"
185.58.53.32 - - [09/Mar/2021:16:50:53 +0100] "GET /images/tabs_corner_left_bot.gif HTTP/1.1" 200 98 "http://renault.activities.at/css/styles.css" "Mozilla/5.0 (Windows NT 10.0; Win64; x64) AppleWebKit/537.36 (KHTML, like Gecko) Chrome/89.0.4389.82 Safari/537.36"
185.58.53.32 - - [09/Mar/2021:16:50:53 +0100] "GET /images/tabs_corner_right_bot.gif HTTP/1.1" 200 99 "http://renault.activities.at/css/styles.css" "Mozilla/5.0 (Windows NT 10.0; Win64; x64) AppleWebKit/537.36 (KHTML, like Gecko) Chrome/89.0.4389.82 Safari/537.36"
185.58.53.32 - - [09/Mar/2021:16:50:53 +0100] "GET /images/tabs_button_corner_left_top_active.gif HTTP/1.1" 200 138 "http://renault.activities.at/css/styles.css" "Mozilla/5.0 (Windows NT 10.0; Win64; x64) AppleWebKit/537.36 (KHTML, like Gecko) Chrome/89.0.4389.82 Safari/537.36"
185.58.53.32 - - [09/Mar/2021:16:50:53 +0100] "GET /images/tabs_button_corner_right_top_active.gif HTTP/1.1" 200 136 "http://renault.activities.at/css/styles.css" "Mozilla/5.0 (Windows NT 10.0; Win64; x64) AppleWebKit/537.36 (KHTML, like Gecko) Chrome/89.0.4389.82 Safari/537.36"
185.58.53.32 - - [09/Mar/2021:16:50:53 +0100] "GET /images/tabs_border.gif HTTP/1.1" 200 43 "http://renault.activities.at/css/styles.css" "Mozilla/5.0 (Windows NT 10.0; Win64; x64) AppleWebKit/537.36 (KHTML, like Gecko) Chrome/89.0.4389.82 Safari/537.36"
185.58.53.32 - - [09/Mar/2021:16:50:53 +0100] "GET /images/tabs_corner_left_top.gif HTTP/1.1" 200 99 "http://renault.activities.at/css/styles.css" "Mozilla/5.0 (Windows NT 10.0; Win64; x64) AppleWebKit/537.36 (KHTML, like Gecko) Chrome/89.0.4389.82 Safari/537.36"
185.58.53.32 - - [09/Mar/2021:16:50:53 +0100] "GET /images/tabs_corner_right_top.gif HTTP/1.1" 200 98 "http://renault.activities.at/css/styles.css" "Mozilla/5.0 (Windows NT 10.0; Win64; x64) AppleWebKit/537.36 (KHTML, like Gecko) Chrome/89.0.4389.82 Safari/537.36"
185.58.53.32 - - [09/Mar/2021:16:50:52 +0100] "GET /loadthumbnail.php?id=12198633&width=250 HTTP/1.1" 200 5514 "http://renault.activities.at/12198630?print=true" "Mozilla/5.0 (Windows NT 10.0; Win64; x64) AppleWebKit/537.36 (KHTML, like Gecko) Chrome/89.0.4389.82 Safari/537.36"
185.58.53.32 - - [09/Mar/2021:16:50:53 +0100] "GET /loadthumbnail.php?id=12198633&width=900&height=900 HTTP/1.1" 200 35576 "http://renault.activities.at/12198630?print=true" "Mozilla/5.0 (Windows NT 10.0; Win64; x64) AppleWebKit/537.36 (KHTML, like Gecko) Chrome/89.0.4389.82 Safari/537.36"
185.58.53.32 - - [09/Mar/2021:16:50:53 +0100] "GET /js/magiczoom/graphics/hint.gif HTTP/1.1" 200 73 "http://renault.activities.at/js/magiczoom/magiczoom.css" "Mozilla/5.0 (Windows NT 10.0; Win64; x64) AppleWebKit/537.36 (KHTML, like Gecko) Chrome/89.0.4389.82 Safari/537.36"
185.58.53.32 - - [09/Mar/2021:16:50:53 +0100] "GET /js/magiczoom/graphics/zoomin.cur HTTP/1.1" 200 326 "http://renault.activities.at/js/magiczoom/magiczoom.css" "Mozilla/5.0 (Windows NT 10.0; Win64; x64) AppleWebKit/537.36 (KHTML, like Gecko) Chrome/89.0.4389.82 Safari/537.36"
80.122.221.194 - - [09/Mar/2021:16:50:56 +0100] "GET /reload?ser=1615305056158 HTTP/1.1" 200 28 "http://renault.activities.at/result?mode=list&search=NoVA" "Mozilla/5.0 (Windows NT 10.0; Win64; x64) AppleWebKit/537.36 (KHTML, like Gecko) Chrome/88.0.4324.150 Safari/537.36 Edg/88.0.705.63"
82.135.5.126 - - [09/Mar/2021:16:50:56 +0100] "GET /reload?ser=1615305056299 HTTP/1.1" 200 28 "http://renault.activities.at/result?searchterm=true&search=REH163" "Mozilla/5.0 (Windows NT 10.0; WOW64; Trident/7.0; rv:11.0) like Gecko"
80.122.221.194 - - [09/Mar/2021:16:50:57 +0100] "GET /reload?ser=1615305056158 HTTP/1.1" 200 28 "http://renault.activities.at/success" "Mozilla/5.0 (Windows NT 10.0; Win64; x64) AppleWebKit/537.36 (KHTML, like Gecko) Chrome/88.0.4324.150 Safari/537.36 Edg/88.0.705.63"
