80.123.225.38 - - [09/Mar/2021:15:10:01 +0100] "GET /reload?ser=1615299001516 HTTP/1.1" 200 28 "http://renault.activities.at/success" "Mozilla/5.0 (Windows NT 6.1; WOW64; Trident/7.0; rv:11.0) like Gecko"
80.122.221.194 - - [09/Mar/2021:15:10:13 +0100] "GET /reload?ser=1615299013155 HTTP/1.1" 200 28 "http://renault.activities.at/result?mode=list&search=NoVA" "Mozilla/5.0 (Windows NT 10.0; Win64; x64) AppleWebKit/537.36 (KHTML, like Gecko) Chrome/88.0.4324.150 Safari/537.36 Edg/88.0.705.63"
80.122.221.194 - - [09/Mar/2021:15:10:14 +0100] "GET /reload?ser=1615299014153 HTTP/1.1" 200 28 "http://renault.activities.at/success" "Mozilla/5.0 (Windows NT 10.0; Win64; x64) AppleWebKit/537.36 (KHTML, like Gecko) Chrome/88.0.4324.150 Safari/537.36 Edg/88.0.705.63"
82.135.5.126 - - [09/Mar/2021:15:10:15 +0100] "GET /reload?ser=1615299015011 HTTP/1.1" 200 28 "http://renault.activities.at/result?searchterm=true&search=REH163" "Mozilla/5.0 (Windows NT 10.0; WOW64; Trident/7.0; rv:11.0) like Gecko"
81.217.229.117 - - [09/Mar/2021:15:10:25 +0100] "GET /reload?ser=1615299024992 HTTP/1.1" 200 28 "http://renault.2web.at/10201636" "Mozilla/5.0 (Windows NT 10.0; Win64; x64) AppleWebKit/537.36 (KHTML, like Gecko) Chrome/89.0.4389.82 Safari/537.36"
193.194.132.24 - - [09/Mar/2021:15:10:33 +0100] "GET /reload?ser=1615299033135 HTTP/1.1" 200 28 "http://renault.2web.at/result?searchterm=true&search=mobilit%E4t" "Mozilla/5.0 (Windows NT 10.0; Win64; x64) AppleWebKit/537.36 (KHTML, like Gecko) Chrome/88.0.4324.190 Safari/537.36"
80.123.225.38 - - [09/Mar/2021:15:11:02 +0100] "GET /reload?ser=1615299062526 HTTP/1.1" 200 28 "http://renault.activities.at/success" "Mozilla/5.0 (Windows NT 6.1; WOW64; Trident/7.0; rv:11.0) like Gecko"
80.122.221.194 - - [09/Mar/2021:15:11:14 +0100] "GET /reload?ser=1615299074142 HTTP/1.1" 200 28 "http://renault.activities.at/result?mode=list&search=NoVA" "Mozilla/5.0 (Windows NT 10.0; Win64; x64) AppleWebKit/537.36 (KHTML, like Gecko) Chrome/88.0.4324.150 Safari/537.36 Edg/88.0.705.63"
80.122.221.194 - - [09/Mar/2021:15:11:15 +0100] "GET /reload?ser=1615299075143 HTTP/1.1" 200 28 "http://renault.activities.at/success" "Mozilla/5.0 (Windows NT 10.0; Win64; x64) AppleWebKit/537.36 (KHTML, like Gecko) Chrome/88.0.4324.150 Safari/537.36 Edg/88.0.705.63"
82.135.5.126 - - [09/Mar/2021:15:11:16 +0100] "GET /reload?ser=1615299076041 HTTP/1.1" 200 28 "http://renault.activities.at/result?searchterm=true&search=REH163" "Mozilla/5.0 (Windows NT 10.0; WOW64; Trident/7.0; rv:11.0) like Gecko"
81.217.229.117 - - [09/Mar/2021:15:11:26 +0100] "GET /reload?ser=1615299085992 HTTP/1.1" 200 28 "http://renault.2web.at/10201636" "Mozilla/5.0 (Windows NT 10.0; Win64; x64) AppleWebKit/537.36 (KHTML, like Gecko) Chrome/89.0.4389.82 Safari/537.36"
193.194.132.24 - - [09/Mar/2021:15:11:35 +0100] "GET /reload?ser=1615299095137 HTTP/1.1" 200 28 "http://renault.2web.at/result?searchterm=true&search=mobilit%E4t" "Mozilla/5.0 (Windows NT 10.0; Win64; x64) AppleWebKit/537.36 (KHTML, like Gecko) Chrome/88.0.4324.190 Safari/537.36"
80.123.225.38 - - [09/Mar/2021:15:12:03 +0100] "GET /reload?ser=1615299123488 HTTP/1.1" 200 28 "http://renault.activities.at/success" "Mozilla/5.0 (Windows NT 6.1; WOW64; Trident/7.0; rv:11.0) like Gecko"
80.122.221.194 - - [09/Mar/2021:15:12:15 +0100] "GET /reload?ser=1615299135147 HTTP/1.1" 200 28 "http://renault.activities.at/result?mode=list&search=NoVA" "Mozilla/5.0 (Windows NT 10.0; Win64; x64) AppleWebKit/537.36 (KHTML, like Gecko) Chrome/88.0.4324.150 Safari/537.36 Edg/88.0.705.63"
80.122.221.194 - - [09/Mar/2021:15:12:16 +0100] "GET /reload?ser=1615299136157 HTTP/1.1" 200 28 "http://renault.activities.at/success" "Mozilla/5.0 (Windows NT 10.0; Win64; x64) AppleWebKit/537.36 (KHTML, like Gecko) Chrome/88.0.4324.150 Safari/537.36 Edg/88.0.705.63"
82.135.5.126 - - [09/Mar/2021:15:12:17 +0100] "GET /reload?ser=1615299137058 HTTP/1.1" 200 28 "http://renault.activities.at/result?searchterm=true&search=REH163" "Mozilla/5.0 (Windows NT 10.0; WOW64; Trident/7.0; rv:11.0) like Gecko"
81.217.229.117 - - [09/Mar/2021:15:12:27 +0100] "GET /reload?ser=1615299146992 HTTP/1.1" 200 28 "http://renault.2web.at/10201636" "Mozilla/5.0 (Windows NT 10.0; Win64; x64) AppleWebKit/537.36 (KHTML, like Gecko) Chrome/89.0.4389.82 Safari/537.36"
193.194.132.24 - - [09/Mar/2021:15:12:37 +0100] "GET /reload?ser=1615299157141 HTTP/1.1" 200 28 "http://renault.2web.at/result?searchterm=true&search=mobilit%E4t" "Mozilla/5.0 (Windows NT 10.0; Win64; x64) AppleWebKit/537.36 (KHTML, like Gecko) Chrome/88.0.4324.190 Safari/537.36"
80.123.225.38 - - [09/Mar/2021:15:13:04 +0100] "GET /reload?ser=1615299184451 HTTP/1.1" 200 28 "http://renault.activities.at/success" "Mozilla/5.0 (Windows NT 6.1; WOW64; Trident/7.0; rv:11.0) like Gecko"
80.122.221.194 - - [09/Mar/2021:15:13:16 +0100] "GET /reload?ser=1615299196142 HTTP/1.1" 200 28 "http://renault.activities.at/result?mode=list&search=NoVA" "Mozilla/5.0 (Windows NT 10.0; Win64; x64) AppleWebKit/537.36 (KHTML, like Gecko) Chrome/88.0.4324.150 Safari/537.36 Edg/88.0.705.63"
80.122.221.194 - - [09/Mar/2021:15:13:17 +0100] "GET /reload?ser=1615299197154 HTTP/1.1" 200 28 "http://renault.activities.at/success" "Mozilla/5.0 (Windows NT 10.0; Win64; x64) AppleWebKit/537.36 (KHTML, like Gecko) Chrome/88.0.4324.150 Safari/537.36 Edg/88.0.705.63"
82.135.5.126 - - [09/Mar/2021:15:13:18 +0100] "GET /reload?ser=1615299198025 HTTP/1.1" 200 28 "http://renault.activities.at/result?searchterm=true&search=REH163" "Mozilla/5.0 (Windows NT 10.0; WOW64; Trident/7.0; rv:11.0) like Gecko"
81.217.229.117 - - [09/Mar/2021:15:13:28 +0100] "GET /reload?ser=1615299207991 HTTP/1.1" 200 28 "http://renault.2web.at/10201636" "Mozilla/5.0 (Windows NT 10.0; Win64; x64) AppleWebKit/537.36 (KHTML, like Gecko) Chrome/89.0.4389.82 Safari/537.36"
193.194.132.24 - - [09/Mar/2021:15:13:39 +0100] "GET /reload?ser=1615299219143 HTTP/1.1" 200 28 "http://renault.2web.at/result?searchterm=true&search=mobilit%E4t" "Mozilla/5.0 (Windows NT 10.0; Win64; x64) AppleWebKit/537.36 (KHTML, like Gecko) Chrome/88.0.4324.190 Safari/537.36"
80.123.225.38 - - [09/Mar/2021:15:14:05 +0100] "GET /reload?ser=1615299245445 HTTP/1.1" 200 28 "http://renault.activities.at/success" "Mozilla/5.0 (Windows NT 6.1; WOW64; Trident/7.0; rv:11.0) like Gecko"
80.122.221.194 - - [09/Mar/2021:15:14:17 +0100] "GET /reload?ser=1615299257146 HTTP/1.1" 200 28 "http://renault.activities.at/result?mode=list&search=NoVA" "Mozilla/5.0 (Windows NT 10.0; Win64; x64) AppleWebKit/537.36 (KHTML, like Gecko) Chrome/88.0.4324.150 Safari/537.36 Edg/88.0.705.63"
80.122.221.194 - - [09/Mar/2021:15:14:18 +0100] "GET /reload?ser=1615299258147 HTTP/1.1" 200 28 "http://renault.activities.at/success" "Mozilla/5.0 (Windows NT 10.0; Win64; x64) AppleWebKit/537.36 (KHTML, like Gecko) Chrome/88.0.4324.150 Safari/537.36 Edg/88.0.705.63"
82.135.5.126 - - [09/Mar/2021:15:14:19 +0100] "GET /reload?ser=1615299258968 HTTP/1.1" 200 28 "http://renault.activities.at/result?searchterm=true&search=REH163" "Mozilla/5.0 (Windows NT 10.0; WOW64; Trident/7.0; rv:11.0) like Gecko"
81.217.229.117 - - [09/Mar/2021:15:14:29 +0100] "GET /reload?ser=1615299268992 HTTP/1.1" 200 28 "http://renault.2web.at/10201636" "Mozilla/5.0 (Windows NT 10.0; Win64; x64) AppleWebKit/537.36 (KHTML, like Gecko) Chrome/89.0.4389.82 Safari/537.36"
193.194.132.24 - - [09/Mar/2021:15:14:41 +0100] "GET /reload?ser=1615299281147 HTTP/1.1" 200 28 "http://renault.2web.at/result?searchterm=true&search=mobilit%E4t" "Mozilla/5.0 (Windows NT 10.0; Win64; x64) AppleWebKit/537.36 (KHTML, like Gecko) Chrome/88.0.4324.190 Safari/537.36"
80.123.225.38 - - [09/Mar/2021:15:15:06 +0100] "GET /reload?ser=1615299306422 HTTP/1.1" 200 28 "http://renault.activities.at/success" "Mozilla/5.0 (Windows NT 6.1; WOW64; Trident/7.0; rv:11.0) like Gecko"
80.122.221.194 - - [09/Mar/2021:15:15:18 +0100] "GET /reload?ser=1615299318156 HTTP/1.1" 200 28 "http://renault.activities.at/result?mode=list&search=NoVA" "Mozilla/5.0 (Windows NT 10.0; Win64; x64) AppleWebKit/537.36 (KHTML, like Gecko) Chrome/88.0.4324.150 Safari/537.36 Edg/88.0.705.63"
80.122.221.194 - - [09/Mar/2021:15:15:19 +0100] "GET /reload?ser=1615299319142 HTTP/1.1" 200 28 "http://renault.activities.at/success" "Mozilla/5.0 (Windows NT 10.0; Win64; x64) AppleWebKit/537.36 (KHTML, like Gecko) Chrome/88.0.4324.150 Safari/537.36 Edg/88.0.705.63"
82.135.5.126 - - [09/Mar/2021:15:15:20 +0100] "GET /reload?ser=1615299319972 HTTP/1.1" 200 28 "http://renault.activities.at/result?searchterm=true&search=REH163" "Mozilla/5.0 (Windows NT 10.0; WOW64; Trident/7.0; rv:11.0) like Gecko"
81.217.229.117 - - [09/Mar/2021:15:15:30 +0100] "GET /reload?ser=1615299329993 HTTP/1.1" 200 28 "http://renault.2web.at/10201636" "Mozilla/5.0 (Windows NT 10.0; Win64; x64) AppleWebKit/537.36 (KHTML, like Gecko) Chrome/89.0.4389.82 Safari/537.36"
193.194.132.24 - - [09/Mar/2021:15:15:43 +0100] "GET /reload?ser=1615299343153 HTTP/1.1" 200 28 "http://renault.2web.at/result?searchterm=true&search=mobilit%E4t" "Mozilla/5.0 (Windows NT 10.0; Win64; x64) AppleWebKit/537.36 (KHTML, like Gecko) Chrome/88.0.4324.190 Safari/537.36"
80.123.225.38 - - [09/Mar/2021:15:16:07 +0100] "GET /reload?ser=1615299367542 HTTP/1.1" 200 28 "http://renault.activities.at/success" "Mozilla/5.0 (Windows NT 6.1; WOW64; Trident/7.0; rv:11.0) like Gecko"
80.122.221.194 - - [09/Mar/2021:15:16:19 +0100] "GET /reload?ser=1615299379148 HTTP/1.1" 200 28 "http://renault.activities.at/result?mode=list&search=NoVA" "Mozilla/5.0 (Windows NT 10.0; Win64; x64) AppleWebKit/537.36 (KHTML, like Gecko) Chrome/88.0.4324.150 Safari/537.36 Edg/88.0.705.63"
80.122.221.194 - - [09/Mar/2021:15:16:20 +0100] "GET /reload?ser=1615299380143 HTTP/1.1" 200 28 "http://renault.activities.at/success" "Mozilla/5.0 (Windows NT 10.0; Win64; x64) AppleWebKit/537.36 (KHTML, like Gecko) Chrome/88.0.4324.150 Safari/537.36 Edg/88.0.705.63"
82.135.5.126 - - [09/Mar/2021:15:16:21 +0100] "GET /reload?ser=1615299380968 HTTP/1.1" 200 28 "http://renault.activities.at/result?searchterm=true&search=REH163" "Mozilla/5.0 (Windows NT 10.0; WOW64; Trident/7.0; rv:11.0) like Gecko"
81.217.229.117 - - [09/Mar/2021:15:16:31 +0100] "GET /reload?ser=1615299391010 HTTP/1.1" 200 28 "http://renault.2web.at/10201636" "Mozilla/5.0 (Windows NT 10.0; Win64; x64) AppleWebKit/537.36 (KHTML, like Gecko) Chrome/89.0.4389.82 Safari/537.36"
193.194.132.24 - - [09/Mar/2021:15:16:45 +0100] "GET /reload?ser=1615299405150 HTTP/1.1" 200 28 "http://renault.2web.at/result?searchterm=true&search=mobilit%E4t" "Mozilla/5.0 (Windows NT 10.0; Win64; x64) AppleWebKit/537.36 (KHTML, like Gecko) Chrome/88.0.4324.190 Safari/537.36"
80.123.225.38 - - [09/Mar/2021:15:17:08 +0100] "GET /reload?ser=1615299428519 HTTP/1.1" 200 28 "http://renault.activities.at/success" "Mozilla/5.0 (Windows NT 6.1; WOW64; Trident/7.0; rv:11.0) like Gecko"
80.122.221.194 - - [09/Mar/2021:15:17:20 +0100] "GET /reload?ser=1615299440145 HTTP/1.1" 200 28 "http://renault.activities.at/result?mode=list&search=NoVA" "Mozilla/5.0 (Windows NT 10.0; Win64; x64) AppleWebKit/537.36 (KHTML, like Gecko) Chrome/88.0.4324.150 Safari/537.36 Edg/88.0.705.63"
80.122.221.194 - - [09/Mar/2021:15:17:21 +0100] "GET /reload?ser=1615299441155 HTTP/1.1" 200 28 "http://renault.activities.at/success" "Mozilla/5.0 (Windows NT 10.0; Win64; x64) AppleWebKit/537.36 (KHTML, like Gecko) Chrome/88.0.4324.150 Safari/537.36 Edg/88.0.705.63"
82.135.5.126 - - [09/Mar/2021:15:17:21 +0100] "GET /reload?ser=1615299441957 HTTP/1.1" 200 28 "http://renault.activities.at/result?searchterm=true&search=REH163" "Mozilla/5.0 (Windows NT 10.0; WOW64; Trident/7.0; rv:11.0) like Gecko"
81.217.229.117 - - [09/Mar/2021:15:17:32 +0100] "GET /reload?ser=1615299451998 HTTP/1.1" 200 28 "http://renault.2web.at/10201636" "Mozilla/5.0 (Windows NT 10.0; Win64; x64) AppleWebKit/537.36 (KHTML, like Gecko) Chrome/89.0.4389.82 Safari/537.36"
193.194.132.24 - - [09/Mar/2021:15:17:47 +0100] "GET /reload?ser=1615299467151 HTTP/1.1" 200 28 "http://renault.2web.at/result?searchterm=true&search=mobilit%E4t" "Mozilla/5.0 (Windows NT 10.0; Win64; x64) AppleWebKit/537.36 (KHTML, like Gecko) Chrome/88.0.4324.190 Safari/537.36"
80.123.225.38 - - [09/Mar/2021:15:18:09 +0100] "GET /reload?ser=1615299489485 HTTP/1.1" 200 28 "http://renault.activities.at/success" "Mozilla/5.0 (Windows NT 6.1; WOW64; Trident/7.0; rv:11.0) like Gecko"
80.122.221.194 - - [09/Mar/2021:15:18:21 +0100] "GET /reload?ser=1615299501149 HTTP/1.1" 200 28 "http://renault.activities.at/result?mode=list&search=NoVA" "Mozilla/5.0 (Windows NT 10.0; Win64; x64) AppleWebKit/537.36 (KHTML, like Gecko) Chrome/88.0.4324.150 Safari/537.36 Edg/88.0.705.63"
80.122.221.194 - - [09/Mar/2021:15:18:22 +0100] "GET /reload?ser=1615299502145 HTTP/1.1" 200 28 "http://renault.activities.at/success" "Mozilla/5.0 (Windows NT 10.0; Win64; x64) AppleWebKit/537.36 (KHTML, like Gecko) Chrome/88.0.4324.150 Safari/537.36 Edg/88.0.705.63"
82.135.5.126 - - [09/Mar/2021:15:18:22 +0100] "GET /reload?ser=1615299502921 HTTP/1.1" 200 28 "http://renault.activities.at/result?searchterm=true&search=REH163" "Mozilla/5.0 (Windows NT 10.0; WOW64; Trident/7.0; rv:11.0) like Gecko"
81.217.229.117 - - [09/Mar/2021:15:18:33 +0100] "GET /reload?ser=1615299512995 HTTP/1.1" 200 28 "http://renault.2web.at/10201636" "Mozilla/5.0 (Windows NT 10.0; Win64; x64) AppleWebKit/537.36 (KHTML, like Gecko) Chrome/89.0.4389.82 Safari/537.36"
193.194.132.24 - - [09/Mar/2021:15:18:49 +0100] "GET /reload?ser=1615299529154 HTTP/1.1" 200 28 "http://renault.2web.at/result?searchterm=true&search=mobilit%E4t" "Mozilla/5.0 (Windows NT 10.0; Win64; x64) AppleWebKit/537.36 (KHTML, like Gecko) Chrome/88.0.4324.190 Safari/537.36"
80.123.225.38 - - [09/Mar/2021:15:19:10 +0100] "GET /reload?ser=1615299550463 HTTP/1.1" 200 28 "http://renault.activities.at/success" "Mozilla/5.0 (Windows NT 6.1; WOW64; Trident/7.0; rv:11.0) like Gecko"
80.122.221.194 - - [09/Mar/2021:15:19:22 +0100] "GET /reload?ser=1615299562145 HTTP/1.1" 200 28 "http://renault.activities.at/result?mode=list&search=NoVA" "Mozilla/5.0 (Windows NT 10.0; Win64; x64) AppleWebKit/537.36 (KHTML, like Gecko) Chrome/88.0.4324.150 Safari/537.36 Edg/88.0.705.63"
80.122.221.194 - - [09/Mar/2021:15:19:23 +0100] "GET /reload?ser=1615299563155 HTTP/1.1" 200 28 "http://renault.activities.at/success" "Mozilla/5.0 (Windows NT 10.0; Win64; x64) AppleWebKit/537.36 (KHTML, like Gecko) Chrome/88.0.4324.150 Safari/537.36 Edg/88.0.705.63"
82.135.5.126 - - [09/Mar/2021:15:19:23 +0100] "GET /reload?ser=1615299563881 HTTP/1.1" 200 28 "http://renault.activities.at/result?searchterm=true&search=REH163" "Mozilla/5.0 (Windows NT 10.0; WOW64; Trident/7.0; rv:11.0) like Gecko"
81.217.229.117 - - [09/Mar/2021:15:19:34 +0100] "GET /reload?ser=1615299573996 HTTP/1.1" 200 28 "http://renault.2web.at/10201636" "Mozilla/5.0 (Windows NT 10.0; Win64; x64) AppleWebKit/537.36 (KHTML, like Gecko) Chrome/89.0.4389.82 Safari/537.36"
193.194.132.24 - - [09/Mar/2021:15:19:52 +0100] "GET /reload?ser=1615299591155 HTTP/1.1" 200 28 "http://renault.2web.at/result?searchterm=true&search=mobilit%E4t" "Mozilla/5.0 (Windows NT 10.0; Win64; x64) AppleWebKit/537.36 (KHTML, like Gecko) Chrome/88.0.4324.190 Safari/537.36"
80.123.225.38 - - [09/Mar/2021:15:20:11 +0100] "GET /reload?ser=1615299611472 HTTP/1.1" 200 28 "http://renault.activities.at/success" "Mozilla/5.0 (Windows NT 6.1; WOW64; Trident/7.0; rv:11.0) like Gecko"
80.122.221.194 - - [09/Mar/2021:15:20:23 +0100] "GET /reload?ser=1615299623157 HTTP/1.1" 200 28 "http://renault.activities.at/result?mode=list&search=NoVA" "Mozilla/5.0 (Windows NT 10.0; Win64; x64) AppleWebKit/537.36 (KHTML, like Gecko) Chrome/88.0.4324.150 Safari/537.36 Edg/88.0.705.63"
80.122.221.194 - - [09/Mar/2021:15:20:24 +0100] "GET /reload?ser=1615299624155 HTTP/1.1" 200 28 "http://renault.activities.at/success" "Mozilla/5.0 (Windows NT 10.0; Win64; x64) AppleWebKit/537.36 (KHTML, like Gecko) Chrome/88.0.4324.150 Safari/537.36 Edg/88.0.705.63"
82.135.5.126 - - [09/Mar/2021:15:20:24 +0100] "GET /reload?ser=1615299624859 HTTP/1.1" 200 28 "http://renault.activities.at/result?searchterm=true&search=REH163" "Mozilla/5.0 (Windows NT 10.0; WOW64; Trident/7.0; rv:11.0) like Gecko"
81.217.229.117 - - [09/Mar/2021:15:20:35 +0100] "GET /reload?ser=1615299634996 HTTP/1.1" 200 28 "http://renault.2web.at/10201636" "Mozilla/5.0 (Windows NT 10.0; Win64; x64) AppleWebKit/537.36 (KHTML, like Gecko) Chrome/89.0.4389.82 Safari/537.36"
193.194.132.24 - - [09/Mar/2021:15:20:53 +0100] "GET /reload?ser=1615299653161 HTTP/1.1" 200 28 "http://renault.2web.at/result?searchterm=true&search=mobilit%E4t" "Mozilla/5.0 (Windows NT 10.0; Win64; x64) AppleWebKit/537.36 (KHTML, like Gecko) Chrome/88.0.4324.190 Safari/537.36"
80.123.225.38 - - [09/Mar/2021:15:21:12 +0100] "GET /reload?ser=1615299672512 HTTP/1.1" 200 28 "http://renault.activities.at/success" "Mozilla/5.0 (Windows NT 6.1; WOW64; Trident/7.0; rv:11.0) like Gecko"
80.122.221.194 - - [09/Mar/2021:15:21:24 +0100] "GET /reload?ser=1615299684150 HTTP/1.1" 200 28 "http://renault.activities.at/result?mode=list&search=NoVA" "Mozilla/5.0 (Windows NT 10.0; Win64; x64) AppleWebKit/537.36 (KHTML, like Gecko) Chrome/88.0.4324.150 Safari/537.36 Edg/88.0.705.63"
80.122.221.194 - - [09/Mar/2021:15:21:26 +0100] "GET /reload?ser=1615299686141 HTTP/1.1" 200 28 "http://renault.activities.at/success" "Mozilla/5.0 (Windows NT 10.0; Win64; x64) AppleWebKit/537.36 (KHTML, like Gecko) Chrome/88.0.4324.150 Safari/537.36 Edg/88.0.705.63"
82.135.5.126 - - [09/Mar/2021:15:21:27 +0100] "GET /reload?ser=1615299685833 HTTP/1.1" 200 28 "http://renault.activities.at/result?searchterm=true&search=REH163" "Mozilla/5.0 (Windows NT 10.0; WOW64; Trident/7.0; rv:11.0) like Gecko"
81.217.229.117 - - [09/Mar/2021:15:21:36 +0100] "GET /reload?ser=1615299696013 HTTP/1.1" 200 28 "http://renault.2web.at/10201636" "Mozilla/5.0 (Windows NT 10.0; Win64; x64) AppleWebKit/537.36 (KHTML, like Gecko) Chrome/89.0.4389.82 Safari/537.36"
193.194.132.24 - - [09/Mar/2021:15:21:55 +0100] "GET /reload?ser=1615299715168 HTTP/1.1" 200 28 "http://renault.2web.at/result?searchterm=true&search=mobilit%E4t" "Mozilla/5.0 (Windows NT 10.0; Win64; x64) AppleWebKit/537.36 (KHTML, like Gecko) Chrome/88.0.4324.190 Safari/537.36"
80.123.225.38 - - [09/Mar/2021:15:22:13 +0100] "GET /reload?ser=1615299733509 HTTP/1.1" 200 28 "http://renault.activities.at/success" "Mozilla/5.0 (Windows NT 6.1; WOW64; Trident/7.0; rv:11.0) like Gecko"
80.122.221.194 - - [09/Mar/2021:15:22:25 +0100] "GET /reload?ser=1615299745148 HTTP/1.1" 200 28 "http://renault.activities.at/result?mode=list&search=NoVA" "Mozilla/5.0 (Windows NT 10.0; Win64; x64) AppleWebKit/537.36 (KHTML, like Gecko) Chrome/88.0.4324.150 Safari/537.36 Edg/88.0.705.63"
80.122.221.194 - - [09/Mar/2021:15:22:27 +0100] "GET /reload?ser=1615299747142 HTTP/1.1" 200 28 "http://renault.activities.at/success" "Mozilla/5.0 (Windows NT 10.0; Win64; x64) AppleWebKit/537.36 (KHTML, like Gecko) Chrome/88.0.4324.150 Safari/537.36 Edg/88.0.705.63"
82.135.5.126 - - [09/Mar/2021:15:22:29 +0100] "GET /reload?ser=1615299748812 HTTP/1.1" 200 28 "http://renault.activities.at/result?searchterm=true&search=REH163" "Mozilla/5.0 (Windows NT 10.0; WOW64; Trident/7.0; rv:11.0) like Gecko"
81.217.229.117 - - [09/Mar/2021:15:22:37 +0100] "GET /reload?ser=1615299757008 HTTP/1.1" 200 28 "http://renault.2web.at/10201636" "Mozilla/5.0 (Windows NT 10.0; Win64; x64) AppleWebKit/537.36 (KHTML, like Gecko) Chrome/89.0.4389.82 Safari/537.36"
193.194.132.24 - - [09/Mar/2021:15:22:57 +0100] "GET /reload?ser=1615299777160 HTTP/1.1" 200 28 "http://renault.2web.at/result?searchterm=true&search=mobilit%E4t" "Mozilla/5.0 (Windows NT 10.0; Win64; x64) AppleWebKit/537.36 (KHTML, like Gecko) Chrome/88.0.4324.190 Safari/537.36"
80.123.225.38 - - [09/Mar/2021:15:23:14 +0100] "GET /reload?ser=1615299794477 HTTP/1.1" 200 28 "http://renault.activities.at/success" "Mozilla/5.0 (Windows NT 6.1; WOW64; Trident/7.0; rv:11.0) like Gecko"
80.122.221.194 - - [09/Mar/2021:15:23:26 +0100] "GET /reload?ser=1615299806144 HTTP/1.1" 200 28 "http://renault.activities.at/result?mode=list&search=NoVA" "Mozilla/5.0 (Windows NT 10.0; Win64; x64) AppleWebKit/537.36 (KHTML, like Gecko) Chrome/88.0.4324.150 Safari/537.36 Edg/88.0.705.63"
80.122.221.194 - - [09/Mar/2021:15:23:28 +0100] "GET /reload?ser=1615299808154 HTTP/1.1" 200 28 "http://renault.activities.at/success" "Mozilla/5.0 (Windows NT 10.0; Win64; x64) AppleWebKit/537.36 (KHTML, like Gecko) Chrome/88.0.4324.150 Safari/537.36 Edg/88.0.705.63"
82.135.5.126 - - [09/Mar/2021:15:23:30 +0100] "GET /reload?ser=1615299809966 HTTP/1.1" 200 28 "http://renault.activities.at/result?searchterm=true&search=REH163" "Mozilla/5.0 (Windows NT 10.0; WOW64; Trident/7.0; rv:11.0) like Gecko"
81.217.229.117 - - [09/Mar/2021:15:23:38 +0100] "GET /reload?ser=1615299818005 HTTP/1.1" 200 28 "http://renault.2web.at/10201636" "Mozilla/5.0 (Windows NT 10.0; Win64; x64) AppleWebKit/537.36 (KHTML, like Gecko) Chrome/89.0.4389.82 Safari/537.36"
193.194.132.24 - - [09/Mar/2021:15:23:59 +0100] "GET /reload?ser=1615299839163 HTTP/1.1" 200 28 "http://renault.2web.at/result?searchterm=true&search=mobilit%E4t" "Mozilla/5.0 (Windows NT 10.0; Win64; x64) AppleWebKit/537.36 (KHTML, like Gecko) Chrome/88.0.4324.190 Safari/537.36"
80.123.225.38 - - [09/Mar/2021:15:24:15 +0100] "GET /reload?ser=1615299855508 HTTP/1.1" 200 28 "http://renault.activities.at/success" "Mozilla/5.0 (Windows NT 6.1; WOW64; Trident/7.0; rv:11.0) like Gecko"
80.122.221.194 - - [09/Mar/2021:15:24:27 +0100] "GET /reload?ser=1615299867150 HTTP/1.1" 200 28 "http://renault.activities.at/result?mode=list&search=NoVA" "Mozilla/5.0 (Windows NT 10.0; Win64; x64) AppleWebKit/537.36 (KHTML, like Gecko) Chrome/88.0.4324.150 Safari/537.36 Edg/88.0.705.63"
80.122.221.194 - - [09/Mar/2021:15:24:29 +0100] "GET /reload?ser=1615299869143 HTTP/1.1" 200 28 "http://renault.activities.at/success" "Mozilla/5.0 (Windows NT 10.0; Win64; x64) AppleWebKit/537.36 (KHTML, like Gecko) Chrome/88.0.4324.150 Safari/537.36 Edg/88.0.705.63"
82.135.5.126 - - [09/Mar/2021:15:24:31 +0100] "GET /reload?ser=1615299870930 HTTP/1.1" 200 28 "http://renault.activities.at/result?searchterm=true&search=REH163" "Mozilla/5.0 (Windows NT 10.0; WOW64; Trident/7.0; rv:11.0) like Gecko"
81.217.229.117 - - [09/Mar/2021:15:24:39 +0100] "GET /reload?ser=1615299879006 HTTP/1.1" 200 28 "http://renault.2web.at/10201636" "Mozilla/5.0 (Windows NT 10.0; Win64; x64) AppleWebKit/537.36 (KHTML, like Gecko) Chrome/89.0.4389.82 Safari/537.36"
193.194.132.24 - - [09/Mar/2021:15:25:01 +0100] "GET /reload?ser=1615299901183 HTTP/1.1" 200 28 "http://renault.2web.at/result?searchterm=true&search=mobilit%E4t" "Mozilla/5.0 (Windows NT 10.0; Win64; x64) AppleWebKit/537.36 (KHTML, like Gecko) Chrome/88.0.4324.190 Safari/537.36"
80.123.225.38 - - [09/Mar/2021:15:25:16 +0100] "GET /reload?ser=1615299916491 HTTP/1.1" 200 28 "http://renault.activities.at/success" "Mozilla/5.0 (Windows NT 6.1; WOW64; Trident/7.0; rv:11.0) like Gecko"
80.122.221.194 - - [09/Mar/2021:15:25:28 +0100] "GET /reload?ser=1615299928141 HTTP/1.1" 200 28 "http://renault.activities.at/result?mode=list&search=NoVA" "Mozilla/5.0 (Windows NT 10.0; Win64; x64) AppleWebKit/537.36 (KHTML, like Gecko) Chrome/88.0.4324.150 Safari/537.36 Edg/88.0.705.63"
80.122.221.194 - - [09/Mar/2021:15:25:30 +0100] "GET /reload?ser=1615299930145 HTTP/1.1" 200 28 "http://renault.activities.at/success" "Mozilla/5.0 (Windows NT 10.0; Win64; x64) AppleWebKit/537.36 (KHTML, like Gecko) Chrome/88.0.4324.150 Safari/537.36 Edg/88.0.705.63"
82.135.5.126 - - [09/Mar/2021:15:25:32 +0100] "GET /reload?ser=1615299931977 HTTP/1.1" 200 28 "http://renault.activities.at/result?searchterm=true&search=REH163" "Mozilla/5.0 (Windows NT 10.0; WOW64; Trident/7.0; rv:11.0) like Gecko"
81.217.229.117 - - [09/Mar/2021:15:25:40 +0100] "GET /reload?ser=1615299940006 HTTP/1.1" 200 28 "http://renault.2web.at/10201636" "Mozilla/5.0 (Windows NT 10.0; Win64; x64) AppleWebKit/537.36 (KHTML, like Gecko) Chrome/89.0.4389.82 Safari/537.36"
193.194.132.24 - - [09/Mar/2021:15:26:03 +0100] "GET /reload?ser=1615299963167 HTTP/1.1" 200 28 "http://renault.2web.at/result?searchterm=true&search=mobilit%E4t" "Mozilla/5.0 (Windows NT 10.0; Win64; x64) AppleWebKit/537.36 (KHTML, like Gecko) Chrome/88.0.4324.190 Safari/537.36"
80.123.225.38 - - [09/Mar/2021:15:26:17 +0100] "GET /reload?ser=1615299977460 HTTP/1.1" 200 28 "http://renault.activities.at/success" "Mozilla/5.0 (Windows NT 6.1; WOW64; Trident/7.0; rv:11.0) like Gecko"
80.122.221.194 - - [09/Mar/2021:15:26:29 +0100] "GET /reload?ser=1615299989160 HTTP/1.1" 200 28 "http://renault.activities.at/result?mode=list&search=NoVA" "Mozilla/5.0 (Windows NT 10.0; Win64; x64) AppleWebKit/537.36 (KHTML, like Gecko) Chrome/88.0.4324.150 Safari/537.36 Edg/88.0.705.63"
80.122.221.194 - - [09/Mar/2021:15:26:31 +0100] "GET /reload?ser=1615299991150 HTTP/1.1" 200 28 "http://renault.activities.at/success" "Mozilla/5.0 (Windows NT 10.0; Win64; x64) AppleWebKit/537.36 (KHTML, like Gecko) Chrome/88.0.4324.150 Safari/537.36 Edg/88.0.705.63"
82.135.5.126 - - [09/Mar/2021:15:26:33 +0100] "GET /reload?ser=1615299993015 HTTP/1.1" 200 28 "http://renault.activities.at/result?searchterm=true&search=REH163" "Mozilla/5.0 (Windows NT 10.0; WOW64; Trident/7.0; rv:11.0) like Gecko"
81.217.229.117 - - [09/Mar/2021:15:26:41 +0100] "GET /reload?ser=1615300001006 HTTP/1.1" 200 28 "http://renault.2web.at/10201636" "Mozilla/5.0 (Windows NT 10.0; Win64; x64) AppleWebKit/537.36 (KHTML, like Gecko) Chrome/89.0.4389.82 Safari/537.36"
193.194.132.24 - - [09/Mar/2021:15:27:05 +0100] "GET /reload?ser=1615300025167 HTTP/1.1" 200 28 "http://renault.2web.at/result?searchterm=true&search=mobilit%E4t" "Mozilla/5.0 (Windows NT 10.0; Win64; x64) AppleWebKit/537.36 (KHTML, like Gecko) Chrome/88.0.4324.190 Safari/537.36"
80.123.225.38 - - [09/Mar/2021:15:27:18 +0100] "GET /reload?ser=1615300038444 HTTP/1.1" 200 28 "http://renault.activities.at/success" "Mozilla/5.0 (Windows NT 6.1; WOW64; Trident/7.0; rv:11.0) like Gecko"
80.122.221.194 - - [09/Mar/2021:15:27:30 +0100] "GET /reload?ser=1615300050146 HTTP/1.1" 200 28 "http://renault.activities.at/result?mode=list&search=NoVA" "Mozilla/5.0 (Windows NT 10.0; Win64; x64) AppleWebKit/537.36 (KHTML, like Gecko) Chrome/88.0.4324.150 Safari/537.36 Edg/88.0.705.63"
80.122.221.194 - - [09/Mar/2021:15:27:32 +0100] "GET /reload?ser=1615300052148 HTTP/1.1" 200 28 "http://renault.activities.at/success" "Mozilla/5.0 (Windows NT 10.0; Win64; x64) AppleWebKit/537.36 (KHTML, like Gecko) Chrome/88.0.4324.150 Safari/537.36 Edg/88.0.705.63"
82.135.5.126 - - [09/Mar/2021:15:27:34 +0100] "GET /reload?ser=1615300054064 HTTP/1.1" 200 28 "http://renault.activities.at/result?searchterm=true&search=REH163" "Mozilla/5.0 (Windows NT 10.0; WOW64; Trident/7.0; rv:11.0) like Gecko"
81.217.229.117 - - [09/Mar/2021:15:27:42 +0100] "GET /reload?ser=1615300061998 HTTP/1.1" 200 28 "http://renault.2web.at/10201636" "Mozilla/5.0 (Windows NT 10.0; Win64; x64) AppleWebKit/537.36 (KHTML, like Gecko) Chrome/89.0.4389.82 Safari/537.36"
80.123.225.38 - - [09/Mar/2021:15:28:19 +0100] "GET /reload?ser=1615300099411 HTTP/1.1" 200 28 "http://renault.activities.at/success" "Mozilla/5.0 (Windows NT 6.1; WOW64; Trident/7.0; rv:11.0) like Gecko"
80.122.221.194 - - [09/Mar/2021:15:28:31 +0100] "GET /reload?ser=1615300111144 HTTP/1.1" 200 28 "http://renault.activities.at/result?mode=list&search=NoVA" "Mozilla/5.0 (Windows NT 10.0; Win64; x64) AppleWebKit/537.36 (KHTML, like Gecko) Chrome/88.0.4324.150 Safari/537.36 Edg/88.0.705.63"
80.122.221.194 - - [09/Mar/2021:15:28:33 +0100] "GET /reload?ser=1615300113155 HTTP/1.1" 200 28 "http://renault.activities.at/success" "Mozilla/5.0 (Windows NT 10.0; Win64; x64) AppleWebKit/537.36 (KHTML, like Gecko) Chrome/88.0.4324.150 Safari/537.36 Edg/88.0.705.63"
82.135.5.126 - - [09/Mar/2021:15:28:35 +0100] "GET /reload?ser=1615300115055 HTTP/1.1" 200 28 "http://renault.activities.at/result?searchterm=true&search=REH163" "Mozilla/5.0 (Windows NT 10.0; WOW64; Trident/7.0; rv:11.0) like Gecko"
81.217.229.117 - - [09/Mar/2021:15:28:43 +0100] "GET /reload?ser=1615300122996 HTTP/1.1" 200 28 "http://renault.2web.at/10201636" "Mozilla/5.0 (Windows NT 10.0; Win64; x64) AppleWebKit/537.36 (KHTML, like Gecko) Chrome/89.0.4389.82 Safari/537.36"
80.123.225.38 - - [09/Mar/2021:15:29:20 +0100] "GET /reload?ser=1615300160395 HTTP/1.1" 200 28 "http://renault.activities.at/success" "Mozilla/5.0 (Windows NT 6.1; WOW64; Trident/7.0; rv:11.0) like Gecko"
80.122.221.194 - - [09/Mar/2021:15:29:32 +0100] "GET /reload?ser=1615300172142 HTTP/1.1" 200 28 "http://renault.activities.at/result?mode=list&search=NoVA" "Mozilla/5.0 (Windows NT 10.0; Win64; x64) AppleWebKit/537.36 (KHTML, like Gecko) Chrome/88.0.4324.150 Safari/537.36 Edg/88.0.705.63"
80.122.221.194 - - [09/Mar/2021:15:29:34 +0100] "GET /reload?ser=1615300174155 HTTP/1.1" 200 28 "http://renault.activities.at/success" "Mozilla/5.0 (Windows NT 10.0; Win64; x64) AppleWebKit/537.36 (KHTML, like Gecko) Chrome/88.0.4324.150 Safari/537.36 Edg/88.0.705.63"
82.135.5.126 - - [09/Mar/2021:15:29:36 +0100] "GET /reload?ser=1615300176048 HTTP/1.1" 200 28 "http://renault.activities.at/result?searchterm=true&search=REH163" "Mozilla/5.0 (Windows NT 10.0; WOW64; Trident/7.0; rv:11.0) like Gecko"
81.217.229.117 - - [09/Mar/2021:15:29:44 +0100] "GET /reload?ser=1615300183999 HTTP/1.1" 200 28 "http://renault.2web.at/10201636" "Mozilla/5.0 (Windows NT 10.0; Win64; x64) AppleWebKit/537.36 (KHTML, like Gecko) Chrome/89.0.4389.82 Safari/537.36"
80.123.225.38 - - [09/Mar/2021:15:30:21 +0100] "GET /reload?ser=1615300221387 HTTP/1.1" 200 28 "http://renault.activities.at/success" "Mozilla/5.0 (Windows NT 6.1; WOW64; Trident/7.0; rv:11.0) like Gecko"
80.122.221.194 - - [09/Mar/2021:15:30:33 +0100] "GET /reload?ser=1615300233144 HTTP/1.1" 200 28 "http://renault.activities.at/result?mode=list&search=NoVA" "Mozilla/5.0 (Windows NT 10.0; Win64; x64) AppleWebKit/537.36 (KHTML, like Gecko) Chrome/88.0.4324.150 Safari/537.36 Edg/88.0.705.63"
80.122.221.194 - - [09/Mar/2021:15:30:35 +0100] "GET /reload?ser=1615300235144 HTTP/1.1" 200 28 "http://renault.activities.at/success" "Mozilla/5.0 (Windows NT 10.0; Win64; x64) AppleWebKit/537.36 (KHTML, like Gecko) Chrome/88.0.4324.150 Safari/537.36 Edg/88.0.705.63"
82.135.5.126 - - [09/Mar/2021:15:30:37 +0100] "GET /reload?ser=1615300237039 HTTP/1.1" 200 28 "http://renault.activities.at/result?searchterm=true&search=REH163" "Mozilla/5.0 (Windows NT 10.0; WOW64; Trident/7.0; rv:11.0) like Gecko"
81.217.229.117 - - [09/Mar/2021:15:30:45 +0100] "GET /reload?ser=1615300244997 HTTP/1.1" 200 28 "http://renault.2web.at/10201636" "Mozilla/5.0 (Windows NT 10.0; Win64; x64) AppleWebKit/537.36 (KHTML, like Gecko) Chrome/89.0.4389.82 Safari/537.36"
80.123.225.38 - - [09/Mar/2021:15:31:22 +0100] "GET /reload?ser=1615300282370 HTTP/1.1" 200 28 "http://renault.activities.at/success" "Mozilla/5.0 (Windows NT 6.1; WOW64; Trident/7.0; rv:11.0) like Gecko"
80.122.221.194 - - [09/Mar/2021:15:31:34 +0100] "GET /reload?ser=1615300294145 HTTP/1.1" 200 28 "http://renault.activities.at/result?mode=list&search=NoVA" "Mozilla/5.0 (Windows NT 10.0; Win64; x64) AppleWebKit/537.36 (KHTML, like Gecko) Chrome/88.0.4324.150 Safari/537.36 Edg/88.0.705.63"
80.122.221.194 - - [09/Mar/2021:15:31:36 +0100] "GET /reload?ser=1615300296155 HTTP/1.1" 200 28 "http://renault.activities.at/success" "Mozilla/5.0 (Windows NT 10.0; Win64; x64) AppleWebKit/537.36 (KHTML, like Gecko) Chrome/88.0.4324.150 Safari/537.36 Edg/88.0.705.63"
82.135.5.126 - - [09/Mar/2021:15:31:38 +0100] "GET /reload?ser=1615300298044 HTTP/1.1" 200 28 "http://renault.activities.at/result?searchterm=true&search=REH163" "Mozilla/5.0 (Windows NT 10.0; WOW64; Trident/7.0; rv:11.0) like Gecko"
81.217.229.117 - - [09/Mar/2021:15:31:46 +0100] "GET /reload?ser=1615300306005 HTTP/1.1" 200 28 "http://renault.2web.at/10201636" "Mozilla/5.0 (Windows NT 10.0; Win64; x64) AppleWebKit/537.36 (KHTML, like Gecko) Chrome/89.0.4389.82 Safari/537.36"
80.123.225.38 - - [09/Mar/2021:15:32:23 +0100] "GET /reload?ser=1615300343339 HTTP/1.1" 200 28 "http://renault.activities.at/success" "Mozilla/5.0 (Windows NT 6.1; WOW64; Trident/7.0; rv:11.0) like Gecko"
80.122.221.194 - - [09/Mar/2021:15:32:35 +0100] "GET /reload?ser=1615300355146 HTTP/1.1" 200 28 "http://renault.activities.at/result?mode=list&search=NoVA" "Mozilla/5.0 (Windows NT 10.0; Win64; x64) AppleWebKit/537.36 (KHTML, like Gecko) Chrome/88.0.4324.150 Safari/537.36 Edg/88.0.705.63"
80.122.221.194 - - [09/Mar/2021:15:32:37 +0100] "GET /reload?ser=1615300357141 HTTP/1.1" 200 28 "http://renault.activities.at/success" "Mozilla/5.0 (Windows NT 10.0; Win64; x64) AppleWebKit/537.36 (KHTML, like Gecko) Chrome/88.0.4324.150 Safari/537.36 Edg/88.0.705.63"
82.135.5.126 - - [09/Mar/2021:15:32:39 +0100] "GET /reload?ser=1615300359064 HTTP/1.1" 200 28 "http://renault.activities.at/result?searchterm=true&search=REH163" "Mozilla/5.0 (Windows NT 10.0; WOW64; Trident/7.0; rv:11.0) like Gecko"
81.217.229.117 - - [09/Mar/2021:15:32:47 +0100] "GET /reload?ser=1615300366993 HTTP/1.1" 200 28 "http://renault.2web.at/10201636" "Mozilla/5.0 (Windows NT 10.0; Win64; x64) AppleWebKit/537.36 (KHTML, like Gecko) Chrome/89.0.4389.82 Safari/537.36"
80.123.225.38 - - [09/Mar/2021:15:33:24 +0100] "GET /reload?ser=1615300404330 HTTP/1.1" 200 28 "http://renault.activities.at/success" "Mozilla/5.0 (Windows NT 6.1; WOW64; Trident/7.0; rv:11.0) like Gecko"
80.122.221.194 - - [09/Mar/2021:15:33:36 +0100] "GET /reload?ser=1615300416142 HTTP/1.1" 200 28 "http://renault.activities.at/result?mode=list&search=NoVA" "Mozilla/5.0 (Windows NT 10.0; Win64; x64) AppleWebKit/537.36 (KHTML, like Gecko) Chrome/88.0.4324.150 Safari/537.36 Edg/88.0.705.63"
80.122.221.194 - - [09/Mar/2021:15:33:38 +0100] "GET /reload?ser=1615300418152 HTTP/1.1" 200 28 "http://renault.activities.at/success" "Mozilla/5.0 (Windows NT 10.0; Win64; x64) AppleWebKit/537.36 (KHTML, like Gecko) Chrome/88.0.4324.150 Safari/537.36 Edg/88.0.705.63"
82.135.5.126 - - [09/Mar/2021:15:33:40 +0100] "GET /reload?ser=1615300420054 HTTP/1.1" 200 28 "http://renault.activities.at/result?searchterm=true&search=REH163" "Mozilla/5.0 (Windows NT 10.0; WOW64; Trident/7.0; rv:11.0) like Gecko"
81.217.229.117 - - [09/Mar/2021:15:33:48 +0100] "GET /reload?ser=1615300427997 HTTP/1.1" 200 28 "http://renault.2web.at/10201636" "Mozilla/5.0 (Windows NT 10.0; Win64; x64) AppleWebKit/537.36 (KHTML, like Gecko) Chrome/89.0.4389.82 Safari/537.36"
80.123.225.38 - - [09/Mar/2021:15:34:25 +0100] "GET /reload?ser=1615300465270 HTTP/1.1" 200 28 "http://renault.activities.at/success" "Mozilla/5.0 (Windows NT 6.1; WOW64; Trident/7.0; rv:11.0) like Gecko"
80.122.221.194 - - [09/Mar/2021:15:34:37 +0100] "GET /reload?ser=1615300477150 HTTP/1.1" 200 28 "http://renault.activities.at/result?mode=list&search=NoVA" "Mozilla/5.0 (Windows NT 10.0; Win64; x64) AppleWebKit/537.36 (KHTML, like Gecko) Chrome/88.0.4324.150 Safari/537.36 Edg/88.0.705.63"
80.122.221.194 - - [09/Mar/2021:15:34:39 +0100] "GET /reload?ser=1615300479150 HTTP/1.1" 200 28 "http://renault.activities.at/success" "Mozilla/5.0 (Windows NT 10.0; Win64; x64) AppleWebKit/537.36 (KHTML, like Gecko) Chrome/88.0.4324.150 Safari/537.36 Edg/88.0.705.63"
82.135.5.126 - - [09/Mar/2021:15:34:41 +0100] "GET /reload?ser=1615300481041 HTTP/1.1" 200 28 "http://renault.activities.at/result?searchterm=true&search=REH163" "Mozilla/5.0 (Windows NT 10.0; WOW64; Trident/7.0; rv:11.0) like Gecko"
81.217.229.117 - - [09/Mar/2021:15:34:49 +0100] "GET /reload?ser=1615300488995 HTTP/1.1" 200 28 "http://renault.2web.at/10201636" "Mozilla/5.0 (Windows NT 10.0; Win64; x64) AppleWebKit/537.36 (KHTML, like Gecko) Chrome/89.0.4389.82 Safari/537.36"
80.123.225.38 - - [09/Mar/2021:15:35:26 +0100] "GET /reload?ser=1615300526254 HTTP/1.1" 200 28 "http://renault.activities.at/success" "Mozilla/5.0 (Windows NT 6.1; WOW64; Trident/7.0; rv:11.0) like Gecko"
80.122.221.194 - - [09/Mar/2021:15:35:38 +0100] "GET /reload?ser=1615300538142 HTTP/1.1" 200 28 "http://renault.activities.at/result?mode=list&search=NoVA" "Mozilla/5.0 (Windows NT 10.0; Win64; x64) AppleWebKit/537.36 (KHTML, like Gecko) Chrome/88.0.4324.150 Safari/537.36 Edg/88.0.705.63"
80.122.221.194 - - [09/Mar/2021:15:35:40 +0100] "GET /reload?ser=1615300540155 HTTP/1.1" 200 28 "http://renault.activities.at/success" "Mozilla/5.0 (Windows NT 10.0; Win64; x64) AppleWebKit/537.36 (KHTML, like Gecko) Chrome/88.0.4324.150 Safari/537.36 Edg/88.0.705.63"
82.135.5.126 - - [09/Mar/2021:15:35:42 +0100] "GET /reload?ser=1615300542031 HTTP/1.1" 200 28 "http://renault.activities.at/result?searchterm=true&search=REH163" "Mozilla/5.0 (Windows NT 10.0; WOW64; Trident/7.0; rv:11.0) like Gecko"
81.217.229.117 - - [09/Mar/2021:15:35:50 +0100] "GET /reload?ser=1615300550000 HTTP/1.1" 200 28 "http://renault.2web.at/10201636" "Mozilla/5.0 (Windows NT 10.0; Win64; x64) AppleWebKit/537.36 (KHTML, like Gecko) Chrome/89.0.4389.82 Safari/537.36"
80.123.225.38 - - [09/Mar/2021:15:36:27 +0100] "GET /reload?ser=1615300587233 HTTP/1.1" 200 28 "http://renault.activities.at/success" "Mozilla/5.0 (Windows NT 6.1; WOW64; Trident/7.0; rv:11.0) like Gecko"
80.122.221.194 - - [09/Mar/2021:15:36:39 +0100] "GET /reload?ser=1615300599141 HTTP/1.1" 200 28 "http://renault.activities.at/result?mode=list&search=NoVA" "Mozilla/5.0 (Windows NT 10.0; Win64; x64) AppleWebKit/537.36 (KHTML, like Gecko) Chrome/88.0.4324.150 Safari/537.36 Edg/88.0.705.63"
80.122.221.194 - - [09/Mar/2021:15:36:41 +0100] "GET /reload?ser=1615300601152 HTTP/1.1" 200 28 "http://renault.activities.at/success" "Mozilla/5.0 (Windows NT 10.0; Win64; x64) AppleWebKit/537.36 (KHTML, like Gecko) Chrome/88.0.4324.150 Safari/537.36 Edg/88.0.705.63"
82.135.5.126 - - [09/Mar/2021:15:36:43 +0100] "GET /reload?ser=1615300603052 HTTP/1.1" 200 28 "http://renault.activities.at/result?searchterm=true&search=REH163" "Mozilla/5.0 (Windows NT 10.0; WOW64; Trident/7.0; rv:11.0) like Gecko"
81.217.229.117 - - [09/Mar/2021:15:36:51 +0100] "GET /reload?ser=1615300610996 HTTP/1.1" 200 28 "http://renault.2web.at/10201636" "Mozilla/5.0 (Windows NT 10.0; Win64; x64) AppleWebKit/537.36 (KHTML, like Gecko) Chrome/89.0.4389.82 Safari/537.36"
80.123.225.38 - - [09/Mar/2021:15:37:28 +0100] "GET /reload?ser=1615300648258 HTTP/1.1" 200 28 "http://renault.activities.at/success" "Mozilla/5.0 (Windows NT 6.1; WOW64; Trident/7.0; rv:11.0) like Gecko"
80.122.221.194 - - [09/Mar/2021:15:37:40 +0100] "GET /reload?ser=1615300660143 HTTP/1.1" 200 28 "http://renault.activities.at/result?mode=list&search=NoVA" "Mozilla/5.0 (Windows NT 10.0; Win64; x64) AppleWebKit/537.36 (KHTML, like Gecko) Chrome/88.0.4324.150 Safari/537.36 Edg/88.0.705.63"
80.122.221.194 - - [09/Mar/2021:15:37:42 +0100] "GET /reload?ser=1615300662152 HTTP/1.1" 200 28 "http://renault.activities.at/success" "Mozilla/5.0 (Windows NT 10.0; Win64; x64) AppleWebKit/537.36 (KHTML, like Gecko) Chrome/88.0.4324.150 Safari/537.36 Edg/88.0.705.63"
82.135.5.126 - - [09/Mar/2021:15:37:44 +0100] "GET /reload?ser=1615300664072 HTTP/1.1" 200 28 "http://renault.activities.at/result?searchterm=true&search=REH163" "Mozilla/5.0 (Windows NT 10.0; WOW64; Trident/7.0; rv:11.0) like Gecko"
81.217.229.117 - - [09/Mar/2021:15:37:52 +0100] "GET /reload?ser=1615300671997 HTTP/1.1" 200 28 "http://renault.2web.at/10201636" "Mozilla/5.0 (Windows NT 10.0; Win64; x64) AppleWebKit/537.36 (KHTML, like Gecko) Chrome/89.0.4389.82 Safari/537.36"
80.123.225.38 - - [09/Mar/2021:15:38:29 +0100] "GET /reload?ser=1615300709237 HTTP/1.1" 200 28 "http://renault.activities.at/success" "Mozilla/5.0 (Windows NT 6.1; WOW64; Trident/7.0; rv:11.0) like Gecko"
80.122.221.194 - - [09/Mar/2021:15:38:41 +0100] "GET /reload?ser=1615300721150 HTTP/1.1" 200 28 "http://renault.activities.at/result?mode=list&search=NoVA" "Mozilla/5.0 (Windows NT 10.0; Win64; x64) AppleWebKit/537.36 (KHTML, like Gecko) Chrome/88.0.4324.150 Safari/537.36 Edg/88.0.705.63"
80.122.221.194 - - [09/Mar/2021:15:38:43 +0100] "GET /reload?ser=1615300723151 HTTP/1.1" 200 28 "http://renault.activities.at/success" "Mozilla/5.0 (Windows NT 10.0; Win64; x64) AppleWebKit/537.36 (KHTML, like Gecko) Chrome/88.0.4324.150 Safari/537.36 Edg/88.0.705.63"
82.135.5.126 - - [09/Mar/2021:15:38:45 +0100] "GET /reload?ser=1615300725054 HTTP/1.1" 200 28 "http://renault.activities.at/result?searchterm=true&search=REH163" "Mozilla/5.0 (Windows NT 10.0; WOW64; Trident/7.0; rv:11.0) like Gecko"
81.217.229.117 - - [09/Mar/2021:15:38:53 +0100] "GET /reload?ser=1615300733004 HTTP/1.1" 200 28 "http://renault.2web.at/10201636" "Mozilla/5.0 (Windows NT 10.0; Win64; x64) AppleWebKit/537.36 (KHTML, like Gecko) Chrome/89.0.4389.82 Safari/537.36"
80.123.225.38 - - [09/Mar/2021:15:39:30 +0100] "GET /reload?ser=1615300770216 HTTP/1.1" 200 28 "http://renault.activities.at/success" "Mozilla/5.0 (Windows NT 6.1; WOW64; Trident/7.0; rv:11.0) like Gecko"
80.122.221.194 - - [09/Mar/2021:15:39:42 +0100] "GET /reload?ser=1615300782145 HTTP/1.1" 200 28 "http://renault.activities.at/result?mode=list&search=NoVA" "Mozilla/5.0 (Windows NT 10.0; Win64; x64) AppleWebKit/537.36 (KHTML, like Gecko) Chrome/88.0.4324.150 Safari/537.36 Edg/88.0.705.63"
80.122.221.194 - - [09/Mar/2021:15:39:44 +0100] "GET /reload?ser=1615300784154 HTTP/1.1" 200 28 "http://renault.activities.at/success" "Mozilla/5.0 (Windows NT 10.0; Win64; x64) AppleWebKit/537.36 (KHTML, like Gecko) Chrome/88.0.4324.150 Safari/537.36 Edg/88.0.705.63"
82.135.5.126 - - [09/Mar/2021:15:39:46 +0100] "GET /reload?ser=1615300786072 HTTP/1.1" 200 28 "http://renault.activities.at/result?searchterm=true&search=REH163" "Mozilla/5.0 (Windows NT 10.0; WOW64; Trident/7.0; rv:11.0) like Gecko"
193.194.132.30 - - [09/Mar/2021:15:39:55 +0100] "GET /reload?ser=1615300793998 HTTP/1.1" 200 28 "http://renault.2web.at/10201636" "Mozilla/5.0 (Windows NT 10.0; Win64; x64) AppleWebKit/537.36 (KHTML, like Gecko) Chrome/89.0.4389.82 Safari/537.36"
80.123.225.38 - - [09/Mar/2021:15:40:31 +0100] "GET /reload?ser=1615300831194 HTTP/1.1" 200 28 "http://renault.activities.at/success" "Mozilla/5.0 (Windows NT 6.1; WOW64; Trident/7.0; rv:11.0) like Gecko"
80.122.221.194 - - [09/Mar/2021:15:40:43 +0100] "GET /reload?ser=1615300843153 HTTP/1.1" 200 28 "http://renault.activities.at/result?mode=list&search=NoVA" "Mozilla/5.0 (Windows NT 10.0; Win64; x64) AppleWebKit/537.36 (KHTML, like Gecko) Chrome/88.0.4324.150 Safari/537.36 Edg/88.0.705.63"
80.122.221.194 - - [09/Mar/2021:15:40:45 +0100] "GET /reload?ser=1615300845149 HTTP/1.1" 200 28 "http://renault.activities.at/success" "Mozilla/5.0 (Windows NT 10.0; Win64; x64) AppleWebKit/537.36 (KHTML, like Gecko) Chrome/88.0.4324.150 Safari/537.36 Edg/88.0.705.63"
82.135.5.126 - - [09/Mar/2021:15:40:47 +0100] "GET /reload?ser=1615300847075 HTTP/1.1" 200 28 "http://renault.activities.at/result?searchterm=true&search=REH163" "Mozilla/5.0 (Windows NT 10.0; WOW64; Trident/7.0; rv:11.0) like Gecko"
193.194.132.30 - - [09/Mar/2021:15:40:56 +0100] "GET /reload?ser=1615300855994 HTTP/1.1" 200 28 "http://renault.2web.at/10201636" "Mozilla/5.0 (Windows NT 10.0; Win64; x64) AppleWebKit/537.36 (KHTML, like Gecko) Chrome/89.0.4389.82 Safari/537.36"
80.123.225.38 - - [09/Mar/2021:15:40:59 +0100] "GET /checkout HTTP/1.1" 302 148 "http://renault.activities.at/result?searchterm=true&search=dacia+pros" "Mozilla/5.0 (Windows NT 6.1; WOW64; Trident/7.0; rv:11.0) like Gecko"
80.123.225.38 - - [09/Mar/2021:15:41:00 +0100] "GET /cart?noamount=true HTTP/1.1" 200 3762 "http://renault.activities.at/result?searchterm=true&search=dacia+pros" "Mozilla/5.0 (Windows NT 6.1; WOW64; Trident/7.0; rv:11.0) like Gecko"
80.123.225.38 - - [09/Mar/2021:15:41:01 +0100] "GET /js/default.js HTTP/1.1" 304 - "http://renault.activities.at/cart?noamount=true" "Mozilla/5.0 (Windows NT 6.1; WOW64; Trident/7.0; rv:11.0) like Gecko"
80.123.225.38 - - [09/Mar/2021:15:41:01 +0100] "GET /css/reset.css HTTP/1.1" 304 - "http://renault.activities.at/cart?noamount=true" "Mozilla/5.0 (Windows NT 6.1; WOW64; Trident/7.0; rv:11.0) like Gecko"
80.123.225.38 - - [09/Mar/2021:15:41:01 +0100] "GET /css/styles.css HTTP/1.1" 304 - "http://renault.activities.at/cart?noamount=true" "Mozilla/5.0 (Windows NT 6.1; WOW64; Trident/7.0; rv:11.0) like Gecko"
80.123.225.38 - - [09/Mar/2021:15:41:01 +0100] "GET /css/clears.css HTTP/1.1" 304 - "http://renault.activities.at/cart?noamount=true" "Mozilla/5.0 (Windows NT 6.1; WOW64; Trident/7.0; rv:11.0) like Gecko"
80.123.225.38 - - [09/Mar/2021:15:41:01 +0100] "GET /css/print.css HTTP/1.1" 304 - "http://renault.activities.at/cart?noamount=true" "Mozilla/5.0 (Windows NT 6.1; WOW64; Trident/7.0; rv:11.0) like Gecko"
80.123.225.38 - - [09/Mar/2021:15:41:01 +0100] "GET /js/checkout.css HTTP/1.1" 304 - "http://renault.activities.at/cart?noamount=true" "Mozilla/5.0 (Windows NT 6.1; WOW64; Trident/7.0; rv:11.0) like Gecko"
80.123.225.38 - - [09/Mar/2021:15:41:01 +0100] "GET /css/prototip.css HTTP/1.1" 304 - "http://renault.activities.at/cart?noamount=true" "Mozilla/5.0 (Windows NT 6.1; WOW64; Trident/7.0; rv:11.0) like Gecko"
80.123.225.38 - - [09/Mar/2021:15:41:01 +0100] "GET /css/themes/default.css HTTP/1.1" 304 - "http://renault.activities.at/cart?noamount=true" "Mozilla/5.0 (Windows NT 6.1; WOW64; Trident/7.0; rv:11.0) like Gecko"
80.123.225.38 - - [09/Mar/2021:15:41:01 +0100] "GET /css/themes/alphacube.css HTTP/1.1" 304 - "http://renault.activities.at/cart?noamount=true" "Mozilla/5.0 (Windows NT 6.1; WOW64; Trident/7.0; rv:11.0) like Gecko"
80.123.225.38 - - [09/Mar/2021:15:41:01 +0100] "GET /js/ProduktGrp.js HTTP/1.1" 304 - "http://renault.activities.at/cart?noamount=true" "Mozilla/5.0 (Windows NT 6.1; WOW64; Trident/7.0; rv:11.0) like Gecko"
80.123.225.38 - - [09/Mar/2021:15:41:01 +0100] "GET /images/header_block_border.gif HTTP/1.1" 304 - "http://renault.activities.at/cart?noamount=true" "Mozilla/5.0 (Windows NT 6.1; WOW64; Trident/7.0; rv:11.0) like Gecko"
80.123.225.38 - - [09/Mar/2021:15:41:01 +0100] "GET /images/header_block_corner_left_top.gif HTTP/1.1" 304 - "http://renault.activities.at/cart?noamount=true" "Mozilla/5.0 (Windows NT 6.1; WOW64; Trident/7.0; rv:11.0) like Gecko"
80.123.225.38 - - [09/Mar/2021:15:41:01 +0100] "GET /images/header_block_corner_right_top.gif HTTP/1.1" 304 - "http://renault.activities.at/cart?noamount=true" "Mozilla/5.0 (Windows NT 6.1; WOW64; Trident/7.0; rv:11.0) like Gecko"
80.123.225.38 - - [09/Mar/2021:15:41:01 +0100] "GET /images/search_bg.gif HTTP/1.1" 304 - "http://renault.activities.at/cart?noamount=true" "Mozilla/5.0 (Windows NT 6.1; WOW64; Trident/7.0; rv:11.0) like Gecko"
80.123.225.38 - - [09/Mar/2021:15:41:01 +0100] "GET /images/main_block_corner_right_top.gif HTTP/1.1" 304 - "http://renault.activities.at/cart?noamount=true" "Mozilla/5.0 (Windows NT 6.1; WOW64; Trident/7.0; rv:11.0) like Gecko"
80.123.225.38 - - [09/Mar/2021:15:41:01 +0100] "GET /images/main_block_corner_left_bot.gif HTTP/1.1" 304 - "http://renault.activities.at/cart?noamount=true" "Mozilla/5.0 (Windows NT 6.1; WOW64; Trident/7.0; rv:11.0) like Gecko"
80.123.225.38 - - [09/Mar/2021:15:41:01 +0100] "GET /images/main_block_corner_left_top.gif HTTP/1.1" 304 - "http://renault.activities.at/cart?noamount=true" "Mozilla/5.0 (Windows NT 6.1; WOW64; Trident/7.0; rv:11.0) like Gecko"
80.123.225.38 - - [09/Mar/2021:15:41:01 +0100] "GET /images/main_block_border.gif HTTP/1.1" 304 - "http://renault.activities.at/cart?noamount=true" "Mozilla/5.0 (Windows NT 6.1; WOW64; Trident/7.0; rv:11.0) like Gecko"
80.123.225.38 - - [09/Mar/2021:15:41:01 +0100] "GET /images/main_block_corner_right_bot.gif HTTP/1.1" 304 - "http://renault.activities.at/cart?noamount=true" "Mozilla/5.0 (Windows NT 6.1; WOW64; Trident/7.0; rv:11.0) like Gecko"
80.123.225.38 - - [09/Mar/2021:15:41:01 +0100] "GET /images/menu_button_bg.jpg HTTP/1.1" 304 - "http://renault.activities.at/cart?noamount=true" "Mozilla/5.0 (Windows NT 6.1; WOW64; Trident/7.0; rv:11.0) like Gecko"
80.123.225.38 - - [09/Mar/2021:15:41:01 +0100] "GET /images/nav_divider.gif HTTP/1.1" 304 - "http://renault.activities.at/cart?noamount=true" "Mozilla/5.0 (Windows NT 6.1; WOW64; Trident/7.0; rv:11.0) like Gecko"
80.123.225.38 - - [09/Mar/2021:15:41:01 +0100] "GET /images/button_left_bg.gif HTTP/1.1" 304 - "http://renault.activities.at/cart?noamount=true" "Mozilla/5.0 (Windows NT 6.1; WOW64; Trident/7.0; rv:11.0) like Gecko"
80.123.225.38 - - [09/Mar/2021:15:41:01 +0100] "GET /images/top_links_divider.gif HTTP/1.1" 304 - "http://renault.activities.at/cart?noamount=true" "Mozilla/5.0 (Windows NT 6.1; WOW64; Trident/7.0; rv:11.0) like Gecko"
80.123.225.38 - - [09/Mar/2021:15:41:01 +0100] "GET /images/title_border_top.jpg HTTP/1.1" 304 - "http://renault.activities.at/cart?noamount=true" "Mozilla/5.0 (Windows NT 6.1; WOW64; Trident/7.0; rv:11.0) like Gecko"
80.123.225.38 - - [09/Mar/2021:15:41:01 +0100] "GET /images/title_corner_right_top.jpg HTTP/1.1" 304 - "http://renault.activities.at/cart?noamount=true" "Mozilla/5.0 (Windows NT 6.1; WOW64; Trident/7.0; rv:11.0) like Gecko"
80.123.225.38 - - [09/Mar/2021:15:41:01 +0100] "GET /images/title_corner_left_top.jpg HTTP/1.1" 304 - "http://renault.activities.at/cart?noamount=true" "Mozilla/5.0 (Windows NT 6.1; WOW64; Trident/7.0; rv:11.0) like Gecko"
80.123.225.38 - - [09/Mar/2021:15:41:01 +0100] "GET /images/menu_divider.gif HTTP/1.1" 304 - "http://renault.activities.at/cart?noamount=true" "Mozilla/5.0 (Windows NT 6.1; WOW64; Trident/7.0; rv:11.0) like Gecko"
80.123.225.38 - - [09/Mar/2021:15:41:01 +0100] "GET /images/title_border.jpg HTTP/1.1" 304 - "http://renault.activities.at/cart?noamount=true" "Mozilla/5.0 (Windows NT 6.1; WOW64; Trident/7.0; rv:11.0) like Gecko"
