185.58.53.32 - - [15/Mar/2021:13:06:58 +0100] "GET /reload?ser=1615810018869 HTTP/1.1" 200 1240 "http://renault.activities.at/10201442?dir=DESC&mode=grid&order=name&limit=15&page=16" "Mozilla/5.0 (Windows NT 10.0; Win64; x64) AppleWebKit/537.36 (KHTML, like Gecko) Chrome/89.0.4389.82 Safari/537.36"
80.120.210.179 - - [15/Mar/2021:13:06:59 +0100] "GET /reload?ser=1615810020122 HTTP/1.1" 200 28 "http://renault.activities.at/result?searchterm=true&search=+r+link" "Mozilla/5.0 (Windows NT 10.0; Win64; x64) AppleWebKit/537.36 (KHTML, like Gecko) Chrome/89.0.4389.82 Safari/537.36"
83.175.113.91 - - [15/Mar/2021:13:07:07 +0100] "GET /reload?ser=1615810027584 HTTP/1.1" 200 28 "http://renault.activities.at/10260273" "Mozilla/5.0 (Windows NT 10.0; Win64; x64) AppleWebKit/537.36 (KHTML, like Gecko) Chrome/88.0.4324.190 Safari/537.36"
193.194.132.24 - - [15/Mar/2021:13:07:14 +0100] "GET /reload?ser=1615810034249 HTTP/1.1" 200 28 "http://renault.2web.at/account" "Mozilla/5.0 (Windows NT 10.0; Win64; x64) AppleWebKit/537.36 (KHTML, like Gecko) Chrome/88.0.4324.190 Safari/537.36"
62.40.161.72 - - [15/Mar/2021:13:07:18 +0100] "GET /reload?ser=1615810038082 HTTP/1.1" 200 28 "http://renault.activities.at/" "Mozilla/5.0 (Windows NT 10.0; WOW64; Trident/7.0; rv:11.0) like Gecko"
185.58.53.32 - - [15/Mar/2021:13:07:59 +0100] "GET /reload?ser=1615810079869 HTTP/1.1" 200 1239 "http://renault.activities.at/10201442?dir=DESC&mode=grid&order=name&limit=15&page=16" "Mozilla/5.0 (Windows NT 10.0; Win64; x64) AppleWebKit/537.36 (KHTML, like Gecko) Chrome/89.0.4389.82 Safari/537.36"
80.120.210.179 - - [15/Mar/2021:13:08:01 +0100] "GET /reload?ser=1615810082124 HTTP/1.1" 200 28 "http://renault.activities.at/result?searchterm=true&search=+r+link" "Mozilla/5.0 (Windows NT 10.0; Win64; x64) AppleWebKit/537.36 (KHTML, like Gecko) Chrome/89.0.4389.82 Safari/537.36"
83.175.113.91 - - [15/Mar/2021:13:08:08 +0100] "GET /reload?ser=1615810088579 HTTP/1.1" 200 28 "http://renault.activities.at/10260273" "Mozilla/5.0 (Windows NT 10.0; Win64; x64) AppleWebKit/537.36 (KHTML, like Gecko) Chrome/88.0.4324.190 Safari/537.36"
193.194.132.24 - - [15/Mar/2021:13:08:16 +0100] "GET /reload?ser=1615810096256 HTTP/1.1" 200 28 "http://renault.2web.at/account" "Mozilla/5.0 (Windows NT 10.0; Win64; x64) AppleWebKit/537.36 (KHTML, like Gecko) Chrome/88.0.4324.190 Safari/537.36"
62.40.161.72 - - [15/Mar/2021:13:08:18 +0100] "GET /reload?ser=1615810098734 HTTP/1.1" 200 28 "http://renault.activities.at/" "Mozilla/5.0 (Windows NT 10.0; WOW64; Trident/7.0; rv:11.0) like Gecko"
185.58.53.32 - - [15/Mar/2021:13:09:00 +0100] "GET /reload?ser=1615810140879 HTTP/1.1" 200 1237 "http://renault.activities.at/10201442?dir=DESC&mode=grid&order=name&limit=15&page=16" "Mozilla/5.0 (Windows NT 10.0; Win64; x64) AppleWebKit/537.36 (KHTML, like Gecko) Chrome/89.0.4389.82 Safari/537.36"
83.175.113.91 - - [15/Mar/2021:13:09:01 +0100] "GET /login HTTP/1.1" 200 4206 "-" "Mozilla/5.0 (Windows NT 10.0; Win64; x64) AppleWebKit/537.36 (KHTML, like Gecko) Chrome/88.0.4324.190 Safari/537.36"
80.120.210.179 - - [15/Mar/2021:13:09:03 +0100] "GET /reload?ser=1615810144126 HTTP/1.1" 200 28 "http://renault.activities.at/result?searchterm=true&search=+r+link" "Mozilla/5.0 (Windows NT 10.0; Win64; x64) AppleWebKit/537.36 (KHTML, like Gecko) Chrome/89.0.4389.82 Safari/537.36"
83.175.113.91 - - [15/Mar/2021:13:09:10 +0100] "GET /reload?ser=1615810150585 HTTP/1.1" 200 28 "http://renault.activities.at/10260273" "Mozilla/5.0 (Windows NT 10.0; Win64; x64) AppleWebKit/537.36 (KHTML, like Gecko) Chrome/88.0.4324.190 Safari/537.36"
193.194.132.24 - - [15/Mar/2021:13:09:18 +0100] "GET /reload?ser=1615810158262 HTTP/1.1" 200 28 "http://renault.2web.at/account" "Mozilla/5.0 (Windows NT 10.0; Win64; x64) AppleWebKit/537.36 (KHTML, like Gecko) Chrome/88.0.4324.190 Safari/537.36"
62.40.161.72 - - [15/Mar/2021:13:09:19 +0100] "GET /reload?ser=1615810159382 HTTP/1.1" 200 28 "http://renault.activities.at/" "Mozilla/5.0 (Windows NT 10.0; WOW64; Trident/7.0; rv:11.0) like Gecko"
83.175.113.91 - - [15/Mar/2021:13:09:39 +0100] "POST /login HTTP/1.1" 302 140 "http://renault.activities.at/login" "Mozilla/5.0 (Windows NT 10.0; Win64; x64) AppleWebKit/537.36 (KHTML, like Gecko) Chrome/88.0.4324.190 Safari/537.36"
83.175.113.91 - - [15/Mar/2021:13:09:41 +0100] "GET /account HTTP/1.1" 200 6805 "http://renault.activities.at/login" "Mozilla/5.0 (Windows NT 10.0; Win64; x64) AppleWebKit/537.36 (KHTML, like Gecko) Chrome/88.0.4324.190 Safari/537.36"
83.175.113.91 - - [15/Mar/2021:13:09:51 +0100] "GET /account HTTP/1.1" 200 6805 "http://renault.activities.at/account" "Mozilla/5.0 (Windows NT 10.0; Win64; x64) AppleWebKit/537.36 (KHTML, like Gecko) Chrome/88.0.4324.190 Safari/537.36"
185.58.53.32 - - [15/Mar/2021:13:10:01 +0100] "GET /reload?ser=1615810201871 HTTP/1.1" 200 1239 "http://renault.activities.at/10201442?dir=DESC&mode=grid&order=name&limit=15&page=16" "Mozilla/5.0 (Windows NT 10.0; Win64; x64) AppleWebKit/537.36 (KHTML, like Gecko) Chrome/89.0.4389.82 Safari/537.36"
80.120.210.179 - - [15/Mar/2021:13:10:04 +0100] "GET /reload?ser=1615810205126 HTTP/1.1" 200 28 "http://renault.activities.at/result?searchterm=true&search=+r+link" "Mozilla/5.0 (Windows NT 10.0; Win64; x64) AppleWebKit/537.36 (KHTML, like Gecko) Chrome/89.0.4389.82 Safari/537.36"
83.175.113.91 - - [15/Mar/2021:13:10:11 +0100] "GET /reload?ser=1615810211577 HTTP/1.1" 200 28 "http://renault.activities.at/10260273" "Mozilla/5.0 (Windows NT 10.0; Win64; x64) AppleWebKit/537.36 (KHTML, like Gecko) Chrome/88.0.4324.190 Safari/537.36"
83.175.113.91 - - [15/Mar/2021:13:10:17 +0100] "GET / HTTP/1.1" 200 6328 "http://renault.activities.at/account" "Mozilla/5.0 (Windows NT 10.0; Win64; x64) AppleWebKit/537.36 (KHTML, like Gecko) Chrome/88.0.4324.190 Safari/537.36"
83.175.113.91 - - [15/Mar/2021:13:10:18 +0100] "GET /js/flashdetection.js HTTP/1.1" 200 1059 "http://renault.activities.at/" "Mozilla/5.0 (Windows NT 10.0; Win64; x64) AppleWebKit/537.36 (KHTML, like Gecko) Chrome/88.0.4324.190 Safari/537.36"
62.40.161.72 - - [15/Mar/2021:13:10:20 +0100] "GET /reload?ser=1615810220044 HTTP/1.1" 200 28 "http://renault.activities.at/" "Mozilla/5.0 (Windows NT 10.0; WOW64; Trident/7.0; rv:11.0) like Gecko"
193.194.132.24 - - [15/Mar/2021:13:10:20 +0100] "GET /reload?ser=1615810220267 HTTP/1.1" 200 28 "http://renault.2web.at/account" "Mozilla/5.0 (Windows NT 10.0; Win64; x64) AppleWebKit/537.36 (KHTML, like Gecko) Chrome/88.0.4324.190 Safari/537.36"
185.58.53.32 - - [15/Mar/2021:13:11:02 +0100] "GET /reload?ser=1615810262880 HTTP/1.1" 200 1244 "http://renault.activities.at/10201442?dir=DESC&mode=grid&order=name&limit=15&page=16" "Mozilla/5.0 (Windows NT 10.0; Win64; x64) AppleWebKit/537.36 (KHTML, like Gecko) Chrome/89.0.4389.82 Safari/537.36"
80.120.210.179 - - [15/Mar/2021:13:11:05 +0100] "GET /reload?ser=1615810266126 HTTP/1.1" 200 28 "http://renault.activities.at/result?searchterm=true&search=+r+link" "Mozilla/5.0 (Windows NT 10.0; Win64; x64) AppleWebKit/537.36 (KHTML, like Gecko) Chrome/89.0.4389.82 Safari/537.36"
83.175.113.91 - - [15/Mar/2021:13:11:12 +0100] "GET /reload?ser=1615810272581 HTTP/1.1" 200 28 "http://renault.activities.at/10260273" "Mozilla/5.0 (Windows NT 10.0; Win64; x64) AppleWebKit/537.36 (KHTML, like Gecko) Chrome/88.0.4324.190 Safari/537.36"
83.175.113.91 - - [15/Mar/2021:13:11:19 +0100] "GET /reload?ser=1615810278978 HTTP/1.1" 200 28 "http://renault.activities.at/" "Mozilla/5.0 (Windows NT 10.0; Win64; x64) AppleWebKit/537.36 (KHTML, like Gecko) Chrome/88.0.4324.190 Safari/537.36"
62.40.161.72 - - [15/Mar/2021:13:11:20 +0100] "GET /reload?ser=1615810280724 HTTP/1.1" 200 28 "http://renault.activities.at/" "Mozilla/5.0 (Windows NT 10.0; WOW64; Trident/7.0; rv:11.0) like Gecko"
193.194.132.24 - - [15/Mar/2021:13:11:22 +0100] "GET /reload?ser=1615810282272 HTTP/1.1" 200 28 "http://renault.2web.at/account" "Mozilla/5.0 (Windows NT 10.0; Win64; x64) AppleWebKit/537.36 (KHTML, like Gecko) Chrome/88.0.4324.190 Safari/537.36"
185.58.53.32 - - [15/Mar/2021:13:12:03 +0100] "GET /reload?ser=1615810323882 HTTP/1.1" 200 1247 "http://renault.activities.at/10201442?dir=DESC&mode=grid&order=name&limit=15&page=16" "Mozilla/5.0 (Windows NT 10.0; Win64; x64) AppleWebKit/537.36 (KHTML, like Gecko) Chrome/89.0.4389.82 Safari/537.36"
80.120.210.179 - - [15/Mar/2021:13:12:06 +0100] "GET /reload?ser=1615810327124 HTTP/1.1" 200 28 "http://renault.activities.at/result?searchterm=true&search=+r+link" "Mozilla/5.0 (Windows NT 10.0; Win64; x64) AppleWebKit/537.36 (KHTML, like Gecko) Chrome/89.0.4389.82 Safari/537.36"
83.175.113.91 - - [15/Mar/2021:13:12:13 +0100] "GET /reload?ser=1615810333584 HTTP/1.1" 200 28 "http://renault.activities.at/10260273" "Mozilla/5.0 (Windows NT 10.0; Win64; x64) AppleWebKit/537.36 (KHTML, like Gecko) Chrome/88.0.4324.190 Safari/537.36"
83.175.113.91 - - [15/Mar/2021:13:12:20 +0100] "GET /reload?ser=1615810339928 HTTP/1.1" 200 28 "http://renault.activities.at/" "Mozilla/5.0 (Windows NT 10.0; Win64; x64) AppleWebKit/537.36 (KHTML, like Gecko) Chrome/88.0.4324.190 Safari/537.36"
62.40.161.72 - - [15/Mar/2021:13:12:21 +0100] "GET /reload?ser=1615810341393 HTTP/1.1" 200 28 "http://renault.activities.at/" "Mozilla/5.0 (Windows NT 10.0; WOW64; Trident/7.0; rv:11.0) like Gecko"
193.194.132.24 - - [15/Mar/2021:13:12:24 +0100] "GET /reload?ser=1615810344277 HTTP/1.1" 200 28 "http://renault.2web.at/account" "Mozilla/5.0 (Windows NT 10.0; Win64; x64) AppleWebKit/537.36 (KHTML, like Gecko) Chrome/88.0.4324.190 Safari/537.36"
83.175.113.91 - - [15/Mar/2021:13:12:48 +0100] "GET /logout HTTP/1.1" 302 140 "http://renault.activities.at/" "Mozilla/5.0 (Windows NT 10.0; Win64; x64) AppleWebKit/537.36 (KHTML, like Gecko) Chrome/88.0.4324.190 Safari/537.36"
83.175.113.91 - - [15/Mar/2021:13:12:49 +0100] "GET /logout HTTP/1.1" 200 1583 "http://renault.activities.at/" "Mozilla/5.0 (Windows NT 10.0; Win64; x64) AppleWebKit/537.36 (KHTML, like Gecko) Chrome/88.0.4324.190 Safari/537.36"
83.175.113.91 - - [15/Mar/2021:13:12:52 +0100] "GET /login HTTP/1.1" 200 2085 "http://renault.activities.at/logout" "Mozilla/5.0 (Windows NT 10.0; Win64; x64) AppleWebKit/537.36 (KHTML, like Gecko) Chrome/88.0.4324.190 Safari/537.36"
185.58.53.32 - - [15/Mar/2021:13:13:04 +0100] "GET /reload?ser=1615810384877 HTTP/1.1" 200 1244 "http://renault.activities.at/10201442?dir=DESC&mode=grid&order=name&limit=15&page=16" "Mozilla/5.0 (Windows NT 10.0; Win64; x64) AppleWebKit/537.36 (KHTML, like Gecko) Chrome/89.0.4389.82 Safari/537.36"
80.120.210.179 - - [15/Mar/2021:13:13:08 +0100] "GET /reload?ser=1615810389124 HTTP/1.1" 200 28 "http://renault.activities.at/result?searchterm=true&search=+r+link" "Mozilla/5.0 (Windows NT 10.0; Win64; x64) AppleWebKit/537.36 (KHTML, like Gecko) Chrome/89.0.4389.82 Safari/537.36"
83.175.113.91 - - [15/Mar/2021:13:13:15 +0100] "GET /reload?ser=1615810395582 HTTP/1.1" 200 28 "http://renault.activities.at/10260273" "Mozilla/5.0 (Windows NT 10.0; Win64; x64) AppleWebKit/537.36 (KHTML, like Gecko) Chrome/88.0.4324.190 Safari/537.36"
62.40.161.72 - - [15/Mar/2021:13:13:22 +0100] "GET /reload?ser=1615810402072 HTTP/1.1" 200 28 "http://renault.activities.at/" "Mozilla/5.0 (Windows NT 10.0; WOW64; Trident/7.0; rv:11.0) like Gecko"
193.194.132.24 - - [15/Mar/2021:13:13:26 +0100] "GET /reload?ser=1615810406283 HTTP/1.1" 200 28 "http://renault.2web.at/account" "Mozilla/5.0 (Windows NT 10.0; Win64; x64) AppleWebKit/537.36 (KHTML, like Gecko) Chrome/88.0.4324.190 Safari/537.36"
185.58.53.32 - - [15/Mar/2021:13:14:05 +0100] "GET /reload?ser=1615810445872 HTTP/1.1" 200 1238 "http://renault.activities.at/10201442?dir=DESC&mode=grid&order=name&limit=15&page=16" "Mozilla/5.0 (Windows NT 10.0; Win64; x64) AppleWebKit/537.36 (KHTML, like Gecko) Chrome/89.0.4389.82 Safari/537.36"
80.120.210.179 - - [15/Mar/2021:13:14:10 +0100] "GET /reload?ser=1615810451127 HTTP/1.1" 200 28 "http://renault.activities.at/result?searchterm=true&search=+r+link" "Mozilla/5.0 (Windows NT 10.0; Win64; x64) AppleWebKit/537.36 (KHTML, like Gecko) Chrome/89.0.4389.82 Safari/537.36"
83.175.113.91 - - [15/Mar/2021:13:14:16 +0100] "GET /reload?ser=1615810456575 HTTP/1.1" 200 28 "http://renault.activities.at/10260273" "Mozilla/5.0 (Windows NT 10.0; Win64; x64) AppleWebKit/537.36 (KHTML, like Gecko) Chrome/88.0.4324.190 Safari/537.36"
62.40.161.72 - - [15/Mar/2021:13:14:22 +0100] "GET /reload?ser=1615810462719 HTTP/1.1" 200 28 "http://renault.activities.at/" "Mozilla/5.0 (Windows NT 10.0; WOW64; Trident/7.0; rv:11.0) like Gecko"
193.194.132.24 - - [15/Mar/2021:13:14:28 +0100] "GET /reload?ser=1615810468287 HTTP/1.1" 200 28 "http://renault.2web.at/account" "Mozilla/5.0 (Windows NT 10.0; Win64; x64) AppleWebKit/537.36 (KHTML, like Gecko) Chrome/88.0.4324.190 Safari/537.36"
185.58.53.32 - - [15/Mar/2021:13:15:06 +0100] "GET /reload?ser=1615810506884 HTTP/1.1" 200 1249 "http://renault.activities.at/10201442?dir=DESC&mode=grid&order=name&limit=15&page=16" "Mozilla/5.0 (Windows NT 10.0; Win64; x64) AppleWebKit/537.36 (KHTML, like Gecko) Chrome/89.0.4389.82 Safari/537.36"
80.120.210.179 - - [15/Mar/2021:13:15:12 +0100] "GET /reload?ser=1615810513129 HTTP/1.1" 200 28 "http://renault.activities.at/result?searchterm=true&search=+r+link" "Mozilla/5.0 (Windows NT 10.0; Win64; x64) AppleWebKit/537.36 (KHTML, like Gecko) Chrome/89.0.4389.82 Safari/537.36"
83.175.113.91 - - [15/Mar/2021:13:15:17 +0100] "GET /reload?ser=1615810517577 HTTP/1.1" 200 28 "http://renault.activities.at/10260273" "Mozilla/5.0 (Windows NT 10.0; Win64; x64) AppleWebKit/537.36 (KHTML, like Gecko) Chrome/88.0.4324.190 Safari/537.36"
62.40.161.72 - - [15/Mar/2021:13:15:23 +0100] "GET /reload?ser=1615810523381 HTTP/1.1" 200 28 "http://renault.activities.at/" "Mozilla/5.0 (Windows NT 10.0; WOW64; Trident/7.0; rv:11.0) like Gecko"
193.194.132.24 - - [15/Mar/2021:13:15:30 +0100] "GET /reload?ser=1615810530289 HTTP/1.1" 200 28 "http://renault.2web.at/account" "Mozilla/5.0 (Windows NT 10.0; Win64; x64) AppleWebKit/537.36 (KHTML, like Gecko) Chrome/88.0.4324.190 Safari/537.36"
83.175.113.91 - - [15/Mar/2021:13:15:33 +0100] "GET /login HTTP/1.1" 200 2085 "-" "Mozilla/5.0 (Windows NT 10.0; Win64; x64) AppleWebKit/537.36 (KHTML, like Gecko) Chrome/89.0.4389.82 Safari/537.36"
83.175.113.91 - - [15/Mar/2021:13:15:34 +0100] "GET /css/reset.css HTTP/1.1" 200 1356 "http://renault.activities.at/login" "Mozilla/5.0 (Windows NT 10.0; Win64; x64) AppleWebKit/537.36 (KHTML, like Gecko) Chrome/89.0.4389.82 Safari/537.36"
83.175.113.91 - - [15/Mar/2021:13:15:34 +0100] "GET /css/clears.css HTTP/1.1" 200 851 "http://renault.activities.at/login" "Mozilla/5.0 (Windows NT 10.0; Win64; x64) AppleWebKit/537.36 (KHTML, like Gecko) Chrome/89.0.4389.82 Safari/537.36"
83.175.113.91 - - [15/Mar/2021:13:15:34 +0100] "GET /js/default.js HTTP/1.1" 200 14698 "http://renault.activities.at/login" "Mozilla/5.0 (Windows NT 10.0; Win64; x64) AppleWebKit/537.36 (KHTML, like Gecko) Chrome/89.0.4389.82 Safari/537.36"
83.175.113.91 - - [15/Mar/2021:13:15:34 +0100] "GET /css/prototip.css HTTP/1.1" 200 968 "http://renault.activities.at/login" "Mozilla/5.0 (Windows NT 10.0; Win64; x64) AppleWebKit/537.36 (KHTML, like Gecko) Chrome/89.0.4389.82 Safari/537.36"
83.175.113.91 - - [15/Mar/2021:13:15:34 +0100] "GET /js/checkout.css HTTP/1.1" 200 359 "http://renault.activities.at/login" "Mozilla/5.0 (Windows NT 10.0; Win64; x64) AppleWebKit/537.36 (KHTML, like Gecko) Chrome/89.0.4389.82 Safari/537.36"
83.175.113.91 - - [15/Mar/2021:13:15:34 +0100] "GET /css/styles.css HTTP/1.1" 200 14664 "http://renault.activities.at/login" "Mozilla/5.0 (Windows NT 10.0; Win64; x64) AppleWebKit/537.36 (KHTML, like Gecko) Chrome/89.0.4389.82 Safari/537.36"
83.175.113.91 - - [15/Mar/2021:13:15:34 +0100] "GET /css/themes/default.css HTTP/1.1" 200 769 "http://renault.activities.at/login" "Mozilla/5.0 (Windows NT 10.0; Win64; x64) AppleWebKit/537.36 (KHTML, like Gecko) Chrome/89.0.4389.82 Safari/537.36"
83.175.113.91 - - [15/Mar/2021:13:15:34 +0100] "GET /css/themes/alphacube.css HTTP/1.1" 200 743 "http://renault.activities.at/login" "Mozilla/5.0 (Windows NT 10.0; Win64; x64) AppleWebKit/537.36 (KHTML, like Gecko) Chrome/89.0.4389.82 Safari/537.36"
83.175.113.91 - - [15/Mar/2021:13:15:34 +0100] "GET /js/index.php?c=auto&f=,prototype/prototype.js,prototype/validation.js,scriptaculous/builder.js,scriptaculous/effects.js,scriptaculous/dragdrop.js,scriptaculous/controls.js,scriptaculous/slider.js,varien/js.js,varien/form.js,varien/menu.js,mage/translate.js,mage/cookies.js,varien/product.js,spinner/SpinnerControl.jsmin.js,prototype/window.js,prototype/window_ext.js HTTP/1.1" 200 94182 "http://renault.activities.at/login" "Mozilla/5.0 (Windows NT 10.0; Win64; x64) AppleWebKit/537.36 (KHTML, like Gecko) Chrome/89.0.4389.82 Safari/537.36"
83.175.113.91 - - [15/Mar/2021:13:15:34 +0100] "GET /images/main_block_border.gif HTTP/1.1" 200 43 "http://renault.activities.at/css/styles.css" "Mozilla/5.0 (Windows NT 10.0; Win64; x64) AppleWebKit/537.36 (KHTML, like Gecko) Chrome/89.0.4389.82 Safari/537.36"
83.175.113.91 - - [15/Mar/2021:13:15:34 +0100] "GET /images/main_block_corner_left_bot.gif HTTP/1.1" 200 159 "http://renault.activities.at/css/styles.css" "Mozilla/5.0 (Windows NT 10.0; Win64; x64) AppleWebKit/537.36 (KHTML, like Gecko) Chrome/89.0.4389.82 Safari/537.36"
83.175.113.91 - - [15/Mar/2021:13:15:34 +0100] "GET /images/header_block_corner_left_top.gif HTTP/1.1" 200 160 "http://renault.activities.at/css/styles.css" "Mozilla/5.0 (Windows NT 10.0; Win64; x64) AppleWebKit/537.36 (KHTML, like Gecko) Chrome/89.0.4389.82 Safari/537.36"
83.175.113.91 - - [15/Mar/2021:13:15:34 +0100] "GET /images/header_block_border.gif HTTP/1.1" 200 43 "http://renault.activities.at/css/styles.css" "Mozilla/5.0 (Windows NT 10.0; Win64; x64) AppleWebKit/537.36 (KHTML, like Gecko) Chrome/89.0.4389.82 Safari/537.36"
83.175.113.91 - - [15/Mar/2021:13:15:34 +0100] "GET /images/main_block_corner_right_bot.gif HTTP/1.1" 200 158 "http://renault.activities.at/css/styles.css" "Mozilla/5.0 (Windows NT 10.0; Win64; x64) AppleWebKit/537.36 (KHTML, like Gecko) Chrome/89.0.4389.82 Safari/537.36"
83.175.113.91 - - [15/Mar/2021:13:15:34 +0100] "GET /css/print.css HTTP/1.1" 200 543 "http://renault.activities.at/login" "Mozilla/5.0 (Windows NT 10.0; Win64; x64) AppleWebKit/537.36 (KHTML, like Gecko) Chrome/89.0.4389.82 Safari/537.36"
83.175.113.91 - - [15/Mar/2021:13:15:34 +0100] "GET /images/title_border.jpg HTTP/1.1" 200 304 "http://renault.activities.at/css/styles.css" "Mozilla/5.0 (Windows NT 10.0; Win64; x64) AppleWebKit/537.36 (KHTML, like Gecko) Chrome/89.0.4389.82 Safari/537.36"
83.175.113.91 - - [15/Mar/2021:13:15:34 +0100] "GET /images/title_border_top.jpg HTTP/1.1" 200 336 "http://renault.activities.at/css/styles.css" "Mozilla/5.0 (Windows NT 10.0; Win64; x64) AppleWebKit/537.36 (KHTML, like Gecko) Chrome/89.0.4389.82 Safari/537.36"
83.175.113.91 - - [15/Mar/2021:13:15:34 +0100] "GET /images/main_block_corner_right_top.gif HTTP/1.1" 200 159 "http://renault.activities.at/css/styles.css" "Mozilla/5.0 (Windows NT 10.0; Win64; x64) AppleWebKit/537.36 (KHTML, like Gecko) Chrome/89.0.4389.82 Safari/537.36"
83.175.113.91 - - [15/Mar/2021:13:15:34 +0100] "GET /images/main_block_corner_left_top.gif HTTP/1.1" 200 159 "http://renault.activities.at/css/styles.css" "Mozilla/5.0 (Windows NT 10.0; Win64; x64) AppleWebKit/537.36 (KHTML, like Gecko) Chrome/89.0.4389.82 Safari/537.36"
83.175.113.91 - - [15/Mar/2021:13:15:34 +0100] "GET /images/title_corner_left_top.jpg HTTP/1.1" 200 372 "http://renault.activities.at/css/styles.css" "Mozilla/5.0 (Windows NT 10.0; Win64; x64) AppleWebKit/537.36 (KHTML, like Gecko) Chrome/89.0.4389.82 Safari/537.36"
83.175.113.91 - - [15/Mar/2021:13:15:34 +0100] "GET /images/title_corner_right_top.jpg HTTP/1.1" 200 389 "http://renault.activities.at/css/styles.css" "Mozilla/5.0 (Windows NT 10.0; Win64; x64) AppleWebKit/537.36 (KHTML, like Gecko) Chrome/89.0.4389.82 Safari/537.36"
83.175.113.91 - - [15/Mar/2021:13:15:34 +0100] "GET /images/button_left_bg.gif HTTP/1.1" 200 564 "http://renault.activities.at/css/styles.css" "Mozilla/5.0 (Windows NT 10.0; Win64; x64) AppleWebKit/537.36 (KHTML, like Gecko) Chrome/89.0.4389.82 Safari/537.36"
83.175.113.91 - - [15/Mar/2021:13:15:34 +0100] "GET /images/button_right_bg.gif HTTP/1.1" 200 561 "http://renault.activities.at/css/styles.css" "Mozilla/5.0 (Windows NT 10.0; Win64; x64) AppleWebKit/537.36 (KHTML, like Gecko) Chrome/89.0.4389.82 Safari/537.36"
83.175.113.91 - - [15/Mar/2021:13:15:34 +0100] "GET /images/button_bg.gif HTTP/1.1" 200 151 "http://renault.activities.at/css/styles.css" "Mozilla/5.0 (Windows NT 10.0; Win64; x64) AppleWebKit/537.36 (KHTML, like Gecko) Chrome/89.0.4389.82 Safari/537.36"
83.175.113.91 - - [15/Mar/2021:13:15:34 +0100] "GET /images/header_block_corner_right_top.gif HTTP/1.1" 200 160 "http://renault.activities.at/css/styles.css" "Mozilla/5.0 (Windows NT 10.0; Win64; x64) AppleWebKit/537.36 (KHTML, like Gecko) Chrome/89.0.4389.82 Safari/537.36"
83.175.113.91 - - [15/Mar/2021:13:15:34 +0100] "GET /loadthumbnail.php?id=11127982 HTTP/1.1" 200 399614 "http://renault.activities.at/login" "Mozilla/5.0 (Windows NT 10.0; Win64; x64) AppleWebKit/537.36 (KHTML, like Gecko) Chrome/89.0.4389.82 Safari/537.36"
83.175.113.91 - - [15/Mar/2021:13:15:35 +0100] "GET /images/favicon.ico HTTP/1.1" 404 305 "http://renault.activities.at/login" "Mozilla/5.0 (Windows NT 10.0; Win64; x64) AppleWebKit/537.36 (KHTML, like Gecko) Chrome/89.0.4389.82 Safari/537.36"
80.123.225.38 - - [15/Mar/2021:13:15:47 +0100] "GET /success HTTP/1.1" 302 138 "http://renault.activities.at/checkout" "Mozilla/5.0 (Windows NT 10.0; WOW64; Trident/7.0; rv:11.0) like Gecko"
80.123.225.38 - - [15/Mar/2021:13:15:47 +0100] "GET /cart HTTP/1.1" 200 1714 "http://renault.activities.at/checkout" "Mozilla/5.0 (Windows NT 10.0; WOW64; Trident/7.0; rv:11.0) like Gecko"
80.123.225.38 - - [15/Mar/2021:13:15:48 +0100] "GET /css/reset.css HTTP/1.1" 200 1356 "http://renault.activities.at/cart" "Mozilla/5.0 (Windows NT 10.0; WOW64; Trident/7.0; rv:11.0) like Gecko"
80.123.225.38 - - [15/Mar/2021:13:15:48 +0100] "GET /css/reset.css HTTP/1.1" 304 - "http://renault.activities.at/cart" "Mozilla/5.0 (Windows NT 10.0; WOW64; Trident/7.0; rv:11.0) like Gecko"
80.123.225.38 - - [15/Mar/2021:13:15:48 +0100] "GET /js/default.js HTTP/1.1" 200 14698 "http://renault.activities.at/cart" "Mozilla/5.0 (Windows NT 10.0; WOW64; Trident/7.0; rv:11.0) like Gecko"
80.123.225.38 - - [15/Mar/2021:13:15:48 +0100] "GET /css/clears.css HTTP/1.1" 200 851 "http://renault.activities.at/cart" "Mozilla/5.0 (Windows NT 10.0; WOW64; Trident/7.0; rv:11.0) like Gecko"
80.123.225.38 - - [15/Mar/2021:13:15:48 +0100] "GET /css/print.css HTTP/1.1" 200 543 "http://renault.activities.at/cart" "Mozilla/5.0 (Windows NT 10.0; WOW64; Trident/7.0; rv:11.0) like Gecko"
80.123.225.38 - - [15/Mar/2021:13:15:48 +0100] "GET /css/styles.css HTTP/1.1" 200 14664 "http://renault.activities.at/cart" "Mozilla/5.0 (Windows NT 10.0; WOW64; Trident/7.0; rv:11.0) like Gecko"
80.123.225.38 - - [15/Mar/2021:13:15:48 +0100] "GET /js/checkout.css HTTP/1.1" 200 359 "http://renault.activities.at/cart" "Mozilla/5.0 (Windows NT 10.0; WOW64; Trident/7.0; rv:11.0) like Gecko"
80.123.225.38 - - [15/Mar/2021:13:15:48 +0100] "GET /js/default.js HTTP/1.1" 200 14698 "http://renault.activities.at/cart" "Mozilla/5.0 (Windows NT 10.0; WOW64; Trident/7.0; rv:11.0) like Gecko"
80.123.225.38 - - [15/Mar/2021:13:15:48 +0100] "GET /css/prototip.css HTTP/1.1" 200 968 "http://renault.activities.at/cart" "Mozilla/5.0 (Windows NT 10.0; WOW64; Trident/7.0; rv:11.0) like Gecko"
80.123.225.38 - - [15/Mar/2021:13:15:48 +0100] "GET /css/themes/default.css HTTP/1.1" 200 769 "http://renault.activities.at/cart" "Mozilla/5.0 (Windows NT 10.0; WOW64; Trident/7.0; rv:11.0) like Gecko"
80.123.225.38 - - [15/Mar/2021:13:15:48 +0100] "GET /css/themes/alphacube.css HTTP/1.1" 200 743 "http://renault.activities.at/cart" "Mozilla/5.0 (Windows NT 10.0; WOW64; Trident/7.0; rv:11.0) like Gecko"
80.123.225.38 - - [15/Mar/2021:13:15:48 +0100] "GET /js/ProduktGrp.js HTTP/1.1" 200 1569 "http://renault.activities.at/cart" "Mozilla/5.0 (Windows NT 10.0; WOW64; Trident/7.0; rv:11.0) like Gecko"
80.123.225.38 - - [15/Mar/2021:13:15:48 +0100] "GET /js/index.php?c=auto&f=,prototype/prototype.js,prototype/validation.js,scriptaculous/builder.js,scriptaculous/effects.js,scriptaculous/dragdrop.js,scriptaculous/controls.js,scriptaculous/slider.js,varien/js.js,varien/form.js,varien/menu.js,mage/translate.js,mage/cookies.js,varien/product.js,spinner/SpinnerControl.jsmin.js,prototype/window.js,prototype/window_ext.js HTTP/1.1" 200 62590 "http://renault.activities.at/cart" "Mozilla/5.0 (Windows NT 10.0; WOW64; Trident/7.0; rv:11.0) like Gecko"
80.123.225.38 - - [15/Mar/2021:13:15:48 +0100] "GET /js/index.php?c=auto&f=,prototype/prototype.js,prototype/validation.js,scriptaculous/builder.js,scriptaculous/effects.js,scriptaculous/dragdrop.js,scriptaculous/controls.js,scriptaculous/slider.js,varien/js.js,varien/form.js,varien/menu.js,mage/translate.js,mage/cookies.js,varien/product.js,spinner/SpinnerControl.jsmin.js,prototype/window.js,prototype/window_ext.js HTTP/1.1" 200 94182 "http://renault.activities.at/cart" "Mozilla/5.0 (Windows NT 10.0; WOW64; Trident/7.0; rv:11.0) like Gecko"
80.123.225.38 - - [15/Mar/2021:13:15:48 +0100] "GET /images/main_block_border.gif HTTP/1.1" 200 43 "http://renault.activities.at/cart" "Mozilla/5.0 (Windows NT 10.0; WOW64; Trident/7.0; rv:11.0) like Gecko"
80.123.225.38 - - [15/Mar/2021:13:15:48 +0100] "GET /images/main_block_corner_left_bot.gif HTTP/1.1" 200 159 "http://renault.activities.at/cart" "Mozilla/5.0 (Windows NT 10.0; WOW64; Trident/7.0; rv:11.0) like Gecko"
80.123.225.38 - - [15/Mar/2021:13:15:48 +0100] "GET /images/main_block_corner_right_bot.gif HTTP/1.1" 200 158 "http://renault.activities.at/cart" "Mozilla/5.0 (Windows NT 10.0; WOW64; Trident/7.0; rv:11.0) like Gecko"
80.123.225.38 - - [15/Mar/2021:13:15:48 +0100] "GET /images/header_block_border.gif HTTP/1.1" 200 43 "http://renault.activities.at/cart" "Mozilla/5.0 (Windows NT 10.0; WOW64; Trident/7.0; rv:11.0) like Gecko"
80.123.225.38 - - [15/Mar/2021:13:15:48 +0100] "GET /images/header_block_corner_left_top.gif HTTP/1.1" 200 160 "http://renault.activities.at/cart" "Mozilla/5.0 (Windows NT 10.0; WOW64; Trident/7.0; rv:11.0) like Gecko"
80.123.225.38 - - [15/Mar/2021:13:15:48 +0100] "GET /images/header_block_corner_right_top.gif HTTP/1.1" 200 160 "http://renault.activities.at/cart" "Mozilla/5.0 (Windows NT 10.0; WOW64; Trident/7.0; rv:11.0) like Gecko"
80.123.225.38 - - [15/Mar/2021:13:15:48 +0100] "GET /images/main_block_corner_left_top.gif HTTP/1.1" 200 159 "http://renault.activities.at/cart" "Mozilla/5.0 (Windows NT 10.0; WOW64; Trident/7.0; rv:11.0) like Gecko"
80.123.225.38 - - [15/Mar/2021:13:15:48 +0100] "GET /images/main_block_corner_right_top.gif HTTP/1.1" 200 159 "http://renault.activities.at/cart" "Mozilla/5.0 (Windows NT 10.0; WOW64; Trident/7.0; rv:11.0) like Gecko"
80.123.225.38 - - [15/Mar/2021:13:15:48 +0100] "GET /images/title_border.jpg HTTP/1.1" 200 304 "http://renault.activities.at/cart" "Mozilla/5.0 (Windows NT 10.0; WOW64; Trident/7.0; rv:11.0) like Gecko"
80.123.225.38 - - [15/Mar/2021:13:15:48 +0100] "GET /images/title_border_top.jpg HTTP/1.1" 200 336 "http://renault.activities.at/cart" "Mozilla/5.0 (Windows NT 10.0; WOW64; Trident/7.0; rv:11.0) like Gecko"
80.123.225.38 - - [15/Mar/2021:13:15:48 +0100] "GET /images/title_corner_left_top.jpg HTTP/1.1" 200 372 "http://renault.activities.at/cart" "Mozilla/5.0 (Windows NT 10.0; WOW64; Trident/7.0; rv:11.0) like Gecko"
80.123.225.38 - - [15/Mar/2021:13:15:48 +0100] "GET /images/title_corner_right_top.jpg HTTP/1.1" 200 389 "http://renault.activities.at/cart" "Mozilla/5.0 (Windows NT 10.0; WOW64; Trident/7.0; rv:11.0) like Gecko"
80.123.225.38 - - [15/Mar/2021:13:15:48 +0100] "GET /loadthumbnail.php?id=11127982 HTTP/1.1" 200 399614 "http://renault.activities.at/cart" "Mozilla/5.0 (Windows NT 10.0; WOW64; Trident/7.0; rv:11.0) like Gecko"
83.175.113.91 - - [15/Mar/2021:13:15:47 +0100] "POST /login HTTP/1.1" 302 140 "http://renault.activities.at/login" "Mozilla/5.0 (Windows NT 10.0; Win64; x64) AppleWebKit/537.36 (KHTML, like Gecko) Chrome/89.0.4389.82 Safari/537.36"
83.175.113.91 - - [15/Mar/2021:13:15:49 +0100] "GET /account HTTP/1.1" 200 6805 "http://renault.activities.at/login" "Mozilla/5.0 (Windows NT 10.0; Win64; x64) AppleWebKit/537.36 (KHTML, like Gecko) Chrome/89.0.4389.82 Safari/537.36"
83.175.113.91 - - [15/Mar/2021:13:15:52 +0100] "GET /js/account.js HTTP/1.1" 200 953 "http://renault.activities.at/account" "Mozilla/5.0 (Windows NT 10.0; Win64; x64) AppleWebKit/537.36 (KHTML, like Gecko) Chrome/89.0.4389.82 Safari/537.36"
83.175.113.91 - - [15/Mar/2021:13:15:52 +0100] "GET /images/ajax_loading.gif HTTP/1.1" 200 1542 "http://renault.activities.at/account" "Mozilla/5.0 (Windows NT 10.0; Win64; x64) AppleWebKit/537.36 (KHTML, like Gecko) Chrome/89.0.4389.82 Safari/537.36"
83.175.113.91 - - [15/Mar/2021:13:15:52 +0100] "GET /images/menu_button_bg.jpg HTTP/1.1" 200 322 "http://renault.activities.at/css/styles.css" "Mozilla/5.0 (Windows NT 10.0; Win64; x64) AppleWebKit/537.36 (KHTML, like Gecko) Chrome/89.0.4389.82 Safari/537.36"
83.175.113.91 - - [15/Mar/2021:13:15:52 +0100] "GET /images/top_links_divider.gif HTTP/1.1" 200 44 "http://renault.activities.at/css/styles.css" "Mozilla/5.0 (Windows NT 10.0; Win64; x64) AppleWebKit/537.36 (KHTML, like Gecko) Chrome/89.0.4389.82 Safari/537.36"
83.175.113.91 - - [15/Mar/2021:13:15:52 +0100] "GET /images/search_bg.gif HTTP/1.1" 200 1726 "http://renault.activities.at/css/styles.css" "Mozilla/5.0 (Windows NT 10.0; Win64; x64) AppleWebKit/537.36 (KHTML, like Gecko) Chrome/89.0.4389.82 Safari/537.36"
83.175.113.91 - - [15/Mar/2021:13:15:52 +0100] "GET /images/sidebar_title_corner_left_top.gif HTTP/1.1" 200 1124 "http://renault.activities.at/css/styles.css" "Mozilla/5.0 (Windows NT 10.0; Win64; x64) AppleWebKit/537.36 (KHTML, like Gecko) Chrome/89.0.4389.82 Safari/537.36"
83.175.113.91 - - [15/Mar/2021:13:15:52 +0100] "GET /images/menu_divider.gif HTTP/1.1" 200 176 "http://renault.activities.at/css/styles.css" "Mozilla/5.0 (Windows NT 10.0; Win64; x64) AppleWebKit/537.36 (KHTML, like Gecko) Chrome/89.0.4389.82 Safari/537.36"
83.175.113.91 - - [15/Mar/2021:13:15:52 +0100] "GET /images/sidebar_title_border_top.gif HTTP/1.1" 200 155 "http://renault.activities.at/css/styles.css" "Mozilla/5.0 (Windows NT 10.0; Win64; x64) AppleWebKit/537.36 (KHTML, like Gecko) Chrome/89.0.4389.82 Safari/537.36"
83.175.113.91 - - [15/Mar/2021:13:15:52 +0100] "GET /images/sidebar_title_border.gif HTTP/1.1" 200 43 "http://renault.activities.at/css/styles.css" "Mozilla/5.0 (Windows NT 10.0; Win64; x64) AppleWebKit/537.36 (KHTML, like Gecko) Chrome/89.0.4389.82 Safari/537.36"
83.175.113.91 - - [15/Mar/2021:13:15:52 +0100] "GET /images/sidebar_title_corner_right_top.gif HTTP/1.1" 200 383 "http://renault.activities.at/css/styles.css" "Mozilla/5.0 (Windows NT 10.0; Win64; x64) AppleWebKit/537.36 (KHTML, like Gecko) Chrome/89.0.4389.82 Safari/537.36"
83.175.113.91 - - [15/Mar/2021:13:15:52 +0100] "GET /images/reset_bg.gif HTTP/1.1" 200 785 "http://renault.activities.at/css/styles.css" "Mozilla/5.0 (Windows NT 10.0; Win64; x64) AppleWebKit/537.36 (KHTML, like Gecko) Chrome/89.0.4389.82 Safari/537.36"
83.175.113.91 - - [15/Mar/2021:13:15:52 +0100] "GET /images/nav_divider.gif HTTP/1.1" 200 43 "http://renault.activities.at/css/styles.css" "Mozilla/5.0 (Windows NT 10.0; Win64; x64) AppleWebKit/537.36 (KHTML, like Gecko) Chrome/89.0.4389.82 Safari/537.36"
83.175.113.91 - - [15/Mar/2021:13:15:52 +0100] "GET /images/footer_divider.gif HTTP/1.1" 200 44 "http://renault.activities.at/css/styles.css" "Mozilla/5.0 (Windows NT 10.0; Win64; x64) AppleWebKit/537.36 (KHTML, like Gecko) Chrome/89.0.4389.82 Safari/537.36"
83.175.113.91 - - [15/Mar/2021:13:15:52 +0100] "GET /loadthumbnail.php?id=12358952&width=50&height=50 HTTP/1.1" 200 897 "http://renault.activities.at/account" "Mozilla/5.0 (Windows NT 10.0; Win64; x64) AppleWebKit/537.36 (KHTML, like Gecko) Chrome/89.0.4389.82 Safari/537.36"
83.175.113.91 - - [15/Mar/2021:13:15:52 +0100] "GET /loadthumbnail.php?id=12358950&width=50&height=50 HTTP/1.1" 200 792 "http://renault.activities.at/account" "Mozilla/5.0 (Windows NT 10.0; Win64; x64) AppleWebKit/537.36 (KHTML, like Gecko) Chrome/89.0.4389.82 Safari/537.36"
83.175.113.91 - - [15/Mar/2021:13:15:52 +0100] "GET /loadthumbnail.php?id=12358954&width=50&height=50 HTTP/1.1" 200 825 "http://renault.activities.at/account" "Mozilla/5.0 (Windows NT 10.0; Win64; x64) AppleWebKit/537.36 (KHTML, like Gecko) Chrome/89.0.4389.82 Safari/537.36"
185.58.53.32 - - [15/Mar/2021:13:16:07 +0100] "GET /reload?ser=1615810567881 HTTP/1.1" 200 1236 "http://renault.activities.at/10201442?dir=DESC&mode=grid&order=name&limit=15&page=16" "Mozilla/5.0 (Windows NT 10.0; Win64; x64) AppleWebKit/537.36 (KHTML, like Gecko) Chrome/89.0.4389.82 Safari/537.36"
80.120.210.179 - - [15/Mar/2021:13:16:14 +0100] "GET /reload?ser=1615810575125 HTTP/1.1" 200 28 "http://renault.activities.at/result?searchterm=true&search=+r+link" "Mozilla/5.0 (Windows NT 10.0; Win64; x64) AppleWebKit/537.36 (KHTML, like Gecko) Chrome/89.0.4389.82 Safari/537.36"
83.175.113.91 - - [15/Mar/2021:13:16:18 +0100] "GET /reload?ser=1615810578573 HTTP/1.1" 200 28 "http://renault.activities.at/10260273" "Mozilla/5.0 (Windows NT 10.0; Win64; x64) AppleWebKit/537.36 (KHTML, like Gecko) Chrome/88.0.4324.190 Safari/537.36"
62.40.161.72 - - [15/Mar/2021:13:16:24 +0100] "GET /reload?ser=1615810584028 HTTP/1.1" 200 28 "http://renault.activities.at/" "Mozilla/5.0 (Windows NT 10.0; WOW64; Trident/7.0; rv:11.0) like Gecko"
83.175.113.91 - - [15/Mar/2021:13:16:27 +0100] "GET /account HTTP/1.1" 200 6805 "http://renault.activities.at/account" "Mozilla/5.0 (Windows NT 10.0; Win64; x64) AppleWebKit/537.36 (KHTML, like Gecko) Chrome/89.0.4389.82 Safari/537.36"
193.194.132.24 - - [15/Mar/2021:13:16:32 +0100] "GET /reload?ser=1615810592293 HTTP/1.1" 200 28 "http://renault.2web.at/account" "Mozilla/5.0 (Windows NT 10.0; Win64; x64) AppleWebKit/537.36 (KHTML, like Gecko) Chrome/88.0.4324.190 Safari/537.36"
83.175.113.91 - - [15/Mar/2021:13:16:43 +0100] "GET /logout HTTP/1.1" 302 140 "http://renault.activities.at/account" "Mozilla/5.0 (Windows NT 10.0; Win64; x64) AppleWebKit/537.36 (KHTML, like Gecko) Chrome/89.0.4389.82 Safari/537.36"
83.175.113.91 - - [15/Mar/2021:13:16:44 +0100] "GET /logout HTTP/1.1" 200 1583 "http://renault.activities.at/account" "Mozilla/5.0 (Windows NT 10.0; Win64; x64) AppleWebKit/537.36 (KHTML, like Gecko) Chrome/89.0.4389.82 Safari/537.36"
80.123.225.38 - - [15/Mar/2021:13:16:48 +0100] "GET /reload?ser=1615810608412 HTTP/1.1" 200 28 "http://renault.activities.at/cart" "Mozilla/5.0 (Windows NT 10.0; WOW64; Trident/7.0; rv:11.0) like Gecko"
185.58.53.32 - - [15/Mar/2021:13:17:08 +0100] "GET /reload?ser=1615810628874 HTTP/1.1" 200 1236 "http://renault.activities.at/10201442?dir=DESC&mode=grid&order=name&limit=15&page=16" "Mozilla/5.0 (Windows NT 10.0; Win64; x64) AppleWebKit/537.36 (KHTML, like Gecko) Chrome/89.0.4389.82 Safari/537.36"
80.120.210.179 - - [15/Mar/2021:13:17:16 +0100] "GET /reload?ser=1615810637126 HTTP/1.1" 200 28 "http://renault.activities.at/result?searchterm=true&search=+r+link" "Mozilla/5.0 (Windows NT 10.0; Win64; x64) AppleWebKit/537.36 (KHTML, like Gecko) Chrome/89.0.4389.82 Safari/537.36"
83.175.113.91 - - [15/Mar/2021:13:17:19 +0100] "GET /reload?ser=1615810639586 HTTP/1.1" 200 28 "http://renault.activities.at/10260273" "Mozilla/5.0 (Windows NT 10.0; Win64; x64) AppleWebKit/537.36 (KHTML, like Gecko) Chrome/88.0.4324.190 Safari/537.36"
62.40.161.72 - - [15/Mar/2021:13:17:24 +0100] "GET /reload?ser=1615810644692 HTTP/1.1" 200 28 "http://renault.activities.at/" "Mozilla/5.0 (Windows NT 10.0; WOW64; Trident/7.0; rv:11.0) like Gecko"
193.194.132.24 - - [15/Mar/2021:13:17:34 +0100] "GET /reload?ser=1615810654297 HTTP/1.1" 200 28 "http://renault.2web.at/account" "Mozilla/5.0 (Windows NT 10.0; Win64; x64) AppleWebKit/537.36 (KHTML, like Gecko) Chrome/88.0.4324.190 Safari/537.36"
80.123.225.38 - - [15/Mar/2021:13:17:49 +0100] "GET /reload?ser=1615810669034 HTTP/1.1" 200 28 "http://renault.activities.at/cart" "Mozilla/5.0 (Windows NT 10.0; WOW64; Trident/7.0; rv:11.0) like Gecko"
185.58.53.32 - - [15/Mar/2021:13:18:09 +0100] "GET /reload?ser=1615810689886 HTTP/1.1" 200 1239 "http://renault.activities.at/10201442?dir=DESC&mode=grid&order=name&limit=15&page=16" "Mozilla/5.0 (Windows NT 10.0; Win64; x64) AppleWebKit/537.36 (KHTML, like Gecko) Chrome/89.0.4389.82 Safari/537.36"
80.120.210.179 - - [15/Mar/2021:13:18:18 +0100] "GET /reload?ser=1615810699134 HTTP/1.1" 200 28 "http://renault.activities.at/result?searchterm=true&search=+r+link" "Mozilla/5.0 (Windows NT 10.0; Win64; x64) AppleWebKit/537.36 (KHTML, like Gecko) Chrome/89.0.4389.82 Safari/537.36"
83.175.113.91 - - [15/Mar/2021:13:18:20 +0100] "GET /reload?ser=1615810700575 HTTP/1.1" 200 28 "http://renault.activities.at/10260273" "Mozilla/5.0 (Windows NT 10.0; Win64; x64) AppleWebKit/537.36 (KHTML, like Gecko) Chrome/88.0.4324.190 Safari/537.36"
62.40.161.72 - - [15/Mar/2021:13:18:25 +0100] "GET /reload?ser=1615810705338 HTTP/1.1" 200 28 "http://renault.activities.at/" "Mozilla/5.0 (Windows NT 10.0; WOW64; Trident/7.0; rv:11.0) like Gecko"
193.194.132.24 - - [15/Mar/2021:13:18:36 +0100] "GET /reload?ser=1615810716301 HTTP/1.1" 200 28 "http://renault.2web.at/account" "Mozilla/5.0 (Windows NT 10.0; Win64; x64) AppleWebKit/537.36 (KHTML, like Gecko) Chrome/88.0.4324.190 Safari/537.36"
80.123.225.38 - - [15/Mar/2021:13:18:49 +0100] "GET /reload?ser=1615810729655 HTTP/1.1" 200 28 "http://renault.activities.at/cart" "Mozilla/5.0 (Windows NT 10.0; WOW64; Trident/7.0; rv:11.0) like Gecko"
185.58.53.32 - - [15/Mar/2021:13:19:10 +0100] "GET /reload?ser=1615810750884 HTTP/1.1" 200 1234 "http://renault.activities.at/10201442?dir=DESC&mode=grid&order=name&limit=15&page=16" "Mozilla/5.0 (Windows NT 10.0; Win64; x64) AppleWebKit/537.36 (KHTML, like Gecko) Chrome/89.0.4389.82 Safari/537.36"
80.120.210.179 - - [15/Mar/2021:13:19:20 +0100] "GET /reload?ser=1615810761120 HTTP/1.1" 200 28 "http://renault.activities.at/result?searchterm=true&search=+r+link" "Mozilla/5.0 (Windows NT 10.0; Win64; x64) AppleWebKit/537.36 (KHTML, like Gecko) Chrome/89.0.4389.82 Safari/537.36"
83.175.113.91 - - [15/Mar/2021:13:19:21 +0100] "GET /reload?ser=1615810761578 HTTP/1.1" 200 28 "http://renault.activities.at/10260273" "Mozilla/5.0 (Windows NT 10.0; Win64; x64) AppleWebKit/537.36 (KHTML, like Gecko) Chrome/88.0.4324.190 Safari/537.36"
62.40.161.72 - - [15/Mar/2021:13:19:26 +0100] "GET /reload?ser=1615810766003 HTTP/1.1" 200 28 "http://renault.activities.at/" "Mozilla/5.0 (Windows NT 10.0; WOW64; Trident/7.0; rv:11.0) like Gecko"
193.194.132.24 - - [15/Mar/2021:13:19:38 +0100] "GET /reload?ser=1615810778303 HTTP/1.1" 200 28 "http://renault.2web.at/account" "Mozilla/5.0 (Windows NT 10.0; Win64; x64) AppleWebKit/537.36 (KHTML, like Gecko) Chrome/88.0.4324.190 Safari/537.36"
80.123.225.38 - - [15/Mar/2021:13:19:50 +0100] "GET /reload?ser=1615810790289 HTTP/1.1" 200 28 "http://renault.activities.at/cart" "Mozilla/5.0 (Windows NT 10.0; WOW64; Trident/7.0; rv:11.0) like Gecko"
185.58.53.32 - - [15/Mar/2021:13:20:11 +0100] "GET /reload?ser=1615810811875 HTTP/1.1" 200 1240 "http://renault.activities.at/10201442?dir=DESC&mode=grid&order=name&limit=15&page=16" "Mozilla/5.0 (Windows NT 10.0; Win64; x64) AppleWebKit/537.36 (KHTML, like Gecko) Chrome/89.0.4389.82 Safari/537.36"
83.175.113.91 - - [15/Mar/2021:13:20:22 +0100] "GET /reload?ser=1615810822584 HTTP/1.1" 200 28 "http://renault.activities.at/10260273" "Mozilla/5.0 (Windows NT 10.0; Win64; x64) AppleWebKit/537.36 (KHTML, like Gecko) Chrome/88.0.4324.190 Safari/537.36"
80.120.210.179 - - [15/Mar/2021:13:20:22 +0100] "GET /reload?ser=1615810823120 HTTP/1.1" 200 28 "http://renault.activities.at/result?searchterm=true&search=+r+link" "Mozilla/5.0 (Windows NT 10.0; Win64; x64) AppleWebKit/537.36 (KHTML, like Gecko) Chrome/89.0.4389.82 Safari/537.36"
62.40.161.72 - - [15/Mar/2021:13:20:26 +0100] "GET /reload?ser=1615810826635 HTTP/1.1" 200 28 "http://renault.activities.at/" "Mozilla/5.0 (Windows NT 10.0; WOW64; Trident/7.0; rv:11.0) like Gecko"
193.194.132.24 - - [15/Mar/2021:13:20:40 +0100] "GET /reload?ser=1615810840306 HTTP/1.1" 200 28 "http://renault.2web.at/account" "Mozilla/5.0 (Windows NT 10.0; Win64; x64) AppleWebKit/537.36 (KHTML, like Gecko) Chrome/88.0.4324.190 Safari/537.36"
80.123.225.38 - - [15/Mar/2021:13:20:51 +0100] "GET /reload?ser=1615810850918 HTTP/1.1" 200 28 "http://renault.activities.at/cart" "Mozilla/5.0 (Windows NT 10.0; WOW64; Trident/7.0; rv:11.0) like Gecko"
185.58.53.32 - - [15/Mar/2021:13:21:12 +0100] "GET /reload?ser=1615810872873 HTTP/1.1" 200 1243 "http://renault.activities.at/10201442?dir=DESC&mode=grid&order=name&limit=15&page=16" "Mozilla/5.0 (Windows NT 10.0; Win64; x64) AppleWebKit/537.36 (KHTML, like Gecko) Chrome/89.0.4389.82 Safari/537.36"
83.175.113.91 - - [15/Mar/2021:13:21:23 +0100] "GET /reload?ser=1615810883585 HTTP/1.1" 200 28 "http://renault.activities.at/10260273" "Mozilla/5.0 (Windows NT 10.0; Win64; x64) AppleWebKit/537.36 (KHTML, like Gecko) Chrome/88.0.4324.190 Safari/537.36"
80.120.210.179 - - [15/Mar/2021:13:21:24 +0100] "GET /reload?ser=1615810885121 HTTP/1.1" 200 28 "http://renault.activities.at/result?searchterm=true&search=+r+link" "Mozilla/5.0 (Windows NT 10.0; Win64; x64) AppleWebKit/537.36 (KHTML, like Gecko) Chrome/89.0.4389.82 Safari/537.36"
62.40.161.72 - - [15/Mar/2021:13:21:27 +0100] "GET /reload?ser=1615810887314 HTTP/1.1" 200 28 "http://renault.activities.at/" "Mozilla/5.0 (Windows NT 10.0; WOW64; Trident/7.0; rv:11.0) like Gecko"
193.194.132.24 - - [15/Mar/2021:13:21:42 +0100] "GET /reload?ser=1615810902309 HTTP/1.1" 200 28 "http://renault.2web.at/account" "Mozilla/5.0 (Windows NT 10.0; Win64; x64) AppleWebKit/537.36 (KHTML, like Gecko) Chrome/88.0.4324.190 Safari/537.36"
80.123.225.38 - - [15/Mar/2021:13:21:51 +0100] "GET /reload?ser=1615810911537 HTTP/1.1" 200 28 "http://renault.activities.at/cart" "Mozilla/5.0 (Windows NT 10.0; WOW64; Trident/7.0; rv:11.0) like Gecko"
185.58.53.32 - - [15/Mar/2021:13:22:13 +0100] "GET /reload?ser=1615810933880 HTTP/1.1" 200 1241 "http://renault.activities.at/10201442?dir=DESC&mode=grid&order=name&limit=15&page=16" "Mozilla/5.0 (Windows NT 10.0; Win64; x64) AppleWebKit/537.36 (KHTML, like Gecko) Chrome/89.0.4389.82 Safari/537.36"
83.175.113.91 - - [15/Mar/2021:13:22:24 +0100] "GET /reload?ser=1615810944570 HTTP/1.1" 200 28 "http://renault.activities.at/10260273" "Mozilla/5.0 (Windows NT 10.0; Win64; x64) AppleWebKit/537.36 (KHTML, like Gecko) Chrome/88.0.4324.190 Safari/537.36"
80.120.210.179 - - [15/Mar/2021:13:22:25 +0100] "GET /reload?ser=1615810946119 HTTP/1.1" 200 28 "http://renault.activities.at/result?searchterm=true&search=+r+link" "Mozilla/5.0 (Windows NT 10.0; Win64; x64) AppleWebKit/537.36 (KHTML, like Gecko) Chrome/89.0.4389.82 Safari/537.36"
62.40.161.72 - - [15/Mar/2021:13:22:28 +0100] "GET /reload?ser=1615810948036 HTTP/1.1" 200 28 "http://renault.activities.at/" "Mozilla/5.0 (Windows NT 10.0; WOW64; Trident/7.0; rv:11.0) like Gecko"
193.194.132.24 - - [15/Mar/2021:13:22:44 +0100] "GET /reload?ser=1615810964311 HTTP/1.1" 200 28 "http://renault.2web.at/account" "Mozilla/5.0 (Windows NT 10.0; Win64; x64) AppleWebKit/537.36 (KHTML, like Gecko) Chrome/88.0.4324.190 Safari/537.36"
80.123.225.38 - - [15/Mar/2021:13:22:52 +0100] "GET /reload?ser=1615810972159 HTTP/1.1" 200 28 "http://renault.activities.at/cart" "Mozilla/5.0 (Windows NT 10.0; WOW64; Trident/7.0; rv:11.0) like Gecko"
185.58.53.32 - - [15/Mar/2021:13:23:14 +0100] "GET /reload?ser=1615810994886 HTTP/1.1" 200 1245 "http://renault.activities.at/10201442?dir=DESC&mode=grid&order=name&limit=15&page=16" "Mozilla/5.0 (Windows NT 10.0; Win64; x64) AppleWebKit/537.36 (KHTML, like Gecko) Chrome/89.0.4389.82 Safari/537.36"
83.175.113.91 - - [15/Mar/2021:13:23:25 +0100] "GET /reload?ser=1615811005583 HTTP/1.1" 200 28 "http://renault.activities.at/10260273" "Mozilla/5.0 (Windows NT 10.0; Win64; x64) AppleWebKit/537.36 (KHTML, like Gecko) Chrome/88.0.4324.190 Safari/537.36"
80.120.210.179 - - [15/Mar/2021:13:23:27 +0100] "GET /reload?ser=1615811008124 HTTP/1.1" 200 28 "http://renault.activities.at/result?searchterm=true&search=+r+link" "Mozilla/5.0 (Windows NT 10.0; Win64; x64) AppleWebKit/537.36 (KHTML, like Gecko) Chrome/89.0.4389.82 Safari/537.36"
62.40.161.72 - - [15/Mar/2021:13:23:28 +0100] "GET /reload?ser=1615811008695 HTTP/1.1" 200 28 "http://renault.activities.at/" "Mozilla/5.0 (Windows NT 10.0; WOW64; Trident/7.0; rv:11.0) like Gecko"
193.194.132.24 - - [15/Mar/2021:13:23:46 +0100] "GET /reload?ser=1615811026314 HTTP/1.1" 200 28 "http://renault.2web.at/account" "Mozilla/5.0 (Windows NT 10.0; Win64; x64) AppleWebKit/537.36 (KHTML, like Gecko) Chrome/88.0.4324.190 Safari/537.36"
80.123.225.38 - - [15/Mar/2021:13:23:52 +0100] "GET /reload?ser=1615811032780 HTTP/1.1" 200 28 "http://renault.activities.at/cart" "Mozilla/5.0 (Windows NT 10.0; WOW64; Trident/7.0; rv:11.0) like Gecko"
185.58.53.32 - - [15/Mar/2021:13:24:15 +0100] "GET /reload?ser=1615811055882 HTTP/1.1" 200 1239 "http://renault.activities.at/10201442?dir=DESC&mode=grid&order=name&limit=15&page=16" "Mozilla/5.0 (Windows NT 10.0; Win64; x64) AppleWebKit/537.36 (KHTML, like Gecko) Chrome/89.0.4389.82 Safari/537.36"
83.175.113.91 - - [15/Mar/2021:13:24:26 +0100] "GET /reload?ser=1615811066583 HTTP/1.1" 200 28 "http://renault.activities.at/10260273" "Mozilla/5.0 (Windows NT 10.0; Win64; x64) AppleWebKit/537.36 (KHTML, like Gecko) Chrome/88.0.4324.190 Safari/537.36"
80.120.210.179 - - [15/Mar/2021:13:24:28 +0100] "GET /reload?ser=1615811069119 HTTP/1.1" 200 28 "http://renault.activities.at/result?searchterm=true&search=+r+link" "Mozilla/5.0 (Windows NT 10.0; Win64; x64) AppleWebKit/537.36 (KHTML, like Gecko) Chrome/89.0.4389.82 Safari/537.36"
62.40.161.72 - - [15/Mar/2021:13:24:29 +0100] "GET /reload?ser=1615811069350 HTTP/1.1" 200 28 "http://renault.activities.at/" "Mozilla/5.0 (Windows NT 10.0; WOW64; Trident/7.0; rv:11.0) like Gecko"
193.194.132.24 - - [15/Mar/2021:13:24:48 +0100] "GET /reload?ser=1615811088316 HTTP/1.1" 200 28 "http://renault.2web.at/account" "Mozilla/5.0 (Windows NT 10.0; Win64; x64) AppleWebKit/537.36 (KHTML, like Gecko) Chrome/88.0.4324.190 Safari/537.36"
80.123.225.38 - - [15/Mar/2021:13:24:53 +0100] "GET /reload?ser=1615811093408 HTTP/1.1" 200 28 "http://renault.activities.at/cart" "Mozilla/5.0 (Windows NT 10.0; WOW64; Trident/7.0; rv:11.0) like Gecko"
185.58.53.32 - - [15/Mar/2021:13:25:16 +0100] "GET /reload?ser=1615811116879 HTTP/1.1" 200 1243 "http://renault.activities.at/10201442?dir=DESC&mode=grid&order=name&limit=15&page=16" "Mozilla/5.0 (Windows NT 10.0; Win64; x64) AppleWebKit/537.36 (KHTML, like Gecko) Chrome/89.0.4389.82 Safari/537.36"
83.175.113.91 - - [15/Mar/2021:13:25:27 +0100] "GET /reload?ser=1615811127573 HTTP/1.1" 200 28 "http://renault.activities.at/10260273" "Mozilla/5.0 (Windows NT 10.0; Win64; x64) AppleWebKit/537.36 (KHTML, like Gecko) Chrome/88.0.4324.190 Safari/537.36"
80.120.210.179 - - [15/Mar/2021:13:25:29 +0100] "GET /reload?ser=1615811130131 HTTP/1.1" 200 28 "http://renault.activities.at/result?searchterm=true&search=+r+link" "Mozilla/5.0 (Windows NT 10.0; Win64; x64) AppleWebKit/537.36 (KHTML, like Gecko) Chrome/89.0.4389.82 Safari/537.36"
62.40.161.72 - - [15/Mar/2021:13:25:30 +0100] "GET /reload?ser=1615811130011 HTTP/1.1" 200 28 "http://renault.activities.at/" "Mozilla/5.0 (Windows NT 10.0; WOW64; Trident/7.0; rv:11.0) like Gecko"
193.194.132.24 - - [15/Mar/2021:13:25:50 +0100] "GET /reload?ser=1615811150319 HTTP/1.1" 200 28 "http://renault.2web.at/account" "Mozilla/5.0 (Windows NT 10.0; Win64; x64) AppleWebKit/537.36 (KHTML, like Gecko) Chrome/88.0.4324.190 Safari/537.36"
80.123.225.38 - - [15/Mar/2021:13:25:54 +0100] "GET /reload?ser=1615811154051 HTTP/1.1" 200 28 "http://renault.activities.at/cart" "Mozilla/5.0 (Windows NT 10.0; WOW64; Trident/7.0; rv:11.0) like Gecko"
185.58.53.32 - - [15/Mar/2021:13:26:17 +0100] "GET /reload?ser=1615811177879 HTTP/1.1" 200 1241 "http://renault.activities.at/10201442?dir=DESC&mode=grid&order=name&limit=15&page=16" "Mozilla/5.0 (Windows NT 10.0; Win64; x64) AppleWebKit/537.36 (KHTML, like Gecko) Chrome/89.0.4389.82 Safari/537.36"
83.175.113.91 - - [15/Mar/2021:13:26:28 +0100] "GET /reload?ser=1615811188570 HTTP/1.1" 200 28 "http://renault.activities.at/10260273" "Mozilla/5.0 (Windows NT 10.0; Win64; x64) AppleWebKit/537.36 (KHTML, like Gecko) Chrome/88.0.4324.190 Safari/537.36"
62.40.161.72 - - [15/Mar/2021:13:26:30 +0100] "GET /reload?ser=1615811190661 HTTP/1.1" 200 28 "http://renault.activities.at/" "Mozilla/5.0 (Windows NT 10.0; WOW64; Trident/7.0; rv:11.0) like Gecko"
80.120.210.179 - - [15/Mar/2021:13:26:31 +0100] "GET /reload?ser=1615811192123 HTTP/1.1" 200 28 "http://renault.activities.at/result?searchterm=true&search=+r+link" "Mozilla/5.0 (Windows NT 10.0; Win64; x64) AppleWebKit/537.36 (KHTML, like Gecko) Chrome/89.0.4389.82 Safari/537.36"
193.194.132.24 - - [15/Mar/2021:13:26:52 +0100] "GET /reload?ser=1615811212320 HTTP/1.1" 200 28 "http://renault.2web.at/account" "Mozilla/5.0 (Windows NT 10.0; Win64; x64) AppleWebKit/537.36 (KHTML, like Gecko) Chrome/88.0.4324.190 Safari/537.36"
80.123.225.38 - - [15/Mar/2021:13:26:54 +0100] "GET /reload?ser=1615811214668 HTTP/1.1" 200 28 "http://renault.activities.at/cart" "Mozilla/5.0 (Windows NT 10.0; WOW64; Trident/7.0; rv:11.0) like Gecko"
