185.58.53.32 - - [15/Mar/2021:13:27:18 +0100] "GET /reload?ser=1615811238884 HTTP/1.1" 200 1240 "http://renault.activities.at/10201442?dir=DESC&mode=grid&order=name&limit=15&page=16" "Mozilla/5.0 (Windows NT 10.0; Win64; x64) AppleWebKit/537.36 (KHTML, like Gecko) Chrome/89.0.4389.82 Safari/537.36"
83.175.113.91 - - [15/Mar/2021:13:27:29 +0100] "GET /reload?ser=1615811249580 HTTP/1.1" 200 28 "http://renault.activities.at/10260273" "Mozilla/5.0 (Windows NT 10.0; Win64; x64) AppleWebKit/537.36 (KHTML, like Gecko) Chrome/88.0.4324.190 Safari/537.36"
62.40.161.72 - - [15/Mar/2021:13:27:31 +0100] "GET /reload?ser=1615811251308 HTTP/1.1" 200 28 "http://renault.activities.at/" "Mozilla/5.0 (Windows NT 10.0; WOW64; Trident/7.0; rv:11.0) like Gecko"
80.120.210.179 - - [15/Mar/2021:13:27:33 +0100] "GET /reload?ser=1615811254118 HTTP/1.1" 200 28 "http://renault.activities.at/result?searchterm=true&search=+r+link" "Mozilla/5.0 (Windows NT 10.0; Win64; x64) AppleWebKit/537.36 (KHTML, like Gecko) Chrome/89.0.4389.82 Safari/537.36"
193.194.132.24 - - [15/Mar/2021:13:27:54 +0100] "GET /reload?ser=1615811274323 HTTP/1.1" 200 28 "http://renault.2web.at/account" "Mozilla/5.0 (Windows NT 10.0; Win64; x64) AppleWebKit/537.36 (KHTML, like Gecko) Chrome/88.0.4324.190 Safari/537.36"
80.123.225.38 - - [15/Mar/2021:13:27:55 +0100] "GET /reload?ser=1615811275335 HTTP/1.1" 200 28 "http://renault.activities.at/cart" "Mozilla/5.0 (Windows NT 10.0; WOW64; Trident/7.0; rv:11.0) like Gecko"
185.58.53.32 - - [15/Mar/2021:13:28:19 +0100] "GET /reload?ser=1615811299885 HTTP/1.1" 200 1246 "http://renault.activities.at/10201442?dir=DESC&mode=grid&order=name&limit=15&page=16" "Mozilla/5.0 (Windows NT 10.0; Win64; x64) AppleWebKit/537.36 (KHTML, like Gecko) Chrome/89.0.4389.82 Safari/537.36"
83.175.113.91 - - [15/Mar/2021:13:28:30 +0100] "GET /reload?ser=1615811310577 HTTP/1.1" 200 28 "http://renault.activities.at/10260273" "Mozilla/5.0 (Windows NT 10.0; Win64; x64) AppleWebKit/537.36 (KHTML, like Gecko) Chrome/88.0.4324.190 Safari/537.36"
62.40.161.72 - - [15/Mar/2021:13:28:32 +0100] "GET /reload?ser=1615811311976 HTTP/1.1" 200 28 "http://renault.activities.at/" "Mozilla/5.0 (Windows NT 10.0; WOW64; Trident/7.0; rv:11.0) like Gecko"
80.120.210.179 - - [15/Mar/2021:13:28:35 +0100] "GET /reload?ser=1615811316127 HTTP/1.1" 200 28 "http://renault.activities.at/result?searchterm=true&search=+r+link" "Mozilla/5.0 (Windows NT 10.0; Win64; x64) AppleWebKit/537.36 (KHTML, like Gecko) Chrome/89.0.4389.82 Safari/537.36"
80.123.225.38 - - [15/Mar/2021:13:28:56 +0100] "GET /reload?ser=1615811335990 HTTP/1.1" 200 28 "http://renault.activities.at/cart" "Mozilla/5.0 (Windows NT 10.0; WOW64; Trident/7.0; rv:11.0) like Gecko"
193.194.132.24 - - [15/Mar/2021:13:28:56 +0100] "GET /reload?ser=1615811336324 HTTP/1.1" 200 28 "http://renault.2web.at/account" "Mozilla/5.0 (Windows NT 10.0; Win64; x64) AppleWebKit/537.36 (KHTML, like Gecko) Chrome/88.0.4324.190 Safari/537.36"
185.58.53.32 - - [15/Mar/2021:13:29:20 +0100] "GET /reload?ser=1615811360880 HTTP/1.1" 200 1243 "http://renault.activities.at/10201442?dir=DESC&mode=grid&order=name&limit=15&page=16" "Mozilla/5.0 (Windows NT 10.0; Win64; x64) AppleWebKit/537.36 (KHTML, like Gecko) Chrome/89.0.4389.82 Safari/537.36"
83.175.113.91 - - [15/Mar/2021:13:29:31 +0100] "GET /reload?ser=1615811371582 HTTP/1.1" 200 28 "http://renault.activities.at/10260273" "Mozilla/5.0 (Windows NT 10.0; Win64; x64) AppleWebKit/537.36 (KHTML, like Gecko) Chrome/88.0.4324.190 Safari/537.36"
62.40.161.72 - - [15/Mar/2021:13:29:32 +0100] "GET /reload?ser=1615811372641 HTTP/1.1" 200 28 "http://renault.activities.at/" "Mozilla/5.0 (Windows NT 10.0; WOW64; Trident/7.0; rv:11.0) like Gecko"
80.120.210.179 - - [15/Mar/2021:13:29:37 +0100] "GET /reload?ser=1615811378124 HTTP/1.1" 200 28 "http://renault.activities.at/result?searchterm=true&search=+r+link" "Mozilla/5.0 (Windows NT 10.0; Win64; x64) AppleWebKit/537.36 (KHTML, like Gecko) Chrome/89.0.4389.82 Safari/537.36"
80.123.225.38 - - [15/Mar/2021:13:29:56 +0100] "GET /reload?ser=1615811396658 HTTP/1.1" 200 28 "http://renault.activities.at/cart" "Mozilla/5.0 (Windows NT 10.0; WOW64; Trident/7.0; rv:11.0) like Gecko"
193.194.132.24 - - [15/Mar/2021:13:29:58 +0100] "GET /reload?ser=1615811398325 HTTP/1.1" 200 28 "http://renault.2web.at/account" "Mozilla/5.0 (Windows NT 10.0; Win64; x64) AppleWebKit/537.36 (KHTML, like Gecko) Chrome/88.0.4324.190 Safari/537.36"
185.58.53.32 - - [15/Mar/2021:13:30:21 +0100] "GET /reload?ser=1615811421889 HTTP/1.1" 200 1237 "http://renault.activities.at/10201442?dir=DESC&mode=grid&order=name&limit=15&page=16" "Mozilla/5.0 (Windows NT 10.0; Win64; x64) AppleWebKit/537.36 (KHTML, like Gecko) Chrome/89.0.4389.82 Safari/537.36"
83.175.113.91 - - [15/Mar/2021:13:30:32 +0100] "GET /reload?ser=1615811432579 HTTP/1.1" 200 28 "http://renault.activities.at/10260273" "Mozilla/5.0 (Windows NT 10.0; Win64; x64) AppleWebKit/537.36 (KHTML, like Gecko) Chrome/88.0.4324.190 Safari/537.36"
62.40.161.72 - - [15/Mar/2021:13:30:33 +0100] "GET /reload?ser=1615811433302 HTTP/1.1" 200 28 "http://renault.activities.at/" "Mozilla/5.0 (Windows NT 10.0; WOW64; Trident/7.0; rv:11.0) like Gecko"
80.120.210.179 - - [15/Mar/2021:13:30:39 +0100] "GET /reload?ser=1615811440120 HTTP/1.1" 200 28 "http://renault.activities.at/result?searchterm=true&search=+r+link" "Mozilla/5.0 (Windows NT 10.0; Win64; x64) AppleWebKit/537.36 (KHTML, like Gecko) Chrome/89.0.4389.82 Safari/537.36"
80.123.225.38 - - [15/Mar/2021:13:30:57 +0100] "GET /reload?ser=1615811457317 HTTP/1.1" 200 28 "http://renault.activities.at/cart" "Mozilla/5.0 (Windows NT 10.0; WOW64; Trident/7.0; rv:11.0) like Gecko"
193.194.132.24 - - [15/Mar/2021:13:31:00 +0100] "GET /reload?ser=1615811460327 HTTP/1.1" 200 28 "http://renault.2web.at/account" "Mozilla/5.0 (Windows NT 10.0; Win64; x64) AppleWebKit/537.36 (KHTML, like Gecko) Chrome/88.0.4324.190 Safari/537.36"
185.58.53.32 - - [15/Mar/2021:13:31:22 +0100] "GET /reload?ser=1615811482878 HTTP/1.1" 200 1236 "http://renault.activities.at/10201442?dir=DESC&mode=grid&order=name&limit=15&page=16" "Mozilla/5.0 (Windows NT 10.0; Win64; x64) AppleWebKit/537.36 (KHTML, like Gecko) Chrome/89.0.4389.82 Safari/537.36"
83.175.113.91 - - [15/Mar/2021:13:31:33 +0100] "GET /reload?ser=1615811493579 HTTP/1.1" 200 28 "http://renault.activities.at/10260273" "Mozilla/5.0 (Windows NT 10.0; Win64; x64) AppleWebKit/537.36 (KHTML, like Gecko) Chrome/88.0.4324.190 Safari/537.36"
62.40.161.72 - - [15/Mar/2021:13:31:34 +0100] "GET /reload?ser=1615811493976 HTTP/1.1" 200 28 "http://renault.activities.at/" "Mozilla/5.0 (Windows NT 10.0; WOW64; Trident/7.0; rv:11.0) like Gecko"
80.120.210.179 - - [15/Mar/2021:13:31:41 +0100] "GET /reload?ser=1615811502120 HTTP/1.1" 200 28 "http://renault.activities.at/result?searchterm=true&search=+r+link" "Mozilla/5.0 (Windows NT 10.0; Win64; x64) AppleWebKit/537.36 (KHTML, like Gecko) Chrome/89.0.4389.82 Safari/537.36"
80.123.225.38 - - [15/Mar/2021:13:31:57 +0100] "GET /reload?ser=1615811517975 HTTP/1.1" 200 28 "http://renault.activities.at/cart" "Mozilla/5.0 (Windows NT 10.0; WOW64; Trident/7.0; rv:11.0) like Gecko"
193.194.132.24 - - [15/Mar/2021:13:32:02 +0100] "GET /reload?ser=1615811522329 HTTP/1.1" 200 28 "http://renault.2web.at/account" "Mozilla/5.0 (Windows NT 10.0; Win64; x64) AppleWebKit/537.36 (KHTML, like Gecko) Chrome/88.0.4324.190 Safari/537.36"
185.58.53.32 - - [15/Mar/2021:13:32:23 +0100] "GET /reload?ser=1615811543889 HTTP/1.1" 200 1236 "http://renault.activities.at/10201442?dir=DESC&mode=grid&order=name&limit=15&page=16" "Mozilla/5.0 (Windows NT 10.0; Win64; x64) AppleWebKit/537.36 (KHTML, like Gecko) Chrome/89.0.4389.82 Safari/537.36"
62.40.161.72 - - [15/Mar/2021:13:32:34 +0100] "GET /reload?ser=1615811554637 HTTP/1.1" 200 28 "http://renault.activities.at/" "Mozilla/5.0 (Windows NT 10.0; WOW64; Trident/7.0; rv:11.0) like Gecko"
83.175.113.91 - - [15/Mar/2021:13:32:34 +0100] "GET /reload?ser=1615811554582 HTTP/1.1" 200 28 "http://renault.activities.at/10260273" "Mozilla/5.0 (Windows NT 10.0; Win64; x64) AppleWebKit/537.36 (KHTML, like Gecko) Chrome/88.0.4324.190 Safari/537.36"
80.120.210.179 - - [15/Mar/2021:13:32:43 +0100] "GET /reload?ser=1615811564128 HTTP/1.1" 200 28 "http://renault.activities.at/result?searchterm=true&search=+r+link" "Mozilla/5.0 (Windows NT 10.0; Win64; x64) AppleWebKit/537.36 (KHTML, like Gecko) Chrome/89.0.4389.82 Safari/537.36"
80.123.225.38 - - [15/Mar/2021:13:32:58 +0100] "GET /reload?ser=1615811578614 HTTP/1.1" 200 28 "http://renault.activities.at/cart" "Mozilla/5.0 (Windows NT 10.0; WOW64; Trident/7.0; rv:11.0) like Gecko"
193.194.132.24 - - [15/Mar/2021:13:33:04 +0100] "GET /reload?ser=1615811584334 HTTP/1.1" 200 28 "http://renault.2web.at/account" "Mozilla/5.0 (Windows NT 10.0; Win64; x64) AppleWebKit/537.36 (KHTML, like Gecko) Chrome/88.0.4324.190 Safari/537.36"
185.58.53.32 - - [15/Mar/2021:13:33:24 +0100] "GET /reload?ser=1615811604878 HTTP/1.1" 200 1240 "http://renault.activities.at/10201442?dir=DESC&mode=grid&order=name&limit=15&page=16" "Mozilla/5.0 (Windows NT 10.0; Win64; x64) AppleWebKit/537.36 (KHTML, like Gecko) Chrome/89.0.4389.82 Safari/537.36"
212.152.158.195 - - [15/Mar/2021:13:33:32 +0100] "GET /login HTTP/1.1" 200 2085 "-" "Mozilla/5.0 (Windows NT 10.0; Win64; x64) AppleWebKit/537.36 (KHTML, like Gecko) Chrome/89.0.4389.82 Safari/537.36"
62.40.161.72 - - [15/Mar/2021:13:33:35 +0100] "GET /reload?ser=1615811615308 HTTP/1.1" 200 28 "http://renault.activities.at/" "Mozilla/5.0 (Windows NT 10.0; WOW64; Trident/7.0; rv:11.0) like Gecko"
83.175.113.91 - - [15/Mar/2021:13:33:35 +0100] "GET /reload?ser=1615811615572 HTTP/1.1" 200 28 "http://renault.activities.at/10260273" "Mozilla/5.0 (Windows NT 10.0; Win64; x64) AppleWebKit/537.36 (KHTML, like Gecko) Chrome/88.0.4324.190 Safari/537.36"
212.152.158.195 - - [15/Mar/2021:13:33:37 +0100] "POST /login HTTP/1.1" 302 140 "http://renault.activities.at/login" "Mozilla/5.0 (Windows NT 10.0; Win64; x64) AppleWebKit/537.36 (KHTML, like Gecko) Chrome/89.0.4389.82 Safari/537.36"
212.152.158.195 - - [15/Mar/2021:13:33:42 +0100] "GET /account HTTP/1.1" 200 6926 "http://renault.activities.at/login" "Mozilla/5.0 (Windows NT 10.0; Win64; x64) AppleWebKit/537.36 (KHTML, like Gecko) Chrome/89.0.4389.82 Safari/537.36"
212.152.158.195 - - [15/Mar/2021:13:33:45 +0100] "GET /loadthumbnail.php?id=10986339&width=50&height=50 HTTP/1.1" 200 1295 "http://renault.activities.at/account" "Mozilla/5.0 (Windows NT 10.0; Win64; x64) AppleWebKit/537.36 (KHTML, like Gecko) Chrome/89.0.4389.82 Safari/537.36"
212.152.158.195 - - [15/Mar/2021:13:33:33 +0100] "GET /loadthumbnail.php?id=11127982 HTTP/1.1" 200 104694 "http://renault.activities.at/login" "Mozilla/5.0 (Windows NT 10.0; Win64; x64) AppleWebKit/537.36 (KHTML, like Gecko) Chrome/89.0.4389.82 Safari/537.36"
80.120.210.179 - - [15/Mar/2021:13:33:45 +0100] "GET /reload?ser=1615811626131 HTTP/1.1" 200 28 "http://renault.activities.at/result?searchterm=true&search=+r+link" "Mozilla/5.0 (Windows NT 10.0; Win64; x64) AppleWebKit/537.36 (KHTML, like Gecko) Chrome/89.0.4389.82 Safari/537.36"
212.152.158.195 - - [15/Mar/2021:13:33:52 +0100] "GET /result?searchterm=true&search=Probe HTTP/1.1" 200 8932 "http://renault.activities.at/account" "Mozilla/5.0 (Windows NT 10.0; Win64; x64) AppleWebKit/537.36 (KHTML, like Gecko) Chrome/89.0.4389.82 Safari/537.36"
212.152.158.195 - - [15/Mar/2021:13:33:56 +0100] "GET /loadthumbnail.php?id=10203276 HTTP/1.1" 200 75 "http://renault.activities.at/result?searchterm=true&search=Probe" "Mozilla/5.0 (Windows NT 10.0; Win64; x64) AppleWebKit/537.36 (KHTML, like Gecko) Chrome/89.0.4389.82 Safari/537.36"
212.152.158.195 - - [15/Mar/2021:13:33:56 +0100] "GET /loadthumbnail.php?id=11181172&width=113 HTTP/1.1" 200 1576 "http://renault.activities.at/result?searchterm=true&search=Probe" "Mozilla/5.0 (Windows NT 10.0; Win64; x64) AppleWebKit/537.36 (KHTML, like Gecko) Chrome/89.0.4389.82 Safari/537.36"
212.152.158.195 - - [15/Mar/2021:13:33:56 +0100] "GET /loadthumbnail.php?id=10203255 HTTP/1.1" 200 137 "http://renault.activities.at/result?searchterm=true&search=Probe" "Mozilla/5.0 (Windows NT 10.0; Win64; x64) AppleWebKit/537.36 (KHTML, like Gecko) Chrome/89.0.4389.82 Safari/537.36"
212.152.158.195 - - [15/Mar/2021:13:33:56 +0100] "GET /loadthumbnail.php?id=11112110&width=113 HTTP/1.1" 200 1851 "http://renault.activities.at/result?searchterm=true&search=Probe" "Mozilla/5.0 (Windows NT 10.0; Win64; x64) AppleWebKit/537.36 (KHTML, like Gecko) Chrome/89.0.4389.82 Safari/537.36"
212.152.158.195 - - [15/Mar/2021:13:33:56 +0100] "GET /loadthumbnail.php?id=11112261&width=113 HTTP/1.1" 200 1814 "http://renault.activities.at/result?searchterm=true&search=Probe" "Mozilla/5.0 (Windows NT 10.0; Win64; x64) AppleWebKit/537.36 (KHTML, like Gecko) Chrome/89.0.4389.82 Safari/537.36"
212.152.158.195 - - [15/Mar/2021:13:33:56 +0100] "GET /loadthumbnail.php?id=10970934&width=113 HTTP/1.1" 200 4103 "http://renault.activities.at/result?searchterm=true&search=Probe" "Mozilla/5.0 (Windows NT 10.0; Win64; x64) AppleWebKit/537.36 (KHTML, like Gecko) Chrome/89.0.4389.82 Safari/537.36"
212.152.158.195 - - [15/Mar/2021:13:33:56 +0100] "GET /loadthumbnail.php?id=11112400&width=113 HTTP/1.1" 200 1851 "http://renault.activities.at/result?searchterm=true&search=Probe" "Mozilla/5.0 (Windows NT 10.0; Win64; x64) AppleWebKit/537.36 (KHTML, like Gecko) Chrome/89.0.4389.82 Safari/537.36"
212.152.158.195 - - [15/Mar/2021:13:33:56 +0100] "GET /loadthumbnail.php?id=11342067&width=113 HTTP/1.1" 200 21913 "http://renault.activities.at/result?searchterm=true&search=Probe" "Mozilla/5.0 (Windows NT 10.0; Win64; x64) AppleWebKit/537.36 (KHTML, like Gecko) Chrome/89.0.4389.82 Safari/537.36"
212.152.158.195 - - [15/Mar/2021:13:33:56 +0100] "GET /loadthumbnail.php?id=10203650&width=113 HTTP/1.1" 200 2741 "http://renault.activities.at/result?searchterm=true&search=Probe" "Mozilla/5.0 (Windows NT 10.0; Win64; x64) AppleWebKit/537.36 (KHTML, like Gecko) Chrome/89.0.4389.82 Safari/537.36"
212.152.158.195 - - [15/Mar/2021:13:33:45 +0100] "GET /loadthumbnail.php?id=11127982 HTTP/1.1" 200 104694 "http://renault.activities.at/account" "Mozilla/5.0 (Windows NT 10.0; Win64; x64) AppleWebKit/537.36 (KHTML, like Gecko) Chrome/89.0.4389.82 Safari/537.36"
212.152.158.195 - - [15/Mar/2021:13:33:55 +0100] "POST /axjaxrequest?mode=suggest HTTP/1.1" 200 167 "http://renault.activities.at/account" "Mozilla/5.0 (Windows NT 10.0; Win64; x64) AppleWebKit/537.36 (KHTML, like Gecko) Chrome/89.0.4389.82 Safari/537.36"
212.152.158.195 - - [15/Mar/2021:13:33:57 +0100] "GET /loadthumbnail.php?id=11181170&width=113 HTTP/1.1" 200 1576 "http://renault.activities.at/result?searchterm=true&search=Probe" "Mozilla/5.0 (Windows NT 10.0; Win64; x64) AppleWebKit/537.36 (KHTML, like Gecko) Chrome/89.0.4389.82 Safari/537.36"
212.152.158.195 - - [15/Mar/2021:13:33:57 +0100] "GET /loadthumbnail.php?id=11111985&width=113 HTTP/1.1" 200 1814 "http://renault.activities.at/result?searchterm=true&search=Probe" "Mozilla/5.0 (Windows NT 10.0; Win64; x64) AppleWebKit/537.36 (KHTML, like Gecko) Chrome/89.0.4389.82 Safari/537.36"
212.152.158.195 - - [15/Mar/2021:13:33:57 +0100] "GET /loadthumbnail.php?id=11342066&width=113 HTTP/1.1" 200 28015 "http://renault.activities.at/result?searchterm=true&search=Probe" "Mozilla/5.0 (Windows NT 10.0; Win64; x64) AppleWebKit/537.36 (KHTML, like Gecko) Chrome/89.0.4389.82 Safari/537.36"
212.152.158.195 - - [15/Mar/2021:13:33:57 +0100] "GET /loadthumbnail.php?id=12231767&width=113 HTTP/1.1" 200 30758 "http://renault.activities.at/result?searchterm=true&search=Probe" "Mozilla/5.0 (Windows NT 10.0; Win64; x64) AppleWebKit/537.36 (KHTML, like Gecko) Chrome/89.0.4389.82 Safari/537.36"
212.152.158.195 - - [15/Mar/2021:13:33:58 +0100] "GET /loadthumbnail.php?id=12231771&width=113 HTTP/1.1" 200 30339 "http://renault.activities.at/result?searchterm=true&search=Probe" "Mozilla/5.0 (Windows NT 10.0; Win64; x64) AppleWebKit/537.36 (KHTML, like Gecko) Chrome/89.0.4389.82 Safari/537.36"
212.152.158.195 - - [15/Mar/2021:13:33:58 +0100] "GET /loadthumbnail.php?id=11164747&width=113 HTTP/1.1" 200 26121 "http://renault.activities.at/result?searchterm=true&search=Probe" "Mozilla/5.0 (Windows NT 10.0; Win64; x64) AppleWebKit/537.36 (KHTML, like Gecko) Chrome/89.0.4389.82 Safari/537.36"
212.152.158.195 - - [15/Mar/2021:13:33:59 +0100] "GET /loadthumbnail.php?id=11319984&width=113 HTTP/1.1" 200 28924 "http://renault.activities.at/result?searchterm=true&search=Probe" "Mozilla/5.0 (Windows NT 10.0; Win64; x64) AppleWebKit/537.36 (KHTML, like Gecko) Chrome/89.0.4389.82 Safari/537.36"
80.123.225.38 - - [15/Mar/2021:13:33:59 +0100] "GET /reload?ser=1615811639240 HTTP/1.1" 200 28 "http://renault.activities.at/cart" "Mozilla/5.0 (Windows NT 10.0; WOW64; Trident/7.0; rv:11.0) like Gecko"
212.152.158.195 - - [15/Mar/2021:13:34:00 +0100] "GET /loadthumbnail.php?id=11319961&width=113 HTTP/1.1" 200 27077 "http://renault.activities.at/result?searchterm=true&search=Probe" "Mozilla/5.0 (Windows NT 10.0; Win64; x64) AppleWebKit/537.36 (KHTML, like Gecko) Chrome/89.0.4389.82 Safari/537.36"
193.194.132.24 - - [15/Mar/2021:13:34:06 +0100] "GET /reload?ser=1615811646331 HTTP/1.1" 200 28 "http://renault.2web.at/account" "Mozilla/5.0 (Windows NT 10.0; Win64; x64) AppleWebKit/537.36 (KHTML, like Gecko) Chrome/88.0.4324.190 Safari/537.36"
212.152.158.195 - - [15/Mar/2021:13:34:06 +0100] "GET /result?dir=DESC&mode=grid&order=name&limit=15&page=2&search=Probe HTTP/1.1" 200 7325 "http://renault.activities.at/result?searchterm=true&search=Probe" "Mozilla/5.0 (Windows NT 10.0; Win64; x64) AppleWebKit/537.36 (KHTML, like Gecko) Chrome/89.0.4389.82 Safari/537.36"
212.152.158.195 - - [15/Mar/2021:13:34:09 +0100] "GET /loadthumbnail.php?id=11877811&width=113 HTTP/1.1" 200 27053 "http://renault.activities.at/result?dir=DESC&mode=grid&order=name&limit=15&page=2&search=Probe" "Mozilla/5.0 (Windows NT 10.0; Win64; x64) AppleWebKit/537.36 (KHTML, like Gecko) Chrome/89.0.4389.82 Safari/537.36"
212.152.158.195 - - [15/Mar/2021:13:34:09 +0100] "GET /loadthumbnail.php?id=11658108&width=113 HTTP/1.1" 200 27184 "http://renault.activities.at/result?dir=DESC&mode=grid&order=name&limit=15&page=2&search=Probe" "Mozilla/5.0 (Windows NT 10.0; Win64; x64) AppleWebKit/537.36 (KHTML, like Gecko) Chrome/89.0.4389.82 Safari/537.36"
212.152.158.195 - - [15/Mar/2021:13:34:09 +0100] "GET /loadthumbnail.php?id=11715009&width=113 HTTP/1.1" 200 22295 "http://renault.activities.at/result?dir=DESC&mode=grid&order=name&limit=15&page=2&search=Probe" "Mozilla/5.0 (Windows NT 10.0; Win64; x64) AppleWebKit/537.36 (KHTML, like Gecko) Chrome/89.0.4389.82 Safari/537.36"
212.152.158.195 - - [15/Mar/2021:13:34:09 +0100] "GET /loadthumbnail.php?id=11715005&width=113 HTTP/1.1" 200 30128 "http://renault.activities.at/result?dir=DESC&mode=grid&order=name&limit=15&page=2&search=Probe" "Mozilla/5.0 (Windows NT 10.0; Win64; x64) AppleWebKit/537.36 (KHTML, like Gecko) Chrome/89.0.4389.82 Safari/537.36"
212.152.158.195 - - [15/Mar/2021:13:33:55 +0100] "GET /loadthumbnail.php?id=11127982 HTTP/1.1" 200 207146 "http://renault.activities.at/result?searchterm=true&search=Probe" "Mozilla/5.0 (Windows NT 10.0; Win64; x64) AppleWebKit/537.36 (KHTML, like Gecko) Chrome/89.0.4389.82 Safari/537.36"
212.152.158.195 - - [15/Mar/2021:13:34:09 +0100] "GET /loadthumbnail.php?id=10203275 HTTP/1.1" 200 85 "http://renault.activities.at/result?dir=DESC&mode=grid&order=name&limit=15&page=2&search=Probe" "Mozilla/5.0 (Windows NT 10.0; Win64; x64) AppleWebKit/537.36 (KHTML, like Gecko) Chrome/89.0.4389.82 Safari/537.36"
212.152.158.195 - - [15/Mar/2021:13:34:10 +0100] "GET /loadthumbnail.php?id=12139706&width=113 HTTP/1.1" 200 28671 "http://renault.activities.at/result?dir=DESC&mode=grid&order=name&limit=15&page=2&search=Probe" "Mozilla/5.0 (Windows NT 10.0; Win64; x64) AppleWebKit/537.36 (KHTML, like Gecko) Chrome/89.0.4389.82 Safari/537.36"
212.152.158.195 - - [15/Mar/2021:13:34:11 +0100] "GET /loadthumbnail.php?id=11577924&width=113 HTTP/1.1" 200 28282 "http://renault.activities.at/result?dir=DESC&mode=grid&order=name&limit=15&page=2&search=Probe" "Mozilla/5.0 (Windows NT 10.0; Win64; x64) AppleWebKit/537.36 (KHTML, like Gecko) Chrome/89.0.4389.82 Safari/537.36"
212.152.158.195 - - [15/Mar/2021:13:34:13 +0100] "GET /loadthumbnail.php?id=11334756&width=113 HTTP/1.1" 200 24626 "http://renault.activities.at/result?dir=DESC&mode=grid&order=name&limit=15&page=2&search=Probe" "Mozilla/5.0 (Windows NT 10.0; Win64; x64) AppleWebKit/537.36 (KHTML, like Gecko) Chrome/89.0.4389.82 Safari/537.36"
212.152.158.195 - - [15/Mar/2021:13:34:13 +0100] "GET /loadthumbnail.php?id=11334755&width=113 HTTP/1.1" 200 23865 "http://renault.activities.at/result?dir=DESC&mode=grid&order=name&limit=15&page=2&search=Probe" "Mozilla/5.0 (Windows NT 10.0; Win64; x64) AppleWebKit/537.36 (KHTML, like Gecko) Chrome/89.0.4389.82 Safari/537.36"
185.58.53.32 - - [15/Mar/2021:13:34:25 +0100] "GET /reload?ser=1615811665889 HTTP/1.1" 200 1238 "http://renault.activities.at/10201442?dir=DESC&mode=grid&order=name&limit=15&page=16" "Mozilla/5.0 (Windows NT 10.0; Win64; x64) AppleWebKit/537.36 (KHTML, like Gecko) Chrome/89.0.4389.82 Safari/537.36"
212.152.158.195 - - [15/Mar/2021:13:34:29 +0100] "GET /10260284 HTTP/1.1" 200 6548 "http://renault.activities.at/result?dir=DESC&mode=grid&order=name&limit=15&page=2&search=Probe" "Mozilla/5.0 (Windows NT 10.0; Win64; x64) AppleWebKit/537.36 (KHTML, like Gecko) Chrome/89.0.4389.82 Safari/537.36"
212.152.158.195 - - [15/Mar/2021:13:34:31 +0100] "GET /loadthumbnail.php?id=11423838&width=113 HTTP/1.1" 200 2865 "http://renault.activities.at/10260284" "Mozilla/5.0 (Windows NT 10.0; Win64; x64) AppleWebKit/537.36 (KHTML, like Gecko) Chrome/89.0.4389.82 Safari/537.36"
212.152.158.195 - - [15/Mar/2021:13:34:31 +0100] "GET /loadthumbnail.php?id=11108158&width=113 HTTP/1.1" 200 1545 "http://renault.activities.at/10260284" "Mozilla/5.0 (Windows NT 10.0; Win64; x64) AppleWebKit/537.36 (KHTML, like Gecko) Chrome/89.0.4389.82 Safari/537.36"
212.152.158.195 - - [15/Mar/2021:13:34:09 +0100] "GET /loadthumbnail.php?id=11127982 HTTP/1.1" 200 169743 "http://renault.activities.at/result?dir=DESC&mode=grid&order=name&limit=15&page=2&search=Probe" "Mozilla/5.0 (Windows NT 10.0; Win64; x64) AppleWebKit/537.36 (KHTML, like Gecko) Chrome/89.0.4389.82 Safari/537.36"
62.40.161.72 - - [15/Mar/2021:13:34:35 +0100] "GET /reload?ser=1615811675955 HTTP/1.1" 200 28 "http://renault.activities.at/" "Mozilla/5.0 (Windows NT 10.0; WOW64; Trident/7.0; rv:11.0) like Gecko"
83.175.113.91 - - [15/Mar/2021:13:34:36 +0100] "GET /reload?ser=1615811676583 HTTP/1.1" 200 28 "http://renault.activities.at/10260273" "Mozilla/5.0 (Windows NT 10.0; Win64; x64) AppleWebKit/537.36 (KHTML, like Gecko) Chrome/88.0.4324.190 Safari/537.36"
80.120.210.179 - - [15/Mar/2021:13:34:47 +0100] "GET /reload?ser=1615811688126 HTTP/1.1" 200 28 "http://renault.activities.at/result?searchterm=true&search=+r+link" "Mozilla/5.0 (Windows NT 10.0; Win64; x64) AppleWebKit/537.36 (KHTML, like Gecko) Chrome/89.0.4389.82 Safari/537.36"
212.152.158.195 - - [15/Mar/2021:13:34:55 +0100] "GET /10260286 HTTP/1.1" 200 7299 "http://renault.activities.at/10260284" "Mozilla/5.0 (Windows NT 10.0; Win64; x64) AppleWebKit/537.36 (KHTML, like Gecko) Chrome/89.0.4389.82 Safari/537.36"
80.123.225.38 - - [15/Mar/2021:13:34:59 +0100] "GET /reload?ser=1615811699868 HTTP/1.1" 200 28 "http://renault.activities.at/cart" "Mozilla/5.0 (Windows NT 10.0; WOW64; Trident/7.0; rv:11.0) like Gecko"
212.152.158.195 - - [15/Mar/2021:13:34:31 +0100] "GET /loadthumbnail.php?id=11127982 HTTP/1.1" 200 389231 "http://renault.activities.at/10260284" "Mozilla/5.0 (Windows NT 10.0; Win64; x64) AppleWebKit/537.36 (KHTML, like Gecko) Chrome/89.0.4389.82 Safari/537.36"
193.194.132.24 - - [15/Mar/2021:13:35:08 +0100] "GET /reload?ser=1615811708332 HTTP/1.1" 200 28 "http://renault.2web.at/account" "Mozilla/5.0 (Windows NT 10.0; Win64; x64) AppleWebKit/537.36 (KHTML, like Gecko) Chrome/88.0.4324.190 Safari/537.36"
185.58.53.32 - - [15/Mar/2021:13:35:26 +0100] "GET /reload?ser=1615811726881 HTTP/1.1" 200 1240 "http://renault.activities.at/10201442?dir=DESC&mode=grid&order=name&limit=15&page=16" "Mozilla/5.0 (Windows NT 10.0; Win64; x64) AppleWebKit/537.36 (KHTML, like Gecko) Chrome/89.0.4389.82 Safari/537.36"
62.40.161.72 - - [15/Mar/2021:13:35:36 +0100] "GET /reload?ser=1615811736613 HTTP/1.1" 200 28 "http://renault.activities.at/" "Mozilla/5.0 (Windows NT 10.0; WOW64; Trident/7.0; rv:11.0) like Gecko"
83.175.113.91 - - [15/Mar/2021:13:35:37 +0100] "GET /reload?ser=1615811737580 HTTP/1.1" 200 28 "http://renault.activities.at/10260273" "Mozilla/5.0 (Windows NT 10.0; Win64; x64) AppleWebKit/537.36 (KHTML, like Gecko) Chrome/88.0.4324.190 Safari/537.36"
212.152.158.195 - - [15/Mar/2021:13:35:18 +0100] "GET /loadthumbnail.php?id=11127982 HTTP/1.1" 200 399614 "http://renault.activities.at/10260286" "Mozilla/5.0 (Windows NT 10.0; Win64; x64) AppleWebKit/537.36 (KHTML, like Gecko) Chrome/89.0.4389.82 Safari/537.36"
212.152.158.195 - - [15/Mar/2021:13:35:45 +0100] "GET /loadthumbnail.php?id=12197903&width=113 HTTP/1.1" 200 30608 "http://renault.activities.at/10260286" "Mozilla/5.0 (Windows NT 10.0; Win64; x64) AppleWebKit/537.36 (KHTML, like Gecko) Chrome/89.0.4389.82 Safari/537.36"
80.120.210.179 - - [15/Mar/2021:13:35:49 +0100] "GET /reload?ser=1615811750132 HTTP/1.1" 200 28 "http://renault.activities.at/result?searchterm=true&search=+r+link" "Mozilla/5.0 (Windows NT 10.0; Win64; x64) AppleWebKit/537.36 (KHTML, like Gecko) Chrome/89.0.4389.82 Safari/537.36"
212.152.158.195 - - [15/Mar/2021:13:35:57 +0100] "GET /10260286?mode=list HTTP/1.1" 200 7340 "http://renault.activities.at/10260286" "Mozilla/5.0 (Windows NT 10.0; Win64; x64) AppleWebKit/537.36 (KHTML, like Gecko) Chrome/89.0.4389.82 Safari/537.36"
80.123.225.38 - - [15/Mar/2021:13:36:00 +0100] "GET /reload?ser=1615811760495 HTTP/1.1" 200 28 "http://renault.activities.at/cart" "Mozilla/5.0 (Windows NT 10.0; WOW64; Trident/7.0; rv:11.0) like Gecko"
212.152.158.195 - - [15/Mar/2021:13:36:00 +0100] "GET /10260286?mode=list HTTP/1.1" 200 7340 "http://renault.activities.at/10260286" "Mozilla/5.0 (Windows NT 10.0; Win64; x64) AppleWebKit/537.36 (KHTML, like Gecko) Chrome/89.0.4389.82 Safari/537.36"
212.152.158.195 - - [15/Mar/2021:13:36:01 +0100] "GET /loadthumbnail.php?id=12255478&width=113 HTTP/1.1" 200 19353 "http://renault.activities.at/10260286?mode=list" "Mozilla/5.0 (Windows NT 10.0; Win64; x64) AppleWebKit/537.36 (KHTML, like Gecko) Chrome/89.0.4389.82 Safari/537.36"
212.152.158.195 - - [15/Mar/2021:13:36:01 +0100] "GET /loadthumbnail.php?id=12348146&width=113 HTTP/1.1" 200 38739 "http://renault.activities.at/10260286?mode=list" "Mozilla/5.0 (Windows NT 10.0; Win64; x64) AppleWebKit/537.36 (KHTML, like Gecko) Chrome/89.0.4389.82 Safari/537.36"
212.152.158.195 - - [15/Mar/2021:13:36:02 +0100] "GET /loadthumbnail.php?id=12364065&width=113 HTTP/1.1" 200 5991 "http://renault.activities.at/10260286?mode=list" "Mozilla/5.0 (Windows NT 10.0; Win64; x64) AppleWebKit/537.36 (KHTML, like Gecko) Chrome/89.0.4389.82 Safari/537.36"
193.194.132.24 - - [15/Mar/2021:13:36:10 +0100] "GET /reload?ser=1615811770333 HTTP/1.1" 200 28 "http://renault.2web.at/account" "Mozilla/5.0 (Windows NT 10.0; Win64; x64) AppleWebKit/537.36 (KHTML, like Gecko) Chrome/88.0.4324.190 Safari/537.36"
212.152.158.195 - - [15/Mar/2021:13:36:22 +0100] "GET /10260300 HTTP/1.1" 200 9188 "http://renault.activities.at/10260286?mode=list" "Mozilla/5.0 (Windows NT 10.0; Win64; x64) AppleWebKit/537.36 (KHTML, like Gecko) Chrome/89.0.4389.82 Safari/537.36"
212.152.158.195 - - [15/Mar/2021:13:36:26 +0100] "GET /loadthumbnail.php?id=12364069&width=113 HTTP/1.1" 200 19275 "http://renault.activities.at/10260300" "Mozilla/5.0 (Windows NT 10.0; Win64; x64) AppleWebKit/537.36 (KHTML, like Gecko) Chrome/89.0.4389.82 Safari/537.36"
212.152.158.195 - - [15/Mar/2021:13:36:26 +0100] "GET /loadthumbnail.php?id=11036339&width=113 HTTP/1.1" 200 1330 "http://renault.activities.at/10260300" "Mozilla/5.0 (Windows NT 10.0; Win64; x64) AppleWebKit/537.36 (KHTML, like Gecko) Chrome/89.0.4389.82 Safari/537.36"
212.152.158.195 - - [15/Mar/2021:13:36:26 +0100] "GET /loadthumbnail.php?id=12294747&width=113 HTTP/1.1" 200 20271 "http://renault.activities.at/10260300" "Mozilla/5.0 (Windows NT 10.0; Win64; x64) AppleWebKit/537.36 (KHTML, like Gecko) Chrome/89.0.4389.82 Safari/537.36"
212.152.158.195 - - [15/Mar/2021:13:36:26 +0100] "GET /loadthumbnail.php?id=11036127&width=113 HTTP/1.1" 200 1099 "http://renault.activities.at/10260300" "Mozilla/5.0 (Windows NT 10.0; Win64; x64) AppleWebKit/537.36 (KHTML, like Gecko) Chrome/89.0.4389.82 Safari/537.36"
212.152.158.195 - - [15/Mar/2021:13:36:26 +0100] "GET /loadthumbnail.php?id=10746885&width=113 HTTP/1.1" 200 3633 "http://renault.activities.at/10260300" "Mozilla/5.0 (Windows NT 10.0; Win64; x64) AppleWebKit/537.36 (KHTML, like Gecko) Chrome/89.0.4389.82 Safari/537.36"
212.152.158.195 - - [15/Mar/2021:13:36:26 +0100] "GET /loadthumbnail.php?id=10260877&width=113 HTTP/1.1" 200 1170 "http://renault.activities.at/10260300" "Mozilla/5.0 (Windows NT 10.0; Win64; x64) AppleWebKit/537.36 (KHTML, like Gecko) Chrome/89.0.4389.82 Safari/537.36"
212.152.158.195 - - [15/Mar/2021:13:36:26 +0100] "GET /loadthumbnail.php?id=11255648&width=113 HTTP/1.1" 200 1285 "http://renault.activities.at/10260300" "Mozilla/5.0 (Windows NT 10.0; Win64; x64) AppleWebKit/537.36 (KHTML, like Gecko) Chrome/89.0.4389.82 Safari/537.36"
212.152.158.195 - - [15/Mar/2021:13:36:27 +0100] "GET /loadthumbnail.php?id=10260863&width=113 HTTP/1.1" 200 1170 "http://renault.activities.at/10260300" "Mozilla/5.0 (Windows NT 10.0; Win64; x64) AppleWebKit/537.36 (KHTML, like Gecko) Chrome/89.0.4389.82 Safari/537.36"
212.152.158.195 - - [15/Mar/2021:13:36:01 +0100] "GET /loadthumbnail.php?id=11127982 HTTP/1.1" 200 353323 "http://renault.activities.at/10260286?mode=list" "Mozilla/5.0 (Windows NT 10.0; Win64; x64) AppleWebKit/537.36 (KHTML, like Gecko) Chrome/89.0.4389.82 Safari/537.36"
212.152.158.195 - - [15/Mar/2021:13:36:27 +0100] "GET /loadthumbnail.php?id=11036124&width=113 HTTP/1.1" 200 1328 "http://renault.activities.at/10260300" "Mozilla/5.0 (Windows NT 10.0; Win64; x64) AppleWebKit/537.36 (KHTML, like Gecko) Chrome/89.0.4389.82 Safari/537.36"
212.152.158.195 - - [15/Mar/2021:13:36:27 +0100] "GET /loadthumbnail.php?id=10260861&width=113 HTTP/1.1" 200 1170 "http://renault.activities.at/10260300" "Mozilla/5.0 (Windows NT 10.0; Win64; x64) AppleWebKit/537.36 (KHTML, like Gecko) Chrome/89.0.4389.82 Safari/537.36"
185.58.53.32 - - [15/Mar/2021:13:36:27 +0100] "GET /reload?ser=1615811787880 HTTP/1.1" 200 1244 "http://renault.activities.at/10201442?dir=DESC&mode=grid&order=name&limit=15&page=16" "Mozilla/5.0 (Windows NT 10.0; Win64; x64) AppleWebKit/537.36 (KHTML, like Gecko) Chrome/89.0.4389.82 Safari/537.36"
212.152.158.195 - - [15/Mar/2021:13:36:28 +0100] "GET /loadthumbnail.php?id=11885850&width=113 HTTP/1.1" 200 1552 "http://renault.activities.at/10260300" "Mozilla/5.0 (Windows NT 10.0; Win64; x64) AppleWebKit/537.36 (KHTML, like Gecko) Chrome/89.0.4389.82 Safari/537.36"
62.40.161.72 - - [15/Mar/2021:13:36:37 +0100] "GET /reload?ser=1615811797267 HTTP/1.1" 200 28 "http://renault.activities.at/" "Mozilla/5.0 (Windows NT 10.0; WOW64; Trident/7.0; rv:11.0) like Gecko"
83.175.113.91 - - [15/Mar/2021:13:36:38 +0100] "GET /reload?ser=1615811798577 HTTP/1.1" 200 28 "http://renault.activities.at/10260273" "Mozilla/5.0 (Windows NT 10.0; Win64; x64) AppleWebKit/537.36 (KHTML, like Gecko) Chrome/88.0.4324.190 Safari/537.36"
80.120.210.179 - - [15/Mar/2021:13:36:51 +0100] "GET /reload?ser=1615811812130 HTTP/1.1" 200 28 "http://renault.activities.at/result?searchterm=true&search=+r+link" "Mozilla/5.0 (Windows NT 10.0; Win64; x64) AppleWebKit/537.36 (KHTML, like Gecko) Chrome/89.0.4389.82 Safari/537.36"
80.123.225.38 - - [15/Mar/2021:13:37:01 +0100] "GET /reload?ser=1615811821116 HTTP/1.1" 200 28 "http://renault.activities.at/cart" "Mozilla/5.0 (Windows NT 10.0; WOW64; Trident/7.0; rv:11.0) like Gecko"
212.152.158.195 - - [15/Mar/2021:13:36:26 +0100] "GET /loadthumbnail.php?id=11127982 HTTP/1.1" 200 399614 "http://renault.activities.at/10260300" "Mozilla/5.0 (Windows NT 10.0; Win64; x64) AppleWebKit/537.36 (KHTML, like Gecko) Chrome/89.0.4389.82 Safari/537.36"
212.152.158.195 - - [15/Mar/2021:13:37:10 +0100] "GET /images/favicon.ico HTTP/1.1" 404 305 "http://renault.activities.at/10260300" "Mozilla/5.0 (Windows NT 10.0; Win64; x64) AppleWebKit/537.36 (KHTML, like Gecko) Chrome/89.0.4389.82 Safari/537.36"
193.194.132.24 - - [15/Mar/2021:13:37:12 +0100] "GET /reload?ser=1615811832335 HTTP/1.1" 200 28 "http://renault.2web.at/account" "Mozilla/5.0 (Windows NT 10.0; Win64; x64) AppleWebKit/537.36 (KHTML, like Gecko) Chrome/88.0.4324.190 Safari/537.36"
212.152.158.195 - - [15/Mar/2021:13:37:16 +0100] "GET /10260300?dir=DESC&mode=grid&order=name&limit=15&page=2 HTTP/1.1" 200 9092 "http://renault.activities.at/10260300" "Mozilla/5.0 (Windows NT 10.0; Win64; x64) AppleWebKit/537.36 (KHTML, like Gecko) Chrome/89.0.4389.82 Safari/537.36"
212.152.158.195 - - [15/Mar/2021:13:37:19 +0100] "GET /loadthumbnail.php?id=10260875&width=113 HTTP/1.1" 200 1170 "http://renault.activities.at/10260300?dir=DESC&mode=grid&order=name&limit=15&page=2" "Mozilla/5.0 (Windows NT 10.0; Win64; x64) AppleWebKit/537.36 (KHTML, like Gecko) Chrome/89.0.4389.82 Safari/537.36"
212.152.158.195 - - [15/Mar/2021:13:37:19 +0100] "GET /loadthumbnail.php?id=11885851&width=113 HTTP/1.1" 200 1576 "http://renault.activities.at/10260300?dir=DESC&mode=grid&order=name&limit=15&page=2" "Mozilla/5.0 (Windows NT 10.0; Win64; x64) AppleWebKit/537.36 (KHTML, like Gecko) Chrome/89.0.4389.82 Safari/537.36"
212.152.158.195 - - [15/Mar/2021:13:37:19 +0100] "GET /loadthumbnail.php?id=10915652&width=113 HTTP/1.1" 200 1387 "http://renault.activities.at/10260300?dir=DESC&mode=grid&order=name&limit=15&page=2" "Mozilla/5.0 (Windows NT 10.0; Win64; x64) AppleWebKit/537.36 (KHTML, like Gecko) Chrome/89.0.4389.82 Safari/537.36"
212.152.158.195 - - [15/Mar/2021:13:37:19 +0100] "GET /loadthumbnail.php?id=11036126&width=113 HTTP/1.1" 200 1377 "http://renault.activities.at/10260300?dir=DESC&mode=grid&order=name&limit=15&page=2" "Mozilla/5.0 (Windows NT 10.0; Win64; x64) AppleWebKit/537.36 (KHTML, like Gecko) Chrome/89.0.4389.82 Safari/537.36"
212.152.158.195 - - [15/Mar/2021:13:37:19 +0100] "GET /loadthumbnail.php?id=10919466&width=113 HTTP/1.1" 200 1477 "http://renault.activities.at/10260300?dir=DESC&mode=grid&order=name&limit=15&page=2" "Mozilla/5.0 (Windows NT 10.0; Win64; x64) AppleWebKit/537.36 (KHTML, like Gecko) Chrome/89.0.4389.82 Safari/537.36"
212.152.158.195 - - [15/Mar/2021:13:37:19 +0100] "GET /loadthumbnail.php?id=10915886&width=113 HTTP/1.1" 200 1376 "http://renault.activities.at/10260300?dir=DESC&mode=grid&order=name&limit=15&page=2" "Mozilla/5.0 (Windows NT 10.0; Win64; x64) AppleWebKit/537.36 (KHTML, like Gecko) Chrome/89.0.4389.82 Safari/537.36"
212.152.158.195 - - [15/Mar/2021:13:37:19 +0100] "GET /loadthumbnail.php?id=10260890&width=113 HTTP/1.1" 200 1170 "http://renault.activities.at/10260300?dir=DESC&mode=grid&order=name&limit=15&page=2" "Mozilla/5.0 (Windows NT 10.0; Win64; x64) AppleWebKit/537.36 (KHTML, like Gecko) Chrome/89.0.4389.82 Safari/537.36"
212.152.158.195 - - [15/Mar/2021:13:37:19 +0100] "GET /loadthumbnail.php?id=11243081&width=113 HTTP/1.1" 200 1218 "http://renault.activities.at/10260300?dir=DESC&mode=grid&order=name&limit=15&page=2" "Mozilla/5.0 (Windows NT 10.0; Win64; x64) AppleWebKit/537.36 (KHTML, like Gecko) Chrome/89.0.4389.82 Safari/537.36"
212.152.158.195 - - [15/Mar/2021:13:37:19 +0100] "GET /loadthumbnail.php?id=11141133&width=113 HTTP/1.1" 200 1050 "http://renault.activities.at/10260300?dir=DESC&mode=grid&order=name&limit=15&page=2" "Mozilla/5.0 (Windows NT 10.0; Win64; x64) AppleWebKit/537.36 (KHTML, like Gecko) Chrome/89.0.4389.82 Safari/537.36"
212.152.158.195 - - [15/Mar/2021:13:37:20 +0100] "GET /loadthumbnail.php?id=10995605&width=113 HTTP/1.1" 200 1252 "http://renault.activities.at/10260300?dir=DESC&mode=grid&order=name&limit=15&page=2" "Mozilla/5.0 (Windows NT 10.0; Win64; x64) AppleWebKit/537.36 (KHTML, like Gecko) Chrome/89.0.4389.82 Safari/537.36"
212.152.158.195 - - [15/Mar/2021:13:37:25 +0100] "GET /10260300?dir=DESC&mode=grid&order=name&limit=15&page=3 HTTP/1.1" 200 7662 "http://renault.activities.at/10260300?dir=DESC&mode=grid&order=name&limit=15&page=2" "Mozilla/5.0 (Windows NT 10.0; Win64; x64) AppleWebKit/537.36 (KHTML, like Gecko) Chrome/89.0.4389.82 Safari/537.36"
212.152.158.195 - - [15/Mar/2021:13:37:28 +0100] "GET /loadthumbnail.php?id=11249797&width=113 HTTP/1.1" 200 2985 "http://renault.activities.at/10260300?dir=DESC&mode=grid&order=name&limit=15&page=3" "Mozilla/5.0 (Windows NT 10.0; Win64; x64) AppleWebKit/537.36 (KHTML, like Gecko) Chrome/89.0.4389.82 Safari/537.36"
212.152.158.195 - - [15/Mar/2021:13:37:28 +0100] "GET /loadthumbnail.php?id=12348146&width=113 HTTP/1.1" 200 38739 "http://renault.activities.at/10260300?dir=DESC&mode=grid&order=name&limit=15&page=3" "Mozilla/5.0 (Windows NT 10.0; Win64; x64) AppleWebKit/537.36 (KHTML, like Gecko) Chrome/89.0.4389.82 Safari/537.36"
212.152.158.195 - - [15/Mar/2021:13:37:28 +0100] "GET /loadthumbnail.php?id=11249798&width=113 HTTP/1.1" 200 2985 "http://renault.activities.at/10260300?dir=DESC&mode=grid&order=name&limit=15&page=3" "Mozilla/5.0 (Windows NT 10.0; Win64; x64) AppleWebKit/537.36 (KHTML, like Gecko) Chrome/89.0.4389.82 Safari/537.36"
212.152.158.195 - - [15/Mar/2021:13:37:28 +0100] "GET /loadthumbnail.php?id=12297782&width=113 HTTP/1.1" 200 32707 "http://renault.activities.at/10260300?dir=DESC&mode=grid&order=name&limit=15&page=3" "Mozilla/5.0 (Windows NT 10.0; Win64; x64) AppleWebKit/537.36 (KHTML, like Gecko) Chrome/89.0.4389.82 Safari/537.36"
212.152.158.195 - - [15/Mar/2021:13:37:28 +0100] "GET /loadthumbnail.php?id=10562347&width=113 HTTP/1.1" 200 4993 "http://renault.activities.at/10260300?dir=DESC&mode=grid&order=name&limit=15&page=3" "Mozilla/5.0 (Windows NT 10.0; Win64; x64) AppleWebKit/537.36 (KHTML, like Gecko) Chrome/89.0.4389.82 Safari/537.36"
212.152.158.195 - - [15/Mar/2021:13:37:28 +0100] "GET /loadthumbnail.php?id=10562346&width=113 HTTP/1.1" 200 5314 "http://renault.activities.at/10260300?dir=DESC&mode=grid&order=name&limit=15&page=3" "Mozilla/5.0 (Windows NT 10.0; Win64; x64) AppleWebKit/537.36 (KHTML, like Gecko) Chrome/89.0.4389.82 Safari/537.36"
185.58.53.32 - - [15/Mar/2021:13:37:28 +0100] "GET /reload?ser=1615811848893 HTTP/1.1" 200 1234 "http://renault.activities.at/10201442?dir=DESC&mode=grid&order=name&limit=15&page=16" "Mozilla/5.0 (Windows NT 10.0; Win64; x64) AppleWebKit/537.36 (KHTML, like Gecko) Chrome/89.0.4389.82 Safari/537.36"
62.40.161.72 - - [15/Mar/2021:13:37:37 +0100] "GET /reload?ser=1615811857920 HTTP/1.1" 200 28 "http://renault.activities.at/" "Mozilla/5.0 (Windows NT 10.0; WOW64; Trident/7.0; rv:11.0) like Gecko"
212.152.158.195 - - [15/Mar/2021:13:37:38 +0100] "POST /axjaxrequest?mode=suggest HTTP/1.1" 200 198 "http://renault.activities.at/10260300?dir=DESC&mode=grid&order=name&limit=15&page=3" "Mozilla/5.0 (Windows NT 10.0; Win64; x64) AppleWebKit/537.36 (KHTML, like Gecko) Chrome/89.0.4389.82 Safari/537.36"
83.175.113.91 - - [15/Mar/2021:13:37:39 +0100] "GET /reload?ser=1615811859578 HTTP/1.1" 200 28 "http://renault.activities.at/10260273" "Mozilla/5.0 (Windows NT 10.0; Win64; x64) AppleWebKit/537.36 (KHTML, like Gecko) Chrome/88.0.4324.190 Safari/537.36"
212.152.158.195 - - [15/Mar/2021:13:37:51 +0100] "POST /axjaxrequest?mode=suggest HTTP/1.1" 200 152 "http://renault.activities.at/10260300?dir=DESC&mode=grid&order=name&limit=15&page=3" "Mozilla/5.0 (Windows NT 10.0; Win64; x64) AppleWebKit/537.36 (KHTML, like Gecko) Chrome/89.0.4389.82 Safari/537.36"
80.120.210.179 - - [15/Mar/2021:13:37:53 +0100] "GET /reload?ser=1615811874118 HTTP/1.1" 200 28 "http://renault.activities.at/result?searchterm=true&search=+r+link" "Mozilla/5.0 (Windows NT 10.0; Win64; x64) AppleWebKit/537.36 (KHTML, like Gecko) Chrome/89.0.4389.82 Safari/537.36"
212.152.158.195 - - [15/Mar/2021:13:37:55 +0100] "GET /result?searchterm=true&search=Buch HTTP/1.1" 200 6537 "http://renault.activities.at/10260300?dir=DESC&mode=grid&order=name&limit=15&page=3" "Mozilla/5.0 (Windows NT 10.0; Win64; x64) AppleWebKit/537.36 (KHTML, like Gecko) Chrome/89.0.4389.82 Safari/537.36"
212.152.158.195 - - [15/Mar/2021:13:37:58 +0100] "GET /loadthumbnail.php?id=10260771&width=113 HTTP/1.1" 200 1878 "http://renault.activities.at/result?searchterm=true&search=Buch" "Mozilla/5.0 (Windows NT 10.0; Win64; x64) AppleWebKit/537.36 (KHTML, like Gecko) Chrome/89.0.4389.82 Safari/537.36"
212.152.158.195 - - [15/Mar/2021:13:37:58 +0100] "GET /loadthumbnail.php?id=12029408&width=113 HTTP/1.1" 200 2367 "http://renault.activities.at/result?searchterm=true&search=Buch" "Mozilla/5.0 (Windows NT 10.0; Win64; x64) AppleWebKit/537.36 (KHTML, like Gecko) Chrome/89.0.4389.82 Safari/537.36"
212.152.158.195 - - [15/Mar/2021:13:37:58 +0100] "GET /loadthumbnail.php?id=12029412&width=113 HTTP/1.1" 200 3690 "http://renault.activities.at/result?searchterm=true&search=Buch" "Mozilla/5.0 (Windows NT 10.0; Win64; x64) AppleWebKit/537.36 (KHTML, like Gecko) Chrome/89.0.4389.82 Safari/537.36"
80.123.225.38 - - [15/Mar/2021:13:38:01 +0100] "GET /reload?ser=1615811881768 HTTP/1.1" 200 28 "http://renault.activities.at/cart" "Mozilla/5.0 (Windows NT 10.0; WOW64; Trident/7.0; rv:11.0) like Gecko"
193.194.132.24 - - [15/Mar/2021:13:38:14 +0100] "GET /reload?ser=1615811894335 HTTP/1.1" 200 28 "http://renault.2web.at/account" "Mozilla/5.0 (Windows NT 10.0; Win64; x64) AppleWebKit/537.36 (KHTML, like Gecko) Chrome/88.0.4324.190 Safari/537.36"
185.58.53.32 - - [15/Mar/2021:13:38:29 +0100] "GET /reload?ser=1615811909885 HTTP/1.1" 200 1239 "http://renault.activities.at/10201442?dir=DESC&mode=grid&order=name&limit=15&page=16" "Mozilla/5.0 (Windows NT 10.0; Win64; x64) AppleWebKit/537.36 (KHTML, like Gecko) Chrome/89.0.4389.82 Safari/537.36"
62.40.161.72 - - [15/Mar/2021:13:38:38 +0100] "GET /reload?ser=1615811918561 HTTP/1.1" 200 28 "http://renault.activities.at/" "Mozilla/5.0 (Windows NT 10.0; WOW64; Trident/7.0; rv:11.0) like Gecko"
83.175.113.91 - - [15/Mar/2021:13:38:40 +0100] "GET /reload?ser=1615811920582 HTTP/1.1" 200 28 "http://renault.activities.at/10260273" "Mozilla/5.0 (Windows NT 10.0; Win64; x64) AppleWebKit/537.36 (KHTML, like Gecko) Chrome/88.0.4324.190 Safari/537.36"
80.120.210.179 - - [15/Mar/2021:13:38:54 +0100] "GET /reload?ser=1615811935128 HTTP/1.1" 200 28 "http://renault.activities.at/result?searchterm=true&search=+r+link" "Mozilla/5.0 (Windows NT 10.0; Win64; x64) AppleWebKit/537.36 (KHTML, like Gecko) Chrome/89.0.4389.82 Safari/537.36"
212.152.158.195 - - [15/Mar/2021:13:38:59 +0100] "GET /reload?ser=1615811938957 HTTP/1.1" 200 28 "http://renault.activities.at/result?searchterm=true&search=Buch" "Mozilla/5.0 (Windows NT 10.0; Win64; x64) AppleWebKit/537.36 (KHTML, like Gecko) Chrome/89.0.4389.82 Safari/537.36"
80.123.225.38 - - [15/Mar/2021:13:39:02 +0100] "GET /reload?ser=1615811942395 HTTP/1.1" 200 28 "http://renault.activities.at/cart" "Mozilla/5.0 (Windows NT 10.0; WOW64; Trident/7.0; rv:11.0) like Gecko"
193.194.132.24 - - [15/Mar/2021:13:39:16 +0100] "GET /reload?ser=1615811956336 HTTP/1.1" 200 28 "http://renault.2web.at/account" "Mozilla/5.0 (Windows NT 10.0; Win64; x64) AppleWebKit/537.36 (KHTML, like Gecko) Chrome/88.0.4324.190 Safari/537.36"
185.58.53.32 - - [15/Mar/2021:13:39:30 +0100] "GET /reload?ser=1615811970880 HTTP/1.1" 200 1244 "http://renault.activities.at/10201442?dir=DESC&mode=grid&order=name&limit=15&page=16" "Mozilla/5.0 (Windows NT 10.0; Win64; x64) AppleWebKit/537.36 (KHTML, like Gecko) Chrome/89.0.4389.82 Safari/537.36"
62.40.161.72 - - [15/Mar/2021:13:39:39 +0100] "GET /reload?ser=1615811979228 HTTP/1.1" 200 28 "http://renault.activities.at/" "Mozilla/5.0 (Windows NT 10.0; WOW64; Trident/7.0; rv:11.0) like Gecko"
83.175.113.91 - - [15/Mar/2021:13:39:41 +0100] "GET /reload?ser=1615811981582 HTTP/1.1" 200 28 "http://renault.activities.at/10260273" "Mozilla/5.0 (Windows NT 10.0; Win64; x64) AppleWebKit/537.36 (KHTML, like Gecko) Chrome/88.0.4324.190 Safari/537.36"
80.120.210.179 - - [15/Mar/2021:13:39:56 +0100] "GET /reload?ser=1615811997127 HTTP/1.1" 200 28 "http://renault.activities.at/result?searchterm=true&search=+r+link" "Mozilla/5.0 (Windows NT 10.0; Win64; x64) AppleWebKit/537.36 (KHTML, like Gecko) Chrome/89.0.4389.82 Safari/537.36"
212.152.158.195 - - [15/Mar/2021:13:40:01 +0100] "GET /reload?ser=1615812000957 HTTP/1.1" 200 28 "http://renault.activities.at/result?searchterm=true&search=Buch" "Mozilla/5.0 (Windows NT 10.0; Win64; x64) AppleWebKit/537.36 (KHTML, like Gecko) Chrome/89.0.4389.82 Safari/537.36"
80.123.225.38 - - [15/Mar/2021:13:40:03 +0100] "GET /reload?ser=1615812003012 HTTP/1.1" 200 28 "http://renault.activities.at/cart" "Mozilla/5.0 (Windows NT 10.0; WOW64; Trident/7.0; rv:11.0) like Gecko"
157.97.71.85 - - [15/Mar/2021:13:40:16 +0100] "GET / HTTP/1.1" 200 3273 "-" "Mozilla/5.0 (Windows NT 10.0; Win64; x64) AppleWebKit/537.36 (KHTML, like Gecko) Chrome/89.0.4389.82 Safari/537.36"
157.97.71.85 - - [15/Mar/2021:13:40:17 +0100] "GET /loadthumbnail.php?id=11127982 HTTP/1.1" 200 399614 "http://renault.activities.at/" "Mozilla/5.0 (Windows NT 10.0; Win64; x64) AppleWebKit/537.36 (KHTML, like Gecko) Chrome/89.0.4389.82 Safari/537.36"
157.97.71.85 - - [15/Mar/2021:13:40:18 +0100] "GET /images/favicon.ico HTTP/1.1" 404 305 "http://renault.activities.at/" "Mozilla/5.0 (Windows NT 10.0; Win64; x64) AppleWebKit/537.36 (KHTML, like Gecko) Chrome/89.0.4389.82 Safari/537.36"
193.194.132.24 - - [15/Mar/2021:13:40:18 +0100] "GET /reload?ser=1615812018337 HTTP/1.1" 200 28 "http://renault.2web.at/account" "Mozilla/5.0 (Windows NT 10.0; Win64; x64) AppleWebKit/537.36 (KHTML, like Gecko) Chrome/88.0.4324.190 Safari/537.36"
157.97.71.85 - - [15/Mar/2021:13:40:23 +0100] "GET /login HTTP/1.1" 200 2085 "http://renault.activities.at/" "Mozilla/5.0 (Windows NT 10.0; Win64; x64) AppleWebKit/537.36 (KHTML, like Gecko) Chrome/89.0.4389.82 Safari/537.36"
157.97.71.85 - - [15/Mar/2021:13:40:28 +0100] "POST /login HTTP/1.1" 302 140 "http://renault.activities.at/login" "Mozilla/5.0 (Windows NT 10.0; Win64; x64) AppleWebKit/537.36 (KHTML, like Gecko) Chrome/89.0.4389.82 Safari/537.36"
185.58.53.32 - - [15/Mar/2021:13:40:31 +0100] "GET /reload?ser=1615812031879 HTTP/1.1" 200 1241 "http://renault.activities.at/10201442?dir=DESC&mode=grid&order=name&limit=15&page=16" "Mozilla/5.0 (Windows NT 10.0; Win64; x64) AppleWebKit/537.36 (KHTML, like Gecko) Chrome/89.0.4389.82 Safari/537.36"
157.97.71.85 - - [15/Mar/2021:13:40:30 +0100] "POST /login HTTP/1.1" 302 140 "http://renault.activities.at/login" "Mozilla/5.0 (Windows NT 10.0; Win64; x64) AppleWebKit/537.36 (KHTML, like Gecko) Chrome/89.0.4389.82 Safari/537.36"
157.97.71.85 - - [15/Mar/2021:13:40:32 +0100] "GET /account HTTP/1.1" 200 6070 "http://renault.activities.at/login" "Mozilla/5.0 (Windows NT 10.0; Win64; x64) AppleWebKit/537.36 (KHTML, like Gecko) Chrome/89.0.4389.82 Safari/537.36"
157.97.71.85 - - [15/Mar/2021:13:40:34 +0100] "GET /loadthumbnail.php?id=12334029&width=50&height=50 HTTP/1.1" 200 1295 "http://renault.activities.at/account" "Mozilla/5.0 (Windows NT 10.0; Win64; x64) AppleWebKit/537.36 (KHTML, like Gecko) Chrome/89.0.4389.82 Safari/537.36"
157.97.71.85 - - [15/Mar/2021:13:40:34 +0100] "GET /loadthumbnail.php?id=11308855&width=50&height=50 HTTP/1.1" 200 1713 "http://renault.activities.at/account" "Mozilla/5.0 (Windows NT 10.0; Win64; x64) AppleWebKit/537.36 (KHTML, like Gecko) Chrome/89.0.4389.82 Safari/537.36"
157.97.71.85 - - [15/Mar/2021:13:40:34 +0100] "GET /loadthumbnail.php?id=10986339&width=50&height=50 HTTP/1.1" 200 1295 "http://renault.activities.at/account" "Mozilla/5.0 (Windows NT 10.0; Win64; x64) AppleWebKit/537.36 (KHTML, like Gecko) Chrome/89.0.4389.82 Safari/537.36"
62.40.161.72 - - [15/Mar/2021:13:40:39 +0100] "GET /reload?ser=1615812039873 HTTP/1.1" 200 28 "http://renault.activities.at/" "Mozilla/5.0 (Windows NT 10.0; WOW64; Trident/7.0; rv:11.0) like Gecko"
83.175.113.91 - - [15/Mar/2021:13:40:42 +0100] "GET /reload?ser=1615812042580 HTTP/1.1" 200 28 "http://renault.activities.at/10260273" "Mozilla/5.0 (Windows NT 10.0; Win64; x64) AppleWebKit/537.36 (KHTML, like Gecko) Chrome/88.0.4324.190 Safari/537.36"
157.97.71.85 - - [15/Mar/2021:13:40:50 +0100] "GET /10201633 HTTP/1.1" 200 9194 "http://renault.activities.at/account" "Mozilla/5.0 (Windows NT 10.0; Win64; x64) AppleWebKit/537.36 (KHTML, like Gecko) Chrome/89.0.4389.82 Safari/537.36"
157.97.71.85 - - [15/Mar/2021:13:40:53 +0100] "GET /loadthumbnail.php?id=10203276 HTTP/1.1" 200 75 "http://renault.activities.at/10201633" "Mozilla/5.0 (Windows NT 10.0; Win64; x64) AppleWebKit/537.36 (KHTML, like Gecko) Chrome/89.0.4389.82 Safari/537.36"
157.97.71.85 - - [15/Mar/2021:13:40:53 +0100] "GET /loadthumbnail.php?id=12064393&width=113 HTTP/1.1" 200 2870 "http://renault.activities.at/10201633" "Mozilla/5.0 (Windows NT 10.0; Win64; x64) AppleWebKit/537.36 (KHTML, like Gecko) Chrome/89.0.4389.82 Safari/537.36"
157.97.71.85 - - [15/Mar/2021:13:40:53 +0100] "GET /loadthumbnail.php?id=10203255 HTTP/1.1" 200 137 "http://renault.activities.at/10201633" "Mozilla/5.0 (Windows NT 10.0; Win64; x64) AppleWebKit/537.36 (KHTML, like Gecko) Chrome/89.0.4389.82 Safari/537.36"
157.97.71.85 - - [15/Mar/2021:13:40:53 +0100] "GET /loadthumbnail.php?id=12230318&width=113 HTTP/1.1" 200 2255 "http://renault.activities.at/10201633" "Mozilla/5.0 (Windows NT 10.0; Win64; x64) AppleWebKit/537.36 (KHTML, like Gecko) Chrome/89.0.4389.82 Safari/537.36"
