84.115.216.136 - - [18/Mar/2021:16:24:15 +0100] "GET /loadthumbnail.php?id=12040651&width=113 HTTP/1.1" 200 3124 "http://renault.2web.at/10260280?dir=DESC&mode=grid&order=name&limit=15&page=8" "Mozilla/5.0 (Windows NT 10.0; Win64; x64) AppleWebKit/537.36 (KHTML, like Gecko) Chrome/89.0.4389.90 Safari/537.36"
84.115.216.136 - - [18/Mar/2021:16:24:15 +0100] "GET /loadthumbnail.php?id=12040662&width=113 HTTP/1.1" 200 4115 "http://renault.2web.at/10260280?dir=DESC&mode=grid&order=name&limit=15&page=8" "Mozilla/5.0 (Windows NT 10.0; Win64; x64) AppleWebKit/537.36 (KHTML, like Gecko) Chrome/89.0.4389.90 Safari/537.36"
84.115.216.136 - - [18/Mar/2021:16:24:16 +0100] "GET /loadthumbnail.php?id=12101538&width=113 HTTP/1.1" 200 2597 "http://renault.2web.at/10260280?dir=DESC&mode=grid&order=name&limit=15&page=8" "Mozilla/5.0 (Windows NT 10.0; Win64; x64) AppleWebKit/537.36 (KHTML, like Gecko) Chrome/89.0.4389.90 Safari/537.36"
84.115.216.136 - - [18/Mar/2021:16:24:16 +0100] "GET /loadthumbnail.php?id=12341634&width=113 HTTP/1.1" 200 3389 "http://renault.2web.at/10260280?dir=DESC&mode=grid&order=name&limit=15&page=8" "Mozilla/5.0 (Windows NT 10.0; Win64; x64) AppleWebKit/537.36 (KHTML, like Gecko) Chrome/89.0.4389.90 Safari/537.36"
84.115.216.136 - - [18/Mar/2021:16:24:16 +0100] "GET /loadthumbnail.php?id=12341631&width=113 HTTP/1.1" 200 2854 "http://renault.2web.at/10260280?dir=DESC&mode=grid&order=name&limit=15&page=8" "Mozilla/5.0 (Windows NT 10.0; Win64; x64) AppleWebKit/537.36 (KHTML, like Gecko) Chrome/89.0.4389.90 Safari/537.36"
84.115.216.136 - - [18/Mar/2021:16:24:16 +0100] "GET /loadthumbnail.php?id=12341633&width=113 HTTP/1.1" 200 3367 "http://renault.2web.at/10260280?dir=DESC&mode=grid&order=name&limit=15&page=8" "Mozilla/5.0 (Windows NT 10.0; Win64; x64) AppleWebKit/537.36 (KHTML, like Gecko) Chrome/89.0.4389.90 Safari/537.36"
84.115.216.136 - - [18/Mar/2021:16:24:16 +0100] "GET /loadthumbnail.php?id=11927086&width=113 HTTP/1.1" 200 2978 "http://renault.2web.at/10260280?dir=DESC&mode=grid&order=name&limit=15&page=8" "Mozilla/5.0 (Windows NT 10.0; Win64; x64) AppleWebKit/537.36 (KHTML, like Gecko) Chrome/89.0.4389.90 Safari/537.36"
84.115.216.136 - - [18/Mar/2021:16:24:16 +0100] "GET /loadthumbnail.php?id=12088624&width=113 HTTP/1.1" 200 2886 "http://renault.2web.at/10260280?dir=DESC&mode=grid&order=name&limit=15&page=8" "Mozilla/5.0 (Windows NT 10.0; Win64; x64) AppleWebKit/537.36 (KHTML, like Gecko) Chrome/89.0.4389.90 Safari/537.36"
84.115.216.136 - - [18/Mar/2021:16:24:16 +0100] "GET /loadthumbnail.php?id=12201241&width=113 HTTP/1.1" 200 4244 "http://renault.2web.at/10260280?dir=DESC&mode=grid&order=name&limit=15&page=8" "Mozilla/5.0 (Windows NT 10.0; Win64; x64) AppleWebKit/537.36 (KHTML, like Gecko) Chrome/89.0.4389.90 Safari/537.36"
84.115.216.136 - - [18/Mar/2021:16:24:16 +0100] "GET /loadthumbnail.php?id=11906025&width=113 HTTP/1.1" 200 2994 "http://renault.2web.at/10260280?dir=DESC&mode=grid&order=name&limit=15&page=8" "Mozilla/5.0 (Windows NT 10.0; Win64; x64) AppleWebKit/537.36 (KHTML, like Gecko) Chrome/89.0.4389.90 Safari/537.36"
84.115.216.136 - - [18/Mar/2021:16:24:21 +0100] "GET /10260280?dir=DESC&mode=grid&order=name&limit=15&page=9 HTTP/1.1" 200 11053 "http://renault.2web.at/10260280?dir=DESC&mode=grid&order=name&limit=15&page=8" "Mozilla/5.0 (Windows NT 10.0; Win64; x64) AppleWebKit/537.36 (KHTML, like Gecko) Chrome/89.0.4389.90 Safari/537.36"
84.115.216.136 - - [18/Mar/2021:16:24:24 +0100] "GET /loadthumbnail.php?id=11784465&width=113 HTTP/1.1" 200 2824 "http://renault.2web.at/10260280?dir=DESC&mode=grid&order=name&limit=15&page=9" "Mozilla/5.0 (Windows NT 10.0; Win64; x64) AppleWebKit/537.36 (KHTML, like Gecko) Chrome/89.0.4389.90 Safari/537.36"
84.115.216.136 - - [18/Mar/2021:16:24:24 +0100] "GET /loadthumbnail.php?id=12022099&width=113 HTTP/1.1" 200 2908 "http://renault.2web.at/10260280?dir=DESC&mode=grid&order=name&limit=15&page=9" "Mozilla/5.0 (Windows NT 10.0; Win64; x64) AppleWebKit/537.36 (KHTML, like Gecko) Chrome/89.0.4389.90 Safari/537.36"
84.115.216.136 - - [18/Mar/2021:16:24:24 +0100] "GET /loadthumbnail.php?id=12299988&width=113 HTTP/1.1" 200 2207 "http://renault.2web.at/10260280?dir=DESC&mode=grid&order=name&limit=15&page=9" "Mozilla/5.0 (Windows NT 10.0; Win64; x64) AppleWebKit/537.36 (KHTML, like Gecko) Chrome/89.0.4389.90 Safari/537.36"
84.115.216.136 - - [18/Mar/2021:16:24:24 +0100] "GET /loadthumbnail.php?id=11659629&width=113 HTTP/1.1" 200 2748 "http://renault.2web.at/10260280?dir=DESC&mode=grid&order=name&limit=15&page=9" "Mozilla/5.0 (Windows NT 10.0; Win64; x64) AppleWebKit/537.36 (KHTML, like Gecko) Chrome/89.0.4389.90 Safari/537.36"
84.115.216.136 - - [18/Mar/2021:16:24:24 +0100] "GET /loadthumbnail.php?id=12029408&width=113 HTTP/1.1" 200 2367 "http://renault.2web.at/10260280?dir=DESC&mode=grid&order=name&limit=15&page=9" "Mozilla/5.0 (Windows NT 10.0; Win64; x64) AppleWebKit/537.36 (KHTML, like Gecko) Chrome/89.0.4389.90 Safari/537.36"
84.115.216.136 - - [18/Mar/2021:16:24:24 +0100] "GET /loadthumbnail.php?id=11489779&width=113 HTTP/1.1" 200 1080 "http://renault.2web.at/10260280?dir=DESC&mode=grid&order=name&limit=15&page=9" "Mozilla/5.0 (Windows NT 10.0; Win64; x64) AppleWebKit/537.36 (KHTML, like Gecko) Chrome/89.0.4389.90 Safari/537.36"
84.115.216.136 - - [18/Mar/2021:16:24:24 +0100] "GET /loadthumbnail.php?id=12283836&width=113 HTTP/1.1" 200 3320 "http://renault.2web.at/10260280?dir=DESC&mode=grid&order=name&limit=15&page=9" "Mozilla/5.0 (Windows NT 10.0; Win64; x64) AppleWebKit/537.36 (KHTML, like Gecko) Chrome/89.0.4389.90 Safari/537.36"
84.115.216.136 - - [18/Mar/2021:16:24:24 +0100] "GET /loadthumbnail.php?id=12305845&width=113 HTTP/1.1" 200 2418 "http://renault.2web.at/10260280?dir=DESC&mode=grid&order=name&limit=15&page=9" "Mozilla/5.0 (Windows NT 10.0; Win64; x64) AppleWebKit/537.36 (KHTML, like Gecko) Chrome/89.0.4389.90 Safari/537.36"
84.115.216.136 - - [18/Mar/2021:16:24:24 +0100] "GET /loadthumbnail.php?id=11489786&width=113 HTTP/1.1" 200 2751 "http://renault.2web.at/10260280?dir=DESC&mode=grid&order=name&limit=15&page=9" "Mozilla/5.0 (Windows NT 10.0; Win64; x64) AppleWebKit/537.36 (KHTML, like Gecko) Chrome/89.0.4389.90 Safari/537.36"
84.115.216.136 - - [18/Mar/2021:16:24:24 +0100] "GET /loadthumbnail.php?id=11521730&width=113 HTTP/1.1" 200 2841 "http://renault.2web.at/10260280?dir=DESC&mode=grid&order=name&limit=15&page=9" "Mozilla/5.0 (Windows NT 10.0; Win64; x64) AppleWebKit/537.36 (KHTML, like Gecko) Chrome/89.0.4389.90 Safari/537.36"
84.115.216.136 - - [18/Mar/2021:16:24:24 +0100] "GET /loadthumbnail.php?id=12029412&width=113 HTTP/1.1" 200 3690 "http://renault.2web.at/10260280?dir=DESC&mode=grid&order=name&limit=15&page=9" "Mozilla/5.0 (Windows NT 10.0; Win64; x64) AppleWebKit/537.36 (KHTML, like Gecko) Chrome/89.0.4389.90 Safari/537.36"
84.115.216.136 - - [18/Mar/2021:16:24:24 +0100] "GET /loadthumbnail.php?id=11489794&width=113 HTTP/1.1" 200 2829 "http://renault.2web.at/10260280?dir=DESC&mode=grid&order=name&limit=15&page=9" "Mozilla/5.0 (Windows NT 10.0; Win64; x64) AppleWebKit/537.36 (KHTML, like Gecko) Chrome/89.0.4389.90 Safari/537.36"
84.115.216.136 - - [18/Mar/2021:16:24:25 +0100] "GET /loadthumbnail.php?id=10986339&width=113 HTTP/1.1" 200 3068 "http://renault.2web.at/10260280?dir=DESC&mode=grid&order=name&limit=15&page=9" "Mozilla/5.0 (Windows NT 10.0; Win64; x64) AppleWebKit/537.36 (KHTML, like Gecko) Chrome/89.0.4389.90 Safari/537.36"
84.115.216.136 - - [18/Mar/2021:16:24:25 +0100] "GET /loadthumbnail.php?id=11228502&width=113 HTTP/1.1" 200 1524 "http://renault.2web.at/10260280?dir=DESC&mode=grid&order=name&limit=15&page=9" "Mozilla/5.0 (Windows NT 10.0; Win64; x64) AppleWebKit/537.36 (KHTML, like Gecko) Chrome/89.0.4389.90 Safari/537.36"
84.115.216.136 - - [18/Mar/2021:16:24:25 +0100] "GET /loadthumbnail.php?id=12332933&width=113 HTTP/1.1" 200 1397 "http://renault.2web.at/10260280?dir=DESC&mode=grid&order=name&limit=15&page=9" "Mozilla/5.0 (Windows NT 10.0; Win64; x64) AppleWebKit/537.36 (KHTML, like Gecko) Chrome/89.0.4389.90 Safari/537.36"
84.115.216.136 - - [18/Mar/2021:16:24:35 +0100] "GET /images/vista-dn-hover.gif HTTP/1.1" 200 127 "http://renault.2web.at/css/styles.css" "Mozilla/5.0 (Windows NT 10.0; Win64; x64) AppleWebKit/537.36 (KHTML, like Gecko) Chrome/89.0.4389.90 Safari/537.36"
80.122.53.106 - - [18/Mar/2021:16:24:37 +0100] "GET /reload?ser=1616081076333 HTTP/1.1" 200 28 "http://renault.activities.at/result?searchterm=true&search=stoffmuster" "Mozilla/5.0 (Windows NT 10.0; Win64; x64) AppleWebKit/537.36 (KHTML, like Gecko) Chrome/89.0.4389.90 Safari/537.36"
84.115.216.136 - - [18/Mar/2021:16:25:26 +0100] "GET /reload?ser=1616081126367 HTTP/1.1" 200 28 "http://renault.2web.at/10260280?dir=DESC&mode=grid&order=name&limit=15&page=9" "Mozilla/5.0 (Windows NT 10.0; Win64; x64) AppleWebKit/537.36 (KHTML, like Gecko) Chrome/89.0.4389.90 Safari/537.36"
80.122.53.106 - - [18/Mar/2021:16:25:38 +0100] "GET /reload?ser=1616081137343 HTTP/1.1" 200 28 "http://renault.activities.at/result?searchterm=true&search=stoffmuster" "Mozilla/5.0 (Windows NT 10.0; Win64; x64) AppleWebKit/537.36 (KHTML, like Gecko) Chrome/89.0.4389.90 Safari/537.36"
84.115.216.136 - - [18/Mar/2021:16:26:28 +0100] "GET /reload?ser=1616081188367 HTTP/1.1" 200 28 "http://renault.2web.at/10260280?dir=DESC&mode=grid&order=name&limit=15&page=9" "Mozilla/5.0 (Windows NT 10.0; Win64; x64) AppleWebKit/537.36 (KHTML, like Gecko) Chrome/89.0.4389.90 Safari/537.36"
80.122.53.106 - - [18/Mar/2021:16:26:39 +0100] "GET /reload?ser=1616081198339 HTTP/1.1" 200 28 "http://renault.activities.at/result?searchterm=true&search=stoffmuster" "Mozilla/5.0 (Windows NT 10.0; Win64; x64) AppleWebKit/537.36 (KHTML, like Gecko) Chrome/89.0.4389.90 Safari/537.36"
84.115.216.136 - - [18/Mar/2021:16:27:30 +0100] "GET /reload?ser=1616081250368 HTTP/1.1" 200 28 "http://renault.2web.at/10260280?dir=DESC&mode=grid&order=name&limit=15&page=9" "Mozilla/5.0 (Windows NT 10.0; Win64; x64) AppleWebKit/537.36 (KHTML, like Gecko) Chrome/89.0.4389.90 Safari/537.36"
80.122.53.106 - - [18/Mar/2021:16:27:40 +0100] "GET /reload?ser=1616081259346 HTTP/1.1" 200 28 "http://renault.activities.at/result?searchterm=true&search=stoffmuster" "Mozilla/5.0 (Windows NT 10.0; Win64; x64) AppleWebKit/537.36 (KHTML, like Gecko) Chrome/89.0.4389.90 Safari/537.36"
84.115.216.136 - - [18/Mar/2021:16:28:32 +0100] "GET /reload?ser=1616081312368 HTTP/1.1" 200 28 "http://renault.2web.at/10260280?dir=DESC&mode=grid&order=name&limit=15&page=9" "Mozilla/5.0 (Windows NT 10.0; Win64; x64) AppleWebKit/537.36 (KHTML, like Gecko) Chrome/89.0.4389.90 Safari/537.36"
80.122.53.106 - - [18/Mar/2021:16:28:41 +0100] "GET /reload?ser=1616081320341 HTTP/1.1" 200 28 "http://renault.activities.at/result?searchterm=true&search=stoffmuster" "Mozilla/5.0 (Windows NT 10.0; Win64; x64) AppleWebKit/537.36 (KHTML, like Gecko) Chrome/89.0.4389.90 Safari/537.36"
84.115.216.136 - - [18/Mar/2021:16:29:33 +0100] "GET /reload?ser=1616081374032 HTTP/1.1" 200 28 "http://renault.2web.at/10260280?dir=DESC&mode=grid&order=name&limit=15&page=9" "Mozilla/5.0 (Windows NT 10.0; Win64; x64) AppleWebKit/537.36 (KHTML, like Gecko) Chrome/89.0.4389.90 Safari/537.36"
80.122.53.106 - - [18/Mar/2021:16:29:42 +0100] "GET /reload?ser=1616081381336 HTTP/1.1" 200 28 "http://renault.activities.at/result?searchterm=true&search=stoffmuster" "Mozilla/5.0 (Windows NT 10.0; Win64; x64) AppleWebKit/537.36 (KHTML, like Gecko) Chrome/89.0.4389.90 Safari/537.36"
84.115.216.136 - - [18/Mar/2021:16:30:35 +0100] "GET /reload?ser=1616081435369 HTTP/1.1" 200 28 "http://renault.2web.at/10260280?dir=DESC&mode=grid&order=name&limit=15&page=9" "Mozilla/5.0 (Windows NT 10.0; Win64; x64) AppleWebKit/537.36 (KHTML, like Gecko) Chrome/89.0.4389.90 Safari/537.36"
80.122.53.106 - - [18/Mar/2021:16:30:43 +0100] "GET /reload?ser=1616081442345 HTTP/1.1" 200 28 "http://renault.activities.at/result?searchterm=true&search=stoffmuster" "Mozilla/5.0 (Windows NT 10.0; Win64; x64) AppleWebKit/537.36 (KHTML, like Gecko) Chrome/89.0.4389.90 Safari/537.36"
84.115.216.136 - - [18/Mar/2021:16:31:36 +0100] "GET /reload?ser=1616081496369 HTTP/1.1" 200 28 "http://renault.2web.at/10260280?dir=DESC&mode=grid&order=name&limit=15&page=9" "Mozilla/5.0 (Windows NT 10.0; Win64; x64) AppleWebKit/537.36 (KHTML, like Gecko) Chrome/89.0.4389.90 Safari/537.36"
80.122.53.106 - - [18/Mar/2021:16:31:44 +0100] "GET /reload?ser=1616081503333 HTTP/1.1" 200 28 "http://renault.activities.at/result?searchterm=true&search=stoffmuster" "Mozilla/5.0 (Windows NT 10.0; Win64; x64) AppleWebKit/537.36 (KHTML, like Gecko) Chrome/89.0.4389.90 Safari/537.36"
84.115.216.136 - - [18/Mar/2021:16:32:38 +0100] "GET /reload?ser=1616081558370 HTTP/1.1" 200 28 "http://renault.2web.at/10260280?dir=DESC&mode=grid&order=name&limit=15&page=9" "Mozilla/5.0 (Windows NT 10.0; Win64; x64) AppleWebKit/537.36 (KHTML, like Gecko) Chrome/89.0.4389.90 Safari/537.36"
80.122.53.106 - - [18/Mar/2021:16:32:45 +0100] "GET /reload?ser=1616081564335 HTTP/1.1" 200 28 "http://renault.activities.at/result?searchterm=true&search=stoffmuster" "Mozilla/5.0 (Windows NT 10.0; Win64; x64) AppleWebKit/537.36 (KHTML, like Gecko) Chrome/89.0.4389.90 Safari/537.36"
84.115.216.136 - - [18/Mar/2021:16:33:40 +0100] "GET /reload?ser=1616081620371 HTTP/1.1" 200 28 "http://renault.2web.at/10260280?dir=DESC&mode=grid&order=name&limit=15&page=9" "Mozilla/5.0 (Windows NT 10.0; Win64; x64) AppleWebKit/537.36 (KHTML, like Gecko) Chrome/89.0.4389.90 Safari/537.36"
80.122.53.106 - - [18/Mar/2021:16:33:46 +0100] "GET /reload?ser=1616081625339 HTTP/1.1" 200 28 "http://renault.activities.at/result?searchterm=true&search=stoffmuster" "Mozilla/5.0 (Windows NT 10.0; Win64; x64) AppleWebKit/537.36 (KHTML, like Gecko) Chrome/89.0.4389.90 Safari/537.36"
84.115.216.136 - - [18/Mar/2021:16:34:05 +0100] "GET /logout HTTP/1.1" 302 136 "http://renault.2web.at/10260280?dir=DESC&mode=grid&order=name&limit=15&page=9" "Mozilla/5.0 (Windows NT 10.0; Win64; x64) AppleWebKit/537.36 (KHTML, like Gecko) Chrome/89.0.4389.90 Safari/537.36"
84.115.216.136 - - [18/Mar/2021:16:34:06 +0100] "GET /logout HTTP/1.1" 200 1592 "http://renault.2web.at/10260280?dir=DESC&mode=grid&order=name&limit=15&page=9" "Mozilla/5.0 (Windows NT 10.0; Win64; x64) AppleWebKit/537.36 (KHTML, like Gecko) Chrome/89.0.4389.90 Safari/537.36"
80.122.53.106 - - [18/Mar/2021:16:34:47 +0100] "GET /reload?ser=1616081686345 HTTP/1.1" 200 28 "http://renault.activities.at/result?searchterm=true&search=stoffmuster" "Mozilla/5.0 (Windows NT 10.0; Win64; x64) AppleWebKit/537.36 (KHTML, like Gecko) Chrome/89.0.4389.90 Safari/537.36"
80.122.53.106 - - [18/Mar/2021:16:35:48 +0100] "GET /reload?ser=1616081747334 HTTP/1.1" 200 28 "http://renault.activities.at/result?searchterm=true&search=stoffmuster" "Mozilla/5.0 (Windows NT 10.0; Win64; x64) AppleWebKit/537.36 (KHTML, like Gecko) Chrome/89.0.4389.90 Safari/537.36"
80.122.53.106 - - [18/Mar/2021:16:36:49 +0100] "GET /reload?ser=1616081808340 HTTP/1.1" 200 28 "http://renault.activities.at/result?searchterm=true&search=stoffmuster" "Mozilla/5.0 (Windows NT 10.0; Win64; x64) AppleWebKit/537.36 (KHTML, like Gecko) Chrome/89.0.4389.90 Safari/537.36"
80.122.53.106 - - [18/Mar/2021:16:37:50 +0100] "GET /reload?ser=1616081869337 HTTP/1.1" 200 28 "http://renault.activities.at/result?searchterm=true&search=stoffmuster" "Mozilla/5.0 (Windows NT 10.0; Win64; x64) AppleWebKit/537.36 (KHTML, like Gecko) Chrome/89.0.4389.90 Safari/537.36"
80.122.53.106 - - [18/Mar/2021:16:38:51 +0100] "GET /reload?ser=1616081930344 HTTP/1.1" 200 28 "http://renault.activities.at/result?searchterm=true&search=stoffmuster" "Mozilla/5.0 (Windows NT 10.0; Win64; x64) AppleWebKit/537.36 (KHTML, like Gecko) Chrome/89.0.4389.90 Safari/537.36"
80.122.53.106 - - [18/Mar/2021:16:39:52 +0100] "GET /reload?ser=1616081991338 HTTP/1.1" 200 28 "http://renault.activities.at/result?searchterm=true&search=stoffmuster" "Mozilla/5.0 (Windows NT 10.0; Win64; x64) AppleWebKit/537.36 (KHTML, like Gecko) Chrome/89.0.4389.90 Safari/537.36"
80.122.53.106 - - [18/Mar/2021:16:40:53 +0100] "GET /reload?ser=1616082052340 HTTP/1.1" 200 28 "http://renault.activities.at/result?searchterm=true&search=stoffmuster" "Mozilla/5.0 (Windows NT 10.0; Win64; x64) AppleWebKit/537.36 (KHTML, like Gecko) Chrome/89.0.4389.90 Safari/537.36"
80.122.53.106 - - [18/Mar/2021:16:41:54 +0100] "GET /reload?ser=1616082113333 HTTP/1.1" 200 28 "http://renault.activities.at/result?searchterm=true&search=stoffmuster" "Mozilla/5.0 (Windows NT 10.0; Win64; x64) AppleWebKit/537.36 (KHTML, like Gecko) Chrome/89.0.4389.90 Safari/537.36"
80.122.53.106 - - [18/Mar/2021:16:42:55 +0100] "GET /reload?ser=1616082174337 HTTP/1.1" 200 28 "http://renault.activities.at/result?searchterm=true&search=stoffmuster" "Mozilla/5.0 (Windows NT 10.0; Win64; x64) AppleWebKit/537.36 (KHTML, like Gecko) Chrome/89.0.4389.90 Safari/537.36"
80.122.53.106 - - [18/Mar/2021:16:43:56 +0100] "GET /reload?ser=1616082235334 HTTP/1.1" 200 28 "http://renault.activities.at/result?searchterm=true&search=stoffmuster" "Mozilla/5.0 (Windows NT 10.0; Win64; x64) AppleWebKit/537.36 (KHTML, like Gecko) Chrome/89.0.4389.90 Safari/537.36"
80.122.53.106 - - [18/Mar/2021:16:44:57 +0100] "GET /reload?ser=1616082296336 HTTP/1.1" 200 28 "http://renault.activities.at/result?searchterm=true&search=stoffmuster" "Mozilla/5.0 (Windows NT 10.0; Win64; x64) AppleWebKit/537.36 (KHTML, like Gecko) Chrome/89.0.4389.90 Safari/537.36"
80.122.53.106 - - [18/Mar/2021:16:45:58 +0100] "GET /reload?ser=1616082357345 HTTP/1.1" 200 28 "http://renault.activities.at/result?searchterm=true&search=stoffmuster" "Mozilla/5.0 (Windows NT 10.0; Win64; x64) AppleWebKit/537.36 (KHTML, like Gecko) Chrome/89.0.4389.90 Safari/537.36"
80.122.53.106 - - [18/Mar/2021:16:46:59 +0100] "GET /reload?ser=1616082418346 HTTP/1.1" 200 28 "http://renault.activities.at/result?searchterm=true&search=stoffmuster" "Mozilla/5.0 (Windows NT 10.0; Win64; x64) AppleWebKit/537.36 (KHTML, like Gecko) Chrome/89.0.4389.90 Safari/537.36"
80.122.53.106 - - [18/Mar/2021:16:48:00 +0100] "GET /reload?ser=1616082479342 HTTP/1.1" 200 28 "http://renault.activities.at/result?searchterm=true&search=stoffmuster" "Mozilla/5.0 (Windows NT 10.0; Win64; x64) AppleWebKit/537.36 (KHTML, like Gecko) Chrome/89.0.4389.90 Safari/537.36"
80.122.53.106 - - [18/Mar/2021:16:49:01 +0100] "GET /reload?ser=1616082540346 HTTP/1.1" 200 28 "http://renault.activities.at/result?searchterm=true&search=stoffmuster" "Mozilla/5.0 (Windows NT 10.0; Win64; x64) AppleWebKit/537.36 (KHTML, like Gecko) Chrome/89.0.4389.90 Safari/537.36"
80.122.53.106 - - [18/Mar/2021:16:50:02 +0100] "GET /reload?ser=1616082601334 HTTP/1.1" 200 28 "http://renault.activities.at/result?searchterm=true&search=stoffmuster" "Mozilla/5.0 (Windows NT 10.0; Win64; x64) AppleWebKit/537.36 (KHTML, like Gecko) Chrome/89.0.4389.90 Safari/537.36"
80.122.53.106 - - [18/Mar/2021:16:51:03 +0100] "GET /reload?ser=1616082662334 HTTP/1.1" 200 28 "http://renault.activities.at/result?searchterm=true&search=stoffmuster" "Mozilla/5.0 (Windows NT 10.0; Win64; x64) AppleWebKit/537.36 (KHTML, like Gecko) Chrome/89.0.4389.90 Safari/537.36"
80.122.53.106 - - [18/Mar/2021:16:52:04 +0100] "GET /reload?ser=1616082723337 HTTP/1.1" 200 28 "http://renault.activities.at/result?searchterm=true&search=stoffmuster" "Mozilla/5.0 (Windows NT 10.0; Win64; x64) AppleWebKit/537.36 (KHTML, like Gecko) Chrome/89.0.4389.90 Safari/537.36"
80.122.53.106 - - [18/Mar/2021:16:53:05 +0100] "GET /reload?ser=1616082784332 HTTP/1.1" 200 28 "http://renault.activities.at/result?searchterm=true&search=stoffmuster" "Mozilla/5.0 (Windows NT 10.0; Win64; x64) AppleWebKit/537.36 (KHTML, like Gecko) Chrome/89.0.4389.90 Safari/537.36"
80.122.53.106 - - [18/Mar/2021:16:54:06 +0100] "GET /reload?ser=1616082845338 HTTP/1.1" 200 28 "http://renault.activities.at/result?searchterm=true&search=stoffmuster" "Mozilla/5.0 (Windows NT 10.0; Win64; x64) AppleWebKit/537.36 (KHTML, like Gecko) Chrome/89.0.4389.90 Safari/537.36"
80.122.53.106 - - [18/Mar/2021:16:55:07 +0100] "GET /reload?ser=1616082906334 HTTP/1.1" 200 28 "http://renault.activities.at/result?searchterm=true&search=stoffmuster" "Mozilla/5.0 (Windows NT 10.0; Win64; x64) AppleWebKit/537.36 (KHTML, like Gecko) Chrome/89.0.4389.90 Safari/537.36"
80.122.53.106 - - [18/Mar/2021:16:56:08 +0100] "GET /reload?ser=1616082967337 HTTP/1.1" 200 28 "http://renault.activities.at/result?searchterm=true&search=stoffmuster" "Mozilla/5.0 (Windows NT 10.0; Win64; x64) AppleWebKit/537.36 (KHTML, like Gecko) Chrome/89.0.4389.90 Safari/537.36"
80.122.53.106 - - [18/Mar/2021:16:57:09 +0100] "GET /reload?ser=1616083028335 HTTP/1.1" 200 28 "http://renault.activities.at/result?searchterm=true&search=stoffmuster" "Mozilla/5.0 (Windows NT 10.0; Win64; x64) AppleWebKit/537.36 (KHTML, like Gecko) Chrome/89.0.4389.90 Safari/537.36"
80.122.53.106 - - [18/Mar/2021:16:58:10 +0100] "GET /reload?ser=1616083089337 HTTP/1.1" 200 28 "http://renault.activities.at/result?searchterm=true&search=stoffmuster" "Mozilla/5.0 (Windows NT 10.0; Win64; x64) AppleWebKit/537.36 (KHTML, like Gecko) Chrome/89.0.4389.90 Safari/537.36"
157.55.39.8 - - [18/Mar/2021:16:58:57 +0100] "GET / HTTP/1.1" 200 3273 "-" "Mozilla/5.0 (compatible; bingbot/2.0; +http://www.bing.com/bingbot.htm)"
40.77.189.22 - - [18/Mar/2021:16:58:59 +0100] "GET /js/flashdetection.js HTTP/1.1" 200 2841 "-" "Mozilla/5.0 (Windows NT 6.1; WOW64) AppleWebKit/534+ (KHTML, like Gecko) BingPreview/1.0b"
40.77.188.185 - - [18/Mar/2021:16:59:00 +0100] "GET /css/clears.css HTTP/1.1" 200 1978 "-" "Mozilla/5.0 (Windows NT 6.1; WOW64) AppleWebKit/534+ (KHTML, like Gecko) BingPreview/1.0b"
40.77.188.213 - - [18/Mar/2021:16:59:00 +0100] "GET /css/themes/alphacube.css HTTP/1.1" 200 2665 "-" "Mozilla/5.0 (Windows NT 6.1; WOW64) AppleWebKit/534+ (KHTML, like Gecko) BingPreview/1.0b"
40.77.189.29 - - [18/Mar/2021:16:59:00 +0100] "GET /css/styles.css HTTP/1.1" 200 78636 "-" "Mozilla/5.0 (Windows NT 6.1; WOW64) AppleWebKit/534+ (KHTML, like Gecko) BingPreview/1.0b"
80.122.53.106 - - [18/Mar/2021:16:59:11 +0100] "GET /reload?ser=1616083150336 HTTP/1.1" 200 28 "http://renault.activities.at/result?searchterm=true&search=stoffmuster" "Mozilla/5.0 (Windows NT 10.0; Win64; x64) AppleWebKit/537.36 (KHTML, like Gecko) Chrome/89.0.4389.90 Safari/537.36"
80.122.53.106 - - [18/Mar/2021:17:00:12 +0100] "GET /reload?ser=1616083211335 HTTP/1.1" 200 28 "http://renault.activities.at/result?searchterm=true&search=stoffmuster" "Mozilla/5.0 (Windows NT 10.0; Win64; x64) AppleWebKit/537.36 (KHTML, like Gecko) Chrome/89.0.4389.90 Safari/537.36"
80.122.53.106 - - [18/Mar/2021:17:01:13 +0100] "GET /reload?ser=1616083272343 HTTP/1.1" 200 28 "http://renault.activities.at/result?searchterm=true&search=stoffmuster" "Mozilla/5.0 (Windows NT 10.0; Win64; x64) AppleWebKit/537.36 (KHTML, like Gecko) Chrome/89.0.4389.90 Safari/537.36"
80.122.53.106 - - [18/Mar/2021:17:02:14 +0100] "GET /reload?ser=1616083333340 HTTP/1.1" 200 28 "http://renault.activities.at/result?searchterm=true&search=stoffmuster" "Mozilla/5.0 (Windows NT 10.0; Win64; x64) AppleWebKit/537.36 (KHTML, like Gecko) Chrome/89.0.4389.90 Safari/537.36"
80.122.53.106 - - [18/Mar/2021:17:03:15 +0100] "GET /reload?ser=1616083394334 HTTP/1.1" 200 28 "http://renault.activities.at/result?searchterm=true&search=stoffmuster" "Mozilla/5.0 (Windows NT 10.0; Win64; x64) AppleWebKit/537.36 (KHTML, like Gecko) Chrome/89.0.4389.90 Safari/537.36"
80.122.53.106 - - [18/Mar/2021:17:04:16 +0100] "GET /reload?ser=1616083455333 HTTP/1.1" 200 28 "http://renault.activities.at/result?searchterm=true&search=stoffmuster" "Mozilla/5.0 (Windows NT 10.0; Win64; x64) AppleWebKit/537.36 (KHTML, like Gecko) Chrome/89.0.4389.90 Safari/537.36"
80.122.53.106 - - [18/Mar/2021:17:05:17 +0100] "GET /reload?ser=1616083516342 HTTP/1.1" 200 28 "http://renault.activities.at/result?searchterm=true&search=stoffmuster" "Mozilla/5.0 (Windows NT 10.0; Win64; x64) AppleWebKit/537.36 (KHTML, like Gecko) Chrome/89.0.4389.90 Safari/537.36"
80.122.53.106 - - [18/Mar/2021:17:06:18 +0100] "GET /reload?ser=1616083577333 HTTP/1.1" 200 28 "http://renault.activities.at/result?searchterm=true&search=stoffmuster" "Mozilla/5.0 (Windows NT 10.0; Win64; x64) AppleWebKit/537.36 (KHTML, like Gecko) Chrome/89.0.4389.90 Safari/537.36"
80.123.225.38 - - [18/Mar/2021:17:07:06 +0100] "GET / HTTP/1.1" 200 3273 "-" "Mozilla/5.0 (Windows NT 6.1; WOW64; Trident/7.0; rv:11.0) like Gecko"
80.123.225.38 - - [18/Mar/2021:17:07:07 +0100] "GET /images/favicon.ico HTTP/1.1" 404 305 "-" "Mozilla/5.0 (Windows NT 6.1; Win64; x64; Trident/7.0; rv:11.0) like Gecko"
80.123.225.38 - - [18/Mar/2021:17:07:07 +0100] "GET /loadthumbnail.php?id=11127982 HTTP/1.1" 200 399614 "http://renault.activities.at/" "Mozilla/5.0 (Windows NT 6.1; WOW64; Trident/7.0; rv:11.0) like Gecko"
80.123.225.38 - - [18/Mar/2021:17:07:09 +0100] "GET /login HTTP/1.1" 200 2085 "http://renault.activities.at/" "Mozilla/5.0 (Windows NT 6.1; WOW64; Trident/7.0; rv:11.0) like Gecko"
80.123.225.38 - - [18/Mar/2021:17:07:10 +0100] "GET /images/favicon.ico HTTP/1.1" 404 305 "-" "Mozilla/5.0 (Windows NT 6.1; Win64; x64; Trident/7.0; rv:11.0) like Gecko"
80.123.225.38 - - [18/Mar/2021:17:07:10 +0100] "GET /favicon.ico HTTP/1.1" 200 3250 "-" "Mozilla/5.0 (Windows NT 6.1; Win64; x64; Trident/7.0; rv:11.0) like Gecko"
80.122.53.106 - - [18/Mar/2021:17:07:19 +0100] "GET /reload?ser=1616083638345 HTTP/1.1" 200 28 "http://renault.activities.at/result?searchterm=true&search=stoffmuster" "Mozilla/5.0 (Windows NT 10.0; Win64; x64) AppleWebKit/537.36 (KHTML, like Gecko) Chrome/89.0.4389.90 Safari/537.36"
80.123.225.38 - - [18/Mar/2021:17:07:25 +0100] "POST /login HTTP/1.1" 200 2152 "http://renault.activities.at/login" "Mozilla/5.0 (Windows NT 6.1; WOW64; Trident/7.0; rv:11.0) like Gecko"
80.123.225.38 - - [18/Mar/2021:17:07:26 +0100] "GET /images/error_msg_icon.gif HTTP/1.1" 200 1013 "http://renault.activities.at/login" "Mozilla/5.0 (Windows NT 6.1; WOW64; Trident/7.0; rv:11.0) like Gecko"
80.123.225.38 - - [18/Mar/2021:17:07:27 +0100] "GET /favicon.ico HTTP/1.1" 200 3250 "-" "Mozilla/5.0 (Windows NT 6.1; Win64; x64; Trident/7.0; rv:11.0) like Gecko"
80.123.225.38 - - [18/Mar/2021:17:07:44 +0100] "POST /login HTTP/1.1" 302 140 "http://renault.activities.at/login" "Mozilla/5.0 (Windows NT 6.1; WOW64; Trident/7.0; rv:11.0) like Gecko"
80.123.225.38 - - [18/Mar/2021:17:07:46 +0100] "GET /account HTTP/1.1" 200 6001 "http://renault.activities.at/login" "Mozilla/5.0 (Windows NT 6.1; WOW64; Trident/7.0; rv:11.0) like Gecko"
80.123.225.38 - - [18/Mar/2021:17:07:48 +0100] "GET /loadthumbnail.php?id=12363384&width=50&height=50 HTTP/1.1" 200 3915 "http://renault.activities.at/account" "Mozilla/5.0 (Windows NT 6.1; WOW64; Trident/7.0; rv:11.0) like Gecko"
80.123.225.38 - - [18/Mar/2021:17:07:48 +0100] "GET /loadthumbnail.php?id=12204968&width=50&height=50 HTTP/1.1" 200 1557 "http://renault.activities.at/account" "Mozilla/5.0 (Windows NT 6.1; WOW64; Trident/7.0; rv:11.0) like Gecko"
80.123.225.38 - - [18/Mar/2021:17:08:01 +0100] "POST /axjaxrequest?mode=suggest HTTP/1.1" 200 197 "http://renault.activities.at/account" "Mozilla/5.0 (Windows NT 6.1; WOW64; Trident/7.0; rv:11.0) like Gecko"
80.123.225.38 - - [18/Mar/2021:17:08:03 +0100] "POST /axjaxrequest?mode=suggest HTTP/1.1" 200 169 "http://renault.activities.at/account" "Mozilla/5.0 (Windows NT 6.1; WOW64; Trident/7.0; rv:11.0) like Gecko"
80.123.225.38 - - [18/Mar/2021:17:08:05 +0100] "POST /axjaxrequest?mode=suggest HTTP/1.1" 200 109 "http://renault.activities.at/account" "Mozilla/5.0 (Windows NT 6.1; WOW64; Trident/7.0; rv:11.0) like Gecko"
80.123.225.38 - - [18/Mar/2021:17:08:08 +0100] "GET /result?searchterm=true&search=NoVA HTTP/1.1" 200 5921 "http://renault.activities.at/account" "Mozilla/5.0 (Windows NT 6.1; WOW64; Trident/7.0; rv:11.0) like Gecko"
80.123.225.38 - - [18/Mar/2021:17:08:10 +0100] "GET /loadthumbnail.php?id=10203255 HTTP/1.1" 200 137 "http://renault.activities.at/result?searchterm=true&search=NoVA" "Mozilla/5.0 (Windows NT 6.1; WOW64; Trident/7.0; rv:11.0) like Gecko"
80.123.225.38 - - [18/Mar/2021:17:08:10 +0100] "GET /loadthumbnail.php?id=12364770&width=113 HTTP/1.1" 200 8925 "http://renault.activities.at/result?searchterm=true&search=NoVA" "Mozilla/5.0 (Windows NT 6.1; WOW64; Trident/7.0; rv:11.0) like Gecko"
80.122.53.106 - - [18/Mar/2021:17:08:21 +0100] "GET /reload?ser=1616083700336 HTTP/1.1" 200 28 "http://renault.activities.at/result?searchterm=true&search=stoffmuster" "Mozilla/5.0 (Windows NT 10.0; Win64; x64) AppleWebKit/537.36 (KHTML, like Gecko) Chrome/89.0.4389.90 Safari/537.36"
80.123.225.38 - - [18/Mar/2021:17:08:30 +0100] "POST /axjaxrequest?mode=suggest HTTP/1.1" 200 185 "http://renault.activities.at/result?searchterm=true&search=NoVA" "Mozilla/5.0 (Windows NT 6.1; WOW64; Trident/7.0; rv:11.0) like Gecko"
80.123.225.38 - - [18/Mar/2021:17:08:31 +0100] "POST /axjaxrequest?mode=suggest HTTP/1.1" 200 173 "http://renault.activities.at/result?searchterm=true&search=NoVA" "Mozilla/5.0 (Windows NT 6.1; WOW64; Trident/7.0; rv:11.0) like Gecko"
80.123.225.38 - - [18/Mar/2021:17:08:34 +0100] "GET /result?searchterm=true&search=Posterrahmen HTTP/1.1" 200 6013 "http://renault.activities.at/result?searchterm=true&search=NoVA" "Mozilla/5.0 (Windows NT 6.1; WOW64; Trident/7.0; rv:11.0) like Gecko"
80.123.225.38 - - [18/Mar/2021:17:08:36 +0100] "GET /loadthumbnail.php?id=10259680&width=113 HTTP/1.1" 200 1966 "http://renault.activities.at/result?searchterm=true&search=Posterrahmen" "Mozilla/5.0 (Windows NT 6.1; WOW64; Trident/7.0; rv:11.0) like Gecko"
80.123.225.38 - - [18/Mar/2021:17:08:36 +0100] "GET /loadthumbnail.php?id=10203650&width=113 HTTP/1.1" 200 2741 "http://renault.activities.at/result?searchterm=true&search=Posterrahmen" "Mozilla/5.0 (Windows NT 6.1; WOW64; Trident/7.0; rv:11.0) like Gecko"
80.123.225.38 - - [18/Mar/2021:17:08:58 +0100] "POST /result?searchterm=true&search=Posterrahmen HTTP/1.1" 200 6198 "http://renault.activities.at/result?searchterm=true&search=Posterrahmen" "Mozilla/5.0 (Windows NT 6.1; WOW64; Trident/7.0; rv:11.0) like Gecko"
80.123.225.38 - - [18/Mar/2021:17:09:00 +0100] "GET /images/success_msg_icon.gif HTTP/1.1" 200 1024 "http://renault.activities.at/result?searchterm=true&search=Posterrahmen" "Mozilla/5.0 (Windows NT 6.1; WOW64; Trident/7.0; rv:11.0) like Gecko"
80.123.225.38 - - [18/Mar/2021:17:09:08 +0100] "POST /axjaxrequest?mode=suggest HTTP/1.1" 200 134 "http://renault.activities.at/result?searchterm=true&search=Posterrahmen" "Mozilla/5.0 (Windows NT 6.1; WOW64; Trident/7.0; rv:11.0) like Gecko"
80.123.225.38 - - [18/Mar/2021:17:09:08 +0100] "POST /axjaxrequest?mode=suggest HTTP/1.1" 200 134 "http://renault.activities.at/result?searchterm=true&search=Posterrahmen" "Mozilla/5.0 (Windows NT 6.1; WOW64; Trident/7.0; rv:11.0) like Gecko"
80.123.225.38 - - [18/Mar/2021:17:09:11 +0100] "GET /result?searchterm=true&search=Spannbanner HTTP/1.1" 200 7636 "http://renault.activities.at/result?searchterm=true&search=Posterrahmen" "Mozilla/5.0 (Windows NT 6.1; WOW64; Trident/7.0; rv:11.0) like Gecko"
80.123.225.38 - - [18/Mar/2021:17:09:14 +0100] "GET /loadthumbnail.php?id=12358954&width=113 HTTP/1.1" 200 1711 "http://renault.activities.at/result?searchterm=true&search=Spannbanner" "Mozilla/5.0 (Windows NT 6.1; WOW64; Trident/7.0; rv:11.0) like Gecko"
80.123.225.38 - - [18/Mar/2021:17:09:14 +0100] "GET /loadthumbnail.php?id=12358953&width=113 HTTP/1.1" 200 1965 "http://renault.activities.at/result?searchterm=true&search=Spannbanner" "Mozilla/5.0 (Windows NT 6.1; WOW64; Trident/7.0; rv:11.0) like Gecko"
80.123.225.38 - - [18/Mar/2021:17:09:14 +0100] "GET /loadthumbnail.php?id=12358955&width=113 HTTP/1.1" 200 2055 "http://renault.activities.at/result?searchterm=true&search=Spannbanner" "Mozilla/5.0 (Windows NT 6.1; WOW64; Trident/7.0; rv:11.0) like Gecko"
80.123.225.38 - - [18/Mar/2021:17:09:14 +0100] "GET /loadthumbnail.php?id=12358952&width=113 HTTP/1.1" 200 1749 "http://renault.activities.at/result?searchterm=true&search=Spannbanner" "Mozilla/5.0 (Windows NT 6.1; WOW64; Trident/7.0; rv:11.0) like Gecko"
80.123.225.38 - - [18/Mar/2021:17:09:14 +0100] "GET /loadthumbnail.php?id=12358956&width=113 HTTP/1.1" 200 1658 "http://renault.activities.at/result?searchterm=true&search=Spannbanner" "Mozilla/5.0 (Windows NT 6.1; WOW64; Trident/7.0; rv:11.0) like Gecko"
80.123.225.38 - - [18/Mar/2021:17:09:14 +0100] "GET /loadthumbnail.php?id=12358951&width=113 HTTP/1.1" 200 2112 "http://renault.activities.at/result?searchterm=true&search=Spannbanner" "Mozilla/5.0 (Windows NT 6.1; WOW64; Trident/7.0; rv:11.0) like Gecko"
80.123.225.38 - - [18/Mar/2021:17:09:14 +0100] "GET /loadthumbnail.php?id=12150120&width=113 HTTP/1.1" 200 1538 "http://renault.activities.at/result?searchterm=true&search=Spannbanner" "Mozilla/5.0 (Windows NT 6.1; WOW64; Trident/7.0; rv:11.0) like Gecko"
80.123.225.38 - - [18/Mar/2021:17:09:14 +0100] "GET /loadthumbnail.php?id=12150121&width=113 HTTP/1.1" 200 1811 "http://renault.activities.at/result?searchterm=true&search=Spannbanner" "Mozilla/5.0 (Windows NT 6.1; WOW64; Trident/7.0; rv:11.0) like Gecko"
80.123.225.38 - - [18/Mar/2021:17:09:14 +0100] "GET /loadthumbnail.php?id=12358950&width=113 HTTP/1.1" 200 1680 "http://renault.activities.at/result?searchterm=true&search=Spannbanner" "Mozilla/5.0 (Windows NT 6.1; WOW64; Trident/7.0; rv:11.0) like Gecko"
80.123.225.38 - - [18/Mar/2021:17:09:14 +0100] "GET /loadthumbnail.php?id=12358949&width=113 HTTP/1.1" 200 2061 "http://renault.activities.at/result?searchterm=true&search=Spannbanner" "Mozilla/5.0 (Windows NT 6.1; WOW64; Trident/7.0; rv:11.0) like Gecko"
80.122.53.106 - - [18/Mar/2021:17:09:22 +0100] "GET /reload?ser=1616083761335 HTTP/1.1" 200 28 "http://renault.activities.at/result?searchterm=true&search=stoffmuster" "Mozilla/5.0 (Windows NT 10.0; Win64; x64) AppleWebKit/537.36 (KHTML, like Gecko) Chrome/89.0.4389.90 Safari/537.36"
80.123.225.38 - - [18/Mar/2021:17:10:14 +0100] "GET /reload?ser=1616083814943 HTTP/1.1" 200 28 "http://renault.activities.at/result?searchterm=true&search=Spannbanner" "Mozilla/5.0 (Windows NT 6.1; WOW64; Trident/7.0; rv:11.0) like Gecko"
80.122.53.106 - - [18/Mar/2021:17:10:23 +0100] "GET /reload?ser=1616083822354 HTTP/1.1" 200 28 "http://renault.activities.at/result?searchterm=true&search=stoffmuster" "Mozilla/5.0 (Windows NT 10.0; Win64; x64) AppleWebKit/537.36 (KHTML, like Gecko) Chrome/89.0.4389.90 Safari/537.36"
80.123.225.38 - - [18/Mar/2021:17:10:31 +0100] "GET /images/vista-up-hover.gif HTTP/1.1" 200 130 "http://renault.activities.at/result?searchterm=true&search=Spannbanner" "Mozilla/5.0 (Windows NT 6.1; WOW64; Trident/7.0; rv:11.0) like Gecko"
80.123.225.38 - - [18/Mar/2021:17:10:32 +0100] "POST /result?searchterm=true&search=Spannbanner HTTP/1.1" 200 7745 "http://renault.activities.at/result?searchterm=true&search=Spannbanner" "Mozilla/5.0 (Windows NT 6.1; WOW64; Trident/7.0; rv:11.0) like Gecko"
80.123.225.38 - - [18/Mar/2021:17:10:45 +0100] "GET /images/vista-dn-hover.gif HTTP/1.1" 200 127 "http://renault.activities.at/result?searchterm=true&search=Spannbanner" "Mozilla/5.0 (Windows NT 6.1; WOW64; Trident/7.0; rv:11.0) like Gecko"
80.123.225.38 - - [18/Mar/2021:17:10:41 +0100] "GET /checkout HTTP/1.1" 200 10299 "http://renault.activities.at/result?searchterm=true&search=Spannbanner" "Mozilla/5.0 (Windows NT 6.1; WOW64; Trident/7.0; rv:11.0) like Gecko"
80.123.225.38 - - [18/Mar/2021:17:10:45 +0100] "GET /images/ajax_loading.gif HTTP/1.1" 200 1542 "http://renault.activities.at/checkout" "Mozilla/5.0 (Windows NT 6.1; WOW64; Trident/7.0; rv:11.0) like Gecko"
80.123.225.38 - - [18/Mar/2021:17:10:45 +0100] "GET /js/checkout2.js HTTP/1.1" 200 4122 "http://renault.activities.at/checkout" "Mozilla/5.0 (Windows NT 6.1; WOW64; Trident/7.0; rv:11.0) like Gecko"
80.123.225.38 - - [18/Mar/2021:17:10:46 +0100] "GET /images/checkout_border.gif HTTP/1.1" 200 43 "http://renault.activities.at/checkout" "Mozilla/5.0 (Windows NT 6.1; WOW64; Trident/7.0; rv:11.0) like Gecko"
80.123.225.38 - - [18/Mar/2021:17:10:46 +0100] "GET /images/step_bg.jpg HTTP/1.1" 200 319 "http://renault.activities.at/checkout" "Mozilla/5.0 (Windows NT 6.1; WOW64; Trident/7.0; rv:11.0) like Gecko"
80.123.225.38 - - [18/Mar/2021:17:10:46 +0100] "GET /images/step_marker.gif HTTP/1.1" 200 650 "http://renault.activities.at/checkout" "Mozilla/5.0 (Windows NT 6.1; WOW64; Trident/7.0; rv:11.0) like Gecko"
80.123.225.38 - - [18/Mar/2021:17:10:46 +0100] "GET /images/checkout_border_top.gif HTTP/1.1" 200 156 "http://renault.activities.at/checkout" "Mozilla/5.0 (Windows NT 6.1; WOW64; Trident/7.0; rv:11.0) like Gecko"
80.123.225.38 - - [18/Mar/2021:17:10:45 +0100] "GET /loadthumbnail.php?id=10201939 HTTP/1.1" 200 201 "http://renault.activities.at/checkout" "Mozilla/5.0 (Windows NT 6.1; WOW64; Trident/7.0; rv:11.0) like Gecko"
80.123.225.38 - - [18/Mar/2021:17:10:45 +0100] "GET /loadthumbnail.php?id=10202698 HTTP/1.1" 200 16686 "http://renault.activities.at/checkout" "Mozilla/5.0 (Windows NT 6.1; WOW64; Trident/7.0; rv:11.0) like Gecko"
80.123.225.38 - - [18/Mar/2021:17:10:48 +0100] "POST /docheckout HTTP/1.1" 200 459 "http://renault.activities.at/checkout" "Mozilla/5.0 (Windows NT 6.1; WOW64; Trident/7.0; rv:11.0) like Gecko"
80.123.225.38 - - [18/Mar/2021:17:10:51 +0100] "POST /docheckout HTTP/1.1" 200 684 "http://renault.activities.at/checkout" "Mozilla/5.0 (Windows NT 6.1; WOW64; Trident/7.0; rv:11.0) like Gecko"
80.123.225.38 - - [18/Mar/2021:17:10:55 +0100] "POST /docheckout HTTP/1.1" 200 68 "http://renault.activities.at/checkout" "Mozilla/5.0 (Windows NT 6.1; WOW64; Trident/7.0; rv:11.0) like Gecko"
80.123.225.38 - - [18/Mar/2021:17:10:58 +0100] "GET /success HTTP/1.1" 200 3793 "http://renault.activities.at/checkout" "Mozilla/5.0 (Windows NT 6.1; WOW64; Trident/7.0; rv:11.0) like Gecko"
80.122.53.106 - - [18/Mar/2021:17:11:24 +0100] "GET /reload?ser=1616083883347 HTTP/1.1" 200 28 "http://renault.activities.at/result?searchterm=true&search=stoffmuster" "Mozilla/5.0 (Windows NT 10.0; Win64; x64) AppleWebKit/537.36 (KHTML, like Gecko) Chrome/89.0.4389.90 Safari/537.36"
80.123.225.38 - - [18/Mar/2021:17:11:27 +0100] "GET /12392208?print=true HTTP/1.1" 200 2117 "-" "Mozilla/5.0 (Windows NT 6.1; WOW64; Trident/7.0; rv:11.0) like Gecko"
80.122.53.106 - - [18/Mar/2021:17:12:25 +0100] "GET /reload?ser=1616083944341 HTTP/1.1" 200 28 "http://renault.activities.at/result?searchterm=true&search=stoffmuster" "Mozilla/5.0 (Windows NT 10.0; Win64; x64) AppleWebKit/537.36 (KHTML, like Gecko) Chrome/89.0.4389.90 Safari/537.36"
80.122.53.106 - - [18/Mar/2021:17:13:26 +0100] "GET /reload?ser=1616084005332 HTTP/1.1" 200 28 "http://renault.activities.at/result?searchterm=true&search=stoffmuster" "Mozilla/5.0 (Windows NT 10.0; Win64; x64) AppleWebKit/537.36 (KHTML, like Gecko) Chrome/89.0.4389.90 Safari/537.36"
80.122.53.106 - - [18/Mar/2021:17:14:28 +0100] "GET /reload?ser=1616084067336 HTTP/1.1" 200 28 "http://renault.activities.at/result?searchterm=true&search=stoffmuster" "Mozilla/5.0 (Windows NT 10.0; Win64; x64) AppleWebKit/537.36 (KHTML, like Gecko) Chrome/89.0.4389.90 Safari/537.36"
80.122.53.106 - - [18/Mar/2021:17:15:29 +0100] "GET /reload?ser=1616084128342 HTTP/1.1" 200 28 "http://renault.activities.at/result?searchterm=true&search=stoffmuster" "Mozilla/5.0 (Windows NT 10.0; Win64; x64) AppleWebKit/537.36 (KHTML, like Gecko) Chrome/89.0.4389.90 Safari/537.36"
80.122.53.106 - - [18/Mar/2021:17:16:30 +0100] "GET /reload?ser=1616084189342 HTTP/1.1" 200 28 "http://renault.activities.at/result?searchterm=true&search=stoffmuster" "Mozilla/5.0 (Windows NT 10.0; Win64; x64) AppleWebKit/537.36 (KHTML, like Gecko) Chrome/89.0.4389.90 Safari/537.36"
80.122.53.106 - - [18/Mar/2021:17:17:31 +0100] "GET /reload?ser=1616084250339 HTTP/1.1" 200 28 "http://renault.activities.at/result?searchterm=true&search=stoffmuster" "Mozilla/5.0 (Windows NT 10.0; Win64; x64) AppleWebKit/537.36 (KHTML, like Gecko) Chrome/89.0.4389.90 Safari/537.36"
80.122.53.106 - - [18/Mar/2021:17:18:32 +0100] "GET /reload?ser=1616084311338 HTTP/1.1" 200 28 "http://renault.activities.at/result?searchterm=true&search=stoffmuster" "Mozilla/5.0 (Windows NT 10.0; Win64; x64) AppleWebKit/537.36 (KHTML, like Gecko) Chrome/89.0.4389.90 Safari/537.36"
80.122.53.106 - - [18/Mar/2021:17:19:33 +0100] "GET /reload?ser=1616084372332 HTTP/1.1" 200 28 "http://renault.activities.at/result?searchterm=true&search=stoffmuster" "Mozilla/5.0 (Windows NT 10.0; Win64; x64) AppleWebKit/537.36 (KHTML, like Gecko) Chrome/89.0.4389.90 Safari/537.36"
80.122.53.106 - - [18/Mar/2021:17:20:34 +0100] "GET /reload?ser=1616084433335 HTTP/1.1" 200 28 "http://renault.activities.at/result?searchterm=true&search=stoffmuster" "Mozilla/5.0 (Windows NT 10.0; Win64; x64) AppleWebKit/537.36 (KHTML, like Gecko) Chrome/89.0.4389.90 Safari/537.36"
80.122.53.106 - - [18/Mar/2021:17:21:35 +0100] "GET /reload?ser=1616084494344 HTTP/1.1" 200 28 "http://renault.activities.at/result?searchterm=true&search=stoffmuster" "Mozilla/5.0 (Windows NT 10.0; Win64; x64) AppleWebKit/537.36 (KHTML, like Gecko) Chrome/89.0.4389.90 Safari/537.36"
80.122.53.106 - - [18/Mar/2021:17:22:36 +0100] "GET /reload?ser=1616084555345 HTTP/1.1" 200 28 "http://renault.activities.at/result?searchterm=true&search=stoffmuster" "Mozilla/5.0 (Windows NT 10.0; Win64; x64) AppleWebKit/537.36 (KHTML, like Gecko) Chrome/89.0.4389.90 Safari/537.36"
80.122.53.106 - - [18/Mar/2021:17:23:37 +0100] "GET /reload?ser=1616084616337 HTTP/1.1" 200 28 "http://renault.activities.at/result?searchterm=true&search=stoffmuster" "Mozilla/5.0 (Windows NT 10.0; Win64; x64) AppleWebKit/537.36 (KHTML, like Gecko) Chrome/89.0.4389.90 Safari/537.36"
80.122.53.106 - - [18/Mar/2021:17:24:38 +0100] "GET /reload?ser=1616084677338 HTTP/1.1" 200 28 "http://renault.activities.at/result?searchterm=true&search=stoffmuster" "Mozilla/5.0 (Windows NT 10.0; Win64; x64) AppleWebKit/537.36 (KHTML, like Gecko) Chrome/89.0.4389.90 Safari/537.36"
80.122.53.106 - - [18/Mar/2021:17:25:39 +0100] "GET /reload?ser=1616084738339 HTTP/1.1" 200 28 "http://renault.activities.at/result?searchterm=true&search=stoffmuster" "Mozilla/5.0 (Windows NT 10.0; Win64; x64) AppleWebKit/537.36 (KHTML, like Gecko) Chrome/89.0.4389.90 Safari/537.36"
80.122.53.106 - - [18/Mar/2021:17:26:40 +0100] "GET /reload?ser=1616084799339 HTTP/1.1" 200 28 "http://renault.activities.at/result?searchterm=true&search=stoffmuster" "Mozilla/5.0 (Windows NT 10.0; Win64; x64) AppleWebKit/537.36 (KHTML, like Gecko) Chrome/89.0.4389.90 Safari/537.36"
80.122.53.106 - - [18/Mar/2021:17:27:41 +0100] "GET /reload?ser=1616084860333 HTTP/1.1" 200 28 "http://renault.activities.at/result?searchterm=true&search=stoffmuster" "Mozilla/5.0 (Windows NT 10.0; Win64; x64) AppleWebKit/537.36 (KHTML, like Gecko) Chrome/89.0.4389.90 Safari/537.36"
80.122.53.106 - - [18/Mar/2021:17:28:42 +0100] "GET /reload?ser=1616084921339 HTTP/1.1" 200 28 "http://renault.activities.at/result?searchterm=true&search=stoffmuster" "Mozilla/5.0 (Windows NT 10.0; Win64; x64) AppleWebKit/537.36 (KHTML, like Gecko) Chrome/89.0.4389.90 Safari/537.36"
80.122.53.106 - - [18/Mar/2021:17:29:43 +0100] "GET /reload?ser=1616084982345 HTTP/1.1" 200 28 "http://renault.activities.at/result?searchterm=true&search=stoffmuster" "Mozilla/5.0 (Windows NT 10.0; Win64; x64) AppleWebKit/537.36 (KHTML, like Gecko) Chrome/89.0.4389.90 Safari/537.36"
80.122.53.106 - - [18/Mar/2021:17:30:44 +0100] "GET /reload?ser=1616085043335 HTTP/1.1" 200 28 "http://renault.activities.at/result?searchterm=true&search=stoffmuster" "Mozilla/5.0 (Windows NT 10.0; Win64; x64) AppleWebKit/537.36 (KHTML, like Gecko) Chrome/89.0.4389.90 Safari/537.36"
80.122.53.106 - - [18/Mar/2021:17:31:45 +0100] "GET /reload?ser=1616085104345 HTTP/1.1" 200 28 "http://renault.activities.at/result?searchterm=true&search=stoffmuster" "Mozilla/5.0 (Windows NT 10.0; Win64; x64) AppleWebKit/537.36 (KHTML, like Gecko) Chrome/89.0.4389.90 Safari/537.36"
80.120.182.230 - - [18/Mar/2021:17:31:49 +0100] "GET / HTTP/1.1" 200 3273 "-" "Mozilla/5.0 (Windows NT 10.0; Win64; x64) AppleWebKit/537.36 (KHTML, like Gecko) Chrome/89.0.4389.90 Safari/537.36"
80.120.182.230 - - [18/Mar/2021:17:31:50 +0100] "GET /js/default.js HTTP/1.1" 200 14698 "http://renault.activities.at/" "Mozilla/5.0 (Windows NT 10.0; Win64; x64) AppleWebKit/537.36 (KHTML, like Gecko) Chrome/89.0.4389.90 Safari/537.36"
80.120.182.230 - - [18/Mar/2021:17:31:50 +0100] "GET /css/clears.css HTTP/1.1" 200 851 "http://renault.activities.at/" "Mozilla/5.0 (Windows NT 10.0; Win64; x64) AppleWebKit/537.36 (KHTML, like Gecko) Chrome/89.0.4389.90 Safari/537.36"
80.120.182.230 - - [18/Mar/2021:17:31:50 +0100] "GET /css/reset.css HTTP/1.1" 200 1356 "http://renault.activities.at/" "Mozilla/5.0 (Windows NT 10.0; Win64; x64) AppleWebKit/537.36 (KHTML, like Gecko) Chrome/89.0.4389.90 Safari/537.36"
80.120.182.230 - - [18/Mar/2021:17:31:50 +0100] "GET /js/checkout.css HTTP/1.1" 200 359 "http://renault.activities.at/" "Mozilla/5.0 (Windows NT 10.0; Win64; x64) AppleWebKit/537.36 (KHTML, like Gecko) Chrome/89.0.4389.90 Safari/537.36"
80.120.182.230 - - [18/Mar/2021:17:31:50 +0100] "GET /css/prototip.css HTTP/1.1" 200 968 "http://renault.activities.at/" "Mozilla/5.0 (Windows NT 10.0; Win64; x64) AppleWebKit/537.36 (KHTML, like Gecko) Chrome/89.0.4389.90 Safari/537.36"
80.120.182.230 - - [18/Mar/2021:17:31:50 +0100] "GET /css/styles.css HTTP/1.1" 200 14664 "http://renault.activities.at/" "Mozilla/5.0 (Windows NT 10.0; Win64; x64) AppleWebKit/537.36 (KHTML, like Gecko) Chrome/89.0.4389.90 Safari/537.36"
80.120.182.230 - - [18/Mar/2021:17:31:50 +0100] "GET /css/themes/alphacube.css HTTP/1.1" 200 743 "http://renault.activities.at/" "Mozilla/5.0 (Windows NT 10.0; Win64; x64) AppleWebKit/537.36 (KHTML, like Gecko) Chrome/89.0.4389.90 Safari/537.36"
80.120.182.230 - - [18/Mar/2021:17:31:50 +0100] "GET /css/themes/default.css HTTP/1.1" 200 769 "http://renault.activities.at/" "Mozilla/5.0 (Windows NT 10.0; Win64; x64) AppleWebKit/537.36 (KHTML, like Gecko) Chrome/89.0.4389.90 Safari/537.36"
80.120.182.230 - - [18/Mar/2021:17:31:50 +0100] "GET /js/flashdetection.js HTTP/1.1" 200 1059 "http://renault.activities.at/" "Mozilla/5.0 (Windows NT 10.0; Win64; x64) AppleWebKit/537.36 (KHTML, like Gecko) Chrome/89.0.4389.90 Safari/537.36"
80.120.182.230 - - [18/Mar/2021:17:31:50 +0100] "GET /js/index.php?c=auto&f=,prototype/prototype.js,prototype/validation.js,scriptaculous/builder.js,scriptaculous/effects.js,scriptaculous/dragdrop.js,scriptaculous/controls.js,scriptaculous/slider.js,varien/js.js,varien/form.js,varien/menu.js,mage/translate.js,mage/cookies.js,varien/product.js,spinner/SpinnerControl.jsmin.js,prototype/window.js,prototype/window_ext.js HTTP/1.1" 200 94182 "http://renault.activities.at/" "Mozilla/5.0 (Windows NT 10.0; Win64; x64) AppleWebKit/537.36 (KHTML, like Gecko) Chrome/89.0.4389.90 Safari/537.36"
80.120.182.230 - - [18/Mar/2021:17:31:50 +0100] "GET /images/main_block_corner_left_bot.gif HTTP/1.1" 200 159 "http://renault.activities.at/css/styles.css" "Mozilla/5.0 (Windows NT 10.0; Win64; x64) AppleWebKit/537.36 (KHTML, like Gecko) Chrome/89.0.4389.90 Safari/537.36"
80.120.182.230 - - [18/Mar/2021:17:31:50 +0100] "GET /images/main_block_corner_right_bot.gif HTTP/1.1" 200 158 "http://renault.activities.at/css/styles.css" "Mozilla/5.0 (Windows NT 10.0; Win64; x64) AppleWebKit/537.36 (KHTML, like Gecko) Chrome/89.0.4389.90 Safari/537.36"
80.120.182.230 - - [18/Mar/2021:17:31:50 +0100] "GET /images/main_block_border.gif HTTP/1.1" 200 43 "http://renault.activities.at/css/styles.css" "Mozilla/5.0 (Windows NT 10.0; Win64; x64) AppleWebKit/537.36 (KHTML, like Gecko) Chrome/89.0.4389.90 Safari/537.36"
80.120.182.230 - - [18/Mar/2021:17:31:50 +0100] "GET /images/header_block_corner_left_top.gif HTTP/1.1" 200 160 "http://renault.activities.at/css/styles.css" "Mozilla/5.0 (Windows NT 10.0; Win64; x64) AppleWebKit/537.36 (KHTML, like Gecko) Chrome/89.0.4389.90 Safari/537.36"
80.120.182.230 - - [18/Mar/2021:17:31:50 +0100] "GET /images/header_block_border.gif HTTP/1.1" 200 43 "http://renault.activities.at/css/styles.css" "Mozilla/5.0 (Windows NT 10.0; Win64; x64) AppleWebKit/537.36 (KHTML, like Gecko) Chrome/89.0.4389.90 Safari/537.36"
80.120.182.230 - - [18/Mar/2021:17:31:50 +0100] "GET /css/print.css HTTP/1.1" 200 543 "http://renault.activities.at/" "Mozilla/5.0 (Windows NT 10.0; Win64; x64) AppleWebKit/537.36 (KHTML, like Gecko) Chrome/89.0.4389.90 Safari/537.36"
80.120.182.230 - - [18/Mar/2021:17:31:50 +0100] "GET /images/header_block_corner_right_top.gif HTTP/1.1" 200 160 "http://renault.activities.at/css/styles.css" "Mozilla/5.0 (Windows NT 10.0; Win64; x64) AppleWebKit/537.36 (KHTML, like Gecko) Chrome/89.0.4389.90 Safari/537.36"
80.120.182.230 - - [18/Mar/2021:17:31:50 +0100] "GET /images/main_block_corner_left_top.gif HTTP/1.1" 200 159 "http://renault.activities.at/css/styles.css" "Mozilla/5.0 (Windows NT 10.0; Win64; x64) AppleWebKit/537.36 (KHTML, like Gecko) Chrome/89.0.4389.90 Safari/537.36"
80.120.182.230 - - [18/Mar/2021:17:31:50 +0100] "GET /images/main_block_corner_right_top.gif HTTP/1.1" 200 159 "http://renault.activities.at/css/styles.css" "Mozilla/5.0 (Windows NT 10.0; Win64; x64) AppleWebKit/537.36 (KHTML, like Gecko) Chrome/89.0.4389.90 Safari/537.36"
80.120.182.230 - - [18/Mar/2021:17:31:50 +0100] "GET /images/title_border.jpg HTTP/1.1" 200 304 "http://renault.activities.at/css/styles.css" "Mozilla/5.0 (Windows NT 10.0; Win64; x64) AppleWebKit/537.36 (KHTML, like Gecko) Chrome/89.0.4389.90 Safari/537.36"
80.120.182.230 - - [18/Mar/2021:17:31:50 +0100] "GET /images/title_border_top.jpg HTTP/1.1" 200 336 "http://renault.activities.at/css/styles.css" "Mozilla/5.0 (Windows NT 10.0; Win64; x64) AppleWebKit/537.36 (KHTML, like Gecko) Chrome/89.0.4389.90 Safari/537.36"
