80.120.5.131 - - [19/Mar/2021:08:14:50 +0100] "GET /loadthumbnail.php?id=12101538&width=113 HTTP/1.1" 200 2597 "http://renault.activities.at/result?searchterm=true&search=koleos" "Mozilla/5.0 (Windows NT 10.0; Win64; x64) AppleWebKit/537.36 (KHTML, like Gecko) Chrome/89.0.4389.90 Safari/537.36"
80.120.5.131 - - [19/Mar/2021:08:14:50 +0100] "GET /loadthumbnail.php?id=12329742&width=113 HTTP/1.1" 200 6011 "http://renault.activities.at/result?searchterm=true&search=koleos" "Mozilla/5.0 (Windows NT 10.0; Win64; x64) AppleWebKit/537.36 (KHTML, like Gecko) Chrome/89.0.4389.90 Safari/537.36"
80.120.5.131 - - [19/Mar/2021:08:14:50 +0100] "GET /loadthumbnail.php?id=10260861&width=113 HTTP/1.1" 200 1170 "http://renault.activities.at/result?searchterm=true&search=koleos" "Mozilla/5.0 (Windows NT 10.0; Win64; x64) AppleWebKit/537.36 (KHTML, like Gecko) Chrome/89.0.4389.90 Safari/537.36"
80.120.5.131 - - [19/Mar/2021:08:14:50 +0100] "GET /loadthumbnail.php?id=12153811&width=113 HTTP/1.1" 200 2537 "http://renault.activities.at/result?searchterm=true&search=koleos" "Mozilla/5.0 (Windows NT 10.0; Win64; x64) AppleWebKit/537.36 (KHTML, like Gecko) Chrome/89.0.4389.90 Safari/537.36"
80.120.5.131 - - [19/Mar/2021:08:14:50 +0100] "GET /loadthumbnail.php?id=12176979&width=113 HTTP/1.1" 200 2612 "http://renault.activities.at/result?searchterm=true&search=koleos" "Mozilla/5.0 (Windows NT 10.0; Win64; x64) AppleWebKit/537.36 (KHTML, like Gecko) Chrome/89.0.4389.90 Safari/537.36"
80.120.5.131 - - [19/Mar/2021:08:14:50 +0100] "GET /loadthumbnail.php?id=11577924&width=113 HTTP/1.1" 200 28282 "http://renault.activities.at/result?searchterm=true&search=koleos" "Mozilla/5.0 (Windows NT 10.0; Win64; x64) AppleWebKit/537.36 (KHTML, like Gecko) Chrome/89.0.4389.90 Safari/537.36"
80.120.5.131 - - [19/Mar/2021:08:14:47 +0100] "POST /axjaxrequest?mode=suggest HTTP/1.1" 200 111 "http://renault.activities.at/result?dir=DESC&mode=grid&order=name&limit=15&page=2&search=kadjar" "Mozilla/5.0 (Windows NT 10.0; Win64; x64) AppleWebKit/537.36 (KHTML, like Gecko) Chrome/89.0.4389.90 Safari/537.36"
80.120.5.131 - - [19/Mar/2021:08:15:08 +0100] "POST /axjaxrequest?mode=suggest HTTP/1.1" 200 111 "http://renault.activities.at/result?searchterm=true&search=koleos" "Mozilla/5.0 (Windows NT 10.0; Win64; x64) AppleWebKit/537.36 (KHTML, like Gecko) Chrome/89.0.4389.90 Safari/537.36"
80.120.5.131 - - [19/Mar/2021:08:15:08 +0100] "GET /result?searchterm=true&search=lodgy HTTP/1.1" 200 6490 "http://renault.activities.at/result?searchterm=true&search=koleos" "Mozilla/5.0 (Windows NT 10.0; Win64; x64) AppleWebKit/537.36 (KHTML, like Gecko) Chrome/89.0.4389.90 Safari/537.36"
193.194.132.21 - - [19/Mar/2021:08:15:10 +0100] "GET /reload?ser=1616138110341 HTTP/1.1" 200 28 "http://renault.2web.at/account" "Mozilla/5.0 (Windows NT 10.0; Win64; x64) AppleWebKit/537.36 (KHTML, like Gecko) Chrome/89.0.4389.90 Safari/537.36"
80.120.5.131 - - [19/Mar/2021:08:15:09 +0100] "POST /axjaxrequest?mode=suggest HTTP/1.1" 200 111 "http://renault.activities.at/result?searchterm=true&search=koleos" "Mozilla/5.0 (Windows NT 10.0; Win64; x64) AppleWebKit/537.36 (KHTML, like Gecko) Chrome/89.0.4389.90 Safari/537.36"
80.120.5.131 - - [19/Mar/2021:08:15:10 +0100] "GET /result?searchterm=true&search=lodgy HTTP/1.1" 200 6490 "http://renault.activities.at/result?searchterm=true&search=koleos" "Mozilla/5.0 (Windows NT 10.0; Win64; x64) AppleWebKit/537.36 (KHTML, like Gecko) Chrome/89.0.4389.90 Safari/537.36"
80.120.5.131 - - [19/Mar/2021:08:15:14 +0100] "GET /loadthumbnail.php?id=12329388&width=113 HTTP/1.1" 200 6391 "http://renault.activities.at/result?searchterm=true&search=lodgy" "Mozilla/5.0 (Windows NT 10.0; Win64; x64) AppleWebKit/537.36 (KHTML, like Gecko) Chrome/89.0.4389.90 Safari/537.36"
80.120.5.131 - - [19/Mar/2021:08:15:14 +0100] "GET /loadthumbnail.php?id=11243081&width=113 HTTP/1.1" 200 1218 "http://renault.activities.at/result?searchterm=true&search=lodgy" "Mozilla/5.0 (Windows NT 10.0; Win64; x64) AppleWebKit/537.36 (KHTML, like Gecko) Chrome/89.0.4389.90 Safari/537.36"
80.120.5.131 - - [19/Mar/2021:08:15:14 +0100] "GET /loadthumbnail.php?id=12367879&width=113 HTTP/1.1" 200 3151 "http://renault.activities.at/result?searchterm=true&search=lodgy" "Mozilla/5.0 (Windows NT 10.0; Win64; x64) AppleWebKit/537.36 (KHTML, like Gecko) Chrome/89.0.4389.90 Safari/537.36"
80.120.5.131 - - [19/Mar/2021:08:15:14 +0100] "GET /loadthumbnail.php?id=11784465&width=113 HTTP/1.1" 200 2824 "http://renault.activities.at/result?searchterm=true&search=lodgy" "Mozilla/5.0 (Windows NT 10.0; Win64; x64) AppleWebKit/537.36 (KHTML, like Gecko) Chrome/89.0.4389.90 Safari/537.36"
80.120.5.131 - - [19/Mar/2021:08:15:21 +0100] "POST /axjaxrequest?mode=suggest HTTP/1.1" 200 136 "http://renault.activities.at/result?searchterm=true&search=lodgy" "Mozilla/5.0 (Windows NT 10.0; Win64; x64) AppleWebKit/537.36 (KHTML, like Gecko) Chrome/89.0.4389.90 Safari/537.36"
80.120.5.131 - - [19/Mar/2021:08:15:21 +0100] "GET /result?searchterm=true&search=duster HTTP/1.1" 200 6858 "http://renault.activities.at/result?searchterm=true&search=lodgy" "Mozilla/5.0 (Windows NT 10.0; Win64; x64) AppleWebKit/537.36 (KHTML, like Gecko) Chrome/89.0.4389.90 Safari/537.36"
80.120.5.131 - - [19/Mar/2021:08:15:24 +0100] "GET /loadthumbnail.php?id=12310511&width=113 HTTP/1.1" 200 2831 "http://renault.activities.at/result?searchterm=true&search=duster" "Mozilla/5.0 (Windows NT 10.0; Win64; x64) AppleWebKit/537.36 (KHTML, like Gecko) Chrome/89.0.4389.90 Safari/537.36"
80.120.5.131 - - [19/Mar/2021:08:15:24 +0100] "GET /loadthumbnail.php?id=12022099&width=113 HTTP/1.1" 200 2908 "http://renault.activities.at/result?searchterm=true&search=duster" "Mozilla/5.0 (Windows NT 10.0; Win64; x64) AppleWebKit/537.36 (KHTML, like Gecko) Chrome/89.0.4389.90 Safari/537.36"
80.120.5.131 - - [19/Mar/2021:08:15:24 +0100] "GET /loadthumbnail.php?id=11877757&width=113 HTTP/1.1" 200 32396 "http://renault.activities.at/result?searchterm=true&search=duster" "Mozilla/5.0 (Windows NT 10.0; Win64; x64) AppleWebKit/537.36 (KHTML, like Gecko) Chrome/89.0.4389.90 Safari/537.36"
80.120.5.131 - - [19/Mar/2021:08:15:24 +0100] "GET /loadthumbnail.php?id=11715009&width=113 HTTP/1.1" 200 22295 "http://renault.activities.at/result?searchterm=true&search=duster" "Mozilla/5.0 (Windows NT 10.0; Win64; x64) AppleWebKit/537.36 (KHTML, like Gecko) Chrome/89.0.4389.90 Safari/537.36"
80.120.5.131 - - [19/Mar/2021:08:15:24 +0100] "GET /loadthumbnail.php?id=12237270&width=113 HTTP/1.1" 200 2874 "http://renault.activities.at/result?searchterm=true&search=duster" "Mozilla/5.0 (Windows NT 10.0; Win64; x64) AppleWebKit/537.36 (KHTML, like Gecko) Chrome/89.0.4389.90 Safari/537.36"
80.122.53.106 - - [19/Mar/2021:08:15:35 +0100] "GET /reload?ser=1616138133332 HTTP/1.1" 200 1234 "http://renault.activities.at/result?searchterm=true&search=stoffmuster" "Mozilla/5.0 (Windows NT 10.0; Win64; x64) AppleWebKit/537.36 (KHTML, like Gecko) Chrome/89.0.4389.90 Safari/537.36"
212.89.176.40 - - [19/Mar/2021:08:15:41 +0100] "GET /reload?ser=1616138099715 HTTP/1.1" 200 28 "http://renault.activities.at/success" "Mozilla/5.0 (Windows NT 10.0; WOW64; Trident/7.0; rv:11.0) like Gecko"
80.120.5.131 - - [19/Mar/2021:08:15:40 +0100] "POST /result?searchterm=true&search=duster HTTP/1.1" 200 6961 "http://renault.activities.at/result?searchterm=true&search=duster" "Mozilla/5.0 (Windows NT 10.0; Win64; x64) AppleWebKit/537.36 (KHTML, like Gecko) Chrome/89.0.4389.90 Safari/537.36"
80.120.5.131 - - [19/Mar/2021:08:15:47 +0100] "GET /result?searchterm=true&search=luftballon HTTP/1.1" 200 6579 "http://renault.activities.at/result?searchterm=true&search=duster" "Mozilla/5.0 (Windows NT 10.0; Win64; x64) AppleWebKit/537.36 (KHTML, like Gecko) Chrome/89.0.4389.90 Safari/537.36"
80.120.5.131 - - [19/Mar/2021:08:15:49 +0100] "GET /loadthumbnail.php?id=11489786&width=113 HTTP/1.1" 200 2751 "http://renault.activities.at/result?searchterm=true&search=luftballon" "Mozilla/5.0 (Windows NT 10.0; Win64; x64) AppleWebKit/537.36 (KHTML, like Gecko) Chrome/89.0.4389.90 Safari/537.36"
80.120.5.131 - - [19/Mar/2021:08:15:49 +0100] "GET /loadthumbnail.php?id=11521730&width=113 HTTP/1.1" 200 2841 "http://renault.activities.at/result?searchterm=true&search=luftballon" "Mozilla/5.0 (Windows NT 10.0; Win64; x64) AppleWebKit/537.36 (KHTML, like Gecko) Chrome/89.0.4389.90 Safari/537.36"
80.120.5.131 - - [19/Mar/2021:08:15:49 +0100] "GET /loadthumbnail.php?id=11489794&width=113 HTTP/1.1" 200 2829 "http://renault.activities.at/result?searchterm=true&search=luftballon" "Mozilla/5.0 (Windows NT 10.0; Win64; x64) AppleWebKit/537.36 (KHTML, like Gecko) Chrome/89.0.4389.90 Safari/537.36"
80.120.5.131 - - [19/Mar/2021:08:15:48 +0100] "POST /axjaxrequest?mode=suggest HTTP/1.1" 200 138 "http://renault.activities.at/result?searchterm=true&search=duster" "Mozilla/5.0 (Windows NT 10.0; Win64; x64) AppleWebKit/537.36 (KHTML, like Gecko) Chrome/89.0.4389.90 Safari/537.36"
80.120.5.131 - - [19/Mar/2021:08:15:50 +0100] "GET /result?searchterm=true&search=luftballon HTTP/1.1" 200 6579 "http://renault.activities.at/result?searchterm=true&search=luftballon" "Mozilla/5.0 (Windows NT 10.0; Win64; x64) AppleWebKit/537.36 (KHTML, like Gecko) Chrome/89.0.4389.90 Safari/537.36"
193.194.132.21 - - [19/Mar/2021:08:16:12 +0100] "GET /reload?ser=1616138172345 HTTP/1.1" 200 28 "http://renault.2web.at/account" "Mozilla/5.0 (Windows NT 10.0; Win64; x64) AppleWebKit/537.36 (KHTML, like Gecko) Chrome/89.0.4389.90 Safari/537.36"
80.122.53.106 - - [19/Mar/2021:08:16:36 +0100] "GET /reload?ser=1616138194346 HTTP/1.1" 200 1235 "http://renault.activities.at/result?searchterm=true&search=stoffmuster" "Mozilla/5.0 (Windows NT 10.0; Win64; x64) AppleWebKit/537.36 (KHTML, like Gecko) Chrome/89.0.4389.90 Safari/537.36"
212.89.176.40 - - [19/Mar/2021:08:16:42 +0100] "GET /reload?ser=1616138160639 HTTP/1.1" 200 28 "http://renault.activities.at/success" "Mozilla/5.0 (Windows NT 10.0; WOW64; Trident/7.0; rv:11.0) like Gecko"
80.120.5.131 - - [19/Mar/2021:08:16:53 +0100] "GET /reload?ser=1616138213047 HTTP/1.1" 200 28 "http://renault.activities.at/result?searchterm=true&search=luftballon" "Mozilla/5.0 (Windows NT 10.0; Win64; x64) AppleWebKit/537.36 (KHTML, like Gecko) Chrome/89.0.4389.90 Safari/537.36"
193.194.132.21 - - [19/Mar/2021:08:17:14 +0100] "GET /reload?ser=1616138234349 HTTP/1.1" 200 28 "http://renault.2web.at/account" "Mozilla/5.0 (Windows NT 10.0; Win64; x64) AppleWebKit/537.36 (KHTML, like Gecko) Chrome/89.0.4389.90 Safari/537.36"
80.122.53.106 - - [19/Mar/2021:08:17:37 +0100] "GET /reload?ser=1616138255347 HTTP/1.1" 200 1237 "http://renault.activities.at/result?searchterm=true&search=stoffmuster" "Mozilla/5.0 (Windows NT 10.0; Win64; x64) AppleWebKit/537.36 (KHTML, like Gecko) Chrome/89.0.4389.90 Safari/537.36"
212.89.176.40 - - [19/Mar/2021:08:17:42 +0100] "GET /reload?ser=1616138221562 HTTP/1.1" 200 28 "http://renault.activities.at/success" "Mozilla/5.0 (Windows NT 10.0; WOW64; Trident/7.0; rv:11.0) like Gecko"
80.120.5.131 - - [19/Mar/2021:08:17:54 +0100] "GET /reload?ser=1616138274005 HTTP/1.1" 200 28 "http://renault.activities.at/result?searchterm=true&search=luftballon" "Mozilla/5.0 (Windows NT 10.0; Win64; x64) AppleWebKit/537.36 (KHTML, like Gecko) Chrome/89.0.4389.90 Safari/537.36"
193.194.132.21 - - [19/Mar/2021:08:18:16 +0100] "GET /reload?ser=1616138296350 HTTP/1.1" 200 28 "http://renault.2web.at/account" "Mozilla/5.0 (Windows NT 10.0; Win64; x64) AppleWebKit/537.36 (KHTML, like Gecko) Chrome/89.0.4389.90 Safari/537.36"
80.122.53.106 - - [19/Mar/2021:08:18:38 +0100] "GET /reload?ser=1616138316346 HTTP/1.1" 200 1248 "http://renault.activities.at/result?searchterm=true&search=stoffmuster" "Mozilla/5.0 (Windows NT 10.0; Win64; x64) AppleWebKit/537.36 (KHTML, like Gecko) Chrome/89.0.4389.90 Safari/537.36"
80.120.5.131 - - [19/Mar/2021:08:18:55 +0100] "GET /reload?ser=1616138334971 HTTP/1.1" 200 28 "http://renault.activities.at/result?searchterm=true&search=luftballon" "Mozilla/5.0 (Windows NT 10.0; Win64; x64) AppleWebKit/537.36 (KHTML, like Gecko) Chrome/89.0.4389.90 Safari/537.36"
193.194.132.21 - - [19/Mar/2021:08:19:18 +0100] "GET /reload?ser=1616138358353 HTTP/1.1" 200 28 "http://renault.2web.at/account" "Mozilla/5.0 (Windows NT 10.0; Win64; x64) AppleWebKit/537.36 (KHTML, like Gecko) Chrome/89.0.4389.90 Safari/537.36"
80.122.53.106 - - [19/Mar/2021:08:19:39 +0100] "GET /reload?ser=1616138377332 HTTP/1.1" 200 1236 "http://renault.activities.at/result?searchterm=true&search=stoffmuster" "Mozilla/5.0 (Windows NT 10.0; Win64; x64) AppleWebKit/537.36 (KHTML, like Gecko) Chrome/89.0.4389.90 Safari/537.36"
80.120.5.131 - - [19/Mar/2021:08:19:55 +0100] "GET /reload?ser=1616138395938 HTTP/1.1" 200 28 "http://renault.activities.at/result?searchterm=true&search=luftballon" "Mozilla/5.0 (Windows NT 10.0; Win64; x64) AppleWebKit/537.36 (KHTML, like Gecko) Chrome/89.0.4389.90 Safari/537.36"
193.194.132.21 - - [19/Mar/2021:08:20:20 +0100] "GET /reload?ser=1616138420354 HTTP/1.1" 200 28 "http://renault.2web.at/account" "Mozilla/5.0 (Windows NT 10.0; Win64; x64) AppleWebKit/537.36 (KHTML, like Gecko) Chrome/89.0.4389.90 Safari/537.36"
80.122.53.106 - - [19/Mar/2021:08:20:40 +0100] "GET /reload?ser=1616138438345 HTTP/1.1" 200 1233 "http://renault.activities.at/result?searchterm=true&search=stoffmuster" "Mozilla/5.0 (Windows NT 10.0; Win64; x64) AppleWebKit/537.36 (KHTML, like Gecko) Chrome/89.0.4389.90 Safari/537.36"
80.120.5.131 - - [19/Mar/2021:08:20:56 +0100] "GET /reload?ser=1616138456889 HTTP/1.1" 200 28 "http://renault.activities.at/result?searchterm=true&search=luftballon" "Mozilla/5.0 (Windows NT 10.0; Win64; x64) AppleWebKit/537.36 (KHTML, like Gecko) Chrome/89.0.4389.90 Safari/537.36"
193.194.132.21 - - [19/Mar/2021:08:21:22 +0100] "GET /reload?ser=1616138482355 HTTP/1.1" 200 28 "http://renault.2web.at/account" "Mozilla/5.0 (Windows NT 10.0; Win64; x64) AppleWebKit/537.36 (KHTML, like Gecko) Chrome/89.0.4389.90 Safari/537.36"
80.122.53.106 - - [19/Mar/2021:08:21:41 +0100] "GET /reload?ser=1616138499332 HTTP/1.1" 200 1241 "http://renault.activities.at/result?searchterm=true&search=stoffmuster" "Mozilla/5.0 (Windows NT 10.0; Win64; x64) AppleWebKit/537.36 (KHTML, like Gecko) Chrome/89.0.4389.90 Safari/537.36"
80.120.5.131 - - [19/Mar/2021:08:21:57 +0100] "GET /reload?ser=1616138517861 HTTP/1.1" 200 28 "http://renault.activities.at/result?searchterm=true&search=luftballon" "Mozilla/5.0 (Windows NT 10.0; Win64; x64) AppleWebKit/537.36 (KHTML, like Gecko) Chrome/89.0.4389.90 Safari/537.36"
193.194.132.21 - - [19/Mar/2021:08:22:24 +0100] "GET /reload?ser=1616138544357 HTTP/1.1" 200 28 "http://renault.2web.at/account" "Mozilla/5.0 (Windows NT 10.0; Win64; x64) AppleWebKit/537.36 (KHTML, like Gecko) Chrome/89.0.4389.90 Safari/537.36"
80.122.53.106 - - [19/Mar/2021:08:22:42 +0100] "GET /reload?ser=1616138560336 HTTP/1.1" 200 1245 "http://renault.activities.at/result?searchterm=true&search=stoffmuster" "Mozilla/5.0 (Windows NT 10.0; Win64; x64) AppleWebKit/537.36 (KHTML, like Gecko) Chrome/89.0.4389.90 Safari/537.36"
80.120.5.131 - - [19/Mar/2021:08:22:58 +0100] "GET /reload?ser=1616138578888 HTTP/1.1" 200 28 "http://renault.activities.at/result?searchterm=true&search=luftballon" "Mozilla/5.0 (Windows NT 10.0; Win64; x64) AppleWebKit/537.36 (KHTML, like Gecko) Chrome/89.0.4389.90 Safari/537.36"
193.194.132.21 - - [19/Mar/2021:08:23:26 +0100] "GET /reload?ser=1616138606357 HTTP/1.1" 200 28 "http://renault.2web.at/account" "Mozilla/5.0 (Windows NT 10.0; Win64; x64) AppleWebKit/537.36 (KHTML, like Gecko) Chrome/89.0.4389.90 Safari/537.36"
80.122.53.106 - - [19/Mar/2021:08:23:43 +0100] "GET /reload?ser=1616138621331 HTTP/1.1" 200 1254 "http://renault.activities.at/result?searchterm=true&search=stoffmuster" "Mozilla/5.0 (Windows NT 10.0; Win64; x64) AppleWebKit/537.36 (KHTML, like Gecko) Chrome/89.0.4389.90 Safari/537.36"
80.120.5.131 - - [19/Mar/2021:08:24:00 +0100] "GET /reload?ser=1616138640235 HTTP/1.1" 200 28 "http://renault.activities.at/result?searchterm=true&search=luftballon" "Mozilla/5.0 (Windows NT 10.0; Win64; x64) AppleWebKit/537.36 (KHTML, like Gecko) Chrome/89.0.4389.90 Safari/537.36"
193.194.132.21 - - [19/Mar/2021:08:24:28 +0100] "GET /reload?ser=1616138668357 HTTP/1.1" 200 28 "http://renault.2web.at/account" "Mozilla/5.0 (Windows NT 10.0; Win64; x64) AppleWebKit/537.36 (KHTML, like Gecko) Chrome/89.0.4389.90 Safari/537.36"
80.122.53.106 - - [19/Mar/2021:08:24:44 +0100] "GET /reload?ser=1616138682340 HTTP/1.1" 200 1246 "http://renault.activities.at/result?searchterm=true&search=stoffmuster" "Mozilla/5.0 (Windows NT 10.0; Win64; x64) AppleWebKit/537.36 (KHTML, like Gecko) Chrome/89.0.4389.90 Safari/537.36"
80.120.5.131 - - [19/Mar/2021:08:25:01 +0100] "GET /reload?ser=1616138701235 HTTP/1.1" 200 28 "http://renault.activities.at/result?searchterm=true&search=luftballon" "Mozilla/5.0 (Windows NT 10.0; Win64; x64) AppleWebKit/537.36 (KHTML, like Gecko) Chrome/89.0.4389.90 Safari/537.36"
193.194.132.21 - - [19/Mar/2021:08:25:30 +0100] "GET /reload?ser=1616138730362 HTTP/1.1" 200 28 "http://renault.2web.at/account" "Mozilla/5.0 (Windows NT 10.0; Win64; x64) AppleWebKit/537.36 (KHTML, like Gecko) Chrome/89.0.4389.90 Safari/537.36"
80.122.53.106 - - [19/Mar/2021:08:25:45 +0100] "GET /reload?ser=1616138743332 HTTP/1.1" 200 1239 "http://renault.activities.at/result?searchterm=true&search=stoffmuster" "Mozilla/5.0 (Windows NT 10.0; Win64; x64) AppleWebKit/537.36 (KHTML, like Gecko) Chrome/89.0.4389.90 Safari/537.36"
80.120.5.131 - - [19/Mar/2021:08:26:02 +0100] "GET /reload?ser=1616138762235 HTTP/1.1" 200 28 "http://renault.activities.at/result?searchterm=true&search=luftballon" "Mozilla/5.0 (Windows NT 10.0; Win64; x64) AppleWebKit/537.36 (KHTML, like Gecko) Chrome/89.0.4389.90 Safari/537.36"
193.194.132.21 - - [19/Mar/2021:08:26:32 +0100] "GET /reload?ser=1616138792366 HTTP/1.1" 200 28 "http://renault.2web.at/account" "Mozilla/5.0 (Windows NT 10.0; Win64; x64) AppleWebKit/537.36 (KHTML, like Gecko) Chrome/89.0.4389.90 Safari/537.36"
80.120.5.131 - - [19/Mar/2021:08:26:33 +0100] "POST /result?searchterm=true&search=luftballon HTTP/1.1" 200 6679 "http://renault.activities.at/result?searchterm=true&search=luftballon" "Mozilla/5.0 (Windows NT 10.0; Win64; x64) AppleWebKit/537.36 (KHTML, like Gecko) Chrome/89.0.4389.90 Safari/537.36"
80.120.5.131 - - [19/Mar/2021:08:26:38 +0100] "POST /result?searchterm=true&search=luftballon HTTP/1.1" 200 6680 "http://renault.activities.at/result?searchterm=true&search=luftballon" "Mozilla/5.0 (Windows NT 10.0; Win64; x64) AppleWebKit/537.36 (KHTML, like Gecko) Chrome/89.0.4389.90 Safari/537.36"
80.122.53.106 - - [19/Mar/2021:08:26:46 +0100] "GET /reload?ser=1616138804335 HTTP/1.1" 200 1240 "http://renault.activities.at/result?searchterm=true&search=stoffmuster" "Mozilla/5.0 (Windows NT 10.0; Win64; x64) AppleWebKit/537.36 (KHTML, like Gecko) Chrome/89.0.4389.90 Safari/537.36"
80.120.5.131 - - [19/Mar/2021:08:26:45 +0100] "POST /result?searchterm=true&search=luftballon HTTP/1.1" 200 6681 "http://renault.activities.at/result?searchterm=true&search=luftballon" "Mozilla/5.0 (Windows NT 10.0; Win64; x64) AppleWebKit/537.36 (KHTML, like Gecko) Chrome/89.0.4389.90 Safari/537.36"
80.120.5.131 - - [19/Mar/2021:08:26:54 +0100] "POST /result?searchterm=true&search=luftballon HTTP/1.1" 200 6685 "http://renault.activities.at/result?searchterm=true&search=luftballon" "Mozilla/5.0 (Windows NT 10.0; Win64; x64) AppleWebKit/537.36 (KHTML, like Gecko) Chrome/89.0.4389.90 Safari/537.36"
80.120.5.131 - - [19/Mar/2021:08:26:59 +0100] "POST /result?searchterm=true&search=luftballon HTTP/1.1" 200 6685 "http://renault.activities.at/result?searchterm=true&search=luftballon" "Mozilla/5.0 (Windows NT 10.0; Win64; x64) AppleWebKit/537.36 (KHTML, like Gecko) Chrome/89.0.4389.90 Safari/537.36"
193.194.132.21 - - [19/Mar/2021:08:27:34 +0100] "GET /reload?ser=1616138854371 HTTP/1.1" 200 28 "http://renault.2web.at/account" "Mozilla/5.0 (Windows NT 10.0; Win64; x64) AppleWebKit/537.36 (KHTML, like Gecko) Chrome/89.0.4389.90 Safari/537.36"
80.120.5.131 - - [19/Mar/2021:08:27:38 +0100] "GET /cart HTTP/1.1" 200 6270 "http://renault.activities.at/result?searchterm=true&search=luftballon" "Mozilla/5.0 (Windows NT 10.0; Win64; x64) AppleWebKit/537.36 (KHTML, like Gecko) Chrome/89.0.4389.90 Safari/537.36"
80.120.5.131 - - [19/Mar/2021:08:27:42 +0100] "GET /loadthumbnail.php?id=12266125&width=100 HTTP/1.1" 200 2456 "http://renault.activities.at/cart" "Mozilla/5.0 (Windows NT 10.0; Win64; x64) AppleWebKit/537.36 (KHTML, like Gecko) Chrome/89.0.4389.90 Safari/537.36"
80.120.5.131 - - [19/Mar/2021:08:27:42 +0100] "GET /loadthumbnail.php?id=12367878&width=100 HTTP/1.1" 200 2602 "http://renault.activities.at/cart" "Mozilla/5.0 (Windows NT 10.0; Win64; x64) AppleWebKit/537.36 (KHTML, like Gecko) Chrome/89.0.4389.90 Safari/537.36"
80.120.5.131 - - [19/Mar/2021:08:27:42 +0100] "GET /loadthumbnail.php?id=12237270&width=100 HTTP/1.1" 200 2400 "http://renault.activities.at/cart" "Mozilla/5.0 (Windows NT 10.0; Win64; x64) AppleWebKit/537.36 (KHTML, like Gecko) Chrome/89.0.4389.90 Safari/537.36"
80.120.5.131 - - [19/Mar/2021:08:27:42 +0100] "GET /loadthumbnail.php?id=10232009&width=16&height=16 HTTP/1.1" 200 700 "http://renault.activities.at/cart" "Mozilla/5.0 (Windows NT 10.0; Win64; x64) AppleWebKit/537.36 (KHTML, like Gecko) Chrome/89.0.4389.90 Safari/537.36"
80.120.5.131 - - [19/Mar/2021:08:27:42 +0100] "GET /loadthumbnail.php?id=12333882&width=100 HTTP/1.1" 200 2361 "http://renault.activities.at/cart" "Mozilla/5.0 (Windows NT 10.0; Win64; x64) AppleWebKit/537.36 (KHTML, like Gecko) Chrome/89.0.4389.90 Safari/537.36"
80.120.5.131 - - [19/Mar/2021:08:27:42 +0100] "GET /loadthumbnail.php?id=12234960&width=100 HTTP/1.1" 200 2648 "http://renault.activities.at/cart" "Mozilla/5.0 (Windows NT 10.0; Win64; x64) AppleWebKit/537.36 (KHTML, like Gecko) Chrome/89.0.4389.90 Safari/537.36"
80.120.5.131 - - [19/Mar/2021:08:27:42 +0100] "GET /loadthumbnail.php?id=10309492&width=100 HTTP/1.1" 200 2396 "http://renault.activities.at/cart" "Mozilla/5.0 (Windows NT 10.0; Win64; x64) AppleWebKit/537.36 (KHTML, like Gecko) Chrome/89.0.4389.90 Safari/537.36"
80.120.5.131 - - [19/Mar/2021:08:27:42 +0100] "GET /loadthumbnail.php?id=10309491&width=100 HTTP/1.1" 200 2360 "http://renault.activities.at/cart" "Mozilla/5.0 (Windows NT 10.0; Win64; x64) AppleWebKit/537.36 (KHTML, like Gecko) Chrome/89.0.4389.90 Safari/537.36"
80.120.5.131 - - [19/Mar/2021:08:27:42 +0100] "GET /loadthumbnail.php?id=11521730&width=100 HTTP/1.1" 200 2538 "http://renault.activities.at/cart" "Mozilla/5.0 (Windows NT 10.0; Win64; x64) AppleWebKit/537.36 (KHTML, like Gecko) Chrome/89.0.4389.90 Safari/537.36"
80.120.5.131 - - [19/Mar/2021:08:27:42 +0100] "GET /loadthumbnail.php?id=11489794&width=100 HTTP/1.1" 200 2592 "http://renault.activities.at/cart" "Mozilla/5.0 (Windows NT 10.0; Win64; x64) AppleWebKit/537.36 (KHTML, like Gecko) Chrome/89.0.4389.90 Safari/537.36"
80.120.5.131 - - [19/Mar/2021:08:27:42 +0100] "GET /loadthumbnail.php?id=11489786&width=100 HTTP/1.1" 200 2412 "http://renault.activities.at/cart" "Mozilla/5.0 (Windows NT 10.0; Win64; x64) AppleWebKit/537.36 (KHTML, like Gecko) Chrome/89.0.4389.90 Safari/537.36"
80.122.53.106 - - [19/Mar/2021:08:27:47 +0100] "GET /reload?ser=1616138865334 HTTP/1.1" 200 1238 "http://renault.activities.at/result?searchterm=true&search=stoffmuster" "Mozilla/5.0 (Windows NT 10.0; Win64; x64) AppleWebKit/537.36 (KHTML, like Gecko) Chrome/89.0.4389.90 Safari/537.36"
80.120.5.131 - - [19/Mar/2021:08:28:07 +0100] "GET /checkout HTTP/1.1" 200 10275 "http://renault.activities.at/cart" "Mozilla/5.0 (Windows NT 10.0; Win64; x64) AppleWebKit/537.36 (KHTML, like Gecko) Chrome/89.0.4389.90 Safari/537.36"
80.120.5.131 - - [19/Mar/2021:08:28:12 +0100] "GET /js/checkout2.js HTTP/1.1" 200 4122 "http://renault.activities.at/checkout" "Mozilla/5.0 (Windows NT 10.0; Win64; x64) AppleWebKit/537.36 (KHTML, like Gecko) Chrome/89.0.4389.90 Safari/537.36"
80.120.5.131 - - [19/Mar/2021:08:28:12 +0100] "GET /images/ajax_loading.gif HTTP/1.1" 200 1542 "http://renault.activities.at/checkout" "Mozilla/5.0 (Windows NT 10.0; Win64; x64) AppleWebKit/537.36 (KHTML, like Gecko) Chrome/89.0.4389.90 Safari/537.36"
80.120.5.131 - - [19/Mar/2021:08:28:12 +0100] "GET /images/step_bg.jpg HTTP/1.1" 200 319 "http://renault.activities.at/css/styles.css" "Mozilla/5.0 (Windows NT 10.0; Win64; x64) AppleWebKit/537.36 (KHTML, like Gecko) Chrome/89.0.4389.90 Safari/537.36"
80.120.5.131 - - [19/Mar/2021:08:28:12 +0100] "GET /images/step_marker.gif HTTP/1.1" 200 650 "http://renault.activities.at/css/styles.css" "Mozilla/5.0 (Windows NT 10.0; Win64; x64) AppleWebKit/537.36 (KHTML, like Gecko) Chrome/89.0.4389.90 Safari/537.36"
80.120.5.131 - - [19/Mar/2021:08:28:12 +0100] "GET /images/checkout_border_top.gif HTTP/1.1" 200 156 "http://renault.activities.at/css/styles.css" "Mozilla/5.0 (Windows NT 10.0; Win64; x64) AppleWebKit/537.36 (KHTML, like Gecko) Chrome/89.0.4389.90 Safari/537.36"
80.120.5.131 - - [19/Mar/2021:08:28:12 +0100] "GET /images/checkout_border.gif HTTP/1.1" 200 43 "http://renault.activities.at/css/styles.css" "Mozilla/5.0 (Windows NT 10.0; Win64; x64) AppleWebKit/537.36 (KHTML, like Gecko) Chrome/89.0.4389.90 Safari/537.36"
80.120.5.131 - - [19/Mar/2021:08:28:12 +0100] "GET /loadthumbnail.php?id=10201939 HTTP/1.1" 200 201 "http://renault.activities.at/checkout" "Mozilla/5.0 (Windows NT 10.0; Win64; x64) AppleWebKit/537.36 (KHTML, like Gecko) Chrome/89.0.4389.90 Safari/537.36"
80.120.5.131 - - [19/Mar/2021:08:28:12 +0100] "GET /loadthumbnail.php?id=10202698 HTTP/1.1" 200 16686 "http://renault.activities.at/checkout" "Mozilla/5.0 (Windows NT 10.0; Win64; x64) AppleWebKit/537.36 (KHTML, like Gecko) Chrome/89.0.4389.90 Safari/537.36"
193.194.132.21 - - [19/Mar/2021:08:28:36 +0100] "GET /reload?ser=1616138916376 HTTP/1.1" 200 28 "http://renault.2web.at/account" "Mozilla/5.0 (Windows NT 10.0; Win64; x64) AppleWebKit/537.36 (KHTML, like Gecko) Chrome/89.0.4389.90 Safari/537.36"
80.122.53.106 - - [19/Mar/2021:08:28:48 +0100] "GET /reload?ser=1616138926341 HTTP/1.1" 200 1239 "http://renault.activities.at/result?searchterm=true&search=stoffmuster" "Mozilla/5.0 (Windows NT 10.0; Win64; x64) AppleWebKit/537.36 (KHTML, like Gecko) Chrome/89.0.4389.90 Safari/537.36"
80.120.5.131 - - [19/Mar/2021:08:29:03 +0100] "POST /docheckout HTTP/1.1" 200 456 "http://renault.activities.at/checkout" "Mozilla/5.0 (Windows NT 10.0; Win64; x64) AppleWebKit/537.36 (KHTML, like Gecko) Chrome/89.0.4389.90 Safari/537.36"
80.120.5.131 - - [19/Mar/2021:08:29:07 +0100] "POST /docheckout HTTP/1.1" 200 904 "http://renault.activities.at/checkout" "Mozilla/5.0 (Windows NT 10.0; Win64; x64) AppleWebKit/537.36 (KHTML, like Gecko) Chrome/89.0.4389.90 Safari/537.36"
80.120.5.131 - - [19/Mar/2021:08:29:09 +0100] "GET /images/error_msg_icon.gif HTTP/1.1" 200 1013 "http://renault.activities.at/checkout" "Mozilla/5.0 (Windows NT 10.0; Win64; x64) AppleWebKit/537.36 (KHTML, like Gecko) Chrome/89.0.4389.90 Safari/537.36"
80.120.5.131 - - [19/Mar/2021:08:29:12 +0100] "GET /reload?ser=1616138952693 HTTP/1.1" 200 28 "http://renault.activities.at/checkout" "Mozilla/5.0 (Windows NT 10.0; Win64; x64) AppleWebKit/537.36 (KHTML, like Gecko) Chrome/89.0.4389.90 Safari/537.36"
80.120.5.131 - - [19/Mar/2021:08:29:15 +0100] "POST /docheckout HTTP/1.1" 200 68 "http://renault.activities.at/checkout" "Mozilla/5.0 (Windows NT 10.0; Win64; x64) AppleWebKit/537.36 (KHTML, like Gecko) Chrome/89.0.4389.90 Safari/537.36"
80.120.5.131 - - [19/Mar/2021:08:29:19 +0100] "GET /success HTTP/1.1" 200 3794 "http://renault.activities.at/checkout" "Mozilla/5.0 (Windows NT 10.0; Win64; x64) AppleWebKit/537.36 (KHTML, like Gecko) Chrome/89.0.4389.90 Safari/537.36"
80.120.5.131 - - [19/Mar/2021:08:29:38 +0100] "POST /axjaxrequest?mode=suggest HTTP/1.1" 200 111 "http://renault.activities.at/success" "Mozilla/5.0 (Windows NT 10.0; Win64; x64) AppleWebKit/537.36 (KHTML, like Gecko) Chrome/89.0.4389.90 Safari/537.36"
193.194.132.21 - - [19/Mar/2021:08:29:38 +0100] "GET /reload?ser=1616138978381 HTTP/1.1" 200 28 "http://renault.2web.at/account" "Mozilla/5.0 (Windows NT 10.0; Win64; x64) AppleWebKit/537.36 (KHTML, like Gecko) Chrome/89.0.4389.90 Safari/537.36"
80.120.5.131 - - [19/Mar/2021:08:29:39 +0100] "GET /result?searchterm=true&search=master HTTP/1.1" 200 7412 "http://renault.activities.at/success" "Mozilla/5.0 (Windows NT 10.0; Win64; x64) AppleWebKit/537.36 (KHTML, like Gecko) Chrome/89.0.4389.90 Safari/537.36"
80.120.5.131 - - [19/Mar/2021:08:29:41 +0100] "GET /loadthumbnail.php?id=12367878&width=50&height=50 HTTP/1.1" 200 1169 "http://renault.activities.at/result?searchterm=true&search=master" "Mozilla/5.0 (Windows NT 10.0; Win64; x64) AppleWebKit/537.36 (KHTML, like Gecko) Chrome/89.0.4389.90 Safari/537.36"
80.120.5.131 - - [19/Mar/2021:08:29:41 +0100] "GET /loadthumbnail.php?id=12266125&width=50&height=50 HTTP/1.1" 200 1177 "http://renault.activities.at/result?searchterm=true&search=master" "Mozilla/5.0 (Windows NT 10.0; Win64; x64) AppleWebKit/537.36 (KHTML, like Gecko) Chrome/89.0.4389.90 Safari/537.36"
80.120.5.131 - - [19/Mar/2021:08:29:41 +0100] "GET /loadthumbnail.php?id=10309491&width=50&height=50 HTTP/1.1" 200 1292 "http://renault.activities.at/result?searchterm=true&search=master" "Mozilla/5.0 (Windows NT 10.0; Win64; x64) AppleWebKit/537.36 (KHTML, like Gecko) Chrome/89.0.4389.90 Safari/537.36"
80.120.5.131 - - [19/Mar/2021:08:29:41 +0100] "GET /loadthumbnail.php?id=12333882&width=50&height=50 HTTP/1.1" 200 1113 "http://renault.activities.at/result?searchterm=true&search=master" "Mozilla/5.0 (Windows NT 10.0; Win64; x64) AppleWebKit/537.36 (KHTML, like Gecko) Chrome/89.0.4389.90 Safari/537.36"
80.120.5.131 - - [19/Mar/2021:08:29:41 +0100] "GET /loadthumbnail.php?id=12237270&width=50&height=50 HTTP/1.1" 200 1115 "http://renault.activities.at/result?searchterm=true&search=master" "Mozilla/5.0 (Windows NT 10.0; Win64; x64) AppleWebKit/537.36 (KHTML, like Gecko) Chrome/89.0.4389.90 Safari/537.36"
80.120.5.131 - - [19/Mar/2021:08:29:41 +0100] "GET /loadthumbnail.php?id=12234960&width=50&height=50 HTTP/1.1" 200 1200 "http://renault.activities.at/result?searchterm=true&search=master" "Mozilla/5.0 (Windows NT 10.0; Win64; x64) AppleWebKit/537.36 (KHTML, like Gecko) Chrome/89.0.4389.90 Safari/537.36"
80.120.5.131 - - [19/Mar/2021:08:29:42 +0100] "GET /loadthumbnail.php?id=10309492&width=50&height=50 HTTP/1.1" 200 1313 "http://renault.activities.at/result?searchterm=true&search=master" "Mozilla/5.0 (Windows NT 10.0; Win64; x64) AppleWebKit/537.36 (KHTML, like Gecko) Chrome/89.0.4389.90 Safari/537.36"
80.120.5.131 - - [19/Mar/2021:08:29:42 +0100] "GET /loadthumbnail.php?id=11885850&width=113 HTTP/1.1" 200 1552 "http://renault.activities.at/result?searchterm=true&search=master" "Mozilla/5.0 (Windows NT 10.0; Win64; x64) AppleWebKit/537.36 (KHTML, like Gecko) Chrome/89.0.4389.90 Safari/537.36"
80.120.5.131 - - [19/Mar/2021:08:29:42 +0100] "GET /loadthumbnail.php?id=12139706&width=113 HTTP/1.1" 200 28671 "http://renault.activities.at/result?searchterm=true&search=master" "Mozilla/5.0 (Windows NT 10.0; Win64; x64) AppleWebKit/537.36 (KHTML, like Gecko) Chrome/89.0.4389.90 Safari/537.36"
80.120.5.131 - - [19/Mar/2021:08:29:42 +0100] "GET /loadthumbnail.php?id=12176983&width=113 HTTP/1.1" 200 2917 "http://renault.activities.at/result?searchterm=true&search=master" "Mozilla/5.0 (Windows NT 10.0; Win64; x64) AppleWebKit/537.36 (KHTML, like Gecko) Chrome/89.0.4389.90 Safari/537.36"
80.120.5.131 - - [19/Mar/2021:08:29:42 +0100] "GET /loadthumbnail.php?id=10260875&width=113 HTTP/1.1" 200 1170 "http://renault.activities.at/result?searchterm=true&search=master" "Mozilla/5.0 (Windows NT 10.0; Win64; x64) AppleWebKit/537.36 (KHTML, like Gecko) Chrome/89.0.4389.90 Safari/537.36"
80.120.5.131 - - [19/Mar/2021:08:29:42 +0100] "GET /loadthumbnail.php?id=10768339&width=113 HTTP/1.1" 200 2677 "http://renault.activities.at/result?searchterm=true&search=master" "Mozilla/5.0 (Windows NT 10.0; Win64; x64) AppleWebKit/537.36 (KHTML, like Gecko) Chrome/89.0.4389.90 Safari/537.36"
80.120.5.131 - - [19/Mar/2021:08:29:42 +0100] "GET /loadthumbnail.php?id=12139710&width=113 HTTP/1.1" 200 34483 "http://renault.activities.at/result?searchterm=true&search=master" "Mozilla/5.0 (Windows NT 10.0; Win64; x64) AppleWebKit/537.36 (KHTML, like Gecko) Chrome/89.0.4389.90 Safari/537.36"
80.120.5.131 - - [19/Mar/2021:08:29:42 +0100] "GET /loadthumbnail.php?id=10768338&width=113 HTTP/1.1" 200 2677 "http://renault.activities.at/result?searchterm=true&search=master" "Mozilla/5.0 (Windows NT 10.0; Win64; x64) AppleWebKit/537.36 (KHTML, like Gecko) Chrome/89.0.4389.90 Safari/537.36"
80.120.5.131 - - [19/Mar/2021:08:29:42 +0100] "GET /loadthumbnail.php?id=11489795&width=50&height=50 HTTP/1.1" 200 1333 "http://renault.activities.at/result?searchterm=true&search=master" "Mozilla/5.0 (Windows NT 10.0; Win64; x64) AppleWebKit/537.36 (KHTML, like Gecko) Chrome/89.0.4389.90 Safari/537.36"
80.120.5.131 - - [19/Mar/2021:08:29:42 +0100] "GET /loadthumbnail.php?id=11489786&width=50&height=50 HTTP/1.1" 200 1319 "http://renault.activities.at/result?searchterm=true&search=master" "Mozilla/5.0 (Windows NT 10.0; Win64; x64) AppleWebKit/537.36 (KHTML, like Gecko) Chrome/89.0.4389.90 Safari/537.36"
80.120.5.131 - - [19/Mar/2021:08:29:42 +0100] "GET /loadthumbnail.php?id=11521730&width=50&height=50 HTTP/1.1" 200 1378 "http://renault.activities.at/result?searchterm=true&search=master" "Mozilla/5.0 (Windows NT 10.0; Win64; x64) AppleWebKit/537.36 (KHTML, like Gecko) Chrome/89.0.4389.90 Safari/537.36"
80.122.53.106 - - [19/Mar/2021:08:29:49 +0100] "GET /reload?ser=1616138987337 HTTP/1.1" 200 1243 "http://renault.activities.at/result?searchterm=true&search=stoffmuster" "Mozilla/5.0 (Windows NT 10.0; Win64; x64) AppleWebKit/537.36 (KHTML, like Gecko) Chrome/89.0.4389.90 Safari/537.36"
80.120.5.131 - - [19/Mar/2021:08:29:51 +0100] "POST /axjaxrequest?mode=suggest HTTP/1.1" 200 112 "http://renault.activities.at/result?searchterm=true&search=master" "Mozilla/5.0 (Windows NT 10.0; Win64; x64) AppleWebKit/537.36 (KHTML, like Gecko) Chrome/89.0.4389.90 Safari/537.36"
80.120.5.131 - - [19/Mar/2021:08:29:52 +0100] "POST /axjaxrequest?mode=suggest HTTP/1.1" 200 112 "http://renault.activities.at/result?searchterm=true&search=master" "Mozilla/5.0 (Windows NT 10.0; Win64; x64) AppleWebKit/537.36 (KHTML, like Gecko) Chrome/89.0.4389.90 Safari/537.36"
80.120.5.131 - - [19/Mar/2021:08:29:53 +0100] "GET /result?searchterm=true&search=trafic HTTP/1.1" 200 7466 "http://renault.activities.at/result?searchterm=true&search=master" "Mozilla/5.0 (Windows NT 10.0; Win64; x64) AppleWebKit/537.36 (KHTML, like Gecko) Chrome/89.0.4389.90 Safari/537.36"
80.120.5.131 - - [19/Mar/2021:08:29:56 +0100] "GET /loadthumbnail.php?id=10260877&width=113 HTTP/1.1" 200 1170 "http://renault.activities.at/result?searchterm=true&search=trafic" "Mozilla/5.0 (Windows NT 10.0; Win64; x64) AppleWebKit/537.36 (KHTML, like Gecko) Chrome/89.0.4389.90 Safari/537.36"
80.120.5.131 - - [19/Mar/2021:08:29:56 +0100] "GET /loadthumbnail.php?id=11339764&width=113 HTTP/1.1" 200 2128 "http://renault.activities.at/result?searchterm=true&search=trafic" "Mozilla/5.0 (Windows NT 10.0; Win64; x64) AppleWebKit/537.36 (KHTML, like Gecko) Chrome/89.0.4389.90 Safari/537.36"
80.120.5.131 - - [19/Mar/2021:08:29:56 +0100] "GET /loadthumbnail.php?id=11339768&width=113 HTTP/1.1" 200 2128 "http://renault.activities.at/result?searchterm=true&search=trafic" "Mozilla/5.0 (Windows NT 10.0; Win64; x64) AppleWebKit/537.36 (KHTML, like Gecko) Chrome/89.0.4389.90 Safari/537.36"
80.120.5.131 - - [19/Mar/2021:08:29:56 +0100] "GET /loadthumbnail.php?id=12176987&width=113 HTTP/1.1" 200 3020 "http://renault.activities.at/result?searchterm=true&search=trafic" "Mozilla/5.0 (Windows NT 10.0; Win64; x64) AppleWebKit/537.36 (KHTML, like Gecko) Chrome/89.0.4389.90 Safari/537.36"
80.120.5.131 - - [19/Mar/2021:08:29:56 +0100] "GET /loadthumbnail.php?id=12334033&width=113 HTTP/1.1" 200 3232 "http://renault.activities.at/result?searchterm=true&search=trafic" "Mozilla/5.0 (Windows NT 10.0; Win64; x64) AppleWebKit/537.36 (KHTML, like Gecko) Chrome/89.0.4389.90 Safari/537.36"
80.120.5.131 - - [19/Mar/2021:08:29:56 +0100] "GET /loadthumbnail.php?id=12230773&width=113 HTTP/1.1" 200 39654 "http://renault.activities.at/result?searchterm=true&search=trafic" "Mozilla/5.0 (Windows NT 10.0; Win64; x64) AppleWebKit/537.36 (KHTML, like Gecko) Chrome/89.0.4389.90 Safari/537.36"
80.120.5.131 - - [19/Mar/2021:08:29:56 +0100] "GET /loadthumbnail.php?id=12231767&width=113 HTTP/1.1" 200 30758 "http://renault.activities.at/result?searchterm=true&search=trafic" "Mozilla/5.0 (Windows NT 10.0; Win64; x64) AppleWebKit/537.36 (KHTML, like Gecko) Chrome/89.0.4389.90 Safari/537.36"
80.120.5.131 - - [19/Mar/2021:08:29:56 +0100] "GET /loadthumbnail.php?id=12231771&width=113 HTTP/1.1" 200 30339 "http://renault.activities.at/result?searchterm=true&search=trafic" "Mozilla/5.0 (Windows NT 10.0; Win64; x64) AppleWebKit/537.36 (KHTML, like Gecko) Chrome/89.0.4389.90 Safari/537.36"
193.194.132.21 - - [19/Mar/2021:08:30:40 +0100] "GET /reload?ser=1616139040381 HTTP/1.1" 200 28 "http://renault.2web.at/account" "Mozilla/5.0 (Windows NT 10.0; Win64; x64) AppleWebKit/537.36 (KHTML, like Gecko) Chrome/89.0.4389.90 Safari/537.36"
80.122.53.106 - - [19/Mar/2021:08:30:50 +0100] "GET /reload?ser=1616139048333 HTTP/1.1" 200 1236 "http://renault.activities.at/result?searchterm=true&search=stoffmuster" "Mozilla/5.0 (Windows NT 10.0; Win64; x64) AppleWebKit/537.36 (KHTML, like Gecko) Chrome/89.0.4389.90 Safari/537.36"
193.194.132.21 - - [19/Mar/2021:08:31:42 +0100] "GET /reload?ser=1616139102384 HTTP/1.1" 200 28 "http://renault.2web.at/account" "Mozilla/5.0 (Windows NT 10.0; Win64; x64) AppleWebKit/537.36 (KHTML, like Gecko) Chrome/89.0.4389.90 Safari/537.36"
80.122.53.106 - - [19/Mar/2021:08:31:51 +0100] "GET /reload?ser=1616139109343 HTTP/1.1" 200 1233 "http://renault.activities.at/result?searchterm=true&search=stoffmuster" "Mozilla/5.0 (Windows NT 10.0; Win64; x64) AppleWebKit/537.36 (KHTML, like Gecko) Chrome/89.0.4389.90 Safari/537.36"
193.194.132.21 - - [19/Mar/2021:08:32:44 +0100] "GET /reload?ser=1616139164385 HTTP/1.1" 200 28 "http://renault.2web.at/account" "Mozilla/5.0 (Windows NT 10.0; Win64; x64) AppleWebKit/537.36 (KHTML, like Gecko) Chrome/89.0.4389.90 Safari/537.36"
80.122.53.106 - - [19/Mar/2021:08:32:52 +0100] "GET /reload?ser=1616139170346 HTTP/1.1" 200 1234 "http://renault.activities.at/result?searchterm=true&search=stoffmuster" "Mozilla/5.0 (Windows NT 10.0; Win64; x64) AppleWebKit/537.36 (KHTML, like Gecko) Chrome/89.0.4389.90 Safari/537.36"
193.194.132.21 - - [19/Mar/2021:08:33:46 +0100] "GET /reload?ser=1616139226388 HTTP/1.1" 200 28 "http://renault.2web.at/account" "Mozilla/5.0 (Windows NT 10.0; Win64; x64) AppleWebKit/537.36 (KHTML, like Gecko) Chrome/89.0.4389.90 Safari/537.36"
80.122.53.106 - - [19/Mar/2021:08:33:53 +0100] "GET /reload?ser=1616139231342 HTTP/1.1" 200 1237 "http://renault.activities.at/result?searchterm=true&search=stoffmuster" "Mozilla/5.0 (Windows NT 10.0; Win64; x64) AppleWebKit/537.36 (KHTML, like Gecko) Chrome/89.0.4389.90 Safari/537.36"
193.194.132.21 - - [19/Mar/2021:08:34:48 +0100] "GET /reload?ser=1616139288389 HTTP/1.1" 200 28 "http://renault.2web.at/account" "Mozilla/5.0 (Windows NT 10.0; Win64; x64) AppleWebKit/537.36 (KHTML, like Gecko) Chrome/89.0.4389.90 Safari/537.36"
80.122.53.106 - - [19/Mar/2021:08:34:54 +0100] "GET /reload?ser=1616139292344 HTTP/1.1" 200 1244 "http://renault.activities.at/result?searchterm=true&search=stoffmuster" "Mozilla/5.0 (Windows NT 10.0; Win64; x64) AppleWebKit/537.36 (KHTML, like Gecko) Chrome/89.0.4389.90 Safari/537.36"
193.194.132.21 - - [19/Mar/2021:08:35:50 +0100] "GET /reload?ser=1616139350391 HTTP/1.1" 200 28 "http://renault.2web.at/account" "Mozilla/5.0 (Windows NT 10.0; Win64; x64) AppleWebKit/537.36 (KHTML, like Gecko) Chrome/89.0.4389.90 Safari/537.36"
80.122.53.106 - - [19/Mar/2021:08:35:55 +0100] "GET /reload?ser=1616139353346 HTTP/1.1" 200 1236 "http://renault.activities.at/result?searchterm=true&search=stoffmuster" "Mozilla/5.0 (Windows NT 10.0; Win64; x64) AppleWebKit/537.36 (KHTML, like Gecko) Chrome/89.0.4389.90 Safari/537.36"
193.194.132.21 - - [19/Mar/2021:08:36:52 +0100] "GET /reload?ser=1616139412394 HTTP/1.1" 200 28 "http://renault.2web.at/account" "Mozilla/5.0 (Windows NT 10.0; Win64; x64) AppleWebKit/537.36 (KHTML, like Gecko) Chrome/89.0.4389.90 Safari/537.36"
80.122.53.106 - - [19/Mar/2021:08:36:56 +0100] "GET /reload?ser=1616139414332 HTTP/1.1" 200 1244 "http://renault.activities.at/result?searchterm=true&search=stoffmuster" "Mozilla/5.0 (Windows NT 10.0; Win64; x64) AppleWebKit/537.36 (KHTML, like Gecko) Chrome/89.0.4389.90 Safari/537.36"
193.194.132.21 - - [19/Mar/2021:08:37:54 +0100] "GET /reload?ser=1616139474393 HTTP/1.1" 200 28 "http://renault.2web.at/account" "Mozilla/5.0 (Windows NT 10.0; Win64; x64) AppleWebKit/537.36 (KHTML, like Gecko) Chrome/89.0.4389.90 Safari/537.36"
80.122.53.106 - - [19/Mar/2021:08:37:57 +0100] "GET /reload?ser=1616139475337 HTTP/1.1" 200 1242 "http://renault.activities.at/result?searchterm=true&search=stoffmuster" "Mozilla/5.0 (Windows NT 10.0; Win64; x64) AppleWebKit/537.36 (KHTML, like Gecko) Chrome/89.0.4389.90 Safari/537.36"
193.194.132.21 - - [19/Mar/2021:08:38:56 +0100] "GET /reload?ser=1616139536393 HTTP/1.1" 200 28 "http://renault.2web.at/account" "Mozilla/5.0 (Windows NT 10.0; Win64; x64) AppleWebKit/537.36 (KHTML, like Gecko) Chrome/89.0.4389.90 Safari/537.36"
80.122.53.106 - - [19/Mar/2021:08:38:58 +0100] "GET /reload?ser=1616139536346 HTTP/1.1" 200 1238 "http://renault.activities.at/result?searchterm=true&search=stoffmuster" "Mozilla/5.0 (Windows NT 10.0; Win64; x64) AppleWebKit/537.36 (KHTML, like Gecko) Chrome/89.0.4389.90 Safari/537.36"
80.122.53.106 - - [19/Mar/2021:08:39:59 +0100] "GET /reload?ser=1616139597337 HTTP/1.1" 200 1244 "http://renault.activities.at/result?searchterm=true&search=stoffmuster" "Mozilla/5.0 (Windows NT 10.0; Win64; x64) AppleWebKit/537.36 (KHTML, like Gecko) Chrome/89.0.4389.90 Safari/537.36"
193.194.132.21 - - [19/Mar/2021:08:39:58 +0100] "GET /reload?ser=1616139598394 HTTP/1.1" 200 28 "http://renault.2web.at/account" "Mozilla/5.0 (Windows NT 10.0; Win64; x64) AppleWebKit/537.36 (KHTML, like Gecko) Chrome/89.0.4389.90 Safari/537.36"
80.122.53.106 - - [19/Mar/2021:08:41:00 +0100] "GET /reload?ser=1616139658334 HTTP/1.1" 200 1236 "http://renault.activities.at/result?searchterm=true&search=stoffmuster" "Mozilla/5.0 (Windows NT 10.0; Win64; x64) AppleWebKit/537.36 (KHTML, like Gecko) Chrome/89.0.4389.90 Safari/537.36"
193.194.132.21 - - [19/Mar/2021:08:41:01 +0100] "GET /reload?ser=1616139660395 HTTP/1.1" 200 28 "http://renault.2web.at/account" "Mozilla/5.0 (Windows NT 10.0; Win64; x64) AppleWebKit/537.36 (KHTML, like Gecko) Chrome/89.0.4389.90 Safari/537.36"
80.122.53.106 - - [19/Mar/2021:08:42:01 +0100] "GET /reload?ser=1616139719342 HTTP/1.1" 200 1230 "http://renault.activities.at/result?searchterm=true&search=stoffmuster" "Mozilla/5.0 (Windows NT 10.0; Win64; x64) AppleWebKit/537.36 (KHTML, like Gecko) Chrome/89.0.4389.90 Safari/537.36"
193.194.132.21 - - [19/Mar/2021:08:42:02 +0100] "GET /reload?ser=1616139722397 HTTP/1.1" 200 28 "http://renault.2web.at/account" "Mozilla/5.0 (Windows NT 10.0; Win64; x64) AppleWebKit/537.36 (KHTML, like Gecko) Chrome/89.0.4389.90 Safari/537.36"
80.122.53.106 - - [19/Mar/2021:08:43:02 +0100] "GET /reload?ser=1616139780346 HTTP/1.1" 200 1237 "http://renault.activities.at/result?searchterm=true&search=stoffmuster" "Mozilla/5.0 (Windows NT 10.0; Win64; x64) AppleWebKit/537.36 (KHTML, like Gecko) Chrome/89.0.4389.90 Safari/537.36"
193.194.132.21 - - [19/Mar/2021:08:43:04 +0100] "GET /reload?ser=1616139784403 HTTP/1.1" 200 28 "http://renault.2web.at/account" "Mozilla/5.0 (Windows NT 10.0; Win64; x64) AppleWebKit/537.36 (KHTML, like Gecko) Chrome/89.0.4389.90 Safari/537.36"
80.122.53.106 - - [19/Mar/2021:08:44:03 +0100] "GET /reload?ser=1616139841333 HTTP/1.1" 200 1242 "http://renault.activities.at/result?searchterm=true&search=stoffmuster" "Mozilla/5.0 (Windows NT 10.0; Win64; x64) AppleWebKit/537.36 (KHTML, like Gecko) Chrome/89.0.4389.90 Safari/537.36"
193.194.132.21 - - [19/Mar/2021:08:44:07 +0100] "GET /reload?ser=1616139846409 HTTP/1.1" 200 28 "http://renault.2web.at/account" "Mozilla/5.0 (Windows NT 10.0; Win64; x64) AppleWebKit/537.36 (KHTML, like Gecko) Chrome/89.0.4389.90 Safari/537.36"
80.122.53.106 - - [19/Mar/2021:08:45:04 +0100] "GET /reload?ser=1616139902340 HTTP/1.1" 200 1235 "http://renault.activities.at/result?searchterm=true&search=stoffmuster" "Mozilla/5.0 (Windows NT 10.0; Win64; x64) AppleWebKit/537.36 (KHTML, like Gecko) Chrome/89.0.4389.90 Safari/537.36"
193.194.132.21 - - [19/Mar/2021:08:45:09 +0100] "GET /reload?ser=1616139909416 HTTP/1.1" 200 28 "http://renault.2web.at/account" "Mozilla/5.0 (Windows NT 10.0; Win64; x64) AppleWebKit/537.36 (KHTML, like Gecko) Chrome/89.0.4389.90 Safari/537.36"
80.122.53.106 - - [19/Mar/2021:08:46:05 +0100] "GET /reload?ser=1616139963342 HTTP/1.1" 200 1241 "http://renault.activities.at/result?searchterm=true&search=stoffmuster" "Mozilla/5.0 (Windows NT 10.0; Win64; x64) AppleWebKit/537.36 (KHTML, like Gecko) Chrome/89.0.4389.90 Safari/537.36"
193.194.132.21 - - [19/Mar/2021:08:46:11 +0100] "GET /reload?ser=1616139971423 HTTP/1.1" 200 28 "http://renault.2web.at/account" "Mozilla/5.0 (Windows NT 10.0; Win64; x64) AppleWebKit/537.36 (KHTML, like Gecko) Chrome/89.0.4389.90 Safari/537.36"
80.122.53.106 - - [19/Mar/2021:08:47:06 +0100] "GET /reload?ser=1616140024347 HTTP/1.1" 200 1235 "http://renault.activities.at/result?searchterm=true&search=stoffmuster" "Mozilla/5.0 (Windows NT 10.0; Win64; x64) AppleWebKit/537.36 (KHTML, like Gecko) Chrome/89.0.4389.90 Safari/537.36"
193.194.132.21 - - [19/Mar/2021:08:47:14 +0100] "GET /reload?ser=1616140033426 HTTP/1.1" 200 28 "http://renault.2web.at/account" "Mozilla/5.0 (Windows NT 10.0; Win64; x64) AppleWebKit/537.36 (KHTML, like Gecko) Chrome/89.0.4389.90 Safari/537.36"
80.122.53.106 - - [19/Mar/2021:08:48:07 +0100] "GET /reload?ser=1616140085346 HTTP/1.1" 200 1235 "http://renault.activities.at/result?searchterm=true&search=stoffmuster" "Mozilla/5.0 (Windows NT 10.0; Win64; x64) AppleWebKit/537.36 (KHTML, like Gecko) Chrome/89.0.4389.90 Safari/537.36"
193.194.132.21 - - [19/Mar/2021:08:48:15 +0100] "GET /reload?ser=1616140095428 HTTP/1.1" 200 28 "http://renault.2web.at/account" "Mozilla/5.0 (Windows NT 10.0; Win64; x64) AppleWebKit/537.36 (KHTML, like Gecko) Chrome/89.0.4389.90 Safari/537.36"
80.122.53.106 - - [19/Mar/2021:08:49:08 +0100] "GET /reload?ser=1616140146342 HTTP/1.1" 200 1228 "http://renault.activities.at/result?searchterm=true&search=stoffmuster" "Mozilla/5.0 (Windows NT 10.0; Win64; x64) AppleWebKit/537.36 (KHTML, like Gecko) Chrome/89.0.4389.90 Safari/537.36"
193.194.132.21 - - [19/Mar/2021:08:49:17 +0100] "GET /reload?ser=1616140157431 HTTP/1.1" 200 28 "http://renault.2web.at/account" "Mozilla/5.0 (Windows NT 10.0; Win64; x64) AppleWebKit/537.36 (KHTML, like Gecko) Chrome/89.0.4389.90 Safari/537.36"
80.122.53.106 - - [19/Mar/2021:08:50:09 +0100] "GET /reload?ser=1616140207335 HTTP/1.1" 200 1241 "http://renault.activities.at/result?searchterm=true&search=stoffmuster" "Mozilla/5.0 (Windows NT 10.0; Win64; x64) AppleWebKit/537.36 (KHTML, like Gecko) Chrome/89.0.4389.90 Safari/537.36"
193.194.132.21 - - [19/Mar/2021:08:50:19 +0100] "GET /reload?ser=1616140219434 HTTP/1.1" 200 28 "http://renault.2web.at/account" "Mozilla/5.0 (Windows NT 10.0; Win64; x64) AppleWebKit/537.36 (KHTML, like Gecko) Chrome/89.0.4389.90 Safari/537.36"
80.122.53.106 - - [19/Mar/2021:08:51:10 +0100] "GET /reload?ser=1616140268334 HTTP/1.1" 200 1243 "http://renault.activities.at/result?searchterm=true&search=stoffmuster" "Mozilla/5.0 (Windows NT 10.0; Win64; x64) AppleWebKit/537.36 (KHTML, like Gecko) Chrome/89.0.4389.90 Safari/537.36"
193.194.132.21 - - [19/Mar/2021:08:51:21 +0100] "GET /reload?ser=1616140281437 HTTP/1.1" 200 28 "http://renault.2web.at/account" "Mozilla/5.0 (Windows NT 10.0; Win64; x64) AppleWebKit/537.36 (KHTML, like Gecko) Chrome/89.0.4389.90 Safari/537.36"
80.122.53.106 - - [19/Mar/2021:08:52:11 +0100] "GET /reload?ser=1616140329338 HTTP/1.1" 200 1236 "http://renault.activities.at/result?searchterm=true&search=stoffmuster" "Mozilla/5.0 (Windows NT 10.0; Win64; x64) AppleWebKit/537.36 (KHTML, like Gecko) Chrome/89.0.4389.90 Safari/537.36"
193.194.132.21 - - [19/Mar/2021:08:52:23 +0100] "GET /reload?ser=1616140343443 HTTP/1.1" 200 28 "http://renault.2web.at/account" "Mozilla/5.0 (Windows NT 10.0; Win64; x64) AppleWebKit/537.36 (KHTML, like Gecko) Chrome/89.0.4389.90 Safari/537.36"
80.122.53.106 - - [19/Mar/2021:08:53:12 +0100] "GET /reload?ser=1616140390342 HTTP/1.1" 200 1234 "http://renault.activities.at/result?searchterm=true&search=stoffmuster" "Mozilla/5.0 (Windows NT 10.0; Win64; x64) AppleWebKit/537.36 (KHTML, like Gecko) Chrome/89.0.4389.90 Safari/537.36"
193.194.132.21 - - [19/Mar/2021:08:53:25 +0100] "GET /reload?ser=1616140405439 HTTP/1.1" 200 28 "http://renault.2web.at/account" "Mozilla/5.0 (Windows NT 10.0; Win64; x64) AppleWebKit/537.36 (KHTML, like Gecko) Chrome/89.0.4389.90 Safari/537.36"
80.122.53.106 - - [19/Mar/2021:08:54:13 +0100] "GET /reload?ser=1616140451342 HTTP/1.1" 200 1235 "http://renault.activities.at/result?searchterm=true&search=stoffmuster" "Mozilla/5.0 (Windows NT 10.0; Win64; x64) AppleWebKit/537.36 (KHTML, like Gecko) Chrome/89.0.4389.90 Safari/537.36"
