138.21.12.21 - - [19/Mar/2021:12:01:33 +0100] "GET /loadthumbnail.php?id=10745359&width=113 HTTP/1.1" 200 4202 "http://renault.2web.at/10201636" "Mozilla/5.0 (Windows NT 10.0; Win64; x64) AppleWebKit/537.36 (KHTML, like Gecko) Chrome/89.0.4389.90 Safari/537.36"
138.21.12.21 - - [19/Mar/2021:12:01:33 +0100] "GET /loadthumbnail.php?id=11660364&width=113 HTTP/1.1" 200 1865 "http://renault.2web.at/10201636" "Mozilla/5.0 (Windows NT 10.0; Win64; x64) AppleWebKit/537.36 (KHTML, like Gecko) Chrome/89.0.4389.90 Safari/537.36"
138.21.12.21 - - [19/Mar/2021:12:01:33 +0100] "GET /loadthumbnail.php?id=12230577&width=113 HTTP/1.1" 200 1374 "http://renault.2web.at/10201636" "Mozilla/5.0 (Windows NT 10.0; Win64; x64) AppleWebKit/537.36 (KHTML, like Gecko) Chrome/89.0.4389.90 Safari/537.36"
138.21.12.21 - - [19/Mar/2021:12:01:33 +0100] "GET /loadthumbnail.php?id=12388135&width=113 HTTP/1.1" 200 1381 "http://renault.2web.at/10201636" "Mozilla/5.0 (Windows NT 10.0; Win64; x64) AppleWebKit/537.36 (KHTML, like Gecko) Chrome/89.0.4389.90 Safari/537.36"
193.194.132.21 - - [19/Mar/2021:12:01:37 +0100] "GET /reload?ser=1616151696686 HTTP/1.1" 200 28 "http://renault.2web.at/account" "Mozilla/5.0 (Windows NT 10.0; Win64; x64) AppleWebKit/537.36 (KHTML, like Gecko) Chrome/89.0.4389.90 Safari/537.36"
80.122.53.106 - - [19/Mar/2021:12:02:18 +0100] "GET /reload?ser=1616151738107 HTTP/1.1" 200 1233 "http://renault.activities.at/result?searchterm=true&search=stoffmuster" "Mozilla/5.0 (Windows NT 10.0; Win64; x64) AppleWebKit/537.36 (KHTML, like Gecko) Chrome/89.0.4389.90 Safari/537.36"
138.21.12.21 - - [19/Mar/2021:12:02:27 +0100] "GET /10201636?dir=DESC&mode=grid&order=name&limit=15&page=2 HTTP/1.1" 200 6697 "http://renault.2web.at/10201636" "Mozilla/5.0 (Windows NT 10.0; Win64; x64) AppleWebKit/537.36 (KHTML, like Gecko) Chrome/89.0.4389.90 Safari/537.36"
138.21.12.21 - - [19/Mar/2021:12:02:30 +0100] "GET /loadthumbnail.php?id=12231767&width=113 HTTP/1.1" 200 30758 "http://renault.2web.at/10201636?dir=DESC&mode=grid&order=name&limit=15&page=2" "Mozilla/5.0 (Windows NT 10.0; Win64; x64) AppleWebKit/537.36 (KHTML, like Gecko) Chrome/89.0.4389.90 Safari/537.36"
138.21.12.21 - - [19/Mar/2021:12:02:30 +0100] "GET /loadthumbnail.php?id=12139710&width=113 HTTP/1.1" 200 34483 "http://renault.2web.at/10201636?dir=DESC&mode=grid&order=name&limit=15&page=2" "Mozilla/5.0 (Windows NT 10.0; Win64; x64) AppleWebKit/537.36 (KHTML, like Gecko) Chrome/89.0.4389.90 Safari/537.36"
138.21.12.21 - - [19/Mar/2021:12:02:30 +0100] "GET /loadthumbnail.php?id=12231771&width=113 HTTP/1.1" 200 30339 "http://renault.2web.at/10201636?dir=DESC&mode=grid&order=name&limit=15&page=2" "Mozilla/5.0 (Windows NT 10.0; Win64; x64) AppleWebKit/537.36 (KHTML, like Gecko) Chrome/89.0.4389.90 Safari/537.36"
138.21.12.21 - - [19/Mar/2021:12:02:30 +0100] "GET /loadthumbnail.php?id=10203275 HTTP/1.1" 200 85 "http://renault.2web.at/10201636?dir=DESC&mode=grid&order=name&limit=15&page=2" "Mozilla/5.0 (Windows NT 10.0; Win64; x64) AppleWebKit/537.36 (KHTML, like Gecko) Chrome/89.0.4389.90 Safari/537.36"
138.21.12.21 - - [19/Mar/2021:12:02:30 +0100] "GET /loadthumbnail.php?id=12388134&width=113 HTTP/1.1" 200 1524 "http://renault.2web.at/10201636?dir=DESC&mode=grid&order=name&limit=15&page=2" "Mozilla/5.0 (Windows NT 10.0; Win64; x64) AppleWebKit/537.36 (KHTML, like Gecko) Chrome/89.0.4389.90 Safari/537.36"
138.21.12.21 - - [19/Mar/2021:12:02:30 +0100] "GET /loadthumbnail.php?id=12363384&width=113 HTTP/1.1" 200 20801 "http://renault.2web.at/10201636?dir=DESC&mode=grid&order=name&limit=15&page=2" "Mozilla/5.0 (Windows NT 10.0; Win64; x64) AppleWebKit/537.36 (KHTML, like Gecko) Chrome/89.0.4389.90 Safari/537.36"
138.21.12.21 - - [19/Mar/2021:12:02:30 +0100] "GET /loadthumbnail.php?id=12204968&width=113 HTTP/1.1" 200 4284 "http://renault.2web.at/10201636?dir=DESC&mode=grid&order=name&limit=15&page=2" "Mozilla/5.0 (Windows NT 10.0; Win64; x64) AppleWebKit/537.36 (KHTML, like Gecko) Chrome/89.0.4389.90 Safari/537.36"
193.194.132.21 - - [19/Mar/2021:12:02:39 +0100] "GET /reload?ser=1616151758687 HTTP/1.1" 200 28 "http://renault.2web.at/account" "Mozilla/5.0 (Windows NT 10.0; Win64; x64) AppleWebKit/537.36 (KHTML, like Gecko) Chrome/89.0.4389.90 Safari/537.36"
138.21.12.21 - - [19/Mar/2021:12:03:11 +0100] "GET /10201636?dir=DESC&mode=grid&order=name&limit=15&page=1 HTTP/1.1" 200 8637 "http://renault.2web.at/10201636?dir=DESC&mode=grid&order=name&limit=15&page=2" "Mozilla/5.0 (Windows NT 10.0; Win64; x64) AppleWebKit/537.36 (KHTML, like Gecko) Chrome/89.0.4389.90 Safari/537.36"
138.21.12.21 - - [19/Mar/2021:12:03:15 +0100] "GET /images/vista-up-hover.gif HTTP/1.1" 200 130 "http://renault.2web.at/css/styles.css" "Mozilla/5.0 (Windows NT 10.0; Win64; x64) AppleWebKit/537.36 (KHTML, like Gecko) Chrome/89.0.4389.90 Safari/537.36"
80.122.53.106 - - [19/Mar/2021:12:03:19 +0100] "GET /reload?ser=1616151799114 HTTP/1.1" 200 1238 "http://renault.activities.at/result?searchterm=true&search=stoffmuster" "Mozilla/5.0 (Windows NT 10.0; Win64; x64) AppleWebKit/537.36 (KHTML, like Gecko) Chrome/89.0.4389.90 Safari/537.36"
193.194.132.21 - - [19/Mar/2021:12:03:41 +0100] "GET /reload?ser=1616151820687 HTTP/1.1" 200 28 "http://renault.2web.at/account" "Mozilla/5.0 (Windows NT 10.0; Win64; x64) AppleWebKit/537.36 (KHTML, like Gecko) Chrome/89.0.4389.90 Safari/537.36"
138.21.12.21 - - [19/Mar/2021:12:04:15 +0100] "GET /reload?ser=1616151855412 HTTP/1.1" 200 28 "http://renault.2web.at/10201636?dir=DESC&mode=grid&order=name&limit=15&page=1" "Mozilla/5.0 (Windows NT 10.0; Win64; x64) AppleWebKit/537.36 (KHTML, like Gecko) Chrome/89.0.4389.90 Safari/537.36"
80.122.53.106 - - [19/Mar/2021:12:04:20 +0100] "GET /reload?ser=1616151860112 HTTP/1.1" 200 1247 "http://renault.activities.at/result?searchterm=true&search=stoffmuster" "Mozilla/5.0 (Windows NT 10.0; Win64; x64) AppleWebKit/537.36 (KHTML, like Gecko) Chrome/89.0.4389.90 Safari/537.36"
193.194.132.21 - - [19/Mar/2021:12:04:43 +0100] "GET /reload?ser=1616151882686 HTTP/1.1" 200 28 "http://renault.2web.at/account" "Mozilla/5.0 (Windows NT 10.0; Win64; x64) AppleWebKit/537.36 (KHTML, like Gecko) Chrome/89.0.4389.90 Safari/537.36"
138.21.12.21 - - [19/Mar/2021:12:05:17 +0100] "GET /reload?ser=1616151917411 HTTP/1.1" 200 28 "http://renault.2web.at/10201636?dir=DESC&mode=grid&order=name&limit=15&page=1" "Mozilla/5.0 (Windows NT 10.0; Win64; x64) AppleWebKit/537.36 (KHTML, like Gecko) Chrome/89.0.4389.90 Safari/537.36"
80.122.53.106 - - [19/Mar/2021:12:05:21 +0100] "GET /reload?ser=1616151921113 HTTP/1.1" 200 1236 "http://renault.activities.at/result?searchterm=true&search=stoffmuster" "Mozilla/5.0 (Windows NT 10.0; Win64; x64) AppleWebKit/537.36 (KHTML, like Gecko) Chrome/89.0.4389.90 Safari/537.36"
193.194.132.21 - - [19/Mar/2021:12:05:45 +0100] "GET /reload?ser=1616151944687 HTTP/1.1" 200 28 "http://renault.2web.at/account" "Mozilla/5.0 (Windows NT 10.0; Win64; x64) AppleWebKit/537.36 (KHTML, like Gecko) Chrome/89.0.4389.90 Safari/537.36"
138.21.12.21 - - [19/Mar/2021:12:06:19 +0100] "GET /reload?ser=1616151979412 HTTP/1.1" 200 28 "http://renault.2web.at/10201636?dir=DESC&mode=grid&order=name&limit=15&page=1" "Mozilla/5.0 (Windows NT 10.0; Win64; x64) AppleWebKit/537.36 (KHTML, like Gecko) Chrome/89.0.4389.90 Safari/537.36"
80.122.53.106 - - [19/Mar/2021:12:06:22 +0100] "GET /reload?ser=1616151982102 HTTP/1.1" 200 1239 "http://renault.activities.at/result?searchterm=true&search=stoffmuster" "Mozilla/5.0 (Windows NT 10.0; Win64; x64) AppleWebKit/537.36 (KHTML, like Gecko) Chrome/89.0.4389.90 Safari/537.36"
193.194.132.21 - - [19/Mar/2021:12:06:47 +0100] "GET /reload?ser=1616152006688 HTTP/1.1" 200 28 "http://renault.2web.at/account" "Mozilla/5.0 (Windows NT 10.0; Win64; x64) AppleWebKit/537.36 (KHTML, like Gecko) Chrome/89.0.4389.90 Safari/537.36"
138.21.12.21 - - [19/Mar/2021:12:07:21 +0100] "GET /reload?ser=1616152041417 HTTP/1.1" 200 28 "http://renault.2web.at/10201636?dir=DESC&mode=grid&order=name&limit=15&page=1" "Mozilla/5.0 (Windows NT 10.0; Win64; x64) AppleWebKit/537.36 (KHTML, like Gecko) Chrome/89.0.4389.90 Safari/537.36"
80.122.53.106 - - [19/Mar/2021:12:07:23 +0100] "GET /reload?ser=1616152043100 HTTP/1.1" 200 1236 "http://renault.activities.at/result?searchterm=true&search=stoffmuster" "Mozilla/5.0 (Windows NT 10.0; Win64; x64) AppleWebKit/537.36 (KHTML, like Gecko) Chrome/89.0.4389.90 Safari/537.36"
193.194.132.21 - - [19/Mar/2021:12:07:49 +0100] "GET /reload?ser=1616152068687 HTTP/1.1" 200 28 "http://renault.2web.at/account" "Mozilla/5.0 (Windows NT 10.0; Win64; x64) AppleWebKit/537.36 (KHTML, like Gecko) Chrome/89.0.4389.90 Safari/537.36"
80.122.53.106 - - [19/Mar/2021:12:08:24 +0100] "GET /reload?ser=1616152104106 HTTP/1.1" 200 1243 "http://renault.activities.at/result?searchterm=true&search=stoffmuster" "Mozilla/5.0 (Windows NT 10.0; Win64; x64) AppleWebKit/537.36 (KHTML, like Gecko) Chrome/89.0.4389.90 Safari/537.36"
138.21.12.21 - - [19/Mar/2021:12:08:23 +0100] "GET /reload?ser=1616152103413 HTTP/1.1" 200 28 "http://renault.2web.at/10201636?dir=DESC&mode=grid&order=name&limit=15&page=1" "Mozilla/5.0 (Windows NT 10.0; Win64; x64) AppleWebKit/537.36 (KHTML, like Gecko) Chrome/89.0.4389.90 Safari/537.36"
193.194.132.21 - - [19/Mar/2021:12:08:51 +0100] "GET /reload?ser=1616152130687 HTTP/1.1" 200 28 "http://renault.2web.at/account" "Mozilla/5.0 (Windows NT 10.0; Win64; x64) AppleWebKit/537.36 (KHTML, like Gecko) Chrome/89.0.4389.90 Safari/537.36"
80.122.53.106 - - [19/Mar/2021:12:09:25 +0100] "GET /reload?ser=1616152165111 HTTP/1.1" 200 1234 "http://renault.activities.at/result?searchterm=true&search=stoffmuster" "Mozilla/5.0 (Windows NT 10.0; Win64; x64) AppleWebKit/537.36 (KHTML, like Gecko) Chrome/89.0.4389.90 Safari/537.36"
138.21.12.21 - - [19/Mar/2021:12:09:25 +0100] "GET /reload?ser=1616152165413 HTTP/1.1" 200 28 "http://renault.2web.at/10201636?dir=DESC&mode=grid&order=name&limit=15&page=1" "Mozilla/5.0 (Windows NT 10.0; Win64; x64) AppleWebKit/537.36 (KHTML, like Gecko) Chrome/89.0.4389.90 Safari/537.36"
193.194.132.21 - - [19/Mar/2021:12:09:53 +0100] "GET /reload?ser=1616152192688 HTTP/1.1" 200 28 "http://renault.2web.at/account" "Mozilla/5.0 (Windows NT 10.0; Win64; x64) AppleWebKit/537.36 (KHTML, like Gecko) Chrome/89.0.4389.90 Safari/537.36"
80.122.53.106 - - [19/Mar/2021:12:10:26 +0100] "GET /reload?ser=1616152226101 HTTP/1.1" 200 1247 "http://renault.activities.at/result?searchterm=true&search=stoffmuster" "Mozilla/5.0 (Windows NT 10.0; Win64; x64) AppleWebKit/537.36 (KHTML, like Gecko) Chrome/89.0.4389.90 Safari/537.36"
138.21.12.21 - - [19/Mar/2021:12:10:27 +0100] "GET /reload?ser=1616152227420 HTTP/1.1" 200 28 "http://renault.2web.at/10201636?dir=DESC&mode=grid&order=name&limit=15&page=1" "Mozilla/5.0 (Windows NT 10.0; Win64; x64) AppleWebKit/537.36 (KHTML, like Gecko) Chrome/89.0.4389.90 Safari/537.36"
193.194.132.21 - - [19/Mar/2021:12:10:55 +0100] "GET /reload?ser=1616152254688 HTTP/1.1" 200 28 "http://renault.2web.at/account" "Mozilla/5.0 (Windows NT 10.0; Win64; x64) AppleWebKit/537.36 (KHTML, like Gecko) Chrome/89.0.4389.90 Safari/537.36"
80.122.53.106 - - [19/Mar/2021:12:11:27 +0100] "GET /reload?ser=1616152287108 HTTP/1.1" 200 1248 "http://renault.activities.at/result?searchterm=true&search=stoffmuster" "Mozilla/5.0 (Windows NT 10.0; Win64; x64) AppleWebKit/537.36 (KHTML, like Gecko) Chrome/89.0.4389.90 Safari/537.36"
138.21.12.21 - - [19/Mar/2021:12:11:29 +0100] "GET /reload?ser=1616152289415 HTTP/1.1" 200 28 "http://renault.2web.at/10201636?dir=DESC&mode=grid&order=name&limit=15&page=1" "Mozilla/5.0 (Windows NT 10.0; Win64; x64) AppleWebKit/537.36 (KHTML, like Gecko) Chrome/89.0.4389.90 Safari/537.36"
193.194.132.21 - - [19/Mar/2021:12:11:57 +0100] "GET /reload?ser=1616152316688 HTTP/1.1" 200 28 "http://renault.2web.at/account" "Mozilla/5.0 (Windows NT 10.0; Win64; x64) AppleWebKit/537.36 (KHTML, like Gecko) Chrome/89.0.4389.90 Safari/537.36"
80.122.53.106 - - [19/Mar/2021:12:12:28 +0100] "GET /reload?ser=1616152348104 HTTP/1.1" 200 1235 "http://renault.activities.at/result?searchterm=true&search=stoffmuster" "Mozilla/5.0 (Windows NT 10.0; Win64; x64) AppleWebKit/537.36 (KHTML, like Gecko) Chrome/89.0.4389.90 Safari/537.36"
138.21.12.21 - - [19/Mar/2021:12:12:31 +0100] "GET /reload?ser=1616152351417 HTTP/1.1" 200 28 "http://renault.2web.at/10201636?dir=DESC&mode=grid&order=name&limit=15&page=1" "Mozilla/5.0 (Windows NT 10.0; Win64; x64) AppleWebKit/537.36 (KHTML, like Gecko) Chrome/89.0.4389.90 Safari/537.36"
193.194.132.21 - - [19/Mar/2021:12:12:59 +0100] "GET /reload?ser=1616152378689 HTTP/1.1" 200 28 "http://renault.2web.at/account" "Mozilla/5.0 (Windows NT 10.0; Win64; x64) AppleWebKit/537.36 (KHTML, like Gecko) Chrome/89.0.4389.90 Safari/537.36"
80.122.53.106 - - [19/Mar/2021:12:13:29 +0100] "GET /reload?ser=1616152409115 HTTP/1.1" 200 1247 "http://renault.activities.at/result?searchterm=true&search=stoffmuster" "Mozilla/5.0 (Windows NT 10.0; Win64; x64) AppleWebKit/537.36 (KHTML, like Gecko) Chrome/89.0.4389.90 Safari/537.36"
138.21.12.21 - - [19/Mar/2021:12:13:33 +0100] "GET /reload?ser=1616152413417 HTTP/1.1" 200 28 "http://renault.2web.at/10201636?dir=DESC&mode=grid&order=name&limit=15&page=1" "Mozilla/5.0 (Windows NT 10.0; Win64; x64) AppleWebKit/537.36 (KHTML, like Gecko) Chrome/89.0.4389.90 Safari/537.36"
193.194.132.21 - - [19/Mar/2021:12:14:01 +0100] "GET /reload?ser=1616152440691 HTTP/1.1" 200 28 "http://renault.2web.at/account" "Mozilla/5.0 (Windows NT 10.0; Win64; x64) AppleWebKit/537.36 (KHTML, like Gecko) Chrome/89.0.4389.90 Safari/537.36"
80.122.53.106 - - [19/Mar/2021:12:14:30 +0100] "GET /reload?ser=1616152470114 HTTP/1.1" 200 1241 "http://renault.activities.at/result?searchterm=true&search=stoffmuster" "Mozilla/5.0 (Windows NT 10.0; Win64; x64) AppleWebKit/537.36 (KHTML, like Gecko) Chrome/89.0.4389.90 Safari/537.36"
138.21.12.21 - - [19/Mar/2021:12:14:35 +0100] "GET /reload?ser=1616152475419 HTTP/1.1" 200 28 "http://renault.2web.at/10201636?dir=DESC&mode=grid&order=name&limit=15&page=1" "Mozilla/5.0 (Windows NT 10.0; Win64; x64) AppleWebKit/537.36 (KHTML, like Gecko) Chrome/89.0.4389.90 Safari/537.36"
193.194.132.21 - - [19/Mar/2021:12:15:03 +0100] "GET /reload?ser=1616152502688 HTTP/1.1" 200 28 "http://renault.2web.at/account" "Mozilla/5.0 (Windows NT 10.0; Win64; x64) AppleWebKit/537.36 (KHTML, like Gecko) Chrome/89.0.4389.90 Safari/537.36"
80.122.53.106 - - [19/Mar/2021:12:15:31 +0100] "GET /reload?ser=1616152531113 HTTP/1.1" 200 1239 "http://renault.activities.at/result?searchterm=true&search=stoffmuster" "Mozilla/5.0 (Windows NT 10.0; Win64; x64) AppleWebKit/537.36 (KHTML, like Gecko) Chrome/89.0.4389.90 Safari/537.36"
138.21.12.21 - - [19/Mar/2021:12:15:37 +0100] "GET /reload?ser=1616152537419 HTTP/1.1" 200 28 "http://renault.2web.at/10201636?dir=DESC&mode=grid&order=name&limit=15&page=1" "Mozilla/5.0 (Windows NT 10.0; Win64; x64) AppleWebKit/537.36 (KHTML, like Gecko) Chrome/89.0.4389.90 Safari/537.36"
193.194.132.21 - - [19/Mar/2021:12:16:05 +0100] "GET /reload?ser=1616152564688 HTTP/1.1" 200 28 "http://renault.2web.at/account" "Mozilla/5.0 (Windows NT 10.0; Win64; x64) AppleWebKit/537.36 (KHTML, like Gecko) Chrome/89.0.4389.90 Safari/537.36"
80.122.53.106 - - [19/Mar/2021:12:16:32 +0100] "GET /reload?ser=1616152592110 HTTP/1.1" 200 1233 "http://renault.activities.at/result?searchterm=true&search=stoffmuster" "Mozilla/5.0 (Windows NT 10.0; Win64; x64) AppleWebKit/537.36 (KHTML, like Gecko) Chrome/89.0.4389.90 Safari/537.36"
138.21.12.21 - - [19/Mar/2021:12:16:39 +0100] "GET /reload?ser=1616152599419 HTTP/1.1" 200 28 "http://renault.2web.at/10201636?dir=DESC&mode=grid&order=name&limit=15&page=1" "Mozilla/5.0 (Windows NT 10.0; Win64; x64) AppleWebKit/537.36 (KHTML, like Gecko) Chrome/89.0.4389.90 Safari/537.36"
193.194.132.21 - - [19/Mar/2021:12:17:07 +0100] "GET /reload?ser=1616152626689 HTTP/1.1" 200 28 "http://renault.2web.at/account" "Mozilla/5.0 (Windows NT 10.0; Win64; x64) AppleWebKit/537.36 (KHTML, like Gecko) Chrome/89.0.4389.90 Safari/537.36"
80.122.53.106 - - [19/Mar/2021:12:17:33 +0100] "GET /reload?ser=1616152653111 HTTP/1.1" 200 1240 "http://renault.activities.at/result?searchterm=true&search=stoffmuster" "Mozilla/5.0 (Windows NT 10.0; Win64; x64) AppleWebKit/537.36 (KHTML, like Gecko) Chrome/89.0.4389.90 Safari/537.36"
138.21.12.21 - - [19/Mar/2021:12:17:41 +0100] "GET /reload?ser=1616152661421 HTTP/1.1" 200 28 "http://renault.2web.at/10201636?dir=DESC&mode=grid&order=name&limit=15&page=1" "Mozilla/5.0 (Windows NT 10.0; Win64; x64) AppleWebKit/537.36 (KHTML, like Gecko) Chrome/89.0.4389.90 Safari/537.36"
193.194.132.21 - - [19/Mar/2021:12:18:09 +0100] "GET /reload?ser=1616152688689 HTTP/1.1" 200 28 "http://renault.2web.at/account" "Mozilla/5.0 (Windows NT 10.0; Win64; x64) AppleWebKit/537.36 (KHTML, like Gecko) Chrome/89.0.4389.90 Safari/537.36"
80.122.53.106 - - [19/Mar/2021:12:18:34 +0100] "GET /reload?ser=1616152714108 HTTP/1.1" 200 1230 "http://renault.activities.at/result?searchterm=true&search=stoffmuster" "Mozilla/5.0 (Windows NT 10.0; Win64; x64) AppleWebKit/537.36 (KHTML, like Gecko) Chrome/89.0.4389.90 Safari/537.36"
138.21.12.21 - - [19/Mar/2021:12:18:43 +0100] "GET /reload?ser=1616152723422 HTTP/1.1" 200 28 "http://renault.2web.at/10201636?dir=DESC&mode=grid&order=name&limit=15&page=1" "Mozilla/5.0 (Windows NT 10.0; Win64; x64) AppleWebKit/537.36 (KHTML, like Gecko) Chrome/89.0.4389.90 Safari/537.36"
193.194.132.21 - - [19/Mar/2021:12:19:11 +0100] "GET /reload?ser=1616152750689 HTTP/1.1" 200 28 "http://renault.2web.at/account" "Mozilla/5.0 (Windows NT 10.0; Win64; x64) AppleWebKit/537.36 (KHTML, like Gecko) Chrome/89.0.4389.90 Safari/537.36"
80.122.53.106 - - [19/Mar/2021:12:19:35 +0100] "GET /reload?ser=1616152775107 HTTP/1.1" 200 1249 "http://renault.activities.at/result?searchterm=true&search=stoffmuster" "Mozilla/5.0 (Windows NT 10.0; Win64; x64) AppleWebKit/537.36 (KHTML, like Gecko) Chrome/89.0.4389.90 Safari/537.36"
138.21.12.21 - - [19/Mar/2021:12:19:45 +0100] "GET /reload?ser=1616152785421 HTTP/1.1" 200 28 "http://renault.2web.at/10201636?dir=DESC&mode=grid&order=name&limit=15&page=1" "Mozilla/5.0 (Windows NT 10.0; Win64; x64) AppleWebKit/537.36 (KHTML, like Gecko) Chrome/89.0.4389.90 Safari/537.36"
193.194.132.21 - - [19/Mar/2021:12:20:13 +0100] "GET /reload?ser=1616152812689 HTTP/1.1" 200 28 "http://renault.2web.at/account" "Mozilla/5.0 (Windows NT 10.0; Win64; x64) AppleWebKit/537.36 (KHTML, like Gecko) Chrome/89.0.4389.90 Safari/537.36"
80.122.53.106 - - [19/Mar/2021:12:20:36 +0100] "GET /reload?ser=1616152836116 HTTP/1.1" 200 1233 "http://renault.activities.at/result?searchterm=true&search=stoffmuster" "Mozilla/5.0 (Windows NT 10.0; Win64; x64) AppleWebKit/537.36 (KHTML, like Gecko) Chrome/89.0.4389.90 Safari/537.36"
138.21.12.21 - - [19/Mar/2021:12:20:47 +0100] "GET /reload?ser=1616152847422 HTTP/1.1" 200 28 "http://renault.2web.at/10201636?dir=DESC&mode=grid&order=name&limit=15&page=1" "Mozilla/5.0 (Windows NT 10.0; Win64; x64) AppleWebKit/537.36 (KHTML, like Gecko) Chrome/89.0.4389.90 Safari/537.36"
193.194.132.21 - - [19/Mar/2021:12:21:15 +0100] "GET /reload?ser=1616152874690 HTTP/1.1" 200 28 "http://renault.2web.at/account" "Mozilla/5.0 (Windows NT 10.0; Win64; x64) AppleWebKit/537.36 (KHTML, like Gecko) Chrome/89.0.4389.90 Safari/537.36"
80.122.53.106 - - [19/Mar/2021:12:21:37 +0100] "GET /reload?ser=1616152897102 HTTP/1.1" 200 1246 "http://renault.activities.at/result?searchterm=true&search=stoffmuster" "Mozilla/5.0 (Windows NT 10.0; Win64; x64) AppleWebKit/537.36 (KHTML, like Gecko) Chrome/89.0.4389.90 Safari/537.36"
138.21.12.21 - - [19/Mar/2021:12:21:49 +0100] "GET /reload?ser=1616152909422 HTTP/1.1" 200 28 "http://renault.2web.at/10201636?dir=DESC&mode=grid&order=name&limit=15&page=1" "Mozilla/5.0 (Windows NT 10.0; Win64; x64) AppleWebKit/537.36 (KHTML, like Gecko) Chrome/89.0.4389.90 Safari/537.36"
193.194.132.21 - - [19/Mar/2021:12:22:17 +0100] "GET /reload?ser=1616152936689 HTTP/1.1" 200 28 "http://renault.2web.at/account" "Mozilla/5.0 (Windows NT 10.0; Win64; x64) AppleWebKit/537.36 (KHTML, like Gecko) Chrome/89.0.4389.90 Safari/537.36"
80.122.53.106 - - [19/Mar/2021:12:22:38 +0100] "GET /reload?ser=1616152958106 HTTP/1.1" 200 1237 "http://renault.activities.at/result?searchterm=true&search=stoffmuster" "Mozilla/5.0 (Windows NT 10.0; Win64; x64) AppleWebKit/537.36 (KHTML, like Gecko) Chrome/89.0.4389.90 Safari/537.36"
138.21.12.21 - - [19/Mar/2021:12:22:51 +0100] "GET /reload?ser=1616152971424 HTTP/1.1" 200 28 "http://renault.2web.at/10201636?dir=DESC&mode=grid&order=name&limit=15&page=1" "Mozilla/5.0 (Windows NT 10.0; Win64; x64) AppleWebKit/537.36 (KHTML, like Gecko) Chrome/89.0.4389.90 Safari/537.36"
193.194.132.21 - - [19/Mar/2021:12:23:19 +0100] "GET /reload?ser=1616152998689 HTTP/1.1" 200 28 "http://renault.2web.at/account" "Mozilla/5.0 (Windows NT 10.0; Win64; x64) AppleWebKit/537.36 (KHTML, like Gecko) Chrome/89.0.4389.90 Safari/537.36"
80.122.53.106 - - [19/Mar/2021:12:23:39 +0100] "GET /reload?ser=1616153019114 HTTP/1.1" 200 1237 "http://renault.activities.at/result?searchterm=true&search=stoffmuster" "Mozilla/5.0 (Windows NT 10.0; Win64; x64) AppleWebKit/537.36 (KHTML, like Gecko) Chrome/89.0.4389.90 Safari/537.36"
138.21.12.21 - - [19/Mar/2021:12:23:53 +0100] "GET /reload?ser=1616153033424 HTTP/1.1" 200 28 "http://renault.2web.at/10201636?dir=DESC&mode=grid&order=name&limit=15&page=1" "Mozilla/5.0 (Windows NT 10.0; Win64; x64) AppleWebKit/537.36 (KHTML, like Gecko) Chrome/89.0.4389.90 Safari/537.36"
193.194.132.21 - - [19/Mar/2021:12:24:21 +0100] "GET /reload?ser=1616153060691 HTTP/1.1" 200 28 "http://renault.2web.at/account" "Mozilla/5.0 (Windows NT 10.0; Win64; x64) AppleWebKit/537.36 (KHTML, like Gecko) Chrome/89.0.4389.90 Safari/537.36"
80.122.53.106 - - [19/Mar/2021:12:24:40 +0100] "GET /reload?ser=1616153080106 HTTP/1.1" 200 1233 "http://renault.activities.at/result?searchterm=true&search=stoffmuster" "Mozilla/5.0 (Windows NT 10.0; Win64; x64) AppleWebKit/537.36 (KHTML, like Gecko) Chrome/89.0.4389.90 Safari/537.36"
138.21.12.21 - - [19/Mar/2021:12:24:55 +0100] "GET /reload?ser=1616153095424 HTTP/1.1" 200 28 "http://renault.2web.at/10201636?dir=DESC&mode=grid&order=name&limit=15&page=1" "Mozilla/5.0 (Windows NT 10.0; Win64; x64) AppleWebKit/537.36 (KHTML, like Gecko) Chrome/89.0.4389.90 Safari/537.36"
193.194.132.21 - - [19/Mar/2021:12:25:24 +0100] "GET /reload?ser=1616153123689 HTTP/1.1" 200 28 "http://renault.2web.at/account" "Mozilla/5.0 (Windows NT 10.0; Win64; x64) AppleWebKit/537.36 (KHTML, like Gecko) Chrome/89.0.4389.90 Safari/537.36"
80.122.53.106 - - [19/Mar/2021:12:25:41 +0100] "GET /reload?ser=1616153141101 HTTP/1.1" 200 1242 "http://renault.activities.at/result?searchterm=true&search=stoffmuster" "Mozilla/5.0 (Windows NT 10.0; Win64; x64) AppleWebKit/537.36 (KHTML, like Gecko) Chrome/89.0.4389.90 Safari/537.36"
138.21.12.21 - - [19/Mar/2021:12:25:57 +0100] "GET /reload?ser=1616153157424 HTTP/1.1" 200 28 "http://renault.2web.at/10201636?dir=DESC&mode=grid&order=name&limit=15&page=1" "Mozilla/5.0 (Windows NT 10.0; Win64; x64) AppleWebKit/537.36 (KHTML, like Gecko) Chrome/89.0.4389.90 Safari/537.36"
193.194.132.21 - - [19/Mar/2021:12:26:26 +0100] "GET /reload?ser=1616153185689 HTTP/1.1" 200 28 "http://renault.2web.at/account" "Mozilla/5.0 (Windows NT 10.0; Win64; x64) AppleWebKit/537.36 (KHTML, like Gecko) Chrome/89.0.4389.90 Safari/537.36"
80.122.53.106 - - [19/Mar/2021:12:26:42 +0100] "GET /reload?ser=1616153202106 HTTP/1.1" 200 1233 "http://renault.activities.at/result?searchterm=true&search=stoffmuster" "Mozilla/5.0 (Windows NT 10.0; Win64; x64) AppleWebKit/537.36 (KHTML, like Gecko) Chrome/89.0.4389.90 Safari/537.36"
40.77.167.24 - - [19/Mar/2021:12:26:43 +0100] "GET /10260003?dir=DESC&mode=list&order=name&limit=10&page=1&cat=10260286 HTTP/1.1" 200 4577 "-" "Mozilla/5.0 (compatible; bingbot/2.0; +http://www.bing.com/bingbot.htm)"
138.21.12.21 - - [19/Mar/2021:12:26:59 +0100] "GET /reload?ser=1616153219425 HTTP/1.1" 200 28 "http://renault.2web.at/10201636?dir=DESC&mode=grid&order=name&limit=15&page=1" "Mozilla/5.0 (Windows NT 10.0; Win64; x64) AppleWebKit/537.36 (KHTML, like Gecko) Chrome/89.0.4389.90 Safari/537.36"
193.194.132.21 - - [19/Mar/2021:12:27:29 +0100] "GET /reload?ser=1616153248690 HTTP/1.1" 200 28 "http://renault.2web.at/account" "Mozilla/5.0 (Windows NT 10.0; Win64; x64) AppleWebKit/537.36 (KHTML, like Gecko) Chrome/89.0.4389.90 Safari/537.36"
80.122.53.106 - - [19/Mar/2021:12:27:43 +0100] "GET /reload?ser=1616153263114 HTTP/1.1" 200 1236 "http://renault.activities.at/result?searchterm=true&search=stoffmuster" "Mozilla/5.0 (Windows NT 10.0; Win64; x64) AppleWebKit/537.36 (KHTML, like Gecko) Chrome/89.0.4389.90 Safari/537.36"
138.21.12.21 - - [19/Mar/2021:12:28:01 +0100] "GET /reload?ser=1616153281426 HTTP/1.1" 200 28 "http://renault.2web.at/10201636?dir=DESC&mode=grid&order=name&limit=15&page=1" "Mozilla/5.0 (Windows NT 10.0; Win64; x64) AppleWebKit/537.36 (KHTML, like Gecko) Chrome/89.0.4389.90 Safari/537.36"
193.194.132.21 - - [19/Mar/2021:12:28:31 +0100] "GET /reload?ser=1616153310690 HTTP/1.1" 200 28 "http://renault.2web.at/account" "Mozilla/5.0 (Windows NT 10.0; Win64; x64) AppleWebKit/537.36 (KHTML, like Gecko) Chrome/89.0.4389.90 Safari/537.36"
80.122.53.106 - - [19/Mar/2021:12:28:44 +0100] "GET /reload?ser=1616153324102 HTTP/1.1" 200 1236 "http://renault.activities.at/result?searchterm=true&search=stoffmuster" "Mozilla/5.0 (Windows NT 10.0; Win64; x64) AppleWebKit/537.36 (KHTML, like Gecko) Chrome/89.0.4389.90 Safari/537.36"
138.21.12.21 - - [19/Mar/2021:12:29:03 +0100] "GET /reload?ser=1616153343425 HTTP/1.1" 200 28 "http://renault.2web.at/10201636?dir=DESC&mode=grid&order=name&limit=15&page=1" "Mozilla/5.0 (Windows NT 10.0; Win64; x64) AppleWebKit/537.36 (KHTML, like Gecko) Chrome/89.0.4389.90 Safari/537.36"
193.194.132.21 - - [19/Mar/2021:12:29:33 +0100] "GET /reload?ser=1616153372690 HTTP/1.1" 200 28 "http://renault.2web.at/account" "Mozilla/5.0 (Windows NT 10.0; Win64; x64) AppleWebKit/537.36 (KHTML, like Gecko) Chrome/89.0.4389.90 Safari/537.36"
80.122.53.106 - - [19/Mar/2021:12:29:45 +0100] "GET /reload?ser=1616153385107 HTTP/1.1" 200 1244 "http://renault.activities.at/result?searchterm=true&search=stoffmuster" "Mozilla/5.0 (Windows NT 10.0; Win64; x64) AppleWebKit/537.36 (KHTML, like Gecko) Chrome/89.0.4389.90 Safari/537.36"
138.21.12.21 - - [19/Mar/2021:12:30:05 +0100] "GET /reload?ser=1616153405426 HTTP/1.1" 200 28 "http://renault.2web.at/10201636?dir=DESC&mode=grid&order=name&limit=15&page=1" "Mozilla/5.0 (Windows NT 10.0; Win64; x64) AppleWebKit/537.36 (KHTML, like Gecko) Chrome/89.0.4389.90 Safari/537.36"
193.194.132.21 - - [19/Mar/2021:12:30:35 +0100] "GET /reload?ser=1616153434690 HTTP/1.1" 200 28 "http://renault.2web.at/account" "Mozilla/5.0 (Windows NT 10.0; Win64; x64) AppleWebKit/537.36 (KHTML, like Gecko) Chrome/89.0.4389.90 Safari/537.36"
80.122.53.106 - - [19/Mar/2021:12:30:46 +0100] "GET /reload?ser=1616153446102 HTTP/1.1" 200 1234 "http://renault.activities.at/result?searchterm=true&search=stoffmuster" "Mozilla/5.0 (Windows NT 10.0; Win64; x64) AppleWebKit/537.36 (KHTML, like Gecko) Chrome/89.0.4389.90 Safari/537.36"
138.21.12.21 - - [19/Mar/2021:12:31:07 +0100] "GET /reload?ser=1616153467427 HTTP/1.1" 200 28 "http://renault.2web.at/10201636?dir=DESC&mode=grid&order=name&limit=15&page=1" "Mozilla/5.0 (Windows NT 10.0; Win64; x64) AppleWebKit/537.36 (KHTML, like Gecko) Chrome/89.0.4389.90 Safari/537.36"
193.194.132.21 - - [19/Mar/2021:12:31:37 +0100] "GET /reload?ser=1616153496691 HTTP/1.1" 200 28 "http://renault.2web.at/account" "Mozilla/5.0 (Windows NT 10.0; Win64; x64) AppleWebKit/537.36 (KHTML, like Gecko) Chrome/89.0.4389.90 Safari/537.36"
80.122.53.106 - - [19/Mar/2021:12:31:47 +0100] "GET /reload?ser=1616153507106 HTTP/1.1" 200 1240 "http://renault.activities.at/result?searchterm=true&search=stoffmuster" "Mozilla/5.0 (Windows NT 10.0; Win64; x64) AppleWebKit/537.36 (KHTML, like Gecko) Chrome/89.0.4389.90 Safari/537.36"
138.21.12.21 - - [19/Mar/2021:12:32:09 +0100] "GET /reload?ser=1616153529426 HTTP/1.1" 200 28 "http://renault.2web.at/10201636?dir=DESC&mode=grid&order=name&limit=15&page=1" "Mozilla/5.0 (Windows NT 10.0; Win64; x64) AppleWebKit/537.36 (KHTML, like Gecko) Chrome/89.0.4389.90 Safari/537.36"
193.194.132.21 - - [19/Mar/2021:12:32:39 +0100] "GET /reload?ser=1616153558707 HTTP/1.1" 200 28 "http://renault.2web.at/account" "Mozilla/5.0 (Windows NT 10.0; Win64; x64) AppleWebKit/537.36 (KHTML, like Gecko) Chrome/89.0.4389.90 Safari/537.36"
80.122.53.106 - - [19/Mar/2021:12:32:48 +0100] "GET /reload?ser=1616153568104 HTTP/1.1" 200 1236 "http://renault.activities.at/result?searchterm=true&search=stoffmuster" "Mozilla/5.0 (Windows NT 10.0; Win64; x64) AppleWebKit/537.36 (KHTML, like Gecko) Chrome/89.0.4389.90 Safari/537.36"
138.21.12.21 - - [19/Mar/2021:12:33:11 +0100] "GET /reload?ser=1616153591427 HTTP/1.1" 200 28 "http://renault.2web.at/10201636?dir=DESC&mode=grid&order=name&limit=15&page=1" "Mozilla/5.0 (Windows NT 10.0; Win64; x64) AppleWebKit/537.36 (KHTML, like Gecko) Chrome/89.0.4389.90 Safari/537.36"
193.194.132.21 - - [19/Mar/2021:12:33:41 +0100] "GET /reload?ser=1616153620691 HTTP/1.1" 200 28 "http://renault.2web.at/account" "Mozilla/5.0 (Windows NT 10.0; Win64; x64) AppleWebKit/537.36 (KHTML, like Gecko) Chrome/89.0.4389.90 Safari/537.36"
80.122.53.106 - - [19/Mar/2021:12:33:49 +0100] "GET /reload?ser=1616153629109 HTTP/1.1" 200 1237 "http://renault.activities.at/result?searchterm=true&search=stoffmuster" "Mozilla/5.0 (Windows NT 10.0; Win64; x64) AppleWebKit/537.36 (KHTML, like Gecko) Chrome/89.0.4389.90 Safari/537.36"
138.21.12.21 - - [19/Mar/2021:12:34:13 +0100] "GET /reload?ser=1616153653427 HTTP/1.1" 200 28 "http://renault.2web.at/10201636?dir=DESC&mode=grid&order=name&limit=15&page=1" "Mozilla/5.0 (Windows NT 10.0; Win64; x64) AppleWebKit/537.36 (KHTML, like Gecko) Chrome/89.0.4389.90 Safari/537.36"
193.194.132.21 - - [19/Mar/2021:12:34:43 +0100] "GET /reload?ser=1616153682691 HTTP/1.1" 200 28 "http://renault.2web.at/account" "Mozilla/5.0 (Windows NT 10.0; Win64; x64) AppleWebKit/537.36 (KHTML, like Gecko) Chrome/89.0.4389.90 Safari/537.36"
80.122.53.106 - - [19/Mar/2021:12:34:50 +0100] "GET /reload?ser=1616153690103 HTTP/1.1" 200 1245 "http://renault.activities.at/result?searchterm=true&search=stoffmuster" "Mozilla/5.0 (Windows NT 10.0; Win64; x64) AppleWebKit/537.36 (KHTML, like Gecko) Chrome/89.0.4389.90 Safari/537.36"
138.21.12.21 - - [19/Mar/2021:12:35:15 +0100] "GET /reload?ser=1616153715428 HTTP/1.1" 200 28 "http://renault.2web.at/10201636?dir=DESC&mode=grid&order=name&limit=15&page=1" "Mozilla/5.0 (Windows NT 10.0; Win64; x64) AppleWebKit/537.36 (KHTML, like Gecko) Chrome/89.0.4389.90 Safari/537.36"
193.194.132.21 - - [19/Mar/2021:12:35:45 +0100] "GET /reload?ser=1616153744690 HTTP/1.1" 200 28 "http://renault.2web.at/account" "Mozilla/5.0 (Windows NT 10.0; Win64; x64) AppleWebKit/537.36 (KHTML, like Gecko) Chrome/89.0.4389.90 Safari/537.36"
80.122.53.106 - - [19/Mar/2021:12:35:51 +0100] "GET /reload?ser=1616153751111 HTTP/1.1" 200 1229 "http://renault.activities.at/result?searchterm=true&search=stoffmuster" "Mozilla/5.0 (Windows NT 10.0; Win64; x64) AppleWebKit/537.36 (KHTML, like Gecko) Chrome/89.0.4389.90 Safari/537.36"
138.21.12.21 - - [19/Mar/2021:12:36:17 +0100] "GET /reload?ser=1616153777427 HTTP/1.1" 200 28 "http://renault.2web.at/10201636?dir=DESC&mode=grid&order=name&limit=15&page=1" "Mozilla/5.0 (Windows NT 10.0; Win64; x64) AppleWebKit/537.36 (KHTML, like Gecko) Chrome/89.0.4389.90 Safari/537.36"
193.194.132.21 - - [19/Mar/2021:12:36:47 +0100] "GET /reload?ser=1616153806691 HTTP/1.1" 200 28 "http://renault.2web.at/account" "Mozilla/5.0 (Windows NT 10.0; Win64; x64) AppleWebKit/537.36 (KHTML, like Gecko) Chrome/89.0.4389.90 Safari/537.36"
80.122.53.106 - - [19/Mar/2021:12:36:52 +0100] "GET /reload?ser=1616153812103 HTTP/1.1" 200 1232 "http://renault.activities.at/result?searchterm=true&search=stoffmuster" "Mozilla/5.0 (Windows NT 10.0; Win64; x64) AppleWebKit/537.36 (KHTML, like Gecko) Chrome/89.0.4389.90 Safari/537.36"
138.21.12.21 - - [19/Mar/2021:12:37:19 +0100] "GET /reload?ser=1616153839427 HTTP/1.1" 200 28 "http://renault.2web.at/10201636?dir=DESC&mode=grid&order=name&limit=15&page=1" "Mozilla/5.0 (Windows NT 10.0; Win64; x64) AppleWebKit/537.36 (KHTML, like Gecko) Chrome/89.0.4389.90 Safari/537.36"
193.194.132.21 - - [19/Mar/2021:12:37:49 +0100] "GET /reload?ser=1616153868692 HTTP/1.1" 200 28 "http://renault.2web.at/account" "Mozilla/5.0 (Windows NT 10.0; Win64; x64) AppleWebKit/537.36 (KHTML, like Gecko) Chrome/89.0.4389.90 Safari/537.36"
80.122.53.106 - - [19/Mar/2021:12:37:53 +0100] "GET /reload?ser=1616153873105 HTTP/1.1" 200 1243 "http://renault.activities.at/result?searchterm=true&search=stoffmuster" "Mozilla/5.0 (Windows NT 10.0; Win64; x64) AppleWebKit/537.36 (KHTML, like Gecko) Chrome/89.0.4389.90 Safari/537.36"
138.21.12.21 - - [19/Mar/2021:12:38:21 +0100] "GET /reload?ser=1616153901428 HTTP/1.1" 200 28 "http://renault.2web.at/10201636?dir=DESC&mode=grid&order=name&limit=15&page=1" "Mozilla/5.0 (Windows NT 10.0; Win64; x64) AppleWebKit/537.36 (KHTML, like Gecko) Chrome/89.0.4389.90 Safari/537.36"
193.194.132.21 - - [19/Mar/2021:12:38:51 +0100] "GET /reload?ser=1616153930694 HTTP/1.1" 200 28 "http://renault.2web.at/account" "Mozilla/5.0 (Windows NT 10.0; Win64; x64) AppleWebKit/537.36 (KHTML, like Gecko) Chrome/89.0.4389.90 Safari/537.36"
80.122.53.106 - - [19/Mar/2021:12:38:54 +0100] "GET /reload?ser=1616153934103 HTTP/1.1" 200 1245 "http://renault.activities.at/result?searchterm=true&search=stoffmuster" "Mozilla/5.0 (Windows NT 10.0; Win64; x64) AppleWebKit/537.36 (KHTML, like Gecko) Chrome/89.0.4389.90 Safari/537.36"
138.21.12.21 - - [19/Mar/2021:12:39:23 +0100] "GET /reload?ser=1616153963428 HTTP/1.1" 200 28 "http://renault.2web.at/10201636?dir=DESC&mode=grid&order=name&limit=15&page=1" "Mozilla/5.0 (Windows NT 10.0; Win64; x64) AppleWebKit/537.36 (KHTML, like Gecko) Chrome/89.0.4389.90 Safari/537.36"
193.194.132.21 - - [19/Mar/2021:12:39:53 +0100] "GET /reload?ser=1616153992692 HTTP/1.1" 200 28 "http://renault.2web.at/account" "Mozilla/5.0 (Windows NT 10.0; Win64; x64) AppleWebKit/537.36 (KHTML, like Gecko) Chrome/89.0.4389.90 Safari/537.36"
80.122.53.106 - - [19/Mar/2021:12:39:55 +0100] "GET /reload?ser=1616153995113 HTTP/1.1" 200 1247 "http://renault.activities.at/result?searchterm=true&search=stoffmuster" "Mozilla/5.0 (Windows NT 10.0; Win64; x64) AppleWebKit/537.36 (KHTML, like Gecko) Chrome/89.0.4389.90 Safari/537.36"
138.21.12.21 - - [19/Mar/2021:12:40:25 +0100] "GET /reload?ser=1616154025428 HTTP/1.1" 200 28 "http://renault.2web.at/10201636?dir=DESC&mode=grid&order=name&limit=15&page=1" "Mozilla/5.0 (Windows NT 10.0; Win64; x64) AppleWebKit/537.36 (KHTML, like Gecko) Chrome/89.0.4389.90 Safari/537.36"
193.194.132.21 - - [19/Mar/2021:12:40:55 +0100] "GET /reload?ser=1616154054696 HTTP/1.1" 200 28 "http://renault.2web.at/account" "Mozilla/5.0 (Windows NT 10.0; Win64; x64) AppleWebKit/537.36 (KHTML, like Gecko) Chrome/89.0.4389.90 Safari/537.36"
80.122.53.106 - - [19/Mar/2021:12:40:56 +0100] "GET /reload?ser=1616154056104 HTTP/1.1" 200 1239 "http://renault.activities.at/result?searchterm=true&search=stoffmuster" "Mozilla/5.0 (Windows NT 10.0; Win64; x64) AppleWebKit/537.36 (KHTML, like Gecko) Chrome/89.0.4389.90 Safari/537.36"
138.21.12.21 - - [19/Mar/2021:12:41:27 +0100] "GET /reload?ser=1616154087428 HTTP/1.1" 200 28 "http://renault.2web.at/10201636?dir=DESC&mode=grid&order=name&limit=15&page=1" "Mozilla/5.0 (Windows NT 10.0; Win64; x64) AppleWebKit/537.36 (KHTML, like Gecko) Chrome/89.0.4389.90 Safari/537.36"
80.122.53.106 - - [19/Mar/2021:12:41:57 +0100] "GET /reload?ser=1616154117103 HTTP/1.1" 200 1235 "http://renault.activities.at/result?searchterm=true&search=stoffmuster" "Mozilla/5.0 (Windows NT 10.0; Win64; x64) AppleWebKit/537.36 (KHTML, like Gecko) Chrome/89.0.4389.90 Safari/537.36"
193.194.132.21 - - [19/Mar/2021:12:41:57 +0100] "GET /reload?ser=1616154116706 HTTP/1.1" 200 28 "http://renault.2web.at/account" "Mozilla/5.0 (Windows NT 10.0; Win64; x64) AppleWebKit/537.36 (KHTML, like Gecko) Chrome/89.0.4389.90 Safari/537.36"
138.21.12.21 - - [19/Mar/2021:12:42:29 +0100] "GET /reload?ser=1616154149428 HTTP/1.1" 200 28 "http://renault.2web.at/10201636?dir=DESC&mode=grid&order=name&limit=15&page=1" "Mozilla/5.0 (Windows NT 10.0; Win64; x64) AppleWebKit/537.36 (KHTML, like Gecko) Chrome/89.0.4389.90 Safari/537.36"
80.122.53.106 - - [19/Mar/2021:12:42:58 +0100] "GET /reload?ser=1616154178111 HTTP/1.1" 200 1244 "http://renault.activities.at/result?searchterm=true&search=stoffmuster" "Mozilla/5.0 (Windows NT 10.0; Win64; x64) AppleWebKit/537.36 (KHTML, like Gecko) Chrome/89.0.4389.90 Safari/537.36"
193.194.132.21 - - [19/Mar/2021:12:42:59 +0100] "GET /reload?ser=1616154178719 HTTP/1.1" 200 28 "http://renault.2web.at/account" "Mozilla/5.0 (Windows NT 10.0; Win64; x64) AppleWebKit/537.36 (KHTML, like Gecko) Chrome/89.0.4389.90 Safari/537.36"
138.21.12.21 - - [19/Mar/2021:12:43:31 +0100] "GET /reload?ser=1616154211429 HTTP/1.1" 200 28 "http://renault.2web.at/10201636?dir=DESC&mode=grid&order=name&limit=15&page=1" "Mozilla/5.0 (Windows NT 10.0; Win64; x64) AppleWebKit/537.36 (KHTML, like Gecko) Chrome/89.0.4389.90 Safari/537.36"
80.122.53.106 - - [19/Mar/2021:12:43:59 +0100] "GET /reload?ser=1616154239105 HTTP/1.1" 200 1235 "http://renault.activities.at/result?searchterm=true&search=stoffmuster" "Mozilla/5.0 (Windows NT 10.0; Win64; x64) AppleWebKit/537.36 (KHTML, like Gecko) Chrome/89.0.4389.90 Safari/537.36"
193.194.132.21 - - [19/Mar/2021:12:44:01 +0100] "GET /reload?ser=1616154240729 HTTP/1.1" 200 28 "http://renault.2web.at/account" "Mozilla/5.0 (Windows NT 10.0; Win64; x64) AppleWebKit/537.36 (KHTML, like Gecko) Chrome/89.0.4389.90 Safari/537.36"
138.21.12.21 - - [19/Mar/2021:12:44:33 +0100] "GET /reload?ser=1616154273430 HTTP/1.1" 200 28 "http://renault.2web.at/10201636?dir=DESC&mode=grid&order=name&limit=15&page=1" "Mozilla/5.0 (Windows NT 10.0; Win64; x64) AppleWebKit/537.36 (KHTML, like Gecko) Chrome/89.0.4389.90 Safari/537.36"
80.122.53.106 - - [19/Mar/2021:12:45:00 +0100] "GET /reload?ser=1616154300102 HTTP/1.1" 200 1229 "http://renault.activities.at/result?searchterm=true&search=stoffmuster" "Mozilla/5.0 (Windows NT 10.0; Win64; x64) AppleWebKit/537.36 (KHTML, like Gecko) Chrome/89.0.4389.90 Safari/537.36"
193.194.132.21 - - [19/Mar/2021:12:45:03 +0100] "GET /reload?ser=1616154302744 HTTP/1.1" 200 28 "http://renault.2web.at/account" "Mozilla/5.0 (Windows NT 10.0; Win64; x64) AppleWebKit/537.36 (KHTML, like Gecko) Chrome/89.0.4389.90 Safari/537.36"
138.21.12.21 - - [19/Mar/2021:12:45:35 +0100] "GET /reload?ser=1616154335430 HTTP/1.1" 200 28 "http://renault.2web.at/10201636?dir=DESC&mode=grid&order=name&limit=15&page=1" "Mozilla/5.0 (Windows NT 10.0; Win64; x64) AppleWebKit/537.36 (KHTML, like Gecko) Chrome/89.0.4389.90 Safari/537.36"
80.122.53.106 - - [19/Mar/2021:12:46:01 +0100] "GET /reload?ser=1616154361114 HTTP/1.1" 200 1233 "http://renault.activities.at/result?searchterm=true&search=stoffmuster" "Mozilla/5.0 (Windows NT 10.0; Win64; x64) AppleWebKit/537.36 (KHTML, like Gecko) Chrome/89.0.4389.90 Safari/537.36"
193.194.132.21 - - [19/Mar/2021:12:46:05 +0100] "GET /reload?ser=1616154364748 HTTP/1.1" 200 28 "http://renault.2web.at/account" "Mozilla/5.0 (Windows NT 10.0; Win64; x64) AppleWebKit/537.36 (KHTML, like Gecko) Chrome/89.0.4389.90 Safari/537.36"
138.21.12.21 - - [19/Mar/2021:12:46:37 +0100] "GET /reload?ser=1616154397432 HTTP/1.1" 200 28 "http://renault.2web.at/10201636?dir=DESC&mode=grid&order=name&limit=15&page=1" "Mozilla/5.0 (Windows NT 10.0; Win64; x64) AppleWebKit/537.36 (KHTML, like Gecko) Chrome/89.0.4389.90 Safari/537.36"
80.122.53.106 - - [19/Mar/2021:12:47:02 +0100] "GET /reload?ser=1616154422113 HTTP/1.1" 200 1238 "http://renault.activities.at/result?searchterm=true&search=stoffmuster" "Mozilla/5.0 (Windows NT 10.0; Win64; x64) AppleWebKit/537.36 (KHTML, like Gecko) Chrome/89.0.4389.90 Safari/537.36"
193.194.132.21 - - [19/Mar/2021:12:47:07 +0100] "GET /reload?ser=1616154426756 HTTP/1.1" 200 28 "http://renault.2web.at/account" "Mozilla/5.0 (Windows NT 10.0; Win64; x64) AppleWebKit/537.36 (KHTML, like Gecko) Chrome/89.0.4389.90 Safari/537.36"
138.21.12.21 - - [19/Mar/2021:12:47:39 +0100] "GET /reload?ser=1616154459432 HTTP/1.1" 200 28 "http://renault.2web.at/10201636?dir=DESC&mode=grid&order=name&limit=15&page=1" "Mozilla/5.0 (Windows NT 10.0; Win64; x64) AppleWebKit/537.36 (KHTML, like Gecko) Chrome/89.0.4389.90 Safari/537.36"
80.122.53.106 - - [19/Mar/2021:12:48:03 +0100] "GET /reload?ser=1616154483101 HTTP/1.1" 200 1236 "http://renault.activities.at/result?searchterm=true&search=stoffmuster" "Mozilla/5.0 (Windows NT 10.0; Win64; x64) AppleWebKit/537.36 (KHTML, like Gecko) Chrome/89.0.4389.90 Safari/537.36"
193.194.132.21 - - [19/Mar/2021:12:48:09 +0100] "GET /reload?ser=1616154488764 HTTP/1.1" 200 28 "http://renault.2web.at/account" "Mozilla/5.0 (Windows NT 10.0; Win64; x64) AppleWebKit/537.36 (KHTML, like Gecko) Chrome/89.0.4389.90 Safari/537.36"
138.21.12.21 - - [19/Mar/2021:12:48:41 +0100] "GET /reload?ser=1616154521432 HTTP/1.1" 200 28 "http://renault.2web.at/10201636?dir=DESC&mode=grid&order=name&limit=15&page=1" "Mozilla/5.0 (Windows NT 10.0; Win64; x64) AppleWebKit/537.36 (KHTML, like Gecko) Chrome/89.0.4389.90 Safari/537.36"
80.122.53.106 - - [19/Mar/2021:12:49:04 +0100] "GET /reload?ser=1616154544109 HTTP/1.1" 200 1234 "http://renault.activities.at/result?searchterm=true&search=stoffmuster" "Mozilla/5.0 (Windows NT 10.0; Win64; x64) AppleWebKit/537.36 (KHTML, like Gecko) Chrome/89.0.4389.90 Safari/537.36"
193.194.132.21 - - [19/Mar/2021:12:49:11 +0100] "GET /reload?ser=1616154550771 HTTP/1.1" 200 28 "http://renault.2web.at/account" "Mozilla/5.0 (Windows NT 10.0; Win64; x64) AppleWebKit/537.36 (KHTML, like Gecko) Chrome/89.0.4389.90 Safari/537.36"
138.21.12.21 - - [19/Mar/2021:12:49:43 +0100] "GET /reload?ser=1616154583433 HTTP/1.1" 200 28 "http://renault.2web.at/10201636?dir=DESC&mode=grid&order=name&limit=15&page=1" "Mozilla/5.0 (Windows NT 10.0; Win64; x64) AppleWebKit/537.36 (KHTML, like Gecko) Chrome/89.0.4389.90 Safari/537.36"
80.122.53.106 - - [19/Mar/2021:12:50:05 +0100] "GET /reload?ser=1616154605100 HTTP/1.1" 200 1234 "http://renault.activities.at/result?searchterm=true&search=stoffmuster" "Mozilla/5.0 (Windows NT 10.0; Win64; x64) AppleWebKit/537.36 (KHTML, like Gecko) Chrome/89.0.4389.90 Safari/537.36"
193.194.132.21 - - [19/Mar/2021:12:50:13 +0100] "GET /reload?ser=1616154612779 HTTP/1.1" 200 28 "http://renault.2web.at/account" "Mozilla/5.0 (Windows NT 10.0; Win64; x64) AppleWebKit/537.36 (KHTML, like Gecko) Chrome/89.0.4389.90 Safari/537.36"
138.21.12.21 - - [19/Mar/2021:12:50:45 +0100] "GET /reload?ser=1616154645434 HTTP/1.1" 200 28 "http://renault.2web.at/10201636?dir=DESC&mode=grid&order=name&limit=15&page=1" "Mozilla/5.0 (Windows NT 10.0; Win64; x64) AppleWebKit/537.36 (KHTML, like Gecko) Chrome/89.0.4389.90 Safari/537.36"
80.122.53.106 - - [19/Mar/2021:12:51:06 +0100] "GET /reload?ser=1616154666103 HTTP/1.1" 200 1243 "http://renault.activities.at/result?searchterm=true&search=stoffmuster" "Mozilla/5.0 (Windows NT 10.0; Win64; x64) AppleWebKit/537.36 (KHTML, like Gecko) Chrome/89.0.4389.90 Safari/537.36"
193.194.132.21 - - [19/Mar/2021:12:51:16 +0100] "GET /reload?ser=1616154676301 HTTP/1.1" 200 28 "http://renault.2web.at/account" "Mozilla/5.0 (Windows NT 10.0; Win64; x64) AppleWebKit/537.36 (KHTML, like Gecko) Chrome/89.0.4389.90 Safari/537.36"
138.21.12.21 - - [19/Mar/2021:12:51:47 +0100] "GET /reload?ser=1616154707434 HTTP/1.1" 200 28 "http://renault.2web.at/10201636?dir=DESC&mode=grid&order=name&limit=15&page=1" "Mozilla/5.0 (Windows NT 10.0; Win64; x64) AppleWebKit/537.36 (KHTML, like Gecko) Chrome/89.0.4389.90 Safari/537.36"
80.122.53.106 - - [19/Mar/2021:12:52:07 +0100] "GET /reload?ser=1616154727109 HTTP/1.1" 200 1239 "http://renault.activities.at/result?searchterm=true&search=stoffmuster" "Mozilla/5.0 (Windows NT 10.0; Win64; x64) AppleWebKit/537.36 (KHTML, like Gecko) Chrome/89.0.4389.90 Safari/537.36"
193.194.132.21 - - [19/Mar/2021:12:52:18 +0100] "GET /reload?ser=1616154737791 HTTP/1.1" 200 28 "http://renault.2web.at/account" "Mozilla/5.0 (Windows NT 10.0; Win64; x64) AppleWebKit/537.36 (KHTML, like Gecko) Chrome/89.0.4389.90 Safari/537.36"
138.21.12.21 - - [19/Mar/2021:12:52:49 +0100] "GET /reload?ser=1616154769435 HTTP/1.1" 200 28 "http://renault.2web.at/10201636?dir=DESC&mode=grid&order=name&limit=15&page=1" "Mozilla/5.0 (Windows NT 10.0; Win64; x64) AppleWebKit/537.36 (KHTML, like Gecko) Chrome/89.0.4389.90 Safari/537.36"
84.115.216.136 - - [19/Mar/2021:12:52:51 +0100] "GET / HTTP/1.1" 200 3285 "-" "Mozilla/5.0 (Windows NT 10.0; Win64; x64) AppleWebKit/537.36 (KHTML, like Gecko) Chrome/89.0.4389.90 Safari/537.36"
84.115.216.136 - - [19/Mar/2021:12:52:52 +0100] "GET /images/favicon.ico HTTP/1.1" 404 300 "http://renault.2web.at/" "Mozilla/5.0 (Windows NT 10.0; Win64; x64) AppleWebKit/537.36 (KHTML, like Gecko) Chrome/89.0.4389.90 Safari/537.36"
84.115.216.136 - - [19/Mar/2021:12:52:54 +0100] "GET /login HTTP/1.1" 200 2095 "http://renault.2web.at/" "Mozilla/5.0 (Windows NT 10.0; Win64; x64) AppleWebKit/537.36 (KHTML, like Gecko) Chrome/89.0.4389.90 Safari/537.36"
84.115.216.136 - - [19/Mar/2021:12:53:00 +0100] "POST /login HTTP/1.1" 302 137 "http://renault.2web.at/login" "Mozilla/5.0 (Windows NT 10.0; Win64; x64) AppleWebKit/537.36 (KHTML, like Gecko) Chrome/89.0.4389.90 Safari/537.36"
84.115.216.136 - - [19/Mar/2021:12:53:03 +0100] "GET /account HTTP/1.1" 200 8763 "http://renault.2web.at/login" "Mozilla/5.0 (Windows NT 10.0; Win64; x64) AppleWebKit/537.36 (KHTML, like Gecko) Chrome/89.0.4389.90 Safari/537.36"
80.122.53.106 - - [19/Mar/2021:12:53:08 +0100] "GET /reload?ser=1616154788102 HTTP/1.1" 200 1227 "http://renault.activities.at/result?searchterm=true&search=stoffmuster" "Mozilla/5.0 (Windows NT 10.0; Win64; x64) AppleWebKit/537.36 (KHTML, like Gecko) Chrome/89.0.4389.90 Safari/537.36"
84.115.216.136 - - [19/Mar/2021:12:53:10 +0100] "POST /axjaxrequest?mode=suggest HTTP/1.1" 200 114 "http://renault.2web.at/account" "Mozilla/5.0 (Windows NT 10.0; Win64; x64) AppleWebKit/537.36 (KHTML, like Gecko) Chrome/89.0.4389.90 Safari/537.36"
84.115.216.136 - - [19/Mar/2021:12:53:10 +0100] "GET /result?searchterm=true&search=100508 HTTP/1.1" 200 7930 "http://renault.2web.at/account" "Mozilla/5.0 (Windows NT 10.0; Win64; x64) AppleWebKit/537.36 (KHTML, like Gecko) Chrome/89.0.4389.90 Safari/537.36"
84.115.216.136 - - [19/Mar/2021:12:53:13 +0100] "GET /loadthumbnail.php?id=12334029&width=113 HTTP/1.1" 200 3526 "http://renault.2web.at/result?searchterm=true&search=100508" "Mozilla/5.0 (Windows NT 10.0; Win64; x64) AppleWebKit/537.36 (KHTML, like Gecko) Chrome/89.0.4389.90 Safari/537.36"
193.194.132.21 - - [19/Mar/2021:12:53:20 +0100] "GET /reload?ser=1616154799796 HTTP/1.1" 200 28 "http://renault.2web.at/account" "Mozilla/5.0 (Windows NT 10.0; Win64; x64) AppleWebKit/537.36 (KHTML, like Gecko) Chrome/89.0.4389.90 Safari/537.36"
138.21.12.21 - - [19/Mar/2021:12:53:51 +0100] "GET /reload?ser=1616154831435 HTTP/1.1" 200 28 "http://renault.2web.at/10201636?dir=DESC&mode=grid&order=name&limit=15&page=1" "Mozilla/5.0 (Windows NT 10.0; Win64; x64) AppleWebKit/537.36 (KHTML, like Gecko) Chrome/89.0.4389.90 Safari/537.36"
80.122.53.106 - - [19/Mar/2021:12:54:09 +0100] "GET /reload?ser=1616154849114 HTTP/1.1" 200 1240 "http://renault.activities.at/result?searchterm=true&search=stoffmuster" "Mozilla/5.0 (Windows NT 10.0; Win64; x64) AppleWebKit/537.36 (KHTML, like Gecko) Chrome/89.0.4389.90 Safari/537.36"
84.115.216.136 - - [19/Mar/2021:12:54:14 +0100] "GET /reload?ser=1616154854037 HTTP/1.1" 200 28 "http://renault.2web.at/result?searchterm=true&search=100508" "Mozilla/5.0 (Windows NT 10.0; Win64; x64) AppleWebKit/537.36 (KHTML, like Gecko) Chrome/89.0.4389.90 Safari/537.36"
193.194.132.21 - - [19/Mar/2021:12:54:22 +0100] "GET /reload?ser=1616154861802 HTTP/1.1" 200 28 "http://renault.2web.at/account" "Mozilla/5.0 (Windows NT 10.0; Win64; x64) AppleWebKit/537.36 (KHTML, like Gecko) Chrome/89.0.4389.90 Safari/537.36"
84.115.216.136 - - [19/Mar/2021:12:54:44 +0100] "GET /cart HTTP/1.1" 200 7348 "http://renault.2web.at/result?searchterm=true&search=100508" "Mozilla/5.0 (Windows NT 10.0; Win64; x64) AppleWebKit/537.36 (KHTML, like Gecko) Chrome/89.0.4389.90 Safari/537.36"
84.115.216.136 - - [19/Mar/2021:12:54:46 +0100] "GET /loadthumbnail.php?id=10232009&width=16&height=16 HTTP/1.1" 200 700 "http://renault.2web.at/cart" "Mozilla/5.0 (Windows NT 10.0; Win64; x64) AppleWebKit/537.36 (KHTML, like Gecko) Chrome/89.0.4389.90 Safari/537.36"
84.115.216.136 - - [19/Mar/2021:12:54:47 +0100] "GET /loadthumbnail.php?id=11895725&width=100 HTTP/1.1" 200 2553 "http://renault.2web.at/cart" "Mozilla/5.0 (Windows NT 10.0; Win64; x64) AppleWebKit/537.36 (KHTML, like Gecko) Chrome/89.0.4389.90 Safari/537.36"
84.115.216.136 - - [19/Mar/2021:12:54:47 +0100] "GET /loadthumbnail.php?id=11181169&width=100 HTTP/1.1" 200 1842 "http://renault.2web.at/cart" "Mozilla/5.0 (Windows NT 10.0; Win64; x64) AppleWebKit/537.36 (KHTML, like Gecko) Chrome/89.0.4389.90 Safari/537.36"
84.115.216.136 - - [19/Mar/2021:12:54:50 +0100] "POST /cart HTTP/1.1" 200 7264 "http://renault.2web.at/cart" "Mozilla/5.0 (Windows NT 10.0; Win64; x64) AppleWebKit/537.36 (KHTML, like Gecko) Chrome/89.0.4389.90 Safari/537.36"
84.115.216.136 - - [19/Mar/2021:12:54:52 +0100] "GET /images/success_msg_icon.gif HTTP/1.1" 200 1024 "http://renault.2web.at/css/styles.css" "Mozilla/5.0 (Windows NT 10.0; Win64; x64) AppleWebKit/537.36 (KHTML, like Gecko) Chrome/89.0.4389.90 Safari/537.36"
