178.188.80.226 - - [26/Mar/2021:10:02:09 +0100] "GET /reload?ser=1616749320524 HTTP/1.1" 200 28 "http://renault.activities.at/checkout" "Mozilla/5.0 (Windows NT 6.1; WOW64; Trident/7.0; rv:11.0) like Gecko"
80.120.5.131 - - [26/Mar/2021:10:02:17 +0100] "POST /11875099?print=true HTTP/1.1" 200 2746 "http://renault.activities.at/11875099?print=true" "Mozilla/5.0 (Windows NT 10.0; Win64; x64) AppleWebKit/537.36 (KHTML, like Gecko) Chrome/89.0.4389.90 Safari/537.36"
80.123.225.38 - - [26/Mar/2021:10:02:34 +0100] "GET /reload?ser=1616749353882 HTTP/1.1" 200 28 "http://renault.2web.at/success" "Mozilla/5.0 (Windows NT 10.0; Win64; x64; rv:86.0) Gecko/20100101 Firefox/86.0"
193.194.132.30 - - [26/Mar/2021:10:02:34 +0100] "GET /reload?ser=1616749353901 HTTP/1.1" 200 28 "http://renault.2web.at/account" "Mozilla/5.0 (Windows NT 10.0; Win64; x64) AppleWebKit/537.36 (KHTML, like Gecko) Chrome/89.0.4389.90 Safari/537.36"
80.120.5.131 - - [26/Mar/2021:10:02:34 +0100] "POST /10201637?dir=DESC&mode=grid&order=name&limit=15&page=11 HTTP/1.1" 200 9545 "http://renault.activities.at/10201637?dir=DESC&mode=grid&order=name&limit=15&page=11" "Mozilla/5.0 (Windows NT 10.0; Win64; x64) AppleWebKit/537.36 (KHTML, like Gecko) Chrome/89.0.4389.90 Safari/537.36"
80.120.210.179 - - [26/Mar/2021:10:02:41 +0100] "GET /reload?ser=1616749360984 HTTP/1.1" 200 28 "http://renault.activities.at/10201442" "Mozilla/5.0 (Windows NT 10.0; WOW64; Trident/7.0; rv:11.0) like Gecko"
80.120.5.131 - - [26/Mar/2021:10:02:45 +0100] "GET /reload?ser=1616749365441 HTTP/1.1" 200 1239 "http://renault.activities.at/result?searchterm=true&search=duster" "Mozilla/5.0 (Windows NT 10.0; Win64; x64) AppleWebKit/537.36 (KHTML, like Gecko) Chrome/89.0.4389.90 Safari/537.36"
80.120.5.131 - - [26/Mar/2021:10:02:42 +0100] "GET /cart HTTP/1.1" 200 6221 "http://renault.activities.at/10201637?dir=DESC&mode=grid&order=name&limit=15&page=11" "Mozilla/5.0 (Windows NT 10.0; Win64; x64) AppleWebKit/537.36 (KHTML, like Gecko) Chrome/89.0.4389.90 Safari/537.36"
80.120.5.131 - - [26/Mar/2021:10:02:46 +0100] "GET /loadthumbnail.php?id=10232009&width=16&height=16 HTTP/1.1" 200 700 "http://renault.activities.at/cart" "Mozilla/5.0 (Windows NT 10.0; Win64; x64) AppleWebKit/537.36 (KHTML, like Gecko) Chrome/89.0.4389.90 Safari/537.36"
80.120.5.131 - - [26/Mar/2021:10:02:46 +0100] "GET /loadthumbnail.php?id=11586948&width=100 HTTP/1.1" 200 4848 "http://renault.activities.at/cart" "Mozilla/5.0 (Windows NT 10.0; Win64; x64) AppleWebKit/537.36 (KHTML, like Gecko) Chrome/89.0.4389.90 Safari/537.36"
80.120.5.131 - - [26/Mar/2021:10:02:46 +0100] "GET /loadthumbnail.php?id=11308855&width=100 HTTP/1.1" 200 3776 "http://renault.activities.at/cart" "Mozilla/5.0 (Windows NT 10.0; Win64; x64) AppleWebKit/537.36 (KHTML, like Gecko) Chrome/89.0.4389.90 Safari/537.36"
80.120.5.131 - - [26/Mar/2021:10:02:46 +0100] "GET /loadthumbnail.php?id=12034916&width=100 HTTP/1.1" 200 5054 "http://renault.activities.at/cart" "Mozilla/5.0 (Windows NT 10.0; Win64; x64) AppleWebKit/537.36 (KHTML, like Gecko) Chrome/89.0.4389.90 Safari/537.36"
80.120.5.131 - - [26/Mar/2021:10:02:46 +0100] "GET /loadthumbnail.php?id=10986339&width=100 HTTP/1.1" 200 2565 "http://renault.activities.at/cart" "Mozilla/5.0 (Windows NT 10.0; Win64; x64) AppleWebKit/537.36 (KHTML, like Gecko) Chrome/89.0.4389.90 Safari/537.36"
80.120.5.131 - - [26/Mar/2021:10:02:46 +0100] "GET /loadthumbnail.php?id=11226381&width=100 HTTP/1.1" 200 2361 "http://renault.activities.at/cart" "Mozilla/5.0 (Windows NT 10.0; Win64; x64) AppleWebKit/537.36 (KHTML, like Gecko) Chrome/89.0.4389.90 Safari/537.36"
80.120.5.131 - - [26/Mar/2021:10:02:46 +0100] "GET /loadthumbnail.php?id=11459823&width=100 HTTP/1.1" 200 2335 "http://renault.activities.at/cart" "Mozilla/5.0 (Windows NT 10.0; Win64; x64) AppleWebKit/537.36 (KHTML, like Gecko) Chrome/89.0.4389.90 Safari/537.36"
80.120.5.131 - - [26/Mar/2021:10:02:46 +0100] "GET /loadthumbnail.php?id=12029411&width=100 HTTP/1.1" 200 3051 "http://renault.activities.at/cart" "Mozilla/5.0 (Windows NT 10.0; Win64; x64) AppleWebKit/537.36 (KHTML, like Gecko) Chrome/89.0.4389.90 Safari/537.36"
80.120.5.131 - - [26/Mar/2021:10:02:46 +0100] "GET /loadthumbnail.php?id=11304858&width=100 HTTP/1.1" 200 1132 "http://renault.activities.at/cart" "Mozilla/5.0 (Windows NT 10.0; Win64; x64) AppleWebKit/537.36 (KHTML, like Gecko) Chrome/89.0.4389.90 Safari/537.36"
80.120.5.131 - - [26/Mar/2021:10:02:46 +0100] "GET /loadthumbnail.php?id=12029410&width=100 HTTP/1.1" 200 2622 "http://renault.activities.at/cart" "Mozilla/5.0 (Windows NT 10.0; Win64; x64) AppleWebKit/537.36 (KHTML, like Gecko) Chrome/89.0.4389.90 Safari/537.36"
178.188.80.226 - - [26/Mar/2021:10:03:10 +0100] "GET /reload?ser=1616749381688 HTTP/1.1" 200 28 "http://renault.activities.at/checkout" "Mozilla/5.0 (Windows NT 6.1; WOW64; Trident/7.0; rv:11.0) like Gecko"
80.120.5.131 - - [26/Mar/2021:10:03:24 +0100] "GET /11586946 HTTP/1.1" 200 6342 "http://renault.activities.at/cart" "Mozilla/5.0 (Windows NT 10.0; Win64; x64) AppleWebKit/537.36 (KHTML, like Gecko) Chrome/89.0.4389.90 Safari/537.36"
80.123.225.38 - - [26/Mar/2021:10:03:34 +0100] "GET /reload?ser=1616749414844 HTTP/1.1" 200 28 "http://renault.2web.at/success" "Mozilla/5.0 (Windows NT 10.0; Win64; x64; rv:86.0) Gecko/20100101 Firefox/86.0"
193.194.132.30 - - [26/Mar/2021:10:03:36 +0100] "GET /reload?ser=1616749415904 HTTP/1.1" 200 28 "http://renault.2web.at/account" "Mozilla/5.0 (Windows NT 10.0; Win64; x64) AppleWebKit/537.36 (KHTML, like Gecko) Chrome/89.0.4389.90 Safari/537.36"
80.120.5.131 - - [26/Mar/2021:10:03:37 +0100] "GET /cart HTTP/1.1" 200 6221 "http://renault.activities.at/10201637?dir=DESC&mode=grid&order=name&limit=15&page=11" "Mozilla/5.0 (Windows NT 10.0; Win64; x64) AppleWebKit/537.36 (KHTML, like Gecko) Chrome/89.0.4389.90 Safari/537.36"
80.120.210.179 - - [26/Mar/2021:10:03:41 +0100] "GET /reload?ser=1616749421907 HTTP/1.1" 200 28 "http://renault.activities.at/10201442" "Mozilla/5.0 (Windows NT 10.0; WOW64; Trident/7.0; rv:11.0) like Gecko"
80.120.5.131 - - [26/Mar/2021:10:03:43 +0100] "POST /cart HTTP/1.1" 200 6152 "http://renault.activities.at/cart" "Mozilla/5.0 (Windows NT 10.0; Win64; x64) AppleWebKit/537.36 (KHTML, like Gecko) Chrome/89.0.4389.90 Safari/537.36"
80.120.5.131 - - [26/Mar/2021:10:03:46 +0100] "GET /reload?ser=1616749426433 HTTP/1.1" 200 1234 "http://renault.activities.at/result?searchterm=true&search=duster" "Mozilla/5.0 (Windows NT 10.0; Win64; x64) AppleWebKit/537.36 (KHTML, like Gecko) Chrome/89.0.4389.90 Safari/537.36"
178.188.80.226 - - [26/Mar/2021:10:04:11 +0100] "GET /reload?ser=1616749442888 HTTP/1.1" 200 28 "http://renault.activities.at/checkout" "Mozilla/5.0 (Windows NT 6.1; WOW64; Trident/7.0; rv:11.0) like Gecko"
80.123.225.38 - - [26/Mar/2021:10:04:35 +0100] "GET /reload?ser=1616749475796 HTTP/1.1" 200 28 "http://renault.2web.at/success" "Mozilla/5.0 (Windows NT 10.0; Win64; x64; rv:86.0) Gecko/20100101 Firefox/86.0"
80.120.5.131 - - [26/Mar/2021:10:04:32 +0100] "GET /checkout HTTP/1.1" 200 10278 "http://renault.activities.at/cart" "Mozilla/5.0 (Windows NT 10.0; Win64; x64) AppleWebKit/537.36 (KHTML, like Gecko) Chrome/89.0.4389.90 Safari/537.36"
80.120.5.131 - - [26/Mar/2021:10:04:37 +0100] "GET /js/checkout2.js HTTP/1.1" 200 4122 "http://renault.activities.at/checkout" "Mozilla/5.0 (Windows NT 10.0; Win64; x64) AppleWebKit/537.36 (KHTML, like Gecko) Chrome/89.0.4389.90 Safari/537.36"
80.120.5.131 - - [26/Mar/2021:10:04:37 +0100] "GET /images/ajax_loading.gif HTTP/1.1" 200 1542 "http://renault.activities.at/checkout" "Mozilla/5.0 (Windows NT 10.0; Win64; x64) AppleWebKit/537.36 (KHTML, like Gecko) Chrome/89.0.4389.90 Safari/537.36"
80.120.5.131 - - [26/Mar/2021:10:04:37 +0100] "GET /images/step_bg.jpg HTTP/1.1" 200 319 "http://renault.activities.at/css/styles.css" "Mozilla/5.0 (Windows NT 10.0; Win64; x64) AppleWebKit/537.36 (KHTML, like Gecko) Chrome/89.0.4389.90 Safari/537.36"
80.120.5.131 - - [26/Mar/2021:10:04:37 +0100] "GET /images/step_marker.gif HTTP/1.1" 200 650 "http://renault.activities.at/css/styles.css" "Mozilla/5.0 (Windows NT 10.0; Win64; x64) AppleWebKit/537.36 (KHTML, like Gecko) Chrome/89.0.4389.90 Safari/537.36"
80.120.5.131 - - [26/Mar/2021:10:04:37 +0100] "GET /images/checkout_border_top.gif HTTP/1.1" 200 156 "http://renault.activities.at/css/styles.css" "Mozilla/5.0 (Windows NT 10.0; Win64; x64) AppleWebKit/537.36 (KHTML, like Gecko) Chrome/89.0.4389.90 Safari/537.36"
80.120.5.131 - - [26/Mar/2021:10:04:37 +0100] "GET /images/checkout_border.gif HTTP/1.1" 200 43 "http://renault.activities.at/css/styles.css" "Mozilla/5.0 (Windows NT 10.0; Win64; x64) AppleWebKit/537.36 (KHTML, like Gecko) Chrome/89.0.4389.90 Safari/537.36"
80.120.5.131 - - [26/Mar/2021:10:04:37 +0100] "GET /loadthumbnail.php?id=10201939 HTTP/1.1" 200 201 "http://renault.activities.at/checkout" "Mozilla/5.0 (Windows NT 10.0; Win64; x64) AppleWebKit/537.36 (KHTML, like Gecko) Chrome/89.0.4389.90 Safari/537.36"
80.120.5.131 - - [26/Mar/2021:10:04:37 +0100] "GET /loadthumbnail.php?id=10202698 HTTP/1.1" 200 16686 "http://renault.activities.at/checkout" "Mozilla/5.0 (Windows NT 10.0; Win64; x64) AppleWebKit/537.36 (KHTML, like Gecko) Chrome/89.0.4389.90 Safari/537.36"
193.194.132.30 - - [26/Mar/2021:10:04:38 +0100] "GET /reload?ser=1616749477906 HTTP/1.1" 200 28 "http://renault.2web.at/account" "Mozilla/5.0 (Windows NT 10.0; Win64; x64) AppleWebKit/537.36 (KHTML, like Gecko) Chrome/89.0.4389.90 Safari/537.36"
80.120.210.179 - - [26/Mar/2021:10:04:42 +0100] "GET /reload?ser=1616749482908 HTTP/1.1" 200 28 "http://renault.activities.at/10201442" "Mozilla/5.0 (Windows NT 10.0; WOW64; Trident/7.0; rv:11.0) like Gecko"
80.120.5.131 - - [26/Mar/2021:10:04:47 +0100] "GET /reload?ser=1616749487436 HTTP/1.1" 200 1235 "http://renault.activities.at/result?searchterm=true&search=duster" "Mozilla/5.0 (Windows NT 10.0; Win64; x64) AppleWebKit/537.36 (KHTML, like Gecko) Chrome/89.0.4389.90 Safari/537.36"
178.188.80.226 - - [26/Mar/2021:10:05:13 +0100] "GET /reload?ser=1616749504051 HTTP/1.1" 200 28 "http://renault.activities.at/checkout" "Mozilla/5.0 (Windows NT 6.1; WOW64; Trident/7.0; rv:11.0) like Gecko"
80.120.5.131 - - [26/Mar/2021:10:05:28 +0100] "POST /docheckout HTTP/1.1" 200 459 "http://renault.activities.at/checkout" "Mozilla/5.0 (Windows NT 10.0; Win64; x64) AppleWebKit/537.36 (KHTML, like Gecko) Chrome/89.0.4389.90 Safari/537.36"
80.120.5.131 - - [26/Mar/2021:10:05:32 +0100] "POST /docheckout HTTP/1.1" 200 884 "http://renault.activities.at/checkout" "Mozilla/5.0 (Windows NT 10.0; Win64; x64) AppleWebKit/537.36 (KHTML, like Gecko) Chrome/89.0.4389.90 Safari/537.36"
80.120.5.131 - - [26/Mar/2021:10:05:34 +0100] "GET /images/error_msg_icon.gif HTTP/1.1" 200 1013 "http://renault.activities.at/checkout" "Mozilla/5.0 (Windows NT 10.0; Win64; x64) AppleWebKit/537.36 (KHTML, like Gecko) Chrome/89.0.4389.90 Safari/537.36"
80.123.225.38 - - [26/Mar/2021:10:05:36 +0100] "GET /reload?ser=1616749536749 HTTP/1.1" 200 28 "http://renault.2web.at/success" "Mozilla/5.0 (Windows NT 10.0; Win64; x64; rv:86.0) Gecko/20100101 Firefox/86.0"
80.120.5.131 - - [26/Mar/2021:10:05:37 +0100] "GET /reload?ser=1616749537460 HTTP/1.1" 200 28 "http://renault.activities.at/checkout" "Mozilla/5.0 (Windows NT 10.0; Win64; x64) AppleWebKit/537.36 (KHTML, like Gecko) Chrome/89.0.4389.90 Safari/537.36"
193.194.132.30 - - [26/Mar/2021:10:05:40 +0100] "GET /reload?ser=1616749539909 HTTP/1.1" 200 28 "http://renault.2web.at/account" "Mozilla/5.0 (Windows NT 10.0; Win64; x64) AppleWebKit/537.36 (KHTML, like Gecko) Chrome/89.0.4389.90 Safari/537.36"
80.120.210.179 - - [26/Mar/2021:10:05:43 +0100] "GET /reload?ser=1616749543848 HTTP/1.1" 200 28 "http://renault.activities.at/10201442" "Mozilla/5.0 (Windows NT 10.0; WOW64; Trident/7.0; rv:11.0) like Gecko"
80.120.5.131 - - [26/Mar/2021:10:05:48 +0100] "GET /reload?ser=1616749548441 HTTP/1.1" 200 1235 "http://renault.activities.at/result?searchterm=true&search=duster" "Mozilla/5.0 (Windows NT 10.0; Win64; x64) AppleWebKit/537.36 (KHTML, like Gecko) Chrome/89.0.4389.90 Safari/537.36"
80.120.5.131 - - [26/Mar/2021:10:05:46 +0100] "POST /docheckout HTTP/1.1" 200 68 "http://renault.activities.at/checkout" "Mozilla/5.0 (Windows NT 10.0; Win64; x64) AppleWebKit/537.36 (KHTML, like Gecko) Chrome/89.0.4389.90 Safari/537.36"
80.120.5.131 - - [26/Mar/2021:10:05:49 +0100] "GET /success HTTP/1.1" 200 3797 "http://renault.activities.at/checkout" "Mozilla/5.0 (Windows NT 10.0; Win64; x64) AppleWebKit/537.36 (KHTML, like Gecko) Chrome/89.0.4389.90 Safari/537.36"
80.120.5.131 - - [26/Mar/2021:10:05:54 +0100] "GET /12395237?print=true HTTP/1.1" 200 2279 "http://renault.activities.at/success" "Mozilla/5.0 (Windows NT 10.0; Win64; x64) AppleWebKit/537.36 (KHTML, like Gecko) Chrome/89.0.4389.90 Safari/537.36"
178.188.80.226 - - [26/Mar/2021:10:06:15 +0100] "GET /reload?ser=1616749566126 HTTP/1.1" 200 28 "http://renault.activities.at/checkout" "Mozilla/5.0 (Windows NT 6.1; WOW64; Trident/7.0; rv:11.0) like Gecko"
80.123.225.38 - - [26/Mar/2021:10:06:37 +0100] "GET /reload?ser=1616749597724 HTTP/1.1" 200 28 "http://renault.2web.at/success" "Mozilla/5.0 (Windows NT 10.0; Win64; x64; rv:86.0) Gecko/20100101 Firefox/86.0"
193.194.132.30 - - [26/Mar/2021:10:06:42 +0100] "GET /reload?ser=1616749601926 HTTP/1.1" 200 28 "http://renault.2web.at/account" "Mozilla/5.0 (Windows NT 10.0; Win64; x64) AppleWebKit/537.36 (KHTML, like Gecko) Chrome/89.0.4389.90 Safari/537.36"
80.120.210.179 - - [26/Mar/2021:10:06:44 +0100] "GET /reload?ser=1616749604812 HTTP/1.1" 200 28 "http://renault.activities.at/10201442" "Mozilla/5.0 (Windows NT 10.0; WOW64; Trident/7.0; rv:11.0) like Gecko"
80.120.5.131 - - [26/Mar/2021:10:06:49 +0100] "GET /reload?ser=1616749609445 HTTP/1.1" 200 1236 "http://renault.activities.at/result?searchterm=true&search=duster" "Mozilla/5.0 (Windows NT 10.0; Win64; x64) AppleWebKit/537.36 (KHTML, like Gecko) Chrome/89.0.4389.90 Safari/537.36"
178.188.80.226 - - [26/Mar/2021:10:07:16 +0100] "GET /reload?ser=1616749627281 HTTP/1.1" 200 28 "http://renault.activities.at/checkout" "Mozilla/5.0 (Windows NT 6.1; WOW64; Trident/7.0; rv:11.0) like Gecko"
80.123.225.38 - - [26/Mar/2021:10:07:38 +0100] "GET /reload?ser=1616749658655 HTTP/1.1" 200 28 "http://renault.2web.at/success" "Mozilla/5.0 (Windows NT 10.0; Win64; x64; rv:86.0) Gecko/20100101 Firefox/86.0"
193.194.132.30 - - [26/Mar/2021:10:07:44 +0100] "GET /reload?ser=1616749663915 HTTP/1.1" 200 28 "http://renault.2web.at/account" "Mozilla/5.0 (Windows NT 10.0; Win64; x64) AppleWebKit/537.36 (KHTML, like Gecko) Chrome/89.0.4389.90 Safari/537.36"
80.120.210.179 - - [26/Mar/2021:10:07:45 +0100] "GET /reload?ser=1616749665745 HTTP/1.1" 200 28 "http://renault.activities.at/10201442" "Mozilla/5.0 (Windows NT 10.0; WOW64; Trident/7.0; rv:11.0) like Gecko"
80.120.5.131 - - [26/Mar/2021:10:07:50 +0100] "GET /reload?ser=1616749670432 HTTP/1.1" 200 1240 "http://renault.activities.at/result?searchterm=true&search=duster" "Mozilla/5.0 (Windows NT 10.0; Win64; x64) AppleWebKit/537.36 (KHTML, like Gecko) Chrome/89.0.4389.90 Safari/537.36"
178.188.80.226 - - [26/Mar/2021:10:08:17 +0100] "GET /reload?ser=1616749688488 HTTP/1.1" 200 28 "http://renault.activities.at/checkout" "Mozilla/5.0 (Windows NT 6.1; WOW64; Trident/7.0; rv:11.0) like Gecko"
80.123.225.38 - - [26/Mar/2021:10:08:39 +0100] "GET /reload?ser=1616749719666 HTTP/1.1" 200 28 "http://renault.2web.at/success" "Mozilla/5.0 (Windows NT 10.0; Win64; x64; rv:86.0) Gecko/20100101 Firefox/86.0"
193.194.132.30 - - [26/Mar/2021:10:08:46 +0100] "GET /reload?ser=1616749725914 HTTP/1.1" 200 28 "http://renault.2web.at/account" "Mozilla/5.0 (Windows NT 10.0; Win64; x64) AppleWebKit/537.36 (KHTML, like Gecko) Chrome/89.0.4389.90 Safari/537.36"
80.120.210.179 - - [26/Mar/2021:10:08:46 +0100] "GET /reload?ser=1616749726732 HTTP/1.1" 200 28 "http://renault.activities.at/10201442" "Mozilla/5.0 (Windows NT 10.0; WOW64; Trident/7.0; rv:11.0) like Gecko"
80.120.5.131 - - [26/Mar/2021:10:08:51 +0100] "GET /reload?ser=1616749731447 HTTP/1.1" 200 1232 "http://renault.activities.at/result?searchterm=true&search=duster" "Mozilla/5.0 (Windows NT 10.0; Win64; x64) AppleWebKit/537.36 (KHTML, like Gecko) Chrome/89.0.4389.90 Safari/537.36"
178.188.80.226 - - [26/Mar/2021:10:09:18 +0100] "GET /reload?ser=1616749749989 HTTP/1.1" 200 28 "http://renault.activities.at/checkout" "Mozilla/5.0 (Windows NT 6.1; WOW64; Trident/7.0; rv:11.0) like Gecko"
80.123.225.38 - - [26/Mar/2021:10:09:40 +0100] "GET /reload?ser=1616749780628 HTTP/1.1" 200 28 "http://renault.2web.at/success" "Mozilla/5.0 (Windows NT 10.0; Win64; x64; rv:86.0) Gecko/20100101 Firefox/86.0"
18.236.237.19 - - [26/Mar/2021:10:09:41 +0100] "GET / HTTP/1.1" 200 13281 "-" "Mozilla/5.0 (Windows NT 6.1; Win64; x64) AppleWebKit/537.36 (KHTML, like Gecko) Chrome/72.0.3626.109 Safari/537.36"
80.120.210.179 - - [26/Mar/2021:10:09:47 +0100] "GET /reload?ser=1616749787704 HTTP/1.1" 200 28 "http://renault.activities.at/10201442" "Mozilla/5.0 (Windows NT 10.0; WOW64; Trident/7.0; rv:11.0) like Gecko"
193.194.132.30 - - [26/Mar/2021:10:09:48 +0100] "GET /reload?ser=1616749787916 HTTP/1.1" 200 28 "http://renault.2web.at/account" "Mozilla/5.0 (Windows NT 10.0; Win64; x64) AppleWebKit/537.36 (KHTML, like Gecko) Chrome/89.0.4389.90 Safari/537.36"
80.120.5.131 - - [26/Mar/2021:10:09:52 +0100] "GET /reload?ser=1616749792443 HTTP/1.1" 200 1226 "http://renault.activities.at/result?searchterm=true&search=duster" "Mozilla/5.0 (Windows NT 10.0; Win64; x64) AppleWebKit/537.36 (KHTML, like Gecko) Chrome/89.0.4389.90 Safari/537.36"
80.120.5.131 - - [26/Mar/2021:10:10:05 +0100] "GET /reload?ser=1616749805609 HTTP/1.1" 200 28 "http://renault.activities.at/success" "Mozilla/5.0 (Windows NT 10.0; Win64; x64) AppleWebKit/537.36 (KHTML, like Gecko) Chrome/89.0.4389.90 Safari/537.36"
80.120.5.131 - - [26/Mar/2021:10:10:17 +0100] "GET /logout HTTP/1.1" 302 140 "http://renault.activities.at/success" "Mozilla/5.0 (Windows NT 10.0; Win64; x64) AppleWebKit/537.36 (KHTML, like Gecko) Chrome/89.0.4389.90 Safari/537.36"
80.120.5.131 - - [26/Mar/2021:10:10:18 +0100] "GET /logout HTTP/1.1" 200 1583 "http://renault.activities.at/success" "Mozilla/5.0 (Windows NT 10.0; Win64; x64) AppleWebKit/537.36 (KHTML, like Gecko) Chrome/89.0.4389.90 Safari/537.36"
91.112.83.162 - - [26/Mar/2021:10:10:18 +0100] "GET /login?required=true HTTP/1.1" 200 2095 "-" "Mozilla/5.0 (Windows NT 6.1; Trident/7.0; rv:11.0) like Gecko"
91.112.83.162 - - [26/Mar/2021:10:10:19 +0100] "GET /js/default.js HTTP/1.1" 304 - "http://renault.2web.at/login?required=true" "Mozilla/5.0 (Windows NT 6.1; Trident/7.0; rv:11.0) like Gecko"
91.112.83.162 - - [26/Mar/2021:10:10:19 +0100] "GET /css/reset.css HTTP/1.1" 304 - "http://renault.2web.at/login?required=true" "Mozilla/5.0 (Windows NT 6.1; Trident/7.0; rv:11.0) like Gecko"
91.112.83.162 - - [26/Mar/2021:10:10:19 +0100] "GET /css/styles.css HTTP/1.1" 304 - "http://renault.2web.at/login?required=true" "Mozilla/5.0 (Windows NT 6.1; Trident/7.0; rv:11.0) like Gecko"
91.112.83.162 - - [26/Mar/2021:10:10:19 +0100] "GET /css/clears.css HTTP/1.1" 304 - "http://renault.2web.at/login?required=true" "Mozilla/5.0 (Windows NT 6.1; Trident/7.0; rv:11.0) like Gecko"
91.112.83.162 - - [26/Mar/2021:10:10:19 +0100] "GET /css/print.css HTTP/1.1" 304 - "http://renault.2web.at/login?required=true" "Mozilla/5.0 (Windows NT 6.1; Trident/7.0; rv:11.0) like Gecko"
91.112.83.162 - - [26/Mar/2021:10:10:19 +0100] "GET /js/checkout.css HTTP/1.1" 304 - "http://renault.2web.at/login?required=true" "Mozilla/5.0 (Windows NT 6.1; Trident/7.0; rv:11.0) like Gecko"
91.112.83.162 - - [26/Mar/2021:10:10:19 +0100] "GET /css/prototip.css HTTP/1.1" 304 - "http://renault.2web.at/login?required=true" "Mozilla/5.0 (Windows NT 6.1; Trident/7.0; rv:11.0) like Gecko"
91.112.83.162 - - [26/Mar/2021:10:10:19 +0100] "GET /css/themes/default.css HTTP/1.1" 304 - "http://renault.2web.at/login?required=true" "Mozilla/5.0 (Windows NT 6.1; Trident/7.0; rv:11.0) like Gecko"
91.112.83.162 - - [26/Mar/2021:10:10:19 +0100] "GET /css/themes/alphacube.css HTTP/1.1" 304 - "http://renault.2web.at/login?required=true" "Mozilla/5.0 (Windows NT 6.1; Trident/7.0; rv:11.0) like Gecko"
91.112.83.162 - - [26/Mar/2021:10:10:20 +0100] "GET /images/main_block_border.gif HTTP/1.1" 304 - "http://renault.2web.at/login?required=true" "Mozilla/5.0 (Windows NT 6.1; Trident/7.0; rv:11.0) like Gecko"
91.112.83.162 - - [26/Mar/2021:10:10:20 +0100] "GET /images/main_block_corner_left_top.gif HTTP/1.1" 304 - "http://renault.2web.at/login?required=true" "Mozilla/5.0 (Windows NT 6.1; Trident/7.0; rv:11.0) like Gecko"
91.112.83.162 - - [26/Mar/2021:10:10:20 +0100] "GET /images/main_block_corner_right_top.gif HTTP/1.1" 304 - "http://renault.2web.at/login?required=true" "Mozilla/5.0 (Windows NT 6.1; Trident/7.0; rv:11.0) like Gecko"
91.112.83.162 - - [26/Mar/2021:10:10:20 +0100] "GET /images/main_block_corner_left_bot.gif HTTP/1.1" 304 - "http://renault.2web.at/login?required=true" "Mozilla/5.0 (Windows NT 6.1; Trident/7.0; rv:11.0) like Gecko"
91.112.83.162 - - [26/Mar/2021:10:10:20 +0100] "GET /images/main_block_corner_right_bot.gif HTTP/1.1" 304 - "http://renault.2web.at/login?required=true" "Mozilla/5.0 (Windows NT 6.1; Trident/7.0; rv:11.0) like Gecko"
91.112.83.162 - - [26/Mar/2021:10:10:20 +0100] "GET /images/header_block_border.gif HTTP/1.1" 304 - "http://renault.2web.at/login?required=true" "Mozilla/5.0 (Windows NT 6.1; Trident/7.0; rv:11.0) like Gecko"
91.112.83.162 - - [26/Mar/2021:10:10:20 +0100] "GET /images/header_block_corner_left_top.gif HTTP/1.1" 304 - "http://renault.2web.at/login?required=true" "Mozilla/5.0 (Windows NT 6.1; Trident/7.0; rv:11.0) like Gecko"
91.112.83.162 - - [26/Mar/2021:10:10:20 +0100] "GET /images/header_block_corner_right_top.gif HTTP/1.1" 304 - "http://renault.2web.at/login?required=true" "Mozilla/5.0 (Windows NT 6.1; Trident/7.0; rv:11.0) like Gecko"
178.188.80.226 - - [26/Mar/2021:10:10:20 +0100] "GET /reload?ser=1616749811136 HTTP/1.1" 200 28 "http://renault.activities.at/checkout" "Mozilla/5.0 (Windows NT 6.1; WOW64; Trident/7.0; rv:11.0) like Gecko"
91.112.83.162 - - [26/Mar/2021:10:10:20 +0100] "GET /images/title_border.jpg HTTP/1.1" 304 - "http://renault.2web.at/login?required=true" "Mozilla/5.0 (Windows NT 6.1; Trident/7.0; rv:11.0) like Gecko"
91.112.83.162 - - [26/Mar/2021:10:10:21 +0100] "GET /images/title_border_top.jpg HTTP/1.1" 304 - "http://renault.2web.at/login?required=true" "Mozilla/5.0 (Windows NT 6.1; Trident/7.0; rv:11.0) like Gecko"
91.112.83.162 - - [26/Mar/2021:10:10:21 +0100] "GET /images/title_corner_left_top.jpg HTTP/1.1" 304 - "http://renault.2web.at/login?required=true" "Mozilla/5.0 (Windows NT 6.1; Trident/7.0; rv:11.0) like Gecko"
91.112.83.162 - - [26/Mar/2021:10:10:21 +0100] "GET /images/title_corner_right_top.jpg HTTP/1.1" 304 - "http://renault.2web.at/login?required=true" "Mozilla/5.0 (Windows NT 6.1; Trident/7.0; rv:11.0) like Gecko"
91.112.83.162 - - [26/Mar/2021:10:10:21 +0100] "GET /images/button_left_bg.gif HTTP/1.1" 304 - "http://renault.2web.at/login?required=true" "Mozilla/5.0 (Windows NT 6.1; Trident/7.0; rv:11.0) like Gecko"
91.112.83.162 - - [26/Mar/2021:10:10:21 +0100] "GET /images/button_right_bg.gif HTTP/1.1" 304 - "http://renault.2web.at/login?required=true" "Mozilla/5.0 (Windows NT 6.1; Trident/7.0; rv:11.0) like Gecko"
91.112.83.162 - - [26/Mar/2021:10:10:21 +0100] "GET /images/button_bg.gif HTTP/1.1" 304 - "http://renault.2web.at/login?required=true" "Mozilla/5.0 (Windows NT 6.1; Trident/7.0; rv:11.0) like Gecko"
91.112.83.162 - - [26/Mar/2021:10:10:22 +0100] "GET /images/favicon.ico HTTP/1.1" 404 300 "-" "Mozilla/5.0 (Windows NT 6.1; Trident/7.0; rv:11.0) like Gecko"
91.112.83.162 - - [26/Mar/2021:10:10:22 +0100] "GET /favicon.ico HTTP/1.1" 200 3250 "-" "Mozilla/5.0 (Windows NT 6.1; Trident/7.0; rv:11.0) like Gecko"
80.120.5.131 - - [26/Mar/2021:10:10:24 +0100] "GET / HTTP/1.1" 200 3273 "http://renault.activities.at/logout" "Mozilla/5.0 (Windows NT 10.0; Win64; x64) AppleWebKit/537.36 (KHTML, like Gecko) Chrome/89.0.4389.90 Safari/537.36"
80.123.225.38 - - [26/Mar/2021:10:10:41 +0100] "GET /reload?ser=1616749841569 HTTP/1.1" 200 28 "http://renault.2web.at/success" "Mozilla/5.0 (Windows NT 10.0; Win64; x64; rv:86.0) Gecko/20100101 Firefox/86.0"
80.120.210.179 - - [26/Mar/2021:10:10:48 +0100] "GET /reload?ser=1616749848659 HTTP/1.1" 200 28 "http://renault.activities.at/10201442" "Mozilla/5.0 (Windows NT 10.0; WOW64; Trident/7.0; rv:11.0) like Gecko"
193.194.132.30 - - [26/Mar/2021:10:10:50 +0100] "GET /reload?ser=1616749849917 HTTP/1.1" 200 28 "http://renault.2web.at/account" "Mozilla/5.0 (Windows NT 10.0; Win64; x64) AppleWebKit/537.36 (KHTML, like Gecko) Chrome/89.0.4389.90 Safari/537.36"
80.120.5.131 - - [26/Mar/2021:10:10:53 +0100] "GET /reload?ser=1616749853433 HTTP/1.1" 200 1234 "http://renault.activities.at/result?searchterm=true&search=duster" "Mozilla/5.0 (Windows NT 10.0; Win64; x64) AppleWebKit/537.36 (KHTML, like Gecko) Chrome/89.0.4389.90 Safari/537.36"
91.112.83.162 - - [26/Mar/2021:10:10:54 +0100] "POST /login HTTP/1.1" 302 137 "http://renault.2web.at/login?required=true" "Mozilla/5.0 (Windows NT 6.1; Trident/7.0; rv:11.0) like Gecko"
91.112.83.162 - - [26/Mar/2021:10:10:56 +0100] "GET /account HTTP/1.1" 200 6610 "http://renault.2web.at/login?required=true" "Mozilla/5.0 (Windows NT 6.1; Trident/7.0; rv:11.0) like Gecko"
91.112.83.162 - - [26/Mar/2021:10:10:59 +0100] "GET /js/default.js HTTP/1.1" 304 - "http://renault.2web.at/account" "Mozilla/5.0 (Windows NT 6.1; Trident/7.0; rv:11.0) like Gecko"
91.112.83.162 - - [26/Mar/2021:10:10:59 +0100] "GET /css/reset.css HTTP/1.1" 304 - "http://renault.2web.at/account" "Mozilla/5.0 (Windows NT 6.1; Trident/7.0; rv:11.0) like Gecko"
91.112.83.162 - - [26/Mar/2021:10:10:59 +0100] "GET /css/styles.css HTTP/1.1" 304 - "http://renault.2web.at/account" "Mozilla/5.0 (Windows NT 6.1; Trident/7.0; rv:11.0) like Gecko"
91.112.83.162 - - [26/Mar/2021:10:10:59 +0100] "GET /css/clears.css HTTP/1.1" 304 - "http://renault.2web.at/account" "Mozilla/5.0 (Windows NT 6.1; Trident/7.0; rv:11.0) like Gecko"
91.112.83.162 - - [26/Mar/2021:10:10:59 +0100] "GET /js/checkout.css HTTP/1.1" 304 - "http://renault.2web.at/account" "Mozilla/5.0 (Windows NT 6.1; Trident/7.0; rv:11.0) like Gecko"
91.112.83.162 - - [26/Mar/2021:10:10:59 +0100] "GET /css/print.css HTTP/1.1" 304 - "http://renault.2web.at/account" "Mozilla/5.0 (Windows NT 6.1; Trident/7.0; rv:11.0) like Gecko"
91.112.83.162 - - [26/Mar/2021:10:10:59 +0100] "GET /css/themes/default.css HTTP/1.1" 304 - "http://renault.2web.at/account" "Mozilla/5.0 (Windows NT 6.1; Trident/7.0; rv:11.0) like Gecko"
91.112.83.162 - - [26/Mar/2021:10:10:59 +0100] "GET /css/prototip.css HTTP/1.1" 304 - "http://renault.2web.at/account" "Mozilla/5.0 (Windows NT 6.1; Trident/7.0; rv:11.0) like Gecko"
91.112.83.162 - - [26/Mar/2021:10:10:59 +0100] "GET /css/themes/alphacube.css HTTP/1.1" 304 - "http://renault.2web.at/account" "Mozilla/5.0 (Windows NT 6.1; Trident/7.0; rv:11.0) like Gecko"
91.112.83.162 - - [26/Mar/2021:10:10:59 +0100] "GET /js/account.js HTTP/1.1" 200 953 "http://renault.2web.at/account" "Mozilla/5.0 (Windows NT 6.1; Trident/7.0; rv:11.0) like Gecko"
91.112.83.162 - - [26/Mar/2021:10:10:59 +0100] "GET /loadthumbnail.php?id=10203651&width=50&height=50 HTTP/1.1" 200 1234 "http://renault.2web.at/account" "Mozilla/5.0 (Windows NT 6.1; Trident/7.0; rv:11.0) like Gecko"
91.112.83.162 - - [26/Mar/2021:10:10:59 +0100] "GET /loadthumbnail.php?id=10260863&width=50&height=50 HTTP/1.1" 200 734 "http://renault.2web.at/account" "Mozilla/5.0 (Windows NT 6.1; Trident/7.0; rv:11.0) like Gecko"
91.112.83.162 - - [26/Mar/2021:10:10:59 +0100] "GET /images/header_block_border.gif HTTP/1.1" 304 - "http://renault.2web.at/account" "Mozilla/5.0 (Windows NT 6.1; Trident/7.0; rv:11.0) like Gecko"
91.112.83.162 - - [26/Mar/2021:10:10:59 +0100] "GET /loadthumbnail.php?id=10260861&width=50&height=50 HTTP/1.1" 200 734 "http://renault.2web.at/account" "Mozilla/5.0 (Windows NT 6.1; Trident/7.0; rv:11.0) like Gecko"
91.112.83.162 - - [26/Mar/2021:10:10:59 +0100] "GET /loadthumbnail.php?id=11431080&width=50&height=50 HTTP/1.1" 200 866 "http://renault.2web.at/account" "Mozilla/5.0 (Windows NT 6.1; Trident/7.0; rv:11.0) like Gecko"
91.112.83.162 - - [26/Mar/2021:10:10:59 +0100] "GET /loadthumbnail.php?id=10915886&width=50&height=50 HTTP/1.1" 200 775 "http://renault.2web.at/account" "Mozilla/5.0 (Windows NT 6.1; Trident/7.0; rv:11.0) like Gecko"
91.112.83.162 - - [26/Mar/2021:10:10:59 +0100] "GET /images/top_links_divider.gif HTTP/1.1" 200 44 "http://renault.2web.at/account" "Mozilla/5.0 (Windows NT 6.1; Trident/7.0; rv:11.0) like Gecko"
91.112.83.162 - - [26/Mar/2021:10:10:59 +0100] "GET /loadthumbnail.php?id=11243081&width=50&height=50 HTTP/1.1" 200 745 "http://renault.2web.at/account" "Mozilla/5.0 (Windows NT 6.1; Trident/7.0; rv:11.0) like Gecko"
91.112.83.162 - - [26/Mar/2021:10:10:59 +0100] "GET /images/menu_button_bg.jpg HTTP/1.1" 200 322 "http://renault.2web.at/account" "Mozilla/5.0 (Windows NT 6.1; Trident/7.0; rv:11.0) like Gecko"
91.112.83.162 - - [26/Mar/2021:10:10:59 +0100] "GET /images/nav_divider.gif HTTP/1.1" 200 43 "http://renault.2web.at/account" "Mozilla/5.0 (Windows NT 6.1; Trident/7.0; rv:11.0) like Gecko"
91.112.83.162 - - [26/Mar/2021:10:10:59 +0100] "GET /images/menu_divider.gif HTTP/1.1" 200 176 "http://renault.2web.at/account" "Mozilla/5.0 (Windows NT 6.1; Trident/7.0; rv:11.0) like Gecko"
91.112.83.162 - - [26/Mar/2021:10:10:59 +0100] "GET /images/button_left_bg.gif HTTP/1.1" 304 - "http://renault.2web.at/account" "Mozilla/5.0 (Windows NT 6.1; Trident/7.0; rv:11.0) like Gecko"
91.112.83.162 - - [26/Mar/2021:10:10:59 +0100] "GET /images/sidebar_title_border.gif HTTP/1.1" 200 43 "http://renault.2web.at/account" "Mozilla/5.0 (Windows NT 6.1; Trident/7.0; rv:11.0) like Gecko"
91.112.83.162 - - [26/Mar/2021:10:10:59 +0100] "GET /images/sidebar_title_border_top.gif HTTP/1.1" 200 155 "http://renault.2web.at/account" "Mozilla/5.0 (Windows NT 6.1; Trident/7.0; rv:11.0) like Gecko"
91.112.83.162 - - [26/Mar/2021:10:10:59 +0100] "GET /images/sidebar_title_corner_left_top.gif HTTP/1.1" 200 1124 "http://renault.2web.at/account" "Mozilla/5.0 (Windows NT 6.1; Trident/7.0; rv:11.0) like Gecko"
91.112.83.162 - - [26/Mar/2021:10:10:59 +0100] "GET /images/sidebar_title_corner_right_top.gif HTTP/1.1" 200 383 "http://renault.2web.at/account" "Mozilla/5.0 (Windows NT 6.1; Trident/7.0; rv:11.0) like Gecko"
91.112.83.162 - - [26/Mar/2021:10:10:59 +0100] "GET /images/button_right_bg.gif HTTP/1.1" 304 - "http://renault.2web.at/account" "Mozilla/5.0 (Windows NT 6.1; Trident/7.0; rv:11.0) like Gecko"
91.112.83.162 - - [26/Mar/2021:10:10:59 +0100] "GET /images/header_block_corner_left_top.gif HTTP/1.1" 304 - "http://renault.2web.at/account" "Mozilla/5.0 (Windows NT 6.1; Trident/7.0; rv:11.0) like Gecko"
91.112.83.162 - - [26/Mar/2021:10:10:59 +0100] "GET /images/header_block_corner_right_top.gif HTTP/1.1" 304 - "http://renault.2web.at/account" "Mozilla/5.0 (Windows NT 6.1; Trident/7.0; rv:11.0) like Gecko"
91.112.83.162 - - [26/Mar/2021:10:10:59 +0100] "GET /images/search_bg.gif HTTP/1.1" 200 1726 "http://renault.2web.at/account" "Mozilla/5.0 (Windows NT 6.1; Trident/7.0; rv:11.0) like Gecko"
91.112.83.162 - - [26/Mar/2021:10:10:59 +0100] "GET /images/main_block_border.gif HTTP/1.1" 304 - "http://renault.2web.at/account" "Mozilla/5.0 (Windows NT 6.1; Trident/7.0; rv:11.0) like Gecko"
91.112.83.162 - - [26/Mar/2021:10:10:59 +0100] "GET /images/main_block_corner_left_top.gif HTTP/1.1" 304 - "http://renault.2web.at/account" "Mozilla/5.0 (Windows NT 6.1; Trident/7.0; rv:11.0) like Gecko"
91.112.83.162 - - [26/Mar/2021:10:10:59 +0100] "GET /images/main_block_corner_right_top.gif HTTP/1.1" 304 - "http://renault.2web.at/account" "Mozilla/5.0 (Windows NT 6.1; Trident/7.0; rv:11.0) like Gecko"
91.112.83.162 - - [26/Mar/2021:10:10:59 +0100] "GET /images/main_block_corner_left_bot.gif HTTP/1.1" 304 - "http://renault.2web.at/account" "Mozilla/5.0 (Windows NT 6.1; Trident/7.0; rv:11.0) like Gecko"
91.112.83.162 - - [26/Mar/2021:10:10:59 +0100] "GET /images/main_block_corner_right_bot.gif HTTP/1.1" 304 - "http://renault.2web.at/account" "Mozilla/5.0 (Windows NT 6.1; Trident/7.0; rv:11.0) like Gecko"
91.112.83.162 - - [26/Mar/2021:10:10:59 +0100] "GET /images/button_bg.gif HTTP/1.1" 304 - "http://renault.2web.at/account" "Mozilla/5.0 (Windows NT 6.1; Trident/7.0; rv:11.0) like Gecko"
91.112.83.162 - - [26/Mar/2021:10:10:59 +0100] "GET /images/title_border.jpg HTTP/1.1" 304 - "http://renault.2web.at/account" "Mozilla/5.0 (Windows NT 6.1; Trident/7.0; rv:11.0) like Gecko"
91.112.83.162 - - [26/Mar/2021:10:10:59 +0100] "GET /images/title_border_top.jpg HTTP/1.1" 304 - "http://renault.2web.at/account" "Mozilla/5.0 (Windows NT 6.1; Trident/7.0; rv:11.0) like Gecko"
91.112.83.162 - - [26/Mar/2021:10:10:59 +0100] "GET /images/title_corner_left_top.jpg HTTP/1.1" 304 - "http://renault.2web.at/account" "Mozilla/5.0 (Windows NT 6.1; Trident/7.0; rv:11.0) like Gecko"
91.112.83.162 - - [26/Mar/2021:10:10:59 +0100] "GET /loadthumbnail.php?id=10260890&width=50&height=50 HTTP/1.1" 200 734 "http://renault.2web.at/account" "Mozilla/5.0 (Windows NT 6.1; Trident/7.0; rv:11.0) like Gecko"
91.112.83.162 - - [26/Mar/2021:10:10:59 +0100] "GET /images/title_corner_right_top.jpg HTTP/1.1" 304 - "http://renault.2web.at/account" "Mozilla/5.0 (Windows NT 6.1; Trident/7.0; rv:11.0) like Gecko"
91.112.83.162 - - [26/Mar/2021:10:10:59 +0100] "GET /loadthumbnail.php?id=11036126&width=50&height=50 HTTP/1.1" 200 748 "http://renault.2web.at/account" "Mozilla/5.0 (Windows NT 6.1; Trident/7.0; rv:11.0) like Gecko"
91.112.83.162 - - [26/Mar/2021:10:10:59 +0100] "GET /loadthumbnail.php?id=10995605&width=50&height=50 HTTP/1.1" 200 735 "http://renault.2web.at/account" "Mozilla/5.0 (Windows NT 6.1; Trident/7.0; rv:11.0) like Gecko"
91.112.83.162 - - [26/Mar/2021:10:11:00 +0100] "GET /images/footer_divider.gif HTTP/1.1" 200 44 "http://renault.2web.at/account" "Mozilla/5.0 (Windows NT 6.1; Trident/7.0; rv:11.0) like Gecko"
91.112.83.162 - - [26/Mar/2021:10:10:59 +0100] "GET /loadthumbnail.php?id=10260877&width=50&height=50 HTTP/1.1" 200 734 "http://renault.2web.at/account" "Mozilla/5.0 (Windows NT 6.1; Trident/7.0; rv:11.0) like Gecko"
91.112.83.162 - - [26/Mar/2021:10:10:59 +0100] "GET /loadthumbnail.php?id=10260875&width=50&height=50 HTTP/1.1" 200 734 "http://renault.2web.at/account" "Mozilla/5.0 (Windows NT 6.1; Trident/7.0; rv:11.0) like Gecko"
91.112.83.162 - - [26/Mar/2021:10:11:00 +0100] "GET /favicon.ico HTTP/1.1" 200 3250 "-" "Mozilla/5.0 (Windows NT 6.1; Trident/7.0; rv:11.0) like Gecko"
80.120.5.131 - - [26/Mar/2021:10:11:14 +0100] "GET /success HTTP/1.1" 302 138 "http://renault.activities.at/checkout" "Mozilla/5.0 (Windows NT 10.0; Win64; x64) AppleWebKit/537.36 (KHTML, like Gecko) Chrome/89.0.4389.90 Safari/537.36"
80.120.5.131 - - [26/Mar/2021:10:11:15 +0100] "GET /cart HTTP/1.1" 200 1714 "http://renault.activities.at/checkout" "Mozilla/5.0 (Windows NT 10.0; Win64; x64) AppleWebKit/537.36 (KHTML, like Gecko) Chrome/89.0.4389.90 Safari/537.36"
178.188.80.226 - - [26/Mar/2021:10:11:21 +0100] "GET /reload?ser=1616749872277 HTTP/1.1" 200 28 "http://renault.activities.at/checkout" "Mozilla/5.0 (Windows NT 6.1; WOW64; Trident/7.0; rv:11.0) like Gecko"
91.112.83.162 - - [26/Mar/2021:10:11:32 +0100] "GET /10260303 HTTP/1.1" 200 5481 "http://renault.2web.at/account" "Mozilla/5.0 (Windows NT 6.1; Trident/7.0; rv:11.0) like Gecko"
91.112.83.162 - - [26/Mar/2021:10:11:33 +0100] "GET /js/default.js HTTP/1.1" 304 - "http://renault.2web.at/10260303" "Mozilla/5.0 (Windows NT 6.1; Trident/7.0; rv:11.0) like Gecko"
91.112.83.162 - - [26/Mar/2021:10:11:33 +0100] "GET /js/prototip.js HTTP/1.1" 200 4588 "http://renault.2web.at/10260303" "Mozilla/5.0 (Windows NT 6.1; Trident/7.0; rv:11.0) like Gecko"
91.112.83.162 - - [26/Mar/2021:10:11:33 +0100] "GET /css/print.css HTTP/1.1" 304 - "http://renault.2web.at/10260303" "Mozilla/5.0 (Windows NT 6.1; Trident/7.0; rv:11.0) like Gecko"
91.112.83.162 - - [26/Mar/2021:10:11:33 +0100] "GET /css/clears.css HTTP/1.1" 304 - "http://renault.2web.at/10260303" "Mozilla/5.0 (Windows NT 6.1; Trident/7.0; rv:11.0) like Gecko"
91.112.83.162 - - [26/Mar/2021:10:11:33 +0100] "GET /css/reset.css HTTP/1.1" 304 - "http://renault.2web.at/10260303" "Mozilla/5.0 (Windows NT 6.1; Trident/7.0; rv:11.0) like Gecko"
91.112.83.162 - - [26/Mar/2021:10:11:33 +0100] "GET /css/styles.css HTTP/1.1" 304 - "http://renault.2web.at/10260303" "Mozilla/5.0 (Windows NT 6.1; Trident/7.0; rv:11.0) like Gecko"
91.112.83.162 - - [26/Mar/2021:10:11:33 +0100] "GET /js/checkout.css HTTP/1.1" 304 - "http://renault.2web.at/10260303" "Mozilla/5.0 (Windows NT 6.1; Trident/7.0; rv:11.0) like Gecko"
91.112.83.162 - - [26/Mar/2021:10:11:33 +0100] "GET /css/prototip.css HTTP/1.1" 304 - "http://renault.2web.at/10260303" "Mozilla/5.0 (Windows NT 6.1; Trident/7.0; rv:11.0) like Gecko"
91.112.83.162 - - [26/Mar/2021:10:11:33 +0100] "GET /css/themes/default.css HTTP/1.1" 304 - "http://renault.2web.at/10260303" "Mozilla/5.0 (Windows NT 6.1; Trident/7.0; rv:11.0) like Gecko"
91.112.83.162 - - [26/Mar/2021:10:11:33 +0100] "GET /css/themes/alphacube.css HTTP/1.1" 304 - "http://renault.2web.at/10260303" "Mozilla/5.0 (Windows NT 6.1; Trident/7.0; rv:11.0) like Gecko"
91.112.83.162 - - [26/Mar/2021:10:11:33 +0100] "GET /images/loading.gif HTTP/1.1" 200 3208 "http://renault.2web.at/10260303" "Mozilla/5.0 (Windows NT 6.1; Trident/7.0; rv:11.0) like Gecko"
91.112.83.162 - - [26/Mar/2021:10:11:33 +0100] "GET /js/ProduktGrp.js HTTP/1.1" 200 1569 "http://renault.2web.at/10260303" "Mozilla/5.0 (Windows NT 6.1; Trident/7.0; rv:11.0) like Gecko"
91.112.83.162 - - [26/Mar/2021:10:11:34 +0100] "GET /images/header_block_corner_left_top.gif HTTP/1.1" 304 - "http://renault.2web.at/10260303" "Mozilla/5.0 (Windows NT 6.1; Trident/7.0; rv:11.0) like Gecko"
91.112.83.162 - - [26/Mar/2021:10:11:34 +0100] "GET /images/header_block_border.gif HTTP/1.1" 304 - "http://renault.2web.at/10260303" "Mozilla/5.0 (Windows NT 6.1; Trident/7.0; rv:11.0) like Gecko"
91.112.83.162 - - [26/Mar/2021:10:11:34 +0100] "GET /images/header_block_corner_right_top.gif HTTP/1.1" 304 - "http://renault.2web.at/10260303" "Mozilla/5.0 (Windows NT 6.1; Trident/7.0; rv:11.0) like Gecko"
91.112.83.162 - - [26/Mar/2021:10:11:34 +0100] "GET /images/search_bg.gif HTTP/1.1" 304 - "http://renault.2web.at/10260303" "Mozilla/5.0 (Windows NT 6.1; Trident/7.0; rv:11.0) like Gecko"
91.112.83.162 - - [26/Mar/2021:10:11:34 +0100] "GET /images/main_block_border.gif HTTP/1.1" 304 - "http://renault.2web.at/10260303" "Mozilla/5.0 (Windows NT 6.1; Trident/7.0; rv:11.0) like Gecko"
91.112.83.162 - - [26/Mar/2021:10:11:34 +0100] "GET /images/main_block_corner_left_top.gif HTTP/1.1" 304 - "http://renault.2web.at/10260303" "Mozilla/5.0 (Windows NT 6.1; Trident/7.0; rv:11.0) like Gecko"
91.112.83.162 - - [26/Mar/2021:10:11:34 +0100] "GET /images/main_block_corner_right_top.gif HTTP/1.1" 304 - "http://renault.2web.at/10260303" "Mozilla/5.0 (Windows NT 6.1; Trident/7.0; rv:11.0) like Gecko"
91.112.83.162 - - [26/Mar/2021:10:11:34 +0100] "GET /images/main_block_corner_left_bot.gif HTTP/1.1" 304 - "http://renault.2web.at/10260303" "Mozilla/5.0 (Windows NT 6.1; Trident/7.0; rv:11.0) like Gecko"
91.112.83.162 - - [26/Mar/2021:10:11:34 +0100] "GET /images/main_block_corner_right_bot.gif HTTP/1.1" 304 - "http://renault.2web.at/10260303" "Mozilla/5.0 (Windows NT 6.1; Trident/7.0; rv:11.0) like Gecko"
91.112.83.162 - - [26/Mar/2021:10:11:34 +0100] "GET /images/top_links_divider.gif HTTP/1.1" 304 - "http://renault.2web.at/10260303" "Mozilla/5.0 (Windows NT 6.1; Trident/7.0; rv:11.0) like Gecko"
91.112.83.162 - - [26/Mar/2021:10:11:34 +0100] "GET /images/menu_button_bg.jpg HTTP/1.1" 304 - "http://renault.2web.at/10260303" "Mozilla/5.0 (Windows NT 6.1; Trident/7.0; rv:11.0) like Gecko"
91.112.83.162 - - [26/Mar/2021:10:11:34 +0100] "GET /images/nav_divider.gif HTTP/1.1" 304 - "http://renault.2web.at/10260303" "Mozilla/5.0 (Windows NT 6.1; Trident/7.0; rv:11.0) like Gecko"
91.112.83.162 - - [26/Mar/2021:10:11:34 +0100] "GET /images/menu_divider.gif HTTP/1.1" 304 - "http://renault.2web.at/10260303" "Mozilla/5.0 (Windows NT 6.1; Trident/7.0; rv:11.0) like Gecko"
91.112.83.162 - - [26/Mar/2021:10:11:34 +0100] "GET /images/button_left_bg.gif HTTP/1.1" 304 - "http://renault.2web.at/10260303" "Mozilla/5.0 (Windows NT 6.1; Trident/7.0; rv:11.0) like Gecko"
91.112.83.162 - - [26/Mar/2021:10:11:34 +0100] "GET /images/sidebar_title_border.gif HTTP/1.1" 304 - "http://renault.2web.at/10260303" "Mozilla/5.0 (Windows NT 6.1; Trident/7.0; rv:11.0) like Gecko"
91.112.83.162 - - [26/Mar/2021:10:11:34 +0100] "GET /images/sidebar_title_border_top.gif HTTP/1.1" 304 - "http://renault.2web.at/10260303" "Mozilla/5.0 (Windows NT 6.1; Trident/7.0; rv:11.0) like Gecko"
91.112.83.162 - - [26/Mar/2021:10:11:34 +0100] "GET /images/sidebar_title_corner_left_top.gif HTTP/1.1" 304 - "http://renault.2web.at/10260303" "Mozilla/5.0 (Windows NT 6.1; Trident/7.0; rv:11.0) like Gecko"
91.112.83.162 - - [26/Mar/2021:10:11:34 +0100] "GET /images/sidebar_title_corner_right_top.gif HTTP/1.1" 304 - "http://renault.2web.at/10260303" "Mozilla/5.0 (Windows NT 6.1; Trident/7.0; rv:11.0) like Gecko"
91.112.83.162 - - [26/Mar/2021:10:11:34 +0100] "GET /images/button_right_bg.gif HTTP/1.1" 304 - "http://renault.2web.at/10260303" "Mozilla/5.0 (Windows NT 6.1; Trident/7.0; rv:11.0) like Gecko"
91.112.83.162 - - [26/Mar/2021:10:11:34 +0100] "GET /images/button_bg.gif HTTP/1.1" 304 - "http://renault.2web.at/10260303" "Mozilla/5.0 (Windows NT 6.1; Trident/7.0; rv:11.0) like Gecko"
91.112.83.162 - - [26/Mar/2021:10:11:34 +0100] "GET /images/note_msg_icon.gif HTTP/1.1" 200 1022 "http://renault.2web.at/10260303" "Mozilla/5.0 (Windows NT 6.1; Trident/7.0; rv:11.0) like Gecko"
91.112.83.162 - - [26/Mar/2021:10:11:34 +0100] "GET /images/title_border_top.jpg HTTP/1.1" 304 - "http://renault.2web.at/10260303" "Mozilla/5.0 (Windows NT 6.1; Trident/7.0; rv:11.0) like Gecko"
91.112.83.162 - - [26/Mar/2021:10:11:34 +0100] "GET /images/title_corner_left_top.jpg HTTP/1.1" 304 - "http://renault.2web.at/10260303" "Mozilla/5.0 (Windows NT 6.1; Trident/7.0; rv:11.0) like Gecko"
91.112.83.162 - - [26/Mar/2021:10:11:34 +0100] "GET /images/title_corner_right_top.jpg HTTP/1.1" 304 - "http://renault.2web.at/10260303" "Mozilla/5.0 (Windows NT 6.1; Trident/7.0; rv:11.0) like Gecko"
91.112.83.162 - - [26/Mar/2021:10:11:34 +0100] "GET /images/footer_divider.gif HTTP/1.1" 304 - "http://renault.2web.at/10260303" "Mozilla/5.0 (Windows NT 6.1; Trident/7.0; rv:11.0) like Gecko"
91.112.83.162 - - [26/Mar/2021:10:11:34 +0100] "GET /images/title_border.jpg HTTP/1.1" 304 - "http://renault.2web.at/10260303" "Mozilla/5.0 (Windows NT 6.1; Trident/7.0; rv:11.0) like Gecko"
91.112.83.162 - - [26/Mar/2021:10:11:36 +0100] "GET /action HTTP/1.1" 200 3928 "http://renault.2web.at/10260303" "Mozilla/5.0 (Windows NT 6.1; Trident/7.0; rv:11.0) like Gecko"
91.112.83.162 - - [26/Mar/2021:10:11:38 +0100] "GET /js/default.js HTTP/1.1" 304 - "http://renault.2web.at/action" "Mozilla/5.0 (Windows NT 6.1; Trident/7.0; rv:11.0) like Gecko"
91.112.83.162 - - [26/Mar/2021:10:11:38 +0100] "GET /css/clears.css HTTP/1.1" 304 - "http://renault.2web.at/action" "Mozilla/5.0 (Windows NT 6.1; Trident/7.0; rv:11.0) like Gecko"
91.112.83.162 - - [26/Mar/2021:10:11:38 +0100] "GET /css/print.css HTTP/1.1" 304 - "http://renault.2web.at/action" "Mozilla/5.0 (Windows NT 6.1; Trident/7.0; rv:11.0) like Gecko"
91.112.83.162 - - [26/Mar/2021:10:11:38 +0100] "GET /js/checkout.css HTTP/1.1" 304 - "http://renault.2web.at/action" "Mozilla/5.0 (Windows NT 6.1; Trident/7.0; rv:11.0) like Gecko"
91.112.83.162 - - [26/Mar/2021:10:11:38 +0100] "GET /css/styles.css HTTP/1.1" 304 - "http://renault.2web.at/action" "Mozilla/5.0 (Windows NT 6.1; Trident/7.0; rv:11.0) like Gecko"
91.112.83.162 - - [26/Mar/2021:10:11:38 +0100] "GET /css/reset.css HTTP/1.1" 304 - "http://renault.2web.at/action" "Mozilla/5.0 (Windows NT 6.1; Trident/7.0; rv:11.0) like Gecko"
91.112.83.162 - - [26/Mar/2021:10:11:38 +0100] "GET /css/prototip.css HTTP/1.1" 304 - "http://renault.2web.at/action" "Mozilla/5.0 (Windows NT 6.1; Trident/7.0; rv:11.0) like Gecko"
91.112.83.162 - - [26/Mar/2021:10:11:38 +0100] "GET /css/themes/default.css HTTP/1.1" 304 - "http://renault.2web.at/action" "Mozilla/5.0 (Windows NT 6.1; Trident/7.0; rv:11.0) like Gecko"
91.112.83.162 - - [26/Mar/2021:10:11:38 +0100] "GET /css/themes/alphacube.css HTTP/1.1" 304 - "http://renault.2web.at/action" "Mozilla/5.0 (Windows NT 6.1; Trident/7.0; rv:11.0) like Gecko"
91.112.83.162 - - [26/Mar/2021:10:11:38 +0100] "GET /images/header_block_border.gif HTTP/1.1" 304 - "http://renault.2web.at/action" "Mozilla/5.0 (Windows NT 6.1; Trident/7.0; rv:11.0) like Gecko"
91.112.83.162 - - [26/Mar/2021:10:11:38 +0100] "GET /images/header_block_corner_right_top.gif HTTP/1.1" 304 - "http://renault.2web.at/action" "Mozilla/5.0 (Windows NT 6.1; Trident/7.0; rv:11.0) like Gecko"
91.112.83.162 - - [26/Mar/2021:10:11:38 +0100] "GET /images/search_bg.gif HTTP/1.1" 304 - "http://renault.2web.at/action" "Mozilla/5.0 (Windows NT 6.1; Trident/7.0; rv:11.0) like Gecko"
91.112.83.162 - - [26/Mar/2021:10:11:38 +0100] "GET /images/header_block_corner_left_top.gif HTTP/1.1" 304 - "http://renault.2web.at/action" "Mozilla/5.0 (Windows NT 6.1; Trident/7.0; rv:11.0) like Gecko"
91.112.83.162 - - [26/Mar/2021:10:11:38 +0100] "GET /images/sidebar_title_corner_left_top.gif HTTP/1.1" 304 - "http://renault.2web.at/action" "Mozilla/5.0 (Windows NT 6.1; Trident/7.0; rv:11.0) like Gecko"
91.112.83.162 - - [26/Mar/2021:10:11:38 +0100] "GET /images/sidebar_title_corner_right_top.gif HTTP/1.1" 304 - "http://renault.2web.at/action" "Mozilla/5.0 (Windows NT 6.1; Trident/7.0; rv:11.0) like Gecko"
91.112.83.162 - - [26/Mar/2021:10:11:38 +0100] "GET /images/title_border.jpg HTTP/1.1" 304 - "http://renault.2web.at/action" "Mozilla/5.0 (Windows NT 6.1; Trident/7.0; rv:11.0) like Gecko"
91.112.83.162 - - [26/Mar/2021:10:11:38 +0100] "GET /images/sidebar_title_border_top.gif HTTP/1.1" 304 - "http://renault.2web.at/action" "Mozilla/5.0 (Windows NT 6.1; Trident/7.0; rv:11.0) like Gecko"
91.112.83.162 - - [26/Mar/2021:10:11:38 +0100] "GET /images/button_left_bg.gif HTTP/1.1" 304 - "http://renault.2web.at/action" "Mozilla/5.0 (Windows NT 6.1; Trident/7.0; rv:11.0) like Gecko"
91.112.83.162 - - [26/Mar/2021:10:11:38 +0100] "GET /images/sidebar_title_border.gif HTTP/1.1" 304 - "http://renault.2web.at/action" "Mozilla/5.0 (Windows NT 6.1; Trident/7.0; rv:11.0) like Gecko"
91.112.83.162 - - [26/Mar/2021:10:11:38 +0100] "GET /images/main_block_corner_right_top.gif HTTP/1.1" 304 - "http://renault.2web.at/action" "Mozilla/5.0 (Windows NT 6.1; Trident/7.0; rv:11.0) like Gecko"
91.112.83.162 - - [26/Mar/2021:10:11:38 +0100] "GET /images/main_block_corner_left_top.gif HTTP/1.1" 304 - "http://renault.2web.at/action" "Mozilla/5.0 (Windows NT 6.1; Trident/7.0; rv:11.0) like Gecko"
91.112.83.162 - - [26/Mar/2021:10:11:38 +0100] "GET /images/main_block_corner_left_bot.gif HTTP/1.1" 304 - "http://renault.2web.at/action" "Mozilla/5.0 (Windows NT 6.1; Trident/7.0; rv:11.0) like Gecko"
91.112.83.162 - - [26/Mar/2021:10:11:38 +0100] "GET /images/top_links_divider.gif HTTP/1.1" 304 - "http://renault.2web.at/action" "Mozilla/5.0 (Windows NT 6.1; Trident/7.0; rv:11.0) like Gecko"
91.112.83.162 - - [26/Mar/2021:10:11:38 +0100] "GET /images/menu_button_bg.jpg HTTP/1.1" 304 - "http://renault.2web.at/action" "Mozilla/5.0 (Windows NT 6.1; Trident/7.0; rv:11.0) like Gecko"
91.112.83.162 - - [26/Mar/2021:10:11:38 +0100] "GET /images/nav_divider.gif HTTP/1.1" 304 - "http://renault.2web.at/action" "Mozilla/5.0 (Windows NT 6.1; Trident/7.0; rv:11.0) like Gecko"
91.112.83.162 - - [26/Mar/2021:10:11:38 +0100] "GET /images/main_block_corner_right_bot.gif HTTP/1.1" 304 - "http://renault.2web.at/action" "Mozilla/5.0 (Windows NT 6.1; Trident/7.0; rv:11.0) like Gecko"
91.112.83.162 - - [26/Mar/2021:10:11:38 +0100] "GET /images/main_block_border.gif HTTP/1.1" 304 - "http://renault.2web.at/action" "Mozilla/5.0 (Windows NT 6.1; Trident/7.0; rv:11.0) like Gecko"
91.112.83.162 - - [26/Mar/2021:10:11:38 +0100] "GET /images/menu_divider.gif HTTP/1.1" 304 - "http://renault.2web.at/action" "Mozilla/5.0 (Windows NT 6.1; Trident/7.0; rv:11.0) like Gecko"
91.112.83.162 - - [26/Mar/2021:10:11:38 +0100] "GET /images/title_border_top.jpg HTTP/1.1" 304 - "http://renault.2web.at/action" "Mozilla/5.0 (Windows NT 6.1; Trident/7.0; rv:11.0) like Gecko"
91.112.83.162 - - [26/Mar/2021:10:11:38 +0100] "GET /images/title_corner_right_top.jpg HTTP/1.1" 304 - "http://renault.2web.at/action" "Mozilla/5.0 (Windows NT 6.1; Trident/7.0; rv:11.0) like Gecko"
91.112.83.162 - - [26/Mar/2021:10:11:38 +0100] "GET /images/title_corner_left_top.jpg HTTP/1.1" 304 - "http://renault.2web.at/action" "Mozilla/5.0 (Windows NT 6.1; Trident/7.0; rv:11.0) like Gecko"
91.112.83.162 - - [26/Mar/2021:10:11:38 +0100] "GET /images/note_msg_icon.gif HTTP/1.1" 304 - "http://renault.2web.at/action" "Mozilla/5.0 (Windows NT 6.1; Trident/7.0; rv:11.0) like Gecko"
91.112.83.162 - - [26/Mar/2021:10:11:38 +0100] "GET /images/footer_divider.gif HTTP/1.1" 304 - "http://renault.2web.at/action" "Mozilla/5.0 (Windows NT 6.1; Trident/7.0; rv:11.0) like Gecko"
80.123.225.38 - - [26/Mar/2021:10:11:42 +0100] "GET /reload?ser=1616749902530 HTTP/1.1" 200 28 "http://renault.2web.at/success" "Mozilla/5.0 (Windows NT 10.0; Win64; x64; rv:86.0) Gecko/20100101 Firefox/86.0"
91.112.83.162 - - [26/Mar/2021:10:11:44 +0100] "GET /js/default.js HTTP/1.1" 304 - "http://renault.2web.at/10201442" "Mozilla/5.0 (Windows NT 6.1; Trident/7.0; rv:11.0) like Gecko"
