90.152.159.38 - - [09/Apr/2021:13:11:04 +0200] "GET /reload?ser=1617966664419 HTTP/1.1" 200 28 "http://renault.activities.at/result?searchterm=true&search=+ze" "Mozilla/5.0 (Windows NT 10.0; Win64; x64) AppleWebKit/537.36 (KHTML, like Gecko) Chrome/89.0.4389.114 Safari/537.36"
193.194.132.26 - - [09/Apr/2021:13:11:12 +0200] "GET /reload?ser=1617966671697 HTTP/1.1" 200 28 "http://renault.2web.at/account" "Mozilla/5.0 (Windows NT 10.0; Win64; x64) AppleWebKit/537.36 (KHTML, like Gecko) Chrome/89.0.4389.114 Safari/537.36"
90.152.159.38 - - [09/Apr/2021:13:12:06 +0200] "GET /reload?ser=1617966726416 HTTP/1.1" 200 28 "http://renault.activities.at/result?searchterm=true&search=+ze" "Mozilla/5.0 (Windows NT 10.0; Win64; x64) AppleWebKit/537.36 (KHTML, like Gecko) Chrome/89.0.4389.114 Safari/537.36"
193.194.132.26 - - [09/Apr/2021:13:12:14 +0200] "GET /reload?ser=1617966733699 HTTP/1.1" 200 28 "http://renault.2web.at/account" "Mozilla/5.0 (Windows NT 10.0; Win64; x64) AppleWebKit/537.36 (KHTML, like Gecko) Chrome/89.0.4389.114 Safari/537.36"
90.152.159.38 - - [09/Apr/2021:13:13:07 +0200] "GET /reload?ser=1617966787411 HTTP/1.1" 200 28 "http://renault.activities.at/result?searchterm=true&search=+ze" "Mozilla/5.0 (Windows NT 10.0; Win64; x64) AppleWebKit/537.36 (KHTML, like Gecko) Chrome/89.0.4389.114 Safari/537.36"
193.194.132.26 - - [09/Apr/2021:13:13:16 +0200] "GET /reload?ser=1617966795699 HTTP/1.1" 200 28 "http://renault.2web.at/account" "Mozilla/5.0 (Windows NT 10.0; Win64; x64) AppleWebKit/537.36 (KHTML, like Gecko) Chrome/89.0.4389.114 Safari/537.36"
90.152.159.38 - - [09/Apr/2021:13:14:09 +0200] "GET /reload?ser=1617966849424 HTTP/1.1" 200 28 "http://renault.activities.at/result?searchterm=true&search=+ze" "Mozilla/5.0 (Windows NT 10.0; Win64; x64) AppleWebKit/537.36 (KHTML, like Gecko) Chrome/89.0.4389.114 Safari/537.36"
193.194.132.26 - - [09/Apr/2021:13:14:18 +0200] "GET /reload?ser=1617966857701 HTTP/1.1" 200 28 "http://renault.2web.at/account" "Mozilla/5.0 (Windows NT 10.0; Win64; x64) AppleWebKit/537.36 (KHTML, like Gecko) Chrome/89.0.4389.114 Safari/537.36"
90.152.159.38 - - [09/Apr/2021:13:15:11 +0200] "GET /reload?ser=1617966911418 HTTP/1.1" 200 28 "http://renault.activities.at/result?searchterm=true&search=+ze" "Mozilla/5.0 (Windows NT 10.0; Win64; x64) AppleWebKit/537.36 (KHTML, like Gecko) Chrome/89.0.4389.114 Safari/537.36"
193.194.132.26 - - [09/Apr/2021:13:15:20 +0200] "GET /reload?ser=1617966919701 HTTP/1.1" 200 28 "http://renault.2web.at/account" "Mozilla/5.0 (Windows NT 10.0; Win64; x64) AppleWebKit/537.36 (KHTML, like Gecko) Chrome/89.0.4389.114 Safari/537.36"
90.152.159.38 - - [09/Apr/2021:13:16:12 +0200] "GET /reload?ser=1617966972416 HTTP/1.1" 200 28 "http://renault.activities.at/result?searchterm=true&search=+ze" "Mozilla/5.0 (Windows NT 10.0; Win64; x64) AppleWebKit/537.36 (KHTML, like Gecko) Chrome/89.0.4389.114 Safari/537.36"
193.194.132.26 - - [09/Apr/2021:13:16:22 +0200] "GET /reload?ser=1617966981703 HTTP/1.1" 200 28 "http://renault.2web.at/account" "Mozilla/5.0 (Windows NT 10.0; Win64; x64) AppleWebKit/537.36 (KHTML, like Gecko) Chrome/89.0.4389.114 Safari/537.36"
90.152.159.38 - - [09/Apr/2021:13:17:13 +0200] "GET /reload?ser=1617967033416 HTTP/1.1" 200 28 "http://renault.activities.at/result?searchterm=true&search=+ze" "Mozilla/5.0 (Windows NT 10.0; Win64; x64) AppleWebKit/537.36 (KHTML, like Gecko) Chrome/89.0.4389.114 Safari/537.36"
193.194.132.26 - - [09/Apr/2021:13:17:24 +0200] "GET /reload?ser=1617967043704 HTTP/1.1" 200 28 "http://renault.2web.at/account" "Mozilla/5.0 (Windows NT 10.0; Win64; x64) AppleWebKit/537.36 (KHTML, like Gecko) Chrome/89.0.4389.114 Safari/537.36"
90.152.159.38 - - [09/Apr/2021:13:18:15 +0200] "GET /reload?ser=1617967095412 HTTP/1.1" 200 28 "http://renault.activities.at/result?searchterm=true&search=+ze" "Mozilla/5.0 (Windows NT 10.0; Win64; x64) AppleWebKit/537.36 (KHTML, like Gecko) Chrome/89.0.4389.114 Safari/537.36"
193.194.132.26 - - [09/Apr/2021:13:18:26 +0200] "GET /reload?ser=1617967105705 HTTP/1.1" 200 28 "http://renault.2web.at/account" "Mozilla/5.0 (Windows NT 10.0; Win64; x64) AppleWebKit/537.36 (KHTML, like Gecko) Chrome/89.0.4389.114 Safari/537.36"
90.152.159.38 - - [09/Apr/2021:13:19:16 +0200] "GET /reload?ser=1617967156414 HTTP/1.1" 200 28 "http://renault.activities.at/result?searchterm=true&search=+ze" "Mozilla/5.0 (Windows NT 10.0; Win64; x64) AppleWebKit/537.36 (KHTML, like Gecko) Chrome/89.0.4389.114 Safari/537.36"
193.194.132.26 - - [09/Apr/2021:13:19:28 +0200] "GET /reload?ser=1617967167705 HTTP/1.1" 200 28 "http://renault.2web.at/account" "Mozilla/5.0 (Windows NT 10.0; Win64; x64) AppleWebKit/537.36 (KHTML, like Gecko) Chrome/89.0.4389.114 Safari/537.36"
90.152.159.38 - - [09/Apr/2021:13:20:17 +0200] "GET /reload?ser=1617967217424 HTTP/1.1" 200 28 "http://renault.activities.at/result?searchterm=true&search=+ze" "Mozilla/5.0 (Windows NT 10.0; Win64; x64) AppleWebKit/537.36 (KHTML, like Gecko) Chrome/89.0.4389.114 Safari/537.36"
193.194.132.26 - - [09/Apr/2021:13:20:30 +0200] "GET /reload?ser=1617967229706 HTTP/1.1" 200 28 "http://renault.2web.at/account" "Mozilla/5.0 (Windows NT 10.0; Win64; x64) AppleWebKit/537.36 (KHTML, like Gecko) Chrome/89.0.4389.114 Safari/537.36"
90.152.159.38 - - [09/Apr/2021:13:21:18 +0200] "GET /reload?ser=1617967278411 HTTP/1.1" 200 28 "http://renault.activities.at/result?searchterm=true&search=+ze" "Mozilla/5.0 (Windows NT 10.0; Win64; x64) AppleWebKit/537.36 (KHTML, like Gecko) Chrome/89.0.4389.114 Safari/537.36"
193.194.132.26 - - [09/Apr/2021:13:21:32 +0200] "GET /reload?ser=1617967291707 HTTP/1.1" 200 28 "http://renault.2web.at/account" "Mozilla/5.0 (Windows NT 10.0; Win64; x64) AppleWebKit/537.36 (KHTML, like Gecko) Chrome/89.0.4389.114 Safari/537.36"
90.152.159.38 - - [09/Apr/2021:13:22:19 +0200] "GET /reload?ser=1617967339422 HTTP/1.1" 200 28 "http://renault.activities.at/result?searchterm=true&search=+ze" "Mozilla/5.0 (Windows NT 10.0; Win64; x64) AppleWebKit/537.36 (KHTML, like Gecko) Chrome/89.0.4389.114 Safari/537.36"
193.194.132.26 - - [09/Apr/2021:13:22:34 +0200] "GET /reload?ser=1617967353708 HTTP/1.1" 200 28 "http://renault.2web.at/account" "Mozilla/5.0 (Windows NT 10.0; Win64; x64) AppleWebKit/537.36 (KHTML, like Gecko) Chrome/89.0.4389.114 Safari/537.36"
90.152.159.38 - - [09/Apr/2021:13:23:20 +0200] "GET /reload?ser=1617967400423 HTTP/1.1" 200 28 "http://renault.activities.at/result?searchterm=true&search=+ze" "Mozilla/5.0 (Windows NT 10.0; Win64; x64) AppleWebKit/537.36 (KHTML, like Gecko) Chrome/89.0.4389.114 Safari/537.36"
193.194.132.26 - - [09/Apr/2021:13:23:36 +0200] "GET /reload?ser=1617967415709 HTTP/1.1" 200 28 "http://renault.2web.at/account" "Mozilla/5.0 (Windows NT 10.0; Win64; x64) AppleWebKit/537.36 (KHTML, like Gecko) Chrome/89.0.4389.114 Safari/537.36"
90.152.159.38 - - [09/Apr/2021:13:24:22 +0200] "GET /reload?ser=1617967462416 HTTP/1.1" 200 28 "http://renault.activities.at/result?searchterm=true&search=+ze" "Mozilla/5.0 (Windows NT 10.0; Win64; x64) AppleWebKit/537.36 (KHTML, like Gecko) Chrome/89.0.4389.114 Safari/537.36"
193.194.132.26 - - [09/Apr/2021:13:24:38 +0200] "GET /reload?ser=1617967477709 HTTP/1.1" 200 28 "http://renault.2web.at/account" "Mozilla/5.0 (Windows NT 10.0; Win64; x64) AppleWebKit/537.36 (KHTML, like Gecko) Chrome/89.0.4389.114 Safari/537.36"
90.152.159.38 - - [09/Apr/2021:13:25:24 +0200] "GET /reload?ser=1617967524424 HTTP/1.1" 200 28 "http://renault.activities.at/result?searchterm=true&search=+ze" "Mozilla/5.0 (Windows NT 10.0; Win64; x64) AppleWebKit/537.36 (KHTML, like Gecko) Chrome/89.0.4389.114 Safari/537.36"
193.194.132.26 - - [09/Apr/2021:13:25:40 +0200] "GET /reload?ser=1617967539710 HTTP/1.1" 200 28 "http://renault.2web.at/account" "Mozilla/5.0 (Windows NT 10.0; Win64; x64) AppleWebKit/537.36 (KHTML, like Gecko) Chrome/89.0.4389.114 Safari/537.36"
90.152.159.38 - - [09/Apr/2021:13:26:26 +0200] "GET /reload?ser=1617967586422 HTTP/1.1" 200 28 "http://renault.activities.at/result?searchterm=true&search=+ze" "Mozilla/5.0 (Windows NT 10.0; Win64; x64) AppleWebKit/537.36 (KHTML, like Gecko) Chrome/89.0.4389.114 Safari/537.36"
193.194.132.26 - - [09/Apr/2021:13:26:42 +0200] "GET /reload?ser=1617967601711 HTTP/1.1" 200 28 "http://renault.2web.at/account" "Mozilla/5.0 (Windows NT 10.0; Win64; x64) AppleWebKit/537.36 (KHTML, like Gecko) Chrome/89.0.4389.114 Safari/537.36"
90.152.159.38 - - [09/Apr/2021:13:27:28 +0200] "GET /reload?ser=1617967648417 HTTP/1.1" 200 28 "http://renault.activities.at/result?searchterm=true&search=+ze" "Mozilla/5.0 (Windows NT 10.0; Win64; x64) AppleWebKit/537.36 (KHTML, like Gecko) Chrome/89.0.4389.114 Safari/537.36"
90.152.159.38 - - [09/Apr/2021:13:28:30 +0200] "GET /reload?ser=1617967710412 HTTP/1.1" 200 28 "http://renault.activities.at/result?searchterm=true&search=+ze" "Mozilla/5.0 (Windows NT 10.0; Win64; x64) AppleWebKit/537.36 (KHTML, like Gecko) Chrome/89.0.4389.114 Safari/537.36"
90.152.159.38 - - [09/Apr/2021:13:29:31 +0200] "GET /reload?ser=1617967771422 HTTP/1.1" 200 28 "http://renault.activities.at/result?searchterm=true&search=+ze" "Mozilla/5.0 (Windows NT 10.0; Win64; x64) AppleWebKit/537.36 (KHTML, like Gecko) Chrome/89.0.4389.114 Safari/537.36"
90.152.159.38 - - [09/Apr/2021:13:30:32 +0200] "GET /reload?ser=1617967832433 HTTP/1.1" 200 28 "http://renault.activities.at/result?searchterm=true&search=+ze" "Mozilla/5.0 (Windows NT 10.0; Win64; x64) AppleWebKit/537.36 (KHTML, like Gecko) Chrome/89.0.4389.114 Safari/537.36"
90.152.159.38 - - [09/Apr/2021:13:31:33 +0200] "GET /reload?ser=1617967893424 HTTP/1.1" 200 28 "http://renault.activities.at/result?searchterm=true&search=+ze" "Mozilla/5.0 (Windows NT 10.0; Win64; x64) AppleWebKit/537.36 (KHTML, like Gecko) Chrome/89.0.4389.114 Safari/537.36"
90.152.159.38 - - [09/Apr/2021:13:32:34 +0200] "GET /reload?ser=1617967954412 HTTP/1.1" 200 28 "http://renault.activities.at/result?searchterm=true&search=+ze" "Mozilla/5.0 (Windows NT 10.0; Win64; x64) AppleWebKit/537.36 (KHTML, like Gecko) Chrome/89.0.4389.114 Safari/537.36"
90.152.159.38 - - [09/Apr/2021:13:33:35 +0200] "GET /reload?ser=1617968015423 HTTP/1.1" 200 28 "http://renault.activities.at/result?searchterm=true&search=+ze" "Mozilla/5.0 (Windows NT 10.0; Win64; x64) AppleWebKit/537.36 (KHTML, like Gecko) Chrome/89.0.4389.114 Safari/537.36"
90.152.159.38 - - [09/Apr/2021:13:34:37 +0200] "GET /reload?ser=1617968077411 HTTP/1.1" 200 28 "http://renault.activities.at/result?searchterm=true&search=+ze" "Mozilla/5.0 (Windows NT 10.0; Win64; x64) AppleWebKit/537.36 (KHTML, like Gecko) Chrome/89.0.4389.114 Safari/537.36"
90.152.159.38 - - [09/Apr/2021:13:35:39 +0200] "GET /reload?ser=1617968139418 HTTP/1.1" 200 28 "http://renault.activities.at/result?searchterm=true&search=+ze" "Mozilla/5.0 (Windows NT 10.0; Win64; x64) AppleWebKit/537.36 (KHTML, like Gecko) Chrome/89.0.4389.114 Safari/537.36"
90.152.159.38 - - [09/Apr/2021:13:36:41 +0200] "GET /reload?ser=1617968201410 HTTP/1.1" 200 28 "http://renault.activities.at/result?searchterm=true&search=+ze" "Mozilla/5.0 (Windows NT 10.0; Win64; x64) AppleWebKit/537.36 (KHTML, like Gecko) Chrome/89.0.4389.114 Safari/537.36"
90.152.159.38 - - [09/Apr/2021:13:37:42 +0200] "GET /reload?ser=1617968262410 HTTP/1.1" 200 28 "http://renault.activities.at/result?searchterm=true&search=+ze" "Mozilla/5.0 (Windows NT 10.0; Win64; x64) AppleWebKit/537.36 (KHTML, like Gecko) Chrome/89.0.4389.114 Safari/537.36"
90.152.159.38 - - [09/Apr/2021:13:38:43 +0200] "GET /reload?ser=1617968323421 HTTP/1.1" 200 28 "http://renault.activities.at/result?searchterm=true&search=+ze" "Mozilla/5.0 (Windows NT 10.0; Win64; x64) AppleWebKit/537.36 (KHTML, like Gecko) Chrome/89.0.4389.114 Safari/537.36"
90.152.159.38 - - [09/Apr/2021:13:39:44 +0200] "GET /reload?ser=1617968384421 HTTP/1.1" 200 28 "http://renault.activities.at/result?searchterm=true&search=+ze" "Mozilla/5.0 (Windows NT 10.0; Win64; x64) AppleWebKit/537.36 (KHTML, like Gecko) Chrome/89.0.4389.114 Safari/537.36"
90.152.159.38 - - [09/Apr/2021:13:40:45 +0200] "GET /reload?ser=1617968445415 HTTP/1.1" 200 28 "http://renault.activities.at/result?searchterm=true&search=+ze" "Mozilla/5.0 (Windows NT 10.0; Win64; x64) AppleWebKit/537.36 (KHTML, like Gecko) Chrome/89.0.4389.114 Safari/537.36"
90.152.159.38 - - [09/Apr/2021:13:41:46 +0200] "GET /reload?ser=1617968506416 HTTP/1.1" 200 28 "http://renault.activities.at/result?searchterm=true&search=+ze" "Mozilla/5.0 (Windows NT 10.0; Win64; x64) AppleWebKit/537.36 (KHTML, like Gecko) Chrome/89.0.4389.114 Safari/537.36"
90.152.159.38 - - [09/Apr/2021:13:42:47 +0200] "GET /reload?ser=1617968567420 HTTP/1.1" 200 28 "http://renault.activities.at/result?searchterm=true&search=+ze" "Mozilla/5.0 (Windows NT 10.0; Win64; x64) AppleWebKit/537.36 (KHTML, like Gecko) Chrome/89.0.4389.114 Safari/537.36"
90.152.159.38 - - [09/Apr/2021:13:43:49 +0200] "GET /reload?ser=1617968629419 HTTP/1.1" 200 28 "http://renault.activities.at/result?searchterm=true&search=+ze" "Mozilla/5.0 (Windows NT 10.0; Win64; x64) AppleWebKit/537.36 (KHTML, like Gecko) Chrome/89.0.4389.114 Safari/537.36"
90.152.159.38 - - [09/Apr/2021:13:44:51 +0200] "GET /reload?ser=1617968691413 HTTP/1.1" 200 28 "http://renault.activities.at/result?searchterm=true&search=+ze" "Mozilla/5.0 (Windows NT 10.0; Win64; x64) AppleWebKit/537.36 (KHTML, like Gecko) Chrome/89.0.4389.114 Safari/537.36"
90.152.159.38 - - [09/Apr/2021:13:45:53 +0200] "GET /reload?ser=1617968753426 HTTP/1.1" 200 28 "http://renault.activities.at/result?searchterm=true&search=+ze" "Mozilla/5.0 (Windows NT 10.0; Win64; x64) AppleWebKit/537.36 (KHTML, like Gecko) Chrome/89.0.4389.114 Safari/537.36"
212.152.246.134 - - [09/Apr/2021:13:46:20 +0200] "GET / HTTP/1.1" 200 3315 "-" "Mozilla/5.0 (Windows NT 10.0; Win64; x64) AppleWebKit/537.36 (KHTML, like Gecko) Chrome/89.0.4389.114 Safari/537.36"
212.152.246.134 - - [09/Apr/2021:13:46:21 +0200] "GET /loadthumbnail.php?id=11127982 HTTP/1.1" 200 399614 "http://renault.activities.at/" "Mozilla/5.0 (Windows NT 10.0; Win64; x64) AppleWebKit/537.36 (KHTML, like Gecko) Chrome/89.0.4389.114 Safari/537.36"
212.152.246.134 - - [09/Apr/2021:13:46:22 +0200] "GET /images/favicon.ico HTTP/1.1" 404 305 "http://renault.activities.at/" "Mozilla/5.0 (Windows NT 10.0; Win64; x64) AppleWebKit/537.36 (KHTML, like Gecko) Chrome/89.0.4389.114 Safari/537.36"
212.152.246.134 - - [09/Apr/2021:13:46:25 +0200] "GET /login HTTP/1.1" 200 2085 "http://renault.activities.at/" "Mozilla/5.0 (Windows NT 10.0; Win64; x64) AppleWebKit/537.36 (KHTML, like Gecko) Chrome/89.0.4389.114 Safari/537.36"
212.152.246.134 - - [09/Apr/2021:13:46:32 +0200] "POST /login HTTP/1.1" 302 140 "http://renault.activities.at/login" "Mozilla/5.0 (Windows NT 10.0; Win64; x64) AppleWebKit/537.36 (KHTML, like Gecko) Chrome/89.0.4389.114 Safari/537.36"
212.152.246.134 - - [09/Apr/2021:13:46:35 +0200] "GET /account HTTP/1.1" 200 5979 "http://renault.activities.at/login" "Mozilla/5.0 (Windows NT 10.0; Win64; x64) AppleWebKit/537.36 (KHTML, like Gecko) Chrome/89.0.4389.114 Safari/537.36"
212.152.246.134 - - [09/Apr/2021:13:46:38 +0200] "GET /loadthumbnail.php?id=12198629&width=50&height=50 HTTP/1.1" 200 975 "http://renault.activities.at/account" "Mozilla/5.0 (Windows NT 10.0; Win64; x64) AppleWebKit/537.36 (KHTML, like Gecko) Chrome/89.0.4389.114 Safari/537.36"
212.152.246.134 - - [09/Apr/2021:13:46:46 +0200] "GET /cart HTTP/1.1" 200 5636 "http://renault.activities.at/account" "Mozilla/5.0 (Windows NT 10.0; Win64; x64) AppleWebKit/537.36 (KHTML, like Gecko) Chrome/89.0.4389.114 Safari/537.36"
212.152.246.134 - - [09/Apr/2021:13:46:48 +0200] "GET /loadthumbnail.php?id=10232009&width=16&height=16 HTTP/1.1" 200 700 "http://renault.activities.at/cart" "Mozilla/5.0 (Windows NT 10.0; Win64; x64) AppleWebKit/537.36 (KHTML, like Gecko) Chrome/89.0.4389.114 Safari/537.36"
212.152.246.134 - - [09/Apr/2021:13:46:48 +0200] "GET /loadthumbnail.php?id=12334025&width=100 HTTP/1.1" 200 2810 "http://renault.activities.at/cart" "Mozilla/5.0 (Windows NT 10.0; Win64; x64) AppleWebKit/537.36 (KHTML, like Gecko) Chrome/89.0.4389.114 Safari/537.36"
212.152.246.134 - - [09/Apr/2021:13:46:48 +0200] "GET /loadthumbnail.php?id=12153814&width=100 HTTP/1.1" 200 2779 "http://renault.activities.at/cart" "Mozilla/5.0 (Windows NT 10.0; Win64; x64) AppleWebKit/537.36 (KHTML, like Gecko) Chrome/89.0.4389.114 Safari/537.36"
212.152.246.134 - - [09/Apr/2021:13:46:48 +0200] "GET /loadthumbnail.php?id=12367878&width=100 HTTP/1.1" 200 2602 "http://renault.activities.at/cart" "Mozilla/5.0 (Windows NT 10.0; Win64; x64) AppleWebKit/537.36 (KHTML, like Gecko) Chrome/89.0.4389.114 Safari/537.36"
212.152.246.134 - - [09/Apr/2021:13:46:48 +0200] "GET /loadthumbnail.php?id=12367879&width=100 HTTP/1.1" 200 2679 "http://renault.activities.at/cart" "Mozilla/5.0 (Windows NT 10.0; Win64; x64) AppleWebKit/537.36 (KHTML, like Gecko) Chrome/89.0.4389.114 Safari/537.36"
212.152.246.134 - - [09/Apr/2021:13:46:48 +0200] "GET /loadthumbnail.php?id=12333924&width=100 HTTP/1.1" 200 2500 "http://renault.activities.at/cart" "Mozilla/5.0 (Windows NT 10.0; Win64; x64) AppleWebKit/537.36 (KHTML, like Gecko) Chrome/89.0.4389.114 Safari/537.36"
212.152.246.134 - - [09/Apr/2021:13:46:51 +0200] "POST /cart HTTP/1.1" 200 5691 "http://renault.activities.at/cart" "Mozilla/5.0 (Windows NT 10.0; Win64; x64) AppleWebKit/537.36 (KHTML, like Gecko) Chrome/89.0.4389.114 Safari/537.36"
90.152.159.38 - - [09/Apr/2021:13:46:55 +0200] "GET /reload?ser=1617968815420 HTTP/1.1" 200 28 "http://renault.activities.at/result?searchterm=true&search=+ze" "Mozilla/5.0 (Windows NT 10.0; Win64; x64) AppleWebKit/537.36 (KHTML, like Gecko) Chrome/89.0.4389.114 Safari/537.36"
212.152.246.134 - - [09/Apr/2021:13:46:53 +0200] "GET /checkout HTTP/1.1" 200 10244 "http://renault.activities.at/cart" "Mozilla/5.0 (Windows NT 10.0; Win64; x64) AppleWebKit/537.36 (KHTML, like Gecko) Chrome/89.0.4389.114 Safari/537.36"
212.152.246.134 - - [09/Apr/2021:13:46:57 +0200] "GET /js/checkout2.js HTTP/1.1" 200 4122 "http://renault.activities.at/checkout" "Mozilla/5.0 (Windows NT 10.0; Win64; x64) AppleWebKit/537.36 (KHTML, like Gecko) Chrome/89.0.4389.114 Safari/537.36"
212.152.246.134 - - [09/Apr/2021:13:46:57 +0200] "GET /images/ajax_loading.gif HTTP/1.1" 200 1542 "http://renault.activities.at/checkout" "Mozilla/5.0 (Windows NT 10.0; Win64; x64) AppleWebKit/537.36 (KHTML, like Gecko) Chrome/89.0.4389.114 Safari/537.36"
212.152.246.134 - - [09/Apr/2021:13:46:57 +0200] "GET /images/step_bg.jpg HTTP/1.1" 200 319 "http://renault.activities.at/css/styles.css" "Mozilla/5.0 (Windows NT 10.0; Win64; x64) AppleWebKit/537.36 (KHTML, like Gecko) Chrome/89.0.4389.114 Safari/537.36"
212.152.246.134 - - [09/Apr/2021:13:46:57 +0200] "GET /images/step_marker.gif HTTP/1.1" 200 650 "http://renault.activities.at/css/styles.css" "Mozilla/5.0 (Windows NT 10.0; Win64; x64) AppleWebKit/537.36 (KHTML, like Gecko) Chrome/89.0.4389.114 Safari/537.36"
212.152.246.134 - - [09/Apr/2021:13:46:57 +0200] "GET /images/checkout_border_top.gif HTTP/1.1" 200 156 "http://renault.activities.at/css/styles.css" "Mozilla/5.0 (Windows NT 10.0; Win64; x64) AppleWebKit/537.36 (KHTML, like Gecko) Chrome/89.0.4389.114 Safari/537.36"
212.152.246.134 - - [09/Apr/2021:13:46:57 +0200] "GET /images/checkout_border.gif HTTP/1.1" 200 43 "http://renault.activities.at/css/styles.css" "Mozilla/5.0 (Windows NT 10.0; Win64; x64) AppleWebKit/537.36 (KHTML, like Gecko) Chrome/89.0.4389.114 Safari/537.36"
212.152.246.134 - - [09/Apr/2021:13:46:57 +0200] "GET /loadthumbnail.php?id=10201939 HTTP/1.1" 200 201 "http://renault.activities.at/checkout" "Mozilla/5.0 (Windows NT 10.0; Win64; x64) AppleWebKit/537.36 (KHTML, like Gecko) Chrome/89.0.4389.114 Safari/537.36"
212.152.246.134 - - [09/Apr/2021:13:46:57 +0200] "GET /loadthumbnail.php?id=10202698 HTTP/1.1" 200 16686 "http://renault.activities.at/checkout" "Mozilla/5.0 (Windows NT 10.0; Win64; x64) AppleWebKit/537.36 (KHTML, like Gecko) Chrome/89.0.4389.114 Safari/537.36"
212.152.246.134 - - [09/Apr/2021:13:46:58 +0200] "POST /docheckout HTTP/1.1" 200 449 "http://renault.activities.at/checkout" "Mozilla/5.0 (Windows NT 10.0; Win64; x64) AppleWebKit/537.36 (KHTML, like Gecko) Chrome/89.0.4389.114 Safari/537.36"
212.152.246.134 - - [09/Apr/2021:13:47:02 +0200] "POST /docheckout HTTP/1.1" 200 772 "http://renault.activities.at/checkout" "Mozilla/5.0 (Windows NT 10.0; Win64; x64) AppleWebKit/537.36 (KHTML, like Gecko) Chrome/89.0.4389.114 Safari/537.36"
212.152.246.134 - - [09/Apr/2021:13:47:04 +0200] "GET /images/error_msg_icon.gif HTTP/1.1" 200 1013 "http://renault.activities.at/checkout" "Mozilla/5.0 (Windows NT 10.0; Win64; x64) AppleWebKit/537.36 (KHTML, like Gecko) Chrome/89.0.4389.114 Safari/537.36"
212.152.246.134 - - [09/Apr/2021:13:47:03 +0200] "POST /docheckout HTTP/1.1" 200 68 "http://renault.activities.at/checkout" "Mozilla/5.0 (Windows NT 10.0; Win64; x64) AppleWebKit/537.36 (KHTML, like Gecko) Chrome/89.0.4389.114 Safari/537.36"
212.152.246.134 - - [09/Apr/2021:13:47:07 +0200] "GET /success HTTP/1.1" 200 3780 "http://renault.activities.at/checkout" "Mozilla/5.0 (Windows NT 10.0; Win64; x64) AppleWebKit/537.36 (KHTML, like Gecko) Chrome/89.0.4389.114 Safari/537.36"
90.152.159.38 - - [09/Apr/2021:13:47:56 +0200] "GET /reload?ser=1617968876416 HTTP/1.1" 200 28 "http://renault.activities.at/result?searchterm=true&search=+ze" "Mozilla/5.0 (Windows NT 10.0; Win64; x64) AppleWebKit/537.36 (KHTML, like Gecko) Chrome/89.0.4389.114 Safari/537.36"
212.152.246.134 - - [09/Apr/2021:13:48:09 +0200] "GET /reload?ser=1617968890758 HTTP/1.1" 200 28 "http://renault.activities.at/success" "Mozilla/5.0 (Windows NT 10.0; Win64; x64) AppleWebKit/537.36 (KHTML, like Gecko) Chrome/89.0.4389.114 Safari/537.36"
90.152.159.38 - - [09/Apr/2021:13:48:57 +0200] "GET /reload?ser=1617968937426 HTTP/1.1" 200 28 "http://renault.activities.at/result?searchterm=true&search=+ze" "Mozilla/5.0 (Windows NT 10.0; Win64; x64) AppleWebKit/537.36 (KHTML, like Gecko) Chrome/89.0.4389.114 Safari/537.36"
212.152.246.134 - - [09/Apr/2021:13:49:10 +0200] "GET /reload?ser=1617968951801 HTTP/1.1" 200 28 "http://renault.activities.at/success" "Mozilla/5.0 (Windows NT 10.0; Win64; x64) AppleWebKit/537.36 (KHTML, like Gecko) Chrome/89.0.4389.114 Safari/537.36"
90.152.159.38 - - [09/Apr/2021:13:49:58 +0200] "GET /reload?ser=1617968998419 HTTP/1.1" 200 28 "http://renault.activities.at/result?searchterm=true&search=+ze" "Mozilla/5.0 (Windows NT 10.0; Win64; x64) AppleWebKit/537.36 (KHTML, like Gecko) Chrome/89.0.4389.114 Safari/537.36"
212.152.246.134 - - [09/Apr/2021:13:50:11 +0200] "GET /reload?ser=1617969012816 HTTP/1.1" 200 28 "http://renault.activities.at/success" "Mozilla/5.0 (Windows NT 10.0; Win64; x64) AppleWebKit/537.36 (KHTML, like Gecko) Chrome/89.0.4389.114 Safari/537.36"
90.152.159.38 - - [09/Apr/2021:13:50:59 +0200] "GET /reload?ser=1617969059411 HTTP/1.1" 200 28 "http://renault.activities.at/result?searchterm=true&search=+ze" "Mozilla/5.0 (Windows NT 10.0; Win64; x64) AppleWebKit/537.36 (KHTML, like Gecko) Chrome/89.0.4389.114 Safari/537.36"
212.152.246.134 - - [09/Apr/2021:13:51:12 +0200] "GET /reload?ser=1617969073867 HTTP/1.1" 200 28 "http://renault.activities.at/success" "Mozilla/5.0 (Windows NT 10.0; Win64; x64) AppleWebKit/537.36 (KHTML, like Gecko) Chrome/89.0.4389.114 Safari/537.36"
90.152.159.38 - - [09/Apr/2021:13:52:00 +0200] "GET /reload?ser=1617969120424 HTTP/1.1" 200 28 "http://renault.activities.at/result?searchterm=true&search=+ze" "Mozilla/5.0 (Windows NT 10.0; Win64; x64) AppleWebKit/537.36 (KHTML, like Gecko) Chrome/89.0.4389.114 Safari/537.36"
212.152.246.134 - - [09/Apr/2021:13:52:14 +0200] "GET /reload?ser=1617969135071 HTTP/1.1" 200 28 "http://renault.activities.at/success" "Mozilla/5.0 (Windows NT 10.0; Win64; x64) AppleWebKit/537.36 (KHTML, like Gecko) Chrome/89.0.4389.114 Safari/537.36"
90.152.159.38 - - [09/Apr/2021:13:53:01 +0200] "GET /reload?ser=1617969181420 HTTP/1.1" 200 28 "http://renault.activities.at/result?searchterm=true&search=+ze" "Mozilla/5.0 (Windows NT 10.0; Win64; x64) AppleWebKit/537.36 (KHTML, like Gecko) Chrome/89.0.4389.114 Safari/537.36"
212.152.246.134 - - [09/Apr/2021:13:53:16 +0200] "GET /reload?ser=1617969197071 HTTP/1.1" 200 28 "http://renault.activities.at/success" "Mozilla/5.0 (Windows NT 10.0; Win64; x64) AppleWebKit/537.36 (KHTML, like Gecko) Chrome/89.0.4389.114 Safari/537.36"
90.152.159.38 - - [09/Apr/2021:13:54:02 +0200] "GET /reload?ser=1617969242414 HTTP/1.1" 200 28 "http://renault.activities.at/result?searchterm=true&search=+ze" "Mozilla/5.0 (Windows NT 10.0; Win64; x64) AppleWebKit/537.36 (KHTML, like Gecko) Chrome/89.0.4389.114 Safari/537.36"
212.152.246.134 - - [09/Apr/2021:13:54:18 +0200] "GET /reload?ser=1617969259059 HTTP/1.1" 200 28 "http://renault.activities.at/success" "Mozilla/5.0 (Windows NT 10.0; Win64; x64) AppleWebKit/537.36 (KHTML, like Gecko) Chrome/89.0.4389.114 Safari/537.36"
90.152.159.38 - - [09/Apr/2021:13:55:04 +0200] "GET /reload?ser=1617969304411 HTTP/1.1" 200 28 "http://renault.activities.at/result?searchterm=true&search=+ze" "Mozilla/5.0 (Windows NT 10.0; Win64; x64) AppleWebKit/537.36 (KHTML, like Gecko) Chrome/89.0.4389.114 Safari/537.36"
212.152.246.134 - - [09/Apr/2021:13:55:20 +0200] "GET /reload?ser=1617969321059 HTTP/1.1" 200 28 "http://renault.activities.at/success" "Mozilla/5.0 (Windows NT 10.0; Win64; x64) AppleWebKit/537.36 (KHTML, like Gecko) Chrome/89.0.4389.114 Safari/537.36"
90.152.159.38 - - [09/Apr/2021:13:56:06 +0200] "GET /reload?ser=1617969366422 HTTP/1.1" 200 28 "http://renault.activities.at/result?searchterm=true&search=+ze" "Mozilla/5.0 (Windows NT 10.0; Win64; x64) AppleWebKit/537.36 (KHTML, like Gecko) Chrome/89.0.4389.114 Safari/537.36"
212.152.246.134 - - [09/Apr/2021:13:56:21 +0200] "GET /reload?ser=1617969382072 HTTP/1.1" 200 28 "http://renault.activities.at/success" "Mozilla/5.0 (Windows NT 10.0; Win64; x64) AppleWebKit/537.36 (KHTML, like Gecko) Chrome/89.0.4389.114 Safari/537.36"
90.152.159.38 - - [09/Apr/2021:13:57:07 +0200] "GET /reload?ser=1617969427416 HTTP/1.1" 200 28 "http://renault.activities.at/result?searchterm=true&search=+ze" "Mozilla/5.0 (Windows NT 10.0; Win64; x64) AppleWebKit/537.36 (KHTML, like Gecko) Chrome/89.0.4389.114 Safari/537.36"
212.152.246.134 - - [09/Apr/2021:13:57:23 +0200] "GET /reload?ser=1617969444072 HTTP/1.1" 200 28 "http://renault.activities.at/success" "Mozilla/5.0 (Windows NT 10.0; Win64; x64) AppleWebKit/537.36 (KHTML, like Gecko) Chrome/89.0.4389.114 Safari/537.36"
90.152.159.38 - - [09/Apr/2021:13:58:08 +0200] "GET /reload?ser=1617969488411 HTTP/1.1" 200 28 "http://renault.activities.at/result?searchterm=true&search=+ze" "Mozilla/5.0 (Windows NT 10.0; Win64; x64) AppleWebKit/537.36 (KHTML, like Gecko) Chrome/89.0.4389.114 Safari/537.36"
212.152.246.134 - - [09/Apr/2021:13:58:25 +0200] "GET /reload?ser=1617969506072 HTTP/1.1" 200 28 "http://renault.activities.at/success" "Mozilla/5.0 (Windows NT 10.0; Win64; x64) AppleWebKit/537.36 (KHTML, like Gecko) Chrome/89.0.4389.114 Safari/537.36"
90.152.159.38 - - [09/Apr/2021:13:59:10 +0200] "GET /reload?ser=1617969550420 HTTP/1.1" 200 28 "http://renault.activities.at/result?searchterm=true&search=+ze" "Mozilla/5.0 (Windows NT 10.0; Win64; x64) AppleWebKit/537.36 (KHTML, like Gecko) Chrome/89.0.4389.114 Safari/537.36"
212.152.246.134 - - [09/Apr/2021:13:59:27 +0200] "GET /reload?ser=1617969568059 HTTP/1.1" 200 28 "http://renault.activities.at/success" "Mozilla/5.0 (Windows NT 10.0; Win64; x64) AppleWebKit/537.36 (KHTML, like Gecko) Chrome/89.0.4389.114 Safari/537.36"
90.152.159.38 - - [09/Apr/2021:14:00:12 +0200] "GET /reload?ser=1617969612415 HTTP/1.1" 200 28 "http://renault.activities.at/result?searchterm=true&search=+ze" "Mozilla/5.0 (Windows NT 10.0; Win64; x64) AppleWebKit/537.36 (KHTML, like Gecko) Chrome/89.0.4389.114 Safari/537.36"
212.152.246.134 - - [09/Apr/2021:14:00:29 +0200] "GET /reload?ser=1617969630064 HTTP/1.1" 200 28 "http://renault.activities.at/success" "Mozilla/5.0 (Windows NT 10.0; Win64; x64) AppleWebKit/537.36 (KHTML, like Gecko) Chrome/89.0.4389.114 Safari/537.36"
90.152.159.38 - - [09/Apr/2021:14:01:13 +0200] "GET /reload?ser=1617969673413 HTTP/1.1" 200 28 "http://renault.activities.at/result?searchterm=true&search=+ze" "Mozilla/5.0 (Windows NT 10.0; Win64; x64) AppleWebKit/537.36 (KHTML, like Gecko) Chrome/89.0.4389.114 Safari/537.36"
212.152.246.134 - - [09/Apr/2021:14:01:31 +0200] "GET /reload?ser=1617969692066 HTTP/1.1" 200 28 "http://renault.activities.at/success" "Mozilla/5.0 (Windows NT 10.0; Win64; x64) AppleWebKit/537.36 (KHTML, like Gecko) Chrome/89.0.4389.114 Safari/537.36"
90.152.159.38 - - [09/Apr/2021:14:02:14 +0200] "GET /reload?ser=1617969734423 HTTP/1.1" 200 28 "http://renault.activities.at/result?searchterm=true&search=+ze" "Mozilla/5.0 (Windows NT 10.0; Win64; x64) AppleWebKit/537.36 (KHTML, like Gecko) Chrome/89.0.4389.114 Safari/537.36"
212.152.246.134 - - [09/Apr/2021:14:02:33 +0200] "GET /reload?ser=1617969754066 HTTP/1.1" 200 28 "http://renault.activities.at/success" "Mozilla/5.0 (Windows NT 10.0; Win64; x64) AppleWebKit/537.36 (KHTML, like Gecko) Chrome/89.0.4389.114 Safari/537.36"
90.152.159.38 - - [09/Apr/2021:14:03:16 +0200] "GET /reload?ser=1617969796418 HTTP/1.1" 200 28 "http://renault.activities.at/result?searchterm=true&search=+ze" "Mozilla/5.0 (Windows NT 10.0; Win64; x64) AppleWebKit/537.36 (KHTML, like Gecko) Chrome/89.0.4389.114 Safari/537.36"
212.152.246.134 - - [09/Apr/2021:14:03:35 +0200] "GET /reload?ser=1617969816069 HTTP/1.1" 200 28 "http://renault.activities.at/success" "Mozilla/5.0 (Windows NT 10.0; Win64; x64) AppleWebKit/537.36 (KHTML, like Gecko) Chrome/89.0.4389.114 Safari/537.36"
90.152.159.38 - - [09/Apr/2021:14:04:18 +0200] "GET /reload?ser=1617969858411 HTTP/1.1" 200 28 "http://renault.activities.at/result?searchterm=true&search=+ze" "Mozilla/5.0 (Windows NT 10.0; Win64; x64) AppleWebKit/537.36 (KHTML, like Gecko) Chrome/89.0.4389.114 Safari/537.36"
212.152.246.134 - - [09/Apr/2021:14:04:37 +0200] "GET /reload?ser=1617969878058 HTTP/1.1" 200 28 "http://renault.activities.at/success" "Mozilla/5.0 (Windows NT 10.0; Win64; x64) AppleWebKit/537.36 (KHTML, like Gecko) Chrome/89.0.4389.114 Safari/537.36"
90.152.159.38 - - [09/Apr/2021:14:05:19 +0200] "GET /reload?ser=1617969919421 HTTP/1.1" 200 28 "http://renault.activities.at/result?searchterm=true&search=+ze" "Mozilla/5.0 (Windows NT 10.0; Win64; x64) AppleWebKit/537.36 (KHTML, like Gecko) Chrome/89.0.4389.114 Safari/537.36"
212.152.246.134 - - [09/Apr/2021:14:05:39 +0200] "GET /reload?ser=1617969940069 HTTP/1.1" 200 28 "http://renault.activities.at/success" "Mozilla/5.0 (Windows NT 10.0; Win64; x64) AppleWebKit/537.36 (KHTML, like Gecko) Chrome/89.0.4389.114 Safari/537.36"
90.152.159.38 - - [09/Apr/2021:14:06:20 +0200] "GET /reload?ser=1617969980418 HTTP/1.1" 200 28 "http://renault.activities.at/result?searchterm=true&search=+ze" "Mozilla/5.0 (Windows NT 10.0; Win64; x64) AppleWebKit/537.36 (KHTML, like Gecko) Chrome/89.0.4389.114 Safari/537.36"
212.152.246.134 - - [09/Apr/2021:14:06:41 +0200] "GET /reload?ser=1617970002071 HTTP/1.1" 200 28 "http://renault.activities.at/success" "Mozilla/5.0 (Windows NT 10.0; Win64; x64) AppleWebKit/537.36 (KHTML, like Gecko) Chrome/89.0.4389.114 Safari/537.36"
90.152.159.38 - - [09/Apr/2021:14:07:22 +0200] "GET /reload?ser=1617970042422 HTTP/1.1" 200 28 "http://renault.activities.at/result?searchterm=true&search=+ze" "Mozilla/5.0 (Windows NT 10.0; Win64; x64) AppleWebKit/537.36 (KHTML, like Gecko) Chrome/89.0.4389.114 Safari/537.36"
212.152.246.134 - - [09/Apr/2021:14:07:43 +0200] "GET /reload?ser=1617970064057 HTTP/1.1" 200 28 "http://renault.activities.at/success" "Mozilla/5.0 (Windows NT 10.0; Win64; x64) AppleWebKit/537.36 (KHTML, like Gecko) Chrome/89.0.4389.114 Safari/537.36"
90.152.159.38 - - [09/Apr/2021:14:08:23 +0200] "GET /reload?ser=1617970103417 HTTP/1.1" 200 28 "http://renault.activities.at/result?searchterm=true&search=+ze" "Mozilla/5.0 (Windows NT 10.0; Win64; x64) AppleWebKit/537.36 (KHTML, like Gecko) Chrome/89.0.4389.114 Safari/537.36"
212.152.246.134 - - [09/Apr/2021:14:08:45 +0200] "GET /reload?ser=1617970126057 HTTP/1.1" 200 28 "http://renault.activities.at/success" "Mozilla/5.0 (Windows NT 10.0; Win64; x64) AppleWebKit/537.36 (KHTML, like Gecko) Chrome/89.0.4389.114 Safari/537.36"
90.152.159.38 - - [09/Apr/2021:14:09:24 +0200] "GET /reload?ser=1617970164420 HTTP/1.1" 200 28 "http://renault.activities.at/result?searchterm=true&search=+ze" "Mozilla/5.0 (Windows NT 10.0; Win64; x64) AppleWebKit/537.36 (KHTML, like Gecko) Chrome/89.0.4389.114 Safari/537.36"
212.152.246.134 - - [09/Apr/2021:14:09:47 +0200] "GET /reload?ser=1617970188071 HTTP/1.1" 200 28 "http://renault.activities.at/success" "Mozilla/5.0 (Windows NT 10.0; Win64; x64) AppleWebKit/537.36 (KHTML, like Gecko) Chrome/89.0.4389.114 Safari/537.36"
90.152.159.38 - - [09/Apr/2021:14:10:25 +0200] "GET /reload?ser=1617970225421 HTTP/1.1" 200 28 "http://renault.activities.at/result?searchterm=true&search=+ze" "Mozilla/5.0 (Windows NT 10.0; Win64; x64) AppleWebKit/537.36 (KHTML, like Gecko) Chrome/89.0.4389.114 Safari/537.36"
212.152.246.134 - - [09/Apr/2021:14:10:49 +0200] "GET /reload?ser=1617970250071 HTTP/1.1" 200 28 "http://renault.activities.at/success" "Mozilla/5.0 (Windows NT 10.0; Win64; x64) AppleWebKit/537.36 (KHTML, like Gecko) Chrome/89.0.4389.114 Safari/537.36"
90.152.159.38 - - [09/Apr/2021:14:11:26 +0200] "GET /reload?ser=1617970286417 HTTP/1.1" 200 28 "http://renault.activities.at/result?searchterm=true&search=+ze" "Mozilla/5.0 (Windows NT 10.0; Win64; x64) AppleWebKit/537.36 (KHTML, like Gecko) Chrome/89.0.4389.114 Safari/537.36"
212.152.246.134 - - [09/Apr/2021:14:11:51 +0200] "GET /reload?ser=1617970312058 HTTP/1.1" 200 28 "http://renault.activities.at/success" "Mozilla/5.0 (Windows NT 10.0; Win64; x64) AppleWebKit/537.36 (KHTML, like Gecko) Chrome/89.0.4389.114 Safari/537.36"
90.152.159.38 - - [09/Apr/2021:14:12:27 +0200] "GET /reload?ser=1617970347412 HTTP/1.1" 200 28 "http://renault.activities.at/result?searchterm=true&search=+ze" "Mozilla/5.0 (Windows NT 10.0; Win64; x64) AppleWebKit/537.36 (KHTML, like Gecko) Chrome/89.0.4389.114 Safari/537.36"
212.152.246.134 - - [09/Apr/2021:14:12:53 +0200] "GET /reload?ser=1617970374071 HTTP/1.1" 200 28 "http://renault.activities.at/success" "Mozilla/5.0 (Windows NT 10.0; Win64; x64) AppleWebKit/537.36 (KHTML, like Gecko) Chrome/89.0.4389.114 Safari/537.36"
90.152.159.38 - - [09/Apr/2021:14:13:28 +0200] "GET /reload?ser=1617970408416 HTTP/1.1" 200 28 "http://renault.activities.at/result?searchterm=true&search=+ze" "Mozilla/5.0 (Windows NT 10.0; Win64; x64) AppleWebKit/537.36 (KHTML, like Gecko) Chrome/89.0.4389.114 Safari/537.36"
212.152.246.134 - - [09/Apr/2021:14:13:55 +0200] "GET /reload?ser=1617970436071 HTTP/1.1" 200 28 "http://renault.activities.at/success" "Mozilla/5.0 (Windows NT 10.0; Win64; x64) AppleWebKit/537.36 (KHTML, like Gecko) Chrome/89.0.4389.114 Safari/537.36"
90.152.159.38 - - [09/Apr/2021:14:14:30 +0200] "GET /reload?ser=1617970470422 HTTP/1.1" 200 28 "http://renault.activities.at/result?searchterm=true&search=+ze" "Mozilla/5.0 (Windows NT 10.0; Win64; x64) AppleWebKit/537.36 (KHTML, like Gecko) Chrome/89.0.4389.114 Safari/537.36"
212.152.246.134 - - [09/Apr/2021:14:14:57 +0200] "GET /reload?ser=1617970498064 HTTP/1.1" 200 28 "http://renault.activities.at/success" "Mozilla/5.0 (Windows NT 10.0; Win64; x64) AppleWebKit/537.36 (KHTML, like Gecko) Chrome/89.0.4389.114 Safari/537.36"
90.152.159.38 - - [09/Apr/2021:14:15:31 +0200] "GET /reload?ser=1617970531415 HTTP/1.1" 200 28 "http://renault.activities.at/result?searchterm=true&search=+ze" "Mozilla/5.0 (Windows NT 10.0; Win64; x64) AppleWebKit/537.36 (KHTML, like Gecko) Chrome/89.0.4389.114 Safari/537.36"
212.152.246.134 - - [09/Apr/2021:14:15:59 +0200] "GET /reload?ser=1617970560059 HTTP/1.1" 200 28 "http://renault.activities.at/success" "Mozilla/5.0 (Windows NT 10.0; Win64; x64) AppleWebKit/537.36 (KHTML, like Gecko) Chrome/89.0.4389.114 Safari/537.36"
90.152.159.38 - - [09/Apr/2021:14:16:32 +0200] "GET /reload?ser=1617970592411 HTTP/1.1" 200 28 "http://renault.activities.at/result?searchterm=true&search=+ze" "Mozilla/5.0 (Windows NT 10.0; Win64; x64) AppleWebKit/537.36 (KHTML, like Gecko) Chrome/89.0.4389.114 Safari/537.36"
212.152.246.134 - - [09/Apr/2021:14:17:01 +0200] "GET /reload?ser=1617970622059 HTTP/1.1" 200 28 "http://renault.activities.at/success" "Mozilla/5.0 (Windows NT 10.0; Win64; x64) AppleWebKit/537.36 (KHTML, like Gecko) Chrome/89.0.4389.114 Safari/537.36"
90.152.159.38 - - [09/Apr/2021:14:17:33 +0200] "GET /reload?ser=1617970653424 HTTP/1.1" 200 28 "http://renault.activities.at/result?searchterm=true&search=+ze" "Mozilla/5.0 (Windows NT 10.0; Win64; x64) AppleWebKit/537.36 (KHTML, like Gecko) Chrome/89.0.4389.114 Safari/537.36"
212.152.246.134 - - [09/Apr/2021:14:18:03 +0200] "GET /reload?ser=1617970684059 HTTP/1.1" 200 28 "http://renault.activities.at/success" "Mozilla/5.0 (Windows NT 10.0; Win64; x64) AppleWebKit/537.36 (KHTML, like Gecko) Chrome/89.0.4389.114 Safari/537.36"
90.152.159.38 - - [09/Apr/2021:14:18:34 +0200] "GET /reload?ser=1617970714417 HTTP/1.1" 200 28 "http://renault.activities.at/result?searchterm=true&search=+ze" "Mozilla/5.0 (Windows NT 10.0; Win64; x64) AppleWebKit/537.36 (KHTML, like Gecko) Chrome/89.0.4389.114 Safari/537.36"
212.152.246.134 - - [09/Apr/2021:14:19:05 +0200] "GET /reload?ser=1617970746057 HTTP/1.1" 200 28 "http://renault.activities.at/success" "Mozilla/5.0 (Windows NT 10.0; Win64; x64) AppleWebKit/537.36 (KHTML, like Gecko) Chrome/89.0.4389.114 Safari/537.36"
90.152.159.38 - - [09/Apr/2021:14:19:36 +0200] "GET /reload?ser=1617970776409 HTTP/1.1" 200 28 "http://renault.activities.at/result?searchterm=true&search=+ze" "Mozilla/5.0 (Windows NT 10.0; Win64; x64) AppleWebKit/537.36 (KHTML, like Gecko) Chrome/89.0.4389.114 Safari/537.36"
212.152.246.134 - - [09/Apr/2021:14:20:07 +0200] "GET /reload?ser=1617970808068 HTTP/1.1" 200 28 "http://renault.activities.at/success" "Mozilla/5.0 (Windows NT 10.0; Win64; x64) AppleWebKit/537.36 (KHTML, like Gecko) Chrome/89.0.4389.114 Safari/537.36"
90.152.159.38 - - [09/Apr/2021:14:20:37 +0200] "GET /reload?ser=1617970837417 HTTP/1.1" 200 28 "http://renault.activities.at/result?searchterm=true&search=+ze" "Mozilla/5.0 (Windows NT 10.0; Win64; x64) AppleWebKit/537.36 (KHTML, like Gecko) Chrome/89.0.4389.114 Safari/537.36"
212.152.246.134 - - [09/Apr/2021:14:21:09 +0200] "GET /reload?ser=1617970870060 HTTP/1.1" 200 28 "http://renault.activities.at/success" "Mozilla/5.0 (Windows NT 10.0; Win64; x64) AppleWebKit/537.36 (KHTML, like Gecko) Chrome/89.0.4389.114 Safari/537.36"
90.152.159.38 - - [09/Apr/2021:14:21:38 +0200] "GET /reload?ser=1617970898422 HTTP/1.1" 200 28 "http://renault.activities.at/result?searchterm=true&search=+ze" "Mozilla/5.0 (Windows NT 10.0; Win64; x64) AppleWebKit/537.36 (KHTML, like Gecko) Chrome/89.0.4389.114 Safari/537.36"
212.152.246.134 - - [09/Apr/2021:14:22:11 +0200] "GET /reload?ser=1617970932060 HTTP/1.1" 200 28 "http://renault.activities.at/success" "Mozilla/5.0 (Windows NT 10.0; Win64; x64) AppleWebKit/537.36 (KHTML, like Gecko) Chrome/89.0.4389.114 Safari/537.36"
90.152.159.38 - - [09/Apr/2021:14:22:39 +0200] "GET /reload?ser=1617970959425 HTTP/1.1" 200 28 "http://renault.activities.at/result?searchterm=true&search=+ze" "Mozilla/5.0 (Windows NT 10.0; Win64; x64) AppleWebKit/537.36 (KHTML, like Gecko) Chrome/89.0.4389.114 Safari/537.36"
212.152.246.134 - - [09/Apr/2021:14:23:13 +0200] "GET /reload?ser=1617970994060 HTTP/1.1" 200 28 "http://renault.activities.at/success" "Mozilla/5.0 (Windows NT 10.0; Win64; x64) AppleWebKit/537.36 (KHTML, like Gecko) Chrome/89.0.4389.114 Safari/537.36"
90.152.159.38 - - [09/Apr/2021:14:23:41 +0200] "GET /reload?ser=1617971021423 HTTP/1.1" 200 28 "http://renault.activities.at/result?searchterm=true&search=+ze" "Mozilla/5.0 (Windows NT 10.0; Win64; x64) AppleWebKit/537.36 (KHTML, like Gecko) Chrome/89.0.4389.114 Safari/537.36"
212.152.246.134 - - [09/Apr/2021:14:24:15 +0200] "GET /reload?ser=1617971056060 HTTP/1.1" 200 28 "http://renault.activities.at/success" "Mozilla/5.0 (Windows NT 10.0; Win64; x64) AppleWebKit/537.36 (KHTML, like Gecko) Chrome/89.0.4389.114 Safari/537.36"
90.152.159.38 - - [09/Apr/2021:14:24:42 +0200] "GET /reload?ser=1617971082420 HTTP/1.1" 200 28 "http://renault.activities.at/result?searchterm=true&search=+ze" "Mozilla/5.0 (Windows NT 10.0; Win64; x64) AppleWebKit/537.36 (KHTML, like Gecko) Chrome/89.0.4389.114 Safari/537.36"
212.152.246.134 - - [09/Apr/2021:14:25:17 +0200] "GET /reload?ser=1617971118062 HTTP/1.1" 200 28 "http://renault.activities.at/success" "Mozilla/5.0 (Windows NT 10.0; Win64; x64) AppleWebKit/537.36 (KHTML, like Gecko) Chrome/89.0.4389.114 Safari/537.36"
90.152.159.38 - - [09/Apr/2021:14:25:44 +0200] "GET /reload?ser=1617971144413 HTTP/1.1" 200 28 "http://renault.activities.at/result?searchterm=true&search=+ze" "Mozilla/5.0 (Windows NT 10.0; Win64; x64) AppleWebKit/537.36 (KHTML, like Gecko) Chrome/89.0.4389.114 Safari/537.36"
212.152.246.134 - - [09/Apr/2021:14:26:19 +0200] "GET /reload?ser=1617971180061 HTTP/1.1" 200 28 "http://renault.activities.at/success" "Mozilla/5.0 (Windows NT 10.0; Win64; x64) AppleWebKit/537.36 (KHTML, like Gecko) Chrome/89.0.4389.114 Safari/537.36"
90.152.159.38 - - [09/Apr/2021:14:26:45 +0200] "GET /reload?ser=1617971205418 HTTP/1.1" 200 28 "http://renault.activities.at/result?searchterm=true&search=+ze" "Mozilla/5.0 (Windows NT 10.0; Win64; x64) AppleWebKit/537.36 (KHTML, like Gecko) Chrome/89.0.4389.114 Safari/537.36"
212.152.246.134 - - [09/Apr/2021:14:27:21 +0200] "GET /reload?ser=1617971242058 HTTP/1.1" 200 28 "http://renault.activities.at/success" "Mozilla/5.0 (Windows NT 10.0; Win64; x64) AppleWebKit/537.36 (KHTML, like Gecko) Chrome/89.0.4389.114 Safari/537.36"
90.152.159.38 - - [09/Apr/2021:14:27:46 +0200] "GET /reload?ser=1617971266417 HTTP/1.1" 200 28 "http://renault.activities.at/result?searchterm=true&search=+ze" "Mozilla/5.0 (Windows NT 10.0; Win64; x64) AppleWebKit/537.36 (KHTML, like Gecko) Chrome/89.0.4389.114 Safari/537.36"
212.152.246.134 - - [09/Apr/2021:14:28:23 +0200] "GET /reload?ser=1617971304058 HTTP/1.1" 200 28 "http://renault.activities.at/success" "Mozilla/5.0 (Windows NT 10.0; Win64; x64) AppleWebKit/537.36 (KHTML, like Gecko) Chrome/89.0.4389.114 Safari/537.36"
90.152.159.38 - - [09/Apr/2021:14:28:48 +0200] "GET /reload?ser=1617971328422 HTTP/1.1" 200 28 "http://renault.activities.at/result?searchterm=true&search=+ze" "Mozilla/5.0 (Windows NT 10.0; Win64; x64) AppleWebKit/537.36 (KHTML, like Gecko) Chrome/89.0.4389.114 Safari/537.36"
212.152.246.134 - - [09/Apr/2021:14:29:24 +0200] "GET /reload?ser=1617971365058 HTTP/1.1" 200 28 "http://renault.activities.at/success" "Mozilla/5.0 (Windows NT 10.0; Win64; x64) AppleWebKit/537.36 (KHTML, like Gecko) Chrome/89.0.4389.114 Safari/537.36"
90.152.159.38 - - [09/Apr/2021:14:29:49 +0200] "GET /reload?ser=1617971389411 HTTP/1.1" 200 28 "http://renault.activities.at/result?searchterm=true&search=+ze" "Mozilla/5.0 (Windows NT 10.0; Win64; x64) AppleWebKit/537.36 (KHTML, like Gecko) Chrome/89.0.4389.114 Safari/537.36"
212.152.246.134 - - [09/Apr/2021:14:30:26 +0200] "GET /reload?ser=1617971427063 HTTP/1.1" 200 28 "http://renault.activities.at/success" "Mozilla/5.0 (Windows NT 10.0; Win64; x64) AppleWebKit/537.36 (KHTML, like Gecko) Chrome/89.0.4389.114 Safari/537.36"
90.152.159.38 - - [09/Apr/2021:14:30:50 +0200] "GET /reload?ser=1617971450419 HTTP/1.1" 200 28 "http://renault.activities.at/result?searchterm=true&search=+ze" "Mozilla/5.0 (Windows NT 10.0; Win64; x64) AppleWebKit/537.36 (KHTML, like Gecko) Chrome/89.0.4389.114 Safari/537.36"
212.152.246.134 - - [09/Apr/2021:14:31:28 +0200] "GET /reload?ser=1617971489070 HTTP/1.1" 200 28 "http://renault.activities.at/success" "Mozilla/5.0 (Windows NT 10.0; Win64; x64) AppleWebKit/537.36 (KHTML, like Gecko) Chrome/89.0.4389.114 Safari/537.36"
90.152.159.38 - - [09/Apr/2021:14:31:51 +0200] "GET /reload?ser=1617971511416 HTTP/1.1" 200 28 "http://renault.activities.at/result?searchterm=true&search=+ze" "Mozilla/5.0 (Windows NT 10.0; Win64; x64) AppleWebKit/537.36 (KHTML, like Gecko) Chrome/89.0.4389.114 Safari/537.36"
13.66.139.86 - - [09/Apr/2021:14:32:06 +0200] "GET / HTTP/1.1" 200 3315 "-" "Mozilla/5.0 (compatible; bingbot/2.0; +http://www.bing.com/bingbot.htm)"
212.152.246.134 - - [09/Apr/2021:14:32:30 +0200] "GET /reload?ser=1617971551070 HTTP/1.1" 200 28 "http://renault.activities.at/success" "Mozilla/5.0 (Windows NT 10.0; Win64; x64) AppleWebKit/537.36 (KHTML, like Gecko) Chrome/89.0.4389.114 Safari/537.36"
94.16.80.117 - - [09/Apr/2021:14:32:51 +0200] "GET / HTTP/1.1" 200 3315 "https://www.google.com/" "Mozilla/5.0 (Windows NT 10.0; Win64; x64) AppleWebKit/537.36 (KHTML, like Gecko) Chrome/89.0.4389.114 Safari/537.36"
94.16.80.117 - - [09/Apr/2021:14:32:52 +0200] "GET /css/print.css HTTP/1.1" 200 543 "http://renault.activities.at/" "Mozilla/5.0 (Windows NT 10.0; Win64; x64) AppleWebKit/537.36 (KHTML, like Gecko) Chrome/89.0.4389.114 Safari/537.36"
94.16.80.117 - - [09/Apr/2021:14:32:52 +0200] "GET /images/main_block_corner_left_bot.gif HTTP/1.1" 200 159 "http://renault.activities.at/css/styles.css" "Mozilla/5.0 (Windows NT 10.0; Win64; x64) AppleWebKit/537.36 (KHTML, like Gecko) Chrome/89.0.4389.114 Safari/537.36"
94.16.80.117 - - [09/Apr/2021:14:32:52 +0200] "GET /images/main_block_border.gif HTTP/1.1" 200 43 "http://renault.activities.at/css/styles.css" "Mozilla/5.0 (Windows NT 10.0; Win64; x64) AppleWebKit/537.36 (KHTML, like Gecko) Chrome/89.0.4389.114 Safari/537.36"
94.16.80.117 - - [09/Apr/2021:14:32:52 +0200] "GET /images/main_block_corner_right_bot.gif HTTP/1.1" 200 158 "http://renault.activities.at/css/styles.css" "Mozilla/5.0 (Windows NT 10.0; Win64; x64) AppleWebKit/537.36 (KHTML, like Gecko) Chrome/89.0.4389.114 Safari/537.36"
94.16.80.117 - - [09/Apr/2021:14:32:52 +0200] "GET /images/header_block_corner_left_top.gif HTTP/1.1" 200 160 "http://renault.activities.at/css/styles.css" "Mozilla/5.0 (Windows NT 10.0; Win64; x64) AppleWebKit/537.36 (KHTML, like Gecko) Chrome/89.0.4389.114 Safari/537.36"
94.16.80.117 - - [09/Apr/2021:14:32:52 +0200] "GET /images/header_block_border.gif HTTP/1.1" 200 43 "http://renault.activities.at/css/styles.css" "Mozilla/5.0 (Windows NT 10.0; Win64; x64) AppleWebKit/537.36 (KHTML, like Gecko) Chrome/89.0.4389.114 Safari/537.36"
94.16.80.117 - - [09/Apr/2021:14:32:52 +0200] "GET /images/header_block_corner_right_top.gif HTTP/1.1" 200 160 "http://renault.activities.at/css/styles.css" "Mozilla/5.0 (Windows NT 10.0; Win64; x64) AppleWebKit/537.36 (KHTML, like Gecko) Chrome/89.0.4389.114 Safari/537.36"
94.16.80.117 - - [09/Apr/2021:14:32:52 +0200] "GET /images/main_block_corner_left_top.gif HTTP/1.1" 200 159 "http://renault.activities.at/css/styles.css" "Mozilla/5.0 (Windows NT 10.0; Win64; x64) AppleWebKit/537.36 (KHTML, like Gecko) Chrome/89.0.4389.114 Safari/537.36"
94.16.80.117 - - [09/Apr/2021:14:32:52 +0200] "GET /images/main_block_corner_right_top.gif HTTP/1.1" 200 159 "http://renault.activities.at/css/styles.css" "Mozilla/5.0 (Windows NT 10.0; Win64; x64) AppleWebKit/537.36 (KHTML, like Gecko) Chrome/89.0.4389.114 Safari/537.36"
94.16.80.117 - - [09/Apr/2021:14:32:52 +0200] "GET /images/title_border.jpg HTTP/1.1" 200 304 "http://renault.activities.at/css/styles.css" "Mozilla/5.0 (Windows NT 10.0; Win64; x64) AppleWebKit/537.36 (KHTML, like Gecko) Chrome/89.0.4389.114 Safari/537.36"
94.16.80.117 - - [09/Apr/2021:14:32:52 +0200] "GET /images/title_border_top.jpg HTTP/1.1" 200 336 "http://renault.activities.at/css/styles.css" "Mozilla/5.0 (Windows NT 10.0; Win64; x64) AppleWebKit/537.36 (KHTML, like Gecko) Chrome/89.0.4389.114 Safari/537.36"
94.16.80.117 - - [09/Apr/2021:14:32:52 +0200] "GET /images/title_corner_left_top.jpg HTTP/1.1" 200 372 "http://renault.activities.at/css/styles.css" "Mozilla/5.0 (Windows NT 10.0; Win64; x64) AppleWebKit/537.36 (KHTML, like Gecko) Chrome/89.0.4389.114 Safari/537.36"
94.16.80.117 - - [09/Apr/2021:14:32:52 +0200] "GET /images/title_corner_right_top.jpg HTTP/1.1" 200 389 "http://renault.activities.at/css/styles.css" "Mozilla/5.0 (Windows NT 10.0; Win64; x64) AppleWebKit/537.36 (KHTML, like Gecko) Chrome/89.0.4389.114 Safari/537.36"
94.16.80.117 - - [09/Apr/2021:14:32:52 +0200] "GET /loadthumbnail.php?id=11127982 HTTP/1.1" 200 399614 "http://renault.activities.at/" "Mozilla/5.0 (Windows NT 10.0; Win64; x64) AppleWebKit/537.36 (KHTML, like Gecko) Chrome/89.0.4389.114 Safari/537.36"
94.16.80.117 - - [09/Apr/2021:14:32:52 +0200] "GET /images/favicon.ico HTTP/1.1" 404 305 "http://renault.activities.at/" "Mozilla/5.0 (Windows NT 10.0; Win64; x64) AppleWebKit/537.36 (KHTML, like Gecko) Chrome/89.0.4389.114 Safari/537.36"
90.152.159.38 - - [09/Apr/2021:14:32:52 +0200] "GET /reload?ser=1617971572425 HTTP/1.1" 200 28 "http://renault.activities.at/result?searchterm=true&search=+ze" "Mozilla/5.0 (Windows NT 10.0; Win64; x64) AppleWebKit/537.36 (KHTML, like Gecko) Chrome/89.0.4389.114 Safari/537.36"
212.152.246.134 - - [09/Apr/2021:14:33:32 +0200] "GET /reload?ser=1617971613070 HTTP/1.1" 200 28 "http://renault.activities.at/success" "Mozilla/5.0 (Windows NT 10.0; Win64; x64) AppleWebKit/537.36 (KHTML, like Gecko) Chrome/89.0.4389.114 Safari/537.36"
90.152.159.38 - - [09/Apr/2021:14:33:54 +0200] "GET /reload?ser=1617971634414 HTTP/1.1" 200 28 "http://renault.activities.at/result?searchterm=true&search=+ze" "Mozilla/5.0 (Windows NT 10.0; Win64; x64) AppleWebKit/537.36 (KHTML, like Gecko) Chrome/89.0.4389.114 Safari/537.36"
