90.152.159.38 - - [09/Apr/2021:08:06:35 +0200] "POST /axjaxrequest?mode=suggest HTTP/1.1" 200 112 "http://renault.activities.at/result?dir=DESC&mode=grid&order=name&limit=15&page=2&search=zoe" "Mozilla/5.0 (Windows NT 10.0; Win64; x64) AppleWebKit/537.36 (KHTML, like Gecko) Chrome/89.0.4389.114 Safari/537.36"
90.152.159.38 - - [09/Apr/2021:08:06:35 +0200] "GET /result?searchterm=true&search=twingo HTTP/1.1" 200 8672 "http://renault.activities.at/result?dir=DESC&mode=grid&order=name&limit=15&page=2&search=zoe" "Mozilla/5.0 (Windows NT 10.0; Win64; x64) AppleWebKit/537.36 (KHTML, like Gecko) Chrome/89.0.4389.114 Safari/537.36"
90.152.159.38 - - [09/Apr/2021:08:06:38 +0200] "GET /result?searchterm=true&search=Twingo HTTP/1.1" 200 8671 "http://renault.activities.at/result?dir=DESC&mode=grid&order=name&limit=15&page=2&search=zoe" "Mozilla/5.0 (Windows NT 10.0; Win64; x64) AppleWebKit/537.36 (KHTML, like Gecko) Chrome/89.0.4389.114 Safari/537.36"
90.152.159.38 - - [09/Apr/2021:08:06:42 +0200] "GET /loadthumbnail.php?id=11137061&width=113 HTTP/1.1" 200 2095 "http://renault.activities.at/result?searchterm=true&search=Twingo" "Mozilla/5.0 (Windows NT 10.0; Win64; x64) AppleWebKit/537.36 (KHTML, like Gecko) Chrome/89.0.4389.114 Safari/537.36"
90.152.159.38 - - [09/Apr/2021:08:06:42 +0200] "GET /loadthumbnail.php?id=12037190&width=113 HTTP/1.1" 200 19857 "http://renault.activities.at/result?searchterm=true&search=Twingo" "Mozilla/5.0 (Windows NT 10.0; Win64; x64) AppleWebKit/537.36 (KHTML, like Gecko) Chrome/89.0.4389.114 Safari/537.36"
90.152.159.38 - - [09/Apr/2021:08:06:42 +0200] "GET /loadthumbnail.php?id=11183285&width=113 HTTP/1.1" 200 1898 "http://renault.activities.at/result?searchterm=true&search=Twingo" "Mozilla/5.0 (Windows NT 10.0; Win64; x64) AppleWebKit/537.36 (KHTML, like Gecko) Chrome/89.0.4389.114 Safari/537.36"
90.152.159.38 - - [09/Apr/2021:08:06:48 +0200] "GET /result?dir=DESC&mode=grid&order=name&limit=15&page=2&search=Twingo HTTP/1.1" 200 7370 "http://renault.activities.at/result?searchterm=true&search=Twingo" "Mozilla/5.0 (Windows NT 10.0; Win64; x64) AppleWebKit/537.36 (KHTML, like Gecko) Chrome/89.0.4389.114 Safari/537.36"
90.152.159.38 - - [09/Apr/2021:08:06:50 +0200] "GET /loadthumbnail.php?id=12040651&width=113 HTTP/1.1" 200 3124 "http://renault.activities.at/result?dir=DESC&mode=grid&order=name&limit=15&page=2&search=Twingo" "Mozilla/5.0 (Windows NT 10.0; Win64; x64) AppleWebKit/537.36 (KHTML, like Gecko) Chrome/89.0.4389.114 Safari/537.36"
90.152.159.38 - - [09/Apr/2021:08:06:50 +0200] "GET /loadthumbnail.php?id=12040662&width=113 HTTP/1.1" 200 4115 "http://renault.activities.at/result?dir=DESC&mode=grid&order=name&limit=15&page=2&search=Twingo" "Mozilla/5.0 (Windows NT 10.0; Win64; x64) AppleWebKit/537.36 (KHTML, like Gecko) Chrome/89.0.4389.114 Safari/537.36"
90.152.159.38 - - [09/Apr/2021:08:06:50 +0200] "GET /loadthumbnail.php?id=11342066&width=113 HTTP/1.1" 200 28015 "http://renault.activities.at/result?dir=DESC&mode=grid&order=name&limit=15&page=2&search=Twingo" "Mozilla/5.0 (Windows NT 10.0; Win64; x64) AppleWebKit/537.36 (KHTML, like Gecko) Chrome/89.0.4389.114 Safari/537.36"
90.152.159.38 - - [09/Apr/2021:08:06:50 +0200] "GET /loadthumbnail.php?id=12140010&width=113 HTTP/1.1" 200 28414 "http://renault.activities.at/result?dir=DESC&mode=grid&order=name&limit=15&page=2&search=Twingo" "Mozilla/5.0 (Windows NT 10.0; Win64; x64) AppleWebKit/537.36 (KHTML, like Gecko) Chrome/89.0.4389.114 Safari/537.36"
90.152.159.38 - - [09/Apr/2021:08:06:57 +0200] "GET /12324391?print=true HTTP/1.1" 200 2652 "http://renault.activities.at/result?dir=DESC&mode=grid&order=name&limit=15&page=2&search=Twingo" "Mozilla/5.0 (Windows NT 10.0; Win64; x64) AppleWebKit/537.36 (KHTML, like Gecko) Chrome/89.0.4389.114 Safari/537.36"
90.152.159.38 - - [09/Apr/2021:08:07:00 +0200] "GET /loadthumbnail.php?id=12367878&width=250 HTTP/1.1" 200 9797 "http://renault.activities.at/12324391?print=true" "Mozilla/5.0 (Windows NT 10.0; Win64; x64) AppleWebKit/537.36 (KHTML, like Gecko) Chrome/89.0.4389.114 Safari/537.36"
90.152.159.38 - - [09/Apr/2021:08:07:00 +0200] "GET /loadthumbnail.php?id=12367878&width=900&height=900 HTTP/1.1" 200 71558 "http://renault.activities.at/12324391?print=true" "Mozilla/5.0 (Windows NT 10.0; Win64; x64) AppleWebKit/537.36 (KHTML, like Gecko) Chrome/89.0.4389.114 Safari/537.36"
193.194.132.26 - - [09/Apr/2021:08:07:05 +0200] "GET /reload?ser=1617948425184 HTTP/1.1" 200 28 "http://renault.2web.at/account" "Mozilla/5.0 (Windows NT 10.0; Win64; x64) AppleWebKit/537.36 (KHTML, like Gecko) Chrome/89.0.4389.114 Safari/537.36"
90.152.159.38 - - [09/Apr/2021:08:07:04 +0200] "POST /12324391?print=true HTTP/1.1" 200 2762 "http://renault.activities.at/12324391?print=true" "Mozilla/5.0 (Windows NT 10.0; Win64; x64) AppleWebKit/537.36 (KHTML, like Gecko) Chrome/89.0.4389.114 Safari/537.36"
90.152.159.38 - - [09/Apr/2021:08:07:05 +0200] "POST /12324391?print=true HTTP/1.1" 200 2762 "http://renault.activities.at/12324391?print=true" "Mozilla/5.0 (Windows NT 10.0; Win64; x64) AppleWebKit/537.36 (KHTML, like Gecko) Chrome/89.0.4389.114 Safari/537.36"
90.152.159.38 - - [09/Apr/2021:08:07:08 +0200] "POST /12324391?print=true HTTP/1.1" 200 2762 "http://renault.activities.at/12324391?print=true" "Mozilla/5.0 (Windows NT 10.0; Win64; x64) AppleWebKit/537.36 (KHTML, like Gecko) Chrome/89.0.4389.114 Safari/537.36"
90.152.159.38 - - [09/Apr/2021:08:07:23 +0200] "POST /axjaxrequest?mode=suggest HTTP/1.1" 200 113 "http://renault.activities.at/result?dir=DESC&mode=grid&order=name&limit=15&page=2&search=Twingo" "Mozilla/5.0 (Windows NT 10.0; Win64; x64) AppleWebKit/537.36 (KHTML, like Gecko) Chrome/89.0.4389.114 Safari/537.36"
90.152.159.38 - - [09/Apr/2021:08:07:24 +0200] "POST /axjaxrequest?mode=suggest HTTP/1.1" 200 21 "http://renault.activities.at/result?dir=DESC&mode=grid&order=name&limit=15&page=2&search=Twingo" "Mozilla/5.0 (Windows NT 10.0; Win64; x64) AppleWebKit/537.36 (KHTML, like Gecko) Chrome/89.0.4389.114 Safari/537.36"
90.152.159.38 - - [09/Apr/2021:08:07:24 +0200] "GET /result?searchterm=true&search=renault+ze HTTP/1.1" 200 9066 "http://renault.activities.at/result?dir=DESC&mode=grid&order=name&limit=15&page=2&search=Twingo" "Mozilla/5.0 (Windows NT 10.0; Win64; x64) AppleWebKit/537.36 (KHTML, like Gecko) Chrome/89.0.4389.114 Safari/537.36"
90.152.159.38 - - [09/Apr/2021:08:07:28 +0200] "GET /result?searchterm=true&search=+ze HTTP/1.1" 200 8979 "http://renault.activities.at/result?dir=DESC&mode=grid&order=name&limit=15&page=2&search=Twingo" "Mozilla/5.0 (Windows NT 10.0; Win64; x64) AppleWebKit/537.36 (KHTML, like Gecko) Chrome/89.0.4389.114 Safari/537.36"
90.152.159.38 - - [09/Apr/2021:08:07:30 +0200] "GET /result?searchterm=true&search=+ze HTTP/1.1" 200 8979 "http://renault.activities.at/result?dir=DESC&mode=grid&order=name&limit=15&page=2&search=Twingo" "Mozilla/5.0 (Windows NT 10.0; Win64; x64) AppleWebKit/537.36 (KHTML, like Gecko) Chrome/89.0.4389.114 Safari/537.36"
90.152.159.38 - - [09/Apr/2021:08:07:35 +0200] "GET /loadthumbnail.php?id=12115542&width=113 HTTP/1.1" 200 6084 "http://renault.activities.at/result?searchterm=true&search=+ze" "Mozilla/5.0 (Windows NT 10.0; Win64; x64) AppleWebKit/537.36 (KHTML, like Gecko) Chrome/89.0.4389.114 Safari/537.36"
90.152.159.38 - - [09/Apr/2021:08:07:35 +0200] "GET /loadthumbnail.php?id=12255321&width=113 HTTP/1.1" 200 2018 "http://renault.activities.at/result?searchterm=true&search=+ze" "Mozilla/5.0 (Windows NT 10.0; Win64; x64) AppleWebKit/537.36 (KHTML, like Gecko) Chrome/89.0.4389.114 Safari/537.36"
90.152.159.38 - - [09/Apr/2021:08:07:35 +0200] "GET /loadthumbnail.php?id=12333878&width=113 HTTP/1.1" 200 1913 "http://renault.activities.at/result?searchterm=true&search=+ze" "Mozilla/5.0 (Windows NT 10.0; Win64; x64) AppleWebKit/537.36 (KHTML, like Gecko) Chrome/89.0.4389.114 Safari/537.36"
90.152.159.38 - - [09/Apr/2021:08:07:35 +0200] "GET /loadthumbnail.php?id=12333874&width=113 HTTP/1.1" 200 1957 "http://renault.activities.at/result?searchterm=true&search=+ze" "Mozilla/5.0 (Windows NT 10.0; Win64; x64) AppleWebKit/537.36 (KHTML, like Gecko) Chrome/89.0.4389.114 Safari/537.36"
90.152.159.38 - - [09/Apr/2021:08:07:35 +0200] "GET /loadthumbnail.php?id=12255323&width=113 HTTP/1.1" 200 2018 "http://renault.activities.at/result?searchterm=true&search=+ze" "Mozilla/5.0 (Windows NT 10.0; Win64; x64) AppleWebKit/537.36 (KHTML, like Gecko) Chrome/89.0.4389.114 Safari/537.36"
90.152.159.38 - - [09/Apr/2021:08:07:35 +0200] "GET /loadthumbnail.php?id=12255324&width=113 HTTP/1.1" 200 2018 "http://renault.activities.at/result?searchterm=true&search=+ze" "Mozilla/5.0 (Windows NT 10.0; Win64; x64) AppleWebKit/537.36 (KHTML, like Gecko) Chrome/89.0.4389.114 Safari/537.36"
90.152.159.38 - - [09/Apr/2021:08:07:36 +0200] "GET /loadthumbnail.php?id=11967854&width=113 HTTP/1.1" 200 2106 "http://renault.activities.at/result?searchterm=true&search=+ze" "Mozilla/5.0 (Windows NT 10.0; Win64; x64) AppleWebKit/537.36 (KHTML, like Gecko) Chrome/89.0.4389.114 Safari/537.36"
90.152.159.38 - - [09/Apr/2021:08:07:36 +0200] "GET /loadthumbnail.php?id=12358273&width=113 HTTP/1.1" 200 2569 "http://renault.activities.at/result?searchterm=true&search=+ze" "Mozilla/5.0 (Windows NT 10.0; Win64; x64) AppleWebKit/537.36 (KHTML, like Gecko) Chrome/89.0.4389.114 Safari/537.36"
90.152.159.38 - - [09/Apr/2021:08:07:36 +0200] "GET /loadthumbnail.php?id=12294747&width=113 HTTP/1.1" 200 20271 "http://renault.activities.at/result?searchterm=true&search=+ze" "Mozilla/5.0 (Windows NT 10.0; Win64; x64) AppleWebKit/537.36 (KHTML, like Gecko) Chrome/89.0.4389.114 Safari/537.36"
207.46.13.10 - - [09/Apr/2021:08:08:06 +0200] "GET /robots.txt HTTP/1.1" 404 300 "-" "Mozilla/5.0 (compatible; bingbot/2.0; +http://www.bing.com/bingbot.htm)"
193.194.132.26 - - [09/Apr/2021:08:08:07 +0200] "GET /reload?ser=1617948487185 HTTP/1.1" 200 28 "http://renault.2web.at/account" "Mozilla/5.0 (Windows NT 10.0; Win64; x64) AppleWebKit/537.36 (KHTML, like Gecko) Chrome/89.0.4389.114 Safari/537.36"
13.66.139.88 - - [09/Apr/2021:08:08:11 +0200] "GET /10260004 HTTP/1.1" 200 6105 "-" "Mozilla/5.0 (iPhone; CPU iPhone OS 7_0 like Mac OS X) AppleWebKit/537.51.1 (KHTML, like Gecko) Version/7.0 Mobile/11A465 Safari/9537.53 (compatible; bingbot/2.0; +http://www.bing.com/bingbot.htm)"
207.46.13.41 - - [09/Apr/2021:08:08:23 +0200] "GET /robots.txt HTTP/1.1" 404 300 "-" "Mozilla/5.0 (compatible; bingbot/2.0; +http://www.bing.com/bingbot.htm)"
207.46.13.41 - - [09/Apr/2021:08:08:23 +0200] "GET /robots.txt HTTP/1.1" 404 300 "-" "Mozilla/5.0 (compatible; bingbot/2.0; +http://www.bing.com/bingbot.htm)"
207.46.13.41 - - [09/Apr/2021:08:08:23 +0200] "GET /robots.txt HTTP/1.1" 404 300 "-" "Mozilla/5.0 (compatible; bingbot/2.0; +http://www.bing.com/bingbot.htm)"
207.46.13.41 - - [09/Apr/2021:08:08:24 +0200] "GET /robots.txt HTTP/1.1" 404 300 "-" "Mozilla/5.0 (compatible; bingbot/2.0; +http://www.bing.com/bingbot.htm)"
207.46.13.41 - - [09/Apr/2021:08:08:24 +0200] "GET /robots.txt HTTP/1.1" 404 300 "-" "Mozilla/5.0 (compatible; bingbot/2.0; +http://www.bing.com/bingbot.htm)"
157.55.39.195 - - [09/Apr/2021:08:08:27 +0200] "GET /loadthumbnail.php?id=10203650&width=113 HTTP/1.1" 200 2741 "-" "Mozilla/5.0 (iPhone; CPU iPhone OS 7_0 like Mac OS X) AppleWebKit/537.51.1 (KHTML, like Gecko) Version/7.0 Mobile/11A465 Safari/9537.53 (compatible; bingbot/2.0; +http://www.bing.com/bingbot.htm)"
157.55.39.50 - - [09/Apr/2021:08:08:32 +0200] "GET /loadthumbnail.php?id=10201939&width=15&height=15 HTTP/1.1" 200 201 "-" "Mozilla/5.0 (iPhone; CPU iPhone OS 7_0 like Mac OS X) AppleWebKit/537.51.1 (KHTML, like Gecko) Version/7.0 Mobile/11A465 Safari/9537.53 (compatible; bingbot/2.0; +http://www.bing.com/bingbot.htm)"
90.152.159.38 - - [09/Apr/2021:08:08:36 +0200] "GET /reload?ser=1617948518052 HTTP/1.1" 200 28 "http://renault.activities.at/result?searchterm=true&search=+ze" "Mozilla/5.0 (Windows NT 10.0; Win64; x64) AppleWebKit/537.36 (KHTML, like Gecko) Chrome/89.0.4389.114 Safari/537.36"
157.55.39.3 - - [09/Apr/2021:08:08:42 +0200] "GET /css/themes/default.css HTTP/1.1" 200 769 "-" "Mozilla/5.0 (iPhone; CPU iPhone OS 7_0 like Mac OS X) AppleWebKit/537.51.1 (KHTML, like Gecko) Version/7.0 Mobile/11A465 Safari/9537.53 (compatible; bingbot/2.0; +http://www.bing.com/bingbot.htm)"
193.194.132.26 - - [09/Apr/2021:08:09:09 +0200] "GET /reload?ser=1617948549184 HTTP/1.1" 200 28 "http://renault.2web.at/account" "Mozilla/5.0 (Windows NT 10.0; Win64; x64) AppleWebKit/537.36 (KHTML, like Gecko) Chrome/89.0.4389.114 Safari/537.36"
90.152.159.38 - - [09/Apr/2021:08:09:37 +0200] "GET /reload?ser=1617948579034 HTTP/1.1" 200 28 "http://renault.activities.at/result?searchterm=true&search=+ze" "Mozilla/5.0 (Windows NT 10.0; Win64; x64) AppleWebKit/537.36 (KHTML, like Gecko) Chrome/89.0.4389.114 Safari/537.36"
193.194.132.26 - - [09/Apr/2021:08:10:11 +0200] "GET /reload?ser=1617948611184 HTTP/1.1" 200 28 "http://renault.2web.at/account" "Mozilla/5.0 (Windows NT 10.0; Win64; x64) AppleWebKit/537.36 (KHTML, like Gecko) Chrome/89.0.4389.114 Safari/537.36"
90.152.159.38 - - [09/Apr/2021:08:10:38 +0200] "GET /reload?ser=1617948640027 HTTP/1.1" 200 28 "http://renault.activities.at/result?searchterm=true&search=+ze" "Mozilla/5.0 (Windows NT 10.0; Win64; x64) AppleWebKit/537.36 (KHTML, like Gecko) Chrome/89.0.4389.114 Safari/537.36"
193.194.132.26 - - [09/Apr/2021:08:11:13 +0200] "GET /reload?ser=1617948673183 HTTP/1.1" 200 28 "http://renault.2web.at/account" "Mozilla/5.0 (Windows NT 10.0; Win64; x64) AppleWebKit/537.36 (KHTML, like Gecko) Chrome/89.0.4389.114 Safari/537.36"
90.152.159.38 - - [09/Apr/2021:08:11:39 +0200] "GET /reload?ser=1617948701036 HTTP/1.1" 200 28 "http://renault.activities.at/result?searchterm=true&search=+ze" "Mozilla/5.0 (Windows NT 10.0; Win64; x64) AppleWebKit/537.36 (KHTML, like Gecko) Chrome/89.0.4389.114 Safari/537.36"
193.194.132.26 - - [09/Apr/2021:08:12:15 +0200] "GET /reload?ser=1617948735184 HTTP/1.1" 200 28 "http://renault.2web.at/account" "Mozilla/5.0 (Windows NT 10.0; Win64; x64) AppleWebKit/537.36 (KHTML, like Gecko) Chrome/89.0.4389.114 Safari/537.36"
90.152.159.38 - - [09/Apr/2021:08:12:40 +0200] "GET /reload?ser=1617948760376 HTTP/1.1" 200 28 "http://renault.activities.at/result?searchterm=true&search=+ze" "Mozilla/5.0 (Windows NT 10.0; Win64; x64) AppleWebKit/537.36 (KHTML, like Gecko) Chrome/89.0.4389.114 Safari/537.36"
193.194.132.26 - - [09/Apr/2021:08:13:17 +0200] "GET /reload?ser=1617948797184 HTTP/1.1" 200 28 "http://renault.2web.at/account" "Mozilla/5.0 (Windows NT 10.0; Win64; x64) AppleWebKit/537.36 (KHTML, like Gecko) Chrome/89.0.4389.114 Safari/537.36"
90.152.159.38 - - [09/Apr/2021:08:13:41 +0200] "GET /reload?ser=1617948821361 HTTP/1.1" 200 28 "http://renault.activities.at/result?searchterm=true&search=+ze" "Mozilla/5.0 (Windows NT 10.0; Win64; x64) AppleWebKit/537.36 (KHTML, like Gecko) Chrome/89.0.4389.114 Safari/537.36"
193.194.132.26 - - [09/Apr/2021:08:14:19 +0200] "GET /reload?ser=1617948859184 HTTP/1.1" 200 28 "http://renault.2web.at/account" "Mozilla/5.0 (Windows NT 10.0; Win64; x64) AppleWebKit/537.36 (KHTML, like Gecko) Chrome/89.0.4389.114 Safari/537.36"
90.152.159.38 - - [09/Apr/2021:08:14:42 +0200] "GET /reload?ser=1617948882331 HTTP/1.1" 200 28 "http://renault.activities.at/result?searchterm=true&search=+ze" "Mozilla/5.0 (Windows NT 10.0; Win64; x64) AppleWebKit/537.36 (KHTML, like Gecko) Chrome/89.0.4389.114 Safari/537.36"
193.194.132.26 - - [09/Apr/2021:08:15:21 +0200] "GET /reload?ser=1617948921183 HTTP/1.1" 200 28 "http://renault.2web.at/account" "Mozilla/5.0 (Windows NT 10.0; Win64; x64) AppleWebKit/537.36 (KHTML, like Gecko) Chrome/89.0.4389.114 Safari/537.36"
90.152.159.38 - - [09/Apr/2021:08:15:43 +0200] "GET /reload?ser=1617948943311 HTTP/1.1" 200 28 "http://renault.activities.at/result?searchterm=true&search=+ze" "Mozilla/5.0 (Windows NT 10.0; Win64; x64) AppleWebKit/537.36 (KHTML, like Gecko) Chrome/89.0.4389.114 Safari/537.36"
193.194.132.26 - - [09/Apr/2021:08:16:23 +0200] "GET /reload?ser=1617948983184 HTTP/1.1" 200 28 "http://renault.2web.at/account" "Mozilla/5.0 (Windows NT 10.0; Win64; x64) AppleWebKit/537.36 (KHTML, like Gecko) Chrome/89.0.4389.114 Safari/537.36"
90.152.159.38 - - [09/Apr/2021:08:16:44 +0200] "GET /reload?ser=1617949004262 HTTP/1.1" 200 28 "http://renault.activities.at/result?searchterm=true&search=+ze" "Mozilla/5.0 (Windows NT 10.0; Win64; x64) AppleWebKit/537.36 (KHTML, like Gecko) Chrome/89.0.4389.114 Safari/537.36"
193.194.132.26 - - [09/Apr/2021:08:17:25 +0200] "GET /reload?ser=1617949045184 HTTP/1.1" 200 28 "http://renault.2web.at/account" "Mozilla/5.0 (Windows NT 10.0; Win64; x64) AppleWebKit/537.36 (KHTML, like Gecko) Chrome/89.0.4389.114 Safari/537.36"
90.152.159.38 - - [09/Apr/2021:08:17:45 +0200] "GET /reload?ser=1617949065410 HTTP/1.1" 200 28 "http://renault.activities.at/result?searchterm=true&search=+ze" "Mozilla/5.0 (Windows NT 10.0; Win64; x64) AppleWebKit/537.36 (KHTML, like Gecko) Chrome/89.0.4389.114 Safari/537.36"
193.194.132.26 - - [09/Apr/2021:08:18:27 +0200] "GET /reload?ser=1617949107184 HTTP/1.1" 200 28 "http://renault.2web.at/account" "Mozilla/5.0 (Windows NT 10.0; Win64; x64) AppleWebKit/537.36 (KHTML, like Gecko) Chrome/89.0.4389.114 Safari/537.36"
90.152.159.38 - - [09/Apr/2021:08:18:47 +0200] "GET /reload?ser=1617949127415 HTTP/1.1" 200 28 "http://renault.activities.at/result?searchterm=true&search=+ze" "Mozilla/5.0 (Windows NT 10.0; Win64; x64) AppleWebKit/537.36 (KHTML, like Gecko) Chrome/89.0.4389.114 Safari/537.36"
193.194.132.26 - - [09/Apr/2021:08:19:29 +0200] "GET /reload?ser=1617949169185 HTTP/1.1" 200 28 "http://renault.2web.at/account" "Mozilla/5.0 (Windows NT 10.0; Win64; x64) AppleWebKit/537.36 (KHTML, like Gecko) Chrome/89.0.4389.114 Safari/537.36"
90.152.159.38 - - [09/Apr/2021:08:19:48 +0200] "GET /reload?ser=1617949188422 HTTP/1.1" 200 28 "http://renault.activities.at/result?searchterm=true&search=+ze" "Mozilla/5.0 (Windows NT 10.0; Win64; x64) AppleWebKit/537.36 (KHTML, like Gecko) Chrome/89.0.4389.114 Safari/537.36"
193.194.132.26 - - [09/Apr/2021:08:20:31 +0200] "GET /reload?ser=1617949231184 HTTP/1.1" 200 28 "http://renault.2web.at/account" "Mozilla/5.0 (Windows NT 10.0; Win64; x64) AppleWebKit/537.36 (KHTML, like Gecko) Chrome/89.0.4389.114 Safari/537.36"
90.152.159.38 - - [09/Apr/2021:08:20:50 +0200] "GET /reload?ser=1617949250424 HTTP/1.1" 200 28 "http://renault.activities.at/result?searchterm=true&search=+ze" "Mozilla/5.0 (Windows NT 10.0; Win64; x64) AppleWebKit/537.36 (KHTML, like Gecko) Chrome/89.0.4389.114 Safari/537.36"
193.194.132.26 - - [09/Apr/2021:08:21:33 +0200] "GET /reload?ser=1617949293184 HTTP/1.1" 200 28 "http://renault.2web.at/account" "Mozilla/5.0 (Windows NT 10.0; Win64; x64) AppleWebKit/537.36 (KHTML, like Gecko) Chrome/89.0.4389.114 Safari/537.36"
90.152.159.38 - - [09/Apr/2021:08:21:51 +0200] "GET /reload?ser=1617949311413 HTTP/1.1" 200 28 "http://renault.activities.at/result?searchterm=true&search=+ze" "Mozilla/5.0 (Windows NT 10.0; Win64; x64) AppleWebKit/537.36 (KHTML, like Gecko) Chrome/89.0.4389.114 Safari/537.36"
193.194.132.26 - - [09/Apr/2021:08:22:35 +0200] "GET /reload?ser=1617949355184 HTTP/1.1" 200 28 "http://renault.2web.at/account" "Mozilla/5.0 (Windows NT 10.0; Win64; x64) AppleWebKit/537.36 (KHTML, like Gecko) Chrome/89.0.4389.114 Safari/537.36"
90.152.159.38 - - [09/Apr/2021:08:22:52 +0200] "GET /reload?ser=1617949372414 HTTP/1.1" 200 28 "http://renault.activities.at/result?searchterm=true&search=+ze" "Mozilla/5.0 (Windows NT 10.0; Win64; x64) AppleWebKit/537.36 (KHTML, like Gecko) Chrome/89.0.4389.114 Safari/537.36"
193.194.132.26 - - [09/Apr/2021:08:23:37 +0200] "GET /reload?ser=1617949417185 HTTP/1.1" 200 28 "http://renault.2web.at/account" "Mozilla/5.0 (Windows NT 10.0; Win64; x64) AppleWebKit/537.36 (KHTML, like Gecko) Chrome/89.0.4389.114 Safari/537.36"
90.152.159.38 - - [09/Apr/2021:08:23:53 +0200] "GET /reload?ser=1617949433415 HTTP/1.1" 200 28 "http://renault.activities.at/result?searchterm=true&search=+ze" "Mozilla/5.0 (Windows NT 10.0; Win64; x64) AppleWebKit/537.36 (KHTML, like Gecko) Chrome/89.0.4389.114 Safari/537.36"
193.194.132.26 - - [09/Apr/2021:08:24:40 +0200] "GET /reload?ser=1617949479189 HTTP/1.1" 200 28 "http://renault.2web.at/account" "Mozilla/5.0 (Windows NT 10.0; Win64; x64) AppleWebKit/537.36 (KHTML, like Gecko) Chrome/89.0.4389.114 Safari/537.36"
90.152.159.38 - - [09/Apr/2021:08:24:54 +0200] "GET /reload?ser=1617949494416 HTTP/1.1" 200 28 "http://renault.activities.at/result?searchterm=true&search=+ze" "Mozilla/5.0 (Windows NT 10.0; Win64; x64) AppleWebKit/537.36 (KHTML, like Gecko) Chrome/89.0.4389.114 Safari/537.36"
193.194.132.26 - - [09/Apr/2021:08:25:41 +0200] "GET /reload?ser=1617949541184 HTTP/1.1" 200 28 "http://renault.2web.at/account" "Mozilla/5.0 (Windows NT 10.0; Win64; x64) AppleWebKit/537.36 (KHTML, like Gecko) Chrome/89.0.4389.114 Safari/537.36"
90.152.159.38 - - [09/Apr/2021:08:25:56 +0200] "GET /reload?ser=1617949556416 HTTP/1.1" 200 28 "http://renault.activities.at/result?searchterm=true&search=+ze" "Mozilla/5.0 (Windows NT 10.0; Win64; x64) AppleWebKit/537.36 (KHTML, like Gecko) Chrome/89.0.4389.114 Safari/537.36"
193.194.132.26 - - [09/Apr/2021:08:26:43 +0200] "GET /reload?ser=1617949603184 HTTP/1.1" 200 28 "http://renault.2web.at/account" "Mozilla/5.0 (Windows NT 10.0; Win64; x64) AppleWebKit/537.36 (KHTML, like Gecko) Chrome/89.0.4389.114 Safari/537.36"
90.152.159.38 - - [09/Apr/2021:08:26:57 +0200] "GET /reload?ser=1617949617425 HTTP/1.1" 200 28 "http://renault.activities.at/result?searchterm=true&search=+ze" "Mozilla/5.0 (Windows NT 10.0; Win64; x64) AppleWebKit/537.36 (KHTML, like Gecko) Chrome/89.0.4389.114 Safari/537.36"
193.194.132.26 - - [09/Apr/2021:08:27:46 +0200] "GET /reload?ser=1617949665185 HTTP/1.1" 200 28 "http://renault.2web.at/account" "Mozilla/5.0 (Windows NT 10.0; Win64; x64) AppleWebKit/537.36 (KHTML, like Gecko) Chrome/89.0.4389.114 Safari/537.36"
90.152.159.38 - - [09/Apr/2021:08:27:59 +0200] "GET /reload?ser=1617949679412 HTTP/1.1" 200 28 "http://renault.activities.at/result?searchterm=true&search=+ze" "Mozilla/5.0 (Windows NT 10.0; Win64; x64) AppleWebKit/537.36 (KHTML, like Gecko) Chrome/89.0.4389.114 Safari/537.36"
193.194.132.26 - - [09/Apr/2021:08:28:48 +0200] "GET /reload?ser=1617949727185 HTTP/1.1" 200 28 "http://renault.2web.at/account" "Mozilla/5.0 (Windows NT 10.0; Win64; x64) AppleWebKit/537.36 (KHTML, like Gecko) Chrome/89.0.4389.114 Safari/537.36"
90.152.159.38 - - [09/Apr/2021:08:29:00 +0200] "GET /reload?ser=1617949740412 HTTP/1.1" 200 28 "http://renault.activities.at/result?searchterm=true&search=+ze" "Mozilla/5.0 (Windows NT 10.0; Win64; x64) AppleWebKit/537.36 (KHTML, like Gecko) Chrome/89.0.4389.114 Safari/537.36"
193.194.132.26 - - [09/Apr/2021:08:29:50 +0200] "GET /reload?ser=1617949789185 HTTP/1.1" 200 28 "http://renault.2web.at/account" "Mozilla/5.0 (Windows NT 10.0; Win64; x64) AppleWebKit/537.36 (KHTML, like Gecko) Chrome/89.0.4389.114 Safari/537.36"
90.152.159.38 - - [09/Apr/2021:08:30:01 +0200] "GET /reload?ser=1617949801422 HTTP/1.1" 200 28 "http://renault.activities.at/result?searchterm=true&search=+ze" "Mozilla/5.0 (Windows NT 10.0; Win64; x64) AppleWebKit/537.36 (KHTML, like Gecko) Chrome/89.0.4389.114 Safari/537.36"
193.194.132.26 - - [09/Apr/2021:08:30:52 +0200] "GET /reload?ser=1617949851185 HTTP/1.1" 200 28 "http://renault.2web.at/account" "Mozilla/5.0 (Windows NT 10.0; Win64; x64) AppleWebKit/537.36 (KHTML, like Gecko) Chrome/89.0.4389.114 Safari/537.36"
90.152.159.38 - - [09/Apr/2021:08:31:03 +0200] "GET /reload?ser=1617949863412 HTTP/1.1" 200 28 "http://renault.activities.at/result?searchterm=true&search=+ze" "Mozilla/5.0 (Windows NT 10.0; Win64; x64) AppleWebKit/537.36 (KHTML, like Gecko) Chrome/89.0.4389.114 Safari/537.36"
193.194.132.26 - - [09/Apr/2021:08:31:53 +0200] "GET /reload?ser=1617949913189 HTTP/1.1" 200 28 "http://renault.2web.at/account" "Mozilla/5.0 (Windows NT 10.0; Win64; x64) AppleWebKit/537.36 (KHTML, like Gecko) Chrome/89.0.4389.114 Safari/537.36"
90.152.159.38 - - [09/Apr/2021:08:32:04 +0200] "GET /reload?ser=1617949924416 HTTP/1.1" 200 28 "http://renault.activities.at/result?searchterm=true&search=+ze" "Mozilla/5.0 (Windows NT 10.0; Win64; x64) AppleWebKit/537.36 (KHTML, like Gecko) Chrome/89.0.4389.114 Safari/537.36"
193.194.132.26 - - [09/Apr/2021:08:32:55 +0200] "GET /reload?ser=1617949975195 HTTP/1.1" 200 28 "http://renault.2web.at/account" "Mozilla/5.0 (Windows NT 10.0; Win64; x64) AppleWebKit/537.36 (KHTML, like Gecko) Chrome/89.0.4389.114 Safari/537.36"
90.152.159.38 - - [09/Apr/2021:08:33:05 +0200] "GET /reload?ser=1617949985420 HTTP/1.1" 200 28 "http://renault.activities.at/result?searchterm=true&search=+ze" "Mozilla/5.0 (Windows NT 10.0; Win64; x64) AppleWebKit/537.36 (KHTML, like Gecko) Chrome/89.0.4389.114 Safari/537.36"
193.194.132.26 - - [09/Apr/2021:08:33:57 +0200] "GET /reload?ser=1617950037198 HTTP/1.1" 200 28 "http://renault.2web.at/account" "Mozilla/5.0 (Windows NT 10.0; Win64; x64) AppleWebKit/537.36 (KHTML, like Gecko) Chrome/89.0.4389.114 Safari/537.36"
90.152.159.38 - - [09/Apr/2021:08:34:07 +0200] "GET /reload?ser=1617950047417 HTTP/1.1" 200 28 "http://renault.activities.at/result?searchterm=true&search=+ze" "Mozilla/5.0 (Windows NT 10.0; Win64; x64) AppleWebKit/537.36 (KHTML, like Gecko) Chrome/89.0.4389.114 Safari/537.36"
193.194.132.26 - - [09/Apr/2021:08:35:00 +0200] "GET /reload?ser=1617950099202 HTTP/1.1" 200 28 "http://renault.2web.at/account" "Mozilla/5.0 (Windows NT 10.0; Win64; x64) AppleWebKit/537.36 (KHTML, like Gecko) Chrome/89.0.4389.114 Safari/537.36"
13.66.139.88 - - [09/Apr/2021:08:35:03 +0200] "GET /10260249 HTTP/1.1" 302 150 "-" "Mozilla/5.0 (compatible; bingbot/2.0; +http://www.bing.com/bingbot.htm)"
13.66.139.88 - - [09/Apr/2021:08:35:07 +0200] "GET /login?required=true HTTP/1.1" 200 2085 "-" "Mozilla/5.0 (compatible; bingbot/2.0; +http://www.bing.com/bingbot.htm)"
90.152.159.38 - - [09/Apr/2021:08:35:09 +0200] "GET /reload?ser=1617950109418 HTTP/1.1" 200 28 "http://renault.activities.at/result?searchterm=true&search=+ze" "Mozilla/5.0 (Windows NT 10.0; Win64; x64) AppleWebKit/537.36 (KHTML, like Gecko) Chrome/89.0.4389.114 Safari/537.36"
193.194.132.26 - - [09/Apr/2021:08:36:01 +0200] "GET /reload?ser=1617950161206 HTTP/1.1" 200 28 "http://renault.2web.at/account" "Mozilla/5.0 (Windows NT 10.0; Win64; x64) AppleWebKit/537.36 (KHTML, like Gecko) Chrome/89.0.4389.114 Safari/537.36"
90.152.159.38 - - [09/Apr/2021:08:36:11 +0200] "GET /reload?ser=1617950171421 HTTP/1.1" 200 28 "http://renault.activities.at/result?searchterm=true&search=+ze" "Mozilla/5.0 (Windows NT 10.0; Win64; x64) AppleWebKit/537.36 (KHTML, like Gecko) Chrome/89.0.4389.114 Safari/537.36"
193.194.132.26 - - [09/Apr/2021:08:37:04 +0200] "GET /reload?ser=1617950223208 HTTP/1.1" 200 28 "http://renault.2web.at/account" "Mozilla/5.0 (Windows NT 10.0; Win64; x64) AppleWebKit/537.36 (KHTML, like Gecko) Chrome/89.0.4389.114 Safari/537.36"
90.152.159.38 - - [09/Apr/2021:08:37:13 +0200] "GET /reload?ser=1617950233415 HTTP/1.1" 200 28 "http://renault.activities.at/result?searchterm=true&search=+ze" "Mozilla/5.0 (Windows NT 10.0; Win64; x64) AppleWebKit/537.36 (KHTML, like Gecko) Chrome/89.0.4389.114 Safari/537.36"
193.194.132.26 - - [09/Apr/2021:08:38:05 +0200] "GET /reload?ser=1617950285210 HTTP/1.1" 200 28 "http://renault.2web.at/account" "Mozilla/5.0 (Windows NT 10.0; Win64; x64) AppleWebKit/537.36 (KHTML, like Gecko) Chrome/89.0.4389.114 Safari/537.36"
90.152.159.38 - - [09/Apr/2021:08:38:14 +0200] "GET /reload?ser=1617950294412 HTTP/1.1" 200 28 "http://renault.activities.at/result?searchterm=true&search=+ze" "Mozilla/5.0 (Windows NT 10.0; Win64; x64) AppleWebKit/537.36 (KHTML, like Gecko) Chrome/89.0.4389.114 Safari/537.36"
193.194.132.26 - - [09/Apr/2021:08:39:08 +0200] "GET /reload?ser=1617950347211 HTTP/1.1" 200 28 "http://renault.2web.at/account" "Mozilla/5.0 (Windows NT 10.0; Win64; x64) AppleWebKit/537.36 (KHTML, like Gecko) Chrome/89.0.4389.114 Safari/537.36"
90.152.159.38 - - [09/Apr/2021:08:39:15 +0200] "GET /reload?ser=1617950355424 HTTP/1.1" 200 28 "http://renault.activities.at/result?searchterm=true&search=+ze" "Mozilla/5.0 (Windows NT 10.0; Win64; x64) AppleWebKit/537.36 (KHTML, like Gecko) Chrome/89.0.4389.114 Safari/537.36"
193.194.132.26 - - [09/Apr/2021:08:40:09 +0200] "GET /reload?ser=1617950409213 HTTP/1.1" 200 28 "http://renault.2web.at/account" "Mozilla/5.0 (Windows NT 10.0; Win64; x64) AppleWebKit/537.36 (KHTML, like Gecko) Chrome/89.0.4389.114 Safari/537.36"
90.152.159.38 - - [09/Apr/2021:08:40:16 +0200] "GET /reload?ser=1617950416418 HTTP/1.1" 200 28 "http://renault.activities.at/result?searchterm=true&search=+ze" "Mozilla/5.0 (Windows NT 10.0; Win64; x64) AppleWebKit/537.36 (KHTML, like Gecko) Chrome/89.0.4389.114 Safari/537.36"
193.194.132.26 - - [09/Apr/2021:08:41:12 +0200] "GET /reload?ser=1617950471215 HTTP/1.1" 200 28 "http://renault.2web.at/account" "Mozilla/5.0 (Windows NT 10.0; Win64; x64) AppleWebKit/537.36 (KHTML, like Gecko) Chrome/89.0.4389.114 Safari/537.36"
90.152.159.38 - - [09/Apr/2021:08:41:18 +0200] "GET /reload?ser=1617950478424 HTTP/1.1" 200 28 "http://renault.activities.at/result?searchterm=true&search=+ze" "Mozilla/5.0 (Windows NT 10.0; Win64; x64) AppleWebKit/537.36 (KHTML, like Gecko) Chrome/89.0.4389.114 Safari/537.36"
193.194.132.26 - - [09/Apr/2021:08:42:13 +0200] "GET /reload?ser=1617950533217 HTTP/1.1" 200 28 "http://renault.2web.at/account" "Mozilla/5.0 (Windows NT 10.0; Win64; x64) AppleWebKit/537.36 (KHTML, like Gecko) Chrome/89.0.4389.114 Safari/537.36"
90.152.159.38 - - [09/Apr/2021:08:42:20 +0200] "GET /reload?ser=1617950540419 HTTP/1.1" 200 28 "http://renault.activities.at/result?searchterm=true&search=+ze" "Mozilla/5.0 (Windows NT 10.0; Win64; x64) AppleWebKit/537.36 (KHTML, like Gecko) Chrome/89.0.4389.114 Safari/537.36"
193.194.132.26 - - [09/Apr/2021:08:43:15 +0200] "GET /reload?ser=1617950595216 HTTP/1.1" 200 28 "http://renault.2web.at/account" "Mozilla/5.0 (Windows NT 10.0; Win64; x64) AppleWebKit/537.36 (KHTML, like Gecko) Chrome/89.0.4389.114 Safari/537.36"
90.152.159.38 - - [09/Apr/2021:08:43:22 +0200] "GET /reload?ser=1617950602417 HTTP/1.1" 200 28 "http://renault.activities.at/result?searchterm=true&search=+ze" "Mozilla/5.0 (Windows NT 10.0; Win64; x64) AppleWebKit/537.36 (KHTML, like Gecko) Chrome/89.0.4389.114 Safari/537.36"
193.194.132.26 - - [09/Apr/2021:08:44:17 +0200] "GET /reload?ser=1617950657217 HTTP/1.1" 200 28 "http://renault.2web.at/account" "Mozilla/5.0 (Windows NT 10.0; Win64; x64) AppleWebKit/537.36 (KHTML, like Gecko) Chrome/89.0.4389.114 Safari/537.36"
90.152.159.38 - - [09/Apr/2021:08:44:23 +0200] "GET /reload?ser=1617950663420 HTTP/1.1" 200 28 "http://renault.activities.at/result?searchterm=true&search=+ze" "Mozilla/5.0 (Windows NT 10.0; Win64; x64) AppleWebKit/537.36 (KHTML, like Gecko) Chrome/89.0.4389.114 Safari/537.36"
193.194.132.26 - - [09/Apr/2021:08:45:19 +0200] "GET /reload?ser=1617950719218 HTTP/1.1" 200 28 "http://renault.2web.at/account" "Mozilla/5.0 (Windows NT 10.0; Win64; x64) AppleWebKit/537.36 (KHTML, like Gecko) Chrome/89.0.4389.114 Safari/537.36"
90.152.159.38 - - [09/Apr/2021:08:45:24 +0200] "GET /reload?ser=1617950724423 HTTP/1.1" 200 28 "http://renault.activities.at/result?searchterm=true&search=+ze" "Mozilla/5.0 (Windows NT 10.0; Win64; x64) AppleWebKit/537.36 (KHTML, like Gecko) Chrome/89.0.4389.114 Safari/537.36"
193.194.132.26 - - [09/Apr/2021:08:46:21 +0200] "GET /reload?ser=1617950781219 HTTP/1.1" 200 28 "http://renault.2web.at/account" "Mozilla/5.0 (Windows NT 10.0; Win64; x64) AppleWebKit/537.36 (KHTML, like Gecko) Chrome/89.0.4389.114 Safari/537.36"
90.152.159.38 - - [09/Apr/2021:08:46:25 +0200] "GET /reload?ser=1617950785417 HTTP/1.1" 200 28 "http://renault.activities.at/result?searchterm=true&search=+ze" "Mozilla/5.0 (Windows NT 10.0; Win64; x64) AppleWebKit/537.36 (KHTML, like Gecko) Chrome/89.0.4389.114 Safari/537.36"
193.194.132.26 - - [09/Apr/2021:08:47:23 +0200] "GET /reload?ser=1617950843219 HTTP/1.1" 200 28 "http://renault.2web.at/account" "Mozilla/5.0 (Windows NT 10.0; Win64; x64) AppleWebKit/537.36 (KHTML, like Gecko) Chrome/89.0.4389.114 Safari/537.36"
90.152.159.38 - - [09/Apr/2021:08:47:26 +0200] "GET /reload?ser=1617950846417 HTTP/1.1" 200 28 "http://renault.activities.at/result?searchterm=true&search=+ze" "Mozilla/5.0 (Windows NT 10.0; Win64; x64) AppleWebKit/537.36 (KHTML, like Gecko) Chrome/89.0.4389.114 Safari/537.36"
193.194.132.26 - - [09/Apr/2021:08:48:25 +0200] "GET /reload?ser=1617950905219 HTTP/1.1" 200 28 "http://renault.2web.at/account" "Mozilla/5.0 (Windows NT 10.0; Win64; x64) AppleWebKit/537.36 (KHTML, like Gecko) Chrome/89.0.4389.114 Safari/537.36"
90.152.159.38 - - [09/Apr/2021:08:48:27 +0200] "GET /reload?ser=1617950907410 HTTP/1.1" 200 28 "http://renault.activities.at/result?searchterm=true&search=+ze" "Mozilla/5.0 (Windows NT 10.0; Win64; x64) AppleWebKit/537.36 (KHTML, like Gecko) Chrome/89.0.4389.114 Safari/537.36"
193.194.132.26 - - [09/Apr/2021:08:49:27 +0200] "GET /reload?ser=1617950967219 HTTP/1.1" 200 28 "http://renault.2web.at/account" "Mozilla/5.0 (Windows NT 10.0; Win64; x64) AppleWebKit/537.36 (KHTML, like Gecko) Chrome/89.0.4389.114 Safari/537.36"
90.152.159.38 - - [09/Apr/2021:08:49:28 +0200] "GET /reload?ser=1617950968411 HTTP/1.1" 200 28 "http://renault.activities.at/result?searchterm=true&search=+ze" "Mozilla/5.0 (Windows NT 10.0; Win64; x64) AppleWebKit/537.36 (KHTML, like Gecko) Chrome/89.0.4389.114 Safari/537.36"
90.152.159.38 - - [09/Apr/2021:08:50:29 +0200] "GET /reload?ser=1617951029412 HTTP/1.1" 200 28 "http://renault.activities.at/result?searchterm=true&search=+ze" "Mozilla/5.0 (Windows NT 10.0; Win64; x64) AppleWebKit/537.36 (KHTML, like Gecko) Chrome/89.0.4389.114 Safari/537.36"
193.194.132.26 - - [09/Apr/2021:08:50:29 +0200] "GET /reload?ser=1617951029220 HTTP/1.1" 200 28 "http://renault.2web.at/account" "Mozilla/5.0 (Windows NT 10.0; Win64; x64) AppleWebKit/537.36 (KHTML, like Gecko) Chrome/89.0.4389.114 Safari/537.36"
90.152.159.38 - - [09/Apr/2021:08:51:31 +0200] "GET /reload?ser=1617951091417 HTTP/1.1" 200 28 "http://renault.activities.at/result?searchterm=true&search=+ze" "Mozilla/5.0 (Windows NT 10.0; Win64; x64) AppleWebKit/537.36 (KHTML, like Gecko) Chrome/89.0.4389.114 Safari/537.36"
193.194.132.26 - - [09/Apr/2021:08:51:32 +0200] "GET /reload?ser=1617951091221 HTTP/1.1" 200 28 "http://renault.2web.at/account" "Mozilla/5.0 (Windows NT 10.0; Win64; x64) AppleWebKit/537.36 (KHTML, like Gecko) Chrome/89.0.4389.114 Safari/537.36"
90.152.159.38 - - [09/Apr/2021:08:52:32 +0200] "GET /reload?ser=1617951152421 HTTP/1.1" 200 28 "http://renault.activities.at/result?searchterm=true&search=+ze" "Mozilla/5.0 (Windows NT 10.0; Win64; x64) AppleWebKit/537.36 (KHTML, like Gecko) Chrome/89.0.4389.114 Safari/537.36"
193.194.132.26 - - [09/Apr/2021:08:52:33 +0200] "GET /reload?ser=1617951153220 HTTP/1.1" 200 28 "http://renault.2web.at/account" "Mozilla/5.0 (Windows NT 10.0; Win64; x64) AppleWebKit/537.36 (KHTML, like Gecko) Chrome/89.0.4389.114 Safari/537.36"
90.152.159.38 - - [09/Apr/2021:08:53:33 +0200] "GET /reload?ser=1617951213418 HTTP/1.1" 200 28 "http://renault.activities.at/result?searchterm=true&search=+ze" "Mozilla/5.0 (Windows NT 10.0; Win64; x64) AppleWebKit/537.36 (KHTML, like Gecko) Chrome/89.0.4389.114 Safari/537.36"
193.194.132.26 - - [09/Apr/2021:08:53:35 +0200] "GET /reload?ser=1617951215221 HTTP/1.1" 200 28 "http://renault.2web.at/account" "Mozilla/5.0 (Windows NT 10.0; Win64; x64) AppleWebKit/537.36 (KHTML, like Gecko) Chrome/89.0.4389.114 Safari/537.36"
90.152.159.38 - - [09/Apr/2021:08:54:34 +0200] "GET /reload?ser=1617951274424 HTTP/1.1" 200 28 "http://renault.activities.at/result?searchterm=true&search=+ze" "Mozilla/5.0 (Windows NT 10.0; Win64; x64) AppleWebKit/537.36 (KHTML, like Gecko) Chrome/89.0.4389.114 Safari/537.36"
193.194.132.26 - - [09/Apr/2021:08:54:37 +0200] "GET /reload?ser=1617951277223 HTTP/1.1" 200 28 "http://renault.2web.at/account" "Mozilla/5.0 (Windows NT 10.0; Win64; x64) AppleWebKit/537.36 (KHTML, like Gecko) Chrome/89.0.4389.114 Safari/537.36"
90.152.159.38 - - [09/Apr/2021:08:55:36 +0200] "GET /reload?ser=1617951336410 HTTP/1.1" 200 28 "http://renault.activities.at/result?searchterm=true&search=+ze" "Mozilla/5.0 (Windows NT 10.0; Win64; x64) AppleWebKit/537.36 (KHTML, like Gecko) Chrome/89.0.4389.114 Safari/537.36"
193.194.132.26 - - [09/Apr/2021:08:55:39 +0200] "GET /reload?ser=1617951339221 HTTP/1.1" 200 28 "http://renault.2web.at/account" "Mozilla/5.0 (Windows NT 10.0; Win64; x64) AppleWebKit/537.36 (KHTML, like Gecko) Chrome/89.0.4389.114 Safari/537.36"
90.152.159.38 - - [09/Apr/2021:08:56:37 +0200] "GET /reload?ser=1617951397410 HTTP/1.1" 200 28 "http://renault.activities.at/result?searchterm=true&search=+ze" "Mozilla/5.0 (Windows NT 10.0; Win64; x64) AppleWebKit/537.36 (KHTML, like Gecko) Chrome/89.0.4389.114 Safari/537.36"
193.194.132.26 - - [09/Apr/2021:08:56:41 +0200] "GET /reload?ser=1617951401222 HTTP/1.1" 200 28 "http://renault.2web.at/account" "Mozilla/5.0 (Windows NT 10.0; Win64; x64) AppleWebKit/537.36 (KHTML, like Gecko) Chrome/89.0.4389.114 Safari/537.36"
90.152.159.38 - - [09/Apr/2021:08:57:38 +0200] "GET /reload?ser=1617951458413 HTTP/1.1" 200 28 "http://renault.activities.at/result?searchterm=true&search=+ze" "Mozilla/5.0 (Windows NT 10.0; Win64; x64) AppleWebKit/537.36 (KHTML, like Gecko) Chrome/89.0.4389.114 Safari/537.36"
193.194.132.26 - - [09/Apr/2021:08:57:43 +0200] "GET /reload?ser=1617951463222 HTTP/1.1" 200 28 "http://renault.2web.at/account" "Mozilla/5.0 (Windows NT 10.0; Win64; x64) AppleWebKit/537.36 (KHTML, like Gecko) Chrome/89.0.4389.114 Safari/537.36"
90.152.159.38 - - [09/Apr/2021:08:58:39 +0200] "GET /reload?ser=1617951519419 HTTP/1.1" 200 28 "http://renault.activities.at/result?searchterm=true&search=+ze" "Mozilla/5.0 (Windows NT 10.0; Win64; x64) AppleWebKit/537.36 (KHTML, like Gecko) Chrome/89.0.4389.114 Safari/537.36"
193.194.132.26 - - [09/Apr/2021:08:58:46 +0200] "GET /reload?ser=1617951525221 HTTP/1.1" 200 28 "http://renault.2web.at/account" "Mozilla/5.0 (Windows NT 10.0; Win64; x64) AppleWebKit/537.36 (KHTML, like Gecko) Chrome/89.0.4389.114 Safari/537.36"
90.152.159.38 - - [09/Apr/2021:08:59:41 +0200] "GET /reload?ser=1617951581414 HTTP/1.1" 200 28 "http://renault.activities.at/result?searchterm=true&search=+ze" "Mozilla/5.0 (Windows NT 10.0; Win64; x64) AppleWebKit/537.36 (KHTML, like Gecko) Chrome/89.0.4389.114 Safari/537.36"
193.194.132.26 - - [09/Apr/2021:08:59:47 +0200] "GET /reload?ser=1617951587221 HTTP/1.1" 200 28 "http://renault.2web.at/account" "Mozilla/5.0 (Windows NT 10.0; Win64; x64) AppleWebKit/537.36 (KHTML, like Gecko) Chrome/89.0.4389.114 Safari/537.36"
90.152.159.38 - - [09/Apr/2021:09:00:42 +0200] "GET /reload?ser=1617951642418 HTTP/1.1" 200 28 "http://renault.activities.at/result?searchterm=true&search=+ze" "Mozilla/5.0 (Windows NT 10.0; Win64; x64) AppleWebKit/537.36 (KHTML, like Gecko) Chrome/89.0.4389.114 Safari/537.36"
193.194.132.26 - - [09/Apr/2021:09:00:50 +0200] "GET /reload?ser=1617951649221 HTTP/1.1" 200 28 "http://renault.2web.at/account" "Mozilla/5.0 (Windows NT 10.0; Win64; x64) AppleWebKit/537.36 (KHTML, like Gecko) Chrome/89.0.4389.114 Safari/537.36"
90.152.159.38 - - [09/Apr/2021:09:01:43 +0200] "GET /reload?ser=1617951703409 HTTP/1.1" 200 28 "http://renault.activities.at/result?searchterm=true&search=+ze" "Mozilla/5.0 (Windows NT 10.0; Win64; x64) AppleWebKit/537.36 (KHTML, like Gecko) Chrome/89.0.4389.114 Safari/537.36"
193.194.132.26 - - [09/Apr/2021:09:01:52 +0200] "GET /reload?ser=1617951711222 HTTP/1.1" 200 28 "http://renault.2web.at/account" "Mozilla/5.0 (Windows NT 10.0; Win64; x64) AppleWebKit/537.36 (KHTML, like Gecko) Chrome/89.0.4389.114 Safari/537.36"
90.152.159.38 - - [09/Apr/2021:09:02:45 +0200] "GET /reload?ser=1617951765414 HTTP/1.1" 200 28 "http://renault.activities.at/result?searchterm=true&search=+ze" "Mozilla/5.0 (Windows NT 10.0; Win64; x64) AppleWebKit/537.36 (KHTML, like Gecko) Chrome/89.0.4389.114 Safari/537.36"
193.194.132.26 - - [09/Apr/2021:09:02:54 +0200] "GET /reload?ser=1617951773221 HTTP/1.1" 200 28 "http://renault.2web.at/account" "Mozilla/5.0 (Windows NT 10.0; Win64; x64) AppleWebKit/537.36 (KHTML, like Gecko) Chrome/89.0.4389.114 Safari/537.36"
90.152.159.38 - - [09/Apr/2021:09:03:46 +0200] "GET /reload?ser=1617951826412 HTTP/1.1" 200 28 "http://renault.activities.at/result?searchterm=true&search=+ze" "Mozilla/5.0 (Windows NT 10.0; Win64; x64) AppleWebKit/537.36 (KHTML, like Gecko) Chrome/89.0.4389.114 Safari/537.36"
193.194.132.26 - - [09/Apr/2021:09:03:55 +0200] "GET /reload?ser=1617951835221 HTTP/1.1" 200 28 "http://renault.2web.at/account" "Mozilla/5.0 (Windows NT 10.0; Win64; x64) AppleWebKit/537.36 (KHTML, like Gecko) Chrome/89.0.4389.114 Safari/537.36"
90.152.159.38 - - [09/Apr/2021:09:04:47 +0200] "GET /reload?ser=1617951887415 HTTP/1.1" 200 28 "http://renault.activities.at/result?searchterm=true&search=+ze" "Mozilla/5.0 (Windows NT 10.0; Win64; x64) AppleWebKit/537.36 (KHTML, like Gecko) Chrome/89.0.4389.114 Safari/537.36"
193.194.132.26 - - [09/Apr/2021:09:04:58 +0200] "GET /reload?ser=1617951897221 HTTP/1.1" 200 28 "http://renault.2web.at/account" "Mozilla/5.0 (Windows NT 10.0; Win64; x64) AppleWebKit/537.36 (KHTML, like Gecko) Chrome/89.0.4389.114 Safari/537.36"
90.152.159.38 - - [09/Apr/2021:09:05:48 +0200] "GET /reload?ser=1617951948416 HTTP/1.1" 200 28 "http://renault.activities.at/result?searchterm=true&search=+ze" "Mozilla/5.0 (Windows NT 10.0; Win64; x64) AppleWebKit/537.36 (KHTML, like Gecko) Chrome/89.0.4389.114 Safari/537.36"
193.194.132.26 - - [09/Apr/2021:09:06:00 +0200] "GET /reload?ser=1617951959222 HTTP/1.1" 200 28 "http://renault.2web.at/account" "Mozilla/5.0 (Windows NT 10.0; Win64; x64) AppleWebKit/537.36 (KHTML, like Gecko) Chrome/89.0.4389.114 Safari/537.36"
90.152.159.38 - - [09/Apr/2021:09:06:49 +0200] "GET /reload?ser=1617952009414 HTTP/1.1" 200 28 "http://renault.activities.at/result?searchterm=true&search=+ze" "Mozilla/5.0 (Windows NT 10.0; Win64; x64) AppleWebKit/537.36 (KHTML, like Gecko) Chrome/89.0.4389.114 Safari/537.36"
193.194.132.26 - - [09/Apr/2021:09:07:01 +0200] "GET /reload?ser=1617952021222 HTTP/1.1" 200 28 "http://renault.2web.at/account" "Mozilla/5.0 (Windows NT 10.0; Win64; x64) AppleWebKit/537.36 (KHTML, like Gecko) Chrome/89.0.4389.114 Safari/537.36"
90.152.159.38 - - [09/Apr/2021:09:07:50 +0200] "GET /reload?ser=1617952070418 HTTP/1.1" 200 28 "http://renault.activities.at/result?searchterm=true&search=+ze" "Mozilla/5.0 (Windows NT 10.0; Win64; x64) AppleWebKit/537.36 (KHTML, like Gecko) Chrome/89.0.4389.114 Safari/537.36"
193.194.132.26 - - [09/Apr/2021:09:08:03 +0200] "GET /reload?ser=1617952083222 HTTP/1.1" 200 28 "http://renault.2web.at/account" "Mozilla/5.0 (Windows NT 10.0; Win64; x64) AppleWebKit/537.36 (KHTML, like Gecko) Chrome/89.0.4389.114 Safari/537.36"
90.152.159.38 - - [09/Apr/2021:09:08:52 +0200] "GET /reload?ser=1617952132410 HTTP/1.1" 200 28 "http://renault.activities.at/result?searchterm=true&search=+ze" "Mozilla/5.0 (Windows NT 10.0; Win64; x64) AppleWebKit/537.36 (KHTML, like Gecko) Chrome/89.0.4389.114 Safari/537.36"
193.194.132.26 - - [09/Apr/2021:09:09:07 +0200] "GET /reload?ser=1617952145222 HTTP/1.1" 200 28 "http://renault.2web.at/account" "Mozilla/5.0 (Windows NT 10.0; Win64; x64) AppleWebKit/537.36 (KHTML, like Gecko) Chrome/89.0.4389.114 Safari/537.36"
90.152.159.38 - - [09/Apr/2021:09:09:53 +0200] "GET /reload?ser=1617952193415 HTTP/1.1" 200 28 "http://renault.activities.at/result?searchterm=true&search=+ze" "Mozilla/5.0 (Windows NT 10.0; Win64; x64) AppleWebKit/537.36 (KHTML, like Gecko) Chrome/89.0.4389.114 Safari/537.36"
193.194.132.26 - - [09/Apr/2021:09:10:09 +0200] "GET /reload?ser=1617952209223 HTTP/1.1" 200 28 "http://renault.2web.at/account" "Mozilla/5.0 (Windows NT 10.0; Win64; x64) AppleWebKit/537.36 (KHTML, like Gecko) Chrome/89.0.4389.114 Safari/537.36"
90.152.159.38 - - [09/Apr/2021:09:10:54 +0200] "GET /reload?ser=1617952254421 HTTP/1.1" 200 28 "http://renault.activities.at/result?searchterm=true&search=+ze" "Mozilla/5.0 (Windows NT 10.0; Win64; x64) AppleWebKit/537.36 (KHTML, like Gecko) Chrome/89.0.4389.114 Safari/537.36"
193.194.132.26 - - [09/Apr/2021:09:11:11 +0200] "GET /reload?ser=1617952271223 HTTP/1.1" 200 28 "http://renault.2web.at/account" "Mozilla/5.0 (Windows NT 10.0; Win64; x64) AppleWebKit/537.36 (KHTML, like Gecko) Chrome/89.0.4389.114 Safari/537.36"
90.152.159.38 - - [09/Apr/2021:09:11:55 +0200] "GET /reload?ser=1617952315416 HTTP/1.1" 200 28 "http://renault.activities.at/result?searchterm=true&search=+ze" "Mozilla/5.0 (Windows NT 10.0; Win64; x64) AppleWebKit/537.36 (KHTML, like Gecko) Chrome/89.0.4389.114 Safari/537.36"
193.194.132.26 - - [09/Apr/2021:09:12:13 +0200] "GET /reload?ser=1617952333222 HTTP/1.1" 200 28 "http://renault.2web.at/account" "Mozilla/5.0 (Windows NT 10.0; Win64; x64) AppleWebKit/537.36 (KHTML, like Gecko) Chrome/89.0.4389.114 Safari/537.36"
90.152.159.38 - - [09/Apr/2021:09:12:56 +0200] "GET /reload?ser=1617952376412 HTTP/1.1" 200 28 "http://renault.activities.at/result?searchterm=true&search=+ze" "Mozilla/5.0 (Windows NT 10.0; Win64; x64) AppleWebKit/537.36 (KHTML, like Gecko) Chrome/89.0.4389.114 Safari/537.36"
193.194.132.26 - - [09/Apr/2021:09:13:16 +0200] "GET /reload?ser=1617952395222 HTTP/1.1" 200 28 "http://renault.2web.at/account" "Mozilla/5.0 (Windows NT 10.0; Win64; x64) AppleWebKit/537.36 (KHTML, like Gecko) Chrome/89.0.4389.114 Safari/537.36"
90.152.159.38 - - [09/Apr/2021:09:13:57 +0200] "GET /reload?ser=1617952437413 HTTP/1.1" 200 28 "http://renault.activities.at/result?searchterm=true&search=+ze" "Mozilla/5.0 (Windows NT 10.0; Win64; x64) AppleWebKit/537.36 (KHTML, like Gecko) Chrome/89.0.4389.114 Safari/537.36"
193.194.132.26 - - [09/Apr/2021:09:14:18 +0200] "GET /reload?ser=1617952457222 HTTP/1.1" 200 28 "http://renault.2web.at/account" "Mozilla/5.0 (Windows NT 10.0; Win64; x64) AppleWebKit/537.36 (KHTML, like Gecko) Chrome/89.0.4389.114 Safari/537.36"
90.152.159.38 - - [09/Apr/2021:09:14:58 +0200] "GET /reload?ser=1617952498419 HTTP/1.1" 200 28 "http://renault.activities.at/result?searchterm=true&search=+ze" "Mozilla/5.0 (Windows NT 10.0; Win64; x64) AppleWebKit/537.36 (KHTML, like Gecko) Chrome/89.0.4389.114 Safari/537.36"
193.194.132.26 - - [09/Apr/2021:09:15:20 +0200] "GET /reload?ser=1617952519223 HTTP/1.1" 200 28 "http://renault.2web.at/account" "Mozilla/5.0 (Windows NT 10.0; Win64; x64) AppleWebKit/537.36 (KHTML, like Gecko) Chrome/89.0.4389.114 Safari/537.36"
90.152.159.38 - - [09/Apr/2021:09:15:59 +0200] "GET /reload?ser=1617952559419 HTTP/1.1" 200 28 "http://renault.activities.at/result?searchterm=true&search=+ze" "Mozilla/5.0 (Windows NT 10.0; Win64; x64) AppleWebKit/537.36 (KHTML, like Gecko) Chrome/89.0.4389.114 Safari/537.36"
193.194.132.26 - - [09/Apr/2021:09:16:22 +0200] "GET /reload?ser=1617952581223 HTTP/1.1" 200 28 "http://renault.2web.at/account" "Mozilla/5.0 (Windows NT 10.0; Win64; x64) AppleWebKit/537.36 (KHTML, like Gecko) Chrome/89.0.4389.114 Safari/537.36"
90.152.159.38 - - [09/Apr/2021:09:17:00 +0200] "GET /reload?ser=1617952620415 HTTP/1.1" 200 28 "http://renault.activities.at/result?searchterm=true&search=+ze" "Mozilla/5.0 (Windows NT 10.0; Win64; x64) AppleWebKit/537.36 (KHTML, like Gecko) Chrome/89.0.4389.114 Safari/537.36"
193.194.132.26 - - [09/Apr/2021:09:17:23 +0200] "GET /reload?ser=1617952643223 HTTP/1.1" 200 28 "http://renault.2web.at/account" "Mozilla/5.0 (Windows NT 10.0; Win64; x64) AppleWebKit/537.36 (KHTML, like Gecko) Chrome/89.0.4389.114 Safari/537.36"
90.152.159.38 - - [09/Apr/2021:09:18:01 +0200] "GET /reload?ser=1617952681417 HTTP/1.1" 200 28 "http://renault.activities.at/result?searchterm=true&search=+ze" "Mozilla/5.0 (Windows NT 10.0; Win64; x64) AppleWebKit/537.36 (KHTML, like Gecko) Chrome/89.0.4389.114 Safari/537.36"
193.194.132.26 - - [09/Apr/2021:09:18:26 +0200] "GET /reload?ser=1617952705223 HTTP/1.1" 200 28 "http://renault.2web.at/account" "Mozilla/5.0 (Windows NT 10.0; Win64; x64) AppleWebKit/537.36 (KHTML, like Gecko) Chrome/89.0.4389.114 Safari/537.36"
90.152.159.38 - - [09/Apr/2021:09:19:03 +0200] "GET /reload?ser=1617952743412 HTTP/1.1" 200 28 "http://renault.activities.at/result?searchterm=true&search=+ze" "Mozilla/5.0 (Windows NT 10.0; Win64; x64) AppleWebKit/537.36 (KHTML, like Gecko) Chrome/89.0.4389.114 Safari/537.36"
193.194.132.26 - - [09/Apr/2021:09:19:27 +0200] "GET /reload?ser=1617952767222 HTTP/1.1" 200 28 "http://renault.2web.at/account" "Mozilla/5.0 (Windows NT 10.0; Win64; x64) AppleWebKit/537.36 (KHTML, like Gecko) Chrome/89.0.4389.114 Safari/537.36"
90.152.159.38 - - [09/Apr/2021:09:20:04 +0200] "GET /reload?ser=1617952804423 HTTP/1.1" 200 28 "http://renault.activities.at/result?searchterm=true&search=+ze" "Mozilla/5.0 (Windows NT 10.0; Win64; x64) AppleWebKit/537.36 (KHTML, like Gecko) Chrome/89.0.4389.114 Safari/537.36"
193.194.132.26 - - [09/Apr/2021:09:20:30 +0200] "GET /reload?ser=1617952829223 HTTP/1.1" 200 28 "http://renault.2web.at/account" "Mozilla/5.0 (Windows NT 10.0; Win64; x64) AppleWebKit/537.36 (KHTML, like Gecko) Chrome/89.0.4389.114 Safari/537.36"
90.152.159.38 - - [09/Apr/2021:09:21:06 +0200] "GET /reload?ser=1617952866420 HTTP/1.1" 200 28 "http://renault.activities.at/result?searchterm=true&search=+ze" "Mozilla/5.0 (Windows NT 10.0; Win64; x64) AppleWebKit/537.36 (KHTML, like Gecko) Chrome/89.0.4389.114 Safari/537.36"
193.194.132.26 - - [09/Apr/2021:09:21:31 +0200] "GET /reload?ser=1617952891223 HTTP/1.1" 200 28 "http://renault.2web.at/account" "Mozilla/5.0 (Windows NT 10.0; Win64; x64) AppleWebKit/537.36 (KHTML, like Gecko) Chrome/89.0.4389.114 Safari/537.36"
