90.152.159.38 - - [09/Apr/2021:10:08:08 +0200] "GET /reload?ser=1617955688420 HTTP/1.1" 200 28 "http://renault.activities.at/result?searchterm=true&search=+ze" "Mozilla/5.0 (Windows NT 10.0; Win64; x64) AppleWebKit/537.36 (KHTML, like Gecko) Chrome/89.0.4389.114 Safari/537.36"
193.194.132.26 - - [09/Apr/2021:10:09:09 +0200] "GET /reload?ser=1617955748387 HTTP/1.1" 200 28 "http://renault.2web.at/account" "Mozilla/5.0 (Windows NT 10.0; Win64; x64) AppleWebKit/537.36 (KHTML, like Gecko) Chrome/89.0.4389.114 Safari/537.36"
90.152.159.38 - - [09/Apr/2021:10:09:09 +0200] "GET /reload?ser=1617955749422 HTTP/1.1" 200 28 "http://renault.activities.at/result?searchterm=true&search=+ze" "Mozilla/5.0 (Windows NT 10.0; Win64; x64) AppleWebKit/537.36 (KHTML, like Gecko) Chrome/89.0.4389.114 Safari/537.36"
90.152.159.38 - - [09/Apr/2021:10:10:10 +0200] "GET /reload?ser=1617955810412 HTTP/1.1" 200 28 "http://renault.activities.at/result?searchterm=true&search=+ze" "Mozilla/5.0 (Windows NT 10.0; Win64; x64) AppleWebKit/537.36 (KHTML, like Gecko) Chrome/89.0.4389.114 Safari/537.36"
193.194.132.26 - - [09/Apr/2021:10:10:11 +0200] "GET /reload?ser=1617955810389 HTTP/1.1" 200 28 "http://renault.2web.at/account" "Mozilla/5.0 (Windows NT 10.0; Win64; x64) AppleWebKit/537.36 (KHTML, like Gecko) Chrome/89.0.4389.114 Safari/537.36"
90.152.159.38 - - [09/Apr/2021:10:11:11 +0200] "GET /reload?ser=1617955871419 HTTP/1.1" 200 28 "http://renault.activities.at/result?searchterm=true&search=+ze" "Mozilla/5.0 (Windows NT 10.0; Win64; x64) AppleWebKit/537.36 (KHTML, like Gecko) Chrome/89.0.4389.114 Safari/537.36"
193.194.132.26 - - [09/Apr/2021:10:11:13 +0200] "GET /reload?ser=1617955872390 HTTP/1.1" 200 28 "http://renault.2web.at/account" "Mozilla/5.0 (Windows NT 10.0; Win64; x64) AppleWebKit/537.36 (KHTML, like Gecko) Chrome/89.0.4389.114 Safari/537.36"
90.152.159.38 - - [09/Apr/2021:10:12:12 +0200] "GET /reload?ser=1617955932419 HTTP/1.1" 200 28 "http://renault.activities.at/result?searchterm=true&search=+ze" "Mozilla/5.0 (Windows NT 10.0; Win64; x64) AppleWebKit/537.36 (KHTML, like Gecko) Chrome/89.0.4389.114 Safari/537.36"
193.194.132.26 - - [09/Apr/2021:10:12:15 +0200] "GET /reload?ser=1617955934391 HTTP/1.1" 200 28 "http://renault.2web.at/account" "Mozilla/5.0 (Windows NT 10.0; Win64; x64) AppleWebKit/537.36 (KHTML, like Gecko) Chrome/89.0.4389.114 Safari/537.36"
90.152.159.38 - - [09/Apr/2021:10:13:14 +0200] "GET /reload?ser=1617955994419 HTTP/1.1" 200 28 "http://renault.activities.at/result?searchterm=true&search=+ze" "Mozilla/5.0 (Windows NT 10.0; Win64; x64) AppleWebKit/537.36 (KHTML, like Gecko) Chrome/89.0.4389.114 Safari/537.36"
193.194.132.26 - - [09/Apr/2021:10:13:17 +0200] "GET /reload?ser=1617955996391 HTTP/1.1" 200 28 "http://renault.2web.at/account" "Mozilla/5.0 (Windows NT 10.0; Win64; x64) AppleWebKit/537.36 (KHTML, like Gecko) Chrome/89.0.4389.114 Safari/537.36"
90.152.159.38 - - [09/Apr/2021:10:14:15 +0200] "GET /reload?ser=1617956055417 HTTP/1.1" 200 28 "http://renault.activities.at/result?searchterm=true&search=+ze" "Mozilla/5.0 (Windows NT 10.0; Win64; x64) AppleWebKit/537.36 (KHTML, like Gecko) Chrome/89.0.4389.114 Safari/537.36"
193.194.132.26 - - [09/Apr/2021:10:14:19 +0200] "GET /reload?ser=1617956058392 HTTP/1.1" 200 28 "http://renault.2web.at/account" "Mozilla/5.0 (Windows NT 10.0; Win64; x64) AppleWebKit/537.36 (KHTML, like Gecko) Chrome/89.0.4389.114 Safari/537.36"
90.152.159.38 - - [09/Apr/2021:10:15:17 +0200] "GET /reload?ser=1617956117418 HTTP/1.1" 200 28 "http://renault.activities.at/result?searchterm=true&search=+ze" "Mozilla/5.0 (Windows NT 10.0; Win64; x64) AppleWebKit/537.36 (KHTML, like Gecko) Chrome/89.0.4389.114 Safari/537.36"
193.194.132.26 - - [09/Apr/2021:10:15:21 +0200] "GET /reload?ser=1617956120393 HTTP/1.1" 200 28 "http://renault.2web.at/account" "Mozilla/5.0 (Windows NT 10.0; Win64; x64) AppleWebKit/537.36 (KHTML, like Gecko) Chrome/89.0.4389.114 Safari/537.36"
90.152.159.38 - - [09/Apr/2021:10:16:19 +0200] "GET /reload?ser=1617956179411 HTTP/1.1" 200 28 "http://renault.activities.at/result?searchterm=true&search=+ze" "Mozilla/5.0 (Windows NT 10.0; Win64; x64) AppleWebKit/537.36 (KHTML, like Gecko) Chrome/89.0.4389.114 Safari/537.36"
193.194.132.26 - - [09/Apr/2021:10:16:22 +0200] "GET /reload?ser=1617956182393 HTTP/1.1" 200 28 "http://renault.2web.at/account" "Mozilla/5.0 (Windows NT 10.0; Win64; x64) AppleWebKit/537.36 (KHTML, like Gecko) Chrome/89.0.4389.114 Safari/537.36"
90.152.159.38 - - [09/Apr/2021:10:17:20 +0200] "GET /reload?ser=1617956240423 HTTP/1.1" 200 28 "http://renault.activities.at/result?searchterm=true&search=+ze" "Mozilla/5.0 (Windows NT 10.0; Win64; x64) AppleWebKit/537.36 (KHTML, like Gecko) Chrome/89.0.4389.114 Safari/537.36"
193.194.132.26 - - [09/Apr/2021:10:17:25 +0200] "GET /reload?ser=1617956244393 HTTP/1.1" 200 28 "http://renault.2web.at/account" "Mozilla/5.0 (Windows NT 10.0; Win64; x64) AppleWebKit/537.36 (KHTML, like Gecko) Chrome/89.0.4389.114 Safari/537.36"
90.152.159.38 - - [09/Apr/2021:10:18:22 +0200] "GET /reload?ser=1617956302419 HTTP/1.1" 200 28 "http://renault.activities.at/result?searchterm=true&search=+ze" "Mozilla/5.0 (Windows NT 10.0; Win64; x64) AppleWebKit/537.36 (KHTML, like Gecko) Chrome/89.0.4389.114 Safari/537.36"
193.194.132.26 - - [09/Apr/2021:10:18:27 +0200] "GET /reload?ser=1617956306393 HTTP/1.1" 200 28 "http://renault.2web.at/account" "Mozilla/5.0 (Windows NT 10.0; Win64; x64) AppleWebKit/537.36 (KHTML, like Gecko) Chrome/89.0.4389.114 Safari/537.36"
90.152.159.38 - - [09/Apr/2021:10:19:23 +0200] "GET /reload?ser=1617956363422 HTTP/1.1" 200 28 "http://renault.activities.at/result?searchterm=true&search=+ze" "Mozilla/5.0 (Windows NT 10.0; Win64; x64) AppleWebKit/537.36 (KHTML, like Gecko) Chrome/89.0.4389.114 Safari/537.36"
193.194.132.26 - - [09/Apr/2021:10:19:29 +0200] "GET /reload?ser=1617956368394 HTTP/1.1" 200 28 "http://renault.2web.at/account" "Mozilla/5.0 (Windows NT 10.0; Win64; x64) AppleWebKit/537.36 (KHTML, like Gecko) Chrome/89.0.4389.114 Safari/537.36"
90.152.159.38 - - [09/Apr/2021:10:20:24 +0200] "GET /reload?ser=1617956424411 HTTP/1.1" 200 28 "http://renault.activities.at/result?searchterm=true&search=+ze" "Mozilla/5.0 (Windows NT 10.0; Win64; x64) AppleWebKit/537.36 (KHTML, like Gecko) Chrome/89.0.4389.114 Safari/537.36"
193.194.132.26 - - [09/Apr/2021:10:20:31 +0200] "GET /reload?ser=1617956430393 HTTP/1.1" 200 28 "http://renault.2web.at/account" "Mozilla/5.0 (Windows NT 10.0; Win64; x64) AppleWebKit/537.36 (KHTML, like Gecko) Chrome/89.0.4389.114 Safari/537.36"
90.152.159.38 - - [09/Apr/2021:10:21:25 +0200] "GET /reload?ser=1617956485421 HTTP/1.1" 200 28 "http://renault.activities.at/result?searchterm=true&search=+ze" "Mozilla/5.0 (Windows NT 10.0; Win64; x64) AppleWebKit/537.36 (KHTML, like Gecko) Chrome/89.0.4389.114 Safari/537.36"
193.194.132.26 - - [09/Apr/2021:10:21:33 +0200] "GET /reload?ser=1617956492394 HTTP/1.1" 200 28 "http://renault.2web.at/account" "Mozilla/5.0 (Windows NT 10.0; Win64; x64) AppleWebKit/537.36 (KHTML, like Gecko) Chrome/89.0.4389.114 Safari/537.36"
90.152.159.38 - - [09/Apr/2021:10:22:26 +0200] "GET /reload?ser=1617956546420 HTTP/1.1" 200 28 "http://renault.activities.at/result?searchterm=true&search=+ze" "Mozilla/5.0 (Windows NT 10.0; Win64; x64) AppleWebKit/537.36 (KHTML, like Gecko) Chrome/89.0.4389.114 Safari/537.36"
193.194.132.26 - - [09/Apr/2021:10:22:35 +0200] "GET /reload?ser=1617956554394 HTTP/1.1" 200 28 "http://renault.2web.at/account" "Mozilla/5.0 (Windows NT 10.0; Win64; x64) AppleWebKit/537.36 (KHTML, like Gecko) Chrome/89.0.4389.114 Safari/537.36"
90.152.159.38 - - [09/Apr/2021:10:23:27 +0200] "GET /reload?ser=1617956607420 HTTP/1.1" 200 28 "http://renault.activities.at/result?searchterm=true&search=+ze" "Mozilla/5.0 (Windows NT 10.0; Win64; x64) AppleWebKit/537.36 (KHTML, like Gecko) Chrome/89.0.4389.114 Safari/537.36"
193.194.132.26 - - [09/Apr/2021:10:23:37 +0200] "GET /reload?ser=1617956616395 HTTP/1.1" 200 28 "http://renault.2web.at/account" "Mozilla/5.0 (Windows NT 10.0; Win64; x64) AppleWebKit/537.36 (KHTML, like Gecko) Chrome/89.0.4389.114 Safari/537.36"
90.152.159.38 - - [09/Apr/2021:10:24:29 +0200] "GET /reload?ser=1617956669423 HTTP/1.1" 200 28 "http://renault.activities.at/result?searchterm=true&search=+ze" "Mozilla/5.0 (Windows NT 10.0; Win64; x64) AppleWebKit/537.36 (KHTML, like Gecko) Chrome/89.0.4389.114 Safari/537.36"
193.194.132.26 - - [09/Apr/2021:10:24:39 +0200] "GET /reload?ser=1617956678395 HTTP/1.1" 200 28 "http://renault.2web.at/account" "Mozilla/5.0 (Windows NT 10.0; Win64; x64) AppleWebKit/537.36 (KHTML, like Gecko) Chrome/89.0.4389.114 Safari/537.36"
90.152.159.38 - - [09/Apr/2021:10:25:30 +0200] "GET /reload?ser=1617956730413 HTTP/1.1" 200 28 "http://renault.activities.at/result?searchterm=true&search=+ze" "Mozilla/5.0 (Windows NT 10.0; Win64; x64) AppleWebKit/537.36 (KHTML, like Gecko) Chrome/89.0.4389.114 Safari/537.36"
193.194.132.26 - - [09/Apr/2021:10:25:41 +0200] "GET /reload?ser=1617956740395 HTTP/1.1" 200 28 "http://renault.2web.at/account" "Mozilla/5.0 (Windows NT 10.0; Win64; x64) AppleWebKit/537.36 (KHTML, like Gecko) Chrome/89.0.4389.114 Safari/537.36"
90.152.159.38 - - [09/Apr/2021:10:26:31 +0200] "GET /reload?ser=1617956791421 HTTP/1.1" 200 28 "http://renault.activities.at/result?searchterm=true&search=+ze" "Mozilla/5.0 (Windows NT 10.0; Win64; x64) AppleWebKit/537.36 (KHTML, like Gecko) Chrome/89.0.4389.114 Safari/537.36"
193.194.132.26 - - [09/Apr/2021:10:26:44 +0200] "GET /reload?ser=1617956803394 HTTP/1.1" 200 28 "http://renault.2web.at/account" "Mozilla/5.0 (Windows NT 10.0; Win64; x64) AppleWebKit/537.36 (KHTML, like Gecko) Chrome/89.0.4389.114 Safari/537.36"
90.152.159.38 - - [09/Apr/2021:10:27:32 +0200] "GET /reload?ser=1617956852422 HTTP/1.1" 200 28 "http://renault.activities.at/result?searchterm=true&search=+ze" "Mozilla/5.0 (Windows NT 10.0; Win64; x64) AppleWebKit/537.36 (KHTML, like Gecko) Chrome/89.0.4389.114 Safari/537.36"
193.194.132.26 - - [09/Apr/2021:10:27:46 +0200] "GET /reload?ser=1617956865395 HTTP/1.1" 200 28 "http://renault.2web.at/account" "Mozilla/5.0 (Windows NT 10.0; Win64; x64) AppleWebKit/537.36 (KHTML, like Gecko) Chrome/89.0.4389.114 Safari/537.36"
90.152.159.38 - - [09/Apr/2021:10:28:34 +0200] "GET /reload?ser=1617956914423 HTTP/1.1" 200 28 "http://renault.activities.at/result?searchterm=true&search=+ze" "Mozilla/5.0 (Windows NT 10.0; Win64; x64) AppleWebKit/537.36 (KHTML, like Gecko) Chrome/89.0.4389.114 Safari/537.36"
193.194.132.26 - - [09/Apr/2021:10:28:48 +0200] "GET /reload?ser=1617956927395 HTTP/1.1" 200 28 "http://renault.2web.at/account" "Mozilla/5.0 (Windows NT 10.0; Win64; x64) AppleWebKit/537.36 (KHTML, like Gecko) Chrome/89.0.4389.114 Safari/537.36"
90.152.159.38 - - [09/Apr/2021:10:29:36 +0200] "GET /reload?ser=1617956976424 HTTP/1.1" 200 28 "http://renault.activities.at/result?searchterm=true&search=+ze" "Mozilla/5.0 (Windows NT 10.0; Win64; x64) AppleWebKit/537.36 (KHTML, like Gecko) Chrome/89.0.4389.114 Safari/537.36"
193.194.132.26 - - [09/Apr/2021:10:29:50 +0200] "GET /reload?ser=1617956989396 HTTP/1.1" 200 28 "http://renault.2web.at/account" "Mozilla/5.0 (Windows NT 10.0; Win64; x64) AppleWebKit/537.36 (KHTML, like Gecko) Chrome/89.0.4389.114 Safari/537.36"
90.152.159.38 - - [09/Apr/2021:10:30:38 +0200] "GET /reload?ser=1617957038417 HTTP/1.1" 200 28 "http://renault.activities.at/result?searchterm=true&search=+ze" "Mozilla/5.0 (Windows NT 10.0; Win64; x64) AppleWebKit/537.36 (KHTML, like Gecko) Chrome/89.0.4389.114 Safari/537.36"
193.194.132.26 - - [09/Apr/2021:10:30:52 +0200] "GET /reload?ser=1617957051398 HTTP/1.1" 200 28 "http://renault.2web.at/account" "Mozilla/5.0 (Windows NT 10.0; Win64; x64) AppleWebKit/537.36 (KHTML, like Gecko) Chrome/89.0.4389.114 Safari/537.36"
90.152.159.38 - - [09/Apr/2021:10:31:39 +0200] "GET /reload?ser=1617957099425 HTTP/1.1" 200 28 "http://renault.activities.at/result?searchterm=true&search=+ze" "Mozilla/5.0 (Windows NT 10.0; Win64; x64) AppleWebKit/537.36 (KHTML, like Gecko) Chrome/89.0.4389.114 Safari/537.36"
193.194.132.26 - - [09/Apr/2021:10:31:55 +0200] "GET /reload?ser=1617957113401 HTTP/1.1" 200 28 "http://renault.2web.at/account" "Mozilla/5.0 (Windows NT 10.0; Win64; x64) AppleWebKit/537.36 (KHTML, like Gecko) Chrome/89.0.4389.114 Safari/537.36"
90.152.159.38 - - [09/Apr/2021:10:32:41 +0200] "GET /reload?ser=1617957161417 HTTP/1.1" 200 28 "http://renault.activities.at/result?searchterm=true&search=+ze" "Mozilla/5.0 (Windows NT 10.0; Win64; x64) AppleWebKit/537.36 (KHTML, like Gecko) Chrome/89.0.4389.114 Safari/537.36"
193.194.132.26 - - [09/Apr/2021:10:32:57 +0200] "GET /reload?ser=1617957176402 HTTP/1.1" 200 28 "http://renault.2web.at/account" "Mozilla/5.0 (Windows NT 10.0; Win64; x64) AppleWebKit/537.36 (KHTML, like Gecko) Chrome/89.0.4389.114 Safari/537.36"
90.152.159.38 - - [09/Apr/2021:10:33:43 +0200] "GET /reload?ser=1617957223418 HTTP/1.1" 200 28 "http://renault.activities.at/result?searchterm=true&search=+ze" "Mozilla/5.0 (Windows NT 10.0; Win64; x64) AppleWebKit/537.36 (KHTML, like Gecko) Chrome/89.0.4389.114 Safari/537.36"
193.194.132.26 - - [09/Apr/2021:10:33:59 +0200] "GET /reload?ser=1617957238405 HTTP/1.1" 200 28 "http://renault.2web.at/account" "Mozilla/5.0 (Windows NT 10.0; Win64; x64) AppleWebKit/537.36 (KHTML, like Gecko) Chrome/89.0.4389.114 Safari/537.36"
90.152.159.38 - - [09/Apr/2021:10:34:45 +0200] "GET /reload?ser=1617957285410 HTTP/1.1" 200 28 "http://renault.activities.at/result?searchterm=true&search=+ze" "Mozilla/5.0 (Windows NT 10.0; Win64; x64) AppleWebKit/537.36 (KHTML, like Gecko) Chrome/89.0.4389.114 Safari/537.36"
193.194.132.26 - - [09/Apr/2021:10:35:01 +0200] "GET /reload?ser=1617957300408 HTTP/1.1" 200 28 "http://renault.2web.at/account" "Mozilla/5.0 (Windows NT 10.0; Win64; x64) AppleWebKit/537.36 (KHTML, like Gecko) Chrome/89.0.4389.114 Safari/537.36"
90.152.159.38 - - [09/Apr/2021:10:35:46 +0200] "GET /reload?ser=1617957346422 HTTP/1.1" 200 28 "http://renault.activities.at/result?searchterm=true&search=+ze" "Mozilla/5.0 (Windows NT 10.0; Win64; x64) AppleWebKit/537.36 (KHTML, like Gecko) Chrome/89.0.4389.114 Safari/537.36"
193.194.132.26 - - [09/Apr/2021:10:36:03 +0200] "GET /reload?ser=1617957362410 HTTP/1.1" 200 28 "http://renault.2web.at/account" "Mozilla/5.0 (Windows NT 10.0; Win64; x64) AppleWebKit/537.36 (KHTML, like Gecko) Chrome/89.0.4389.114 Safari/537.36"
90.152.159.38 - - [09/Apr/2021:10:36:47 +0200] "GET /reload?ser=1617957407413 HTTP/1.1" 200 28 "http://renault.activities.at/result?searchterm=true&search=+ze" "Mozilla/5.0 (Windows NT 10.0; Win64; x64) AppleWebKit/537.36 (KHTML, like Gecko) Chrome/89.0.4389.114 Safari/537.36"
193.194.132.26 - - [09/Apr/2021:10:37:05 +0200] "GET /reload?ser=1617957424412 HTTP/1.1" 200 28 "http://renault.2web.at/account" "Mozilla/5.0 (Windows NT 10.0; Win64; x64) AppleWebKit/537.36 (KHTML, like Gecko) Chrome/89.0.4389.114 Safari/537.36"
90.152.159.38 - - [09/Apr/2021:10:37:49 +0200] "GET /reload?ser=1617957469416 HTTP/1.1" 200 28 "http://renault.activities.at/result?searchterm=true&search=+ze" "Mozilla/5.0 (Windows NT 10.0; Win64; x64) AppleWebKit/537.36 (KHTML, like Gecko) Chrome/89.0.4389.114 Safari/537.36"
193.194.132.26 - - [09/Apr/2021:10:38:06 +0200] "GET /reload?ser=1617957486414 HTTP/1.1" 200 28 "http://renault.2web.at/account" "Mozilla/5.0 (Windows NT 10.0; Win64; x64) AppleWebKit/537.36 (KHTML, like Gecko) Chrome/89.0.4389.114 Safari/537.36"
90.152.159.38 - - [09/Apr/2021:10:38:50 +0200] "GET /reload?ser=1617957530414 HTTP/1.1" 200 28 "http://renault.activities.at/result?searchterm=true&search=+ze" "Mozilla/5.0 (Windows NT 10.0; Win64; x64) AppleWebKit/537.36 (KHTML, like Gecko) Chrome/89.0.4389.114 Safari/537.36"
193.194.132.26 - - [09/Apr/2021:10:39:09 +0200] "GET /reload?ser=1617957548416 HTTP/1.1" 200 28 "http://renault.2web.at/account" "Mozilla/5.0 (Windows NT 10.0; Win64; x64) AppleWebKit/537.36 (KHTML, like Gecko) Chrome/89.0.4389.114 Safari/537.36"
90.152.159.38 - - [09/Apr/2021:10:39:51 +0200] "GET /reload?ser=1617957591422 HTTP/1.1" 200 28 "http://renault.activities.at/result?searchterm=true&search=+ze" "Mozilla/5.0 (Windows NT 10.0; Win64; x64) AppleWebKit/537.36 (KHTML, like Gecko) Chrome/89.0.4389.114 Safari/537.36"
193.194.132.26 - - [09/Apr/2021:10:40:11 +0200] "GET /reload?ser=1617957610418 HTTP/1.1" 200 28 "http://renault.2web.at/account" "Mozilla/5.0 (Windows NT 10.0; Win64; x64) AppleWebKit/537.36 (KHTML, like Gecko) Chrome/89.0.4389.114 Safari/537.36"
90.152.159.38 - - [09/Apr/2021:10:40:53 +0200] "GET /reload?ser=1617957653410 HTTP/1.1" 200 28 "http://renault.activities.at/result?searchterm=true&search=+ze" "Mozilla/5.0 (Windows NT 10.0; Win64; x64) AppleWebKit/537.36 (KHTML, like Gecko) Chrome/89.0.4389.114 Safari/537.36"
193.194.132.26 - - [09/Apr/2021:10:41:13 +0200] "GET /reload?ser=1617957672419 HTTP/1.1" 200 28 "http://renault.2web.at/account" "Mozilla/5.0 (Windows NT 10.0; Win64; x64) AppleWebKit/537.36 (KHTML, like Gecko) Chrome/89.0.4389.114 Safari/537.36"
90.152.159.38 - - [09/Apr/2021:10:41:54 +0200] "GET /reload?ser=1617957714423 HTTP/1.1" 200 28 "http://renault.activities.at/result?searchterm=true&search=+ze" "Mozilla/5.0 (Windows NT 10.0; Win64; x64) AppleWebKit/537.36 (KHTML, like Gecko) Chrome/89.0.4389.114 Safari/537.36"
193.194.132.26 - - [09/Apr/2021:10:42:15 +0200] "GET /reload?ser=1617957734420 HTTP/1.1" 200 28 "http://renault.2web.at/account" "Mozilla/5.0 (Windows NT 10.0; Win64; x64) AppleWebKit/537.36 (KHTML, like Gecko) Chrome/89.0.4389.114 Safari/537.36"
90.152.159.38 - - [09/Apr/2021:10:42:56 +0200] "GET /reload?ser=1617957776425 HTTP/1.1" 200 28 "http://renault.activities.at/result?searchterm=true&search=+ze" "Mozilla/5.0 (Windows NT 10.0; Win64; x64) AppleWebKit/537.36 (KHTML, like Gecko) Chrome/89.0.4389.114 Safari/537.36"
193.194.132.26 - - [09/Apr/2021:10:43:17 +0200] "GET /reload?ser=1617957796422 HTTP/1.1" 200 28 "http://renault.2web.at/account" "Mozilla/5.0 (Windows NT 10.0; Win64; x64) AppleWebKit/537.36 (KHTML, like Gecko) Chrome/89.0.4389.114 Safari/537.36"
90.152.159.38 - - [09/Apr/2021:10:43:58 +0200] "GET /reload?ser=1617957838410 HTTP/1.1" 200 28 "http://renault.activities.at/result?searchterm=true&search=+ze" "Mozilla/5.0 (Windows NT 10.0; Win64; x64) AppleWebKit/537.36 (KHTML, like Gecko) Chrome/89.0.4389.114 Safari/537.36"
193.194.132.26 - - [09/Apr/2021:10:44:19 +0200] "GET /reload?ser=1617957858423 HTTP/1.1" 200 28 "http://renault.2web.at/account" "Mozilla/5.0 (Windows NT 10.0; Win64; x64) AppleWebKit/537.36 (KHTML, like Gecko) Chrome/89.0.4389.114 Safari/537.36"
90.152.159.38 - - [09/Apr/2021:10:44:59 +0200] "GET /reload?ser=1617957899418 HTTP/1.1" 200 28 "http://renault.activities.at/result?searchterm=true&search=+ze" "Mozilla/5.0 (Windows NT 10.0; Win64; x64) AppleWebKit/537.36 (KHTML, like Gecko) Chrome/89.0.4389.114 Safari/537.36"
193.194.132.26 - - [09/Apr/2021:10:45:21 +0200] "GET /reload?ser=1617957920425 HTTP/1.1" 200 28 "http://renault.2web.at/account" "Mozilla/5.0 (Windows NT 10.0; Win64; x64) AppleWebKit/537.36 (KHTML, like Gecko) Chrome/89.0.4389.114 Safari/537.36"
90.152.159.38 - - [09/Apr/2021:10:46:01 +0200] "GET /reload?ser=1617957961414 HTTP/1.1" 200 28 "http://renault.activities.at/result?searchterm=true&search=+ze" "Mozilla/5.0 (Windows NT 10.0; Win64; x64) AppleWebKit/537.36 (KHTML, like Gecko) Chrome/89.0.4389.114 Safari/537.36"
193.194.132.26 - - [09/Apr/2021:10:46:23 +0200] "GET /reload?ser=1617957982426 HTTP/1.1" 200 28 "http://renault.2web.at/account" "Mozilla/5.0 (Windows NT 10.0; Win64; x64) AppleWebKit/537.36 (KHTML, like Gecko) Chrome/89.0.4389.114 Safari/537.36"
90.152.159.38 - - [09/Apr/2021:10:47:02 +0200] "GET /reload?ser=1617958022416 HTTP/1.1" 200 28 "http://renault.activities.at/result?searchterm=true&search=+ze" "Mozilla/5.0 (Windows NT 10.0; Win64; x64) AppleWebKit/537.36 (KHTML, like Gecko) Chrome/89.0.4389.114 Safari/537.36"
193.194.132.26 - - [09/Apr/2021:10:47:25 +0200] "GET /reload?ser=1617958044426 HTTP/1.1" 200 28 "http://renault.2web.at/account" "Mozilla/5.0 (Windows NT 10.0; Win64; x64) AppleWebKit/537.36 (KHTML, like Gecko) Chrome/89.0.4389.114 Safari/537.36"
90.152.159.38 - - [09/Apr/2021:10:48:03 +0200] "GET /reload?ser=1617958083422 HTTP/1.1" 200 28 "http://renault.activities.at/result?searchterm=true&search=+ze" "Mozilla/5.0 (Windows NT 10.0; Win64; x64) AppleWebKit/537.36 (KHTML, like Gecko) Chrome/89.0.4389.114 Safari/537.36"
193.194.132.26 - - [09/Apr/2021:10:48:27 +0200] "GET /reload?ser=1617958106427 HTTP/1.1" 200 28 "http://renault.2web.at/account" "Mozilla/5.0 (Windows NT 10.0; Win64; x64) AppleWebKit/537.36 (KHTML, like Gecko) Chrome/89.0.4389.114 Safari/537.36"
90.152.159.38 - - [09/Apr/2021:10:49:05 +0200] "GET /reload?ser=1617958145417 HTTP/1.1" 200 28 "http://renault.activities.at/result?searchterm=true&search=+ze" "Mozilla/5.0 (Windows NT 10.0; Win64; x64) AppleWebKit/537.36 (KHTML, like Gecko) Chrome/89.0.4389.114 Safari/537.36"
193.194.132.26 - - [09/Apr/2021:10:49:29 +0200] "GET /reload?ser=1617958168429 HTTP/1.1" 200 28 "http://renault.2web.at/account" "Mozilla/5.0 (Windows NT 10.0; Win64; x64) AppleWebKit/537.36 (KHTML, like Gecko) Chrome/89.0.4389.114 Safari/537.36"
90.152.159.38 - - [09/Apr/2021:10:50:06 +0200] "GET /reload?ser=1617958206423 HTTP/1.1" 200 28 "http://renault.activities.at/result?searchterm=true&search=+ze" "Mozilla/5.0 (Windows NT 10.0; Win64; x64) AppleWebKit/537.36 (KHTML, like Gecko) Chrome/89.0.4389.114 Safari/537.36"
193.194.132.26 - - [09/Apr/2021:10:50:31 +0200] "GET /reload?ser=1617958230429 HTTP/1.1" 200 28 "http://renault.2web.at/account" "Mozilla/5.0 (Windows NT 10.0; Win64; x64) AppleWebKit/537.36 (KHTML, like Gecko) Chrome/89.0.4389.114 Safari/537.36"
90.152.159.38 - - [09/Apr/2021:10:51:08 +0200] "GET /reload?ser=1617958268414 HTTP/1.1" 200 28 "http://renault.activities.at/result?searchterm=true&search=+ze" "Mozilla/5.0 (Windows NT 10.0; Win64; x64) AppleWebKit/537.36 (KHTML, like Gecko) Chrome/89.0.4389.114 Safari/537.36"
193.194.132.26 - - [09/Apr/2021:10:51:33 +0200] "GET /reload?ser=1617958292430 HTTP/1.1" 200 28 "http://renault.2web.at/account" "Mozilla/5.0 (Windows NT 10.0; Win64; x64) AppleWebKit/537.36 (KHTML, like Gecko) Chrome/89.0.4389.114 Safari/537.36"
90.152.159.38 - - [09/Apr/2021:10:52:09 +0200] "GET /reload?ser=1617958329409 HTTP/1.1" 200 28 "http://renault.activities.at/result?searchterm=true&search=+ze" "Mozilla/5.0 (Windows NT 10.0; Win64; x64) AppleWebKit/537.36 (KHTML, like Gecko) Chrome/89.0.4389.114 Safari/537.36"
193.194.132.26 - - [09/Apr/2021:10:52:35 +0200] "GET /reload?ser=1617958354430 HTTP/1.1" 200 28 "http://renault.2web.at/account" "Mozilla/5.0 (Windows NT 10.0; Win64; x64) AppleWebKit/537.36 (KHTML, like Gecko) Chrome/89.0.4389.114 Safari/537.36"
90.152.159.38 - - [09/Apr/2021:10:53:10 +0200] "GET /reload?ser=1617958390415 HTTP/1.1" 200 28 "http://renault.activities.at/result?searchterm=true&search=+ze" "Mozilla/5.0 (Windows NT 10.0; Win64; x64) AppleWebKit/537.36 (KHTML, like Gecko) Chrome/89.0.4389.114 Safari/537.36"
193.194.132.26 - - [09/Apr/2021:10:53:37 +0200] "GET /reload?ser=1617958416432 HTTP/1.1" 200 28 "http://renault.2web.at/account" "Mozilla/5.0 (Windows NT 10.0; Win64; x64) AppleWebKit/537.36 (KHTML, like Gecko) Chrome/89.0.4389.114 Safari/537.36"
90.152.159.38 - - [09/Apr/2021:10:54:11 +0200] "GET /reload?ser=1617958451415 HTTP/1.1" 200 28 "http://renault.activities.at/result?searchterm=true&search=+ze" "Mozilla/5.0 (Windows NT 10.0; Win64; x64) AppleWebKit/537.36 (KHTML, like Gecko) Chrome/89.0.4389.114 Safari/537.36"
193.194.132.26 - - [09/Apr/2021:10:54:39 +0200] "GET /reload?ser=1617958478432 HTTP/1.1" 200 28 "http://renault.2web.at/account" "Mozilla/5.0 (Windows NT 10.0; Win64; x64) AppleWebKit/537.36 (KHTML, like Gecko) Chrome/89.0.4389.114 Safari/537.36"
90.152.159.38 - - [09/Apr/2021:10:55:12 +0200] "GET /reload?ser=1617958512420 HTTP/1.1" 200 28 "http://renault.activities.at/result?searchterm=true&search=+ze" "Mozilla/5.0 (Windows NT 10.0; Win64; x64) AppleWebKit/537.36 (KHTML, like Gecko) Chrome/89.0.4389.114 Safari/537.36"
193.194.132.26 - - [09/Apr/2021:10:55:41 +0200] "GET /reload?ser=1617958540434 HTTP/1.1" 200 28 "http://renault.2web.at/account" "Mozilla/5.0 (Windows NT 10.0; Win64; x64) AppleWebKit/537.36 (KHTML, like Gecko) Chrome/89.0.4389.114 Safari/537.36"
90.152.159.38 - - [09/Apr/2021:10:56:14 +0200] "GET /reload?ser=1617958574412 HTTP/1.1" 200 28 "http://renault.activities.at/result?searchterm=true&search=+ze" "Mozilla/5.0 (Windows NT 10.0; Win64; x64) AppleWebKit/537.36 (KHTML, like Gecko) Chrome/89.0.4389.114 Safari/537.36"
193.194.132.26 - - [09/Apr/2021:10:56:43 +0200] "GET /reload?ser=1617958602433 HTTP/1.1" 200 28 "http://renault.2web.at/account" "Mozilla/5.0 (Windows NT 10.0; Win64; x64) AppleWebKit/537.36 (KHTML, like Gecko) Chrome/89.0.4389.114 Safari/537.36"
90.152.159.38 - - [09/Apr/2021:10:57:15 +0200] "GET /reload?ser=1617958635418 HTTP/1.1" 200 28 "http://renault.activities.at/result?searchterm=true&search=+ze" "Mozilla/5.0 (Windows NT 10.0; Win64; x64) AppleWebKit/537.36 (KHTML, like Gecko) Chrome/89.0.4389.114 Safari/537.36"
193.194.132.26 - - [09/Apr/2021:10:57:45 +0200] "GET /reload?ser=1617958664433 HTTP/1.1" 200 28 "http://renault.2web.at/account" "Mozilla/5.0 (Windows NT 10.0; Win64; x64) AppleWebKit/537.36 (KHTML, like Gecko) Chrome/89.0.4389.114 Safari/537.36"
90.152.159.38 - - [09/Apr/2021:10:58:16 +0200] "GET /reload?ser=1617958696424 HTTP/1.1" 200 28 "http://renault.activities.at/result?searchterm=true&search=+ze" "Mozilla/5.0 (Windows NT 10.0; Win64; x64) AppleWebKit/537.36 (KHTML, like Gecko) Chrome/89.0.4389.114 Safari/537.36"
193.194.132.26 - - [09/Apr/2021:10:58:47 +0200] "GET /reload?ser=1617958726434 HTTP/1.1" 200 28 "http://renault.2web.at/account" "Mozilla/5.0 (Windows NT 10.0; Win64; x64) AppleWebKit/537.36 (KHTML, like Gecko) Chrome/89.0.4389.114 Safari/537.36"
90.152.159.38 - - [09/Apr/2021:10:59:18 +0200] "GET /reload?ser=1617958758432 HTTP/1.1" 200 28 "http://renault.activities.at/result?searchterm=true&search=+ze" "Mozilla/5.0 (Windows NT 10.0; Win64; x64) AppleWebKit/537.36 (KHTML, like Gecko) Chrome/89.0.4389.114 Safari/537.36"
193.194.132.26 - - [09/Apr/2021:10:59:49 +0200] "GET /reload?ser=1617958788435 HTTP/1.1" 200 28 "http://renault.2web.at/account" "Mozilla/5.0 (Windows NT 10.0; Win64; x64) AppleWebKit/537.36 (KHTML, like Gecko) Chrome/89.0.4389.114 Safari/537.36"
90.152.159.38 - - [09/Apr/2021:11:00:19 +0200] "GET /reload?ser=1617958819415 HTTP/1.1" 200 28 "http://renault.activities.at/result?searchterm=true&search=+ze" "Mozilla/5.0 (Windows NT 10.0; Win64; x64) AppleWebKit/537.36 (KHTML, like Gecko) Chrome/89.0.4389.114 Safari/537.36"
193.194.132.26 - - [09/Apr/2021:11:00:51 +0200] "GET /reload?ser=1617958850435 HTTP/1.1" 200 28 "http://renault.2web.at/account" "Mozilla/5.0 (Windows NT 10.0; Win64; x64) AppleWebKit/537.36 (KHTML, like Gecko) Chrome/89.0.4389.114 Safari/537.36"
90.152.159.38 - - [09/Apr/2021:11:01:20 +0200] "GET /reload?ser=1617958880416 HTTP/1.1" 200 28 "http://renault.activities.at/result?searchterm=true&search=+ze" "Mozilla/5.0 (Windows NT 10.0; Win64; x64) AppleWebKit/537.36 (KHTML, like Gecko) Chrome/89.0.4389.114 Safari/537.36"
193.194.132.26 - - [09/Apr/2021:11:01:53 +0200] "GET /reload?ser=1617958912435 HTTP/1.1" 200 28 "http://renault.2web.at/account" "Mozilla/5.0 (Windows NT 10.0; Win64; x64) AppleWebKit/537.36 (KHTML, like Gecko) Chrome/89.0.4389.114 Safari/537.36"
90.152.159.38 - - [09/Apr/2021:11:02:21 +0200] "GET /reload?ser=1617958941423 HTTP/1.1" 200 28 "http://renault.activities.at/result?searchterm=true&search=+ze" "Mozilla/5.0 (Windows NT 10.0; Win64; x64) AppleWebKit/537.36 (KHTML, like Gecko) Chrome/89.0.4389.114 Safari/537.36"
193.194.132.26 - - [09/Apr/2021:11:02:55 +0200] "GET /reload?ser=1617958974436 HTTP/1.1" 200 28 "http://renault.2web.at/account" "Mozilla/5.0 (Windows NT 10.0; Win64; x64) AppleWebKit/537.36 (KHTML, like Gecko) Chrome/89.0.4389.114 Safari/537.36"
90.152.159.38 - - [09/Apr/2021:11:03:23 +0200] "GET /reload?ser=1617959003419 HTTP/1.1" 200 28 "http://renault.activities.at/result?searchterm=true&search=+ze" "Mozilla/5.0 (Windows NT 10.0; Win64; x64) AppleWebKit/537.36 (KHTML, like Gecko) Chrome/89.0.4389.114 Safari/537.36"
193.194.132.26 - - [09/Apr/2021:11:03:57 +0200] "GET /reload?ser=1617959036437 HTTP/1.1" 200 28 "http://renault.2web.at/account" "Mozilla/5.0 (Windows NT 10.0; Win64; x64) AppleWebKit/537.36 (KHTML, like Gecko) Chrome/89.0.4389.114 Safari/537.36"
90.152.159.38 - - [09/Apr/2021:11:04:25 +0200] "GET /reload?ser=1617959065424 HTTP/1.1" 200 28 "http://renault.activities.at/result?searchterm=true&search=+ze" "Mozilla/5.0 (Windows NT 10.0; Win64; x64) AppleWebKit/537.36 (KHTML, like Gecko) Chrome/89.0.4389.114 Safari/537.36"
193.194.132.26 - - [09/Apr/2021:11:04:59 +0200] "GET /reload?ser=1617959098443 HTTP/1.1" 200 28 "http://renault.2web.at/account" "Mozilla/5.0 (Windows NT 10.0; Win64; x64) AppleWebKit/537.36 (KHTML, like Gecko) Chrome/89.0.4389.114 Safari/537.36"
90.152.159.38 - - [09/Apr/2021:11:05:26 +0200] "GET /reload?ser=1617959126419 HTTP/1.1" 200 28 "http://renault.activities.at/result?searchterm=true&search=+ze" "Mozilla/5.0 (Windows NT 10.0; Win64; x64) AppleWebKit/537.36 (KHTML, like Gecko) Chrome/89.0.4389.114 Safari/537.36"
193.194.132.26 - - [09/Apr/2021:11:06:01 +0200] "GET /reload?ser=1617959160451 HTTP/1.1" 200 28 "http://renault.2web.at/account" "Mozilla/5.0 (Windows NT 10.0; Win64; x64) AppleWebKit/537.36 (KHTML, like Gecko) Chrome/89.0.4389.114 Safari/537.36"
90.152.159.38 - - [09/Apr/2021:11:06:27 +0200] "GET /reload?ser=1617959187422 HTTP/1.1" 200 28 "http://renault.activities.at/result?searchterm=true&search=+ze" "Mozilla/5.0 (Windows NT 10.0; Win64; x64) AppleWebKit/537.36 (KHTML, like Gecko) Chrome/89.0.4389.114 Safari/537.36"
193.194.132.26 - - [09/Apr/2021:11:07:03 +0200] "GET /reload?ser=1617959222459 HTTP/1.1" 200 28 "http://renault.2web.at/account" "Mozilla/5.0 (Windows NT 10.0; Win64; x64) AppleWebKit/537.36 (KHTML, like Gecko) Chrome/89.0.4389.114 Safari/537.36"
90.152.159.38 - - [09/Apr/2021:11:07:29 +0200] "GET /reload?ser=1617959249414 HTTP/1.1" 200 28 "http://renault.activities.at/result?searchterm=true&search=+ze" "Mozilla/5.0 (Windows NT 10.0; Win64; x64) AppleWebKit/537.36 (KHTML, like Gecko) Chrome/89.0.4389.114 Safari/537.36"
193.194.132.26 - - [09/Apr/2021:11:08:05 +0200] "GET /reload?ser=1617959284466 HTTP/1.1" 200 28 "http://renault.2web.at/account" "Mozilla/5.0 (Windows NT 10.0; Win64; x64) AppleWebKit/537.36 (KHTML, like Gecko) Chrome/89.0.4389.114 Safari/537.36"
90.152.159.38 - - [09/Apr/2021:11:08:31 +0200] "GET /reload?ser=1617959311411 HTTP/1.1" 200 28 "http://renault.activities.at/result?searchterm=true&search=+ze" "Mozilla/5.0 (Windows NT 10.0; Win64; x64) AppleWebKit/537.36 (KHTML, like Gecko) Chrome/89.0.4389.114 Safari/537.36"
193.194.132.26 - - [09/Apr/2021:11:09:07 +0200] "GET /reload?ser=1617959346473 HTTP/1.1" 200 28 "http://renault.2web.at/account" "Mozilla/5.0 (Windows NT 10.0; Win64; x64) AppleWebKit/537.36 (KHTML, like Gecko) Chrome/89.0.4389.114 Safari/537.36"
90.152.159.38 - - [09/Apr/2021:11:09:32 +0200] "GET /reload?ser=1617959372421 HTTP/1.1" 200 28 "http://renault.activities.at/result?searchterm=true&search=+ze" "Mozilla/5.0 (Windows NT 10.0; Win64; x64) AppleWebKit/537.36 (KHTML, like Gecko) Chrome/89.0.4389.114 Safari/537.36"
193.194.132.26 - - [09/Apr/2021:11:10:09 +0200] "GET /reload?ser=1617959408478 HTTP/1.1" 200 28 "http://renault.2web.at/account" "Mozilla/5.0 (Windows NT 10.0; Win64; x64) AppleWebKit/537.36 (KHTML, like Gecko) Chrome/89.0.4389.114 Safari/537.36"
90.152.159.38 - - [09/Apr/2021:11:10:34 +0200] "GET /reload?ser=1617959434424 HTTP/1.1" 200 28 "http://renault.activities.at/result?searchterm=true&search=+ze" "Mozilla/5.0 (Windows NT 10.0; Win64; x64) AppleWebKit/537.36 (KHTML, like Gecko) Chrome/89.0.4389.114 Safari/537.36"
193.194.132.26 - - [09/Apr/2021:11:11:11 +0200] "GET /reload?ser=1617959470483 HTTP/1.1" 200 28 "http://renault.2web.at/account" "Mozilla/5.0 (Windows NT 10.0; Win64; x64) AppleWebKit/537.36 (KHTML, like Gecko) Chrome/89.0.4389.114 Safari/537.36"
90.152.159.38 - - [09/Apr/2021:11:11:35 +0200] "GET /reload?ser=1617959495419 HTTP/1.1" 200 28 "http://renault.activities.at/result?searchterm=true&search=+ze" "Mozilla/5.0 (Windows NT 10.0; Win64; x64) AppleWebKit/537.36 (KHTML, like Gecko) Chrome/89.0.4389.114 Safari/537.36"
193.194.132.26 - - [09/Apr/2021:11:12:13 +0200] "GET /reload?ser=1617959532489 HTTP/1.1" 200 28 "http://renault.2web.at/account" "Mozilla/5.0 (Windows NT 10.0; Win64; x64) AppleWebKit/537.36 (KHTML, like Gecko) Chrome/89.0.4389.114 Safari/537.36"
86.59.113.102 - - [09/Apr/2021:11:12:25 +0200] "GET / HTTP/1.0" 200 13087 "-" "curl/7.21.0 (i486-pc-linux-gnu) libcurl/7.21.0 OpenSSL/0.9.8o zlib/1.2.3.4 libidn/1.15 libssh2/1.2.6"
90.152.159.38 - - [09/Apr/2021:11:12:36 +0200] "GET /reload?ser=1617959556417 HTTP/1.1" 200 28 "http://renault.activities.at/result?searchterm=true&search=+ze" "Mozilla/5.0 (Windows NT 10.0; Win64; x64) AppleWebKit/537.36 (KHTML, like Gecko) Chrome/89.0.4389.114 Safari/537.36"
193.194.132.26 - - [09/Apr/2021:11:13:15 +0200] "GET /reload?ser=1617959594494 HTTP/1.1" 200 28 "http://renault.2web.at/account" "Mozilla/5.0 (Windows NT 10.0; Win64; x64) AppleWebKit/537.36 (KHTML, like Gecko) Chrome/89.0.4389.114 Safari/537.36"
90.152.159.38 - - [09/Apr/2021:11:13:38 +0200] "GET /reload?ser=1617959618424 HTTP/1.1" 200 28 "http://renault.activities.at/result?searchterm=true&search=+ze" "Mozilla/5.0 (Windows NT 10.0; Win64; x64) AppleWebKit/537.36 (KHTML, like Gecko) Chrome/89.0.4389.114 Safari/537.36"
193.194.132.26 - - [09/Apr/2021:11:14:17 +0200] "GET /reload?ser=1617959656499 HTTP/1.1" 200 28 "http://renault.2web.at/account" "Mozilla/5.0 (Windows NT 10.0; Win64; x64) AppleWebKit/537.36 (KHTML, like Gecko) Chrome/89.0.4389.114 Safari/537.36"
90.152.159.38 - - [09/Apr/2021:11:14:39 +0200] "GET /reload?ser=1617959679422 HTTP/1.1" 200 28 "http://renault.activities.at/result?searchterm=true&search=+ze" "Mozilla/5.0 (Windows NT 10.0; Win64; x64) AppleWebKit/537.36 (KHTML, like Gecko) Chrome/89.0.4389.114 Safari/537.36"
82.135.5.126 - - [09/Apr/2021:11:15:02 +0200] "GET / HTTP/1.1" 200 3315 "-" "Mozilla/5.0 (Windows NT 10.0; WOW64) AppleWebKit/537.36 (KHTML, like Gecko) Chrome/89.0.4389.90 Safari/537.36 Edg/89.0.774.57"
82.135.5.126 - - [09/Apr/2021:11:15:03 +0200] "GET /js/default.js HTTP/1.1" 304 - "http://renault.activities.at/" "Mozilla/5.0 (Windows NT 10.0; WOW64) AppleWebKit/537.36 (KHTML, like Gecko) Chrome/89.0.4389.90 Safari/537.36 Edg/89.0.774.57"
82.135.5.126 - - [09/Apr/2021:11:15:03 +0200] "GET /css/reset.css HTTP/1.1" 304 - "http://renault.activities.at/" "Mozilla/5.0 (Windows NT 10.0; WOW64) AppleWebKit/537.36 (KHTML, like Gecko) Chrome/89.0.4389.90 Safari/537.36 Edg/89.0.774.57"
82.135.5.126 - - [09/Apr/2021:11:15:03 +0200] "GET /css/styles.css HTTP/1.1" 304 - "http://renault.activities.at/" "Mozilla/5.0 (Windows NT 10.0; WOW64) AppleWebKit/537.36 (KHTML, like Gecko) Chrome/89.0.4389.90 Safari/537.36 Edg/89.0.774.57"
82.135.5.126 - - [09/Apr/2021:11:15:03 +0200] "GET /css/clears.css HTTP/1.1" 304 - "http://renault.activities.at/" "Mozilla/5.0 (Windows NT 10.0; WOW64) AppleWebKit/537.36 (KHTML, like Gecko) Chrome/89.0.4389.90 Safari/537.36 Edg/89.0.774.57"
82.135.5.126 - - [09/Apr/2021:11:15:03 +0200] "GET /js/checkout.css HTTP/1.1" 304 - "http://renault.activities.at/" "Mozilla/5.0 (Windows NT 10.0; WOW64) AppleWebKit/537.36 (KHTML, like Gecko) Chrome/89.0.4389.90 Safari/537.36 Edg/89.0.774.57"
82.135.5.126 - - [09/Apr/2021:11:15:03 +0200] "GET /css/prototip.css HTTP/1.1" 304 - "http://renault.activities.at/" "Mozilla/5.0 (Windows NT 10.0; WOW64) AppleWebKit/537.36 (KHTML, like Gecko) Chrome/89.0.4389.90 Safari/537.36 Edg/89.0.774.57"
82.135.5.126 - - [09/Apr/2021:11:15:03 +0200] "GET /css/themes/default.css HTTP/1.1" 304 - "http://renault.activities.at/" "Mozilla/5.0 (Windows NT 10.0; WOW64) AppleWebKit/537.36 (KHTML, like Gecko) Chrome/89.0.4389.90 Safari/537.36 Edg/89.0.774.57"
82.135.5.126 - - [09/Apr/2021:11:15:03 +0200] "GET /css/themes/alphacube.css HTTP/1.1" 304 - "http://renault.activities.at/" "Mozilla/5.0 (Windows NT 10.0; WOW64) AppleWebKit/537.36 (KHTML, like Gecko) Chrome/89.0.4389.90 Safari/537.36 Edg/89.0.774.57"
82.135.5.126 - - [09/Apr/2021:11:15:03 +0200] "GET /js/flashdetection.js HTTP/1.1" 304 - "http://renault.activities.at/" "Mozilla/5.0 (Windows NT 10.0; WOW64) AppleWebKit/537.36 (KHTML, like Gecko) Chrome/89.0.4389.90 Safari/537.36 Edg/89.0.774.57"
82.135.5.126 - - [09/Apr/2021:11:15:03 +0200] "GET /js/index.php?c=auto&f=,prototype/prototype.js,prototype/validation.js,scriptaculous/builder.js,scriptaculous/effects.js,scriptaculous/dragdrop.js,scriptaculous/controls.js,scriptaculous/slider.js,varien/js.js,varien/form.js,varien/menu.js,mage/translate.js,mage/cookies.js,varien/product.js,spinner/SpinnerControl.jsmin.js,prototype/window.js,prototype/window_ext.js HTTP/1.1" 200 94182 "http://renault.activities.at/" "Mozilla/5.0 (Windows NT 10.0; WOW64) AppleWebKit/537.36 (KHTML, like Gecko) Chrome/89.0.4389.90 Safari/537.36 Edg/89.0.774.57"
82.135.5.126 - - [09/Apr/2021:11:15:04 +0200] "GET /images/main_block_corner_right_bot.gif HTTP/1.1" 304 - "http://renault.activities.at/css/styles.css" "Mozilla/5.0 (Windows NT 10.0; WOW64) AppleWebKit/537.36 (KHTML, like Gecko) Chrome/89.0.4389.90 Safari/537.36 Edg/89.0.774.57"
82.135.5.126 - - [09/Apr/2021:11:15:04 +0200] "GET /images/main_block_corner_left_bot.gif HTTP/1.1" 304 - "http://renault.activities.at/css/styles.css" "Mozilla/5.0 (Windows NT 10.0; WOW64) AppleWebKit/537.36 (KHTML, like Gecko) Chrome/89.0.4389.90 Safari/537.36 Edg/89.0.774.57"
82.135.5.126 - - [09/Apr/2021:11:15:04 +0200] "GET /images/header_block_border.gif HTTP/1.1" 304 - "http://renault.activities.at/css/styles.css" "Mozilla/5.0 (Windows NT 10.0; WOW64) AppleWebKit/537.36 (KHTML, like Gecko) Chrome/89.0.4389.90 Safari/537.36 Edg/89.0.774.57"
82.135.5.126 - - [09/Apr/2021:11:15:04 +0200] "GET /images/main_block_border.gif HTTP/1.1" 304 - "http://renault.activities.at/css/styles.css" "Mozilla/5.0 (Windows NT 10.0; WOW64) AppleWebKit/537.36 (KHTML, like Gecko) Chrome/89.0.4389.90 Safari/537.36 Edg/89.0.774.57"
82.135.5.126 - - [09/Apr/2021:11:15:04 +0200] "GET /css/print.css HTTP/1.1" 304 - "http://renault.activities.at/" "Mozilla/5.0 (Windows NT 10.0; WOW64) AppleWebKit/537.36 (KHTML, like Gecko) Chrome/89.0.4389.90 Safari/537.36 Edg/89.0.774.57"
82.135.5.126 - - [09/Apr/2021:11:15:04 +0200] "GET /images/header_block_corner_left_top.gif HTTP/1.1" 304 - "http://renault.activities.at/css/styles.css" "Mozilla/5.0 (Windows NT 10.0; WOW64) AppleWebKit/537.36 (KHTML, like Gecko) Chrome/89.0.4389.90 Safari/537.36 Edg/89.0.774.57"
82.135.5.126 - - [09/Apr/2021:11:15:04 +0200] "GET /images/main_block_corner_right_top.gif HTTP/1.1" 304 - "http://renault.activities.at/css/styles.css" "Mozilla/5.0 (Windows NT 10.0; WOW64) AppleWebKit/537.36 (KHTML, like Gecko) Chrome/89.0.4389.90 Safari/537.36 Edg/89.0.774.57"
82.135.5.126 - - [09/Apr/2021:11:15:04 +0200] "GET /images/title_corner_left_top.jpg HTTP/1.1" 304 - "http://renault.activities.at/css/styles.css" "Mozilla/5.0 (Windows NT 10.0; WOW64) AppleWebKit/537.36 (KHTML, like Gecko) Chrome/89.0.4389.90 Safari/537.36 Edg/89.0.774.57"
82.135.5.126 - - [09/Apr/2021:11:15:04 +0200] "GET /images/header_block_corner_right_top.gif HTTP/1.1" 304 - "http://renault.activities.at/css/styles.css" "Mozilla/5.0 (Windows NT 10.0; WOW64) AppleWebKit/537.36 (KHTML, like Gecko) Chrome/89.0.4389.90 Safari/537.36 Edg/89.0.774.57"
82.135.5.126 - - [09/Apr/2021:11:15:04 +0200] "GET /images/title_border_top.jpg HTTP/1.1" 304 - "http://renault.activities.at/css/styles.css" "Mozilla/5.0 (Windows NT 10.0; WOW64) AppleWebKit/537.36 (KHTML, like Gecko) Chrome/89.0.4389.90 Safari/537.36 Edg/89.0.774.57"
82.135.5.126 - - [09/Apr/2021:11:15:04 +0200] "GET /images/main_block_corner_left_top.gif HTTP/1.1" 304 - "http://renault.activities.at/css/styles.css" "Mozilla/5.0 (Windows NT 10.0; WOW64) AppleWebKit/537.36 (KHTML, like Gecko) Chrome/89.0.4389.90 Safari/537.36 Edg/89.0.774.57"
82.135.5.126 - - [09/Apr/2021:11:15:04 +0200] "GET /images/title_border.jpg HTTP/1.1" 304 - "http://renault.activities.at/css/styles.css" "Mozilla/5.0 (Windows NT 10.0; WOW64) AppleWebKit/537.36 (KHTML, like Gecko) Chrome/89.0.4389.90 Safari/537.36 Edg/89.0.774.57"
82.135.5.126 - - [09/Apr/2021:11:15:04 +0200] "GET /images/title_corner_right_top.jpg HTTP/1.1" 304 - "http://renault.activities.at/css/styles.css" "Mozilla/5.0 (Windows NT 10.0; WOW64) AppleWebKit/537.36 (KHTML, like Gecko) Chrome/89.0.4389.90 Safari/537.36 Edg/89.0.774.57"
82.135.5.126 - - [09/Apr/2021:11:15:04 +0200] "GET /loadthumbnail.php?id=11127982 HTTP/1.1" 200 399614 "http://renault.activities.at/" "Mozilla/5.0 (Windows NT 10.0; WOW64) AppleWebKit/537.36 (KHTML, like Gecko) Chrome/89.0.4389.90 Safari/537.36 Edg/89.0.774.57"
82.135.5.126 - - [09/Apr/2021:11:15:04 +0200] "GET /images/favicon.ico HTTP/1.1" 404 305 "http://renault.activities.at/" "Mozilla/5.0 (Windows NT 10.0; WOW64) AppleWebKit/537.36 (KHTML, like Gecko) Chrome/89.0.4389.90 Safari/537.36 Edg/89.0.774.57"
193.194.132.26 - - [09/Apr/2021:11:15:19 +0200] "GET /reload?ser=1617959718503 HTTP/1.1" 200 28 "http://renault.2web.at/account" "Mozilla/5.0 (Windows NT 10.0; Win64; x64) AppleWebKit/537.36 (KHTML, like Gecko) Chrome/89.0.4389.114 Safari/537.36"
90.152.159.38 - - [09/Apr/2021:11:15:40 +0200] "GET /reload?ser=1617959740413 HTTP/1.1" 200 28 "http://renault.activities.at/result?searchterm=true&search=+ze" "Mozilla/5.0 (Windows NT 10.0; Win64; x64) AppleWebKit/537.36 (KHTML, like Gecko) Chrome/89.0.4389.114 Safari/537.36"
82.135.5.126 - - [09/Apr/2021:11:16:05 +0200] "GET /reload?ser=1617959765830 HTTP/1.1" 200 28 "http://renault.activities.at/" "Mozilla/5.0 (Windows NT 10.0; WOW64) AppleWebKit/537.36 (KHTML, like Gecko) Chrome/89.0.4389.90 Safari/537.36 Edg/89.0.774.57"
193.194.132.26 - - [09/Apr/2021:11:16:21 +0200] "GET /reload?ser=1617959780507 HTTP/1.1" 200 28 "http://renault.2web.at/account" "Mozilla/5.0 (Windows NT 10.0; Win64; x64) AppleWebKit/537.36 (KHTML, like Gecko) Chrome/89.0.4389.114 Safari/537.36"
90.152.159.38 - - [09/Apr/2021:11:16:41 +0200] "GET /reload?ser=1617959801413 HTTP/1.1" 200 28 "http://renault.activities.at/result?searchterm=true&search=+ze" "Mozilla/5.0 (Windows NT 10.0; Win64; x64) AppleWebKit/537.36 (KHTML, like Gecko) Chrome/89.0.4389.114 Safari/537.36"
82.135.5.126 - - [09/Apr/2021:11:17:06 +0200] "GET /reload?ser=1617959826831 HTTP/1.1" 200 28 "http://renault.activities.at/" "Mozilla/5.0 (Windows NT 10.0; WOW64) AppleWebKit/537.36 (KHTML, like Gecko) Chrome/89.0.4389.90 Safari/537.36 Edg/89.0.774.57"
193.194.132.26 - - [09/Apr/2021:11:17:23 +0200] "GET /reload?ser=1617959842510 HTTP/1.1" 200 28 "http://renault.2web.at/account" "Mozilla/5.0 (Windows NT 10.0; Win64; x64) AppleWebKit/537.36 (KHTML, like Gecko) Chrome/89.0.4389.114 Safari/537.36"
90.152.159.38 - - [09/Apr/2021:11:17:42 +0200] "GET /reload?ser=1617959862421 HTTP/1.1" 200 28 "http://renault.activities.at/result?searchterm=true&search=+ze" "Mozilla/5.0 (Windows NT 10.0; Win64; x64) AppleWebKit/537.36 (KHTML, like Gecko) Chrome/89.0.4389.114 Safari/537.36"
82.135.5.126 - - [09/Apr/2021:11:18:07 +0200] "GET /reload?ser=1617959887835 HTTP/1.1" 200 28 "http://renault.activities.at/" "Mozilla/5.0 (Windows NT 10.0; WOW64) AppleWebKit/537.36 (KHTML, like Gecko) Chrome/89.0.4389.90 Safari/537.36 Edg/89.0.774.57"
193.194.132.26 - - [09/Apr/2021:11:18:25 +0200] "GET /reload?ser=1617959904514 HTTP/1.1" 200 28 "http://renault.2web.at/account" "Mozilla/5.0 (Windows NT 10.0; Win64; x64) AppleWebKit/537.36 (KHTML, like Gecko) Chrome/89.0.4389.114 Safari/537.36"
90.152.159.38 - - [09/Apr/2021:11:18:43 +0200] "GET /reload?ser=1617959923416 HTTP/1.1" 200 28 "http://renault.activities.at/result?searchterm=true&search=+ze" "Mozilla/5.0 (Windows NT 10.0; Win64; x64) AppleWebKit/537.36 (KHTML, like Gecko) Chrome/89.0.4389.114 Safari/537.36"
82.135.5.126 - - [09/Apr/2021:11:19:08 +0200] "GET /reload?ser=1617959948839 HTTP/1.1" 200 28 "http://renault.activities.at/" "Mozilla/5.0 (Windows NT 10.0; WOW64) AppleWebKit/537.36 (KHTML, like Gecko) Chrome/89.0.4389.90 Safari/537.36 Edg/89.0.774.57"
193.194.132.26 - - [09/Apr/2021:11:19:28 +0200] "GET /reload?ser=1617959966517 HTTP/1.1" 200 28 "http://renault.2web.at/account" "Mozilla/5.0 (Windows NT 10.0; Win64; x64) AppleWebKit/537.36 (KHTML, like Gecko) Chrome/89.0.4389.114 Safari/537.36"
90.152.159.38 - - [09/Apr/2021:11:19:44 +0200] "GET /reload?ser=1617959984418 HTTP/1.1" 200 28 "http://renault.activities.at/result?searchterm=true&search=+ze" "Mozilla/5.0 (Windows NT 10.0; Win64; x64) AppleWebKit/537.36 (KHTML, like Gecko) Chrome/89.0.4389.114 Safari/537.36"
82.135.5.126 - - [09/Apr/2021:11:20:09 +0200] "GET /reload?ser=1617960009839 HTTP/1.1" 200 28 "http://renault.activities.at/" "Mozilla/5.0 (Windows NT 10.0; WOW64) AppleWebKit/537.36 (KHTML, like Gecko) Chrome/89.0.4389.90 Safari/537.36 Edg/89.0.774.57"
193.194.132.26 - - [09/Apr/2021:11:20:30 +0200] "GET /reload?ser=1617960029520 HTTP/1.1" 200 28 "http://renault.2web.at/account" "Mozilla/5.0 (Windows NT 10.0; Win64; x64) AppleWebKit/537.36 (KHTML, like Gecko) Chrome/89.0.4389.114 Safari/537.36"
90.152.159.38 - - [09/Apr/2021:11:20:46 +0200] "GET /reload?ser=1617960046411 HTTP/1.1" 200 28 "http://renault.activities.at/result?searchterm=true&search=+ze" "Mozilla/5.0 (Windows NT 10.0; Win64; x64) AppleWebKit/537.36 (KHTML, like Gecko) Chrome/89.0.4389.114 Safari/537.36"
82.135.5.126 - - [09/Apr/2021:11:21:00 +0200] "GET /login HTTP/1.1" 200 2085 "http://renault.activities.at/" "Mozilla/5.0 (Windows NT 10.0; WOW64) AppleWebKit/537.36 (KHTML, like Gecko) Chrome/89.0.4389.90 Safari/537.36 Edg/89.0.774.57"
82.135.5.126 - - [09/Apr/2021:11:21:01 +0200] "GET /images/button_left_bg.gif HTTP/1.1" 304 - "http://renault.activities.at/css/styles.css" "Mozilla/5.0 (Windows NT 10.0; WOW64) AppleWebKit/537.36 (KHTML, like Gecko) Chrome/89.0.4389.90 Safari/537.36 Edg/89.0.774.57"
82.135.5.126 - - [09/Apr/2021:11:21:01 +0200] "GET /images/button_right_bg.gif HTTP/1.1" 304 - "http://renault.activities.at/css/styles.css" "Mozilla/5.0 (Windows NT 10.0; WOW64) AppleWebKit/537.36 (KHTML, like Gecko) Chrome/89.0.4389.90 Safari/537.36 Edg/89.0.774.57"
82.135.5.126 - - [09/Apr/2021:11:21:01 +0200] "GET /images/button_bg.gif HTTP/1.1" 304 - "http://renault.activities.at/css/styles.css" "Mozilla/5.0 (Windows NT 10.0; WOW64) AppleWebKit/537.36 (KHTML, like Gecko) Chrome/89.0.4389.90 Safari/537.36 Edg/89.0.774.57"
193.194.132.26 - - [09/Apr/2021:11:21:32 +0200] "GET /reload?ser=1617960091522 HTTP/1.1" 200 28 "http://renault.2web.at/account" "Mozilla/5.0 (Windows NT 10.0; Win64; x64) AppleWebKit/537.36 (KHTML, like Gecko) Chrome/89.0.4389.114 Safari/537.36"
90.152.159.38 - - [09/Apr/2021:11:21:48 +0200] "GET /reload?ser=1617960108423 HTTP/1.1" 200 28 "http://renault.activities.at/result?searchterm=true&search=+ze" "Mozilla/5.0 (Windows NT 10.0; Win64; x64) AppleWebKit/537.36 (KHTML, like Gecko) Chrome/89.0.4389.114 Safari/537.36"
82.135.5.126 - - [09/Apr/2021:11:22:01 +0200] "GET /reload?ser=1617960121843 HTTP/1.1" 200 28 "http://renault.activities.at/login" "Mozilla/5.0 (Windows NT 10.0; WOW64) AppleWebKit/537.36 (KHTML, like Gecko) Chrome/89.0.4389.90 Safari/537.36 Edg/89.0.774.57"
193.194.132.26 - - [09/Apr/2021:11:22:34 +0200] "GET /reload?ser=1617960153525 HTTP/1.1" 200 28 "http://renault.2web.at/account" "Mozilla/5.0 (Windows NT 10.0; Win64; x64) AppleWebKit/537.36 (KHTML, like Gecko) Chrome/89.0.4389.114 Safari/537.36"
90.152.159.38 - - [09/Apr/2021:11:22:49 +0200] "GET /reload?ser=1617960169411 HTTP/1.1" 200 28 "http://renault.activities.at/result?searchterm=true&search=+ze" "Mozilla/5.0 (Windows NT 10.0; Win64; x64) AppleWebKit/537.36 (KHTML, like Gecko) Chrome/89.0.4389.114 Safari/537.36"
82.135.5.126 - - [09/Apr/2021:11:23:02 +0200] "GET /reload?ser=1617960182844 HTTP/1.1" 200 28 "http://renault.activities.at/login" "Mozilla/5.0 (Windows NT 10.0; WOW64) AppleWebKit/537.36 (KHTML, like Gecko) Chrome/89.0.4389.90 Safari/537.36 Edg/89.0.774.57"
193.194.132.26 - - [09/Apr/2021:11:23:36 +0200] "GET /reload?ser=1617960215528 HTTP/1.1" 200 28 "http://renault.2web.at/account" "Mozilla/5.0 (Windows NT 10.0; Win64; x64) AppleWebKit/537.36 (KHTML, like Gecko) Chrome/89.0.4389.114 Safari/537.36"
90.152.159.38 - - [09/Apr/2021:11:23:50 +0200] "GET /reload?ser=1617960230419 HTTP/1.1" 200 28 "http://renault.activities.at/result?searchterm=true&search=+ze" "Mozilla/5.0 (Windows NT 10.0; Win64; x64) AppleWebKit/537.36 (KHTML, like Gecko) Chrome/89.0.4389.114 Safari/537.36"
82.135.5.126 - - [09/Apr/2021:11:24:03 +0200] "GET /reload?ser=1617960243847 HTTP/1.1" 200 28 "http://renault.activities.at/login" "Mozilla/5.0 (Windows NT 10.0; WOW64) AppleWebKit/537.36 (KHTML, like Gecko) Chrome/89.0.4389.90 Safari/537.36 Edg/89.0.774.57"
193.194.132.26 - - [09/Apr/2021:11:24:38 +0200] "GET /reload?ser=1617960277530 HTTP/1.1" 200 28 "http://renault.2web.at/account" "Mozilla/5.0 (Windows NT 10.0; Win64; x64) AppleWebKit/537.36 (KHTML, like Gecko) Chrome/89.0.4389.114 Safari/537.36"
90.152.159.38 - - [09/Apr/2021:11:24:51 +0200] "GET /reload?ser=1617960291418 HTTP/1.1" 200 28 "http://renault.activities.at/result?searchterm=true&search=+ze" "Mozilla/5.0 (Windows NT 10.0; Win64; x64) AppleWebKit/537.36 (KHTML, like Gecko) Chrome/89.0.4389.114 Safari/537.36"
