94.16.80.117 - - [09/Apr/2021:14:34:13 +0200] "GET / HTTP/1.1" 200 3315 "https://www.google.com/" "Mozilla/5.0 (Windows NT 10.0; Win64; x64) AppleWebKit/537.36 (KHTML, like Gecko) Chrome/89.0.4389.114 Safari/537.36"
212.152.246.134 - - [09/Apr/2021:14:34:34 +0200] "GET /reload?ser=1617971675070 HTTP/1.1" 200 28 "http://renault.activities.at/success" "Mozilla/5.0 (Windows NT 10.0; Win64; x64) AppleWebKit/537.36 (KHTML, like Gecko) Chrome/89.0.4389.114 Safari/537.36"
90.152.159.38 - - [09/Apr/2021:14:34:55 +0200] "GET /reload?ser=1617971695430 HTTP/1.1" 200 28 "http://renault.activities.at/result?searchterm=true&search=+ze" "Mozilla/5.0 (Windows NT 10.0; Win64; x64) AppleWebKit/537.36 (KHTML, like Gecko) Chrome/89.0.4389.114 Safari/537.36"
212.152.246.134 - - [09/Apr/2021:14:35:36 +0200] "GET /reload?ser=1617971737057 HTTP/1.1" 200 28 "http://renault.activities.at/success" "Mozilla/5.0 (Windows NT 10.0; Win64; x64) AppleWebKit/537.36 (KHTML, like Gecko) Chrome/89.0.4389.114 Safari/537.36"
90.152.159.38 - - [09/Apr/2021:14:35:56 +0200] "GET /reload?ser=1617971756422 HTTP/1.1" 200 28 "http://renault.activities.at/result?searchterm=true&search=+ze" "Mozilla/5.0 (Windows NT 10.0; Win64; x64) AppleWebKit/537.36 (KHTML, like Gecko) Chrome/89.0.4389.114 Safari/537.36"
212.152.246.134 - - [09/Apr/2021:14:36:38 +0200] "GET /reload?ser=1617971799062 HTTP/1.1" 200 28 "http://renault.activities.at/success" "Mozilla/5.0 (Windows NT 10.0; Win64; x64) AppleWebKit/537.36 (KHTML, like Gecko) Chrome/89.0.4389.114 Safari/537.36"
90.152.159.38 - - [09/Apr/2021:14:36:58 +0200] "GET /reload?ser=1617971818412 HTTP/1.1" 200 28 "http://renault.activities.at/result?searchterm=true&search=+ze" "Mozilla/5.0 (Windows NT 10.0; Win64; x64) AppleWebKit/537.36 (KHTML, like Gecko) Chrome/89.0.4389.114 Safari/537.36"
212.152.246.134 - - [09/Apr/2021:14:37:40 +0200] "GET /reload?ser=1617971861062 HTTP/1.1" 200 28 "http://renault.activities.at/success" "Mozilla/5.0 (Windows NT 10.0; Win64; x64) AppleWebKit/537.36 (KHTML, like Gecko) Chrome/89.0.4389.114 Safari/537.36"
90.152.159.38 - - [09/Apr/2021:14:37:59 +0200] "GET /reload?ser=1617971879415 HTTP/1.1" 200 28 "http://renault.activities.at/result?searchterm=true&search=+ze" "Mozilla/5.0 (Windows NT 10.0; Win64; x64) AppleWebKit/537.36 (KHTML, like Gecko) Chrome/89.0.4389.114 Safari/537.36"
212.152.246.134 - - [09/Apr/2021:14:38:42 +0200] "GET /reload?ser=1617971923062 HTTP/1.1" 200 28 "http://renault.activities.at/success" "Mozilla/5.0 (Windows NT 10.0; Win64; x64) AppleWebKit/537.36 (KHTML, like Gecko) Chrome/89.0.4389.114 Safari/537.36"
90.152.159.38 - - [09/Apr/2021:14:39:00 +0200] "GET /reload?ser=1617971940420 HTTP/1.1" 200 28 "http://renault.activities.at/result?searchterm=true&search=+ze" "Mozilla/5.0 (Windows NT 10.0; Win64; x64) AppleWebKit/537.36 (KHTML, like Gecko) Chrome/89.0.4389.114 Safari/537.36"
212.152.246.134 - - [09/Apr/2021:14:39:44 +0200] "GET /reload?ser=1617971985062 HTTP/1.1" 200 28 "http://renault.activities.at/success" "Mozilla/5.0 (Windows NT 10.0; Win64; x64) AppleWebKit/537.36 (KHTML, like Gecko) Chrome/89.0.4389.114 Safari/537.36"
90.152.159.38 - - [09/Apr/2021:14:40:01 +0200] "GET /reload?ser=1617972001413 HTTP/1.1" 200 28 "http://renault.activities.at/result?searchterm=true&search=+ze" "Mozilla/5.0 (Windows NT 10.0; Win64; x64) AppleWebKit/537.36 (KHTML, like Gecko) Chrome/89.0.4389.114 Safari/537.36"
94.16.80.117 - - [09/Apr/2021:14:40:34 +0200] "GET / HTTP/1.1" 200 3315 "https://www.google.de/" "Mozilla/5.0 (Windows NT 10.0; Win64; x64) AppleWebKit/537.36 (KHTML, like Gecko) Chrome/89.0.4389.114 Safari/537.36"
94.16.80.117 - - [09/Apr/2021:14:40:36 +0200] "GET /js/default.js HTTP/1.1" 200 14698 "http://renault.activities.at/" "Mozilla/5.0 (Windows NT 10.0; Win64; x64) AppleWebKit/537.36 (KHTML, like Gecko) Chrome/89.0.4389.114 Safari/537.36"
94.16.80.117 - - [09/Apr/2021:14:40:36 +0200] "GET /css/reset.css HTTP/1.1" 200 1356 "http://renault.activities.at/" "Mozilla/5.0 (Windows NT 10.0; Win64; x64) AppleWebKit/537.36 (KHTML, like Gecko) Chrome/89.0.4389.114 Safari/537.36"
94.16.80.117 - - [09/Apr/2021:14:40:36 +0200] "GET /js/checkout.css HTTP/1.1" 200 359 "http://renault.activities.at/" "Mozilla/5.0 (Windows NT 10.0; Win64; x64) AppleWebKit/537.36 (KHTML, like Gecko) Chrome/89.0.4389.114 Safari/537.36"
94.16.80.117 - - [09/Apr/2021:14:40:36 +0200] "GET /css/clears.css HTTP/1.1" 200 851 "http://renault.activities.at/" "Mozilla/5.0 (Windows NT 10.0; Win64; x64) AppleWebKit/537.36 (KHTML, like Gecko) Chrome/89.0.4389.114 Safari/537.36"
94.16.80.117 - - [09/Apr/2021:14:40:36 +0200] "GET /css/prototip.css HTTP/1.1" 200 968 "http://renault.activities.at/" "Mozilla/5.0 (Windows NT 10.0; Win64; x64) AppleWebKit/537.36 (KHTML, like Gecko) Chrome/89.0.4389.114 Safari/537.36"
94.16.80.117 - - [09/Apr/2021:14:40:36 +0200] "GET /css/styles.css HTTP/1.1" 200 14664 "http://renault.activities.at/" "Mozilla/5.0 (Windows NT 10.0; Win64; x64) AppleWebKit/537.36 (KHTML, like Gecko) Chrome/89.0.4389.114 Safari/537.36"
94.16.80.117 - - [09/Apr/2021:14:40:38 +0200] "GET /css/themes/default.css HTTP/1.1" 200 769 "http://renault.activities.at/" "Mozilla/5.0 (Windows NT 10.0; Win64; x64) AppleWebKit/537.36 (KHTML, like Gecko) Chrome/89.0.4389.114 Safari/537.36"
94.16.80.117 - - [09/Apr/2021:14:40:38 +0200] "GET /css/themes/alphacube.css HTTP/1.1" 200 743 "http://renault.activities.at/" "Mozilla/5.0 (Windows NT 10.0; Win64; x64) AppleWebKit/537.36 (KHTML, like Gecko) Chrome/89.0.4389.114 Safari/537.36"
94.16.80.117 - - [09/Apr/2021:14:40:38 +0200] "GET /js/index.php?c=auto&f=,prototype/prototype.js,prototype/validation.js,scriptaculous/builder.js,scriptaculous/effects.js,scriptaculous/dragdrop.js,scriptaculous/controls.js,scriptaculous/slider.js,varien/js.js,varien/form.js,varien/menu.js,mage/translate.js,mage/cookies.js,varien/product.js,spinner/SpinnerControl.jsmin.js,prototype/window.js,prototype/window_ext.js HTTP/1.1" 200 94182 "http://renault.activities.at/" "Mozilla/5.0 (Windows NT 10.0; Win64; x64) AppleWebKit/537.36 (KHTML, like Gecko) Chrome/89.0.4389.114 Safari/537.36"
94.16.80.117 - - [09/Apr/2021:14:40:40 +0200] "GET /js/flashdetection.js HTTP/1.1" 200 1059 "http://renault.activities.at/" "Mozilla/5.0 (Windows NT 10.0; Win64; x64) AppleWebKit/537.36 (KHTML, like Gecko) Chrome/89.0.4389.114 Safari/537.36"
94.16.80.117 - - [09/Apr/2021:14:40:43 +0200] "GET /images/main_block_border.gif HTTP/1.1" 200 43 "http://renault.activities.at/css/styles.css" "Mozilla/5.0 (Windows NT 10.0; Win64; x64) AppleWebKit/537.36 (KHTML, like Gecko) Chrome/89.0.4389.114 Safari/537.36"
94.16.80.117 - - [09/Apr/2021:14:40:43 +0200] "GET /images/main_block_corner_left_bot.gif HTTP/1.1" 200 159 "http://renault.activities.at/css/styles.css" "Mozilla/5.0 (Windows NT 10.0; Win64; x64) AppleWebKit/537.36 (KHTML, like Gecko) Chrome/89.0.4389.114 Safari/537.36"
94.16.80.117 - - [09/Apr/2021:14:40:43 +0200] "GET /images/main_block_corner_right_bot.gif HTTP/1.1" 200 158 "http://renault.activities.at/css/styles.css" "Mozilla/5.0 (Windows NT 10.0; Win64; x64) AppleWebKit/537.36 (KHTML, like Gecko) Chrome/89.0.4389.114 Safari/537.36"
94.16.80.117 - - [09/Apr/2021:14:40:43 +0200] "GET /images/header_block_border.gif HTTP/1.1" 200 43 "http://renault.activities.at/css/styles.css" "Mozilla/5.0 (Windows NT 10.0; Win64; x64) AppleWebKit/537.36 (KHTML, like Gecko) Chrome/89.0.4389.114 Safari/537.36"
94.16.80.117 - - [09/Apr/2021:14:40:43 +0200] "GET /images/header_block_corner_left_top.gif HTTP/1.1" 200 160 "http://renault.activities.at/css/styles.css" "Mozilla/5.0 (Windows NT 10.0; Win64; x64) AppleWebKit/537.36 (KHTML, like Gecko) Chrome/89.0.4389.114 Safari/537.36"
94.16.80.117 - - [09/Apr/2021:14:40:43 +0200] "GET /css/print.css HTTP/1.1" 200 543 "http://renault.activities.at/" "Mozilla/5.0 (Windows NT 10.0; Win64; x64) AppleWebKit/537.36 (KHTML, like Gecko) Chrome/89.0.4389.114 Safari/537.36"
94.16.80.117 - - [09/Apr/2021:14:40:44 +0200] "GET /images/header_block_corner_right_top.gif HTTP/1.1" 200 160 "http://renault.activities.at/css/styles.css" "Mozilla/5.0 (Windows NT 10.0; Win64; x64) AppleWebKit/537.36 (KHTML, like Gecko) Chrome/89.0.4389.114 Safari/537.36"
94.16.80.117 - - [09/Apr/2021:14:40:44 +0200] "GET /images/main_block_corner_right_top.gif HTTP/1.1" 200 159 "http://renault.activities.at/css/styles.css" "Mozilla/5.0 (Windows NT 10.0; Win64; x64) AppleWebKit/537.36 (KHTML, like Gecko) Chrome/89.0.4389.114 Safari/537.36"
94.16.80.117 - - [09/Apr/2021:14:40:44 +0200] "GET /images/title_border_top.jpg HTTP/1.1" 200 336 "http://renault.activities.at/css/styles.css" "Mozilla/5.0 (Windows NT 10.0; Win64; x64) AppleWebKit/537.36 (KHTML, like Gecko) Chrome/89.0.4389.114 Safari/537.36"
94.16.80.117 - - [09/Apr/2021:14:40:46 +0200] "GET /images/main_block_corner_left_top.gif HTTP/1.1" 200 159 "http://renault.activities.at/css/styles.css" "Mozilla/5.0 (Windows NT 10.0; Win64; x64) AppleWebKit/537.36 (KHTML, like Gecko) Chrome/89.0.4389.114 Safari/537.36"
94.16.80.117 - - [09/Apr/2021:14:40:46 +0200] "GET /images/title_border.jpg HTTP/1.1" 200 304 "http://renault.activities.at/css/styles.css" "Mozilla/5.0 (Windows NT 10.0; Win64; x64) AppleWebKit/537.36 (KHTML, like Gecko) Chrome/89.0.4389.114 Safari/537.36"
94.16.80.117 - - [09/Apr/2021:14:40:46 +0200] "GET /images/title_corner_left_top.jpg HTTP/1.1" 200 372 "http://renault.activities.at/css/styles.css" "Mozilla/5.0 (Windows NT 10.0; Win64; x64) AppleWebKit/537.36 (KHTML, like Gecko) Chrome/89.0.4389.114 Safari/537.36"
212.152.246.134 - - [09/Apr/2021:14:40:46 +0200] "GET /reload?ser=1617972047066 HTTP/1.1" 200 28 "http://renault.activities.at/success" "Mozilla/5.0 (Windows NT 10.0; Win64; x64) AppleWebKit/537.36 (KHTML, like Gecko) Chrome/89.0.4389.114 Safari/537.36"
94.16.80.117 - - [09/Apr/2021:14:40:48 +0200] "GET /images/title_corner_right_top.jpg HTTP/1.1" 200 389 "http://renault.activities.at/css/styles.css" "Mozilla/5.0 (Windows NT 10.0; Win64; x64) AppleWebKit/537.36 (KHTML, like Gecko) Chrome/89.0.4389.114 Safari/537.36"
94.16.80.117 - - [09/Apr/2021:14:40:48 +0200] "GET /loadthumbnail.php?id=11127982 HTTP/1.1" 200 399614 "http://renault.activities.at/" "Mozilla/5.0 (Windows NT 10.0; Win64; x64) AppleWebKit/537.36 (KHTML, like Gecko) Chrome/89.0.4389.114 Safari/537.36"
94.16.80.117 - - [09/Apr/2021:14:40:51 +0200] "GET /images/favicon.ico HTTP/1.1" 404 305 "http://renault.activities.at/" "Mozilla/5.0 (Windows NT 10.0; Win64; x64) AppleWebKit/537.36 (KHTML, like Gecko) Chrome/89.0.4389.114 Safari/537.36"
90.152.159.38 - - [09/Apr/2021:14:41:02 +0200] "GET /reload?ser=1617972062422 HTTP/1.1" 200 28 "http://renault.activities.at/result?searchterm=true&search=+ze" "Mozilla/5.0 (Windows NT 10.0; Win64; x64) AppleWebKit/537.36 (KHTML, like Gecko) Chrome/89.0.4389.114 Safari/537.36"
212.152.246.134 - - [09/Apr/2021:14:41:48 +0200] "GET /reload?ser=1617972109063 HTTP/1.1" 200 28 "http://renault.activities.at/success" "Mozilla/5.0 (Windows NT 10.0; Win64; x64) AppleWebKit/537.36 (KHTML, like Gecko) Chrome/89.0.4389.114 Safari/537.36"
90.152.159.38 - - [09/Apr/2021:14:42:03 +0200] "GET /reload?ser=1617972123415 HTTP/1.1" 200 28 "http://renault.activities.at/result?searchterm=true&search=+ze" "Mozilla/5.0 (Windows NT 10.0; Win64; x64) AppleWebKit/537.36 (KHTML, like Gecko) Chrome/89.0.4389.114 Safari/537.36"
212.152.246.134 - - [09/Apr/2021:14:42:50 +0200] "GET /reload?ser=1617972171063 HTTP/1.1" 200 28 "http://renault.activities.at/success" "Mozilla/5.0 (Windows NT 10.0; Win64; x64) AppleWebKit/537.36 (KHTML, like Gecko) Chrome/89.0.4389.114 Safari/537.36"
90.152.159.38 - - [09/Apr/2021:14:43:05 +0200] "GET /reload?ser=1617972185419 HTTP/1.1" 200 28 "http://renault.activities.at/result?searchterm=true&search=+ze" "Mozilla/5.0 (Windows NT 10.0; Win64; x64) AppleWebKit/537.36 (KHTML, like Gecko) Chrome/89.0.4389.114 Safari/537.36"
212.152.246.134 - - [09/Apr/2021:14:43:52 +0200] "GET /reload?ser=1617972233063 HTTP/1.1" 200 28 "http://renault.activities.at/success" "Mozilla/5.0 (Windows NT 10.0; Win64; x64) AppleWebKit/537.36 (KHTML, like Gecko) Chrome/89.0.4389.114 Safari/537.36"
90.152.159.38 - - [09/Apr/2021:14:44:06 +0200] "GET /reload?ser=1617972246424 HTTP/1.1" 200 28 "http://renault.activities.at/result?searchterm=true&search=+ze" "Mozilla/5.0 (Windows NT 10.0; Win64; x64) AppleWebKit/537.36 (KHTML, like Gecko) Chrome/89.0.4389.114 Safari/537.36"
212.152.246.134 - - [09/Apr/2021:14:44:54 +0200] "GET /reload?ser=1617972295063 HTTP/1.1" 200 28 "http://renault.activities.at/success" "Mozilla/5.0 (Windows NT 10.0; Win64; x64) AppleWebKit/537.36 (KHTML, like Gecko) Chrome/89.0.4389.114 Safari/537.36"
90.152.159.38 - - [09/Apr/2021:14:45:08 +0200] "GET /reload?ser=1617972308421 HTTP/1.1" 200 28 "http://renault.activities.at/result?searchterm=true&search=+ze" "Mozilla/5.0 (Windows NT 10.0; Win64; x64) AppleWebKit/537.36 (KHTML, like Gecko) Chrome/89.0.4389.114 Safari/537.36"
212.152.246.134 - - [09/Apr/2021:14:45:56 +0200] "GET /reload?ser=1617972357064 HTTP/1.1" 200 28 "http://renault.activities.at/success" "Mozilla/5.0 (Windows NT 10.0; Win64; x64) AppleWebKit/537.36 (KHTML, like Gecko) Chrome/89.0.4389.114 Safari/537.36"
90.152.159.38 - - [09/Apr/2021:14:46:09 +0200] "GET /reload?ser=1617972369420 HTTP/1.1" 200 28 "http://renault.activities.at/result?searchterm=true&search=+ze" "Mozilla/5.0 (Windows NT 10.0; Win64; x64) AppleWebKit/537.36 (KHTML, like Gecko) Chrome/89.0.4389.114 Safari/537.36"
212.152.246.134 - - [09/Apr/2021:14:46:58 +0200] "GET /reload?ser=1617972419064 HTTP/1.1" 200 28 "http://renault.activities.at/success" "Mozilla/5.0 (Windows NT 10.0; Win64; x64) AppleWebKit/537.36 (KHTML, like Gecko) Chrome/89.0.4389.114 Safari/537.36"
90.152.159.38 - - [09/Apr/2021:14:47:11 +0200] "GET /reload?ser=1617972431424 HTTP/1.1" 200 28 "http://renault.activities.at/result?searchterm=true&search=+ze" "Mozilla/5.0 (Windows NT 10.0; Win64; x64) AppleWebKit/537.36 (KHTML, like Gecko) Chrome/89.0.4389.114 Safari/537.36"
212.152.246.134 - - [09/Apr/2021:14:48:00 +0200] "GET /reload?ser=1617972481061 HTTP/1.1" 200 28 "http://renault.activities.at/success" "Mozilla/5.0 (Windows NT 10.0; Win64; x64) AppleWebKit/537.36 (KHTML, like Gecko) Chrome/89.0.4389.114 Safari/537.36"
90.152.159.38 - - [09/Apr/2021:14:48:13 +0200] "GET /reload?ser=1617972493418 HTTP/1.1" 200 28 "http://renault.activities.at/result?searchterm=true&search=+ze" "Mozilla/5.0 (Windows NT 10.0; Win64; x64) AppleWebKit/537.36 (KHTML, like Gecko) Chrome/89.0.4389.114 Safari/537.36"
212.152.246.134 - - [09/Apr/2021:14:49:02 +0200] "GET /reload?ser=1617972543061 HTTP/1.1" 200 28 "http://renault.activities.at/success" "Mozilla/5.0 (Windows NT 10.0; Win64; x64) AppleWebKit/537.36 (KHTML, like Gecko) Chrome/89.0.4389.114 Safari/537.36"
91.133.70.9 - - [09/Apr/2021:14:49:12 +0200] "GET / HTTP/1.1" 200 3315 "-" "Mozilla/5.0 (Windows NT 10.0; Win64; x64) AppleWebKit/537.36 (KHTML, like Gecko) Chrome/87.0.4280.88 Safari/537.36"
91.133.70.9 - - [09/Apr/2021:14:49:13 +0200] "GET /css/styles.css HTTP/1.1" 200 14664 "http://renault.activities.at/" "Mozilla/5.0 (Windows NT 10.0; Win64; x64) AppleWebKit/537.36 (KHTML, like Gecko) Chrome/87.0.4280.88 Safari/537.36"
91.133.70.9 - - [09/Apr/2021:14:49:13 +0200] "GET /js/default.js HTTP/1.1" 200 14698 "http://renault.activities.at/" "Mozilla/5.0 (Windows NT 10.0; Win64; x64) AppleWebKit/537.36 (KHTML, like Gecko) Chrome/87.0.4280.88 Safari/537.36"
91.133.70.9 - - [09/Apr/2021:14:49:13 +0200] "GET /css/reset.css HTTP/1.1" 200 1356 "http://renault.activities.at/" "Mozilla/5.0 (Windows NT 10.0; Win64; x64) AppleWebKit/537.36 (KHTML, like Gecko) Chrome/87.0.4280.88 Safari/537.36"
91.133.70.9 - - [09/Apr/2021:14:49:13 +0200] "GET /js/checkout.css HTTP/1.1" 200 359 "http://renault.activities.at/" "Mozilla/5.0 (Windows NT 10.0; Win64; x64) AppleWebKit/537.36 (KHTML, like Gecko) Chrome/87.0.4280.88 Safari/537.36"
91.133.70.9 - - [09/Apr/2021:14:49:13 +0200] "GET /css/clears.css HTTP/1.1" 200 851 "http://renault.activities.at/" "Mozilla/5.0 (Windows NT 10.0; Win64; x64) AppleWebKit/537.36 (KHTML, like Gecko) Chrome/87.0.4280.88 Safari/537.36"
91.133.70.9 - - [09/Apr/2021:14:49:14 +0200] "GET /css/themes/default.css HTTP/1.1" 200 769 "http://renault.activities.at/" "Mozilla/5.0 (Windows NT 10.0; Win64; x64) AppleWebKit/537.36 (KHTML, like Gecko) Chrome/87.0.4280.88 Safari/537.36"
91.133.70.9 - - [09/Apr/2021:14:49:14 +0200] "GET /css/prototip.css HTTP/1.1" 200 968 "http://renault.activities.at/" "Mozilla/5.0 (Windows NT 10.0; Win64; x64) AppleWebKit/537.36 (KHTML, like Gecko) Chrome/87.0.4280.88 Safari/537.36"
91.133.70.9 - - [09/Apr/2021:14:49:14 +0200] "GET /js/index.php?c=auto&f=,prototype/prototype.js,prototype/validation.js,scriptaculous/builder.js,scriptaculous/effects.js,scriptaculous/dragdrop.js,scriptaculous/controls.js,scriptaculous/slider.js,varien/js.js,varien/form.js,varien/menu.js,mage/translate.js,mage/cookies.js,varien/product.js,spinner/SpinnerControl.jsmin.js,prototype/window.js,prototype/window_ext.js HTTP/1.1" 200 94182 "http://renault.activities.at/" "Mozilla/5.0 (Windows NT 10.0; Win64; x64) AppleWebKit/537.36 (KHTML, like Gecko) Chrome/87.0.4280.88 Safari/537.36"
91.133.70.9 - - [09/Apr/2021:14:49:14 +0200] "GET /css/themes/alphacube.css HTTP/1.1" 200 743 "http://renault.activities.at/" "Mozilla/5.0 (Windows NT 10.0; Win64; x64) AppleWebKit/537.36 (KHTML, like Gecko) Chrome/87.0.4280.88 Safari/537.36"
91.133.70.9 - - [09/Apr/2021:14:49:14 +0200] "GET /js/flashdetection.js HTTP/1.1" 200 1059 "http://renault.activities.at/" "Mozilla/5.0 (Windows NT 10.0; Win64; x64) AppleWebKit/537.36 (KHTML, like Gecko) Chrome/87.0.4280.88 Safari/537.36"
90.152.159.38 - - [09/Apr/2021:14:49:14 +0200] "GET /reload?ser=1617972554414 HTTP/1.1" 200 28 "http://renault.activities.at/result?searchterm=true&search=+ze" "Mozilla/5.0 (Windows NT 10.0; Win64; x64) AppleWebKit/537.36 (KHTML, like Gecko) Chrome/89.0.4389.114 Safari/537.36"
91.133.70.9 - - [09/Apr/2021:14:49:15 +0200] "GET /images/main_block_border.gif HTTP/1.1" 200 43 "http://renault.activities.at/css/styles.css" "Mozilla/5.0 (Windows NT 10.0; Win64; x64) AppleWebKit/537.36 (KHTML, like Gecko) Chrome/87.0.4280.88 Safari/537.36"
91.133.70.9 - - [09/Apr/2021:14:49:15 +0200] "GET /images/main_block_corner_right_bot.gif HTTP/1.1" 200 158 "http://renault.activities.at/css/styles.css" "Mozilla/5.0 (Windows NT 10.0; Win64; x64) AppleWebKit/537.36 (KHTML, like Gecko) Chrome/87.0.4280.88 Safari/537.36"
91.133.70.9 - - [09/Apr/2021:14:49:15 +0200] "GET /images/main_block_corner_left_bot.gif HTTP/1.1" 200 159 "http://renault.activities.at/css/styles.css" "Mozilla/5.0 (Windows NT 10.0; Win64; x64) AppleWebKit/537.36 (KHTML, like Gecko) Chrome/87.0.4280.88 Safari/537.36"
91.133.70.9 - - [09/Apr/2021:14:49:15 +0200] "GET /images/header_block_border.gif HTTP/1.1" 200 43 "http://renault.activities.at/css/styles.css" "Mozilla/5.0 (Windows NT 10.0; Win64; x64) AppleWebKit/537.36 (KHTML, like Gecko) Chrome/87.0.4280.88 Safari/537.36"
91.133.70.9 - - [09/Apr/2021:14:49:15 +0200] "GET /css/print.css HTTP/1.1" 200 543 "http://renault.activities.at/" "Mozilla/5.0 (Windows NT 10.0; Win64; x64) AppleWebKit/537.36 (KHTML, like Gecko) Chrome/87.0.4280.88 Safari/537.36"
91.133.70.9 - - [09/Apr/2021:14:49:15 +0200] "GET /images/header_block_corner_left_top.gif HTTP/1.1" 200 160 "http://renault.activities.at/css/styles.css" "Mozilla/5.0 (Windows NT 10.0; Win64; x64) AppleWebKit/537.36 (KHTML, like Gecko) Chrome/87.0.4280.88 Safari/537.36"
91.133.70.9 - - [09/Apr/2021:14:49:16 +0200] "GET /images/title_border_top.jpg HTTP/1.1" 200 336 "http://renault.activities.at/css/styles.css" "Mozilla/5.0 (Windows NT 10.0; Win64; x64) AppleWebKit/537.36 (KHTML, like Gecko) Chrome/87.0.4280.88 Safari/537.36"
212.152.246.134 - - [09/Apr/2021:14:50:04 +0200] "GET /reload?ser=1617972605061 HTTP/1.1" 200 28 "http://renault.activities.at/success" "Mozilla/5.0 (Windows NT 10.0; Win64; x64) AppleWebKit/537.36 (KHTML, like Gecko) Chrome/89.0.4389.114 Safari/537.36"
90.152.159.38 - - [09/Apr/2021:14:50:15 +0200] "GET /reload?ser=1617972615413 HTTP/1.1" 200 28 "http://renault.activities.at/result?searchterm=true&search=+ze" "Mozilla/5.0 (Windows NT 10.0; Win64; x64) AppleWebKit/537.36 (KHTML, like Gecko) Chrome/89.0.4389.114 Safari/537.36"
5.199.180.146 - - [09/Apr/2021:14:50:26 +0200] "GET / HTTP/1.1" 200 3315 "https://www.google.de/" "Mozilla/5.0 (Windows NT 10.0; Win64; x64) AppleWebKit/537.36 (KHTML, like Gecko) Chrome/89.0.4389.114 Safari/537.36"
5.199.180.146 - - [09/Apr/2021:14:50:27 +0200] "GET /js/default.js HTTP/1.1" 200 14698 "http://renault.activities.at/" "Mozilla/5.0 (Windows NT 10.0; Win64; x64) AppleWebKit/537.36 (KHTML, like Gecko) Chrome/89.0.4389.114 Safari/537.36"
5.199.180.146 - - [09/Apr/2021:14:50:27 +0200] "GET /css/reset.css HTTP/1.1" 200 1356 "http://renault.activities.at/" "Mozilla/5.0 (Windows NT 10.0; Win64; x64) AppleWebKit/537.36 (KHTML, like Gecko) Chrome/89.0.4389.114 Safari/537.36"
5.199.180.146 - - [09/Apr/2021:14:50:27 +0200] "GET /css/clears.css HTTP/1.1" 200 851 "http://renault.activities.at/" "Mozilla/5.0 (Windows NT 10.0; Win64; x64) AppleWebKit/537.36 (KHTML, like Gecko) Chrome/89.0.4389.114 Safari/537.36"
5.199.180.146 - - [09/Apr/2021:14:50:27 +0200] "GET /js/checkout.css HTTP/1.1" 200 359 "http://renault.activities.at/" "Mozilla/5.0 (Windows NT 10.0; Win64; x64) AppleWebKit/537.36 (KHTML, like Gecko) Chrome/89.0.4389.114 Safari/537.36"
5.199.180.146 - - [09/Apr/2021:14:50:27 +0200] "GET /css/prototip.css HTTP/1.1" 200 968 "http://renault.activities.at/" "Mozilla/5.0 (Windows NT 10.0; Win64; x64) AppleWebKit/537.36 (KHTML, like Gecko) Chrome/89.0.4389.114 Safari/537.36"
5.199.180.146 - - [09/Apr/2021:14:50:27 +0200] "GET /css/styles.css HTTP/1.1" 200 14664 "http://renault.activities.at/" "Mozilla/5.0 (Windows NT 10.0; Win64; x64) AppleWebKit/537.36 (KHTML, like Gecko) Chrome/89.0.4389.114 Safari/537.36"
5.199.180.146 - - [09/Apr/2021:14:50:27 +0200] "GET /css/themes/default.css HTTP/1.1" 200 769 "http://renault.activities.at/" "Mozilla/5.0 (Windows NT 10.0; Win64; x64) AppleWebKit/537.36 (KHTML, like Gecko) Chrome/89.0.4389.114 Safari/537.36"
5.199.180.146 - - [09/Apr/2021:14:50:27 +0200] "GET /css/themes/alphacube.css HTTP/1.1" 200 743 "http://renault.activities.at/" "Mozilla/5.0 (Windows NT 10.0; Win64; x64) AppleWebKit/537.36 (KHTML, like Gecko) Chrome/89.0.4389.114 Safari/537.36"
5.199.180.146 - - [09/Apr/2021:14:50:27 +0200] "GET /js/flashdetection.js HTTP/1.1" 200 1059 "http://renault.activities.at/" "Mozilla/5.0 (Windows NT 10.0; Win64; x64) AppleWebKit/537.36 (KHTML, like Gecko) Chrome/89.0.4389.114 Safari/537.36"
5.199.180.146 - - [09/Apr/2021:14:50:27 +0200] "GET /js/index.php?c=auto&f=,prototype/prototype.js,prototype/validation.js,scriptaculous/builder.js,scriptaculous/effects.js,scriptaculous/dragdrop.js,scriptaculous/controls.js,scriptaculous/slider.js,varien/js.js,varien/form.js,varien/menu.js,mage/translate.js,mage/cookies.js,varien/product.js,spinner/SpinnerControl.jsmin.js,prototype/window.js,prototype/window_ext.js HTTP/1.1" 200 94182 "http://renault.activities.at/" "Mozilla/5.0 (Windows NT 10.0; Win64; x64) AppleWebKit/537.36 (KHTML, like Gecko) Chrome/89.0.4389.114 Safari/537.36"
5.199.180.146 - - [09/Apr/2021:14:50:27 +0200] "GET /images/main_block_border.gif HTTP/1.1" 200 43 "http://renault.activities.at/css/styles.css" "Mozilla/5.0 (Windows NT 10.0; Win64; x64) AppleWebKit/537.36 (KHTML, like Gecko) Chrome/89.0.4389.114 Safari/537.36"
5.199.180.146 - - [09/Apr/2021:14:50:27 +0200] "GET /images/main_block_corner_left_bot.gif HTTP/1.1" 200 159 "http://renault.activities.at/css/styles.css" "Mozilla/5.0 (Windows NT 10.0; Win64; x64) AppleWebKit/537.36 (KHTML, like Gecko) Chrome/89.0.4389.114 Safari/537.36"
5.199.180.146 - - [09/Apr/2021:14:50:27 +0200] "GET /images/main_block_corner_right_bot.gif HTTP/1.1" 200 158 "http://renault.activities.at/css/styles.css" "Mozilla/5.0 (Windows NT 10.0; Win64; x64) AppleWebKit/537.36 (KHTML, like Gecko) Chrome/89.0.4389.114 Safari/537.36"
5.199.180.146 - - [09/Apr/2021:14:50:27 +0200] "GET /images/header_block_border.gif HTTP/1.1" 200 43 "http://renault.activities.at/css/styles.css" "Mozilla/5.0 (Windows NT 10.0; Win64; x64) AppleWebKit/537.36 (KHTML, like Gecko) Chrome/89.0.4389.114 Safari/537.36"
5.199.180.146 - - [09/Apr/2021:14:50:27 +0200] "GET /images/header_block_corner_left_top.gif HTTP/1.1" 200 160 "http://renault.activities.at/css/styles.css" "Mozilla/5.0 (Windows NT 10.0; Win64; x64) AppleWebKit/537.36 (KHTML, like Gecko) Chrome/89.0.4389.114 Safari/537.36"
5.199.180.146 - - [09/Apr/2021:14:50:27 +0200] "GET /css/print.css HTTP/1.1" 200 543 "http://renault.activities.at/" "Mozilla/5.0 (Windows NT 10.0; Win64; x64) AppleWebKit/537.36 (KHTML, like Gecko) Chrome/89.0.4389.114 Safari/537.36"
5.199.180.146 - - [09/Apr/2021:14:50:27 +0200] "GET /images/header_block_corner_right_top.gif HTTP/1.1" 200 160 "http://renault.activities.at/css/styles.css" "Mozilla/5.0 (Windows NT 10.0; Win64; x64) AppleWebKit/537.36 (KHTML, like Gecko) Chrome/89.0.4389.114 Safari/537.36"
5.199.180.146 - - [09/Apr/2021:14:50:27 +0200] "GET /images/main_block_corner_left_top.gif HTTP/1.1" 200 159 "http://renault.activities.at/css/styles.css" "Mozilla/5.0 (Windows NT 10.0; Win64; x64) AppleWebKit/537.36 (KHTML, like Gecko) Chrome/89.0.4389.114 Safari/537.36"
5.199.180.146 - - [09/Apr/2021:14:50:27 +0200] "GET /images/main_block_corner_right_top.gif HTTP/1.1" 200 159 "http://renault.activities.at/css/styles.css" "Mozilla/5.0 (Windows NT 10.0; Win64; x64) AppleWebKit/537.36 (KHTML, like Gecko) Chrome/89.0.4389.114 Safari/537.36"
5.199.180.146 - - [09/Apr/2021:14:50:27 +0200] "GET /images/title_border.jpg HTTP/1.1" 200 304 "http://renault.activities.at/css/styles.css" "Mozilla/5.0 (Windows NT 10.0; Win64; x64) AppleWebKit/537.36 (KHTML, like Gecko) Chrome/89.0.4389.114 Safari/537.36"
5.199.180.146 - - [09/Apr/2021:14:50:27 +0200] "GET /images/title_border_top.jpg HTTP/1.1" 200 336 "http://renault.activities.at/css/styles.css" "Mozilla/5.0 (Windows NT 10.0; Win64; x64) AppleWebKit/537.36 (KHTML, like Gecko) Chrome/89.0.4389.114 Safari/537.36"
5.199.180.146 - - [09/Apr/2021:14:50:27 +0200] "GET /images/title_corner_left_top.jpg HTTP/1.1" 200 372 "http://renault.activities.at/css/styles.css" "Mozilla/5.0 (Windows NT 10.0; Win64; x64) AppleWebKit/537.36 (KHTML, like Gecko) Chrome/89.0.4389.114 Safari/537.36"
5.199.180.146 - - [09/Apr/2021:14:50:27 +0200] "GET /images/title_corner_right_top.jpg HTTP/1.1" 200 389 "http://renault.activities.at/css/styles.css" "Mozilla/5.0 (Windows NT 10.0; Win64; x64) AppleWebKit/537.36 (KHTML, like Gecko) Chrome/89.0.4389.114 Safari/537.36"
5.199.180.146 - - [09/Apr/2021:14:50:27 +0200] "GET /loadthumbnail.php?id=11127982 HTTP/1.1" 200 399614 "http://renault.activities.at/" "Mozilla/5.0 (Windows NT 10.0; Win64; x64) AppleWebKit/537.36 (KHTML, like Gecko) Chrome/89.0.4389.114 Safari/537.36"
5.199.180.146 - - [09/Apr/2021:14:50:28 +0200] "GET /images/favicon.ico HTTP/1.1" 404 305 "http://renault.activities.at/" "Mozilla/5.0 (Windows NT 10.0; Win64; x64) AppleWebKit/537.36 (KHTML, like Gecko) Chrome/89.0.4389.114 Safari/537.36"
5.199.180.146 - - [09/Apr/2021:14:50:39 +0200] "GET / HTTP/1.1" 200 3315 "https://www.google.de/" "Mozilla/5.0 (Windows NT 10.0; Win64; x64) AppleWebKit/537.36 (KHTML, like Gecko) Chrome/89.0.4389.114 Safari/537.36"
212.152.246.134 - - [09/Apr/2021:14:51:06 +0200] "GET /reload?ser=1617972667060 HTTP/1.1" 200 28 "http://renault.activities.at/success" "Mozilla/5.0 (Windows NT 10.0; Win64; x64) AppleWebKit/537.36 (KHTML, like Gecko) Chrome/89.0.4389.114 Safari/537.36"
90.152.159.38 - - [09/Apr/2021:14:51:16 +0200] "GET /reload?ser=1617972676411 HTTP/1.1" 200 28 "http://renault.activities.at/result?searchterm=true&search=+ze" "Mozilla/5.0 (Windows NT 10.0; Win64; x64) AppleWebKit/537.36 (KHTML, like Gecko) Chrome/89.0.4389.114 Safari/537.36"
212.152.246.134 - - [09/Apr/2021:14:52:08 +0200] "GET /reload?ser=1617972729060 HTTP/1.1" 200 28 "http://renault.activities.at/success" "Mozilla/5.0 (Windows NT 10.0; Win64; x64) AppleWebKit/537.36 (KHTML, like Gecko) Chrome/89.0.4389.114 Safari/537.36"
90.152.159.38 - - [09/Apr/2021:14:52:17 +0200] "GET /reload?ser=1617972737422 HTTP/1.1" 200 28 "http://renault.activities.at/result?searchterm=true&search=+ze" "Mozilla/5.0 (Windows NT 10.0; Win64; x64) AppleWebKit/537.36 (KHTML, like Gecko) Chrome/89.0.4389.114 Safari/537.36"
212.152.246.134 - - [09/Apr/2021:14:53:10 +0200] "GET /reload?ser=1617972791060 HTTP/1.1" 200 28 "http://renault.activities.at/success" "Mozilla/5.0 (Windows NT 10.0; Win64; x64) AppleWebKit/537.36 (KHTML, like Gecko) Chrome/89.0.4389.114 Safari/537.36"
90.152.159.38 - - [09/Apr/2021:14:53:18 +0200] "GET /reload?ser=1617972798424 HTTP/1.1" 200 28 "http://renault.activities.at/result?searchterm=true&search=+ze" "Mozilla/5.0 (Windows NT 10.0; Win64; x64) AppleWebKit/537.36 (KHTML, like Gecko) Chrome/89.0.4389.114 Safari/537.36"
212.152.246.134 - - [09/Apr/2021:14:54:12 +0200] "GET /reload?ser=1617972853059 HTTP/1.1" 200 28 "http://renault.activities.at/success" "Mozilla/5.0 (Windows NT 10.0; Win64; x64) AppleWebKit/537.36 (KHTML, like Gecko) Chrome/89.0.4389.114 Safari/537.36"
90.152.159.38 - - [09/Apr/2021:14:54:19 +0200] "GET /reload?ser=1617972859415 HTTP/1.1" 200 28 "http://renault.activities.at/result?searchterm=true&search=+ze" "Mozilla/5.0 (Windows NT 10.0; Win64; x64) AppleWebKit/537.36 (KHTML, like Gecko) Chrome/89.0.4389.114 Safari/537.36"
212.152.246.134 - - [09/Apr/2021:14:55:14 +0200] "GET /reload?ser=1617972915061 HTTP/1.1" 200 28 "http://renault.activities.at/success" "Mozilla/5.0 (Windows NT 10.0; Win64; x64) AppleWebKit/537.36 (KHTML, like Gecko) Chrome/89.0.4389.114 Safari/537.36"
90.152.159.38 - - [09/Apr/2021:14:55:20 +0200] "GET /reload?ser=1617972920421 HTTP/1.1" 200 28 "http://renault.activities.at/result?searchterm=true&search=+ze" "Mozilla/5.0 (Windows NT 10.0; Win64; x64) AppleWebKit/537.36 (KHTML, like Gecko) Chrome/89.0.4389.114 Safari/537.36"
212.152.246.134 - - [09/Apr/2021:14:56:15 +0200] "GET /reload?ser=1617972976066 HTTP/1.1" 200 28 "http://renault.activities.at/success" "Mozilla/5.0 (Windows NT 10.0; Win64; x64) AppleWebKit/537.36 (KHTML, like Gecko) Chrome/89.0.4389.114 Safari/537.36"
90.152.159.38 - - [09/Apr/2021:14:56:21 +0200] "GET /reload?ser=1617972981418 HTTP/1.1" 200 28 "http://renault.activities.at/result?searchterm=true&search=+ze" "Mozilla/5.0 (Windows NT 10.0; Win64; x64) AppleWebKit/537.36 (KHTML, like Gecko) Chrome/89.0.4389.114 Safari/537.36"
212.152.246.134 - - [09/Apr/2021:14:57:17 +0200] "GET /reload?ser=1617973038066 HTTP/1.1" 200 28 "http://renault.activities.at/success" "Mozilla/5.0 (Windows NT 10.0; Win64; x64) AppleWebKit/537.36 (KHTML, like Gecko) Chrome/89.0.4389.114 Safari/537.36"
90.152.159.38 - - [09/Apr/2021:14:57:22 +0200] "GET /reload?ser=1617973042411 HTTP/1.1" 200 28 "http://renault.activities.at/result?searchterm=true&search=+ze" "Mozilla/5.0 (Windows NT 10.0; Win64; x64) AppleWebKit/537.36 (KHTML, like Gecko) Chrome/89.0.4389.114 Safari/537.36"
212.152.246.134 - - [09/Apr/2021:14:58:19 +0200] "GET /reload?ser=1617973100066 HTTP/1.1" 200 28 "http://renault.activities.at/success" "Mozilla/5.0 (Windows NT 10.0; Win64; x64) AppleWebKit/537.36 (KHTML, like Gecko) Chrome/89.0.4389.114 Safari/537.36"
90.152.159.38 - - [09/Apr/2021:14:58:23 +0200] "GET /reload?ser=1617973103418 HTTP/1.1" 200 28 "http://renault.activities.at/result?searchterm=true&search=+ze" "Mozilla/5.0 (Windows NT 10.0; Win64; x64) AppleWebKit/537.36 (KHTML, like Gecko) Chrome/89.0.4389.114 Safari/537.36"
212.152.246.134 - - [09/Apr/2021:14:59:21 +0200] "GET /reload?ser=1617973162068 HTTP/1.1" 200 28 "http://renault.activities.at/success" "Mozilla/5.0 (Windows NT 10.0; Win64; x64) AppleWebKit/537.36 (KHTML, like Gecko) Chrome/89.0.4389.114 Safari/537.36"
90.152.159.38 - - [09/Apr/2021:14:59:24 +0200] "GET /reload?ser=1617973164417 HTTP/1.1" 200 28 "http://renault.activities.at/result?searchterm=true&search=+ze" "Mozilla/5.0 (Windows NT 10.0; Win64; x64) AppleWebKit/537.36 (KHTML, like Gecko) Chrome/89.0.4389.114 Safari/537.36"
212.152.246.134 - - [09/Apr/2021:15:00:22 +0200] "GET /reload?ser=1617973223068 HTTP/1.1" 200 28 "http://renault.activities.at/success" "Mozilla/5.0 (Windows NT 10.0; Win64; x64) AppleWebKit/537.36 (KHTML, like Gecko) Chrome/89.0.4389.114 Safari/537.36"
90.152.159.38 - - [09/Apr/2021:15:00:25 +0200] "GET /reload?ser=1617973225422 HTTP/1.1" 200 28 "http://renault.activities.at/result?searchterm=true&search=+ze" "Mozilla/5.0 (Windows NT 10.0; Win64; x64) AppleWebKit/537.36 (KHTML, like Gecko) Chrome/89.0.4389.114 Safari/537.36"
212.152.246.134 - - [09/Apr/2021:15:01:24 +0200] "GET /reload?ser=1617973285062 HTTP/1.1" 200 28 "http://renault.activities.at/success" "Mozilla/5.0 (Windows NT 10.0; Win64; x64) AppleWebKit/537.36 (KHTML, like Gecko) Chrome/89.0.4389.114 Safari/537.36"
90.152.159.38 - - [09/Apr/2021:15:01:27 +0200] "GET /reload?ser=1617973287423 HTTP/1.1" 200 28 "http://renault.activities.at/result?searchterm=true&search=+ze" "Mozilla/5.0 (Windows NT 10.0; Win64; x64) AppleWebKit/537.36 (KHTML, like Gecko) Chrome/89.0.4389.114 Safari/537.36"
212.152.246.134 - - [09/Apr/2021:15:02:26 +0200] "GET /reload?ser=1617973347059 HTTP/1.1" 200 28 "http://renault.activities.at/success" "Mozilla/5.0 (Windows NT 10.0; Win64; x64) AppleWebKit/537.36 (KHTML, like Gecko) Chrome/89.0.4389.114 Safari/537.36"
90.152.159.38 - - [09/Apr/2021:15:02:29 +0200] "GET /reload?ser=1617973349410 HTTP/1.1" 200 28 "http://renault.activities.at/result?searchterm=true&search=+ze" "Mozilla/5.0 (Windows NT 10.0; Win64; x64) AppleWebKit/537.36 (KHTML, like Gecko) Chrome/89.0.4389.114 Safari/537.36"
212.152.246.134 - - [09/Apr/2021:15:03:28 +0200] "GET /reload?ser=1617973409060 HTTP/1.1" 200 28 "http://renault.activities.at/success" "Mozilla/5.0 (Windows NT 10.0; Win64; x64) AppleWebKit/537.36 (KHTML, like Gecko) Chrome/89.0.4389.114 Safari/537.36"
90.152.159.38 - - [09/Apr/2021:15:03:30 +0200] "GET /reload?ser=1617973410415 HTTP/1.1" 200 28 "http://renault.activities.at/result?searchterm=true&search=+ze" "Mozilla/5.0 (Windows NT 10.0; Win64; x64) AppleWebKit/537.36 (KHTML, like Gecko) Chrome/89.0.4389.114 Safari/537.36"
212.152.246.134 - - [09/Apr/2021:15:04:29 +0200] "GET /reload?ser=1617973470060 HTTP/1.1" 200 28 "http://renault.activities.at/success" "Mozilla/5.0 (Windows NT 10.0; Win64; x64) AppleWebKit/537.36 (KHTML, like Gecko) Chrome/89.0.4389.114 Safari/537.36"
90.152.159.38 - - [09/Apr/2021:15:04:32 +0200] "GET /reload?ser=1617973472410 HTTP/1.1" 200 28 "http://renault.activities.at/result?searchterm=true&search=+ze" "Mozilla/5.0 (Windows NT 10.0; Win64; x64) AppleWebKit/537.36 (KHTML, like Gecko) Chrome/89.0.4389.114 Safari/537.36"
212.152.246.134 - - [09/Apr/2021:15:05:31 +0200] "GET /reload?ser=1617973532057 HTTP/1.1" 200 28 "http://renault.activities.at/success" "Mozilla/5.0 (Windows NT 10.0; Win64; x64) AppleWebKit/537.36 (KHTML, like Gecko) Chrome/89.0.4389.114 Safari/537.36"
90.152.159.38 - - [09/Apr/2021:15:05:33 +0200] "GET /reload?ser=1617973533414 HTTP/1.1" 200 28 "http://renault.activities.at/result?searchterm=true&search=+ze" "Mozilla/5.0 (Windows NT 10.0; Win64; x64) AppleWebKit/537.36 (KHTML, like Gecko) Chrome/89.0.4389.114 Safari/537.36"
212.152.246.134 - - [09/Apr/2021:15:06:32 +0200] "GET /reload?ser=1617973593071 HTTP/1.1" 200 28 "http://renault.activities.at/success" "Mozilla/5.0 (Windows NT 10.0; Win64; x64) AppleWebKit/537.36 (KHTML, like Gecko) Chrome/89.0.4389.114 Safari/537.36"
90.152.159.38 - - [09/Apr/2021:15:06:37 +0200] "GET /reload?ser=1617973597417 HTTP/1.1" 200 28 "http://renault.activities.at/result?searchterm=true&search=+ze" "Mozilla/5.0 (Windows NT 10.0; Win64; x64) AppleWebKit/537.36 (KHTML, like Gecko) Chrome/89.0.4389.114 Safari/537.36"
212.152.246.134 - - [09/Apr/2021:15:07:34 +0200] "GET /reload?ser=1617973655071 HTTP/1.1" 200 28 "http://renault.activities.at/success" "Mozilla/5.0 (Windows NT 10.0; Win64; x64) AppleWebKit/537.36 (KHTML, like Gecko) Chrome/89.0.4389.114 Safari/537.36"
90.152.159.38 - - [09/Apr/2021:15:07:39 +0200] "GET /reload?ser=1617973659417 HTTP/1.1" 200 28 "http://renault.activities.at/result?searchterm=true&search=+ze" "Mozilla/5.0 (Windows NT 10.0; Win64; x64) AppleWebKit/537.36 (KHTML, like Gecko) Chrome/89.0.4389.114 Safari/537.36"
212.152.246.134 - - [09/Apr/2021:15:08:36 +0200] "GET /reload?ser=1617973717071 HTTP/1.1" 200 28 "http://renault.activities.at/success" "Mozilla/5.0 (Windows NT 10.0; Win64; x64) AppleWebKit/537.36 (KHTML, like Gecko) Chrome/89.0.4389.114 Safari/537.36"
90.152.159.38 - - [09/Apr/2021:15:08:40 +0200] "GET /reload?ser=1617973720413 HTTP/1.1" 200 28 "http://renault.activities.at/result?searchterm=true&search=+ze" "Mozilla/5.0 (Windows NT 10.0; Win64; x64) AppleWebKit/537.36 (KHTML, like Gecko) Chrome/89.0.4389.114 Safari/537.36"
212.152.246.134 - - [09/Apr/2021:15:09:38 +0200] "GET /reload?ser=1617973779071 HTTP/1.1" 200 28 "http://renault.activities.at/success" "Mozilla/5.0 (Windows NT 10.0; Win64; x64) AppleWebKit/537.36 (KHTML, like Gecko) Chrome/89.0.4389.114 Safari/537.36"
90.152.159.38 - - [09/Apr/2021:15:09:41 +0200] "GET /reload?ser=1617973781414 HTTP/1.1" 200 28 "http://renault.activities.at/result?searchterm=true&search=+ze" "Mozilla/5.0 (Windows NT 10.0; Win64; x64) AppleWebKit/537.36 (KHTML, like Gecko) Chrome/89.0.4389.114 Safari/537.36"
212.152.246.134 - - [09/Apr/2021:15:10:39 +0200] "GET /reload?ser=1617973840057 HTTP/1.1" 200 28 "http://renault.activities.at/success" "Mozilla/5.0 (Windows NT 10.0; Win64; x64) AppleWebKit/537.36 (KHTML, like Gecko) Chrome/89.0.4389.114 Safari/537.36"
90.152.159.38 - - [09/Apr/2021:15:10:43 +0200] "GET /reload?ser=1617973843413 HTTP/1.1" 200 28 "http://renault.activities.at/result?searchterm=true&search=+ze" "Mozilla/5.0 (Windows NT 10.0; Win64; x64) AppleWebKit/537.36 (KHTML, like Gecko) Chrome/89.0.4389.114 Safari/537.36"
212.152.246.134 - - [09/Apr/2021:15:11:40 +0200] "GET /reload?ser=1617973901059 HTTP/1.1" 200 28 "http://renault.activities.at/success" "Mozilla/5.0 (Windows NT 10.0; Win64; x64) AppleWebKit/537.36 (KHTML, like Gecko) Chrome/89.0.4389.114 Safari/537.36"
90.152.159.38 - - [09/Apr/2021:15:11:44 +0200] "GET /reload?ser=1617973904419 HTTP/1.1" 200 28 "http://renault.activities.at/result?searchterm=true&search=+ze" "Mozilla/5.0 (Windows NT 10.0; Win64; x64) AppleWebKit/537.36 (KHTML, like Gecko) Chrome/89.0.4389.114 Safari/537.36"
212.152.246.134 - - [09/Apr/2021:15:12:42 +0200] "GET /reload?ser=1617973963066 HTTP/1.1" 200 28 "http://renault.activities.at/success" "Mozilla/5.0 (Windows NT 10.0; Win64; x64) AppleWebKit/537.36 (KHTML, like Gecko) Chrome/89.0.4389.114 Safari/537.36"
90.152.159.38 - - [09/Apr/2021:15:12:46 +0200] "GET /reload?ser=1617973966420 HTTP/1.1" 200 28 "http://renault.activities.at/result?searchterm=true&search=+ze" "Mozilla/5.0 (Windows NT 10.0; Win64; x64) AppleWebKit/537.36 (KHTML, like Gecko) Chrome/89.0.4389.114 Safari/537.36"
212.152.246.134 - - [09/Apr/2021:15:13:44 +0200] "GET /reload?ser=1617974025066 HTTP/1.1" 200 28 "http://renault.activities.at/success" "Mozilla/5.0 (Windows NT 10.0; Win64; x64) AppleWebKit/537.36 (KHTML, like Gecko) Chrome/89.0.4389.114 Safari/537.36"
90.152.159.38 - - [09/Apr/2021:15:13:48 +0200] "GET /reload?ser=1617974028418 HTTP/1.1" 200 28 "http://renault.activities.at/result?searchterm=true&search=+ze" "Mozilla/5.0 (Windows NT 10.0; Win64; x64) AppleWebKit/537.36 (KHTML, like Gecko) Chrome/89.0.4389.114 Safari/537.36"
66.249.66.76 - - [09/Apr/2021:15:14:14 +0200] "GET / HTTP/1.1" 200 3315 "-" "Mozilla/5.0 (compatible; Googlebot/2.1; +http://www.google.com/bot.html)"
212.152.246.134 - - [09/Apr/2021:15:14:45 +0200] "GET /reload?ser=1617974086066 HTTP/1.1" 200 28 "http://renault.activities.at/success" "Mozilla/5.0 (Windows NT 10.0; Win64; x64) AppleWebKit/537.36 (KHTML, like Gecko) Chrome/89.0.4389.114 Safari/537.36"
90.152.159.38 - - [09/Apr/2021:15:14:49 +0200] "GET /reload?ser=1617974089410 HTTP/1.1" 200 28 "http://renault.activities.at/result?searchterm=true&search=+ze" "Mozilla/5.0 (Windows NT 10.0; Win64; x64) AppleWebKit/537.36 (KHTML, like Gecko) Chrome/89.0.4389.114 Safari/537.36"
212.152.246.134 - - [09/Apr/2021:15:15:46 +0200] "GET /reload?ser=1617974147066 HTTP/1.1" 200 28 "http://renault.activities.at/success" "Mozilla/5.0 (Windows NT 10.0; Win64; x64) AppleWebKit/537.36 (KHTML, like Gecko) Chrome/89.0.4389.114 Safari/537.36"
90.152.159.38 - - [09/Apr/2021:15:15:50 +0200] "GET /reload?ser=1617974150417 HTTP/1.1" 200 28 "http://renault.activities.at/result?searchterm=true&search=+ze" "Mozilla/5.0 (Windows NT 10.0; Win64; x64) AppleWebKit/537.36 (KHTML, like Gecko) Chrome/89.0.4389.114 Safari/537.36"
212.152.246.134 - - [09/Apr/2021:15:16:48 +0200] "GET /reload?ser=1617974209070 HTTP/1.1" 200 28 "http://renault.activities.at/success" "Mozilla/5.0 (Windows NT 10.0; Win64; x64) AppleWebKit/537.36 (KHTML, like Gecko) Chrome/89.0.4389.114 Safari/537.36"
90.152.159.38 - - [09/Apr/2021:15:16:51 +0200] "GET /reload?ser=1617974211414 HTTP/1.1" 200 28 "http://renault.activities.at/result?searchterm=true&search=+ze" "Mozilla/5.0 (Windows NT 10.0; Win64; x64) AppleWebKit/537.36 (KHTML, like Gecko) Chrome/89.0.4389.114 Safari/537.36"
212.152.246.134 - - [09/Apr/2021:15:17:49 +0200] "GET /reload?ser=1617974270070 HTTP/1.1" 200 28 "http://renault.activities.at/success" "Mozilla/5.0 (Windows NT 10.0; Win64; x64) AppleWebKit/537.36 (KHTML, like Gecko) Chrome/89.0.4389.114 Safari/537.36"
90.152.159.38 - - [09/Apr/2021:15:17:52 +0200] "GET /reload?ser=1617974272415 HTTP/1.1" 200 28 "http://renault.activities.at/result?searchterm=true&search=+ze" "Mozilla/5.0 (Windows NT 10.0; Win64; x64) AppleWebKit/537.36 (KHTML, like Gecko) Chrome/89.0.4389.114 Safari/537.36"
212.152.246.134 - - [09/Apr/2021:15:18:50 +0200] "GET /reload?ser=1617974331070 HTTP/1.1" 200 28 "http://renault.activities.at/success" "Mozilla/5.0 (Windows NT 10.0; Win64; x64) AppleWebKit/537.36 (KHTML, like Gecko) Chrome/89.0.4389.114 Safari/537.36"
90.152.159.38 - - [09/Apr/2021:15:18:53 +0200] "GET /reload?ser=1617974333419 HTTP/1.1" 200 28 "http://renault.activities.at/result?searchterm=true&search=+ze" "Mozilla/5.0 (Windows NT 10.0; Win64; x64) AppleWebKit/537.36 (KHTML, like Gecko) Chrome/89.0.4389.114 Safari/537.36"
212.152.246.134 - - [09/Apr/2021:15:19:52 +0200] "GET /reload?ser=1617974393070 HTTP/1.1" 200 28 "http://renault.activities.at/success" "Mozilla/5.0 (Windows NT 10.0; Win64; x64) AppleWebKit/537.36 (KHTML, like Gecko) Chrome/89.0.4389.114 Safari/537.36"
90.152.159.38 - - [09/Apr/2021:15:19:55 +0200] "GET /reload?ser=1617974395419 HTTP/1.1" 200 28 "http://renault.activities.at/result?searchterm=true&search=+ze" "Mozilla/5.0 (Windows NT 10.0; Win64; x64) AppleWebKit/537.36 (KHTML, like Gecko) Chrome/89.0.4389.114 Safari/537.36"
212.152.246.134 - - [09/Apr/2021:15:20:54 +0200] "GET /reload?ser=1617974455070 HTTP/1.1" 200 28 "http://renault.activities.at/success" "Mozilla/5.0 (Windows NT 10.0; Win64; x64) AppleWebKit/537.36 (KHTML, like Gecko) Chrome/89.0.4389.114 Safari/537.36"
90.152.159.38 - - [09/Apr/2021:15:20:56 +0200] "GET /reload?ser=1617974456412 HTTP/1.1" 200 28 "http://renault.activities.at/result?searchterm=true&search=+ze" "Mozilla/5.0 (Windows NT 10.0; Win64; x64) AppleWebKit/537.36 (KHTML, like Gecko) Chrome/89.0.4389.114 Safari/537.36"
212.152.246.134 - - [09/Apr/2021:15:21:56 +0200] "GET /reload?ser=1617974517059 HTTP/1.1" 200 28 "http://renault.activities.at/success" "Mozilla/5.0 (Windows NT 10.0; Win64; x64) AppleWebKit/537.36 (KHTML, like Gecko) Chrome/89.0.4389.114 Safari/537.36"
90.152.159.38 - - [09/Apr/2021:15:21:58 +0200] "GET /reload?ser=1617974518417 HTTP/1.1" 200 28 "http://renault.activities.at/result?searchterm=true&search=+ze" "Mozilla/5.0 (Windows NT 10.0; Win64; x64) AppleWebKit/537.36 (KHTML, like Gecko) Chrome/89.0.4389.114 Safari/537.36"
212.152.246.134 - - [09/Apr/2021:15:22:58 +0200] "GET /reload?ser=1617974579060 HTTP/1.1" 200 28 "http://renault.activities.at/success" "Mozilla/5.0 (Windows NT 10.0; Win64; x64) AppleWebKit/537.36 (KHTML, like Gecko) Chrome/89.0.4389.114 Safari/537.36"
90.152.159.38 - - [09/Apr/2021:15:22:59 +0200] "GET /reload?ser=1617974579409 HTTP/1.1" 200 28 "http://renault.activities.at/result?searchterm=true&search=+ze" "Mozilla/5.0 (Windows NT 10.0; Win64; x64) AppleWebKit/537.36 (KHTML, like Gecko) Chrome/89.0.4389.114 Safari/537.36"
212.152.246.134 - - [09/Apr/2021:15:23:59 +0200] "GET /reload?ser=1617974640066 HTTP/1.1" 200 28 "http://renault.activities.at/success" "Mozilla/5.0 (Windows NT 10.0; Win64; x64) AppleWebKit/537.36 (KHTML, like Gecko) Chrome/89.0.4389.114 Safari/537.36"
90.152.159.38 - - [09/Apr/2021:15:24:00 +0200] "GET /reload?ser=1617974640423 HTTP/1.1" 200 28 "http://renault.activities.at/result?searchterm=true&search=+ze" "Mozilla/5.0 (Windows NT 10.0; Win64; x64) AppleWebKit/537.36 (KHTML, like Gecko) Chrome/89.0.4389.114 Safari/537.36"
114.119.154.59 - - [09/Apr/2021:15:24:29 +0200] "GET /robots.txt HTTP/1.1" 404 300 "-" "Mozilla/5.0 (compatible;PetalBot;+https://webmaster.petalsearch.com/site/petalbot)"
212.152.246.134 - - [09/Apr/2021:15:25:01 +0200] "GET /reload?ser=1617974702059 HTTP/1.1" 200 28 "http://renault.activities.at/success" "Mozilla/5.0 (Windows NT 10.0; Win64; x64) AppleWebKit/537.36 (KHTML, like Gecko) Chrome/89.0.4389.114 Safari/537.36"
90.152.159.38 - - [09/Apr/2021:15:25:01 +0200] "GET /reload?ser=1617974701416 HTTP/1.1" 200 28 "http://renault.activities.at/result?searchterm=true&search=+ze" "Mozilla/5.0 (Windows NT 10.0; Win64; x64) AppleWebKit/537.36 (KHTML, like Gecko) Chrome/89.0.4389.114 Safari/537.36"
212.152.246.134 - - [09/Apr/2021:15:26:03 +0200] "GET /reload?ser=1617974764069 HTTP/1.1" 200 28 "http://renault.activities.at/success" "Mozilla/5.0 (Windows NT 10.0; Win64; x64) AppleWebKit/537.36 (KHTML, like Gecko) Chrome/89.0.4389.114 Safari/537.36"
90.152.159.38 - - [09/Apr/2021:15:26:03 +0200] "GET /reload?ser=1617974763419 HTTP/1.1" 200 28 "http://renault.activities.at/result?searchterm=true&search=+ze" "Mozilla/5.0 (Windows NT 10.0; Win64; x64) AppleWebKit/537.36 (KHTML, like Gecko) Chrome/89.0.4389.114 Safari/537.36"
90.152.159.38 - - [09/Apr/2021:15:27:04 +0200] "GET /reload?ser=1617974824423 HTTP/1.1" 200 28 "http://renault.activities.at/result?searchterm=true&search=+ze" "Mozilla/5.0 (Windows NT 10.0; Win64; x64) AppleWebKit/537.36 (KHTML, like Gecko) Chrome/89.0.4389.114 Safari/537.36"
212.152.246.134 - - [09/Apr/2021:15:27:05 +0200] "GET /reload?ser=1617974826066 HTTP/1.1" 200 28 "http://renault.activities.at/success" "Mozilla/5.0 (Windows NT 10.0; Win64; x64) AppleWebKit/537.36 (KHTML, like Gecko) Chrome/89.0.4389.114 Safari/537.36"
90.152.159.38 - - [09/Apr/2021:15:28:05 +0200] "GET /reload?ser=1617974885423 HTTP/1.1" 200 28 "http://renault.activities.at/result?searchterm=true&search=+ze" "Mozilla/5.0 (Windows NT 10.0; Win64; x64) AppleWebKit/537.36 (KHTML, like Gecko) Chrome/89.0.4389.114 Safari/537.36"
212.152.246.134 - - [09/Apr/2021:15:28:07 +0200] "GET /reload?ser=1617974888066 HTTP/1.1" 200 28 "http://renault.activities.at/success" "Mozilla/5.0 (Windows NT 10.0; Win64; x64) AppleWebKit/537.36 (KHTML, like Gecko) Chrome/89.0.4389.114 Safari/537.36"
90.152.159.38 - - [09/Apr/2021:15:29:07 +0200] "GET /reload?ser=1617974947418 HTTP/1.1" 200 28 "http://renault.activities.at/result?searchterm=true&search=+ze" "Mozilla/5.0 (Windows NT 10.0; Win64; x64) AppleWebKit/537.36 (KHTML, like Gecko) Chrome/89.0.4389.114 Safari/537.36"
212.152.246.134 - - [09/Apr/2021:15:29:09 +0200] "GET /reload?ser=1617974950064 HTTP/1.1" 200 28 "http://renault.activities.at/success" "Mozilla/5.0 (Windows NT 10.0; Win64; x64) AppleWebKit/537.36 (KHTML, like Gecko) Chrome/89.0.4389.114 Safari/537.36"
90.152.159.38 - - [09/Apr/2021:15:30:08 +0200] "GET /reload?ser=1617975008424 HTTP/1.1" 200 28 "http://renault.activities.at/result?searchterm=true&search=+ze" "Mozilla/5.0 (Windows NT 10.0; Win64; x64) AppleWebKit/537.36 (KHTML, like Gecko) Chrome/89.0.4389.114 Safari/537.36"
212.152.246.134 - - [09/Apr/2021:15:30:10 +0200] "GET /reload?ser=1617975011064 HTTP/1.1" 200 28 "http://renault.activities.at/success" "Mozilla/5.0 (Windows NT 10.0; Win64; x64) AppleWebKit/537.36 (KHTML, like Gecko) Chrome/89.0.4389.114 Safari/537.36"
90.152.159.38 - - [09/Apr/2021:15:31:10 +0200] "GET /reload?ser=1617975070418 HTTP/1.1" 200 28 "http://renault.activities.at/result?searchterm=true&search=+ze" "Mozilla/5.0 (Windows NT 10.0; Win64; x64) AppleWebKit/537.36 (KHTML, like Gecko) Chrome/89.0.4389.114 Safari/537.36"
212.152.246.134 - - [09/Apr/2021:15:31:12 +0200] "GET /reload?ser=1617975073061 HTTP/1.1" 200 28 "http://renault.activities.at/success" "Mozilla/5.0 (Windows NT 10.0; Win64; x64) AppleWebKit/537.36 (KHTML, like Gecko) Chrome/89.0.4389.114 Safari/537.36"
13.66.139.88 - - [09/Apr/2021:15:32:03 +0200] "GET /10227785 HTTP/1.1" 200 3569 "-" "Mozilla/5.0 (iPhone; CPU iPhone OS 7_0 like Mac OS X) AppleWebKit/537.51.1 (KHTML, like Gecko) Version/7.0 Mobile/11A465 Safari/9537.53 (compatible; bingbot/2.0; +http://www.bing.com/bingbot.htm)"
90.152.159.38 - - [09/Apr/2021:15:32:11 +0200] "GET /reload?ser=1617975131416 HTTP/1.1" 200 28 "http://renault.activities.at/result?searchterm=true&search=+ze" "Mozilla/5.0 (Windows NT 10.0; Win64; x64) AppleWebKit/537.36 (KHTML, like Gecko) Chrome/89.0.4389.114 Safari/537.36"
212.152.246.134 - - [09/Apr/2021:15:32:13 +0200] "GET /reload?ser=1617975134066 HTTP/1.1" 200 28 "http://renault.activities.at/success" "Mozilla/5.0 (Windows NT 10.0; Win64; x64) AppleWebKit/537.36 (KHTML, like Gecko) Chrome/89.0.4389.114 Safari/537.36"
