80.122.221.194 - - [21/Apr/2021:08:10:07 +0200] "GET /js/ProduktGrp.js HTTP/1.1" 200 1569 "http://renault.activities.at/result?searchterm=true&search=sandero" "Mozilla/5.0 (Windows NT 10.0; Win64; x64) AppleWebKit/537.36 (KHTML, like Gecko) Chrome/89.0.4389.128 Safari/537.36 Edg/89.0.774.77"
80.122.221.194 - - [21/Apr/2021:08:10:07 +0200] "GET /images/loading.gif HTTP/1.1" 200 3208 "http://renault.activities.at/result?searchterm=true&search=sandero" "Mozilla/5.0 (Windows NT 10.0; Win64; x64) AppleWebKit/537.36 (KHTML, like Gecko) Chrome/89.0.4389.128 Safari/537.36 Edg/89.0.774.77"
80.122.221.194 - - [21/Apr/2021:08:10:07 +0200] "GET /loadthumbnail.php?id=10203255 HTTP/1.1" 200 137 "http://renault.activities.at/result?searchterm=true&search=sandero" "Mozilla/5.0 (Windows NT 10.0; Win64; x64) AppleWebKit/537.36 (KHTML, like Gecko) Chrome/89.0.4389.128 Safari/537.36 Edg/89.0.774.77"
80.122.221.194 - - [21/Apr/2021:08:10:07 +0200] "GET /images/vista-dn.gif HTTP/1.1" 200 128 "http://renault.activities.at/css/styles.css" "Mozilla/5.0 (Windows NT 10.0; Win64; x64) AppleWebKit/537.36 (KHTML, like Gecko) Chrome/89.0.4389.128 Safari/537.36 Edg/89.0.774.77"
80.122.221.194 - - [21/Apr/2021:08:10:07 +0200] "GET /loadthumbnail.php?id=12329380&width=113 HTTP/1.1" 200 6136 "http://renault.activities.at/result?searchterm=true&search=sandero" "Mozilla/5.0 (Windows NT 10.0; Win64; x64) AppleWebKit/537.36 (KHTML, like Gecko) Chrome/89.0.4389.128 Safari/537.36 Edg/89.0.774.77"
80.122.221.194 - - [21/Apr/2021:08:10:07 +0200] "GET /loadthumbnail.php?id=12385971&width=113 HTTP/1.1" 200 3358 "http://renault.activities.at/result?searchterm=true&search=sandero" "Mozilla/5.0 (Windows NT 10.0; Win64; x64) AppleWebKit/537.36 (KHTML, like Gecko) Chrome/89.0.4389.128 Safari/537.36 Edg/89.0.774.77"
80.122.221.194 - - [21/Apr/2021:08:10:07 +0200] "GET /images/pager_bg.gif HTTP/1.1" 200 150 "http://renault.activities.at/css/styles.css" "Mozilla/5.0 (Windows NT 10.0; Win64; x64) AppleWebKit/537.36 (KHTML, like Gecko) Chrome/89.0.4389.128 Safari/537.36 Edg/89.0.774.77"
80.122.221.194 - - [21/Apr/2021:08:10:07 +0200] "GET /loadthumbnail.php?id=12333874&width=113 HTTP/1.1" 200 1957 "http://renault.activities.at/result?searchterm=true&search=sandero" "Mozilla/5.0 (Windows NT 10.0; Win64; x64) AppleWebKit/537.36 (KHTML, like Gecko) Chrome/89.0.4389.128 Safari/537.36 Edg/89.0.774.77"
80.122.221.194 - - [21/Apr/2021:08:10:07 +0200] "GET /loadthumbnail.php?id=12358272&width=113 HTTP/1.1" 200 2569 "http://renault.activities.at/result?searchterm=true&search=sandero" "Mozilla/5.0 (Windows NT 10.0; Win64; x64) AppleWebKit/537.36 (KHTML, like Gecko) Chrome/89.0.4389.128 Safari/537.36 Edg/89.0.774.77"
80.122.221.194 - - [21/Apr/2021:08:10:07 +0200] "GET /loadthumbnail.php?id=12333878&width=113 HTTP/1.1" 200 1913 "http://renault.activities.at/result?searchterm=true&search=sandero" "Mozilla/5.0 (Windows NT 10.0; Win64; x64) AppleWebKit/537.36 (KHTML, like Gecko) Chrome/89.0.4389.128 Safari/537.36 Edg/89.0.774.77"
80.122.221.194 - - [21/Apr/2021:08:10:07 +0200] "GET /images/vista-up.gif HTTP/1.1" 200 131 "http://renault.activities.at/css/styles.css" "Mozilla/5.0 (Windows NT 10.0; Win64; x64) AppleWebKit/537.36 (KHTML, like Gecko) Chrome/89.0.4389.128 Safari/537.36 Edg/89.0.774.77"
80.122.221.194 - - [21/Apr/2021:08:10:07 +0200] "GET /loadthumbnail.php?id=12358273&width=113 HTTP/1.1" 200 2569 "http://renault.activities.at/result?searchterm=true&search=sandero" "Mozilla/5.0 (Windows NT 10.0; Win64; x64) AppleWebKit/537.36 (KHTML, like Gecko) Chrome/89.0.4389.128 Safari/537.36 Edg/89.0.774.77"
80.122.221.194 - - [21/Apr/2021:08:10:07 +0200] "GET /loadthumbnail.php?id=12358956&width=113 HTTP/1.1" 200 1658 "http://renault.activities.at/result?searchterm=true&search=sandero" "Mozilla/5.0 (Windows NT 10.0; Win64; x64) AppleWebKit/537.36 (KHTML, like Gecko) Chrome/89.0.4389.128 Safari/537.36 Edg/89.0.774.77"
80.122.221.194 - - [21/Apr/2021:08:10:07 +0200] "GET /loadthumbnail.php?id=12358955&width=113 HTTP/1.1" 200 2055 "http://renault.activities.at/result?searchterm=true&search=sandero" "Mozilla/5.0 (Windows NT 10.0; Win64; x64) AppleWebKit/537.36 (KHTML, like Gecko) Chrome/89.0.4389.128 Safari/537.36 Edg/89.0.774.77"
80.122.221.194 - - [21/Apr/2021:08:10:07 +0200] "GET /loadthumbnail.php?id=12341634&width=113 HTTP/1.1" 200 3389 "http://renault.activities.at/result?searchterm=true&search=sandero" "Mozilla/5.0 (Windows NT 10.0; Win64; x64) AppleWebKit/537.36 (KHTML, like Gecko) Chrome/89.0.4389.128 Safari/537.36 Edg/89.0.774.77"
80.122.221.194 - - [21/Apr/2021:08:10:07 +0200] "GET /loadthumbnail.php?id=12341631&width=113 HTTP/1.1" 200 2854 "http://renault.activities.at/result?searchterm=true&search=sandero" "Mozilla/5.0 (Windows NT 10.0; Win64; x64) AppleWebKit/537.36 (KHTML, like Gecko) Chrome/89.0.4389.128 Safari/537.36 Edg/89.0.774.77"
80.122.221.194 - - [21/Apr/2021:08:10:07 +0200] "GET /loadthumbnail.php?id=12341633&width=113 HTTP/1.1" 200 3367 "http://renault.activities.at/result?searchterm=true&search=sandero" "Mozilla/5.0 (Windows NT 10.0; Win64; x64) AppleWebKit/537.36 (KHTML, like Gecko) Chrome/89.0.4389.128 Safari/537.36 Edg/89.0.774.77"
80.122.221.194 - - [21/Apr/2021:08:10:07 +0200] "GET /loadthumbnail.php?id=10260863&width=113 HTTP/1.1" 200 1170 "http://renault.activities.at/result?searchterm=true&search=sandero" "Mozilla/5.0 (Windows NT 10.0; Win64; x64) AppleWebKit/537.36 (KHTML, like Gecko) Chrome/89.0.4389.128 Safari/537.36 Edg/89.0.774.77"
80.122.221.194 - - [21/Apr/2021:08:10:07 +0200] "GET /loadthumbnail.php?id=12334029&width=113 HTTP/1.1" 200 3526 "http://renault.activities.at/result?searchterm=true&search=sandero" "Mozilla/5.0 (Windows NT 10.0; Win64; x64) AppleWebKit/537.36 (KHTML, like Gecko) Chrome/89.0.4389.128 Safari/537.36 Edg/89.0.774.77"
80.122.221.194 - - [21/Apr/2021:08:10:07 +0200] "GET /loadthumbnail.php?id=11715005&width=113 HTTP/1.1" 200 30128 "http://renault.activities.at/result?searchterm=true&search=sandero" "Mozilla/5.0 (Windows NT 10.0; Win64; x64) AppleWebKit/537.36 (KHTML, like Gecko) Chrome/89.0.4389.128 Safari/537.36 Edg/89.0.774.77"
80.122.221.194 - - [21/Apr/2021:08:10:07 +0200] "GET /loadthumbnail.php?id=12234958&width=113 HTTP/1.1" 200 2519 "http://renault.activities.at/result?searchterm=true&search=sandero" "Mozilla/5.0 (Windows NT 10.0; Win64; x64) AppleWebKit/537.36 (KHTML, like Gecko) Chrome/89.0.4389.128 Safari/537.36 Edg/89.0.774.77"
93.83.241.1 - - [21/Apr/2021:08:10:10 +0200] "GET /reload?ser=1618985410839 HTTP/1.1" 200 28 "http://renault.activities.at/" "Mozilla/5.0 (Windows NT 10.0; WOW64; Trident/7.0; rv:11.0) like Gecko"
138.21.12.21 - - [21/Apr/2021:08:10:20 +0200] "GET /reload?ser=1618985420269 HTTP/1.1" 200 28 "http://renault.2web.at/account" "Mozilla/5.0 (Windows NT 10.0; Win64; x64) AppleWebKit/537.36 (KHTML, like Gecko) Chrome/89.0.4389.128 Safari/537.36"
80.122.221.194 - - [21/Apr/2021:08:11:08 +0200] "GET /reload?ser=1618985468511 HTTP/1.1" 200 28 "http://renault.activities.at/result?searchterm=true&search=sandero" "Mozilla/5.0 (Windows NT 10.0; Win64; x64) AppleWebKit/537.36 (KHTML, like Gecko) Chrome/89.0.4389.128 Safari/537.36 Edg/89.0.774.77"
93.83.241.1 - - [21/Apr/2021:08:11:11 +0200] "GET /reload?ser=1618985471552 HTTP/1.1" 200 28 "http://renault.activities.at/" "Mozilla/5.0 (Windows NT 10.0; WOW64; Trident/7.0; rv:11.0) like Gecko"
138.21.12.21 - - [21/Apr/2021:08:11:22 +0200] "GET /reload?ser=1618985482251 HTTP/1.1" 200 28 "http://renault.2web.at/account" "Mozilla/5.0 (Windows NT 10.0; Win64; x64) AppleWebKit/537.36 (KHTML, like Gecko) Chrome/89.0.4389.128 Safari/537.36"
80.122.221.194 - - [21/Apr/2021:08:12:09 +0200] "GET /reload?ser=1618985529511 HTTP/1.1" 200 28 "http://renault.activities.at/result?searchterm=true&search=sandero" "Mozilla/5.0 (Windows NT 10.0; Win64; x64) AppleWebKit/537.36 (KHTML, like Gecko) Chrome/89.0.4389.128 Safari/537.36 Edg/89.0.774.77"
93.83.241.1 - - [21/Apr/2021:08:12:12 +0200] "GET /reload?ser=1618985532282 HTTP/1.1" 200 28 "http://renault.activities.at/" "Mozilla/5.0 (Windows NT 10.0; WOW64; Trident/7.0; rv:11.0) like Gecko"
138.21.12.21 - - [21/Apr/2021:08:12:24 +0200] "GET /reload?ser=1618985544236 HTTP/1.1" 200 28 "http://renault.2web.at/account" "Mozilla/5.0 (Windows NT 10.0; Win64; x64) AppleWebKit/537.36 (KHTML, like Gecko) Chrome/89.0.4389.128 Safari/537.36"
80.122.221.194 - - [21/Apr/2021:08:13:10 +0200] "GET /reload?ser=1618985590508 HTTP/1.1" 200 28 "http://renault.activities.at/result?searchterm=true&search=sandero" "Mozilla/5.0 (Windows NT 10.0; Win64; x64) AppleWebKit/537.36 (KHTML, like Gecko) Chrome/89.0.4389.128 Safari/537.36 Edg/89.0.774.77"
93.83.241.1 - - [21/Apr/2021:08:13:13 +0200] "GET /reload?ser=1618985592972 HTTP/1.1" 200 28 "http://renault.activities.at/" "Mozilla/5.0 (Windows NT 10.0; WOW64; Trident/7.0; rv:11.0) like Gecko"
138.21.12.21 - - [21/Apr/2021:08:13:26 +0200] "GET /reload?ser=1618985606236 HTTP/1.1" 200 28 "http://renault.2web.at/account" "Mozilla/5.0 (Windows NT 10.0; Win64; x64) AppleWebKit/537.36 (KHTML, like Gecko) Chrome/89.0.4389.128 Safari/537.36"
80.122.221.194 - - [21/Apr/2021:08:14:11 +0200] "GET /reload?ser=1618985651516 HTTP/1.1" 200 28 "http://renault.activities.at/result?searchterm=true&search=sandero" "Mozilla/5.0 (Windows NT 10.0; Win64; x64) AppleWebKit/537.36 (KHTML, like Gecko) Chrome/89.0.4389.128 Safari/537.36 Edg/89.0.774.77"
93.83.241.1 - - [21/Apr/2021:08:14:13 +0200] "GET /reload?ser=1618985653704 HTTP/1.1" 200 28 "http://renault.activities.at/" "Mozilla/5.0 (Windows NT 10.0; WOW64; Trident/7.0; rv:11.0) like Gecko"
138.21.12.21 - - [21/Apr/2021:08:14:28 +0200] "GET /reload?ser=1618985668237 HTTP/1.1" 200 28 "http://renault.2web.at/account" "Mozilla/5.0 (Windows NT 10.0; Win64; x64) AppleWebKit/537.36 (KHTML, like Gecko) Chrome/89.0.4389.128 Safari/537.36"
80.122.221.194 - - [21/Apr/2021:08:15:12 +0200] "GET /reload?ser=1618985712517 HTTP/1.1" 200 28 "http://renault.activities.at/result?searchterm=true&search=sandero" "Mozilla/5.0 (Windows NT 10.0; Win64; x64) AppleWebKit/537.36 (KHTML, like Gecko) Chrome/89.0.4389.128 Safari/537.36 Edg/89.0.774.77"
93.83.241.1 - - [21/Apr/2021:08:15:14 +0200] "GET /reload?ser=1618985714423 HTTP/1.1" 200 28 "http://renault.activities.at/" "Mozilla/5.0 (Windows NT 10.0; WOW64; Trident/7.0; rv:11.0) like Gecko"
138.21.12.21 - - [21/Apr/2021:08:15:30 +0200] "GET /reload?ser=1618985730236 HTTP/1.1" 200 28 "http://renault.2web.at/account" "Mozilla/5.0 (Windows NT 10.0; Win64; x64) AppleWebKit/537.36 (KHTML, like Gecko) Chrome/89.0.4389.128 Safari/537.36"
80.122.221.194 - - [21/Apr/2021:08:16:13 +0200] "GET /reload?ser=1618985773515 HTTP/1.1" 200 28 "http://renault.activities.at/result?searchterm=true&search=sandero" "Mozilla/5.0 (Windows NT 10.0; Win64; x64) AppleWebKit/537.36 (KHTML, like Gecko) Chrome/89.0.4389.128 Safari/537.36 Edg/89.0.774.77"
93.83.241.1 - - [21/Apr/2021:08:16:15 +0200] "GET /reload?ser=1618985775081 HTTP/1.1" 200 28 "http://renault.activities.at/" "Mozilla/5.0 (Windows NT 10.0; WOW64; Trident/7.0; rv:11.0) like Gecko"
138.21.12.21 - - [21/Apr/2021:08:16:32 +0200] "GET /reload?ser=1618985792239 HTTP/1.1" 200 28 "http://renault.2web.at/account" "Mozilla/5.0 (Windows NT 10.0; Win64; x64) AppleWebKit/537.36 (KHTML, like Gecko) Chrome/89.0.4389.128 Safari/537.36"
80.122.221.194 - - [21/Apr/2021:08:17:14 +0200] "GET /reload?ser=1618985834520 HTTP/1.1" 200 28 "http://renault.activities.at/result?searchterm=true&search=sandero" "Mozilla/5.0 (Windows NT 10.0; Win64; x64) AppleWebKit/537.36 (KHTML, like Gecko) Chrome/89.0.4389.128 Safari/537.36 Edg/89.0.774.77"
138.21.12.21 - - [21/Apr/2021:08:17:34 +0200] "GET /reload?ser=1618985854236 HTTP/1.1" 200 28 "http://renault.2web.at/account" "Mozilla/5.0 (Windows NT 10.0; Win64; x64) AppleWebKit/537.36 (KHTML, like Gecko) Chrome/89.0.4389.128 Safari/537.36"
80.122.221.194 - - [21/Apr/2021:08:18:15 +0200] "GET /reload?ser=1618985895519 HTTP/1.1" 200 28 "http://renault.activities.at/result?searchterm=true&search=sandero" "Mozilla/5.0 (Windows NT 10.0; Win64; x64) AppleWebKit/537.36 (KHTML, like Gecko) Chrome/89.0.4389.128 Safari/537.36 Edg/89.0.774.77"
138.21.12.21 - - [21/Apr/2021:08:18:36 +0200] "GET /reload?ser=1618985916237 HTTP/1.1" 200 28 "http://renault.2web.at/account" "Mozilla/5.0 (Windows NT 10.0; Win64; x64) AppleWebKit/537.36 (KHTML, like Gecko) Chrome/89.0.4389.128 Safari/537.36"
80.122.221.194 - - [21/Apr/2021:08:19:16 +0200] "GET /reload?ser=1618985956519 HTTP/1.1" 200 28 "http://renault.activities.at/result?searchterm=true&search=sandero" "Mozilla/5.0 (Windows NT 10.0; Win64; x64) AppleWebKit/537.36 (KHTML, like Gecko) Chrome/89.0.4389.128 Safari/537.36 Edg/89.0.774.77"
138.21.12.21 - - [21/Apr/2021:08:19:38 +0200] "GET /reload?ser=1618985978243 HTTP/1.1" 200 28 "http://renault.2web.at/account" "Mozilla/5.0 (Windows NT 10.0; Win64; x64) AppleWebKit/537.36 (KHTML, like Gecko) Chrome/89.0.4389.128 Safari/537.36"
80.122.221.194 - - [21/Apr/2021:08:20:17 +0200] "GET /reload?ser=1618986017509 HTTP/1.1" 200 28 "http://renault.activities.at/result?searchterm=true&search=sandero" "Mozilla/5.0 (Windows NT 10.0; Win64; x64) AppleWebKit/537.36 (KHTML, like Gecko) Chrome/89.0.4389.128 Safari/537.36 Edg/89.0.774.77"
138.21.12.21 - - [21/Apr/2021:08:20:40 +0200] "GET /reload?ser=1618986040242 HTTP/1.1" 200 28 "http://renault.2web.at/account" "Mozilla/5.0 (Windows NT 10.0; Win64; x64) AppleWebKit/537.36 (KHTML, like Gecko) Chrome/89.0.4389.128 Safari/537.36"
80.122.221.194 - - [21/Apr/2021:08:21:18 +0200] "GET /reload?ser=1618986078518 HTTP/1.1" 200 28 "http://renault.activities.at/result?searchterm=true&search=sandero" "Mozilla/5.0 (Windows NT 10.0; Win64; x64) AppleWebKit/537.36 (KHTML, like Gecko) Chrome/89.0.4389.128 Safari/537.36 Edg/89.0.774.77"
138.21.12.21 - - [21/Apr/2021:08:21:42 +0200] "GET /reload?ser=1618986102244 HTTP/1.1" 200 28 "http://renault.2web.at/account" "Mozilla/5.0 (Windows NT 10.0; Win64; x64) AppleWebKit/537.36 (KHTML, like Gecko) Chrome/89.0.4389.128 Safari/537.36"
80.122.221.194 - - [21/Apr/2021:08:22:19 +0200] "GET /reload?ser=1618986139505 HTTP/1.1" 200 28 "http://renault.activities.at/result?searchterm=true&search=sandero" "Mozilla/5.0 (Windows NT 10.0; Win64; x64) AppleWebKit/537.36 (KHTML, like Gecko) Chrome/89.0.4389.128 Safari/537.36 Edg/89.0.774.77"
212.152.229.244 - - [21/Apr/2021:08:22:33 +0200] "GET / HTTP/1.1" 200 3315 "-" "Mozilla/5.0 (Windows NT 10.0; Win64; x64) AppleWebKit/537.36 (KHTML, like Gecko) Chrome/90.0.4430.85 Safari/537.36"
212.152.229.244 - - [21/Apr/2021:08:22:34 +0200] "GET /js/default.js HTTP/1.1" 200 14698 "http://renault.activities.at/" "Mozilla/5.0 (Windows NT 10.0; Win64; x64) AppleWebKit/537.36 (KHTML, like Gecko) Chrome/90.0.4430.85 Safari/537.36"
212.152.229.244 - - [21/Apr/2021:08:22:34 +0200] "GET /css/reset.css HTTP/1.1" 200 1356 "http://renault.activities.at/" "Mozilla/5.0 (Windows NT 10.0; Win64; x64) AppleWebKit/537.36 (KHTML, like Gecko) Chrome/90.0.4430.85 Safari/537.36"
212.152.229.244 - - [21/Apr/2021:08:22:34 +0200] "GET /css/clears.css HTTP/1.1" 200 851 "http://renault.activities.at/" "Mozilla/5.0 (Windows NT 10.0; Win64; x64) AppleWebKit/537.36 (KHTML, like Gecko) Chrome/90.0.4430.85 Safari/537.36"
212.152.229.244 - - [21/Apr/2021:08:22:34 +0200] "GET /css/styles.css HTTP/1.1" 200 14664 "http://renault.activities.at/" "Mozilla/5.0 (Windows NT 10.0; Win64; x64) AppleWebKit/537.36 (KHTML, like Gecko) Chrome/90.0.4430.85 Safari/537.36"
212.152.229.244 - - [21/Apr/2021:08:22:34 +0200] "GET /css/prototip.css HTTP/1.1" 200 968 "http://renault.activities.at/" "Mozilla/5.0 (Windows NT 10.0; Win64; x64) AppleWebKit/537.36 (KHTML, like Gecko) Chrome/90.0.4430.85 Safari/537.36"
212.152.229.244 - - [21/Apr/2021:08:22:34 +0200] "GET /js/checkout.css HTTP/1.1" 200 359 "http://renault.activities.at/" "Mozilla/5.0 (Windows NT 10.0; Win64; x64) AppleWebKit/537.36 (KHTML, like Gecko) Chrome/90.0.4430.85 Safari/537.36"
212.152.229.244 - - [21/Apr/2021:08:22:34 +0200] "GET /css/themes/default.css HTTP/1.1" 200 769 "http://renault.activities.at/" "Mozilla/5.0 (Windows NT 10.0; Win64; x64) AppleWebKit/537.36 (KHTML, like Gecko) Chrome/90.0.4430.85 Safari/537.36"
212.152.229.244 - - [21/Apr/2021:08:22:34 +0200] "GET /css/themes/alphacube.css HTTP/1.1" 200 743 "http://renault.activities.at/" "Mozilla/5.0 (Windows NT 10.0; Win64; x64) AppleWebKit/537.36 (KHTML, like Gecko) Chrome/90.0.4430.85 Safari/537.36"
212.152.229.244 - - [21/Apr/2021:08:22:34 +0200] "GET /js/flashdetection.js HTTP/1.1" 200 1059 "http://renault.activities.at/" "Mozilla/5.0 (Windows NT 10.0; Win64; x64) AppleWebKit/537.36 (KHTML, like Gecko) Chrome/90.0.4430.85 Safari/537.36"
212.152.229.244 - - [21/Apr/2021:08:22:34 +0200] "GET /js/index.php?c=auto&f=,prototype/prototype.js,prototype/validation.js,scriptaculous/builder.js,scriptaculous/effects.js,scriptaculous/dragdrop.js,scriptaculous/controls.js,scriptaculous/slider.js,varien/js.js,varien/form.js,varien/menu.js,mage/translate.js,mage/cookies.js,varien/product.js,spinner/SpinnerControl.jsmin.js,prototype/window.js,prototype/window_ext.js HTTP/1.1" 200 94182 "http://renault.activities.at/" "Mozilla/5.0 (Windows NT 10.0; Win64; x64) AppleWebKit/537.36 (KHTML, like Gecko) Chrome/90.0.4430.85 Safari/537.36"
212.152.229.244 - - [21/Apr/2021:08:22:34 +0200] "GET /images/main_block_border.gif HTTP/1.1" 200 43 "http://renault.activities.at/css/styles.css" "Mozilla/5.0 (Windows NT 10.0; Win64; x64) AppleWebKit/537.36 (KHTML, like Gecko) Chrome/90.0.4430.85 Safari/537.36"
212.152.229.244 - - [21/Apr/2021:08:22:34 +0200] "GET /images/main_block_corner_left_bot.gif HTTP/1.1" 200 159 "http://renault.activities.at/css/styles.css" "Mozilla/5.0 (Windows NT 10.0; Win64; x64) AppleWebKit/537.36 (KHTML, like Gecko) Chrome/90.0.4430.85 Safari/537.36"
212.152.229.244 - - [21/Apr/2021:08:22:34 +0200] "GET /images/main_block_corner_right_bot.gif HTTP/1.1" 200 158 "http://renault.activities.at/css/styles.css" "Mozilla/5.0 (Windows NT 10.0; Win64; x64) AppleWebKit/537.36 (KHTML, like Gecko) Chrome/90.0.4430.85 Safari/537.36"
212.152.229.244 - - [21/Apr/2021:08:22:34 +0200] "GET /images/header_block_border.gif HTTP/1.1" 200 43 "http://renault.activities.at/css/styles.css" "Mozilla/5.0 (Windows NT 10.0; Win64; x64) AppleWebKit/537.36 (KHTML, like Gecko) Chrome/90.0.4430.85 Safari/537.36"
212.152.229.244 - - [21/Apr/2021:08:22:34 +0200] "GET /images/header_block_corner_left_top.gif HTTP/1.1" 200 160 "http://renault.activities.at/css/styles.css" "Mozilla/5.0 (Windows NT 10.0; Win64; x64) AppleWebKit/537.36 (KHTML, like Gecko) Chrome/90.0.4430.85 Safari/537.36"
212.152.229.244 - - [21/Apr/2021:08:22:34 +0200] "GET /css/print.css HTTP/1.1" 200 543 "http://renault.activities.at/" "Mozilla/5.0 (Windows NT 10.0; Win64; x64) AppleWebKit/537.36 (KHTML, like Gecko) Chrome/90.0.4430.85 Safari/537.36"
212.152.229.244 - - [21/Apr/2021:08:22:34 +0200] "GET /images/header_block_corner_right_top.gif HTTP/1.1" 200 160 "http://renault.activities.at/css/styles.css" "Mozilla/5.0 (Windows NT 10.0; Win64; x64) AppleWebKit/537.36 (KHTML, like Gecko) Chrome/90.0.4430.85 Safari/537.36"
212.152.229.244 - - [21/Apr/2021:08:22:34 +0200] "GET /images/main_block_corner_left_top.gif HTTP/1.1" 200 159 "http://renault.activities.at/css/styles.css" "Mozilla/5.0 (Windows NT 10.0; Win64; x64) AppleWebKit/537.36 (KHTML, like Gecko) Chrome/90.0.4430.85 Safari/537.36"
212.152.229.244 - - [21/Apr/2021:08:22:34 +0200] "GET /images/title_border.jpg HTTP/1.1" 200 304 "http://renault.activities.at/css/styles.css" "Mozilla/5.0 (Windows NT 10.0; Win64; x64) AppleWebKit/537.36 (KHTML, like Gecko) Chrome/90.0.4430.85 Safari/537.36"
212.152.229.244 - - [21/Apr/2021:08:22:34 +0200] "GET /images/main_block_corner_right_top.gif HTTP/1.1" 200 159 "http://renault.activities.at/css/styles.css" "Mozilla/5.0 (Windows NT 10.0; Win64; x64) AppleWebKit/537.36 (KHTML, like Gecko) Chrome/90.0.4430.85 Safari/537.36"
212.152.229.244 - - [21/Apr/2021:08:22:34 +0200] "GET /images/title_border_top.jpg HTTP/1.1" 200 336 "http://renault.activities.at/css/styles.css" "Mozilla/5.0 (Windows NT 10.0; Win64; x64) AppleWebKit/537.36 (KHTML, like Gecko) Chrome/90.0.4430.85 Safari/537.36"
212.152.229.244 - - [21/Apr/2021:08:22:34 +0200] "GET /images/title_corner_left_top.jpg HTTP/1.1" 200 372 "http://renault.activities.at/css/styles.css" "Mozilla/5.0 (Windows NT 10.0; Win64; x64) AppleWebKit/537.36 (KHTML, like Gecko) Chrome/90.0.4430.85 Safari/537.36"
212.152.229.244 - - [21/Apr/2021:08:22:34 +0200] "GET /images/title_corner_right_top.jpg HTTP/1.1" 200 389 "http://renault.activities.at/css/styles.css" "Mozilla/5.0 (Windows NT 10.0; Win64; x64) AppleWebKit/537.36 (KHTML, like Gecko) Chrome/90.0.4430.85 Safari/537.36"
212.152.229.244 - - [21/Apr/2021:08:22:34 +0200] "GET /loadthumbnail.php?id=11127982 HTTP/1.1" 200 399614 "http://renault.activities.at/" "Mozilla/5.0 (Windows NT 10.0; Win64; x64) AppleWebKit/537.36 (KHTML, like Gecko) Chrome/90.0.4430.85 Safari/537.36"
212.152.229.244 - - [21/Apr/2021:08:22:34 +0200] "GET /images/favicon.ico HTTP/1.1" 404 305 "http://renault.activities.at/" "Mozilla/5.0 (Windows NT 10.0; Win64; x64) AppleWebKit/537.36 (KHTML, like Gecko) Chrome/90.0.4430.85 Safari/537.36"
138.21.12.21 - - [21/Apr/2021:08:22:44 +0200] "GET /reload?ser=1618986164246 HTTP/1.1" 200 28 "http://renault.2web.at/account" "Mozilla/5.0 (Windows NT 10.0; Win64; x64) AppleWebKit/537.36 (KHTML, like Gecko) Chrome/89.0.4389.128 Safari/537.36"
80.122.221.194 - - [21/Apr/2021:08:23:20 +0200] "GET /reload?ser=1618986200516 HTTP/1.1" 200 28 "http://renault.activities.at/result?searchterm=true&search=sandero" "Mozilla/5.0 (Windows NT 10.0; Win64; x64) AppleWebKit/537.36 (KHTML, like Gecko) Chrome/89.0.4389.128 Safari/537.36 Edg/89.0.774.77"
212.152.229.244 - - [21/Apr/2021:08:23:34 +0200] "GET /reload?ser=1618986212611 HTTP/1.1" 200 28 "http://renault.activities.at/" "Mozilla/5.0 (Windows NT 10.0; Win64; x64) AppleWebKit/537.36 (KHTML, like Gecko) Chrome/90.0.4430.85 Safari/537.36"
138.21.12.21 - - [21/Apr/2021:08:23:46 +0200] "GET /reload?ser=1618986226252 HTTP/1.1" 200 28 "http://renault.2web.at/account" "Mozilla/5.0 (Windows NT 10.0; Win64; x64) AppleWebKit/537.36 (KHTML, like Gecko) Chrome/89.0.4389.128 Safari/537.36"
80.122.221.194 - - [21/Apr/2021:08:24:21 +0200] "GET /reload?ser=1618986261510 HTTP/1.1" 200 28 "http://renault.activities.at/result?searchterm=true&search=sandero" "Mozilla/5.0 (Windows NT 10.0; Win64; x64) AppleWebKit/537.36 (KHTML, like Gecko) Chrome/89.0.4389.128 Safari/537.36 Edg/89.0.774.77"
212.152.229.244 - - [21/Apr/2021:08:24:36 +0200] "GET /reload?ser=1618986273890 HTTP/1.1" 200 28 "http://renault.activities.at/" "Mozilla/5.0 (Windows NT 10.0; Win64; x64) AppleWebKit/537.36 (KHTML, like Gecko) Chrome/90.0.4430.85 Safari/537.36"
138.21.12.21 - - [21/Apr/2021:08:24:48 +0200] "GET /reload?ser=1618986288248 HTTP/1.1" 200 28 "http://renault.2web.at/account" "Mozilla/5.0 (Windows NT 10.0; Win64; x64) AppleWebKit/537.36 (KHTML, like Gecko) Chrome/89.0.4389.128 Safari/537.36"
80.122.221.194 - - [21/Apr/2021:08:25:22 +0200] "GET /reload?ser=1618986322514 HTTP/1.1" 200 28 "http://renault.activities.at/result?searchterm=true&search=sandero" "Mozilla/5.0 (Windows NT 10.0; Win64; x64) AppleWebKit/537.36 (KHTML, like Gecko) Chrome/89.0.4389.128 Safari/537.36 Edg/89.0.774.77"
212.152.229.244 - - [21/Apr/2021:08:25:37 +0200] "GET /reload?ser=1618986334883 HTTP/1.1" 200 28 "http://renault.activities.at/" "Mozilla/5.0 (Windows NT 10.0; Win64; x64) AppleWebKit/537.36 (KHTML, like Gecko) Chrome/90.0.4430.85 Safari/537.36"
138.21.12.21 - - [21/Apr/2021:08:25:50 +0200] "GET /reload?ser=1618986350249 HTTP/1.1" 200 28 "http://renault.2web.at/account" "Mozilla/5.0 (Windows NT 10.0; Win64; x64) AppleWebKit/537.36 (KHTML, like Gecko) Chrome/89.0.4389.128 Safari/537.36"
80.122.221.194 - - [21/Apr/2021:08:26:23 +0200] "GET /reload?ser=1618986383505 HTTP/1.1" 200 28 "http://renault.activities.at/result?searchterm=true&search=sandero" "Mozilla/5.0 (Windows NT 10.0; Win64; x64) AppleWebKit/537.36 (KHTML, like Gecko) Chrome/89.0.4389.128 Safari/537.36 Edg/89.0.774.77"
212.152.229.244 - - [21/Apr/2021:08:26:38 +0200] "GET /reload?ser=1618986395890 HTTP/1.1" 200 28 "http://renault.activities.at/" "Mozilla/5.0 (Windows NT 10.0; Win64; x64) AppleWebKit/537.36 (KHTML, like Gecko) Chrome/90.0.4430.85 Safari/537.36"
138.21.12.21 - - [21/Apr/2021:08:26:52 +0200] "GET /reload?ser=1618986412250 HTTP/1.1" 200 28 "http://renault.2web.at/account" "Mozilla/5.0 (Windows NT 10.0; Win64; x64) AppleWebKit/537.36 (KHTML, like Gecko) Chrome/89.0.4389.128 Safari/537.36"
80.122.221.194 - - [21/Apr/2021:08:27:24 +0200] "GET /reload?ser=1618986444506 HTTP/1.1" 200 28 "http://renault.activities.at/result?searchterm=true&search=sandero" "Mozilla/5.0 (Windows NT 10.0; Win64; x64) AppleWebKit/537.36 (KHTML, like Gecko) Chrome/89.0.4389.128 Safari/537.36 Edg/89.0.774.77"
212.152.229.244 - - [21/Apr/2021:08:27:39 +0200] "GET /reload?ser=1618986456881 HTTP/1.1" 200 28 "http://renault.activities.at/" "Mozilla/5.0 (Windows NT 10.0; Win64; x64) AppleWebKit/537.36 (KHTML, like Gecko) Chrome/90.0.4430.85 Safari/537.36"
138.21.12.21 - - [21/Apr/2021:08:27:54 +0200] "GET /reload?ser=1618986474260 HTTP/1.1" 200 28 "http://renault.2web.at/account" "Mozilla/5.0 (Windows NT 10.0; Win64; x64) AppleWebKit/537.36 (KHTML, like Gecko) Chrome/89.0.4389.128 Safari/537.36"
80.122.221.194 - - [21/Apr/2021:08:28:25 +0200] "GET /reload?ser=1618986505511 HTTP/1.1" 200 28 "http://renault.activities.at/result?searchterm=true&search=sandero" "Mozilla/5.0 (Windows NT 10.0; Win64; x64) AppleWebKit/537.36 (KHTML, like Gecko) Chrome/89.0.4389.128 Safari/537.36 Edg/89.0.774.77"
212.152.229.244 - - [21/Apr/2021:08:28:40 +0200] "GET /reload?ser=1618986517892 HTTP/1.1" 200 28 "http://renault.activities.at/" "Mozilla/5.0 (Windows NT 10.0; Win64; x64) AppleWebKit/537.36 (KHTML, like Gecko) Chrome/90.0.4430.85 Safari/537.36"
138.21.12.21 - - [21/Apr/2021:08:28:56 +0200] "GET /reload?ser=1618986536251 HTTP/1.1" 200 28 "http://renault.2web.at/account" "Mozilla/5.0 (Windows NT 10.0; Win64; x64) AppleWebKit/537.36 (KHTML, like Gecko) Chrome/89.0.4389.128 Safari/537.36"
80.122.221.194 - - [21/Apr/2021:08:29:26 +0200] "GET /reload?ser=1618986566508 HTTP/1.1" 200 28 "http://renault.activities.at/result?searchterm=true&search=sandero" "Mozilla/5.0 (Windows NT 10.0; Win64; x64) AppleWebKit/537.36 (KHTML, like Gecko) Chrome/89.0.4389.128 Safari/537.36 Edg/89.0.774.77"
212.152.229.244 - - [21/Apr/2021:08:29:41 +0200] "GET /reload?ser=1618986578884 HTTP/1.1" 200 28 "http://renault.activities.at/" "Mozilla/5.0 (Windows NT 10.0; Win64; x64) AppleWebKit/537.36 (KHTML, like Gecko) Chrome/90.0.4430.85 Safari/537.36"
138.21.12.21 - - [21/Apr/2021:08:29:58 +0200] "GET /reload?ser=1618986598285 HTTP/1.1" 200 28 "http://renault.2web.at/account" "Mozilla/5.0 (Windows NT 10.0; Win64; x64) AppleWebKit/537.36 (KHTML, like Gecko) Chrome/89.0.4389.128 Safari/537.36"
80.122.221.194 - - [21/Apr/2021:08:30:27 +0200] "GET /reload?ser=1618986627509 HTTP/1.1" 200 28 "http://renault.activities.at/result?searchterm=true&search=sandero" "Mozilla/5.0 (Windows NT 10.0; Win64; x64) AppleWebKit/537.36 (KHTML, like Gecko) Chrome/89.0.4389.128 Safari/537.36 Edg/89.0.774.77"
212.152.229.244 - - [21/Apr/2021:08:30:41 +0200] "GET /reload?ser=1618986639521 HTTP/1.1" 200 28 "http://renault.activities.at/" "Mozilla/5.0 (Windows NT 10.0; Win64; x64) AppleWebKit/537.36 (KHTML, like Gecko) Chrome/90.0.4430.85 Safari/537.36"
138.21.12.21 - - [21/Apr/2021:08:31:00 +0200] "GET /reload?ser=1618986660251 HTTP/1.1" 200 28 "http://renault.2web.at/account" "Mozilla/5.0 (Windows NT 10.0; Win64; x64) AppleWebKit/537.36 (KHTML, like Gecko) Chrome/89.0.4389.128 Safari/537.36"
80.122.221.194 - - [21/Apr/2021:08:31:28 +0200] "GET /reload?ser=1618986688505 HTTP/1.1" 200 28 "http://renault.activities.at/result?searchterm=true&search=sandero" "Mozilla/5.0 (Windows NT 10.0; Win64; x64) AppleWebKit/537.36 (KHTML, like Gecko) Chrome/89.0.4389.128 Safari/537.36 Edg/89.0.774.77"
212.152.229.244 - - [21/Apr/2021:08:31:42 +0200] "GET /reload?ser=1618986700183 HTTP/1.1" 200 28 "http://renault.activities.at/" "Mozilla/5.0 (Windows NT 10.0; Win64; x64) AppleWebKit/537.36 (KHTML, like Gecko) Chrome/90.0.4430.85 Safari/537.36"
138.21.12.21 - - [21/Apr/2021:08:32:02 +0200] "GET /reload?ser=1618986722252 HTTP/1.1" 200 28 "http://renault.2web.at/account" "Mozilla/5.0 (Windows NT 10.0; Win64; x64) AppleWebKit/537.36 (KHTML, like Gecko) Chrome/89.0.4389.128 Safari/537.36"
80.122.221.194 - - [21/Apr/2021:08:32:29 +0200] "GET /reload?ser=1618986749514 HTTP/1.1" 200 28 "http://renault.activities.at/result?searchterm=true&search=sandero" "Mozilla/5.0 (Windows NT 10.0; Win64; x64) AppleWebKit/537.36 (KHTML, like Gecko) Chrome/89.0.4389.128 Safari/537.36 Edg/89.0.774.77"
212.152.229.244 - - [21/Apr/2021:08:32:43 +0200] "GET /reload?ser=1618986760831 HTTP/1.1" 200 28 "http://renault.activities.at/" "Mozilla/5.0 (Windows NT 10.0; Win64; x64) AppleWebKit/537.36 (KHTML, like Gecko) Chrome/90.0.4430.85 Safari/537.36"
138.21.12.21 - - [21/Apr/2021:08:33:04 +0200] "GET /reload?ser=1618986784253 HTTP/1.1" 200 28 "http://renault.2web.at/account" "Mozilla/5.0 (Windows NT 10.0; Win64; x64) AppleWebKit/537.36 (KHTML, like Gecko) Chrome/89.0.4389.128 Safari/537.36"
80.122.221.194 - - [21/Apr/2021:08:33:30 +0200] "GET /reload?ser=1618986810515 HTTP/1.1" 200 28 "http://renault.activities.at/result?searchterm=true&search=sandero" "Mozilla/5.0 (Windows NT 10.0; Win64; x64) AppleWebKit/537.36 (KHTML, like Gecko) Chrome/89.0.4389.128 Safari/537.36 Edg/89.0.774.77"
212.152.229.244 - - [21/Apr/2021:08:33:43 +0200] "GET /reload?ser=1618986821476 HTTP/1.1" 200 28 "http://renault.activities.at/" "Mozilla/5.0 (Windows NT 10.0; Win64; x64) AppleWebKit/537.36 (KHTML, like Gecko) Chrome/90.0.4430.85 Safari/537.36"
138.21.12.21 - - [21/Apr/2021:08:34:06 +0200] "GET /reload?ser=1618986846253 HTTP/1.1" 200 28 "http://renault.2web.at/account" "Mozilla/5.0 (Windows NT 10.0; Win64; x64) AppleWebKit/537.36 (KHTML, like Gecko) Chrome/89.0.4389.128 Safari/537.36"
80.122.221.194 - - [21/Apr/2021:08:34:31 +0200] "GET /reload?ser=1618986871519 HTTP/1.1" 200 28 "http://renault.activities.at/result?searchterm=true&search=sandero" "Mozilla/5.0 (Windows NT 10.0; Win64; x64) AppleWebKit/537.36 (KHTML, like Gecko) Chrome/89.0.4389.128 Safari/537.36 Edg/89.0.774.77"
212.152.229.244 - - [21/Apr/2021:08:34:45 +0200] "GET /reload?ser=1618986882882 HTTP/1.1" 200 28 "http://renault.activities.at/" "Mozilla/5.0 (Windows NT 10.0; Win64; x64) AppleWebKit/537.36 (KHTML, like Gecko) Chrome/90.0.4430.85 Safari/537.36"
138.21.12.21 - - [21/Apr/2021:08:35:08 +0200] "GET /reload?ser=1618986908252 HTTP/1.1" 200 28 "http://renault.2web.at/account" "Mozilla/5.0 (Windows NT 10.0; Win64; x64) AppleWebKit/537.36 (KHTML, like Gecko) Chrome/89.0.4389.128 Safari/537.36"
80.122.221.194 - - [21/Apr/2021:08:35:32 +0200] "GET /reload?ser=1618986932520 HTTP/1.1" 200 28 "http://renault.activities.at/result?searchterm=true&search=sandero" "Mozilla/5.0 (Windows NT 10.0; Win64; x64) AppleWebKit/537.36 (KHTML, like Gecko) Chrome/89.0.4389.128 Safari/537.36 Edg/89.0.774.77"
212.152.229.244 - - [21/Apr/2021:08:35:46 +0200] "GET /reload?ser=1618986943886 HTTP/1.1" 200 28 "http://renault.activities.at/" "Mozilla/5.0 (Windows NT 10.0; Win64; x64) AppleWebKit/537.36 (KHTML, like Gecko) Chrome/90.0.4430.85 Safari/537.36"
138.21.12.21 - - [21/Apr/2021:08:36:10 +0200] "GET /reload?ser=1618986970258 HTTP/1.1" 200 28 "http://renault.2web.at/account" "Mozilla/5.0 (Windows NT 10.0; Win64; x64) AppleWebKit/537.36 (KHTML, like Gecko) Chrome/89.0.4389.128 Safari/537.36"
80.122.221.194 - - [21/Apr/2021:08:36:33 +0200] "GET /reload?ser=1618986993509 HTTP/1.1" 200 28 "http://renault.activities.at/result?searchterm=true&search=sandero" "Mozilla/5.0 (Windows NT 10.0; Win64; x64) AppleWebKit/537.36 (KHTML, like Gecko) Chrome/89.0.4389.128 Safari/537.36 Edg/89.0.774.77"
212.152.229.244 - - [21/Apr/2021:08:36:47 +0200] "GET /reload?ser=1618987004891 HTTP/1.1" 200 28 "http://renault.activities.at/" "Mozilla/5.0 (Windows NT 10.0; Win64; x64) AppleWebKit/537.36 (KHTML, like Gecko) Chrome/90.0.4430.85 Safari/537.36"
138.21.12.21 - - [21/Apr/2021:08:37:12 +0200] "GET /reload?ser=1618987032264 HTTP/1.1" 200 28 "http://renault.2web.at/account" "Mozilla/5.0 (Windows NT 10.0; Win64; x64) AppleWebKit/537.36 (KHTML, like Gecko) Chrome/89.0.4389.128 Safari/537.36"
80.122.221.194 - - [21/Apr/2021:08:37:34 +0200] "GET /reload?ser=1618987054519 HTTP/1.1" 200 28 "http://renault.activities.at/result?searchterm=true&search=sandero" "Mozilla/5.0 (Windows NT 10.0; Win64; x64) AppleWebKit/537.36 (KHTML, like Gecko) Chrome/89.0.4389.128 Safari/537.36 Edg/89.0.774.77"
212.152.229.244 - - [21/Apr/2021:08:37:48 +0200] "GET /reload?ser=1618987065882 HTTP/1.1" 200 28 "http://renault.activities.at/" "Mozilla/5.0 (Windows NT 10.0; Win64; x64) AppleWebKit/537.36 (KHTML, like Gecko) Chrome/90.0.4430.85 Safari/537.36"
138.21.12.21 - - [21/Apr/2021:08:38:14 +0200] "GET /reload?ser=1618987094269 HTTP/1.1" 200 28 "http://renault.2web.at/account" "Mozilla/5.0 (Windows NT 10.0; Win64; x64) AppleWebKit/537.36 (KHTML, like Gecko) Chrome/89.0.4389.128 Safari/537.36"
80.122.221.194 - - [21/Apr/2021:08:38:35 +0200] "GET /reload?ser=1618987115505 HTTP/1.1" 200 28 "http://renault.activities.at/result?searchterm=true&search=sandero" "Mozilla/5.0 (Windows NT 10.0; Win64; x64) AppleWebKit/537.36 (KHTML, like Gecko) Chrome/89.0.4389.128 Safari/537.36 Edg/89.0.774.77"
212.152.229.244 - - [21/Apr/2021:08:38:49 +0200] "GET /reload?ser=1618987126890 HTTP/1.1" 200 28 "http://renault.activities.at/" "Mozilla/5.0 (Windows NT 10.0; Win64; x64) AppleWebKit/537.36 (KHTML, like Gecko) Chrome/90.0.4430.85 Safari/537.36"
138.21.12.21 - - [21/Apr/2021:08:39:16 +0200] "GET /reload?ser=1618987156274 HTTP/1.1" 200 28 "http://renault.2web.at/account" "Mozilla/5.0 (Windows NT 10.0; Win64; x64) AppleWebKit/537.36 (KHTML, like Gecko) Chrome/89.0.4389.128 Safari/537.36"
80.122.221.194 - - [21/Apr/2021:08:39:36 +0200] "GET /reload?ser=1618987176510 HTTP/1.1" 200 28 "http://renault.activities.at/result?searchterm=true&search=sandero" "Mozilla/5.0 (Windows NT 10.0; Win64; x64) AppleWebKit/537.36 (KHTML, like Gecko) Chrome/89.0.4389.128 Safari/537.36 Edg/89.0.774.77"
212.152.229.244 - - [21/Apr/2021:08:39:50 +0200] "GET /reload?ser=1618987187878 HTTP/1.1" 200 28 "http://renault.activities.at/" "Mozilla/5.0 (Windows NT 10.0; Win64; x64) AppleWebKit/537.36 (KHTML, like Gecko) Chrome/90.0.4430.85 Safari/537.36"
138.21.12.21 - - [21/Apr/2021:08:40:18 +0200] "GET /reload?ser=1618987218280 HTTP/1.1" 200 28 "http://renault.2web.at/account" "Mozilla/5.0 (Windows NT 10.0; Win64; x64) AppleWebKit/537.36 (KHTML, like Gecko) Chrome/89.0.4389.128 Safari/537.36"
80.122.221.194 - - [21/Apr/2021:08:40:37 +0200] "GET /reload?ser=1618987237518 HTTP/1.1" 200 28 "http://renault.activities.at/result?searchterm=true&search=sandero" "Mozilla/5.0 (Windows NT 10.0; Win64; x64) AppleWebKit/537.36 (KHTML, like Gecko) Chrome/89.0.4389.128 Safari/537.36 Edg/89.0.774.77"
212.152.229.244 - - [21/Apr/2021:08:40:51 +0200] "GET /reload?ser=1618987248877 HTTP/1.1" 200 28 "http://renault.activities.at/" "Mozilla/5.0 (Windows NT 10.0; Win64; x64) AppleWebKit/537.36 (KHTML, like Gecko) Chrome/90.0.4430.85 Safari/537.36"
138.21.12.21 - - [21/Apr/2021:08:41:20 +0200] "GET /reload?ser=1618987280281 HTTP/1.1" 200 28 "http://renault.2web.at/account" "Mozilla/5.0 (Windows NT 10.0; Win64; x64) AppleWebKit/537.36 (KHTML, like Gecko) Chrome/89.0.4389.128 Safari/537.36"
80.122.221.194 - - [21/Apr/2021:08:41:38 +0200] "GET /reload?ser=1618987298511 HTTP/1.1" 200 28 "http://renault.activities.at/result?searchterm=true&search=sandero" "Mozilla/5.0 (Windows NT 10.0; Win64; x64) AppleWebKit/537.36 (KHTML, like Gecko) Chrome/89.0.4389.128 Safari/537.36 Edg/89.0.774.77"
212.152.229.244 - - [21/Apr/2021:08:41:52 +0200] "GET /reload?ser=1618987309891 HTTP/1.1" 200 28 "http://renault.activities.at/" "Mozilla/5.0 (Windows NT 10.0; Win64; x64) AppleWebKit/537.36 (KHTML, like Gecko) Chrome/90.0.4430.85 Safari/537.36"
138.21.12.21 - - [21/Apr/2021:08:42:22 +0200] "GET /reload?ser=1618987342286 HTTP/1.1" 200 28 "http://renault.2web.at/account" "Mozilla/5.0 (Windows NT 10.0; Win64; x64) AppleWebKit/537.36 (KHTML, like Gecko) Chrome/89.0.4389.128 Safari/537.36"
80.122.221.194 - - [21/Apr/2021:08:42:39 +0200] "GET /reload?ser=1618987359519 HTTP/1.1" 200 28 "http://renault.activities.at/result?searchterm=true&search=sandero" "Mozilla/5.0 (Windows NT 10.0; Win64; x64) AppleWebKit/537.36 (KHTML, like Gecko) Chrome/89.0.4389.128 Safari/537.36 Edg/89.0.774.77"
212.152.229.244 - - [21/Apr/2021:08:42:53 +0200] "GET /reload?ser=1618987373252 HTTP/1.1" 200 28 "http://renault.activities.at/" "Mozilla/5.0 (Windows NT 10.0; Win64; x64) AppleWebKit/537.36 (KHTML, like Gecko) Chrome/90.0.4430.85 Safari/537.36"
138.21.12.21 - - [21/Apr/2021:08:43:24 +0200] "GET /reload?ser=1618987404401 HTTP/1.1" 200 28 "http://renault.2web.at/account" "Mozilla/5.0 (Windows NT 10.0; Win64; x64) AppleWebKit/537.36 (KHTML, like Gecko) Chrome/89.0.4389.128 Safari/537.36"
80.122.221.194 - - [21/Apr/2021:08:43:40 +0200] "GET /reload?ser=1618987420516 HTTP/1.1" 200 28 "http://renault.activities.at/result?searchterm=true&search=sandero" "Mozilla/5.0 (Windows NT 10.0; Win64; x64) AppleWebKit/537.36 (KHTML, like Gecko) Chrome/89.0.4389.128 Safari/537.36 Edg/89.0.774.77"
212.152.229.244 - - [21/Apr/2021:08:43:54 +0200] "GET /reload?ser=1618987434248 HTTP/1.1" 200 28 "http://renault.activities.at/" "Mozilla/5.0 (Windows NT 10.0; Win64; x64) AppleWebKit/537.36 (KHTML, like Gecko) Chrome/90.0.4430.85 Safari/537.36"
138.21.12.21 - - [21/Apr/2021:08:44:26 +0200] "GET /reload?ser=1618987466289 HTTP/1.1" 200 28 "http://renault.2web.at/account" "Mozilla/5.0 (Windows NT 10.0; Win64; x64) AppleWebKit/537.36 (KHTML, like Gecko) Chrome/89.0.4389.128 Safari/537.36"
80.122.221.194 - - [21/Apr/2021:08:44:41 +0200] "GET /reload?ser=1618987481508 HTTP/1.1" 200 28 "http://renault.activities.at/result?searchterm=true&search=sandero" "Mozilla/5.0 (Windows NT 10.0; Win64; x64) AppleWebKit/537.36 (KHTML, like Gecko) Chrome/89.0.4389.128 Safari/537.36 Edg/89.0.774.77"
212.152.229.244 - - [21/Apr/2021:08:44:55 +0200] "GET /reload?ser=1618987495244 HTTP/1.1" 200 28 "http://renault.activities.at/" "Mozilla/5.0 (Windows NT 10.0; Win64; x64) AppleWebKit/537.36 (KHTML, like Gecko) Chrome/90.0.4430.85 Safari/537.36"
138.21.12.21 - - [21/Apr/2021:08:45:28 +0200] "GET /reload?ser=1618987528289 HTTP/1.1" 200 28 "http://renault.2web.at/account" "Mozilla/5.0 (Windows NT 10.0; Win64; x64) AppleWebKit/537.36 (KHTML, like Gecko) Chrome/89.0.4389.128 Safari/537.36"
80.122.221.194 - - [21/Apr/2021:08:45:42 +0200] "GET /reload?ser=1618987542509 HTTP/1.1" 200 28 "http://renault.activities.at/result?searchterm=true&search=sandero" "Mozilla/5.0 (Windows NT 10.0; Win64; x64) AppleWebKit/537.36 (KHTML, like Gecko) Chrome/89.0.4389.128 Safari/537.36 Edg/89.0.774.77"
212.152.229.244 - - [21/Apr/2021:08:45:56 +0200] "GET /reload?ser=1618987556242 HTTP/1.1" 200 28 "http://renault.activities.at/" "Mozilla/5.0 (Windows NT 10.0; Win64; x64) AppleWebKit/537.36 (KHTML, like Gecko) Chrome/90.0.4430.85 Safari/537.36"
138.21.12.21 - - [21/Apr/2021:08:46:30 +0200] "GET /reload?ser=1618987590291 HTTP/1.1" 200 28 "http://renault.2web.at/account" "Mozilla/5.0 (Windows NT 10.0; Win64; x64) AppleWebKit/537.36 (KHTML, like Gecko) Chrome/89.0.4389.128 Safari/537.36"
80.122.221.194 - - [21/Apr/2021:08:46:43 +0200] "GET /reload?ser=1618987603506 HTTP/1.1" 200 28 "http://renault.activities.at/result?searchterm=true&search=sandero" "Mozilla/5.0 (Windows NT 10.0; Win64; x64) AppleWebKit/537.36 (KHTML, like Gecko) Chrome/89.0.4389.128 Safari/537.36 Edg/89.0.774.77"
212.152.229.244 - - [21/Apr/2021:08:46:57 +0200] "GET /reload?ser=1618987617242 HTTP/1.1" 200 28 "http://renault.activities.at/" "Mozilla/5.0 (Windows NT 10.0; Win64; x64) AppleWebKit/537.36 (KHTML, like Gecko) Chrome/90.0.4430.85 Safari/537.36"
138.21.12.21 - - [21/Apr/2021:08:47:32 +0200] "GET /reload?ser=1618987652291 HTTP/1.1" 200 28 "http://renault.2web.at/account" "Mozilla/5.0 (Windows NT 10.0; Win64; x64) AppleWebKit/537.36 (KHTML, like Gecko) Chrome/89.0.4389.128 Safari/537.36"
80.122.221.194 - - [21/Apr/2021:08:47:44 +0200] "GET /reload?ser=1618987664505 HTTP/1.1" 200 28 "http://renault.activities.at/result?searchterm=true&search=sandero" "Mozilla/5.0 (Windows NT 10.0; Win64; x64) AppleWebKit/537.36 (KHTML, like Gecko) Chrome/89.0.4389.128 Safari/537.36 Edg/89.0.774.77"
212.152.229.244 - - [21/Apr/2021:08:47:58 +0200] "GET /reload?ser=1618987678240 HTTP/1.1" 200 28 "http://renault.activities.at/" "Mozilla/5.0 (Windows NT 10.0; Win64; x64) AppleWebKit/537.36 (KHTML, like Gecko) Chrome/90.0.4430.85 Safari/537.36"
138.21.12.21 - - [21/Apr/2021:08:48:34 +0200] "GET /reload?ser=1618987714294 HTTP/1.1" 200 28 "http://renault.2web.at/account" "Mozilla/5.0 (Windows NT 10.0; Win64; x64) AppleWebKit/537.36 (KHTML, like Gecko) Chrome/89.0.4389.128 Safari/537.36"
80.122.221.194 - - [21/Apr/2021:08:48:45 +0200] "GET /reload?ser=1618987725511 HTTP/1.1" 200 28 "http://renault.activities.at/result?searchterm=true&search=sandero" "Mozilla/5.0 (Windows NT 10.0; Win64; x64) AppleWebKit/537.36 (KHTML, like Gecko) Chrome/89.0.4389.128 Safari/537.36 Edg/89.0.774.77"
212.152.229.244 - - [21/Apr/2021:08:48:59 +0200] "GET /reload?ser=1618987739246 HTTP/1.1" 200 28 "http://renault.activities.at/" "Mozilla/5.0 (Windows NT 10.0; Win64; x64) AppleWebKit/537.36 (KHTML, like Gecko) Chrome/90.0.4430.85 Safari/537.36"
138.21.12.21 - - [21/Apr/2021:08:49:36 +0200] "GET /reload?ser=1618987776293 HTTP/1.1" 200 28 "http://renault.2web.at/account" "Mozilla/5.0 (Windows NT 10.0; Win64; x64) AppleWebKit/537.36 (KHTML, like Gecko) Chrome/89.0.4389.128 Safari/537.36"
80.122.221.194 - - [21/Apr/2021:08:49:46 +0200] "GET /reload?ser=1618987786520 HTTP/1.1" 200 28 "http://renault.activities.at/result?searchterm=true&search=sandero" "Mozilla/5.0 (Windows NT 10.0; Win64; x64) AppleWebKit/537.36 (KHTML, like Gecko) Chrome/89.0.4389.128 Safari/537.36 Edg/89.0.774.77"
212.152.229.244 - - [21/Apr/2021:08:50:00 +0200] "GET /reload?ser=1618987800253 HTTP/1.1" 200 28 "http://renault.activities.at/" "Mozilla/5.0 (Windows NT 10.0; Win64; x64) AppleWebKit/537.36 (KHTML, like Gecko) Chrome/90.0.4430.85 Safari/537.36"
138.21.12.21 - - [21/Apr/2021:08:50:38 +0200] "GET /reload?ser=1618987838294 HTTP/1.1" 200 28 "http://renault.2web.at/account" "Mozilla/5.0 (Windows NT 10.0; Win64; x64) AppleWebKit/537.36 (KHTML, like Gecko) Chrome/89.0.4389.128 Safari/537.36"
80.122.221.194 - - [21/Apr/2021:08:50:47 +0200] "GET /reload?ser=1618987847514 HTTP/1.1" 200 28 "http://renault.activities.at/result?searchterm=true&search=sandero" "Mozilla/5.0 (Windows NT 10.0; Win64; x64) AppleWebKit/537.36 (KHTML, like Gecko) Chrome/89.0.4389.128 Safari/537.36 Edg/89.0.774.77"
212.152.229.244 - - [21/Apr/2021:08:51:01 +0200] "GET /reload?ser=1618987861251 HTTP/1.1" 200 28 "http://renault.activities.at/" "Mozilla/5.0 (Windows NT 10.0; Win64; x64) AppleWebKit/537.36 (KHTML, like Gecko) Chrome/90.0.4430.85 Safari/537.36"
138.21.12.21 - - [21/Apr/2021:08:51:40 +0200] "GET /reload?ser=1618987900294 HTTP/1.1" 200 28 "http://renault.2web.at/account" "Mozilla/5.0 (Windows NT 10.0; Win64; x64) AppleWebKit/537.36 (KHTML, like Gecko) Chrome/89.0.4389.128 Safari/537.36"
80.122.221.194 - - [21/Apr/2021:08:51:48 +0200] "GET /reload?ser=1618987908517 HTTP/1.1" 200 28 "http://renault.activities.at/result?searchterm=true&search=sandero" "Mozilla/5.0 (Windows NT 10.0; Win64; x64) AppleWebKit/537.36 (KHTML, like Gecko) Chrome/89.0.4389.128 Safari/537.36 Edg/89.0.774.77"
212.152.229.244 - - [21/Apr/2021:08:52:02 +0200] "GET /reload?ser=1618987922250 HTTP/1.1" 200 28 "http://renault.activities.at/" "Mozilla/5.0 (Windows NT 10.0; Win64; x64) AppleWebKit/537.36 (KHTML, like Gecko) Chrome/90.0.4430.85 Safari/537.36"
89.26.36.153 - - [21/Apr/2021:08:52:25 +0200] "GET / HTTP/1.1" 200 3315 "-" "Mozilla/5.0 (Windows NT 10.0; WOW64; Trident/7.0; rv:11.0) like Gecko"
89.26.36.153 - - [21/Apr/2021:08:52:26 +0200] "GET /js/default.js HTTP/1.1" 200 14698 "http://renault.activities.at/" "Mozilla/5.0 (Windows NT 10.0; WOW64; Trident/7.0; rv:11.0) like Gecko"
89.26.36.153 - - [21/Apr/2021:08:52:26 +0200] "GET /js/flashdetection.js HTTP/1.1" 200 1059 "http://renault.activities.at/" "Mozilla/5.0 (Windows NT 10.0; WOW64; Trident/7.0; rv:11.0) like Gecko"
89.26.36.153 - - [21/Apr/2021:08:52:26 +0200] "GET /css/clears.css HTTP/1.1" 200 851 "http://renault.activities.at/" "Mozilla/5.0 (Windows NT 10.0; WOW64; Trident/7.0; rv:11.0) like Gecko"
89.26.36.153 - - [21/Apr/2021:08:52:26 +0200] "GET /css/reset.css HTTP/1.1" 200 1356 "http://renault.activities.at/" "Mozilla/5.0 (Windows NT 10.0; WOW64; Trident/7.0; rv:11.0) like Gecko"
89.26.36.153 - - [21/Apr/2021:08:52:26 +0200] "GET /css/styles.css HTTP/1.1" 200 14664 "http://renault.activities.at/" "Mozilla/5.0 (Windows NT 10.0; WOW64; Trident/7.0; rv:11.0) like Gecko"
89.26.36.153 - - [21/Apr/2021:08:52:26 +0200] "GET /css/print.css HTTP/1.1" 200 543 "http://renault.activities.at/" "Mozilla/5.0 (Windows NT 10.0; WOW64; Trident/7.0; rv:11.0) like Gecko"
89.26.36.153 - - [21/Apr/2021:08:52:26 +0200] "GET /css/prototip.css HTTP/1.1" 200 968 "http://renault.activities.at/" "Mozilla/5.0 (Windows NT 10.0; WOW64; Trident/7.0; rv:11.0) like Gecko"
89.26.36.153 - - [21/Apr/2021:08:52:26 +0200] "GET /js/checkout.css HTTP/1.1" 200 359 "http://renault.activities.at/" "Mozilla/5.0 (Windows NT 10.0; WOW64; Trident/7.0; rv:11.0) like Gecko"
89.26.36.153 - - [21/Apr/2021:08:52:26 +0200] "GET /css/themes/default.css HTTP/1.1" 200 769 "http://renault.activities.at/" "Mozilla/5.0 (Windows NT 10.0; WOW64; Trident/7.0; rv:11.0) like Gecko"
89.26.36.153 - - [21/Apr/2021:08:52:26 +0200] "GET /css/themes/alphacube.css HTTP/1.1" 200 743 "http://renault.activities.at/" "Mozilla/5.0 (Windows NT 10.0; WOW64; Trident/7.0; rv:11.0) like Gecko"
89.26.36.153 - - [21/Apr/2021:08:52:26 +0200] "GET /js/index.php?c=auto&f=,prototype/prototype.js,prototype/validation.js,scriptaculous/builder.js,scriptaculous/effects.js,scriptaculous/dragdrop.js,scriptaculous/controls.js,scriptaculous/slider.js,varien/js.js,varien/form.js,varien/menu.js,mage/translate.js,mage/cookies.js,varien/product.js,spinner/SpinnerControl.jsmin.js,prototype/window.js,prototype/window_ext.js HTTP/1.1" 200 94182 "http://renault.activities.at/" "Mozilla/5.0 (Windows NT 10.0; WOW64; Trident/7.0; rv:11.0) like Gecko"
89.26.36.153 - - [21/Apr/2021:08:52:27 +0200] "GET /images/main_block_border.gif HTTP/1.1" 200 43 "http://renault.activities.at/" "Mozilla/5.0 (Windows NT 10.0; WOW64; Trident/7.0; rv:11.0) like Gecko"
89.26.36.153 - - [21/Apr/2021:08:52:27 +0200] "GET /images/main_block_corner_left_bot.gif HTTP/1.1" 200 159 "http://renault.activities.at/" "Mozilla/5.0 (Windows NT 10.0; WOW64; Trident/7.0; rv:11.0) like Gecko"
89.26.36.153 - - [21/Apr/2021:08:52:27 +0200] "GET /images/header_block_border.gif HTTP/1.1" 200 43 "http://renault.activities.at/" "Mozilla/5.0 (Windows NT 10.0; WOW64; Trident/7.0; rv:11.0) like Gecko"
89.26.36.153 - - [21/Apr/2021:08:52:27 +0200] "GET /images/main_block_corner_right_bot.gif HTTP/1.1" 200 158 "http://renault.activities.at/" "Mozilla/5.0 (Windows NT 10.0; WOW64; Trident/7.0; rv:11.0) like Gecko"
89.26.36.153 - - [21/Apr/2021:08:52:27 +0200] "GET /images/header_block_corner_left_top.gif HTTP/1.1" 200 160 "http://renault.activities.at/" "Mozilla/5.0 (Windows NT 10.0; WOW64; Trident/7.0; rv:11.0) like Gecko"
89.26.36.153 - - [21/Apr/2021:08:52:27 +0200] "GET /images/header_block_corner_right_top.gif HTTP/1.1" 200 160 "http://renault.activities.at/" "Mozilla/5.0 (Windows NT 10.0; WOW64; Trident/7.0; rv:11.0) like Gecko"
89.26.36.153 - - [21/Apr/2021:08:52:27 +0200] "GET /images/main_block_corner_left_top.gif HTTP/1.1" 200 159 "http://renault.activities.at/" "Mozilla/5.0 (Windows NT 10.0; WOW64; Trident/7.0; rv:11.0) like Gecko"
89.26.36.153 - - [21/Apr/2021:08:52:27 +0200] "GET /images/favicon.ico HTTP/1.1" 404 305 "-" "Mozilla/5.0 (Windows NT 10.0; WOW64; Trident/7.0; rv:11.0) like Gecko"
89.26.36.153 - - [21/Apr/2021:08:52:27 +0200] "GET /images/title_border.jpg HTTP/1.1" 200 304 "http://renault.activities.at/" "Mozilla/5.0 (Windows NT 10.0; WOW64; Trident/7.0; rv:11.0) like Gecko"
89.26.36.153 - - [21/Apr/2021:08:52:27 +0200] "GET /images/main_block_corner_right_top.gif HTTP/1.1" 200 159 "http://renault.activities.at/" "Mozilla/5.0 (Windows NT 10.0; WOW64; Trident/7.0; rv:11.0) like Gecko"
89.26.36.153 - - [21/Apr/2021:08:52:27 +0200] "GET /images/title_corner_left_top.jpg HTTP/1.1" 200 372 "http://renault.activities.at/" "Mozilla/5.0 (Windows NT 10.0; WOW64; Trident/7.0; rv:11.0) like Gecko"
89.26.36.153 - - [21/Apr/2021:08:52:27 +0200] "GET /images/title_border_top.jpg HTTP/1.1" 200 336 "http://renault.activities.at/" "Mozilla/5.0 (Windows NT 10.0; WOW64; Trident/7.0; rv:11.0) like Gecko"
89.26.36.153 - - [21/Apr/2021:08:52:27 +0200] "GET /images/title_corner_right_top.jpg HTTP/1.1" 200 389 "http://renault.activities.at/" "Mozilla/5.0 (Windows NT 10.0; WOW64; Trident/7.0; rv:11.0) like Gecko"
89.26.36.153 - - [21/Apr/2021:08:52:27 +0200] "GET /loadthumbnail.php?id=11127982 HTTP/1.1" 200 399614 "http://renault.activities.at/" "Mozilla/5.0 (Windows NT 10.0; WOW64; Trident/7.0; rv:11.0) like Gecko"
138.21.12.21 - - [21/Apr/2021:08:52:42 +0200] "GET /reload?ser=1618987962302 HTTP/1.1" 200 28 "http://renault.2web.at/account" "Mozilla/5.0 (Windows NT 10.0; Win64; x64) AppleWebKit/537.36 (KHTML, like Gecko) Chrome/89.0.4389.128 Safari/537.36"
