80.120.182.230 - - [23/Apr/2021:11:36:51 +0200] "GET /reload?ser=1619170852320 HTTP/1.1" 200 1235 "http://renault.activities.at/checkout" "Mozilla/5.0 (Windows NT 10.0; Win64; x64) AppleWebKit/537.36 (KHTML, like Gecko) Chrome/90.0.4430.85 Safari/537.36"
138.21.12.27 - - [23/Apr/2021:11:37:12 +0200] "GET /reload?ser=1619170631603 HTTP/1.1" 200 28 "http://renault.2web.at/account" "Mozilla/5.0 (Windows NT 10.0; Win64; x64) AppleWebKit/537.36 (KHTML, like Gecko) Chrome/90.0.4430.85 Safari/537.36"
80.120.182.230 - - [23/Apr/2021:11:37:52 +0200] "GET /reload?ser=1619170913319 HTTP/1.1" 200 1240 "http://renault.activities.at/checkout" "Mozilla/5.0 (Windows NT 10.0; Win64; x64) AppleWebKit/537.36 (KHTML, like Gecko) Chrome/90.0.4430.85 Safari/537.36"
138.21.12.27 - - [23/Apr/2021:11:38:14 +0200] "GET /reload?ser=1619170693604 HTTP/1.1" 200 28 "http://renault.2web.at/account" "Mozilla/5.0 (Windows NT 10.0; Win64; x64) AppleWebKit/537.36 (KHTML, like Gecko) Chrome/90.0.4430.85 Safari/537.36"
80.120.182.230 - - [23/Apr/2021:11:38:53 +0200] "GET /reload?ser=1619170974329 HTTP/1.1" 200 1239 "http://renault.activities.at/checkout" "Mozilla/5.0 (Windows NT 10.0; Win64; x64) AppleWebKit/537.36 (KHTML, like Gecko) Chrome/90.0.4430.85 Safari/537.36"
138.21.12.27 - - [23/Apr/2021:11:39:16 +0200] "GET /reload?ser=1619170755606 HTTP/1.1" 200 28 "http://renault.2web.at/account" "Mozilla/5.0 (Windows NT 10.0; Win64; x64) AppleWebKit/537.36 (KHTML, like Gecko) Chrome/90.0.4430.85 Safari/537.36"
80.120.182.230 - - [23/Apr/2021:11:39:54 +0200] "GET /reload?ser=1619171035319 HTTP/1.1" 200 1242 "http://renault.activities.at/checkout" "Mozilla/5.0 (Windows NT 10.0; Win64; x64) AppleWebKit/537.36 (KHTML, like Gecko) Chrome/90.0.4430.85 Safari/537.36"
138.21.12.27 - - [23/Apr/2021:11:40:18 +0200] "GET /reload?ser=1619170817607 HTTP/1.1" 200 28 "http://renault.2web.at/account" "Mozilla/5.0 (Windows NT 10.0; Win64; x64) AppleWebKit/537.36 (KHTML, like Gecko) Chrome/90.0.4430.85 Safari/537.36"
80.120.182.230 - - [23/Apr/2021:11:40:55 +0200] "GET /reload?ser=1619171096316 HTTP/1.1" 200 1238 "http://renault.activities.at/checkout" "Mozilla/5.0 (Windows NT 10.0; Win64; x64) AppleWebKit/537.36 (KHTML, like Gecko) Chrome/90.0.4430.85 Safari/537.36"
138.21.12.27 - - [23/Apr/2021:11:41:20 +0200] "GET /reload?ser=1619170879607 HTTP/1.1" 200 28 "http://renault.2web.at/account" "Mozilla/5.0 (Windows NT 10.0; Win64; x64) AppleWebKit/537.36 (KHTML, like Gecko) Chrome/90.0.4430.85 Safari/537.36"
80.120.182.230 - - [23/Apr/2021:11:41:56 +0200] "GET /reload?ser=1619171157320 HTTP/1.1" 200 1241 "http://renault.activities.at/checkout" "Mozilla/5.0 (Windows NT 10.0; Win64; x64) AppleWebKit/537.36 (KHTML, like Gecko) Chrome/90.0.4430.85 Safari/537.36"
138.21.12.27 - - [23/Apr/2021:11:42:22 +0200] "GET /reload?ser=1619170941608 HTTP/1.1" 200 28 "http://renault.2web.at/account" "Mozilla/5.0 (Windows NT 10.0; Win64; x64) AppleWebKit/537.36 (KHTML, like Gecko) Chrome/90.0.4430.85 Safari/537.36"
80.120.182.230 - - [23/Apr/2021:11:42:57 +0200] "GET /reload?ser=1619171218326 HTTP/1.1" 200 1244 "http://renault.activities.at/checkout" "Mozilla/5.0 (Windows NT 10.0; Win64; x64) AppleWebKit/537.36 (KHTML, like Gecko) Chrome/90.0.4430.85 Safari/537.36"
138.21.12.27 - - [23/Apr/2021:11:43:24 +0200] "GET /reload?ser=1619171003608 HTTP/1.1" 200 28 "http://renault.2web.at/account" "Mozilla/5.0 (Windows NT 10.0; Win64; x64) AppleWebKit/537.36 (KHTML, like Gecko) Chrome/90.0.4430.85 Safari/537.36"
80.120.182.230 - - [23/Apr/2021:11:43:58 +0200] "GET /reload?ser=1619171279324 HTTP/1.1" 200 1237 "http://renault.activities.at/checkout" "Mozilla/5.0 (Windows NT 10.0; Win64; x64) AppleWebKit/537.36 (KHTML, like Gecko) Chrome/90.0.4430.85 Safari/537.36"
138.21.12.27 - - [23/Apr/2021:11:44:26 +0200] "GET /reload?ser=1619171065609 HTTP/1.1" 200 28 "http://renault.2web.at/account" "Mozilla/5.0 (Windows NT 10.0; Win64; x64) AppleWebKit/537.36 (KHTML, like Gecko) Chrome/90.0.4430.85 Safari/537.36"
80.120.182.230 - - [23/Apr/2021:11:44:59 +0200] "GET /reload?ser=1619171340330 HTTP/1.1" 200 1234 "http://renault.activities.at/checkout" "Mozilla/5.0 (Windows NT 10.0; Win64; x64) AppleWebKit/537.36 (KHTML, like Gecko) Chrome/90.0.4430.85 Safari/537.36"
138.21.12.27 - - [23/Apr/2021:11:45:28 +0200] "GET /reload?ser=1619171127610 HTTP/1.1" 200 28 "http://renault.2web.at/account" "Mozilla/5.0 (Windows NT 10.0; Win64; x64) AppleWebKit/537.36 (KHTML, like Gecko) Chrome/90.0.4430.85 Safari/537.36"
80.120.182.230 - - [23/Apr/2021:11:46:00 +0200] "GET /reload?ser=1619171401324 HTTP/1.1" 200 1236 "http://renault.activities.at/checkout" "Mozilla/5.0 (Windows NT 10.0; Win64; x64) AppleWebKit/537.36 (KHTML, like Gecko) Chrome/90.0.4430.85 Safari/537.36"
138.21.12.27 - - [23/Apr/2021:11:46:30 +0200] "GET /reload?ser=1619171189611 HTTP/1.1" 200 28 "http://renault.2web.at/account" "Mozilla/5.0 (Windows NT 10.0; Win64; x64) AppleWebKit/537.36 (KHTML, like Gecko) Chrome/90.0.4430.85 Safari/537.36"
80.120.182.230 - - [23/Apr/2021:11:47:01 +0200] "GET /reload?ser=1619171462329 HTTP/1.1" 200 1239 "http://renault.activities.at/checkout" "Mozilla/5.0 (Windows NT 10.0; Win64; x64) AppleWebKit/537.36 (KHTML, like Gecko) Chrome/90.0.4430.85 Safari/537.36"
138.21.12.27 - - [23/Apr/2021:11:47:32 +0200] "GET /reload?ser=1619171251612 HTTP/1.1" 200 28 "http://renault.2web.at/account" "Mozilla/5.0 (Windows NT 10.0; Win64; x64) AppleWebKit/537.36 (KHTML, like Gecko) Chrome/90.0.4430.85 Safari/537.36"
80.120.182.230 - - [23/Apr/2021:11:48:02 +0200] "GET /reload?ser=1619171523320 HTTP/1.1" 200 1240 "http://renault.activities.at/checkout" "Mozilla/5.0 (Windows NT 10.0; Win64; x64) AppleWebKit/537.36 (KHTML, like Gecko) Chrome/90.0.4430.85 Safari/537.36"
138.21.12.27 - - [23/Apr/2021:11:48:34 +0200] "GET /reload?ser=1619171313613 HTTP/1.1" 200 28 "http://renault.2web.at/account" "Mozilla/5.0 (Windows NT 10.0; Win64; x64) AppleWebKit/537.36 (KHTML, like Gecko) Chrome/90.0.4430.85 Safari/537.36"
80.120.182.230 - - [23/Apr/2021:11:49:03 +0200] "GET /reload?ser=1619171584317 HTTP/1.1" 200 1246 "http://renault.activities.at/checkout" "Mozilla/5.0 (Windows NT 10.0; Win64; x64) AppleWebKit/537.36 (KHTML, like Gecko) Chrome/90.0.4430.85 Safari/537.36"
138.21.12.27 - - [23/Apr/2021:11:49:36 +0200] "GET /reload?ser=1619171375615 HTTP/1.1" 200 28 "http://renault.2web.at/account" "Mozilla/5.0 (Windows NT 10.0; Win64; x64) AppleWebKit/537.36 (KHTML, like Gecko) Chrome/90.0.4430.85 Safari/537.36"
80.120.182.230 - - [23/Apr/2021:11:50:04 +0200] "GET /reload?ser=1619171645329 HTTP/1.1" 200 1234 "http://renault.activities.at/checkout" "Mozilla/5.0 (Windows NT 10.0; Win64; x64) AppleWebKit/537.36 (KHTML, like Gecko) Chrome/90.0.4430.85 Safari/537.36"
138.21.12.27 - - [23/Apr/2021:11:50:38 +0200] "GET /reload?ser=1619171437617 HTTP/1.1" 200 28 "http://renault.2web.at/account" "Mozilla/5.0 (Windows NT 10.0; Win64; x64) AppleWebKit/537.36 (KHTML, like Gecko) Chrome/90.0.4430.85 Safari/537.36"
80.120.182.230 - - [23/Apr/2021:11:51:05 +0200] "GET /reload?ser=1619171706323 HTTP/1.1" 200 1238 "http://renault.activities.at/checkout" "Mozilla/5.0 (Windows NT 10.0; Win64; x64) AppleWebKit/537.36 (KHTML, like Gecko) Chrome/90.0.4430.85 Safari/537.36"
138.21.12.27 - - [23/Apr/2021:11:51:40 +0200] "GET /reload?ser=1619171499621 HTTP/1.1" 200 28 "http://renault.2web.at/account" "Mozilla/5.0 (Windows NT 10.0; Win64; x64) AppleWebKit/537.36 (KHTML, like Gecko) Chrome/90.0.4430.85 Safari/537.36"
80.120.182.230 - - [23/Apr/2021:11:52:06 +0200] "GET /reload?ser=1619171767324 HTTP/1.1" 200 1233 "http://renault.activities.at/checkout" "Mozilla/5.0 (Windows NT 10.0; Win64; x64) AppleWebKit/537.36 (KHTML, like Gecko) Chrome/90.0.4430.85 Safari/537.36"
138.21.12.27 - - [23/Apr/2021:11:52:42 +0200] "GET /reload?ser=1619171561622 HTTP/1.1" 200 28 "http://renault.2web.at/account" "Mozilla/5.0 (Windows NT 10.0; Win64; x64) AppleWebKit/537.36 (KHTML, like Gecko) Chrome/90.0.4430.85 Safari/537.36"
80.120.182.230 - - [23/Apr/2021:11:53:07 +0200] "GET /reload?ser=1619171828324 HTTP/1.1" 200 1234 "http://renault.activities.at/checkout" "Mozilla/5.0 (Windows NT 10.0; Win64; x64) AppleWebKit/537.36 (KHTML, like Gecko) Chrome/90.0.4430.85 Safari/537.36"
138.21.12.27 - - [23/Apr/2021:11:53:44 +0200] "GET /reload?ser=1619171623625 HTTP/1.1" 200 28 "http://renault.2web.at/account" "Mozilla/5.0 (Windows NT 10.0; Win64; x64) AppleWebKit/537.36 (KHTML, like Gecko) Chrome/90.0.4430.85 Safari/537.36"
80.120.182.230 - - [23/Apr/2021:11:54:08 +0200] "GET /reload?ser=1619171889325 HTTP/1.1" 200 1237 "http://renault.activities.at/checkout" "Mozilla/5.0 (Windows NT 10.0; Win64; x64) AppleWebKit/537.36 (KHTML, like Gecko) Chrome/90.0.4430.85 Safari/537.36"
138.21.12.27 - - [23/Apr/2021:11:54:46 +0200] "GET /reload?ser=1619171685626 HTTP/1.1" 200 28 "http://renault.2web.at/account" "Mozilla/5.0 (Windows NT 10.0; Win64; x64) AppleWebKit/537.36 (KHTML, like Gecko) Chrome/90.0.4430.85 Safari/537.36"
80.120.182.230 - - [23/Apr/2021:11:55:09 +0200] "GET /reload?ser=1619171950321 HTTP/1.1" 200 1240 "http://renault.activities.at/checkout" "Mozilla/5.0 (Windows NT 10.0; Win64; x64) AppleWebKit/537.36 (KHTML, like Gecko) Chrome/90.0.4430.85 Safari/537.36"
138.21.12.27 - - [23/Apr/2021:11:55:48 +0200] "GET /reload?ser=1619171747628 HTTP/1.1" 200 28 "http://renault.2web.at/account" "Mozilla/5.0 (Windows NT 10.0; Win64; x64) AppleWebKit/537.36 (KHTML, like Gecko) Chrome/90.0.4430.85 Safari/537.36"
80.120.182.230 - - [23/Apr/2021:11:56:10 +0200] "GET /reload?ser=1619172011325 HTTP/1.1" 200 1233 "http://renault.activities.at/checkout" "Mozilla/5.0 (Windows NT 10.0; Win64; x64) AppleWebKit/537.36 (KHTML, like Gecko) Chrome/90.0.4430.85 Safari/537.36"
138.21.12.27 - - [23/Apr/2021:11:56:50 +0200] "GET /reload?ser=1619171809629 HTTP/1.1" 200 28 "http://renault.2web.at/account" "Mozilla/5.0 (Windows NT 10.0; Win64; x64) AppleWebKit/537.36 (KHTML, like Gecko) Chrome/90.0.4430.85 Safari/537.36"
80.120.182.230 - - [23/Apr/2021:11:57:11 +0200] "GET /reload?ser=1619172072326 HTTP/1.1" 200 1238 "http://renault.activities.at/checkout" "Mozilla/5.0 (Windows NT 10.0; Win64; x64) AppleWebKit/537.36 (KHTML, like Gecko) Chrome/90.0.4430.85 Safari/537.36"
138.21.12.27 - - [23/Apr/2021:11:57:52 +0200] "GET /reload?ser=1619171871632 HTTP/1.1" 200 28 "http://renault.2web.at/account" "Mozilla/5.0 (Windows NT 10.0; Win64; x64) AppleWebKit/537.36 (KHTML, like Gecko) Chrome/90.0.4430.85 Safari/537.36"
80.120.182.230 - - [23/Apr/2021:11:58:12 +0200] "GET /reload?ser=1619172133324 HTTP/1.1" 200 1239 "http://renault.activities.at/checkout" "Mozilla/5.0 (Windows NT 10.0; Win64; x64) AppleWebKit/537.36 (KHTML, like Gecko) Chrome/90.0.4430.85 Safari/537.36"
138.21.12.27 - - [23/Apr/2021:11:58:54 +0200] "GET /reload?ser=1619171933633 HTTP/1.1" 200 28 "http://renault.2web.at/account" "Mozilla/5.0 (Windows NT 10.0; Win64; x64) AppleWebKit/537.36 (KHTML, like Gecko) Chrome/90.0.4430.85 Safari/537.36"
80.120.182.230 - - [23/Apr/2021:11:59:13 +0200] "GET /reload?ser=1619172194316 HTTP/1.1" 200 1238 "http://renault.activities.at/checkout" "Mozilla/5.0 (Windows NT 10.0; Win64; x64) AppleWebKit/537.36 (KHTML, like Gecko) Chrome/90.0.4430.85 Safari/537.36"
138.21.12.27 - - [23/Apr/2021:11:59:56 +0200] "GET /reload?ser=1619171995635 HTTP/1.1" 200 28 "http://renault.2web.at/account" "Mozilla/5.0 (Windows NT 10.0; Win64; x64) AppleWebKit/537.36 (KHTML, like Gecko) Chrome/90.0.4430.85 Safari/537.36"
80.120.182.230 - - [23/Apr/2021:12:00:14 +0200] "GET /reload?ser=1619172255316 HTTP/1.1" 200 1239 "http://renault.activities.at/checkout" "Mozilla/5.0 (Windows NT 10.0; Win64; x64) AppleWebKit/537.36 (KHTML, like Gecko) Chrome/90.0.4430.85 Safari/537.36"
138.21.12.27 - - [23/Apr/2021:12:00:58 +0200] "GET /reload?ser=1619172057636 HTTP/1.1" 200 28 "http://renault.2web.at/account" "Mozilla/5.0 (Windows NT 10.0; Win64; x64) AppleWebKit/537.36 (KHTML, like Gecko) Chrome/90.0.4430.85 Safari/537.36"
80.120.182.230 - - [23/Apr/2021:12:01:15 +0200] "GET /reload?ser=1619172316321 HTTP/1.1" 200 1239 "http://renault.activities.at/checkout" "Mozilla/5.0 (Windows NT 10.0; Win64; x64) AppleWebKit/537.36 (KHTML, like Gecko) Chrome/90.0.4430.85 Safari/537.36"
138.21.12.27 - - [23/Apr/2021:12:02:00 +0200] "GET /reload?ser=1619172119637 HTTP/1.1" 200 28 "http://renault.2web.at/account" "Mozilla/5.0 (Windows NT 10.0; Win64; x64) AppleWebKit/537.36 (KHTML, like Gecko) Chrome/90.0.4430.85 Safari/537.36"
80.120.182.230 - - [23/Apr/2021:12:02:16 +0200] "GET /reload?ser=1619172377322 HTTP/1.1" 200 1236 "http://renault.activities.at/checkout" "Mozilla/5.0 (Windows NT 10.0; Win64; x64) AppleWebKit/537.36 (KHTML, like Gecko) Chrome/90.0.4430.85 Safari/537.36"
138.21.12.27 - - [23/Apr/2021:12:03:02 +0200] "GET /reload?ser=1619172181638 HTTP/1.1" 200 28 "http://renault.2web.at/account" "Mozilla/5.0 (Windows NT 10.0; Win64; x64) AppleWebKit/537.36 (KHTML, like Gecko) Chrome/90.0.4430.85 Safari/537.36"
80.120.182.230 - - [23/Apr/2021:12:03:17 +0200] "GET /reload?ser=1619172438315 HTTP/1.1" 200 1239 "http://renault.activities.at/checkout" "Mozilla/5.0 (Windows NT 10.0; Win64; x64) AppleWebKit/537.36 (KHTML, like Gecko) Chrome/90.0.4430.85 Safari/537.36"
138.21.12.27 - - [23/Apr/2021:12:04:04 +0200] "GET /reload?ser=1619172243640 HTTP/1.1" 200 28 "http://renault.2web.at/account" "Mozilla/5.0 (Windows NT 10.0; Win64; x64) AppleWebKit/537.36 (KHTML, like Gecko) Chrome/90.0.4430.85 Safari/537.36"
80.120.182.230 - - [23/Apr/2021:12:04:18 +0200] "GET /reload?ser=1619172499317 HTTP/1.1" 200 1237 "http://renault.activities.at/checkout" "Mozilla/5.0 (Windows NT 10.0; Win64; x64) AppleWebKit/537.36 (KHTML, like Gecko) Chrome/90.0.4430.85 Safari/537.36"
138.21.12.27 - - [23/Apr/2021:12:05:06 +0200] "GET /reload?ser=1619172305640 HTTP/1.1" 200 28 "http://renault.2web.at/account" "Mozilla/5.0 (Windows NT 10.0; Win64; x64) AppleWebKit/537.36 (KHTML, like Gecko) Chrome/90.0.4430.85 Safari/537.36"
80.120.182.230 - - [23/Apr/2021:12:05:19 +0200] "GET /reload?ser=1619172560322 HTTP/1.1" 200 1231 "http://renault.activities.at/checkout" "Mozilla/5.0 (Windows NT 10.0; Win64; x64) AppleWebKit/537.36 (KHTML, like Gecko) Chrome/90.0.4430.85 Safari/537.36"
138.21.12.27 - - [23/Apr/2021:12:06:08 +0200] "GET /reload?ser=1619172367641 HTTP/1.1" 200 28 "http://renault.2web.at/account" "Mozilla/5.0 (Windows NT 10.0; Win64; x64) AppleWebKit/537.36 (KHTML, like Gecko) Chrome/90.0.4430.85 Safari/537.36"
80.120.182.230 - - [23/Apr/2021:12:06:20 +0200] "GET /reload?ser=1619172621316 HTTP/1.1" 200 1238 "http://renault.activities.at/checkout" "Mozilla/5.0 (Windows NT 10.0; Win64; x64) AppleWebKit/537.36 (KHTML, like Gecko) Chrome/90.0.4430.85 Safari/537.36"
138.21.12.27 - - [23/Apr/2021:12:07:10 +0200] "GET /reload?ser=1619172429642 HTTP/1.1" 200 28 "http://renault.2web.at/account" "Mozilla/5.0 (Windows NT 10.0; Win64; x64) AppleWebKit/537.36 (KHTML, like Gecko) Chrome/90.0.4430.85 Safari/537.36"
80.120.182.230 - - [23/Apr/2021:12:07:21 +0200] "GET /reload?ser=1619172682326 HTTP/1.1" 200 1241 "http://renault.activities.at/checkout" "Mozilla/5.0 (Windows NT 10.0; Win64; x64) AppleWebKit/537.36 (KHTML, like Gecko) Chrome/90.0.4430.85 Safari/537.36"
138.21.12.27 - - [23/Apr/2021:12:08:12 +0200] "GET /reload?ser=1619172491644 HTTP/1.1" 200 28 "http://renault.2web.at/account" "Mozilla/5.0 (Windows NT 10.0; Win64; x64) AppleWebKit/537.36 (KHTML, like Gecko) Chrome/90.0.4430.85 Safari/537.36"
80.120.182.230 - - [23/Apr/2021:12:08:22 +0200] "GET /reload?ser=1619172743329 HTTP/1.1" 200 1239 "http://renault.activities.at/checkout" "Mozilla/5.0 (Windows NT 10.0; Win64; x64) AppleWebKit/537.36 (KHTML, like Gecko) Chrome/90.0.4430.85 Safari/537.36"
138.21.12.27 - - [23/Apr/2021:12:09:14 +0200] "GET /reload?ser=1619172553644 HTTP/1.1" 200 28 "http://renault.2web.at/account" "Mozilla/5.0 (Windows NT 10.0; Win64; x64) AppleWebKit/537.36 (KHTML, like Gecko) Chrome/90.0.4430.85 Safari/537.36"
80.120.182.230 - - [23/Apr/2021:12:09:23 +0200] "GET /reload?ser=1619172804327 HTTP/1.1" 200 1239 "http://renault.activities.at/checkout" "Mozilla/5.0 (Windows NT 10.0; Win64; x64) AppleWebKit/537.36 (KHTML, like Gecko) Chrome/90.0.4430.85 Safari/537.36"
138.21.12.27 - - [23/Apr/2021:12:10:16 +0200] "GET /reload?ser=1619172615645 HTTP/1.1" 200 28 "http://renault.2web.at/account" "Mozilla/5.0 (Windows NT 10.0; Win64; x64) AppleWebKit/537.36 (KHTML, like Gecko) Chrome/90.0.4430.85 Safari/537.36"
80.120.182.230 - - [23/Apr/2021:12:10:24 +0200] "GET /reload?ser=1619172865325 HTTP/1.1" 200 1247 "http://renault.activities.at/checkout" "Mozilla/5.0 (Windows NT 10.0; Win64; x64) AppleWebKit/537.36 (KHTML, like Gecko) Chrome/90.0.4430.85 Safari/537.36"
138.21.12.27 - - [23/Apr/2021:12:11:18 +0200] "GET /reload?ser=1619172677646 HTTP/1.1" 200 28 "http://renault.2web.at/account" "Mozilla/5.0 (Windows NT 10.0; Win64; x64) AppleWebKit/537.36 (KHTML, like Gecko) Chrome/90.0.4430.85 Safari/537.36"
80.120.182.230 - - [23/Apr/2021:12:11:25 +0200] "GET /reload?ser=1619172926330 HTTP/1.1" 200 1233 "http://renault.activities.at/checkout" "Mozilla/5.0 (Windows NT 10.0; Win64; x64) AppleWebKit/537.36 (KHTML, like Gecko) Chrome/90.0.4430.85 Safari/537.36"
138.21.12.27 - - [23/Apr/2021:12:12:20 +0200] "GET /reload?ser=1619172739646 HTTP/1.1" 200 28 "http://renault.2web.at/account" "Mozilla/5.0 (Windows NT 10.0; Win64; x64) AppleWebKit/537.36 (KHTML, like Gecko) Chrome/90.0.4430.85 Safari/537.36"
80.120.182.230 - - [23/Apr/2021:12:12:26 +0200] "GET /reload?ser=1619172987324 HTTP/1.1" 200 1243 "http://renault.activities.at/checkout" "Mozilla/5.0 (Windows NT 10.0; Win64; x64) AppleWebKit/537.36 (KHTML, like Gecko) Chrome/90.0.4430.85 Safari/537.36"
138.21.12.27 - - [23/Apr/2021:12:13:22 +0200] "GET /reload?ser=1619172801647 HTTP/1.1" 200 28 "http://renault.2web.at/account" "Mozilla/5.0 (Windows NT 10.0; Win64; x64) AppleWebKit/537.36 (KHTML, like Gecko) Chrome/90.0.4430.85 Safari/537.36"
80.120.182.230 - - [23/Apr/2021:12:13:27 +0200] "GET /reload?ser=1619173048324 HTTP/1.1" 200 1234 "http://renault.activities.at/checkout" "Mozilla/5.0 (Windows NT 10.0; Win64; x64) AppleWebKit/537.36 (KHTML, like Gecko) Chrome/90.0.4430.85 Safari/537.36"
138.21.12.27 - - [23/Apr/2021:12:14:24 +0200] "GET /reload?ser=1619172863647 HTTP/1.1" 200 28 "http://renault.2web.at/account" "Mozilla/5.0 (Windows NT 10.0; Win64; x64) AppleWebKit/537.36 (KHTML, like Gecko) Chrome/90.0.4430.85 Safari/537.36"
80.120.182.230 - - [23/Apr/2021:12:14:28 +0200] "GET /reload?ser=1619173109323 HTTP/1.1" 200 1243 "http://renault.activities.at/checkout" "Mozilla/5.0 (Windows NT 10.0; Win64; x64) AppleWebKit/537.36 (KHTML, like Gecko) Chrome/90.0.4430.85 Safari/537.36"
138.21.12.27 - - [23/Apr/2021:12:15:26 +0200] "GET /reload?ser=1619172925648 HTTP/1.1" 200 28 "http://renault.2web.at/account" "Mozilla/5.0 (Windows NT 10.0; Win64; x64) AppleWebKit/537.36 (KHTML, like Gecko) Chrome/90.0.4430.85 Safari/537.36"
80.120.182.230 - - [23/Apr/2021:12:15:29 +0200] "GET /reload?ser=1619173170320 HTTP/1.1" 200 1243 "http://renault.activities.at/checkout" "Mozilla/5.0 (Windows NT 10.0; Win64; x64) AppleWebKit/537.36 (KHTML, like Gecko) Chrome/90.0.4430.85 Safari/537.36"
138.21.12.27 - - [23/Apr/2021:12:16:28 +0200] "GET /reload?ser=1619172987649 HTTP/1.1" 200 28 "http://renault.2web.at/account" "Mozilla/5.0 (Windows NT 10.0; Win64; x64) AppleWebKit/537.36 (KHTML, like Gecko) Chrome/90.0.4430.85 Safari/537.36"
80.120.182.230 - - [23/Apr/2021:12:16:30 +0200] "GET /reload?ser=1619173231317 HTTP/1.1" 200 1241 "http://renault.activities.at/checkout" "Mozilla/5.0 (Windows NT 10.0; Win64; x64) AppleWebKit/537.36 (KHTML, like Gecko) Chrome/90.0.4430.85 Safari/537.36"
80.120.182.230 - - [23/Apr/2021:12:17:31 +0200] "GET /reload?ser=1619173292325 HTTP/1.1" 200 1238 "http://renault.activities.at/checkout" "Mozilla/5.0 (Windows NT 10.0; Win64; x64) AppleWebKit/537.36 (KHTML, like Gecko) Chrome/90.0.4430.85 Safari/537.36"
138.21.12.27 - - [23/Apr/2021:12:17:31 +0200] "GET /reload?ser=1619173049650 HTTP/1.1" 200 28 "http://renault.2web.at/account" "Mozilla/5.0 (Windows NT 10.0; Win64; x64) AppleWebKit/537.36 (KHTML, like Gecko) Chrome/90.0.4430.85 Safari/537.36"
80.120.182.230 - - [23/Apr/2021:12:18:32 +0200] "GET /reload?ser=1619173353330 HTTP/1.1" 200 1237 "http://renault.activities.at/checkout" "Mozilla/5.0 (Windows NT 10.0; Win64; x64) AppleWebKit/537.36 (KHTML, like Gecko) Chrome/90.0.4430.85 Safari/537.36"
138.21.12.27 - - [23/Apr/2021:12:18:33 +0200] "GET /reload?ser=1619173112649 HTTP/1.1" 200 28 "http://renault.2web.at/account" "Mozilla/5.0 (Windows NT 10.0; Win64; x64) AppleWebKit/537.36 (KHTML, like Gecko) Chrome/90.0.4430.85 Safari/537.36"
80.120.182.230 - - [23/Apr/2021:12:19:33 +0200] "GET /reload?ser=1619173414316 HTTP/1.1" 200 1240 "http://renault.activities.at/checkout" "Mozilla/5.0 (Windows NT 10.0; Win64; x64) AppleWebKit/537.36 (KHTML, like Gecko) Chrome/90.0.4430.85 Safari/537.36"
138.21.12.27 - - [23/Apr/2021:12:19:35 +0200] "GET /reload?ser=1619173174650 HTTP/1.1" 200 28 "http://renault.2web.at/account" "Mozilla/5.0 (Windows NT 10.0; Win64; x64) AppleWebKit/537.36 (KHTML, like Gecko) Chrome/90.0.4430.85 Safari/537.36"
80.120.182.230 - - [23/Apr/2021:12:20:34 +0200] "GET /reload?ser=1619173475326 HTTP/1.1" 200 1234 "http://renault.activities.at/checkout" "Mozilla/5.0 (Windows NT 10.0; Win64; x64) AppleWebKit/537.36 (KHTML, like Gecko) Chrome/90.0.4430.85 Safari/537.36"
138.21.12.27 - - [23/Apr/2021:12:20:37 +0200] "GET /reload?ser=1619173236651 HTTP/1.1" 200 28 "http://renault.2web.at/account" "Mozilla/5.0 (Windows NT 10.0; Win64; x64) AppleWebKit/537.36 (KHTML, like Gecko) Chrome/90.0.4430.85 Safari/537.36"
80.120.182.230 - - [23/Apr/2021:12:21:35 +0200] "GET /reload?ser=1619173536321 HTTP/1.1" 200 1232 "http://renault.activities.at/checkout" "Mozilla/5.0 (Windows NT 10.0; Win64; x64) AppleWebKit/537.36 (KHTML, like Gecko) Chrome/90.0.4430.85 Safari/537.36"
138.21.12.27 - - [23/Apr/2021:12:21:39 +0200] "GET /reload?ser=1619173298650 HTTP/1.1" 200 28 "http://renault.2web.at/account" "Mozilla/5.0 (Windows NT 10.0; Win64; x64) AppleWebKit/537.36 (KHTML, like Gecko) Chrome/90.0.4430.85 Safari/537.36"
80.120.182.230 - - [23/Apr/2021:12:22:36 +0200] "GET /reload?ser=1619173597330 HTTP/1.1" 200 1244 "http://renault.activities.at/checkout" "Mozilla/5.0 (Windows NT 10.0; Win64; x64) AppleWebKit/537.36 (KHTML, like Gecko) Chrome/90.0.4430.85 Safari/537.36"
138.21.12.27 - - [23/Apr/2021:12:22:41 +0200] "GET /reload?ser=1619173360654 HTTP/1.1" 200 28 "http://renault.2web.at/account" "Mozilla/5.0 (Windows NT 10.0; Win64; x64) AppleWebKit/537.36 (KHTML, like Gecko) Chrome/90.0.4430.85 Safari/537.36"
80.120.182.230 - - [23/Apr/2021:12:23:37 +0200] "GET /reload?ser=1619173658327 HTTP/1.1" 200 1237 "http://renault.activities.at/checkout" "Mozilla/5.0 (Windows NT 10.0; Win64; x64) AppleWebKit/537.36 (KHTML, like Gecko) Chrome/90.0.4430.85 Safari/537.36"
138.21.12.27 - - [23/Apr/2021:12:23:44 +0200] "GET /reload?ser=1619173423654 HTTP/1.1" 200 28 "http://renault.2web.at/account" "Mozilla/5.0 (Windows NT 10.0; Win64; x64) AppleWebKit/537.36 (KHTML, like Gecko) Chrome/90.0.4430.85 Safari/537.36"
80.120.182.230 - - [23/Apr/2021:12:24:38 +0200] "GET /reload?ser=1619173719327 HTTP/1.1" 200 1234 "http://renault.activities.at/checkout" "Mozilla/5.0 (Windows NT 10.0; Win64; x64) AppleWebKit/537.36 (KHTML, like Gecko) Chrome/90.0.4430.85 Safari/537.36"
138.21.12.27 - - [23/Apr/2021:12:24:46 +0200] "GET /reload?ser=1619173485651 HTTP/1.1" 200 28 "http://renault.2web.at/account" "Mozilla/5.0 (Windows NT 10.0; Win64; x64) AppleWebKit/537.36 (KHTML, like Gecko) Chrome/90.0.4430.85 Safari/537.36"
80.120.182.230 - - [23/Apr/2021:12:25:39 +0200] "GET /reload?ser=1619173780323 HTTP/1.1" 200 1246 "http://renault.activities.at/checkout" "Mozilla/5.0 (Windows NT 10.0; Win64; x64) AppleWebKit/537.36 (KHTML, like Gecko) Chrome/90.0.4430.85 Safari/537.36"
138.21.12.27 - - [23/Apr/2021:12:25:48 +0200] "GET /reload?ser=1619173547652 HTTP/1.1" 200 28 "http://renault.2web.at/account" "Mozilla/5.0 (Windows NT 10.0; Win64; x64) AppleWebKit/537.36 (KHTML, like Gecko) Chrome/90.0.4430.85 Safari/537.36"
80.120.182.230 - - [23/Apr/2021:12:26:40 +0200] "GET /reload?ser=1619173841318 HTTP/1.1" 200 1236 "http://renault.activities.at/checkout" "Mozilla/5.0 (Windows NT 10.0; Win64; x64) AppleWebKit/537.36 (KHTML, like Gecko) Chrome/90.0.4430.85 Safari/537.36"
138.21.12.27 - - [23/Apr/2021:12:26:50 +0200] "GET /reload?ser=1619173609652 HTTP/1.1" 200 28 "http://renault.2web.at/account" "Mozilla/5.0 (Windows NT 10.0; Win64; x64) AppleWebKit/537.36 (KHTML, like Gecko) Chrome/90.0.4430.85 Safari/537.36"
80.120.182.230 - - [23/Apr/2021:12:27:41 +0200] "GET /reload?ser=1619173902327 HTTP/1.1" 200 1244 "http://renault.activities.at/checkout" "Mozilla/5.0 (Windows NT 10.0; Win64; x64) AppleWebKit/537.36 (KHTML, like Gecko) Chrome/90.0.4430.85 Safari/537.36"
138.21.12.27 - - [23/Apr/2021:12:27:52 +0200] "GET /reload?ser=1619173671653 HTTP/1.1" 200 28 "http://renault.2web.at/account" "Mozilla/5.0 (Windows NT 10.0; Win64; x64) AppleWebKit/537.36 (KHTML, like Gecko) Chrome/90.0.4430.85 Safari/537.36"
80.120.182.230 - - [23/Apr/2021:12:28:42 +0200] "GET /reload?ser=1619173963327 HTTP/1.1" 200 1244 "http://renault.activities.at/checkout" "Mozilla/5.0 (Windows NT 10.0; Win64; x64) AppleWebKit/537.36 (KHTML, like Gecko) Chrome/90.0.4430.85 Safari/537.36"
138.21.12.27 - - [23/Apr/2021:12:28:54 +0200] "GET /reload?ser=1619173733654 HTTP/1.1" 200 28 "http://renault.2web.at/account" "Mozilla/5.0 (Windows NT 10.0; Win64; x64) AppleWebKit/537.36 (KHTML, like Gecko) Chrome/90.0.4430.85 Safari/537.36"
80.120.182.230 - - [23/Apr/2021:12:29:43 +0200] "GET /reload?ser=1619174024328 HTTP/1.1" 200 1240 "http://renault.activities.at/checkout" "Mozilla/5.0 (Windows NT 10.0; Win64; x64) AppleWebKit/537.36 (KHTML, like Gecko) Chrome/90.0.4430.85 Safari/537.36"
138.21.12.27 - - [23/Apr/2021:12:29:56 +0200] "GET /reload?ser=1619173795653 HTTP/1.1" 200 28 "http://renault.2web.at/account" "Mozilla/5.0 (Windows NT 10.0; Win64; x64) AppleWebKit/537.36 (KHTML, like Gecko) Chrome/90.0.4430.85 Safari/537.36"
80.120.182.230 - - [23/Apr/2021:12:30:44 +0200] "GET /reload?ser=1619174085317 HTTP/1.1" 200 1238 "http://renault.activities.at/checkout" "Mozilla/5.0 (Windows NT 10.0; Win64; x64) AppleWebKit/537.36 (KHTML, like Gecko) Chrome/90.0.4430.85 Safari/537.36"
138.21.12.27 - - [23/Apr/2021:12:30:58 +0200] "GET /reload?ser=1619173857653 HTTP/1.1" 200 28 "http://renault.2web.at/account" "Mozilla/5.0 (Windows NT 10.0; Win64; x64) AppleWebKit/537.36 (KHTML, like Gecko) Chrome/90.0.4430.85 Safari/537.36"
80.120.182.230 - - [23/Apr/2021:12:31:45 +0200] "GET /reload?ser=1619174146324 HTTP/1.1" 200 1243 "http://renault.activities.at/checkout" "Mozilla/5.0 (Windows NT 10.0; Win64; x64) AppleWebKit/537.36 (KHTML, like Gecko) Chrome/90.0.4430.85 Safari/537.36"
138.21.12.27 - - [23/Apr/2021:12:32:00 +0200] "GET /reload?ser=1619173919653 HTTP/1.1" 200 28 "http://renault.2web.at/account" "Mozilla/5.0 (Windows NT 10.0; Win64; x64) AppleWebKit/537.36 (KHTML, like Gecko) Chrome/90.0.4430.85 Safari/537.36"
80.120.182.230 - - [23/Apr/2021:12:32:46 +0200] "GET /reload?ser=1619174207317 HTTP/1.1" 200 1236 "http://renault.activities.at/checkout" "Mozilla/5.0 (Windows NT 10.0; Win64; x64) AppleWebKit/537.36 (KHTML, like Gecko) Chrome/90.0.4430.85 Safari/537.36"
138.21.12.27 - - [23/Apr/2021:12:33:02 +0200] "GET /reload?ser=1619173981654 HTTP/1.1" 200 28 "http://renault.2web.at/account" "Mozilla/5.0 (Windows NT 10.0; Win64; x64) AppleWebKit/537.36 (KHTML, like Gecko) Chrome/90.0.4430.85 Safari/537.36"
80.120.182.230 - - [23/Apr/2021:12:33:47 +0200] "GET /reload?ser=1619174268326 HTTP/1.1" 200 1237 "http://renault.activities.at/checkout" "Mozilla/5.0 (Windows NT 10.0; Win64; x64) AppleWebKit/537.36 (KHTML, like Gecko) Chrome/90.0.4430.85 Safari/537.36"
138.21.12.27 - - [23/Apr/2021:12:34:04 +0200] "GET /reload?ser=1619174043654 HTTP/1.1" 200 28 "http://renault.2web.at/account" "Mozilla/5.0 (Windows NT 10.0; Win64; x64) AppleWebKit/537.36 (KHTML, like Gecko) Chrome/90.0.4430.85 Safari/537.36"
80.120.182.230 - - [23/Apr/2021:12:34:48 +0200] "GET /reload?ser=1619174329323 HTTP/1.1" 200 1243 "http://renault.activities.at/checkout" "Mozilla/5.0 (Windows NT 10.0; Win64; x64) AppleWebKit/537.36 (KHTML, like Gecko) Chrome/90.0.4430.85 Safari/537.36"
138.21.12.27 - - [23/Apr/2021:12:35:06 +0200] "GET /reload?ser=1619174105654 HTTP/1.1" 200 28 "http://renault.2web.at/account" "Mozilla/5.0 (Windows NT 10.0; Win64; x64) AppleWebKit/537.36 (KHTML, like Gecko) Chrome/90.0.4430.85 Safari/537.36"
80.120.182.230 - - [23/Apr/2021:12:35:49 +0200] "GET /reload?ser=1619174390321 HTTP/1.1" 200 1244 "http://renault.activities.at/checkout" "Mozilla/5.0 (Windows NT 10.0; Win64; x64) AppleWebKit/537.36 (KHTML, like Gecko) Chrome/90.0.4430.85 Safari/537.36"
138.21.12.27 - - [23/Apr/2021:12:36:08 +0200] "GET /reload?ser=1619174167656 HTTP/1.1" 200 28 "http://renault.2web.at/account" "Mozilla/5.0 (Windows NT 10.0; Win64; x64) AppleWebKit/537.36 (KHTML, like Gecko) Chrome/90.0.4430.85 Safari/537.36"
80.120.182.230 - - [23/Apr/2021:12:36:50 +0200] "GET /reload?ser=1619174451325 HTTP/1.1" 200 1240 "http://renault.activities.at/checkout" "Mozilla/5.0 (Windows NT 10.0; Win64; x64) AppleWebKit/537.36 (KHTML, like Gecko) Chrome/90.0.4430.85 Safari/537.36"
138.21.12.27 - - [23/Apr/2021:12:37:10 +0200] "GET /reload?ser=1619174229655 HTTP/1.1" 200 28 "http://renault.2web.at/account" "Mozilla/5.0 (Windows NT 10.0; Win64; x64) AppleWebKit/537.36 (KHTML, like Gecko) Chrome/90.0.4430.85 Safari/537.36"
80.120.182.230 - - [23/Apr/2021:12:37:51 +0200] "GET /reload?ser=1619174512320 HTTP/1.1" 200 1241 "http://renault.activities.at/checkout" "Mozilla/5.0 (Windows NT 10.0; Win64; x64) AppleWebKit/537.36 (KHTML, like Gecko) Chrome/90.0.4430.85 Safari/537.36"
138.21.12.27 - - [23/Apr/2021:12:38:12 +0200] "GET /reload?ser=1619174291656 HTTP/1.1" 200 28 "http://renault.2web.at/account" "Mozilla/5.0 (Windows NT 10.0; Win64; x64) AppleWebKit/537.36 (KHTML, like Gecko) Chrome/90.0.4430.85 Safari/537.36"
95.223.182.144 - - [23/Apr/2021:12:38:24 +0200] "GET /favicon.ico HTTP/1.1" 200 3250 "http://renault.activities.at/binaries/10019519.pdf" "Mozilla/5.0 (Windows NT 10.0; WOW64) AppleWebKit/537.36 (KHTML, like Gecko) Chrome/90.0.4430.85 Safari/537.36"
95.223.182.144 - - [23/Apr/2021:12:38:23 +0200] "GET /binaries/10019519.pdf HTTP/1.1" 200 1474703 "https://www.google.com/" "Mozilla/5.0 (Windows NT 10.0; WOW64) AppleWebKit/537.36 (KHTML, like Gecko) Chrome/90.0.4430.85 Safari/537.36"
80.120.182.230 - - [23/Apr/2021:12:38:52 +0200] "GET /reload?ser=1619174573316 HTTP/1.1" 200 1234 "http://renault.activities.at/checkout" "Mozilla/5.0 (Windows NT 10.0; Win64; x64) AppleWebKit/537.36 (KHTML, like Gecko) Chrome/90.0.4430.85 Safari/537.36"
138.21.12.27 - - [23/Apr/2021:12:39:14 +0200] "GET /reload?ser=1619174353655 HTTP/1.1" 200 28 "http://renault.2web.at/account" "Mozilla/5.0 (Windows NT 10.0; Win64; x64) AppleWebKit/537.36 (KHTML, like Gecko) Chrome/90.0.4430.85 Safari/537.36"
80.120.182.230 - - [23/Apr/2021:12:39:53 +0200] "GET /reload?ser=1619174634319 HTTP/1.1" 200 1242 "http://renault.activities.at/checkout" "Mozilla/5.0 (Windows NT 10.0; Win64; x64) AppleWebKit/537.36 (KHTML, like Gecko) Chrome/90.0.4430.85 Safari/537.36"
138.21.12.27 - - [23/Apr/2021:12:40:16 +0200] "GET /reload?ser=1619174415655 HTTP/1.1" 200 28 "http://renault.2web.at/account" "Mozilla/5.0 (Windows NT 10.0; Win64; x64) AppleWebKit/537.36 (KHTML, like Gecko) Chrome/90.0.4430.85 Safari/537.36"
80.120.182.230 - - [23/Apr/2021:12:40:54 +0200] "GET /reload?ser=1619174695326 HTTP/1.1" 200 1238 "http://renault.activities.at/checkout" "Mozilla/5.0 (Windows NT 10.0; Win64; x64) AppleWebKit/537.36 (KHTML, like Gecko) Chrome/90.0.4430.85 Safari/537.36"
138.21.12.27 - - [23/Apr/2021:12:41:18 +0200] "GET /reload?ser=1619174477656 HTTP/1.1" 200 28 "http://renault.2web.at/account" "Mozilla/5.0 (Windows NT 10.0; Win64; x64) AppleWebKit/537.36 (KHTML, like Gecko) Chrome/90.0.4430.85 Safari/537.36"
80.120.182.230 - - [23/Apr/2021:12:41:55 +0200] "GET /reload?ser=1619174756330 HTTP/1.1" 200 1236 "http://renault.activities.at/checkout" "Mozilla/5.0 (Windows NT 10.0; Win64; x64) AppleWebKit/537.36 (KHTML, like Gecko) Chrome/90.0.4430.85 Safari/537.36"
138.21.12.27 - - [23/Apr/2021:12:42:21 +0200] "GET /reload?ser=1619174540656 HTTP/1.1" 200 28 "http://renault.2web.at/account" "Mozilla/5.0 (Windows NT 10.0; Win64; x64) AppleWebKit/537.36 (KHTML, like Gecko) Chrome/90.0.4430.85 Safari/537.36"
80.120.182.230 - - [23/Apr/2021:12:42:56 +0200] "GET /reload?ser=1619174817323 HTTP/1.1" 200 1235 "http://renault.activities.at/checkout" "Mozilla/5.0 (Windows NT 10.0; Win64; x64) AppleWebKit/537.36 (KHTML, like Gecko) Chrome/90.0.4430.85 Safari/537.36"
138.21.12.27 - - [23/Apr/2021:12:43:23 +0200] "GET /reload?ser=1619174602656 HTTP/1.1" 200 28 "http://renault.2web.at/account" "Mozilla/5.0 (Windows NT 10.0; Win64; x64) AppleWebKit/537.36 (KHTML, like Gecko) Chrome/90.0.4430.85 Safari/537.36"
80.120.182.230 - - [23/Apr/2021:12:43:57 +0200] "GET /reload?ser=1619174878324 HTTP/1.1" 200 1239 "http://renault.activities.at/checkout" "Mozilla/5.0 (Windows NT 10.0; Win64; x64) AppleWebKit/537.36 (KHTML, like Gecko) Chrome/90.0.4430.85 Safari/537.36"
138.21.12.27 - - [23/Apr/2021:12:44:25 +0200] "GET /reload?ser=1619174664657 HTTP/1.1" 200 28 "http://renault.2web.at/account" "Mozilla/5.0 (Windows NT 10.0; Win64; x64) AppleWebKit/537.36 (KHTML, like Gecko) Chrome/90.0.4430.85 Safari/537.36"
80.120.182.230 - - [23/Apr/2021:12:44:58 +0200] "GET /reload?ser=1619174939326 HTTP/1.1" 200 1241 "http://renault.activities.at/checkout" "Mozilla/5.0 (Windows NT 10.0; Win64; x64) AppleWebKit/537.36 (KHTML, like Gecko) Chrome/90.0.4430.85 Safari/537.36"
138.21.12.27 - - [23/Apr/2021:12:45:27 +0200] "GET /reload?ser=1619174726657 HTTP/1.1" 200 28 "http://renault.2web.at/account" "Mozilla/5.0 (Windows NT 10.0; Win64; x64) AppleWebKit/537.36 (KHTML, like Gecko) Chrome/90.0.4430.85 Safari/537.36"
80.120.182.230 - - [23/Apr/2021:12:45:59 +0200] "GET /reload?ser=1619175000316 HTTP/1.1" 200 1233 "http://renault.activities.at/checkout" "Mozilla/5.0 (Windows NT 10.0; Win64; x64) AppleWebKit/537.36 (KHTML, like Gecko) Chrome/90.0.4430.85 Safari/537.36"
138.21.12.27 - - [23/Apr/2021:12:46:29 +0200] "GET /reload?ser=1619174788657 HTTP/1.1" 200 28 "http://renault.2web.at/account" "Mozilla/5.0 (Windows NT 10.0; Win64; x64) AppleWebKit/537.36 (KHTML, like Gecko) Chrome/90.0.4430.85 Safari/537.36"
80.120.182.230 - - [23/Apr/2021:12:47:00 +0200] "GET /reload?ser=1619175061325 HTTP/1.1" 200 1236 "http://renault.activities.at/checkout" "Mozilla/5.0 (Windows NT 10.0; Win64; x64) AppleWebKit/537.36 (KHTML, like Gecko) Chrome/90.0.4430.85 Safari/537.36"
138.21.12.27 - - [23/Apr/2021:12:47:31 +0200] "GET /reload?ser=1619174850658 HTTP/1.1" 200 28 "http://renault.2web.at/account" "Mozilla/5.0 (Windows NT 10.0; Win64; x64) AppleWebKit/537.36 (KHTML, like Gecko) Chrome/90.0.4430.85 Safari/537.36"
80.120.182.230 - - [23/Apr/2021:12:48:01 +0200] "GET /reload?ser=1619175122324 HTTP/1.1" 200 1233 "http://renault.activities.at/checkout" "Mozilla/5.0 (Windows NT 10.0; Win64; x64) AppleWebKit/537.36 (KHTML, like Gecko) Chrome/90.0.4430.85 Safari/537.36"
138.21.12.27 - - [23/Apr/2021:12:48:33 +0200] "GET /reload?ser=1619174912657 HTTP/1.1" 200 28 "http://renault.2web.at/account" "Mozilla/5.0 (Windows NT 10.0; Win64; x64) AppleWebKit/537.36 (KHTML, like Gecko) Chrome/90.0.4430.85 Safari/537.36"
80.120.182.230 - - [23/Apr/2021:12:49:02 +0200] "GET /reload?ser=1619175183327 HTTP/1.1" 200 1246 "http://renault.activities.at/checkout" "Mozilla/5.0 (Windows NT 10.0; Win64; x64) AppleWebKit/537.36 (KHTML, like Gecko) Chrome/90.0.4430.85 Safari/537.36"
138.21.12.27 - - [23/Apr/2021:12:49:35 +0200] "GET /reload?ser=1619174974658 HTTP/1.1" 200 28 "http://renault.2web.at/account" "Mozilla/5.0 (Windows NT 10.0; Win64; x64) AppleWebKit/537.36 (KHTML, like Gecko) Chrome/90.0.4430.85 Safari/537.36"
80.120.182.230 - - [23/Apr/2021:12:50:03 +0200] "GET /reload?ser=1619175244325 HTTP/1.1" 200 1241 "http://renault.activities.at/checkout" "Mozilla/5.0 (Windows NT 10.0; Win64; x64) AppleWebKit/537.36 (KHTML, like Gecko) Chrome/90.0.4430.85 Safari/537.36"
138.21.12.27 - - [23/Apr/2021:12:50:37 +0200] "GET /reload?ser=1619175036658 HTTP/1.1" 200 28 "http://renault.2web.at/account" "Mozilla/5.0 (Windows NT 10.0; Win64; x64) AppleWebKit/537.36 (KHTML, like Gecko) Chrome/90.0.4430.85 Safari/537.36"
80.120.182.230 - - [23/Apr/2021:12:51:04 +0200] "GET /reload?ser=1619175305322 HTTP/1.1" 200 1250 "http://renault.activities.at/checkout" "Mozilla/5.0 (Windows NT 10.0; Win64; x64) AppleWebKit/537.36 (KHTML, like Gecko) Chrome/90.0.4430.85 Safari/537.36"
138.21.12.27 - - [23/Apr/2021:12:51:39 +0200] "GET /reload?ser=1619175098658 HTTP/1.1" 200 28 "http://renault.2web.at/account" "Mozilla/5.0 (Windows NT 10.0; Win64; x64) AppleWebKit/537.36 (KHTML, like Gecko) Chrome/90.0.4430.85 Safari/537.36"
80.120.182.230 - - [23/Apr/2021:12:52:05 +0200] "GET /reload?ser=1619175366328 HTTP/1.1" 200 1240 "http://renault.activities.at/checkout" "Mozilla/5.0 (Windows NT 10.0; Win64; x64) AppleWebKit/537.36 (KHTML, like Gecko) Chrome/90.0.4430.85 Safari/537.36"
138.21.12.27 - - [23/Apr/2021:12:52:41 +0200] "GET /reload?ser=1619175160658 HTTP/1.1" 200 28 "http://renault.2web.at/account" "Mozilla/5.0 (Windows NT 10.0; Win64; x64) AppleWebKit/537.36 (KHTML, like Gecko) Chrome/90.0.4430.85 Safari/537.36"
80.120.182.230 - - [23/Apr/2021:12:53:06 +0200] "GET /reload?ser=1619175427330 HTTP/1.1" 200 1232 "http://renault.activities.at/checkout" "Mozilla/5.0 (Windows NT 10.0; Win64; x64) AppleWebKit/537.36 (KHTML, like Gecko) Chrome/90.0.4430.85 Safari/537.36"
138.21.12.27 - - [23/Apr/2021:12:53:43 +0200] "GET /reload?ser=1619175222673 HTTP/1.1" 200 28 "http://renault.2web.at/account" "Mozilla/5.0 (Windows NT 10.0; Win64; x64) AppleWebKit/537.36 (KHTML, like Gecko) Chrome/90.0.4430.85 Safari/537.36"
80.120.182.230 - - [23/Apr/2021:12:54:07 +0200] "GET /reload?ser=1619175488327 HTTP/1.1" 200 1240 "http://renault.activities.at/checkout" "Mozilla/5.0 (Windows NT 10.0; Win64; x64) AppleWebKit/537.36 (KHTML, like Gecko) Chrome/90.0.4430.85 Safari/537.36"
80.123.225.38 - - [23/Apr/2021:12:54:31 +0200] "GET /login HTTP/1.1" 200 2085 "-" "Mozilla/5.0 (Windows NT 6.1; WOW64; Trident/7.0; rv:11.0) like Gecko"
80.123.225.38 - - [23/Apr/2021:12:54:32 +0200] "GET /js/default.js HTTP/1.1" 304 - "http://renault.activities.at/login" "Mozilla/5.0 (Windows NT 6.1; WOW64; Trident/7.0; rv:11.0) like Gecko"
80.123.225.38 - - [23/Apr/2021:12:54:32 +0200] "GET /css/reset.css HTTP/1.1" 304 - "http://renault.activities.at/login" "Mozilla/5.0 (Windows NT 6.1; WOW64; Trident/7.0; rv:11.0) like Gecko"
80.123.225.38 - - [23/Apr/2021:12:54:32 +0200] "GET /js/index.php?c=auto&f=,prototype/prototype.js,prototype/validation.js,scriptaculous/builder.js,scriptaculous/effects.js,scriptaculous/dragdrop.js,scriptaculous/controls.js,scriptaculous/slider.js,varien/js.js,varien/form.js,varien/menu.js,mage/translate.js,mage/cookies.js,varien/product.js,spinner/SpinnerControl.jsmin.js,prototype/window.js,prototype/window_ext.js HTTP/1.1" 304 - "http://renault.activities.at/login" "Mozilla/5.0 (Windows NT 6.1; WOW64; Trident/7.0; rv:11.0) like Gecko"
80.123.225.38 - - [23/Apr/2021:12:54:32 +0200] "GET /js/checkout.css HTTP/1.1" 304 - "http://renault.activities.at/login" "Mozilla/5.0 (Windows NT 6.1; WOW64; Trident/7.0; rv:11.0) like Gecko"
80.123.225.38 - - [23/Apr/2021:12:54:32 +0200] "GET /css/prototip.css HTTP/1.1" 304 - "http://renault.activities.at/login" "Mozilla/5.0 (Windows NT 6.1; WOW64; Trident/7.0; rv:11.0) like Gecko"
80.123.225.38 - - [23/Apr/2021:12:54:32 +0200] "GET /css/themes/default.css HTTP/1.1" 304 - "http://renault.activities.at/login" "Mozilla/5.0 (Windows NT 6.1; WOW64; Trident/7.0; rv:11.0) like Gecko"
80.123.225.38 - - [23/Apr/2021:12:54:32 +0200] "GET /css/themes/alphacube.css HTTP/1.1" 304 - "http://renault.activities.at/login" "Mozilla/5.0 (Windows NT 6.1; WOW64; Trident/7.0; rv:11.0) like Gecko"
80.123.225.38 - - [23/Apr/2021:12:54:32 +0200] "GET /loadthumbnail.php?id=11127982 HTTP/1.1" 200 399614 "http://renault.activities.at/login" "Mozilla/5.0 (Windows NT 6.1; WOW64; Trident/7.0; rv:11.0) like Gecko"
80.123.225.38 - - [23/Apr/2021:12:54:33 +0200] "GET /images/favicon.ico HTTP/1.1" 404 305 "-" "Mozilla/5.0 (Windows NT 6.1; WOW64; Trident/7.0; rv:11.0) like Gecko"
138.21.12.27 - - [23/Apr/2021:12:54:45 +0200] "GET /reload?ser=1619175284674 HTTP/1.1" 200 28 "http://renault.2web.at/account" "Mozilla/5.0 (Windows NT 10.0; Win64; x64) AppleWebKit/537.36 (KHTML, like Gecko) Chrome/90.0.4430.85 Safari/537.36"
80.120.182.230 - - [23/Apr/2021:12:55:08 +0200] "GET /reload?ser=1619175549331 HTTP/1.1" 200 1236 "http://renault.activities.at/checkout" "Mozilla/5.0 (Windows NT 10.0; Win64; x64) AppleWebKit/537.36 (KHTML, like Gecko) Chrome/90.0.4430.85 Safari/537.36"
80.123.225.38 - - [23/Apr/2021:12:55:33 +0200] "GET /reload?ser=1619175333174 HTTP/1.1" 200 28 "http://renault.activities.at/login" "Mozilla/5.0 (Windows NT 6.1; WOW64; Trident/7.0; rv:11.0) like Gecko"
138.21.12.27 - - [23/Apr/2021:12:55:47 +0200] "GET /reload?ser=1619175346658 HTTP/1.1" 200 28 "http://renault.2web.at/account" "Mozilla/5.0 (Windows NT 10.0; Win64; x64) AppleWebKit/537.36 (KHTML, like Gecko) Chrome/90.0.4430.85 Safari/537.36"
80.123.225.38 - - [23/Apr/2021:12:55:52 +0200] "POST /login HTTP/1.1" 302 140 "http://renault.activities.at/login" "Mozilla/5.0 (Windows NT 6.1; WOW64; Trident/7.0; rv:11.0) like Gecko"
80.123.225.38 - - [23/Apr/2021:12:55:54 +0200] "GET /account HTTP/1.1" 200 6196 "http://renault.activities.at/login" "Mozilla/5.0 (Windows NT 6.1; WOW64; Trident/7.0; rv:11.0) like Gecko"
80.123.225.38 - - [23/Apr/2021:12:55:57 +0200] "GET /js/index.php?c=auto&f=,prototype/prototype.js,prototype/validation.js,scriptaculous/builder.js,scriptaculous/effects.js,scriptaculous/dragdrop.js,scriptaculous/controls.js,scriptaculous/slider.js,varien/js.js,varien/form.js,varien/menu.js,mage/translate.js,mage/cookies.js,varien/product.js,spinner/SpinnerControl.jsmin.js,prototype/window.js,prototype/window_ext.js HTTP/1.1" 304 - "http://renault.activities.at/account" "Mozilla/5.0 (Windows NT 6.1; WOW64; Trident/7.0; rv:11.0) like Gecko"
80.123.225.38 - - [23/Apr/2021:12:55:57 +0200] "GET /loadthumbnail.php?id=12334029&width=50&height=50 HTTP/1.1" 200 1295 "http://renault.activities.at/account" "Mozilla/5.0 (Windows NT 6.1; WOW64; Trident/7.0; rv:11.0) like Gecko"
80.123.225.38 - - [23/Apr/2021:12:55:57 +0200] "GET /loadthumbnail.php?id=10203651&width=50&height=50 HTTP/1.1" 200 1234 "http://renault.activities.at/account" "Mozilla/5.0 (Windows NT 6.1; WOW64; Trident/7.0; rv:11.0) like Gecko"
80.123.225.38 - - [23/Apr/2021:12:55:57 +0200] "GET /loadthumbnail.php?id=11255648&width=50&height=50 HTTP/1.1" 200 748 "http://renault.activities.at/account" "Mozilla/5.0 (Windows NT 6.1; WOW64; Trident/7.0; rv:11.0) like Gecko"
80.123.225.38 - - [23/Apr/2021:12:55:57 +0200] "GET /loadthumbnail.php?id=12332933&width=50&height=50 HTTP/1.1" 200 745 "http://renault.activities.at/account" "Mozilla/5.0 (Windows NT 6.1; WOW64; Trident/7.0; rv:11.0) like Gecko"
80.123.225.38 - - [23/Apr/2021:12:55:57 +0200] "GET /loadthumbnail.php?id=10995605&width=50&height=50 HTTP/1.1" 200 735 "http://renault.activities.at/account" "Mozilla/5.0 (Windows NT 6.1; WOW64; Trident/7.0; rv:11.0) like Gecko"
80.123.225.38 - - [23/Apr/2021:12:55:58 +0200] "GET /images/favicon.ico HTTP/1.1" 404 305 "-" "Mozilla/5.0 (Windows NT 6.1; WOW64; Trident/7.0; rv:11.0) like Gecko"
80.123.225.38 - - [23/Apr/2021:12:55:58 +0200] "GET /favicon.ico HTTP/1.1" 200 3250 "-" "Mozilla/5.0 (Windows NT 6.1; WOW64; Trident/7.0; rv:11.0) like Gecko"
80.123.225.38 - - [23/Apr/2021:12:56:07 +0200] "POST /axjaxrequest?mode=suggest HTTP/1.1" 200 166 "http://renault.activities.at/account" "Mozilla/5.0 (Windows NT 6.1; WOW64; Trident/7.0; rv:11.0) like Gecko"
80.120.182.230 - - [23/Apr/2021:12:56:09 +0200] "GET /reload?ser=1619175610325 HTTP/1.1" 200 1240 "http://renault.activities.at/checkout" "Mozilla/5.0 (Windows NT 10.0; Win64; x64) AppleWebKit/537.36 (KHTML, like Gecko) Chrome/90.0.4430.85 Safari/537.36"
80.123.225.38 - - [23/Apr/2021:12:56:07 +0200] "GET /result?searchterm=true&search=mob HTTP/1.1" 200 6752 "http://renault.activities.at/account" "Mozilla/5.0 (Windows NT 6.1; WOW64; Trident/7.0; rv:11.0) like Gecko"
80.123.225.38 - - [23/Apr/2021:12:56:11 +0200] "GET /js/ProduktGrp.js HTTP/1.1" 304 - "http://renault.activities.at/result?searchterm=true&search=mob" "Mozilla/5.0 (Windows NT 6.1; WOW64; Trident/7.0; rv:11.0) like Gecko"
80.123.225.38 - - [23/Apr/2021:12:56:11 +0200] "GET /js/index.php?c=auto&f=,prototype/prototype.js,prototype/validation.js,scriptaculous/builder.js,scriptaculous/effects.js,scriptaculous/dragdrop.js,scriptaculous/controls.js,scriptaculous/slider.js,varien/js.js,varien/form.js,varien/menu.js,mage/translate.js,mage/cookies.js,varien/product.js,spinner/SpinnerControl.jsmin.js,prototype/window.js,prototype/window_ext.js HTTP/1.1" 304 - "http://renault.activities.at/result?searchterm=true&search=mob" "Mozilla/5.0 (Windows NT 6.1; WOW64; Trident/7.0; rv:11.0) like Gecko"
80.123.225.38 - - [23/Apr/2021:12:56:11 +0200] "GET /loadthumbnail.php?id=10203255 HTTP/1.1" 200 137 "http://renault.activities.at/result?searchterm=true&search=mob" "Mozilla/5.0 (Windows NT 6.1; WOW64; Trident/7.0; rv:11.0) like Gecko"
80.123.225.38 - - [23/Apr/2021:12:56:11 +0200] "GET /loadthumbnail.php?id=10745359&width=113 HTTP/1.1" 200 4202 "http://renault.activities.at/result?searchterm=true&search=mob" "Mozilla/5.0 (Windows NT 6.1; WOW64; Trident/7.0; rv:11.0) like Gecko"
80.123.225.38 - - [23/Apr/2021:12:56:11 +0200] "GET /loadthumbnail.php?id=12341632&width=113 HTTP/1.1" 200 21154 "http://renault.activities.at/result?searchterm=true&search=mob" "Mozilla/5.0 (Windows NT 6.1; WOW64; Trident/7.0; rv:11.0) like Gecko"
80.123.225.38 - - [23/Apr/2021:12:56:11 +0200] "GET /loadthumbnail.php?id=11434114&width=113 HTTP/1.1" 200 4564 "http://renault.activities.at/result?searchterm=true&search=mob" "Mozilla/5.0 (Windows NT 6.1; WOW64; Trident/7.0; rv:11.0) like Gecko"
80.123.225.38 - - [23/Apr/2021:12:56:11 +0200] "GET /loadthumbnail.php?id=12363384&width=113 HTTP/1.1" 200 20801 "http://renault.activities.at/result?searchterm=true&search=mob" "Mozilla/5.0 (Windows NT 6.1; WOW64; Trident/7.0; rv:11.0) like Gecko"
80.123.225.38 - - [23/Apr/2021:12:56:11 +0200] "GET /loadthumbnail.php?id=12204968&width=113 HTTP/1.1" 200 4284 "http://renault.activities.at/result?searchterm=true&search=mob" "Mozilla/5.0 (Windows NT 6.1; WOW64; Trident/7.0; rv:11.0) like Gecko"
80.123.225.38 - - [23/Apr/2021:12:56:11 +0200] "GET /favicon.ico HTTP/1.1" 200 3250 "-" "Mozilla/5.0 (Windows NT 6.1; WOW64; Trident/7.0; rv:11.0) like Gecko"
207.46.13.53 - - [23/Apr/2021:12:56:22 +0200] "GET /account HTTP/1.1" 302 150 "-" "Mozilla/5.0 (compatible; bingbot/2.0; +http://www.bing.com/bingbot.htm)"
138.21.12.27 - - [23/Apr/2021:12:56:49 +0200] "GET /reload?ser=1619175408661 HTTP/1.1" 200 28 "http://renault.2web.at/account" "Mozilla/5.0 (Windows NT 10.0; Win64; x64) AppleWebKit/537.36 (KHTML, like Gecko) Chrome/90.0.4430.85 Safari/537.36"
80.123.225.38 - - [23/Apr/2021:12:56:54 +0200] "POST /result?searchterm=true&search=mob HTTP/1.1" 200 6953 "http://renault.activities.at/result?searchterm=true&search=mob" "Mozilla/5.0 (Windows NT 6.1; WOW64; Trident/7.0; rv:11.0) like Gecko"
80.123.225.38 - - [23/Apr/2021:12:56:56 +0200] "GET /js/index.php?c=auto&f=,prototype/prototype.js,prototype/validation.js,scriptaculous/builder.js,scriptaculous/effects.js,scriptaculous/dragdrop.js,scriptaculous/controls.js,scriptaculous/slider.js,varien/js.js,varien/form.js,varien/menu.js,mage/translate.js,mage/cookies.js,varien/product.js,spinner/SpinnerControl.jsmin.js,prototype/window.js,prototype/window_ext.js HTTP/1.1" 304 - "http://renault.activities.at/result?searchterm=true&search=mob" "Mozilla/5.0 (Windows NT 6.1; WOW64; Trident/7.0; rv:11.0) like Gecko"
80.120.182.230 - - [23/Apr/2021:12:57:10 +0200] "GET /reload?ser=1619175671328 HTTP/1.1" 200 1236 "http://renault.activities.at/checkout" "Mozilla/5.0 (Windows NT 10.0; Win64; x64) AppleWebKit/537.36 (KHTML, like Gecko) Chrome/90.0.4430.85 Safari/537.36"
138.21.12.27 - - [23/Apr/2021:12:57:51 +0200] "GET /reload?ser=1619175470668 HTTP/1.1" 200 28 "http://renault.2web.at/account" "Mozilla/5.0 (Windows NT 10.0; Win64; x64) AppleWebKit/537.36 (KHTML, like Gecko) Chrome/90.0.4430.85 Safari/537.36"
80.123.225.38 - - [23/Apr/2021:12:57:57 +0200] "GET /reload?ser=1619175477059 HTTP/1.1" 200 28 "http://renault.activities.at/result?searchterm=true&search=mob" "Mozilla/5.0 (Windows NT 6.1; WOW64; Trident/7.0; rv:11.0) like Gecko"
80.120.182.230 - - [23/Apr/2021:12:58:11 +0200] "GET /reload?ser=1619175732329 HTTP/1.1" 200 1234 "http://renault.activities.at/checkout" "Mozilla/5.0 (Windows NT 10.0; Win64; x64) AppleWebKit/537.36 (KHTML, like Gecko) Chrome/90.0.4430.85 Safari/537.36"
138.21.12.27 - - [23/Apr/2021:12:58:53 +0200] "GET /reload?ser=1619175532676 HTTP/1.1" 200 28 "http://renault.2web.at/account" "Mozilla/5.0 (Windows NT 10.0; Win64; x64) AppleWebKit/537.36 (KHTML, like Gecko) Chrome/90.0.4430.85 Safari/537.36"
80.123.225.38 - - [23/Apr/2021:12:58:58 +0200] "GET /reload?ser=1619175538014 HTTP/1.1" 200 28 "http://renault.activities.at/result?searchterm=true&search=mob" "Mozilla/5.0 (Windows NT 6.1; WOW64; Trident/7.0; rv:11.0) like Gecko"
