83.175.83.150 - - [26/Apr/2021:11:26:16 +0200] "GET /loadthumbnail.php?id=12243604&width=113 HTTP/1.1" 200 3094 "http://renault.activities.at/10201634?dir=DESC&mode=grid&order=name&limit=15&page=4" "Mozilla/5.0 (Windows NT 10.0; Win64; x64) AppleWebKit/537.36 (KHTML, like Gecko) Chrome/90.0.4430.85 Safari/537.36"
80.123.225.38 - - [26/Apr/2021:11:26:25 +0200] "GET /reload?ser=1619429185513 HTTP/1.1" 200 28 "http://renault.activities.at/success" "Mozilla/5.0 (Windows NT 6.1; WOW64; Trident/7.0; rv:11.0) like Gecko"
83.175.83.150 - - [26/Apr/2021:11:26:27 +0200] "POST /10201634?dir=DESC&mode=grid&order=name&limit=15&page=4 HTTP/1.1" 200 9528 "http://renault.activities.at/10201634?dir=DESC&mode=grid&order=name&limit=15&page=4" "Mozilla/5.0 (Windows NT 10.0; Win64; x64) AppleWebKit/537.36 (KHTML, like Gecko) Chrome/90.0.4430.85 Safari/537.36"
83.175.83.150 - - [26/Apr/2021:11:26:39 +0200] "GET /10201634?dir=DESC&mode=grid&order=name&limit=15&page=5 HTTP/1.1" 200 9296 "http://renault.activities.at/10201634?dir=DESC&mode=grid&order=name&limit=15&page=4" "Mozilla/5.0 (Windows NT 10.0; Win64; x64) AppleWebKit/537.36 (KHTML, like Gecko) Chrome/90.0.4430.85 Safari/537.36"
83.175.83.150 - - [26/Apr/2021:11:26:42 +0200] "GET /loadthumbnail.php?id=12243600&width=113 HTTP/1.1" 200 3157 "http://renault.activities.at/10201634?dir=DESC&mode=grid&order=name&limit=15&page=5" "Mozilla/5.0 (Windows NT 10.0; Win64; x64) AppleWebKit/537.36 (KHTML, like Gecko) Chrome/90.0.4430.85 Safari/537.36"
83.175.83.150 - - [26/Apr/2021:11:26:42 +0200] "GET /loadthumbnail.php?id=12341632&width=113 HTTP/1.1" 200 21154 "http://renault.activities.at/10201634?dir=DESC&mode=grid&order=name&limit=15&page=5" "Mozilla/5.0 (Windows NT 10.0; Win64; x64) AppleWebKit/537.36 (KHTML, like Gecko) Chrome/90.0.4430.85 Safari/537.36"
83.175.83.150 - - [26/Apr/2021:11:26:42 +0200] "GET /loadthumbnail.php?id=11573493&width=113 HTTP/1.1" 200 8256 "http://renault.activities.at/10201634?dir=DESC&mode=grid&order=name&limit=15&page=5" "Mozilla/5.0 (Windows NT 10.0; Win64; x64) AppleWebKit/537.36 (KHTML, like Gecko) Chrome/90.0.4430.85 Safari/537.36"
83.175.83.150 - - [26/Apr/2021:11:26:42 +0200] "GET /loadthumbnail.php?id=11355691&width=113 HTTP/1.1" 200 1198 "http://renault.activities.at/10201634?dir=DESC&mode=grid&order=name&limit=15&page=5" "Mozilla/5.0 (Windows NT 10.0; Win64; x64) AppleWebKit/537.36 (KHTML, like Gecko) Chrome/90.0.4430.85 Safari/537.36"
83.175.83.150 - - [26/Apr/2021:11:26:42 +0200] "GET /loadthumbnail.php?id=11211825&width=113 HTTP/1.1" 200 1953 "http://renault.activities.at/10201634?dir=DESC&mode=grid&order=name&limit=15&page=5" "Mozilla/5.0 (Windows NT 10.0; Win64; x64) AppleWebKit/537.36 (KHTML, like Gecko) Chrome/90.0.4430.85 Safari/537.36"
83.175.83.150 - - [26/Apr/2021:11:26:42 +0200] "GET /loadthumbnail.php?id=10614830&width=113 HTTP/1.1" 200 2000 "http://renault.activities.at/10201634?dir=DESC&mode=grid&order=name&limit=15&page=5" "Mozilla/5.0 (Windows NT 10.0; Win64; x64) AppleWebKit/537.36 (KHTML, like Gecko) Chrome/90.0.4430.85 Safari/537.36"
83.175.83.150 - - [26/Apr/2021:11:26:42 +0200] "GET /loadthumbnail.php?id=10260174&width=113 HTTP/1.1" 200 3715 "http://renault.activities.at/10201634?dir=DESC&mode=grid&order=name&limit=15&page=5" "Mozilla/5.0 (Windows NT 10.0; Win64; x64) AppleWebKit/537.36 (KHTML, like Gecko) Chrome/90.0.4430.85 Safari/537.36"
83.175.83.150 - - [26/Apr/2021:11:26:42 +0200] "GET /loadthumbnail.php?id=12247019&width=113 HTTP/1.1" 200 3543 "http://renault.activities.at/10201634?dir=DESC&mode=grid&order=name&limit=15&page=5" "Mozilla/5.0 (Windows NT 10.0; Win64; x64) AppleWebKit/537.36 (KHTML, like Gecko) Chrome/90.0.4430.85 Safari/537.36"
83.175.83.150 - - [26/Apr/2021:11:26:42 +0200] "GET /loadthumbnail.php?id=10260190&width=113 HTTP/1.1" 200 4509 "http://renault.activities.at/10201634?dir=DESC&mode=grid&order=name&limit=15&page=5" "Mozilla/5.0 (Windows NT 10.0; Win64; x64) AppleWebKit/537.36 (KHTML, like Gecko) Chrome/90.0.4430.85 Safari/537.36"
83.175.83.150 - - [26/Apr/2021:11:26:42 +0200] "GET /loadthumbnail.php?id=12247032&width=113 HTTP/1.1" 200 5603 "http://renault.activities.at/10201634?dir=DESC&mode=grid&order=name&limit=15&page=5" "Mozilla/5.0 (Windows NT 10.0; Win64; x64) AppleWebKit/537.36 (KHTML, like Gecko) Chrome/90.0.4430.85 Safari/537.36"
83.175.83.150 - - [26/Apr/2021:11:26:42 +0200] "GET /loadthumbnail.php?id=11788552&width=113 HTTP/1.1" 200 3318 "http://renault.activities.at/10201634?dir=DESC&mode=grid&order=name&limit=15&page=5" "Mozilla/5.0 (Windows NT 10.0; Win64; x64) AppleWebKit/537.36 (KHTML, like Gecko) Chrome/90.0.4430.85 Safari/537.36"
83.175.83.150 - - [26/Apr/2021:11:26:42 +0200] "GET /loadthumbnail.php?id=11730239&width=113 HTTP/1.1" 200 4665 "http://renault.activities.at/10201634?dir=DESC&mode=grid&order=name&limit=15&page=5" "Mozilla/5.0 (Windows NT 10.0; Win64; x64) AppleWebKit/537.36 (KHTML, like Gecko) Chrome/90.0.4430.85 Safari/537.36"
83.175.83.150 - - [26/Apr/2021:11:26:42 +0200] "GET /loadthumbnail.php?id=11226381&width=113 HTTP/1.1" 200 2887 "http://renault.activities.at/10201634?dir=DESC&mode=grid&order=name&limit=15&page=5" "Mozilla/5.0 (Windows NT 10.0; Win64; x64) AppleWebKit/537.36 (KHTML, like Gecko) Chrome/90.0.4430.85 Safari/537.36"
83.175.83.150 - - [26/Apr/2021:11:26:51 +0200] "GET /10201634?dir=DESC&mode=grid&order=name&limit=15&page=6 HTTP/1.1" 200 9147 "http://renault.activities.at/10201634?dir=DESC&mode=grid&order=name&limit=15&page=5" "Mozilla/5.0 (Windows NT 10.0; Win64; x64) AppleWebKit/537.36 (KHTML, like Gecko) Chrome/90.0.4430.85 Safari/537.36"
83.175.83.150 - - [26/Apr/2021:11:26:54 +0200] "GET /loadthumbnail.php?id=12341647&width=113 HTTP/1.1" 200 20465 "http://renault.activities.at/10201634?dir=DESC&mode=grid&order=name&limit=15&page=6" "Mozilla/5.0 (Windows NT 10.0; Win64; x64) AppleWebKit/537.36 (KHTML, like Gecko) Chrome/90.0.4430.85 Safari/537.36"
83.175.83.150 - - [26/Apr/2021:11:26:54 +0200] "GET /loadthumbnail.php?id=12244860&width=113 HTTP/1.1" 200 18982 "http://renault.activities.at/10201634?dir=DESC&mode=grid&order=name&limit=15&page=6" "Mozilla/5.0 (Windows NT 10.0; Win64; x64) AppleWebKit/537.36 (KHTML, like Gecko) Chrome/90.0.4430.85 Safari/537.36"
83.175.83.150 - - [26/Apr/2021:11:26:54 +0200] "GET /loadthumbnail.php?id=12341666&width=113 HTTP/1.1" 200 13912 "http://renault.activities.at/10201634?dir=DESC&mode=grid&order=name&limit=15&page=6" "Mozilla/5.0 (Windows NT 10.0; Win64; x64) AppleWebKit/537.36 (KHTML, like Gecko) Chrome/90.0.4430.85 Safari/537.36"
83.175.83.150 - - [26/Apr/2021:11:26:54 +0200] "GET /loadthumbnail.php?id=12341651&width=113 HTTP/1.1" 200 18565 "http://renault.activities.at/10201634?dir=DESC&mode=grid&order=name&limit=15&page=6" "Mozilla/5.0 (Windows NT 10.0; Win64; x64) AppleWebKit/537.36 (KHTML, like Gecko) Chrome/90.0.4430.85 Safari/537.36"
83.175.83.150 - - [26/Apr/2021:11:26:54 +0200] "GET /loadthumbnail.php?id=12341655&width=113 HTTP/1.1" 200 31143 "http://renault.activities.at/10201634?dir=DESC&mode=grid&order=name&limit=15&page=6" "Mozilla/5.0 (Windows NT 10.0; Win64; x64) AppleWebKit/537.36 (KHTML, like Gecko) Chrome/90.0.4430.85 Safari/537.36"
83.175.83.150 - - [26/Apr/2021:11:26:54 +0200] "GET /loadthumbnail.php?id=12341670&width=113 HTTP/1.1" 200 29606 "http://renault.activities.at/10201634?dir=DESC&mode=grid&order=name&limit=15&page=6" "Mozilla/5.0 (Windows NT 10.0; Win64; x64) AppleWebKit/537.36 (KHTML, like Gecko) Chrome/90.0.4430.85 Safari/537.36"
83.175.83.150 - - [26/Apr/2021:11:26:54 +0200] "GET /loadthumbnail.php?id=12094811&width=113 HTTP/1.1" 200 27912 "http://renault.activities.at/10201634?dir=DESC&mode=grid&order=name&limit=15&page=6" "Mozilla/5.0 (Windows NT 10.0; Win64; x64) AppleWebKit/537.36 (KHTML, like Gecko) Chrome/90.0.4430.85 Safari/537.36"
83.175.83.150 - - [26/Apr/2021:11:26:54 +0200] "GET /loadthumbnail.php?id=11308855&width=113 HTTP/1.1" 200 4521 "http://renault.activities.at/10201634?dir=DESC&mode=grid&order=name&limit=15&page=6" "Mozilla/5.0 (Windows NT 10.0; Win64; x64) AppleWebKit/537.36 (KHTML, like Gecko) Chrome/90.0.4430.85 Safari/537.36"
83.175.83.150 - - [26/Apr/2021:11:26:54 +0200] "GET /loadthumbnail.php?id=11434114&width=113 HTTP/1.1" 200 4564 "http://renault.activities.at/10201634?dir=DESC&mode=grid&order=name&limit=15&page=6" "Mozilla/5.0 (Windows NT 10.0; Win64; x64) AppleWebKit/537.36 (KHTML, like Gecko) Chrome/90.0.4430.85 Safari/537.36"
83.175.83.150 - - [26/Apr/2021:11:26:54 +0200] "GET /loadthumbnail.php?id=10745359&width=113 HTTP/1.1" 200 4202 "http://renault.activities.at/10201634?dir=DESC&mode=grid&order=name&limit=15&page=6" "Mozilla/5.0 (Windows NT 10.0; Win64; x64) AppleWebKit/537.36 (KHTML, like Gecko) Chrome/90.0.4430.85 Safari/537.36"
83.175.83.150 - - [26/Apr/2021:11:26:54 +0200] "GET /loadthumbnail.php?id=12088443&width=113 HTTP/1.1" 200 7201 "http://renault.activities.at/10201634?dir=DESC&mode=grid&order=name&limit=15&page=6" "Mozilla/5.0 (Windows NT 10.0; Win64; x64) AppleWebKit/537.36 (KHTML, like Gecko) Chrome/90.0.4430.85 Safari/537.36"
83.175.83.150 - - [26/Apr/2021:11:26:54 +0200] "GET /loadthumbnail.php?id=12010095&width=113 HTTP/1.1" 200 20832 "http://renault.activities.at/10201634?dir=DESC&mode=grid&order=name&limit=15&page=6" "Mozilla/5.0 (Windows NT 10.0; Win64; x64) AppleWebKit/537.36 (KHTML, like Gecko) Chrome/90.0.4430.85 Safari/537.36"
83.175.83.150 - - [26/Apr/2021:11:26:54 +0200] "GET /loadthumbnail.php?id=11340118&width=113 HTTP/1.1" 200 5862 "http://renault.activities.at/10201634?dir=DESC&mode=grid&order=name&limit=15&page=6" "Mozilla/5.0 (Windows NT 10.0; Win64; x64) AppleWebKit/537.36 (KHTML, like Gecko) Chrome/90.0.4430.85 Safari/537.36"
83.175.83.150 - - [26/Apr/2021:11:26:54 +0200] "GET /loadthumbnail.php?id=11340119&width=113 HTTP/1.1" 200 5321 "http://renault.activities.at/10201634?dir=DESC&mode=grid&order=name&limit=15&page=6" "Mozilla/5.0 (Windows NT 10.0; Win64; x64) AppleWebKit/537.36 (KHTML, like Gecko) Chrome/90.0.4430.85 Safari/537.36"
91.113.165.162 - - [26/Apr/2021:11:27:05 +0200] "GET /reload?ser=1619429225198 HTTP/1.1" 200 28 "http://renault.activities.at/success" "Mozilla/5.0 (Windows NT 10.0; Win64; x64) AppleWebKit/537.36 (KHTML, like Gecko) Chrome/89.0.4389.128 Safari/537.36"
83.175.83.150 - - [26/Apr/2021:11:27:05 +0200] "GET /10201634?dir=DESC&mode=grid&order=name&limit=15&page=7 HTTP/1.1" 200 9379 "http://renault.activities.at/10201634?dir=DESC&mode=grid&order=name&limit=15&page=6" "Mozilla/5.0 (Windows NT 10.0; Win64; x64) AppleWebKit/537.36 (KHTML, like Gecko) Chrome/90.0.4430.85 Safari/537.36"
83.175.83.150 - - [26/Apr/2021:11:27:08 +0200] "GET /loadthumbnail.php?id=11340120&width=113 HTTP/1.1" 200 2962 "http://renault.activities.at/10201634?dir=DESC&mode=grid&order=name&limit=15&page=7" "Mozilla/5.0 (Windows NT 10.0; Win64; x64) AppleWebKit/537.36 (KHTML, like Gecko) Chrome/90.0.4430.85 Safari/537.36"
83.175.83.150 - - [26/Apr/2021:11:27:08 +0200] "GET /loadthumbnail.php?id=12230577&width=113 HTTP/1.1" 200 1374 "http://renault.activities.at/10201634?dir=DESC&mode=grid&order=name&limit=15&page=7" "Mozilla/5.0 (Windows NT 10.0; Win64; x64) AppleWebKit/537.36 (KHTML, like Gecko) Chrome/90.0.4430.85 Safari/537.36"
83.175.83.150 - - [26/Apr/2021:11:27:08 +0200] "GET /loadthumbnail.php?id=12388135&width=113 HTTP/1.1" 200 1381 "http://renault.activities.at/10201634?dir=DESC&mode=grid&order=name&limit=15&page=7" "Mozilla/5.0 (Windows NT 10.0; Win64; x64) AppleWebKit/537.36 (KHTML, like Gecko) Chrome/90.0.4430.85 Safari/537.36"
83.175.83.150 - - [26/Apr/2021:11:27:08 +0200] "GET /loadthumbnail.php?id=12388134&width=113 HTTP/1.1" 200 1524 "http://renault.activities.at/10201634?dir=DESC&mode=grid&order=name&limit=15&page=7" "Mozilla/5.0 (Windows NT 10.0; Win64; x64) AppleWebKit/537.36 (KHTML, like Gecko) Chrome/90.0.4430.85 Safari/537.36"
83.175.83.150 - - [26/Apr/2021:11:27:08 +0200] "GET /loadthumbnail.php?id=12025504&width=113 HTTP/1.1" 200 19297 "http://renault.activities.at/10201634?dir=DESC&mode=grid&order=name&limit=15&page=7" "Mozilla/5.0 (Windows NT 10.0; Win64; x64) AppleWebKit/537.36 (KHTML, like Gecko) Chrome/90.0.4430.85 Safari/537.36"
83.175.83.150 - - [26/Apr/2021:11:27:08 +0200] "GET /loadthumbnail.php?id=10413489&width=113 HTTP/1.1" 200 3213 "http://renault.activities.at/10201634?dir=DESC&mode=grid&order=name&limit=15&page=7" "Mozilla/5.0 (Windows NT 10.0; Win64; x64) AppleWebKit/537.36 (KHTML, like Gecko) Chrome/90.0.4430.85 Safari/537.36"
83.175.83.150 - - [26/Apr/2021:11:27:08 +0200] "GET /loadthumbnail.php?id=11730248&width=113 HTTP/1.1" 200 4910 "http://renault.activities.at/10201634?dir=DESC&mode=grid&order=name&limit=15&page=7" "Mozilla/5.0 (Windows NT 10.0; Win64; x64) AppleWebKit/537.36 (KHTML, like Gecko) Chrome/90.0.4430.85 Safari/537.36"
83.175.83.150 - - [26/Apr/2021:11:27:08 +0200] "GET /loadthumbnail.php?id=12328148&width=113 HTTP/1.1" 200 3311 "http://renault.activities.at/10201634?dir=DESC&mode=grid&order=name&limit=15&page=7" "Mozilla/5.0 (Windows NT 10.0; Win64; x64) AppleWebKit/537.36 (KHTML, like Gecko) Chrome/90.0.4430.85 Safari/537.36"
83.175.83.150 - - [26/Apr/2021:11:27:08 +0200] "GET /loadthumbnail.php?id=11500398&width=113 HTTP/1.1" 200 21704 "http://renault.activities.at/10201634?dir=DESC&mode=grid&order=name&limit=15&page=7" "Mozilla/5.0 (Windows NT 10.0; Win64; x64) AppleWebKit/537.36 (KHTML, like Gecko) Chrome/90.0.4430.85 Safari/537.36"
83.175.83.150 - - [26/Apr/2021:11:27:08 +0200] "GET /loadthumbnail.php?id=11500416&width=113 HTTP/1.1" 200 21073 "http://renault.activities.at/10201634?dir=DESC&mode=grid&order=name&limit=15&page=7" "Mozilla/5.0 (Windows NT 10.0; Win64; x64) AppleWebKit/537.36 (KHTML, like Gecko) Chrome/90.0.4430.85 Safari/537.36"
83.175.83.150 - - [26/Apr/2021:11:27:08 +0200] "GET /loadthumbnail.php?id=11031880&width=113 HTTP/1.1" 200 39263 "http://renault.activities.at/10201634?dir=DESC&mode=grid&order=name&limit=15&page=7" "Mozilla/5.0 (Windows NT 10.0; Win64; x64) AppleWebKit/537.36 (KHTML, like Gecko) Chrome/90.0.4430.85 Safari/537.36"
80.120.210.179 - - [26/Apr/2021:11:27:11 +0200] "GET /reload?ser=1619429231301 HTTP/1.1" 200 28 "http://renault.activities.at/cart" "Mozilla/5.0 (Windows NT 10.0; Win64; x64) AppleWebKit/537.36 (KHTML, like Gecko) Chrome/90.0.4430.85 Safari/537.36"
80.123.225.38 - - [26/Apr/2021:11:27:26 +0200] "GET /reload?ser=1619429246478 HTTP/1.1" 200 28 "http://renault.activities.at/success" "Mozilla/5.0 (Windows NT 6.1; WOW64; Trident/7.0; rv:11.0) like Gecko"
83.175.83.150 - - [26/Apr/2021:11:27:57 +0200] "POST /10201634?dir=DESC&mode=grid&order=name&limit=15&page=7 HTTP/1.1" 200 9501 "http://renault.activities.at/10201634?dir=DESC&mode=grid&order=name&limit=15&page=7" "Mozilla/5.0 (Windows NT 10.0; Win64; x64) AppleWebKit/537.36 (KHTML, like Gecko) Chrome/90.0.4430.85 Safari/537.36"
91.113.165.162 - - [26/Apr/2021:11:28:06 +0200] "GET /reload?ser=1619429286191 HTTP/1.1" 200 28 "http://renault.activities.at/success" "Mozilla/5.0 (Windows NT 10.0; Win64; x64) AppleWebKit/537.36 (KHTML, like Gecko) Chrome/89.0.4389.128 Safari/537.36"
83.175.83.150 - - [26/Apr/2021:11:28:05 +0200] "GET /10201634?dir=DESC&mode=grid&order=name&limit=15&page=8 HTTP/1.1" 200 9295 "http://renault.activities.at/10201634?dir=DESC&mode=grid&order=name&limit=15&page=7" "Mozilla/5.0 (Windows NT 10.0; Win64; x64) AppleWebKit/537.36 (KHTML, like Gecko) Chrome/90.0.4430.85 Safari/537.36"
83.175.83.150 - - [26/Apr/2021:11:28:08 +0200] "GET /loadthumbnail.php?id=11319961&width=113 HTTP/1.1" 200 27077 "http://renault.activities.at/10201634?dir=DESC&mode=grid&order=name&limit=15&page=8" "Mozilla/5.0 (Windows NT 10.0; Win64; x64) AppleWebKit/537.36 (KHTML, like Gecko) Chrome/90.0.4430.85 Safari/537.36"
83.175.83.150 - - [26/Apr/2021:11:28:08 +0200] "GET /loadthumbnail.php?id=11164747&width=113 HTTP/1.1" 200 26121 "http://renault.activities.at/10201634?dir=DESC&mode=grid&order=name&limit=15&page=8" "Mozilla/5.0 (Windows NT 10.0; Win64; x64) AppleWebKit/537.36 (KHTML, like Gecko) Chrome/90.0.4430.85 Safari/537.36"
83.175.83.150 - - [26/Apr/2021:11:28:08 +0200] "GET /loadthumbnail.php?id=11577924&width=113 HTTP/1.1" 200 28282 "http://renault.activities.at/10201634?dir=DESC&mode=grid&order=name&limit=15&page=8" "Mozilla/5.0 (Windows NT 10.0; Win64; x64) AppleWebKit/537.36 (KHTML, like Gecko) Chrome/90.0.4430.85 Safari/537.36"
83.175.83.150 - - [26/Apr/2021:11:28:08 +0200] "GET /loadthumbnail.php?id=12034916&width=113 HTTP/1.1" 200 5915 "http://renault.activities.at/10201634?dir=DESC&mode=grid&order=name&limit=15&page=8" "Mozilla/5.0 (Windows NT 10.0; Win64; x64) AppleWebKit/537.36 (KHTML, like Gecko) Chrome/90.0.4430.85 Safari/537.36"
83.175.83.150 - - [26/Apr/2021:11:28:08 +0200] "GET /loadthumbnail.php?id=12139706&width=113 HTTP/1.1" 200 28671 "http://renault.activities.at/10201634?dir=DESC&mode=grid&order=name&limit=15&page=8" "Mozilla/5.0 (Windows NT 10.0; Win64; x64) AppleWebKit/537.36 (KHTML, like Gecko) Chrome/90.0.4430.85 Safari/537.36"
83.175.83.150 - - [26/Apr/2021:11:28:08 +0200] "GET /loadthumbnail.php?id=10970934&width=113 HTTP/1.1" 200 4103 "http://renault.activities.at/10201634?dir=DESC&mode=grid&order=name&limit=15&page=8" "Mozilla/5.0 (Windows NT 10.0; Win64; x64) AppleWebKit/537.36 (KHTML, like Gecko) Chrome/90.0.4430.85 Safari/537.36"
83.175.83.150 - - [26/Apr/2021:11:28:08 +0200] "GET /loadthumbnail.php?id=10562347&width=113 HTTP/1.1" 200 4993 "http://renault.activities.at/10201634?dir=DESC&mode=grid&order=name&limit=15&page=8" "Mozilla/5.0 (Windows NT 10.0; Win64; x64) AppleWebKit/537.36 (KHTML, like Gecko) Chrome/90.0.4430.85 Safari/537.36"
83.175.83.150 - - [26/Apr/2021:11:28:08 +0200] "GET /loadthumbnail.php?id=11124852&width=113 HTTP/1.1" 200 8535 "http://renault.activities.at/10201634?dir=DESC&mode=grid&order=name&limit=15&page=8" "Mozilla/5.0 (Windows NT 10.0; Win64; x64) AppleWebKit/537.36 (KHTML, like Gecko) Chrome/90.0.4430.85 Safari/537.36"
80.120.210.179 - - [26/Apr/2021:11:28:12 +0200] "GET /reload?ser=1619429292309 HTTP/1.1" 200 28 "http://renault.activities.at/cart" "Mozilla/5.0 (Windows NT 10.0; Win64; x64) AppleWebKit/537.36 (KHTML, like Gecko) Chrome/90.0.4430.85 Safari/537.36"
83.175.83.150 - - [26/Apr/2021:11:28:14 +0200] "GET /10201634?dir=DESC&mode=grid&order=name&limit=15&page=9 HTTP/1.1" 200 8875 "http://renault.activities.at/10201634?dir=DESC&mode=grid&order=name&limit=15&page=8" "Mozilla/5.0 (Windows NT 10.0; Win64; x64) AppleWebKit/537.36 (KHTML, like Gecko) Chrome/90.0.4430.85 Safari/537.36"
83.175.83.150 - - [26/Apr/2021:11:28:17 +0200] "GET /loadthumbnail.php?id=11078141&width=113 HTTP/1.1" 200 8866 "http://renault.activities.at/10201634?dir=DESC&mode=grid&order=name&limit=15&page=9" "Mozilla/5.0 (Windows NT 10.0; Win64; x64) AppleWebKit/537.36 (KHTML, like Gecko) Chrome/90.0.4430.85 Safari/537.36"
83.175.83.150 - - [26/Apr/2021:11:28:17 +0200] "GET /loadthumbnail.php?id=10562346&width=113 HTTP/1.1" 200 5314 "http://renault.activities.at/10201634?dir=DESC&mode=grid&order=name&limit=15&page=9" "Mozilla/5.0 (Windows NT 10.0; Win64; x64) AppleWebKit/537.36 (KHTML, like Gecko) Chrome/90.0.4430.85 Safari/537.36"
83.175.83.150 - - [26/Apr/2021:11:28:17 +0200] "GET /loadthumbnail.php?id=12250795&width=113 HTTP/1.1" 200 1501 "http://renault.activities.at/10201634?dir=DESC&mode=grid&order=name&limit=15&page=9" "Mozilla/5.0 (Windows NT 10.0; Win64; x64) AppleWebKit/537.36 (KHTML, like Gecko) Chrome/90.0.4430.85 Safari/537.36"
83.175.83.150 - - [26/Apr/2021:11:28:17 +0200] "GET /loadthumbnail.php?id=12136016&width=113 HTTP/1.1" 200 6678 "http://renault.activities.at/10201634?dir=DESC&mode=grid&order=name&limit=15&page=9" "Mozilla/5.0 (Windows NT 10.0; Win64; x64) AppleWebKit/537.36 (KHTML, like Gecko) Chrome/90.0.4430.85 Safari/537.36"
83.175.83.150 - - [26/Apr/2021:11:28:17 +0200] "GET /loadthumbnail.php?id=12136020&width=113 HTTP/1.1" 200 5759 "http://renault.activities.at/10201634?dir=DESC&mode=grid&order=name&limit=15&page=9" "Mozilla/5.0 (Windows NT 10.0; Win64; x64) AppleWebKit/537.36 (KHTML, like Gecko) Chrome/90.0.4430.85 Safari/537.36"
83.175.83.150 - - [26/Apr/2021:11:28:17 +0200] "GET /loadthumbnail.php?id=12250778&width=113 HTTP/1.1" 200 1538 "http://renault.activities.at/10201634?dir=DESC&mode=grid&order=name&limit=15&page=9" "Mozilla/5.0 (Windows NT 10.0; Win64; x64) AppleWebKit/537.36 (KHTML, like Gecko) Chrome/90.0.4430.85 Safari/537.36"
83.175.83.150 - - [26/Apr/2021:11:28:17 +0200] "GET /loadthumbnail.php?id=12250803&width=113 HTTP/1.1" 200 1475 "http://renault.activities.at/10201634?dir=DESC&mode=grid&order=name&limit=15&page=9" "Mozilla/5.0 (Windows NT 10.0; Win64; x64) AppleWebKit/537.36 (KHTML, like Gecko) Chrome/90.0.4430.85 Safari/537.36"
83.175.83.150 - - [26/Apr/2021:11:28:17 +0200] "GET /loadthumbnail.php?id=12250799&width=113 HTTP/1.1" 200 1152 "http://renault.activities.at/10201634?dir=DESC&mode=grid&order=name&limit=15&page=9" "Mozilla/5.0 (Windows NT 10.0; Win64; x64) AppleWebKit/537.36 (KHTML, like Gecko) Chrome/90.0.4430.85 Safari/537.36"
83.175.83.150 - - [26/Apr/2021:11:28:17 +0200] "GET /loadthumbnail.php?id=11089820&width=113 HTTP/1.1" 200 2212 "http://renault.activities.at/10201634?dir=DESC&mode=grid&order=name&limit=15&page=9" "Mozilla/5.0 (Windows NT 10.0; Win64; x64) AppleWebKit/537.36 (KHTML, like Gecko) Chrome/90.0.4430.85 Safari/537.36"
83.175.83.150 - - [26/Apr/2021:11:28:17 +0200] "GET /loadthumbnail.php?id=11170050&width=113 HTTP/1.1" 200 1819 "http://renault.activities.at/10201634?dir=DESC&mode=grid&order=name&limit=15&page=9" "Mozilla/5.0 (Windows NT 10.0; Win64; x64) AppleWebKit/537.36 (KHTML, like Gecko) Chrome/90.0.4430.85 Safari/537.36"
80.123.225.38 - - [26/Apr/2021:11:28:27 +0200] "GET /reload?ser=1619429307451 HTTP/1.1" 200 28 "http://renault.activities.at/success" "Mozilla/5.0 (Windows NT 6.1; WOW64; Trident/7.0; rv:11.0) like Gecko"
83.175.83.150 - - [26/Apr/2021:11:28:33 +0200] "GET /10201634?dir=DESC&mode=grid&order=name&limit=15&page=6 HTTP/1.1" 200 9147 "http://renault.activities.at/10201634?dir=DESC&mode=grid&order=name&limit=15&page=9" "Mozilla/5.0 (Windows NT 10.0; Win64; x64) AppleWebKit/537.36 (KHTML, like Gecko) Chrome/90.0.4430.85 Safari/537.36"
83.175.83.150 - - [26/Apr/2021:11:28:52 +0200] "GET /10201634?dir=DESC&mode=grid&order=name&limit=15&page=7 HTTP/1.1" 200 9379 "http://renault.activities.at/10201634?dir=DESC&mode=grid&order=name&limit=15&page=6" "Mozilla/5.0 (Windows NT 10.0; Win64; x64) AppleWebKit/537.36 (KHTML, like Gecko) Chrome/90.0.4430.85 Safari/537.36"
83.175.83.150 - - [26/Apr/2021:11:29:05 +0200] "GET /css/themes/alphacube/bottom_middle.gif HTTP/1.1" 200 44 "http://renault.activities.at/css/themes/alphacube.css" "Mozilla/5.0 (Windows NT 10.0; Win64; x64) AppleWebKit/537.36 (KHTML, like Gecko) Chrome/90.0.4430.85 Safari/537.36"
83.175.83.150 - - [26/Apr/2021:11:29:05 +0200] "GET /css/themes/alphacube/frame_right.gif HTTP/1.1" 200 64 "http://renault.activities.at/css/themes/alphacube.css" "Mozilla/5.0 (Windows NT 10.0; Win64; x64) AppleWebKit/537.36 (KHTML, like Gecko) Chrome/90.0.4430.85 Safari/537.36"
83.175.83.150 - - [26/Apr/2021:11:29:05 +0200] "GET /css/themes/alphacube/frame_left.gif HTTP/1.1" 200 64 "http://renault.activities.at/css/themes/alphacube.css" "Mozilla/5.0 (Windows NT 10.0; Win64; x64) AppleWebKit/537.36 (KHTML, like Gecko) Chrome/90.0.4430.85 Safari/537.36"
83.175.83.150 - - [26/Apr/2021:11:29:05 +0200] "GET /css/themes/alphacube/top_mid.gif HTTP/1.1" 200 833 "http://renault.activities.at/css/themes/alphacube.css" "Mozilla/5.0 (Windows NT 10.0; Win64; x64) AppleWebKit/537.36 (KHTML, like Gecko) Chrome/90.0.4430.85 Safari/537.36"
83.175.83.150 - - [26/Apr/2021:11:29:06 +0200] "GET /css/themes/alphacube/top_left.gif HTTP/1.1" 200 973 "http://renault.activities.at/css/themes/alphacube.css" "Mozilla/5.0 (Windows NT 10.0; Win64; x64) AppleWebKit/537.36 (KHTML, like Gecko) Chrome/90.0.4430.85 Safari/537.36"
83.175.83.150 - - [26/Apr/2021:11:29:06 +0200] "GET /css/themes/alphacube/button-close-focus.gif HTTP/1.1" 200 699 "http://renault.activities.at/css/themes/alphacube.css" "Mozilla/5.0 (Windows NT 10.0; Win64; x64) AppleWebKit/537.36 (KHTML, like Gecko) Chrome/90.0.4430.85 Safari/537.36"
83.175.83.150 - - [26/Apr/2021:11:29:06 +0200] "GET /css/themes/alphacube/bottom_left-c.gif HTTP/1.1" 200 62 "http://renault.activities.at/css/themes/alphacube.css" "Mozilla/5.0 (Windows NT 10.0; Win64; x64) AppleWebKit/537.36 (KHTML, like Gecko) Chrome/90.0.4430.85 Safari/537.36"
83.175.83.150 - - [26/Apr/2021:11:29:06 +0200] "GET /css/themes/alphacube/top_right.gif HTTP/1.1" 200 972 "http://renault.activities.at/css/themes/alphacube.css" "Mozilla/5.0 (Windows NT 10.0; Win64; x64) AppleWebKit/537.36 (KHTML, like Gecko) Chrome/90.0.4430.85 Safari/537.36"
83.175.83.150 - - [26/Apr/2021:11:29:06 +0200] "GET /css/themes/alphacube/bottom_right-c.gif HTTP/1.1" 200 62 "http://renault.activities.at/css/themes/alphacube.css" "Mozilla/5.0 (Windows NT 10.0; Win64; x64) AppleWebKit/537.36 (KHTML, like Gecko) Chrome/90.0.4430.85 Safari/537.36"
91.113.165.162 - - [26/Apr/2021:11:29:07 +0200] "GET /reload?ser=1619429347199 HTTP/1.1" 200 28 "http://renault.activities.at/success" "Mozilla/5.0 (Windows NT 10.0; Win64; x64) AppleWebKit/537.36 (KHTML, like Gecko) Chrome/89.0.4389.128 Safari/537.36"
83.175.83.150 - - [26/Apr/2021:11:29:05 +0200] "GET /12386324?print=true HTTP/1.1" 200 2688 "http://renault.activities.at/10201634?dir=DESC&mode=grid&order=name&limit=15&page=7" "Mozilla/5.0 (Windows NT 10.0; Win64; x64) AppleWebKit/537.36 (KHTML, like Gecko) Chrome/90.0.4430.85 Safari/537.36"
83.175.83.150 - - [26/Apr/2021:11:29:08 +0200] "GET /js/magiczoom/magiczoom.css HTTP/1.1" 200 1210 "http://renault.activities.at/12386324?print=true" "Mozilla/5.0 (Windows NT 10.0; Win64; x64) AppleWebKit/537.36 (KHTML, like Gecko) Chrome/90.0.4430.85 Safari/537.36"
83.175.83.150 - - [26/Apr/2021:11:29:08 +0200] "GET /js/Produkt.js HTTP/1.1" 200 852 "http://renault.activities.at/12386324?print=true" "Mozilla/5.0 (Windows NT 10.0; Win64; x64) AppleWebKit/537.36 (KHTML, like Gecko) Chrome/90.0.4430.85 Safari/537.36"
83.175.83.150 - - [26/Apr/2021:11:29:08 +0200] "GET /js/magiczoom/magiczoom.js HTTP/1.1" 200 26397 "http://renault.activities.at/12386324?print=true" "Mozilla/5.0 (Windows NT 10.0; Win64; x64) AppleWebKit/537.36 (KHTML, like Gecko) Chrome/90.0.4430.85 Safari/537.36"
83.175.83.150 - - [26/Apr/2021:11:29:08 +0200] "GET /loadthumbnail.php?id=12388134&width=250 HTTP/1.1" 200 3548 "http://renault.activities.at/12386324?print=true" "Mozilla/5.0 (Windows NT 10.0; Win64; x64) AppleWebKit/537.36 (KHTML, like Gecko) Chrome/90.0.4430.85 Safari/537.36"
83.175.83.150 - - [26/Apr/2021:11:29:09 +0200] "GET /loadthumbnail.php?id=12388134&width=900&height=900 HTTP/1.1" 200 15502 "http://renault.activities.at/12386324?print=true" "Mozilla/5.0 (Windows NT 10.0; Win64; x64) AppleWebKit/537.36 (KHTML, like Gecko) Chrome/90.0.4430.85 Safari/537.36"
83.175.83.150 - - [26/Apr/2021:11:29:09 +0200] "GET /js/magiczoom/graphics/hint.gif HTTP/1.1" 200 73 "http://renault.activities.at/js/magiczoom/magiczoom.css" "Mozilla/5.0 (Windows NT 10.0; Win64; x64) AppleWebKit/537.36 (KHTML, like Gecko) Chrome/90.0.4430.85 Safari/537.36"
83.175.83.150 - - [26/Apr/2021:11:29:13 +0200] "GET /js/magiczoom/graphics/zoomin.cur HTTP/1.1" 200 326 "http://renault.activities.at/js/magiczoom/magiczoom.css" "Mozilla/5.0 (Windows NT 10.0; Win64; x64) AppleWebKit/537.36 (KHTML, like Gecko) Chrome/90.0.4430.85 Safari/537.36"
80.120.210.179 - - [26/Apr/2021:11:29:13 +0200] "GET /reload?ser=1619429353312 HTTP/1.1" 200 28 "http://renault.activities.at/cart" "Mozilla/5.0 (Windows NT 10.0; Win64; x64) AppleWebKit/537.36 (KHTML, like Gecko) Chrome/90.0.4430.85 Safari/537.36"
83.175.83.150 - - [26/Apr/2021:11:29:20 +0200] "GET /null HTTP/1.1" 200 3771 "http://renault.activities.at/10201634?dir=DESC&mode=grid&order=name&limit=15&page=7" "Mozilla/5.0 (Windows NT 10.0; Win64; x64) AppleWebKit/537.36 (KHTML, like Gecko) Chrome/90.0.4430.85 Safari/537.36"
80.123.225.38 - - [26/Apr/2021:11:29:28 +0200] "GET /reload?ser=1619429368450 HTTP/1.1" 200 28 "http://renault.activities.at/success" "Mozilla/5.0 (Windows NT 6.1; WOW64; Trident/7.0; rv:11.0) like Gecko"
83.175.83.150 - - [26/Apr/2021:11:29:45 +0200] "POST /10201634?dir=DESC&mode=grid&order=name&limit=15&page=7 HTTP/1.1" 200 9512 "http://renault.activities.at/10201634?dir=DESC&mode=grid&order=name&limit=15&page=7" "Mozilla/5.0 (Windows NT 10.0; Win64; x64) AppleWebKit/537.36 (KHTML, like Gecko) Chrome/90.0.4430.85 Safari/537.36"
83.175.83.150 - - [26/Apr/2021:11:29:56 +0200] "POST /10201634?dir=DESC&mode=grid&order=name&limit=15&page=7 HTTP/1.1" 200 9505 "http://renault.activities.at/10201634?dir=DESC&mode=grid&order=name&limit=15&page=7" "Mozilla/5.0 (Windows NT 10.0; Win64; x64) AppleWebKit/537.36 (KHTML, like Gecko) Chrome/90.0.4430.85 Safari/537.36"
83.175.83.150 - - [26/Apr/2021:11:30:02 +0200] "POST /axjaxrequest?mode=suggest HTTP/1.1" 200 110 "http://renault.activities.at/10201634?dir=DESC&mode=grid&order=name&limit=15&page=7" "Mozilla/5.0 (Windows NT 10.0; Win64; x64) AppleWebKit/537.36 (KHTML, like Gecko) Chrome/90.0.4430.85 Safari/537.36"
83.175.83.150 - - [26/Apr/2021:11:30:02 +0200] "GET /result?searchterm=true&search=gewicht HTTP/1.1" 200 6081 "http://renault.activities.at/10201634?dir=DESC&mode=grid&order=name&limit=15&page=7" "Mozilla/5.0 (Windows NT 10.0; Win64; x64) AppleWebKit/537.36 (KHTML, like Gecko) Chrome/90.0.4430.85 Safari/537.36"
83.175.83.150 - - [26/Apr/2021:11:30:02 +0200] "POST /axjaxrequest?mode=suggest HTTP/1.1" 200 110 "http://renault.activities.at/10201634?dir=DESC&mode=grid&order=name&limit=15&page=7" "Mozilla/5.0 (Windows NT 10.0; Win64; x64) AppleWebKit/537.36 (KHTML, like Gecko) Chrome/90.0.4430.85 Safari/537.36"
83.175.83.150 - - [26/Apr/2021:11:30:04 +0200] "GET /result?searchterm=true&search=Gewichte HTTP/1.1" 200 6082 "http://renault.activities.at/10201634?dir=DESC&mode=grid&order=name&limit=15&page=7" "Mozilla/5.0 (Windows NT 10.0; Win64; x64) AppleWebKit/537.36 (KHTML, like Gecko) Chrome/90.0.4430.85 Safari/537.36"
83.175.83.150 - - [26/Apr/2021:11:30:07 +0200] "GET /result?searchterm=true&search=Gewichte HTTP/1.1" 200 6082 "http://renault.activities.at/10201634?dir=DESC&mode=grid&order=name&limit=15&page=7" "Mozilla/5.0 (Windows NT 10.0; Win64; x64) AppleWebKit/537.36 (KHTML, like Gecko) Chrome/90.0.4430.85 Safari/537.36"
91.113.165.162 - - [26/Apr/2021:11:30:08 +0200] "GET /reload?ser=1619429408193 HTTP/1.1" 200 28 "http://renault.activities.at/success" "Mozilla/5.0 (Windows NT 10.0; Win64; x64) AppleWebKit/537.36 (KHTML, like Gecko) Chrome/89.0.4389.128 Safari/537.36"
83.175.83.150 - - [26/Apr/2021:11:30:09 +0200] "GET /loadthumbnail.php?id=10986339&width=113 HTTP/1.1" 200 3068 "http://renault.activities.at/result?searchterm=true&search=Gewichte" "Mozilla/5.0 (Windows NT 10.0; Win64; x64) AppleWebKit/537.36 (KHTML, like Gecko) Chrome/90.0.4430.85 Safari/537.36"
80.120.210.179 - - [26/Apr/2021:11:30:14 +0200] "GET /reload?ser=1619429414306 HTTP/1.1" 200 28 "http://renault.activities.at/cart" "Mozilla/5.0 (Windows NT 10.0; Win64; x64) AppleWebKit/537.36 (KHTML, like Gecko) Chrome/90.0.4430.85 Safari/537.36"
83.175.83.150 - - [26/Apr/2021:11:30:22 +0200] "POST /result?searchterm=true&search=Gewichte HTTP/1.1" 200 6184 "http://renault.activities.at/result?searchterm=true&search=Gewichte" "Mozilla/5.0 (Windows NT 10.0; Win64; x64) AppleWebKit/537.36 (KHTML, like Gecko) Chrome/90.0.4430.85 Safari/537.36"
80.123.225.38 - - [26/Apr/2021:11:30:29 +0200] "GET /reload?ser=1619429429431 HTTP/1.1" 200 28 "http://renault.activities.at/success" "Mozilla/5.0 (Windows NT 6.1; WOW64; Trident/7.0; rv:11.0) like Gecko"
83.175.83.150 - - [26/Apr/2021:11:30:30 +0200] "GET /cart HTTP/1.1" 200 6181 "http://renault.activities.at/result?searchterm=true&search=Gewichte" "Mozilla/5.0 (Windows NT 10.0; Win64; x64) AppleWebKit/537.36 (KHTML, like Gecko) Chrome/90.0.4430.85 Safari/537.36"
83.175.83.150 - - [26/Apr/2021:11:30:34 +0200] "GET /loadthumbnail.php?id=10232009&width=16&height=16 HTTP/1.1" 200 700 "http://renault.activities.at/cart" "Mozilla/5.0 (Windows NT 10.0; Win64; x64) AppleWebKit/537.36 (KHTML, like Gecko) Chrome/90.0.4430.85 Safari/537.36"
83.175.83.150 - - [26/Apr/2021:11:30:34 +0200] "GET /loadthumbnail.php?id=12230318&width=100 HTTP/1.1" 200 1978 "http://renault.activities.at/cart" "Mozilla/5.0 (Windows NT 10.0; Win64; x64) AppleWebKit/537.36 (KHTML, like Gecko) Chrome/90.0.4430.85 Safari/537.36"
83.175.83.150 - - [26/Apr/2021:11:30:34 +0200] "GET /loadthumbnail.php?id=12130660&width=100 HTTP/1.1" 200 7132 "http://renault.activities.at/cart" "Mozilla/5.0 (Windows NT 10.0; Win64; x64) AppleWebKit/537.36 (KHTML, like Gecko) Chrome/90.0.4430.85 Safari/537.36"
83.175.83.150 - - [26/Apr/2021:11:30:34 +0200] "GET /loadthumbnail.php?id=11075492&width=100 HTTP/1.1" 200 2117 "http://renault.activities.at/cart" "Mozilla/5.0 (Windows NT 10.0; Win64; x64) AppleWebKit/537.36 (KHTML, like Gecko) Chrome/90.0.4430.85 Safari/537.36"
83.175.83.150 - - [26/Apr/2021:11:30:34 +0200] "GET /loadthumbnail.php?id=12094749&width=100 HTTP/1.1" 200 11995 "http://renault.activities.at/cart" "Mozilla/5.0 (Windows NT 10.0; Win64; x64) AppleWebKit/537.36 (KHTML, like Gecko) Chrome/90.0.4430.85 Safari/537.36"
83.175.83.150 - - [26/Apr/2021:11:30:34 +0200] "GET /loadthumbnail.php?id=12230577&width=100 HTTP/1.1" 200 1227 "http://renault.activities.at/cart" "Mozilla/5.0 (Windows NT 10.0; Win64; x64) AppleWebKit/537.36 (KHTML, like Gecko) Chrome/90.0.4430.85 Safari/537.36"
83.175.83.150 - - [26/Apr/2021:11:30:34 +0200] "GET /loadthumbnail.php?id=12388134&width=100 HTTP/1.1" 200 1596 "http://renault.activities.at/cart" "Mozilla/5.0 (Windows NT 10.0; Win64; x64) AppleWebKit/537.36 (KHTML, like Gecko) Chrome/90.0.4430.85 Safari/537.36"
83.175.83.150 - - [26/Apr/2021:11:30:34 +0200] "GET /loadthumbnail.php?id=10986339&width=100 HTTP/1.1" 200 2565 "http://renault.activities.at/cart" "Mozilla/5.0 (Windows NT 10.0; Win64; x64) AppleWebKit/537.36 (KHTML, like Gecko) Chrome/90.0.4430.85 Safari/537.36"
83.175.83.150 - - [26/Apr/2021:11:30:34 +0200] "GET /loadthumbnail.php?id=12388135&width=100 HTTP/1.1" 200 1321 "http://renault.activities.at/cart" "Mozilla/5.0 (Windows NT 10.0; Win64; x64) AppleWebKit/537.36 (KHTML, like Gecko) Chrome/90.0.4430.85 Safari/537.36"
83.175.83.150 - - [26/Apr/2021:11:30:56 +0200] "POST /cart HTTP/1.1" 200 6114 "http://renault.activities.at/cart" "Mozilla/5.0 (Windows NT 10.0; Win64; x64) AppleWebKit/537.36 (KHTML, like Gecko) Chrome/90.0.4430.85 Safari/537.36"
91.113.165.162 - - [26/Apr/2021:11:31:09 +0200] "GET /reload?ser=1619429469196 HTTP/1.1" 200 28 "http://renault.activities.at/success" "Mozilla/5.0 (Windows NT 10.0; Win64; x64) AppleWebKit/537.36 (KHTML, like Gecko) Chrome/89.0.4389.128 Safari/537.36"
80.120.210.179 - - [26/Apr/2021:11:31:15 +0200] "GET /reload?ser=1619429475313 HTTP/1.1" 200 28 "http://renault.activities.at/cart" "Mozilla/5.0 (Windows NT 10.0; Win64; x64) AppleWebKit/537.36 (KHTML, like Gecko) Chrome/90.0.4430.85 Safari/537.36"
80.123.225.38 - - [26/Apr/2021:11:31:30 +0200] "GET /reload?ser=1619429490409 HTTP/1.1" 200 28 "http://renault.activities.at/success" "Mozilla/5.0 (Windows NT 6.1; WOW64; Trident/7.0; rv:11.0) like Gecko"
83.175.83.150 - - [26/Apr/2021:11:31:40 +0200] "GET /checkout HTTP/1.1" 200 20559 "http://renault.activities.at/cart" "Mozilla/5.0 (Windows NT 10.0; Win64; x64) AppleWebKit/537.36 (KHTML, like Gecko) Chrome/90.0.4430.85 Safari/537.36"
83.175.83.150 - - [26/Apr/2021:11:31:45 +0200] "GET /js/checkout2.js HTTP/1.1" 200 4122 "http://renault.activities.at/checkout" "Mozilla/5.0 (Windows NT 10.0; Win64; x64) AppleWebKit/537.36 (KHTML, like Gecko) Chrome/90.0.4430.85 Safari/537.36"
83.175.83.150 - - [26/Apr/2021:11:31:45 +0200] "GET /images/step_bg.jpg HTTP/1.1" 200 319 "http://renault.activities.at/css/styles.css" "Mozilla/5.0 (Windows NT 10.0; Win64; x64) AppleWebKit/537.36 (KHTML, like Gecko) Chrome/90.0.4430.85 Safari/537.36"
83.175.83.150 - - [26/Apr/2021:11:31:45 +0200] "GET /images/step_marker.gif HTTP/1.1" 200 650 "http://renault.activities.at/css/styles.css" "Mozilla/5.0 (Windows NT 10.0; Win64; x64) AppleWebKit/537.36 (KHTML, like Gecko) Chrome/90.0.4430.85 Safari/537.36"
83.175.83.150 - - [26/Apr/2021:11:31:45 +0200] "GET /images/checkout_border_top.gif HTTP/1.1" 200 156 "http://renault.activities.at/css/styles.css" "Mozilla/5.0 (Windows NT 10.0; Win64; x64) AppleWebKit/537.36 (KHTML, like Gecko) Chrome/90.0.4430.85 Safari/537.36"
83.175.83.150 - - [26/Apr/2021:11:31:45 +0200] "GET /images/checkout_border.gif HTTP/1.1" 200 43 "http://renault.activities.at/css/styles.css" "Mozilla/5.0 (Windows NT 10.0; Win64; x64) AppleWebKit/537.36 (KHTML, like Gecko) Chrome/90.0.4430.85 Safari/537.36"
83.175.83.150 - - [26/Apr/2021:11:31:45 +0200] "GET /loadthumbnail.php?id=10201939 HTTP/1.1" 200 201 "http://renault.activities.at/checkout" "Mozilla/5.0 (Windows NT 10.0; Win64; x64) AppleWebKit/537.36 (KHTML, like Gecko) Chrome/90.0.4430.85 Safari/537.36"
83.175.83.150 - - [26/Apr/2021:11:31:45 +0200] "GET /loadthumbnail.php?id=10202698 HTTP/1.1" 200 16686 "http://renault.activities.at/checkout" "Mozilla/5.0 (Windows NT 10.0; Win64; x64) AppleWebKit/537.36 (KHTML, like Gecko) Chrome/90.0.4430.85 Safari/537.36"
83.175.83.150 - - [26/Apr/2021:11:32:05 +0200] "POST /docheckout HTTP/1.1" 200 467 "http://renault.activities.at/checkout" "Mozilla/5.0 (Windows NT 10.0; Win64; x64) AppleWebKit/537.36 (KHTML, like Gecko) Chrome/90.0.4430.85 Safari/537.36"
91.113.165.162 - - [26/Apr/2021:11:32:10 +0200] "GET /reload?ser=1619429530206 HTTP/1.1" 200 28 "http://renault.activities.at/success" "Mozilla/5.0 (Windows NT 10.0; Win64; x64) AppleWebKit/537.36 (KHTML, like Gecko) Chrome/89.0.4389.128 Safari/537.36"
83.175.83.150 - - [26/Apr/2021:11:32:09 +0200] "POST /docheckout HTTP/1.1" 200 810 "http://renault.activities.at/checkout" "Mozilla/5.0 (Windows NT 10.0; Win64; x64) AppleWebKit/537.36 (KHTML, like Gecko) Chrome/90.0.4430.85 Safari/537.36"
83.175.83.150 - - [26/Apr/2021:11:32:11 +0200] "GET /images/error_msg_icon.gif HTTP/1.1" 200 1013 "http://renault.activities.at/checkout" "Mozilla/5.0 (Windows NT 10.0; Win64; x64) AppleWebKit/537.36 (KHTML, like Gecko) Chrome/90.0.4430.85 Safari/537.36"
80.120.210.179 - - [26/Apr/2021:11:32:16 +0200] "GET /reload?ser=1619429536299 HTTP/1.1" 200 28 "http://renault.activities.at/cart" "Mozilla/5.0 (Windows NT 10.0; Win64; x64) AppleWebKit/537.36 (KHTML, like Gecko) Chrome/90.0.4430.85 Safari/537.36"
83.175.83.150 - - [26/Apr/2021:11:32:18 +0200] "POST /docheckout HTTP/1.1" 200 68 "http://renault.activities.at/checkout" "Mozilla/5.0 (Windows NT 10.0; Win64; x64) AppleWebKit/537.36 (KHTML, like Gecko) Chrome/90.0.4430.85 Safari/537.36"
83.175.83.150 - - [26/Apr/2021:11:32:21 +0200] "GET /success HTTP/1.1" 200 3936 "http://renault.activities.at/checkout" "Mozilla/5.0 (Windows NT 10.0; Win64; x64) AppleWebKit/537.36 (KHTML, like Gecko) Chrome/90.0.4430.85 Safari/537.36"
80.123.225.38 - - [26/Apr/2021:11:32:31 +0200] "GET /reload?ser=1619429551360 HTTP/1.1" 200 28 "http://renault.activities.at/success" "Mozilla/5.0 (Windows NT 6.1; WOW64; Trident/7.0; rv:11.0) like Gecko"
91.113.165.162 - - [26/Apr/2021:11:33:11 +0200] "GET /reload?ser=1619429591209 HTTP/1.1" 200 28 "http://renault.activities.at/success" "Mozilla/5.0 (Windows NT 10.0; Win64; x64) AppleWebKit/537.36 (KHTML, like Gecko) Chrome/89.0.4389.128 Safari/537.36"
80.120.210.179 - - [26/Apr/2021:11:33:17 +0200] "GET /reload?ser=1619429597304 HTTP/1.1" 200 28 "http://renault.activities.at/cart" "Mozilla/5.0 (Windows NT 10.0; Win64; x64) AppleWebKit/537.36 (KHTML, like Gecko) Chrome/90.0.4430.85 Safari/537.36"
83.175.83.150 - - [26/Apr/2021:11:33:24 +0200] "GET /reload?ser=1619429604537 HTTP/1.1" 200 28 "http://renault.activities.at/success" "Mozilla/5.0 (Windows NT 10.0; Win64; x64) AppleWebKit/537.36 (KHTML, like Gecko) Chrome/90.0.4430.85 Safari/537.36"
80.123.225.38 - - [26/Apr/2021:11:33:32 +0200] "GET /reload?ser=1619429612325 HTTP/1.1" 200 28 "http://renault.activities.at/success" "Mozilla/5.0 (Windows NT 6.1; WOW64; Trident/7.0; rv:11.0) like Gecko"
91.113.165.162 - - [26/Apr/2021:11:34:12 +0200] "GET /reload?ser=1619429652197 HTTP/1.1" 200 28 "http://renault.activities.at/success" "Mozilla/5.0 (Windows NT 10.0; Win64; x64) AppleWebKit/537.36 (KHTML, like Gecko) Chrome/89.0.4389.128 Safari/537.36"
80.120.210.179 - - [26/Apr/2021:11:34:18 +0200] "GET /reload?ser=1619429658304 HTTP/1.1" 200 28 "http://renault.activities.at/cart" "Mozilla/5.0 (Windows NT 10.0; Win64; x64) AppleWebKit/537.36 (KHTML, like Gecko) Chrome/90.0.4430.85 Safari/537.36"
83.175.83.150 - - [26/Apr/2021:11:34:25 +0200] "GET /reload?ser=1619429665525 HTTP/1.1" 200 28 "http://renault.activities.at/success" "Mozilla/5.0 (Windows NT 10.0; Win64; x64) AppleWebKit/537.36 (KHTML, like Gecko) Chrome/90.0.4430.85 Safari/537.36"
80.123.225.38 - - [26/Apr/2021:11:34:33 +0200] "GET /reload?ser=1619429673322 HTTP/1.1" 200 28 "http://renault.activities.at/success" "Mozilla/5.0 (Windows NT 6.1; WOW64; Trident/7.0; rv:11.0) like Gecko"
91.113.165.162 - - [26/Apr/2021:11:35:13 +0200] "GET /reload?ser=1619429713206 HTTP/1.1" 200 28 "http://renault.activities.at/success" "Mozilla/5.0 (Windows NT 10.0; Win64; x64) AppleWebKit/537.36 (KHTML, like Gecko) Chrome/89.0.4389.128 Safari/537.36"
80.120.210.179 - - [26/Apr/2021:11:35:19 +0200] "GET /reload?ser=1619429719312 HTTP/1.1" 200 28 "http://renault.activities.at/cart" "Mozilla/5.0 (Windows NT 10.0; Win64; x64) AppleWebKit/537.36 (KHTML, like Gecko) Chrome/90.0.4430.85 Safari/537.36"
83.175.83.150 - - [26/Apr/2021:11:35:26 +0200] "GET /reload?ser=1619429726524 HTTP/1.1" 200 28 "http://renault.activities.at/success" "Mozilla/5.0 (Windows NT 10.0; Win64; x64) AppleWebKit/537.36 (KHTML, like Gecko) Chrome/90.0.4430.85 Safari/537.36"
80.123.225.38 - - [26/Apr/2021:11:35:34 +0200] "GET /reload?ser=1619429734286 HTTP/1.1" 200 28 "http://renault.activities.at/success" "Mozilla/5.0 (Windows NT 6.1; WOW64; Trident/7.0; rv:11.0) like Gecko"
212.95.8.246 - - [26/Apr/2021:11:35:52 +0200] "GET /reload?ser=1619429748673 HTTP/1.1" 200 28 "http://renault.2web.at/result?searchterm=true&search=alufelgen" "Mozilla/5.0 (Windows NT 10.0; Win64; x64) AppleWebKit/537.36 (KHTML, like Gecko) Chrome/90.0.4430.72 Safari/537.36 Edg/90.0.818.42"
91.113.165.162 - - [26/Apr/2021:11:36:14 +0200] "GET /reload?ser=1619429774203 HTTP/1.1" 200 28 "http://renault.activities.at/success" "Mozilla/5.0 (Windows NT 10.0; Win64; x64) AppleWebKit/537.36 (KHTML, like Gecko) Chrome/89.0.4389.128 Safari/537.36"
80.120.210.179 - - [26/Apr/2021:11:36:21 +0200] "GET /reload?ser=1619429781309 HTTP/1.1" 200 28 "http://renault.activities.at/cart" "Mozilla/5.0 (Windows NT 10.0; Win64; x64) AppleWebKit/537.36 (KHTML, like Gecko) Chrome/90.0.4430.85 Safari/537.36"
83.175.83.150 - - [26/Apr/2021:11:36:27 +0200] "GET /reload?ser=1619429787537 HTTP/1.1" 200 28 "http://renault.activities.at/success" "Mozilla/5.0 (Windows NT 10.0; Win64; x64) AppleWebKit/537.36 (KHTML, like Gecko) Chrome/90.0.4430.85 Safari/537.36"
80.123.225.38 - - [26/Apr/2021:11:36:35 +0200] "GET /reload?ser=1619429795283 HTTP/1.1" 200 28 "http://renault.activities.at/success" "Mozilla/5.0 (Windows NT 6.1; WOW64; Trident/7.0; rv:11.0) like Gecko"
212.95.8.246 - - [26/Apr/2021:11:36:56 +0200] "GET /reload?ser=1619429812971 HTTP/1.1" 200 28 "http://renault.2web.at/result?searchterm=true&search=alufelgen" "Mozilla/5.0 (Windows NT 10.0; Win64; x64) AppleWebKit/537.36 (KHTML, like Gecko) Chrome/90.0.4430.72 Safari/537.36 Edg/90.0.818.42"
77.119.245.167 - - [26/Apr/2021:11:37:08 +0200] "GET / HTTP/1.1" 200 3315 "-" "Mozilla/5.0 (Windows NT 10.0; WOW64; Trident/7.0; rv:11.0) like Gecko"
77.119.245.167 - - [26/Apr/2021:11:37:09 +0200] "GET /js/default.js HTTP/1.1" 200 14698 "http://renault.activities.at/" "Mozilla/5.0 (Windows NT 10.0; WOW64; Trident/7.0; rv:11.0) like Gecko"
77.119.245.167 - - [26/Apr/2021:11:37:09 +0200] "GET /css/styles.css HTTP/1.1" 200 14664 "http://renault.activities.at/" "Mozilla/5.0 (Windows NT 10.0; WOW64; Trident/7.0; rv:11.0) like Gecko"
77.119.245.167 - - [26/Apr/2021:11:37:09 +0200] "GET /js/flashdetection.js HTTP/1.1" 200 1059 "http://renault.activities.at/" "Mozilla/5.0 (Windows NT 10.0; WOW64; Trident/7.0; rv:11.0) like Gecko"
77.119.245.167 - - [26/Apr/2021:11:37:09 +0200] "GET /css/clears.css HTTP/1.1" 200 851 "http://renault.activities.at/" "Mozilla/5.0 (Windows NT 10.0; WOW64; Trident/7.0; rv:11.0) like Gecko"
77.119.245.167 - - [26/Apr/2021:11:37:09 +0200] "GET /css/reset.css HTTP/1.1" 200 1356 "http://renault.activities.at/" "Mozilla/5.0 (Windows NT 10.0; WOW64; Trident/7.0; rv:11.0) like Gecko"
77.119.245.167 - - [26/Apr/2021:11:37:09 +0200] "GET /css/print.css HTTP/1.1" 200 543 "http://renault.activities.at/" "Mozilla/5.0 (Windows NT 10.0; WOW64; Trident/7.0; rv:11.0) like Gecko"
77.119.245.167 - - [26/Apr/2021:11:37:09 +0200] "GET /js/checkout.css HTTP/1.1" 200 359 "http://renault.activities.at/" "Mozilla/5.0 (Windows NT 10.0; WOW64; Trident/7.0; rv:11.0) like Gecko"
77.119.245.167 - - [26/Apr/2021:11:37:09 +0200] "GET /css/prototip.css HTTP/1.1" 200 968 "http://renault.activities.at/" "Mozilla/5.0 (Windows NT 10.0; WOW64; Trident/7.0; rv:11.0) like Gecko"
77.119.245.167 - - [26/Apr/2021:11:37:09 +0200] "GET /css/themes/default.css HTTP/1.1" 200 769 "http://renault.activities.at/" "Mozilla/5.0 (Windows NT 10.0; WOW64; Trident/7.0; rv:11.0) like Gecko"
77.119.245.167 - - [26/Apr/2021:11:37:09 +0200] "GET /css/themes/alphacube.css HTTP/1.1" 200 743 "http://renault.activities.at/" "Mozilla/5.0 (Windows NT 10.0; WOW64; Trident/7.0; rv:11.0) like Gecko"
77.119.245.167 - - [26/Apr/2021:11:37:09 +0200] "GET /js/index.php?c=auto&f=,prototype/prototype.js,prototype/validation.js,scriptaculous/builder.js,scriptaculous/effects.js,scriptaculous/dragdrop.js,scriptaculous/controls.js,scriptaculous/slider.js,varien/js.js,varien/form.js,varien/menu.js,mage/translate.js,mage/cookies.js,varien/product.js,spinner/SpinnerControl.jsmin.js,prototype/window.js,prototype/window_ext.js HTTP/1.1" 200 94182 "http://renault.activities.at/" "Mozilla/5.0 (Windows NT 10.0; WOW64; Trident/7.0; rv:11.0) like Gecko"
77.119.245.167 - - [26/Apr/2021:11:37:10 +0200] "GET /images/main_block_corner_right_bot.gif HTTP/1.1" 200 158 "http://renault.activities.at/" "Mozilla/5.0 (Windows NT 10.0; WOW64; Trident/7.0; rv:11.0) like Gecko"
77.119.245.167 - - [26/Apr/2021:11:37:10 +0200] "GET /images/header_block_corner_right_top.gif HTTP/1.1" 200 160 "http://renault.activities.at/" "Mozilla/5.0 (Windows NT 10.0; WOW64; Trident/7.0; rv:11.0) like Gecko"
77.119.245.167 - - [26/Apr/2021:11:37:10 +0200] "GET /images/main_block_border.gif HTTP/1.1" 200 43 "http://renault.activities.at/" "Mozilla/5.0 (Windows NT 10.0; WOW64; Trident/7.0; rv:11.0) like Gecko"
77.119.245.167 - - [26/Apr/2021:11:37:10 +0200] "GET /images/main_block_corner_left_bot.gif HTTP/1.1" 200 159 "http://renault.activities.at/" "Mozilla/5.0 (Windows NT 10.0; WOW64; Trident/7.0; rv:11.0) like Gecko"
77.119.245.167 - - [26/Apr/2021:11:37:10 +0200] "GET /images/header_block_corner_left_top.gif HTTP/1.1" 200 160 "http://renault.activities.at/" "Mozilla/5.0 (Windows NT 10.0; WOW64; Trident/7.0; rv:11.0) like Gecko"
77.119.245.167 - - [26/Apr/2021:11:37:10 +0200] "GET /images/header_block_border.gif HTTP/1.1" 200 43 "http://renault.activities.at/" "Mozilla/5.0 (Windows NT 10.0; WOW64; Trident/7.0; rv:11.0) like Gecko"
77.119.245.167 - - [26/Apr/2021:11:37:10 +0200] "GET /images/favicon.ico HTTP/1.1" 404 305 "-" "Mozilla/5.0 (Windows NT 10.0; Win64; x64; Trident/7.0; rv:11.0) like Gecko"
77.119.245.167 - - [26/Apr/2021:11:37:10 +0200] "GET /images/main_block_corner_right_top.gif HTTP/1.1" 200 159 "http://renault.activities.at/" "Mozilla/5.0 (Windows NT 10.0; WOW64; Trident/7.0; rv:11.0) like Gecko"
77.119.245.167 - - [26/Apr/2021:11:37:10 +0200] "GET /images/main_block_corner_left_top.gif HTTP/1.1" 200 159 "http://renault.activities.at/" "Mozilla/5.0 (Windows NT 10.0; WOW64; Trident/7.0; rv:11.0) like Gecko"
77.119.245.167 - - [26/Apr/2021:11:37:10 +0200] "GET /images/title_border.jpg HTTP/1.1" 200 304 "http://renault.activities.at/" "Mozilla/5.0 (Windows NT 10.0; WOW64; Trident/7.0; rv:11.0) like Gecko"
77.119.245.167 - - [26/Apr/2021:11:37:10 +0200] "GET /images/title_corner_left_top.jpg HTTP/1.1" 200 372 "http://renault.activities.at/" "Mozilla/5.0 (Windows NT 10.0; WOW64; Trident/7.0; rv:11.0) like Gecko"
77.119.245.167 - - [26/Apr/2021:11:37:10 +0200] "GET /images/title_border_top.jpg HTTP/1.1" 200 336 "http://renault.activities.at/" "Mozilla/5.0 (Windows NT 10.0; WOW64; Trident/7.0; rv:11.0) like Gecko"
77.119.245.167 - - [26/Apr/2021:11:37:10 +0200] "GET /images/title_corner_right_top.jpg HTTP/1.1" 200 389 "http://renault.activities.at/" "Mozilla/5.0 (Windows NT 10.0; WOW64; Trident/7.0; rv:11.0) like Gecko"
77.119.245.167 - - [26/Apr/2021:11:37:10 +0200] "GET /loadthumbnail.php?id=11127982 HTTP/1.1" 200 399614 "http://renault.activities.at/" "Mozilla/5.0 (Windows NT 10.0; WOW64; Trident/7.0; rv:11.0) like Gecko"
77.119.245.167 - - [26/Apr/2021:11:37:12 +0200] "GET /login HTTP/1.1" 200 2085 "http://renault.activities.at/" "Mozilla/5.0 (Windows NT 10.0; WOW64; Trident/7.0; rv:11.0) like Gecko"
77.119.245.167 - - [26/Apr/2021:11:37:13 +0200] "GET /images/button_left_bg.gif HTTP/1.1" 200 564 "http://renault.activities.at/login" "Mozilla/5.0 (Windows NT 10.0; WOW64; Trident/7.0; rv:11.0) like Gecko"
77.119.245.167 - - [26/Apr/2021:11:37:13 +0200] "GET /images/button_right_bg.gif HTTP/1.1" 200 561 "http://renault.activities.at/login" "Mozilla/5.0 (Windows NT 10.0; WOW64; Trident/7.0; rv:11.0) like Gecko"
