213.182.253.200 - - [26/Apr/2021:15:24:13 +0200] "GET /reload?ser=1619443453458 HTTP/1.1" 200 28 "http://renault.activities.at/result?searchterm=true&search=arkana" "Mozilla/5.0 (Windows NT 10.0; Win64; x64) AppleWebKit/537.36 (KHTML, like Gecko) Chrome/89.0.4389.128 Safari/537.36"
80.123.225.38 - - [26/Apr/2021:15:24:15 +0200] "GET /reload?ser=1619443455898 HTTP/1.1" 200 28 "http://renault.activities.at/success" "Mozilla/5.0 (Windows NT 6.1; WOW64; Trident/7.0; rv:11.0) like Gecko"
80.120.210.179 - - [26/Apr/2021:15:24:19 +0200] "GET /reload?ser=1619443459313 HTTP/1.1" 200 28 "http://renault.activities.at/cart" "Mozilla/5.0 (Windows NT 10.0; Win64; x64) AppleWebKit/537.36 (KHTML, like Gecko) Chrome/90.0.4430.85 Safari/537.36"
91.113.165.162 - - [26/Apr/2021:15:25:09 +0200] "GET /reload?ser=1619443509425 HTTP/1.1" 200 28 "http://renault.activities.at/success" "Mozilla/5.0 (Windows NT 10.0; Win64; x64) AppleWebKit/537.36 (KHTML, like Gecko) Chrome/89.0.4389.128 Safari/537.36"
93.83.241.1 - - [26/Apr/2021:15:25:12 +0200] "GET /reload?ser=1619443512135 HTTP/1.1" 200 28 "http://renault.activities.at/success" "Mozilla/5.0 (Windows NT 10.0; WOW64; Trident/7.0; rv:11.0) like Gecko"
213.182.253.200 - - [26/Apr/2021:15:25:14 +0200] "GET /reload?ser=1619443514456 HTTP/1.1" 200 28 "http://renault.activities.at/result?searchterm=true&search=arkana" "Mozilla/5.0 (Windows NT 10.0; Win64; x64) AppleWebKit/537.36 (KHTML, like Gecko) Chrome/89.0.4389.128 Safari/537.36"
80.123.225.38 - - [26/Apr/2021:15:25:16 +0200] "GET /reload?ser=1619443516854 HTTP/1.1" 200 28 "http://renault.activities.at/success" "Mozilla/5.0 (Windows NT 6.1; WOW64; Trident/7.0; rv:11.0) like Gecko"
80.120.210.179 - - [26/Apr/2021:15:25:20 +0200] "GET /reload?ser=1619443520307 HTTP/1.1" 200 28 "http://renault.activities.at/cart" "Mozilla/5.0 (Windows NT 10.0; Win64; x64) AppleWebKit/537.36 (KHTML, like Gecko) Chrome/90.0.4430.85 Safari/537.36"
91.113.165.162 - - [26/Apr/2021:15:26:10 +0200] "GET /reload?ser=1619443570426 HTTP/1.1" 200 28 "http://renault.activities.at/success" "Mozilla/5.0 (Windows NT 10.0; Win64; x64) AppleWebKit/537.36 (KHTML, like Gecko) Chrome/89.0.4389.128 Safari/537.36"
93.83.241.1 - - [26/Apr/2021:15:26:13 +0200] "GET /reload?ser=1619443573143 HTTP/1.1" 200 28 "http://renault.activities.at/success" "Mozilla/5.0 (Windows NT 10.0; WOW64; Trident/7.0; rv:11.0) like Gecko"
213.182.253.200 - - [26/Apr/2021:15:26:15 +0200] "GET /reload?ser=1619443575450 HTTP/1.1" 200 28 "http://renault.activities.at/result?searchterm=true&search=arkana" "Mozilla/5.0 (Windows NT 10.0; Win64; x64) AppleWebKit/537.36 (KHTML, like Gecko) Chrome/89.0.4389.128 Safari/537.36"
80.123.225.38 - - [26/Apr/2021:15:26:17 +0200] "GET /reload?ser=1619443577828 HTTP/1.1" 200 28 "http://renault.activities.at/success" "Mozilla/5.0 (Windows NT 6.1; WOW64; Trident/7.0; rv:11.0) like Gecko"
80.120.210.179 - - [26/Apr/2021:15:26:21 +0200] "GET /reload?ser=1619443581310 HTTP/1.1" 200 28 "http://renault.activities.at/cart" "Mozilla/5.0 (Windows NT 10.0; Win64; x64) AppleWebKit/537.36 (KHTML, like Gecko) Chrome/90.0.4430.85 Safari/537.36"
91.113.165.162 - - [26/Apr/2021:15:27:11 +0200] "GET /reload?ser=1619443631421 HTTP/1.1" 200 28 "http://renault.activities.at/success" "Mozilla/5.0 (Windows NT 10.0; Win64; x64) AppleWebKit/537.36 (KHTML, like Gecko) Chrome/89.0.4389.128 Safari/537.36"
93.83.241.1 - - [26/Apr/2021:15:27:14 +0200] "GET /reload?ser=1619443634150 HTTP/1.1" 200 28 "http://renault.activities.at/success" "Mozilla/5.0 (Windows NT 10.0; WOW64; Trident/7.0; rv:11.0) like Gecko"
213.182.253.200 - - [26/Apr/2021:15:27:16 +0200] "GET /reload?ser=1619443636449 HTTP/1.1" 200 28 "http://renault.activities.at/result?searchterm=true&search=arkana" "Mozilla/5.0 (Windows NT 10.0; Win64; x64) AppleWebKit/537.36 (KHTML, like Gecko) Chrome/89.0.4389.128 Safari/537.36"
80.123.225.38 - - [26/Apr/2021:15:27:18 +0200] "GET /reload?ser=1619443638823 HTTP/1.1" 200 28 "http://renault.activities.at/success" "Mozilla/5.0 (Windows NT 6.1; WOW64; Trident/7.0; rv:11.0) like Gecko"
80.120.210.179 - - [26/Apr/2021:15:27:22 +0200] "GET /reload?ser=1619443642300 HTTP/1.1" 200 28 "http://renault.activities.at/cart" "Mozilla/5.0 (Windows NT 10.0; Win64; x64) AppleWebKit/537.36 (KHTML, like Gecko) Chrome/90.0.4430.85 Safari/537.36"
91.113.165.162 - - [26/Apr/2021:15:28:12 +0200] "GET /reload?ser=1619443692420 HTTP/1.1" 200 28 "http://renault.activities.at/success" "Mozilla/5.0 (Windows NT 10.0; Win64; x64) AppleWebKit/537.36 (KHTML, like Gecko) Chrome/89.0.4389.128 Safari/537.36"
93.83.241.1 - - [26/Apr/2021:15:28:15 +0200] "GET /reload?ser=1619443695119 HTTP/1.1" 200 28 "http://renault.activities.at/success" "Mozilla/5.0 (Windows NT 10.0; WOW64; Trident/7.0; rv:11.0) like Gecko"
213.182.253.200 - - [26/Apr/2021:15:28:17 +0200] "GET /reload?ser=1619443697451 HTTP/1.1" 200 28 "http://renault.activities.at/result?searchterm=true&search=arkana" "Mozilla/5.0 (Windows NT 10.0; Win64; x64) AppleWebKit/537.36 (KHTML, like Gecko) Chrome/89.0.4389.128 Safari/537.36"
80.123.225.38 - - [26/Apr/2021:15:28:19 +0200] "GET /reload?ser=1619443699837 HTTP/1.1" 200 28 "http://renault.activities.at/success" "Mozilla/5.0 (Windows NT 6.1; WOW64; Trident/7.0; rv:11.0) like Gecko"
80.120.210.179 - - [26/Apr/2021:15:28:23 +0200] "GET /reload?ser=1619443703310 HTTP/1.1" 200 28 "http://renault.activities.at/cart" "Mozilla/5.0 (Windows NT 10.0; Win64; x64) AppleWebKit/537.36 (KHTML, like Gecko) Chrome/90.0.4430.85 Safari/537.36"
91.113.165.162 - - [26/Apr/2021:15:29:13 +0200] "GET /reload?ser=1619443753416 HTTP/1.1" 200 28 "http://renault.activities.at/success" "Mozilla/5.0 (Windows NT 10.0; Win64; x64) AppleWebKit/537.36 (KHTML, like Gecko) Chrome/89.0.4389.128 Safari/537.36"
93.83.241.1 - - [26/Apr/2021:15:29:16 +0200] "GET /reload?ser=1619443756100 HTTP/1.1" 200 28 "http://renault.activities.at/success" "Mozilla/5.0 (Windows NT 10.0; WOW64; Trident/7.0; rv:11.0) like Gecko"
213.182.253.200 - - [26/Apr/2021:15:29:18 +0200] "GET /reload?ser=1619443758458 HTTP/1.1" 200 28 "http://renault.activities.at/result?searchterm=true&search=arkana" "Mozilla/5.0 (Windows NT 10.0; Win64; x64) AppleWebKit/537.36 (KHTML, like Gecko) Chrome/89.0.4389.128 Safari/537.36"
80.123.225.38 - - [26/Apr/2021:15:29:20 +0200] "GET /reload?ser=1619443760834 HTTP/1.1" 200 28 "http://renault.activities.at/success" "Mozilla/5.0 (Windows NT 6.1; WOW64; Trident/7.0; rv:11.0) like Gecko"
80.120.210.179 - - [26/Apr/2021:15:29:25 +0200] "GET /reload?ser=1619443765300 HTTP/1.1" 200 28 "http://renault.activities.at/cart" "Mozilla/5.0 (Windows NT 10.0; Win64; x64) AppleWebKit/537.36 (KHTML, like Gecko) Chrome/90.0.4430.85 Safari/537.36"
91.113.165.162 - - [26/Apr/2021:15:30:14 +0200] "GET /reload?ser=1619443814429 HTTP/1.1" 200 28 "http://renault.activities.at/success" "Mozilla/5.0 (Windows NT 10.0; Win64; x64) AppleWebKit/537.36 (KHTML, like Gecko) Chrome/89.0.4389.128 Safari/537.36"
93.83.241.1 - - [26/Apr/2021:15:30:17 +0200] "GET /reload?ser=1619443817099 HTTP/1.1" 200 28 "http://renault.activities.at/success" "Mozilla/5.0 (Windows NT 10.0; WOW64; Trident/7.0; rv:11.0) like Gecko"
213.182.253.200 - - [26/Apr/2021:15:30:19 +0200] "GET /reload?ser=1619443819446 HTTP/1.1" 200 28 "http://renault.activities.at/result?searchterm=true&search=arkana" "Mozilla/5.0 (Windows NT 10.0; Win64; x64) AppleWebKit/537.36 (KHTML, like Gecko) Chrome/89.0.4389.128 Safari/537.36"
80.123.225.38 - - [26/Apr/2021:15:30:21 +0200] "GET /reload?ser=1619443821826 HTTP/1.1" 200 28 "http://renault.activities.at/success" "Mozilla/5.0 (Windows NT 6.1; WOW64; Trident/7.0; rv:11.0) like Gecko"
80.120.210.179 - - [26/Apr/2021:15:30:26 +0200] "GET /reload?ser=1619443826305 HTTP/1.1" 200 28 "http://renault.activities.at/cart" "Mozilla/5.0 (Windows NT 10.0; Win64; x64) AppleWebKit/537.36 (KHTML, like Gecko) Chrome/90.0.4430.85 Safari/537.36"
91.113.165.162 - - [26/Apr/2021:15:31:15 +0200] "GET /reload?ser=1619443875426 HTTP/1.1" 200 28 "http://renault.activities.at/success" "Mozilla/5.0 (Windows NT 10.0; Win64; x64) AppleWebKit/537.36 (KHTML, like Gecko) Chrome/89.0.4389.128 Safari/537.36"
93.83.241.1 - - [26/Apr/2021:15:31:18 +0200] "GET /reload?ser=1619443878153 HTTP/1.1" 200 28 "http://renault.activities.at/success" "Mozilla/5.0 (Windows NT 10.0; WOW64; Trident/7.0; rv:11.0) like Gecko"
213.182.253.200 - - [26/Apr/2021:15:31:20 +0200] "GET /reload?ser=1619443880448 HTTP/1.1" 200 28 "http://renault.activities.at/result?searchterm=true&search=arkana" "Mozilla/5.0 (Windows NT 10.0; Win64; x64) AppleWebKit/537.36 (KHTML, like Gecko) Chrome/89.0.4389.128 Safari/537.36"
80.123.225.38 - - [26/Apr/2021:15:31:22 +0200] "GET /reload?ser=1619443882814 HTTP/1.1" 200 28 "http://renault.activities.at/success" "Mozilla/5.0 (Windows NT 6.1; WOW64; Trident/7.0; rv:11.0) like Gecko"
80.120.210.179 - - [26/Apr/2021:15:31:27 +0200] "GET /reload?ser=1619443887301 HTTP/1.1" 200 28 "http://renault.activities.at/cart" "Mozilla/5.0 (Windows NT 10.0; Win64; x64) AppleWebKit/537.36 (KHTML, like Gecko) Chrome/90.0.4430.85 Safari/537.36"
91.113.165.162 - - [26/Apr/2021:15:32:17 +0200] "GET /reload?ser=1619443937428 HTTP/1.1" 200 28 "http://renault.activities.at/success" "Mozilla/5.0 (Windows NT 10.0; Win64; x64) AppleWebKit/537.36 (KHTML, like Gecko) Chrome/89.0.4389.128 Safari/537.36"
93.83.241.1 - - [26/Apr/2021:15:32:19 +0200] "GET /reload?ser=1619443939137 HTTP/1.1" 200 28 "http://renault.activities.at/success" "Mozilla/5.0 (Windows NT 10.0; WOW64; Trident/7.0; rv:11.0) like Gecko"
213.182.253.200 - - [26/Apr/2021:15:32:21 +0200] "GET /reload?ser=1619443941449 HTTP/1.1" 200 28 "http://renault.activities.at/result?searchterm=true&search=arkana" "Mozilla/5.0 (Windows NT 10.0; Win64; x64) AppleWebKit/537.36 (KHTML, like Gecko) Chrome/89.0.4389.128 Safari/537.36"
80.123.225.38 - - [26/Apr/2021:15:32:23 +0200] "GET /reload?ser=1619443943791 HTTP/1.1" 200 28 "http://renault.activities.at/success" "Mozilla/5.0 (Windows NT 6.1; WOW64; Trident/7.0; rv:11.0) like Gecko"
80.120.210.179 - - [26/Apr/2021:15:32:28 +0200] "GET /reload?ser=1619443948312 HTTP/1.1" 200 28 "http://renault.activities.at/cart" "Mozilla/5.0 (Windows NT 10.0; Win64; x64) AppleWebKit/537.36 (KHTML, like Gecko) Chrome/90.0.4430.85 Safari/537.36"
91.113.165.162 - - [26/Apr/2021:15:33:18 +0200] "GET /reload?ser=1619443998426 HTTP/1.1" 200 28 "http://renault.activities.at/success" "Mozilla/5.0 (Windows NT 10.0; Win64; x64) AppleWebKit/537.36 (KHTML, like Gecko) Chrome/89.0.4389.128 Safari/537.36"
93.83.241.1 - - [26/Apr/2021:15:33:20 +0200] "GET /reload?ser=1619444000114 HTTP/1.1" 200 28 "http://renault.activities.at/success" "Mozilla/5.0 (Windows NT 10.0; WOW64; Trident/7.0; rv:11.0) like Gecko"
213.182.253.200 - - [26/Apr/2021:15:33:22 +0200] "GET /reload?ser=1619444002447 HTTP/1.1" 200 28 "http://renault.activities.at/result?searchterm=true&search=arkana" "Mozilla/5.0 (Windows NT 10.0; Win64; x64) AppleWebKit/537.36 (KHTML, like Gecko) Chrome/89.0.4389.128 Safari/537.36"
80.123.225.38 - - [26/Apr/2021:15:33:24 +0200] "GET /reload?ser=1619444004778 HTTP/1.1" 200 28 "http://renault.activities.at/success" "Mozilla/5.0 (Windows NT 6.1; WOW64; Trident/7.0; rv:11.0) like Gecko"
80.120.210.179 - - [26/Apr/2021:15:33:29 +0200] "GET /reload?ser=1619444009299 HTTP/1.1" 200 28 "http://renault.activities.at/cart" "Mozilla/5.0 (Windows NT 10.0; Win64; x64) AppleWebKit/537.36 (KHTML, like Gecko) Chrome/90.0.4430.85 Safari/537.36"
85.193.135.14 - - [26/Apr/2021:15:33:42 +0200] "GET /cart HTTP/1.1" 200 1714 "-" "Mozilla/5.0 (Windows NT 10.0; Win64; x64; rv:88.0) Gecko/20100101 Firefox/88.0"
85.193.135.14 - - [26/Apr/2021:15:33:43 +0200] "GET /js/default.js HTTP/1.1" 304 - "http://renault.activities.at/cart" "Mozilla/5.0 (Windows NT 10.0; Win64; x64; rv:88.0) Gecko/20100101 Firefox/88.0"
85.193.135.14 - - [26/Apr/2021:15:33:43 +0200] "GET /css/clears.css HTTP/1.1" 200 851 "http://renault.activities.at/cart" "Mozilla/5.0 (Windows NT 10.0; Win64; x64; rv:88.0) Gecko/20100101 Firefox/88.0"
85.193.135.14 - - [26/Apr/2021:15:33:43 +0200] "GET /js/checkout.css HTTP/1.1" 200 359 "http://renault.activities.at/cart" "Mozilla/5.0 (Windows NT 10.0; Win64; x64; rv:88.0) Gecko/20100101 Firefox/88.0"
85.193.135.14 - - [26/Apr/2021:15:33:43 +0200] "GET /css/reset.css HTTP/1.1" 304 - "http://renault.activities.at/cart" "Mozilla/5.0 (Windows NT 10.0; Win64; x64; rv:88.0) Gecko/20100101 Firefox/88.0"
85.193.135.14 - - [26/Apr/2021:15:33:43 +0200] "GET /js/ProduktGrp.js HTTP/1.1" 304 - "http://renault.activities.at/cart" "Mozilla/5.0 (Windows NT 10.0; Win64; x64; rv:88.0) Gecko/20100101 Firefox/88.0"
85.193.135.14 - - [26/Apr/2021:15:33:43 +0200] "GET /css/styles.css HTTP/1.1" 304 - "http://renault.activities.at/cart" "Mozilla/5.0 (Windows NT 10.0; Win64; x64; rv:88.0) Gecko/20100101 Firefox/88.0"
85.193.135.14 - - [26/Apr/2021:15:33:43 +0200] "GET /css/themes/alphacube.css HTTP/1.1" 200 743 "http://renault.activities.at/cart" "Mozilla/5.0 (Windows NT 10.0; Win64; x64; rv:88.0) Gecko/20100101 Firefox/88.0"
85.193.135.14 - - [26/Apr/2021:15:33:43 +0200] "GET /css/prototip.css HTTP/1.1" 200 968 "http://renault.activities.at/cart" "Mozilla/5.0 (Windows NT 10.0; Win64; x64; rv:88.0) Gecko/20100101 Firefox/88.0"
85.193.135.14 - - [26/Apr/2021:15:33:43 +0200] "GET /css/themes/default.css HTTP/1.1" 200 769 "http://renault.activities.at/cart" "Mozilla/5.0 (Windows NT 10.0; Win64; x64; rv:88.0) Gecko/20100101 Firefox/88.0"
85.193.135.14 - - [26/Apr/2021:15:33:43 +0200] "GET /images/main_block_border.gif HTTP/1.1" 200 43 "http://renault.activities.at/css/styles.css" "Mozilla/5.0 (Windows NT 10.0; Win64; x64; rv:88.0) Gecko/20100101 Firefox/88.0"
85.193.135.14 - - [26/Apr/2021:15:33:43 +0200] "GET /images/main_block_corner_left_bot.gif HTTP/1.1" 200 159 "http://renault.activities.at/css/styles.css" "Mozilla/5.0 (Windows NT 10.0; Win64; x64; rv:88.0) Gecko/20100101 Firefox/88.0"
85.193.135.14 - - [26/Apr/2021:15:33:43 +0200] "GET /images/header_block_border.gif HTTP/1.1" 200 43 "http://renault.activities.at/css/styles.css" "Mozilla/5.0 (Windows NT 10.0; Win64; x64; rv:88.0) Gecko/20100101 Firefox/88.0"
85.193.135.14 - - [26/Apr/2021:15:33:43 +0200] "GET /images/main_block_corner_right_bot.gif HTTP/1.1" 200 158 "http://renault.activities.at/css/styles.css" "Mozilla/5.0 (Windows NT 10.0; Win64; x64; rv:88.0) Gecko/20100101 Firefox/88.0"
85.193.135.14 - - [26/Apr/2021:15:33:43 +0200] "GET /images/header_block_corner_right_top.gif HTTP/1.1" 200 160 "http://renault.activities.at/css/styles.css" "Mozilla/5.0 (Windows NT 10.0; Win64; x64; rv:88.0) Gecko/20100101 Firefox/88.0"
85.193.135.14 - - [26/Apr/2021:15:33:43 +0200] "GET /images/header_block_corner_left_top.gif HTTP/1.1" 200 160 "http://renault.activities.at/css/styles.css" "Mozilla/5.0 (Windows NT 10.0; Win64; x64; rv:88.0) Gecko/20100101 Firefox/88.0"
85.193.135.14 - - [26/Apr/2021:15:33:43 +0200] "GET /images/main_block_corner_left_top.gif HTTP/1.1" 200 159 "http://renault.activities.at/css/styles.css" "Mozilla/5.0 (Windows NT 10.0; Win64; x64; rv:88.0) Gecko/20100101 Firefox/88.0"
85.193.135.14 - - [26/Apr/2021:15:33:43 +0200] "GET /images/title_corner_left_top.jpg HTTP/1.1" 200 372 "http://renault.activities.at/css/styles.css" "Mozilla/5.0 (Windows NT 10.0; Win64; x64; rv:88.0) Gecko/20100101 Firefox/88.0"
85.193.135.14 - - [26/Apr/2021:15:33:43 +0200] "GET /images/title_border.jpg HTTP/1.1" 200 304 "http://renault.activities.at/css/styles.css" "Mozilla/5.0 (Windows NT 10.0; Win64; x64; rv:88.0) Gecko/20100101 Firefox/88.0"
85.193.135.14 - - [26/Apr/2021:15:33:43 +0200] "GET /images/title_border_top.jpg HTTP/1.1" 200 336 "http://renault.activities.at/css/styles.css" "Mozilla/5.0 (Windows NT 10.0; Win64; x64; rv:88.0) Gecko/20100101 Firefox/88.0"
85.193.135.14 - - [26/Apr/2021:15:33:43 +0200] "GET /images/main_block_corner_right_top.gif HTTP/1.1" 200 159 "http://renault.activities.at/css/styles.css" "Mozilla/5.0 (Windows NT 10.0; Win64; x64; rv:88.0) Gecko/20100101 Firefox/88.0"
85.193.135.14 - - [26/Apr/2021:15:33:43 +0200] "GET /images/title_corner_right_top.jpg HTTP/1.1" 200 389 "http://renault.activities.at/css/styles.css" "Mozilla/5.0 (Windows NT 10.0; Win64; x64; rv:88.0) Gecko/20100101 Firefox/88.0"
85.193.135.14 - - [26/Apr/2021:15:33:43 +0200] "GET /css/print.css HTTP/1.1" 200 543 "http://renault.activities.at/cart" "Mozilla/5.0 (Windows NT 10.0; Win64; x64; rv:88.0) Gecko/20100101 Firefox/88.0"
85.193.135.14 - - [26/Apr/2021:15:33:43 +0200] "GET /loadthumbnail.php?id=11127982 HTTP/1.1" 200 399614 "http://renault.activities.at/cart" "Mozilla/5.0 (Windows NT 10.0; Win64; x64; rv:88.0) Gecko/20100101 Firefox/88.0"
85.193.135.14 - - [26/Apr/2021:15:33:48 +0200] "GET /login HTTP/1.1" 200 2085 "http://renault.activities.at/cart" "Mozilla/5.0 (Windows NT 10.0; Win64; x64; rv:88.0) Gecko/20100101 Firefox/88.0"
85.193.135.14 - - [26/Apr/2021:15:33:49 +0200] "GET /images/button_right_bg.gif HTTP/1.1" 200 561 "http://renault.activities.at/css/styles.css" "Mozilla/5.0 (Windows NT 10.0; Win64; x64; rv:88.0) Gecko/20100101 Firefox/88.0"
85.193.135.14 - - [26/Apr/2021:15:33:49 +0200] "GET /images/button_left_bg.gif HTTP/1.1" 200 564 "http://renault.activities.at/css/styles.css" "Mozilla/5.0 (Windows NT 10.0; Win64; x64; rv:88.0) Gecko/20100101 Firefox/88.0"
85.193.135.14 - - [26/Apr/2021:15:33:50 +0200] "GET /images/button_bg.gif HTTP/1.1" 200 151 "http://renault.activities.at/css/styles.css" "Mozilla/5.0 (Windows NT 10.0; Win64; x64; rv:88.0) Gecko/20100101 Firefox/88.0"
85.193.135.14 - - [26/Apr/2021:15:33:50 +0200] "GET /loadthumbnail.php?id=11127982 HTTP/1.1" 200 399614 "http://renault.activities.at/login" "Mozilla/5.0 (Windows NT 10.0; Win64; x64; rv:88.0) Gecko/20100101 Firefox/88.0"
85.193.135.14 - - [26/Apr/2021:15:33:57 +0200] "POST /login HTTP/1.1" 302 140 "http://renault.activities.at/login" "Mozilla/5.0 (Windows NT 10.0; Win64; x64; rv:88.0) Gecko/20100101 Firefox/88.0"
85.193.135.14 - - [26/Apr/2021:15:34:00 +0200] "GET /account HTTP/1.1" 200 6197 "http://renault.activities.at/login" "Mozilla/5.0 (Windows NT 10.0; Win64; x64; rv:88.0) Gecko/20100101 Firefox/88.0"
85.193.135.14 - - [26/Apr/2021:15:34:03 +0200] "GET /js/account.js HTTP/1.1" 304 - "http://renault.activities.at/account" "Mozilla/5.0 (Windows NT 10.0; Win64; x64; rv:88.0) Gecko/20100101 Firefox/88.0"
85.193.135.14 - - [26/Apr/2021:15:34:03 +0200] "GET /images/menu_button_bg.jpg HTTP/1.1" 200 322 "http://renault.activities.at/css/styles.css" "Mozilla/5.0 (Windows NT 10.0; Win64; x64; rv:88.0) Gecko/20100101 Firefox/88.0"
85.193.135.14 - - [26/Apr/2021:15:34:03 +0200] "GET /images/top_links_divider.gif HTTP/1.1" 200 44 "http://renault.activities.at/css/styles.css" "Mozilla/5.0 (Windows NT 10.0; Win64; x64; rv:88.0) Gecko/20100101 Firefox/88.0"
85.193.135.14 - - [26/Apr/2021:15:34:03 +0200] "GET /images/menu_divider.gif HTTP/1.1" 200 176 "http://renault.activities.at/css/styles.css" "Mozilla/5.0 (Windows NT 10.0; Win64; x64; rv:88.0) Gecko/20100101 Firefox/88.0"
85.193.135.14 - - [26/Apr/2021:15:34:03 +0200] "GET /images/search_bg.gif HTTP/1.1" 200 1726 "http://renault.activities.at/css/styles.css" "Mozilla/5.0 (Windows NT 10.0; Win64; x64; rv:88.0) Gecko/20100101 Firefox/88.0"
85.193.135.14 - - [26/Apr/2021:15:34:03 +0200] "GET /loadthumbnail.php?id=12176983&width=50&height=50 HTTP/1.1" 200 1146 "http://renault.activities.at/account" "Mozilla/5.0 (Windows NT 10.0; Win64; x64; rv:88.0) Gecko/20100101 Firefox/88.0"
85.193.135.14 - - [26/Apr/2021:15:34:03 +0200] "GET /loadthumbnail.php?id=12234960&width=50&height=50 HTTP/1.1" 200 1200 "http://renault.activities.at/account" "Mozilla/5.0 (Windows NT 10.0; Win64; x64; rv:88.0) Gecko/20100101 Firefox/88.0"
85.193.135.14 - - [26/Apr/2021:15:34:03 +0200] "GET /loadthumbnail.php?id=12266125&width=50&height=50 HTTP/1.1" 200 1177 "http://renault.activities.at/account" "Mozilla/5.0 (Windows NT 10.0; Win64; x64; rv:88.0) Gecko/20100101 Firefox/88.0"
85.193.135.14 - - [26/Apr/2021:15:34:03 +0200] "GET /loadthumbnail.php?id=12334029&width=50&height=50 HTTP/1.1" 200 1295 "http://renault.activities.at/account" "Mozilla/5.0 (Windows NT 10.0; Win64; x64; rv:88.0) Gecko/20100101 Firefox/88.0"
85.193.135.14 - - [26/Apr/2021:15:34:03 +0200] "GET /images/sidebar_title_border.gif HTTP/1.1" 200 43 "http://renault.activities.at/css/styles.css" "Mozilla/5.0 (Windows NT 10.0; Win64; x64; rv:88.0) Gecko/20100101 Firefox/88.0"
85.193.135.14 - - [26/Apr/2021:15:34:03 +0200] "GET /images/sidebar_title_corner_left_top.gif HTTP/1.1" 200 1124 "http://renault.activities.at/css/styles.css" "Mozilla/5.0 (Windows NT 10.0; Win64; x64; rv:88.0) Gecko/20100101 Firefox/88.0"
85.193.135.14 - - [26/Apr/2021:15:34:03 +0200] "GET /images/sidebar_title_corner_right_top.gif HTTP/1.1" 200 383 "http://renault.activities.at/css/styles.css" "Mozilla/5.0 (Windows NT 10.0; Win64; x64; rv:88.0) Gecko/20100101 Firefox/88.0"
85.193.135.14 - - [26/Apr/2021:15:34:03 +0200] "GET /images/sidebar_title_border_top.gif HTTP/1.1" 200 155 "http://renault.activities.at/css/styles.css" "Mozilla/5.0 (Windows NT 10.0; Win64; x64; rv:88.0) Gecko/20100101 Firefox/88.0"
85.193.135.14 - - [26/Apr/2021:15:34:03 +0200] "GET /images/footer_divider.gif HTTP/1.1" 200 44 "http://renault.activities.at/css/styles.css" "Mozilla/5.0 (Windows NT 10.0; Win64; x64; rv:88.0) Gecko/20100101 Firefox/88.0"
85.193.135.14 - - [26/Apr/2021:15:34:03 +0200] "GET /images/nav_divider.gif HTTP/1.1" 200 43 "http://renault.activities.at/css/styles.css" "Mozilla/5.0 (Windows NT 10.0; Win64; x64; rv:88.0) Gecko/20100101 Firefox/88.0"
85.193.135.14 - - [26/Apr/2021:15:34:03 +0200] "GET /loadthumbnail.php?id=11127982 HTTP/1.1" 200 399614 "http://renault.activities.at/account" "Mozilla/5.0 (Windows NT 10.0; Win64; x64; rv:88.0) Gecko/20100101 Firefox/88.0"
91.113.165.162 - - [26/Apr/2021:15:34:19 +0200] "GET /reload?ser=1619444059429 HTTP/1.1" 200 28 "http://renault.activities.at/success" "Mozilla/5.0 (Windows NT 10.0; Win64; x64) AppleWebKit/537.36 (KHTML, like Gecko) Chrome/89.0.4389.128 Safari/537.36"
93.83.241.1 - - [26/Apr/2021:15:34:21 +0200] "GET /reload?ser=1619444061107 HTTP/1.1" 200 28 "http://renault.activities.at/success" "Mozilla/5.0 (Windows NT 10.0; WOW64; Trident/7.0; rv:11.0) like Gecko"
213.182.253.200 - - [26/Apr/2021:15:34:23 +0200] "GET /reload?ser=1619444063457 HTTP/1.1" 200 28 "http://renault.activities.at/result?searchterm=true&search=arkana" "Mozilla/5.0 (Windows NT 10.0; Win64; x64) AppleWebKit/537.36 (KHTML, like Gecko) Chrome/89.0.4389.128 Safari/537.36"
80.123.225.38 - - [26/Apr/2021:15:34:25 +0200] "GET /reload?ser=1619444065781 HTTP/1.1" 200 28 "http://renault.activities.at/success" "Mozilla/5.0 (Windows NT 6.1; WOW64; Trident/7.0; rv:11.0) like Gecko"
80.120.210.179 - - [26/Apr/2021:15:34:30 +0200] "GET /reload?ser=1619444070312 HTTP/1.1" 200 28 "http://renault.activities.at/cart" "Mozilla/5.0 (Windows NT 10.0; Win64; x64) AppleWebKit/537.36 (KHTML, like Gecko) Chrome/90.0.4430.85 Safari/537.36"
85.193.135.14 - - [26/Apr/2021:15:34:38 +0200] "GET /12382611 HTTP/1.1" 200 6163 "http://renault.activities.at/account" "Mozilla/5.0 (Windows NT 10.0; Win64; x64; rv:88.0) Gecko/20100101 Firefox/88.0"
85.193.135.14 - - [26/Apr/2021:15:34:41 +0200] "GET /images/pager_bg.gif HTTP/1.1" 200 150 "http://renault.activities.at/css/styles.css" "Mozilla/5.0 (Windows NT 10.0; Win64; x64; rv:88.0) Gecko/20100101 Firefox/88.0"
85.193.135.14 - - [26/Apr/2021:15:34:41 +0200] "GET /images/icons/lupe.gif HTTP/1.1" 200 324 "http://renault.activities.at/12382611" "Mozilla/5.0 (Windows NT 10.0; Win64; x64; rv:88.0) Gecko/20100101 Firefox/88.0"
85.193.135.14 - - [26/Apr/2021:15:34:41 +0200] "GET /loadthumbnail.php?id=12176983&width=50&height=50 HTTP/1.1" 200 1146 "http://renault.activities.at/12382611" "Mozilla/5.0 (Windows NT 10.0; Win64; x64; rv:88.0) Gecko/20100101 Firefox/88.0"
85.193.135.14 - - [26/Apr/2021:15:34:41 +0200] "GET /loadthumbnail.php?id=12234960&width=50&height=50 HTTP/1.1" 200 1200 "http://renault.activities.at/12382611" "Mozilla/5.0 (Windows NT 10.0; Win64; x64; rv:88.0) Gecko/20100101 Firefox/88.0"
85.193.135.14 - - [26/Apr/2021:15:34:41 +0200] "GET /loadthumbnail.php?id=12334029&width=50&height=50 HTTP/1.1" 200 1295 "http://renault.activities.at/12382611" "Mozilla/5.0 (Windows NT 10.0; Win64; x64; rv:88.0) Gecko/20100101 Firefox/88.0"
85.193.135.14 - - [26/Apr/2021:15:34:41 +0200] "GET /loadthumbnail.php?id=12266125&width=50&height=50 HTTP/1.1" 200 1177 "http://renault.activities.at/12382611" "Mozilla/5.0 (Windows NT 10.0; Win64; x64; rv:88.0) Gecko/20100101 Firefox/88.0"
85.193.135.14 - - [26/Apr/2021:15:34:41 +0200] "GET /loadthumbnail.php?id=11127982 HTTP/1.1" 200 399614 "http://renault.activities.at/12382611" "Mozilla/5.0 (Windows NT 10.0; Win64; x64; rv:88.0) Gecko/20100101 Firefox/88.0"
85.193.135.14 - - [26/Apr/2021:15:34:53 +0200] "GET /orders HTTP/1.1" 200 5781 "http://renault.activities.at/12382611" "Mozilla/5.0 (Windows NT 10.0; Win64; x64; rv:88.0) Gecko/20100101 Firefox/88.0"
85.193.135.14 - - [26/Apr/2021:15:34:55 +0200] "GET /loadthumbnail.php?id=10203276 HTTP/1.1" 200 75 "http://renault.activities.at/orders" "Mozilla/5.0 (Windows NT 10.0; Win64; x64; rv:88.0) Gecko/20100101 Firefox/88.0"
85.193.135.14 - - [26/Apr/2021:15:34:55 +0200] "GET /loadthumbnail.php?id=12234960&width=50&height=50 HTTP/1.1" 200 1200 "http://renault.activities.at/orders" "Mozilla/5.0 (Windows NT 10.0; Win64; x64; rv:88.0) Gecko/20100101 Firefox/88.0"
85.193.135.14 - - [26/Apr/2021:15:34:55 +0200] "GET /loadthumbnail.php?id=12176983&width=50&height=50 HTTP/1.1" 200 1146 "http://renault.activities.at/orders" "Mozilla/5.0 (Windows NT 10.0; Win64; x64; rv:88.0) Gecko/20100101 Firefox/88.0"
85.193.135.14 - - [26/Apr/2021:15:34:55 +0200] "GET /loadthumbnail.php?id=12266125&width=50&height=50 HTTP/1.1" 200 1177 "http://renault.activities.at/orders" "Mozilla/5.0 (Windows NT 10.0; Win64; x64; rv:88.0) Gecko/20100101 Firefox/88.0"
85.193.135.14 - - [26/Apr/2021:15:34:55 +0200] "GET /loadthumbnail.php?id=12334029&width=50&height=50 HTTP/1.1" 200 1295 "http://renault.activities.at/orders" "Mozilla/5.0 (Windows NT 10.0; Win64; x64; rv:88.0) Gecko/20100101 Firefox/88.0"
85.193.135.14 - - [26/Apr/2021:15:34:55 +0200] "GET /loadthumbnail.php?id=11127982 HTTP/1.1" 200 399614 "http://renault.activities.at/orders" "Mozilla/5.0 (Windows NT 10.0; Win64; x64; rv:88.0) Gecko/20100101 Firefox/88.0"
85.193.135.14 - - [26/Apr/2021:15:35:01 +0200] "GET /12326114 HTTP/1.1" 200 6065 "http://renault.activities.at/orders" "Mozilla/5.0 (Windows NT 10.0; Win64; x64; rv:88.0) Gecko/20100101 Firefox/88.0"
85.193.135.14 - - [26/Apr/2021:15:35:03 +0200] "GET /loadthumbnail.php?id=12176983&width=50&height=50 HTTP/1.1" 200 1146 "http://renault.activities.at/12326114" "Mozilla/5.0 (Windows NT 10.0; Win64; x64; rv:88.0) Gecko/20100101 Firefox/88.0"
85.193.135.14 - - [26/Apr/2021:15:35:03 +0200] "GET /loadthumbnail.php?id=12334029&width=50&height=50 HTTP/1.1" 200 1295 "http://renault.activities.at/12326114" "Mozilla/5.0 (Windows NT 10.0; Win64; x64; rv:88.0) Gecko/20100101 Firefox/88.0"
85.193.135.14 - - [26/Apr/2021:15:35:03 +0200] "GET /loadthumbnail.php?id=12266125&width=50&height=50 HTTP/1.1" 200 1177 "http://renault.activities.at/12326114" "Mozilla/5.0 (Windows NT 10.0; Win64; x64; rv:88.0) Gecko/20100101 Firefox/88.0"
85.193.135.14 - - [26/Apr/2021:15:35:03 +0200] "GET /loadthumbnail.php?id=12234960&width=50&height=50 HTTP/1.1" 200 1200 "http://renault.activities.at/12326114" "Mozilla/5.0 (Windows NT 10.0; Win64; x64; rv:88.0) Gecko/20100101 Firefox/88.0"
85.193.135.14 - - [26/Apr/2021:15:35:03 +0200] "GET /loadthumbnail.php?id=11127982 HTTP/1.1" 200 399614 "http://renault.activities.at/12326114" "Mozilla/5.0 (Windows NT 10.0; Win64; x64; rv:88.0) Gecko/20100101 Firefox/88.0"
85.193.135.14 - - [26/Apr/2021:15:35:09 +0200] "GET /orders HTTP/1.1" 200 5781 "http://renault.activities.at/12326114" "Mozilla/5.0 (Windows NT 10.0; Win64; x64; rv:88.0) Gecko/20100101 Firefox/88.0"
85.193.135.14 - - [26/Apr/2021:15:35:10 +0200] "GET /loadthumbnail.php?id=12334029&width=50&height=50 HTTP/1.1" 200 1295 "http://renault.activities.at/orders" "Mozilla/5.0 (Windows NT 10.0; Win64; x64; rv:88.0) Gecko/20100101 Firefox/88.0"
85.193.135.14 - - [26/Apr/2021:15:35:10 +0200] "GET /loadthumbnail.php?id=10203276 HTTP/1.1" 200 75 "http://renault.activities.at/orders" "Mozilla/5.0 (Windows NT 10.0; Win64; x64; rv:88.0) Gecko/20100101 Firefox/88.0"
85.193.135.14 - - [26/Apr/2021:15:35:10 +0200] "GET /loadthumbnail.php?id=12234960&width=50&height=50 HTTP/1.1" 200 1200 "http://renault.activities.at/orders" "Mozilla/5.0 (Windows NT 10.0; Win64; x64; rv:88.0) Gecko/20100101 Firefox/88.0"
85.193.135.14 - - [26/Apr/2021:15:35:10 +0200] "GET /loadthumbnail.php?id=12176983&width=50&height=50 HTTP/1.1" 200 1146 "http://renault.activities.at/orders" "Mozilla/5.0 (Windows NT 10.0; Win64; x64; rv:88.0) Gecko/20100101 Firefox/88.0"
85.193.135.14 - - [26/Apr/2021:15:35:10 +0200] "GET /loadthumbnail.php?id=12266125&width=50&height=50 HTTP/1.1" 200 1177 "http://renault.activities.at/orders" "Mozilla/5.0 (Windows NT 10.0; Win64; x64; rv:88.0) Gecko/20100101 Firefox/88.0"
85.193.135.14 - - [26/Apr/2021:15:35:10 +0200] "GET /loadthumbnail.php?id=11127982 HTTP/1.1" 200 399614 "http://renault.activities.at/orders" "Mozilla/5.0 (Windows NT 10.0; Win64; x64; rv:88.0) Gecko/20100101 Firefox/88.0"
85.193.135.14 - - [26/Apr/2021:15:35:18 +0200] "GET /12382611 HTTP/1.1" 200 6161 "http://renault.activities.at/orders" "Mozilla/5.0 (Windows NT 10.0; Win64; x64; rv:88.0) Gecko/20100101 Firefox/88.0"
85.193.135.14 - - [26/Apr/2021:15:35:20 +0200] "GET /loadthumbnail.php?id=12234960&width=50&height=50 HTTP/1.1" 200 1200 "http://renault.activities.at/12382611" "Mozilla/5.0 (Windows NT 10.0; Win64; x64; rv:88.0) Gecko/20100101 Firefox/88.0"
85.193.135.14 - - [26/Apr/2021:15:35:20 +0200] "GET /loadthumbnail.php?id=12266125&width=50&height=50 HTTP/1.1" 200 1177 "http://renault.activities.at/12382611" "Mozilla/5.0 (Windows NT 10.0; Win64; x64; rv:88.0) Gecko/20100101 Firefox/88.0"
85.193.135.14 - - [26/Apr/2021:15:35:20 +0200] "GET /loadthumbnail.php?id=12334029&width=50&height=50 HTTP/1.1" 200 1295 "http://renault.activities.at/12382611" "Mozilla/5.0 (Windows NT 10.0; Win64; x64; rv:88.0) Gecko/20100101 Firefox/88.0"
85.193.135.14 - - [26/Apr/2021:15:35:20 +0200] "GET /loadthumbnail.php?id=12176983&width=50&height=50 HTTP/1.1" 200 1146 "http://renault.activities.at/12382611" "Mozilla/5.0 (Windows NT 10.0; Win64; x64; rv:88.0) Gecko/20100101 Firefox/88.0"
91.113.165.162 - - [26/Apr/2021:15:35:20 +0200] "GET /reload?ser=1619444120421 HTTP/1.1" 200 28 "http://renault.activities.at/success" "Mozilla/5.0 (Windows NT 10.0; Win64; x64) AppleWebKit/537.36 (KHTML, like Gecko) Chrome/89.0.4389.128 Safari/537.36"
85.193.135.14 - - [26/Apr/2021:15:35:20 +0200] "GET /loadthumbnail.php?id=11127982 HTTP/1.1" 200 399614 "http://renault.activities.at/12382611" "Mozilla/5.0 (Windows NT 10.0; Win64; x64; rv:88.0) Gecko/20100101 Firefox/88.0"
93.83.241.1 - - [26/Apr/2021:15:35:22 +0200] "GET /reload?ser=1619444122131 HTTP/1.1" 200 28 "http://renault.activities.at/success" "Mozilla/5.0 (Windows NT 10.0; WOW64; Trident/7.0; rv:11.0) like Gecko"
213.182.253.200 - - [26/Apr/2021:15:35:24 +0200] "GET /reload?ser=1619444124452 HTTP/1.1" 200 28 "http://renault.activities.at/result?searchterm=true&search=arkana" "Mozilla/5.0 (Windows NT 10.0; Win64; x64) AppleWebKit/537.36 (KHTML, like Gecko) Chrome/89.0.4389.128 Safari/537.36"
80.123.225.38 - - [26/Apr/2021:15:35:26 +0200] "GET /reload?ser=1619444126776 HTTP/1.1" 200 28 "http://renault.activities.at/success" "Mozilla/5.0 (Windows NT 6.1; WOW64; Trident/7.0; rv:11.0) like Gecko"
80.120.210.179 - - [26/Apr/2021:15:35:31 +0200] "GET /reload?ser=1619444131303 HTTP/1.1" 200 28 "http://renault.activities.at/cart" "Mozilla/5.0 (Windows NT 10.0; Win64; x64) AppleWebKit/537.36 (KHTML, like Gecko) Chrome/90.0.4430.85 Safari/537.36"
85.193.135.14 - - [26/Apr/2021:15:35:31 +0200] "POST /axjaxrequest?mode=suggest HTTP/1.1" 200 21 "http://renault.activities.at/12382611" "Mozilla/5.0 (Windows NT 10.0; Win64; x64; rv:88.0) Gecko/20100101 Firefox/88.0"
85.193.135.14 - - [26/Apr/2021:15:35:32 +0200] "GET /result?searchterm=true&search=Renault+Mappe HTTP/1.1" 200 6829 "http://renault.activities.at/12382611" "Mozilla/5.0 (Windows NT 10.0; Win64; x64; rv:88.0) Gecko/20100101 Firefox/88.0"
85.193.135.14 - - [26/Apr/2021:15:35:35 +0200] "GET /js/prototip.js HTTP/1.1" 304 - "http://renault.activities.at/result?searchterm=true&search=Renault+Mappe" "Mozilla/5.0 (Windows NT 10.0; Win64; x64; rv:88.0) Gecko/20100101 Firefox/88.0"
85.193.135.14 - - [26/Apr/2021:15:35:35 +0200] "GET /images/loading.gif HTTP/1.1" 200 3208 "http://renault.activities.at/result?searchterm=true&search=Renault+Mappe" "Mozilla/5.0 (Windows NT 10.0; Win64; x64; rv:88.0) Gecko/20100101 Firefox/88.0"
85.193.135.14 - - [26/Apr/2021:15:35:35 +0200] "GET /images/vista-up.gif HTTP/1.1" 200 131 "http://renault.activities.at/css/styles.css" "Mozilla/5.0 (Windows NT 10.0; Win64; x64; rv:88.0) Gecko/20100101 Firefox/88.0"
85.193.135.14 - - [26/Apr/2021:15:35:35 +0200] "GET /loadthumbnail.php?id=10203255 HTTP/1.1" 200 137 "http://renault.activities.at/result?searchterm=true&search=Renault+Mappe" "Mozilla/5.0 (Windows NT 10.0; Win64; x64; rv:88.0) Gecko/20100101 Firefox/88.0"
85.193.135.14 - - [26/Apr/2021:15:35:35 +0200] "GET /images/vista-dn.gif HTTP/1.1" 200 128 "http://renault.activities.at/css/styles.css" "Mozilla/5.0 (Windows NT 10.0; Win64; x64; rv:88.0) Gecko/20100101 Firefox/88.0"
85.193.135.14 - - [26/Apr/2021:15:35:35 +0200] "GET /loadthumbnail.php?id=11017812&width=113 HTTP/1.1" 200 2559 "http://renault.activities.at/result?searchterm=true&search=Renault+Mappe" "Mozilla/5.0 (Windows NT 10.0; Win64; x64; rv:88.0) Gecko/20100101 Firefox/88.0"
85.193.135.14 - - [26/Apr/2021:15:35:35 +0200] "GET /loadthumbnail.php?id=11108158&width=113 HTTP/1.1" 200 1545 "http://renault.activities.at/result?searchterm=true&search=Renault+Mappe" "Mozilla/5.0 (Windows NT 10.0; Win64; x64; rv:88.0) Gecko/20100101 Firefox/88.0"
85.193.135.14 - - [26/Apr/2021:15:35:35 +0200] "GET /loadthumbnail.php?id=11423689&width=113 HTTP/1.1" 200 1359 "http://renault.activities.at/result?searchterm=true&search=Renault+Mappe" "Mozilla/5.0 (Windows NT 10.0; Win64; x64; rv:88.0) Gecko/20100101 Firefox/88.0"
85.193.135.14 - - [26/Apr/2021:15:35:35 +0200] "GET /loadthumbnail.php?id=11075492&width=113 HTTP/1.1" 200 2349 "http://renault.activities.at/result?searchterm=true&search=Renault+Mappe" "Mozilla/5.0 (Windows NT 10.0; Win64; x64; rv:88.0) Gecko/20100101 Firefox/88.0"
85.193.135.14 - - [26/Apr/2021:15:35:35 +0200] "GET /loadthumbnail.php?id=11423838&width=113 HTTP/1.1" 200 2865 "http://renault.activities.at/result?searchterm=true&search=Renault+Mappe" "Mozilla/5.0 (Windows NT 10.0; Win64; x64; rv:88.0) Gecko/20100101 Firefox/88.0"
85.193.135.14 - - [26/Apr/2021:15:35:35 +0200] "GET /loadthumbnail.php?id=12234960&width=50&height=50 HTTP/1.1" 200 1200 "http://renault.activities.at/result?searchterm=true&search=Renault+Mappe" "Mozilla/5.0 (Windows NT 10.0; Win64; x64; rv:88.0) Gecko/20100101 Firefox/88.0"
85.193.135.14 - - [26/Apr/2021:15:35:35 +0200] "GET /loadthumbnail.php?id=12266125&width=50&height=50 HTTP/1.1" 200 1177 "http://renault.activities.at/result?searchterm=true&search=Renault+Mappe" "Mozilla/5.0 (Windows NT 10.0; Win64; x64; rv:88.0) Gecko/20100101 Firefox/88.0"
85.193.135.14 - - [26/Apr/2021:15:35:35 +0200] "GET /loadthumbnail.php?id=12334029&width=50&height=50 HTTP/1.1" 200 1295 "http://renault.activities.at/result?searchterm=true&search=Renault+Mappe" "Mozilla/5.0 (Windows NT 10.0; Win64; x64; rv:88.0) Gecko/20100101 Firefox/88.0"
85.193.135.14 - - [26/Apr/2021:15:35:32 +0200] "POST /axjaxrequest?mode=suggest HTTP/1.1" 200 21 "http://renault.activities.at/12382611" "Mozilla/5.0 (Windows NT 10.0; Win64; x64; rv:88.0) Gecko/20100101 Firefox/88.0"
85.193.135.14 - - [26/Apr/2021:15:35:36 +0200] "GET /loadthumbnail.php?id=12176983&width=50&height=50 HTTP/1.1" 200 1146 "http://renault.activities.at/result?searchterm=true&search=Renault+Mappe" "Mozilla/5.0 (Windows NT 10.0; Win64; x64; rv:88.0) Gecko/20100101 Firefox/88.0"
85.193.135.14 - - [26/Apr/2021:15:35:35 +0200] "GET /loadthumbnail.php?id=11127982 HTTP/1.1" 200 399614 "http://renault.activities.at/result?searchterm=true&search=Renault+Mappe" "Mozilla/5.0 (Windows NT 10.0; Win64; x64; rv:88.0) Gecko/20100101 Firefox/88.0"
85.193.135.14 - - [26/Apr/2021:15:35:43 +0200] "GET /images/vista-up-hover.gif HTTP/1.1" 200 130 "http://renault.activities.at/css/styles.css" "Mozilla/5.0 (Windows NT 10.0; Win64; x64; rv:88.0) Gecko/20100101 Firefox/88.0"
85.193.135.14 - - [26/Apr/2021:15:35:59 +0200] "GET /images/vista-dn-hover.gif HTTP/1.1" 200 127 "http://renault.activities.at/css/styles.css" "Mozilla/5.0 (Windows NT 10.0; Win64; x64; rv:88.0) Gecko/20100101 Firefox/88.0"
85.193.135.14 - - [26/Apr/2021:15:36:13 +0200] "POST /result?searchterm=true&search=Renault+Mappe HTTP/1.1" 200 6929 "http://renault.activities.at/result?searchterm=true&search=Renault+Mappe" "Mozilla/5.0 (Windows NT 10.0; Win64; x64; rv:88.0) Gecko/20100101 Firefox/88.0"
85.193.135.14 - - [26/Apr/2021:15:36:16 +0200] "GET /images/success_msg_icon.gif HTTP/1.1" 200 1024 "http://renault.activities.at/css/styles.css" "Mozilla/5.0 (Windows NT 10.0; Win64; x64; rv:88.0) Gecko/20100101 Firefox/88.0"
85.193.135.14 - - [26/Apr/2021:15:36:16 +0200] "GET /loadthumbnail.php?id=12176983&width=50&height=50 HTTP/1.1" 200 1146 "http://renault.activities.at/result?searchterm=true&search=Renault+Mappe" "Mozilla/5.0 (Windows NT 10.0; Win64; x64; rv:88.0) Gecko/20100101 Firefox/88.0"
85.193.135.14 - - [26/Apr/2021:15:36:16 +0200] "GET /loadthumbnail.php?id=12334029&width=50&height=50 HTTP/1.1" 200 1295 "http://renault.activities.at/result?searchterm=true&search=Renault+Mappe" "Mozilla/5.0 (Windows NT 10.0; Win64; x64; rv:88.0) Gecko/20100101 Firefox/88.0"
85.193.135.14 - - [26/Apr/2021:15:36:16 +0200] "GET /loadthumbnail.php?id=12234960&width=50&height=50 HTTP/1.1" 200 1200 "http://renault.activities.at/result?searchterm=true&search=Renault+Mappe" "Mozilla/5.0 (Windows NT 10.0; Win64; x64; rv:88.0) Gecko/20100101 Firefox/88.0"
85.193.135.14 - - [26/Apr/2021:15:36:16 +0200] "GET /loadthumbnail.php?id=12266125&width=50&height=50 HTTP/1.1" 200 1177 "http://renault.activities.at/result?searchterm=true&search=Renault+Mappe" "Mozilla/5.0 (Windows NT 10.0; Win64; x64; rv:88.0) Gecko/20100101 Firefox/88.0"
85.193.135.14 - - [26/Apr/2021:15:36:16 +0200] "GET /loadthumbnail.php?id=10203255 HTTP/1.1" 200 137 "http://renault.activities.at/result?searchterm=true&search=Renault+Mappe" "Mozilla/5.0 (Windows NT 10.0; Win64; x64; rv:88.0) Gecko/20100101 Firefox/88.0"
85.193.135.14 - - [26/Apr/2021:15:36:16 +0200] "GET /loadthumbnail.php?id=11075492&width=113 HTTP/1.1" 200 2349 "http://renault.activities.at/result?searchterm=true&search=Renault+Mappe" "Mozilla/5.0 (Windows NT 10.0; Win64; x64; rv:88.0) Gecko/20100101 Firefox/88.0"
85.193.135.14 - - [26/Apr/2021:15:36:16 +0200] "GET /loadthumbnail.php?id=11017812&width=113 HTTP/1.1" 200 2559 "http://renault.activities.at/result?searchterm=true&search=Renault+Mappe" "Mozilla/5.0 (Windows NT 10.0; Win64; x64; rv:88.0) Gecko/20100101 Firefox/88.0"
85.193.135.14 - - [26/Apr/2021:15:36:16 +0200] "GET /loadthumbnail.php?id=11423689&width=113 HTTP/1.1" 200 1359 "http://renault.activities.at/result?searchterm=true&search=Renault+Mappe" "Mozilla/5.0 (Windows NT 10.0; Win64; x64; rv:88.0) Gecko/20100101 Firefox/88.0"
85.193.135.14 - - [26/Apr/2021:15:36:17 +0200] "GET /loadthumbnail.php?id=11108158&width=113 HTTP/1.1" 200 1545 "http://renault.activities.at/result?searchterm=true&search=Renault+Mappe" "Mozilla/5.0 (Windows NT 10.0; Win64; x64; rv:88.0) Gecko/20100101 Firefox/88.0"
85.193.135.14 - - [26/Apr/2021:15:36:17 +0200] "GET /loadthumbnail.php?id=11423838&width=113 HTTP/1.1" 200 2865 "http://renault.activities.at/result?searchterm=true&search=Renault+Mappe" "Mozilla/5.0 (Windows NT 10.0; Win64; x64; rv:88.0) Gecko/20100101 Firefox/88.0"
85.193.135.14 - - [26/Apr/2021:15:36:16 +0200] "GET /loadthumbnail.php?id=11127982 HTTP/1.1" 200 399614 "http://renault.activities.at/result?searchterm=true&search=Renault+Mappe" "Mozilla/5.0 (Windows NT 10.0; Win64; x64; rv:88.0) Gecko/20100101 Firefox/88.0"
91.113.165.162 - - [26/Apr/2021:15:36:21 +0200] "GET /reload?ser=1619444181420 HTTP/1.1" 200 28 "http://renault.activities.at/success" "Mozilla/5.0 (Windows NT 10.0; Win64; x64) AppleWebKit/537.36 (KHTML, like Gecko) Chrome/89.0.4389.128 Safari/537.36"
93.83.241.1 - - [26/Apr/2021:15:36:23 +0200] "GET /reload?ser=1619444183111 HTTP/1.1" 200 28 "http://renault.activities.at/success" "Mozilla/5.0 (Windows NT 10.0; WOW64; Trident/7.0; rv:11.0) like Gecko"
213.182.253.200 - - [26/Apr/2021:15:36:25 +0200] "GET /reload?ser=1619444185453 HTTP/1.1" 200 28 "http://renault.activities.at/result?searchterm=true&search=arkana" "Mozilla/5.0 (Windows NT 10.0; Win64; x64) AppleWebKit/537.36 (KHTML, like Gecko) Chrome/89.0.4389.128 Safari/537.36"
80.123.225.38 - - [26/Apr/2021:15:36:27 +0200] "GET /reload?ser=1619444187773 HTTP/1.1" 200 28 "http://renault.activities.at/success" "Mozilla/5.0 (Windows NT 6.1; WOW64; Trident/7.0; rv:11.0) like Gecko"
80.120.210.179 - - [26/Apr/2021:15:36:32 +0200] "GET /reload?ser=1619444192310 HTTP/1.1" 200 28 "http://renault.activities.at/cart" "Mozilla/5.0 (Windows NT 10.0; Win64; x64) AppleWebKit/537.36 (KHTML, like Gecko) Chrome/90.0.4430.85 Safari/537.36"
85.193.135.14 - - [26/Apr/2021:15:36:41 +0200] "POST /axjaxrequest?mode=suggest HTTP/1.1" 200 21 "http://renault.activities.at/result?searchterm=true&search=Renault+Mappe" "Mozilla/5.0 (Windows NT 10.0; Win64; x64; rv:88.0) Gecko/20100101 Firefox/88.0"
85.193.135.14 - - [26/Apr/2021:15:36:43 +0200] "POST /axjaxrequest?mode=suggest HTTP/1.1" 200 21 "http://renault.activities.at/result?searchterm=true&search=Renault+Mappe" "Mozilla/5.0 (Windows NT 10.0; Win64; x64; rv:88.0) Gecko/20100101 Firefox/88.0"
85.193.135.14 - - [26/Apr/2021:15:36:43 +0200] "GET /result?searchterm=true&search=Dacia+Mappe HTTP/1.1" 200 6517 "http://renault.activities.at/result?searchterm=true&search=Renault+Mappe" "Mozilla/5.0 (Windows NT 10.0; Win64; x64; rv:88.0) Gecko/20100101 Firefox/88.0"
85.193.135.14 - - [26/Apr/2021:15:36:46 +0200] "GET /loadthumbnail.php?id=12234960&width=50&height=50 HTTP/1.1" 200 1200 "http://renault.activities.at/result?searchterm=true&search=Dacia+Mappe" "Mozilla/5.0 (Windows NT 10.0; Win64; x64; rv:88.0) Gecko/20100101 Firefox/88.0"
85.193.135.14 - - [26/Apr/2021:15:36:46 +0200] "GET /loadthumbnail.php?id=12176983&width=50&height=50 HTTP/1.1" 200 1146 "http://renault.activities.at/result?searchterm=true&search=Dacia+Mappe" "Mozilla/5.0 (Windows NT 10.0; Win64; x64; rv:88.0) Gecko/20100101 Firefox/88.0"
85.193.135.14 - - [26/Apr/2021:15:36:46 +0200] "GET /loadthumbnail.php?id=11423690&width=113 HTTP/1.1" 200 1470 "http://renault.activities.at/result?searchterm=true&search=Dacia+Mappe" "Mozilla/5.0 (Windows NT 10.0; Win64; x64; rv:88.0) Gecko/20100101 Firefox/88.0"
85.193.135.14 - - [26/Apr/2021:15:36:46 +0200] "GET /loadthumbnail.php?id=12388135&width=113 HTTP/1.1" 200 1381 "http://renault.activities.at/result?searchterm=true&search=Dacia+Mappe" "Mozilla/5.0 (Windows NT 10.0; Win64; x64; rv:88.0) Gecko/20100101 Firefox/88.0"
85.193.135.14 - - [26/Apr/2021:15:36:46 +0200] "GET /loadthumbnail.php?id=11721290&width=113 HTTP/1.1" 200 1179 "http://renault.activities.at/result?searchterm=true&search=Dacia+Mappe" "Mozilla/5.0 (Windows NT 10.0; Win64; x64; rv:88.0) Gecko/20100101 Firefox/88.0"
85.193.135.14 - - [26/Apr/2021:15:36:46 +0200] "GET /loadthumbnail.php?id=12266125&width=50&height=50 HTTP/1.1" 200 1177 "http://renault.activities.at/result?searchterm=true&search=Dacia+Mappe" "Mozilla/5.0 (Windows NT 10.0; Win64; x64; rv:88.0) Gecko/20100101 Firefox/88.0"
85.193.135.14 - - [26/Apr/2021:15:36:46 +0200] "GET /loadthumbnail.php?id=10203255 HTTP/1.1" 200 137 "http://renault.activities.at/result?searchterm=true&search=Dacia+Mappe" "Mozilla/5.0 (Windows NT 10.0; Win64; x64; rv:88.0) Gecko/20100101 Firefox/88.0"
85.193.135.14 - - [26/Apr/2021:15:36:46 +0200] "GET /loadthumbnail.php?id=12334029&width=50&height=50 HTTP/1.1" 200 1295 "http://renault.activities.at/result?searchterm=true&search=Dacia+Mappe" "Mozilla/5.0 (Windows NT 10.0; Win64; x64; rv:88.0) Gecko/20100101 Firefox/88.0"
85.193.135.14 - - [26/Apr/2021:15:36:46 +0200] "GET /loadthumbnail.php?id=11127982 HTTP/1.1" 200 399614 "http://renault.activities.at/result?searchterm=true&search=Dacia+Mappe" "Mozilla/5.0 (Windows NT 10.0; Win64; x64; rv:88.0) Gecko/20100101 Firefox/88.0"
85.193.135.14 - - [26/Apr/2021:15:37:01 +0200] "POST /result?searchterm=true&search=Dacia+Mappe HTTP/1.1" 200 6616 "http://renault.activities.at/result?searchterm=true&search=Dacia+Mappe" "Mozilla/5.0 (Windows NT 10.0; Win64; x64; rv:88.0) Gecko/20100101 Firefox/88.0"
85.193.135.14 - - [26/Apr/2021:15:37:04 +0200] "GET /loadthumbnail.php?id=12176983&width=50&height=50 HTTP/1.1" 200 1146 "http://renault.activities.at/result?searchterm=true&search=Dacia+Mappe" "Mozilla/5.0 (Windows NT 10.0; Win64; x64; rv:88.0) Gecko/20100101 Firefox/88.0"
85.193.135.14 - - [26/Apr/2021:15:37:04 +0200] "GET /loadthumbnail.php?id=12266125&width=50&height=50 HTTP/1.1" 200 1177 "http://renault.activities.at/result?searchterm=true&search=Dacia+Mappe" "Mozilla/5.0 (Windows NT 10.0; Win64; x64; rv:88.0) Gecko/20100101 Firefox/88.0"
85.193.135.14 - - [26/Apr/2021:15:37:04 +0200] "GET /loadthumbnail.php?id=12334029&width=50&height=50 HTTP/1.1" 200 1295 "http://renault.activities.at/result?searchterm=true&search=Dacia+Mappe" "Mozilla/5.0 (Windows NT 10.0; Win64; x64; rv:88.0) Gecko/20100101 Firefox/88.0"
85.193.135.14 - - [26/Apr/2021:15:37:04 +0200] "GET /loadthumbnail.php?id=12234960&width=50&height=50 HTTP/1.1" 200 1200 "http://renault.activities.at/result?searchterm=true&search=Dacia+Mappe" "Mozilla/5.0 (Windows NT 10.0; Win64; x64; rv:88.0) Gecko/20100101 Firefox/88.0"
85.193.135.14 - - [26/Apr/2021:15:37:04 +0200] "GET /loadthumbnail.php?id=10203255 HTTP/1.1" 200 137 "http://renault.activities.at/result?searchterm=true&search=Dacia+Mappe" "Mozilla/5.0 (Windows NT 10.0; Win64; x64; rv:88.0) Gecko/20100101 Firefox/88.0"
85.193.135.14 - - [26/Apr/2021:15:37:04 +0200] "GET /loadthumbnail.php?id=11721290&width=113 HTTP/1.1" 200 1179 "http://renault.activities.at/result?searchterm=true&search=Dacia+Mappe" "Mozilla/5.0 (Windows NT 10.0; Win64; x64; rv:88.0) Gecko/20100101 Firefox/88.0"
85.193.135.14 - - [26/Apr/2021:15:37:04 +0200] "GET /loadthumbnail.php?id=11423690&width=113 HTTP/1.1" 200 1470 "http://renault.activities.at/result?searchterm=true&search=Dacia+Mappe" "Mozilla/5.0 (Windows NT 10.0; Win64; x64; rv:88.0) Gecko/20100101 Firefox/88.0"
85.193.135.14 - - [26/Apr/2021:15:37:04 +0200] "GET /loadthumbnail.php?id=12388135&width=113 HTTP/1.1" 200 1381 "http://renault.activities.at/result?searchterm=true&search=Dacia+Mappe" "Mozilla/5.0 (Windows NT 10.0; Win64; x64; rv:88.0) Gecko/20100101 Firefox/88.0"
85.193.135.14 - - [26/Apr/2021:15:37:04 +0200] "GET /loadthumbnail.php?id=11127982 HTTP/1.1" 200 399614 "http://renault.activities.at/result?searchterm=true&search=Dacia+Mappe" "Mozilla/5.0 (Windows NT 10.0; Win64; x64; rv:88.0) Gecko/20100101 Firefox/88.0"
85.193.135.14 - - [26/Apr/2021:15:37:10 +0200] "POST /axjaxrequest?mode=suggest HTTP/1.1" 200 134 "http://renault.activities.at/result?searchterm=true&search=Dacia+Mappe" "Mozilla/5.0 (Windows NT 10.0; Win64; x64; rv:88.0) Gecko/20100101 Firefox/88.0"
85.193.135.14 - - [26/Apr/2021:15:37:11 +0200] "GET /result?searchterm=true&search=Sandero HTTP/1.1" 200 8712 "http://renault.activities.at/result?searchterm=true&search=Dacia+Mappe" "Mozilla/5.0 (Windows NT 10.0; Win64; x64; rv:88.0) Gecko/20100101 Firefox/88.0"
85.193.135.14 - - [26/Apr/2021:15:37:15 +0200] "GET /loadthumbnail.php?id=12329380&width=113 HTTP/1.1" 200 6136 "http://renault.activities.at/result?searchterm=true&search=Sandero" "Mozilla/5.0 (Windows NT 10.0; Win64; x64; rv:88.0) Gecko/20100101 Firefox/88.0"
85.193.135.14 - - [26/Apr/2021:15:37:15 +0200] "GET /loadthumbnail.php?id=12385971&width=113 HTTP/1.1" 200 3358 "http://renault.activities.at/result?searchterm=true&search=Sandero" "Mozilla/5.0 (Windows NT 10.0; Win64; x64; rv:88.0) Gecko/20100101 Firefox/88.0"
85.193.135.14 - - [26/Apr/2021:15:37:15 +0200] "GET /loadthumbnail.php?id=12333878&width=113 HTTP/1.1" 200 1913 "http://renault.activities.at/result?searchterm=true&search=Sandero" "Mozilla/5.0 (Windows NT 10.0; Win64; x64; rv:88.0) Gecko/20100101 Firefox/88.0"
85.193.135.14 - - [26/Apr/2021:15:37:15 +0200] "GET /loadthumbnail.php?id=12333874&width=113 HTTP/1.1" 200 1957 "http://renault.activities.at/result?searchterm=true&search=Sandero" "Mozilla/5.0 (Windows NT 10.0; Win64; x64; rv:88.0) Gecko/20100101 Firefox/88.0"
85.193.135.14 - - [26/Apr/2021:15:37:15 +0200] "GET /loadthumbnail.php?id=12358272&width=113 HTTP/1.1" 200 2569 "http://renault.activities.at/result?searchterm=true&search=Sandero" "Mozilla/5.0 (Windows NT 10.0; Win64; x64; rv:88.0) Gecko/20100101 Firefox/88.0"
85.193.135.14 - - [26/Apr/2021:15:37:15 +0200] "GET /loadthumbnail.php?id=12358273&width=113 HTTP/1.1" 200 2569 "http://renault.activities.at/result?searchterm=true&search=Sandero" "Mozilla/5.0 (Windows NT 10.0; Win64; x64; rv:88.0) Gecko/20100101 Firefox/88.0"
85.193.135.14 - - [26/Apr/2021:15:37:15 +0200] "GET /loadthumbnail.php?id=12358955&width=113 HTTP/1.1" 200 2055 "http://renault.activities.at/result?searchterm=true&search=Sandero" "Mozilla/5.0 (Windows NT 10.0; Win64; x64; rv:88.0) Gecko/20100101 Firefox/88.0"
