80.120.210.179 - - [26/Apr/2021:13:57:47 +0200] "GET /reload?ser=1619438267300 HTTP/1.1" 200 28 "http://renault.activities.at/cart" "Mozilla/5.0 (Windows NT 10.0; Win64; x64) AppleWebKit/537.36 (KHTML, like Gecko) Chrome/90.0.4430.85 Safari/537.36"
80.123.225.38 - - [26/Apr/2021:13:57:52 +0200] "GET /reload?ser=1619438272158 HTTP/1.1" 200 28 "http://renault.activities.at/success" "Mozilla/5.0 (Windows NT 6.1; WOW64; Trident/7.0; rv:11.0) like Gecko"
91.113.165.162 - - [26/Apr/2021:13:58:38 +0200] "GET /reload?ser=1619438318365 HTTP/1.1" 200 28 "http://renault.activities.at/success" "Mozilla/5.0 (Windows NT 10.0; Win64; x64) AppleWebKit/537.36 (KHTML, like Gecko) Chrome/89.0.4389.128 Safari/537.36"
83.175.83.150 - - [26/Apr/2021:13:58:42 +0200] "GET /reload?ser=1619438322520 HTTP/1.1" 200 28 "http://renault.activities.at/success" "Mozilla/5.0 (Windows NT 10.0; Win64; x64) AppleWebKit/537.36 (KHTML, like Gecko) Chrome/90.0.4430.85 Safari/537.36"
80.120.210.179 - - [26/Apr/2021:13:58:48 +0200] "GET /reload?ser=1619438328307 HTTP/1.1" 200 28 "http://renault.activities.at/cart" "Mozilla/5.0 (Windows NT 10.0; Win64; x64) AppleWebKit/537.36 (KHTML, like Gecko) Chrome/90.0.4430.85 Safari/537.36"
80.123.225.38 - - [26/Apr/2021:13:58:53 +0200] "GET /reload?ser=1619438333148 HTTP/1.1" 200 28 "http://renault.activities.at/success" "Mozilla/5.0 (Windows NT 6.1; WOW64; Trident/7.0; rv:11.0) like Gecko"
91.113.165.162 - - [26/Apr/2021:13:59:39 +0200] "GET /reload?ser=1619438379375 HTTP/1.1" 200 28 "http://renault.activities.at/success" "Mozilla/5.0 (Windows NT 10.0; Win64; x64) AppleWebKit/537.36 (KHTML, like Gecko) Chrome/89.0.4389.128 Safari/537.36"
83.175.83.150 - - [26/Apr/2021:13:59:43 +0200] "GET /reload?ser=1619438383520 HTTP/1.1" 200 28 "http://renault.activities.at/success" "Mozilla/5.0 (Windows NT 10.0; Win64; x64) AppleWebKit/537.36 (KHTML, like Gecko) Chrome/90.0.4430.85 Safari/537.36"
80.120.210.179 - - [26/Apr/2021:13:59:49 +0200] "GET /reload?ser=1619438389307 HTTP/1.1" 200 28 "http://renault.activities.at/cart" "Mozilla/5.0 (Windows NT 10.0; Win64; x64) AppleWebKit/537.36 (KHTML, like Gecko) Chrome/90.0.4430.85 Safari/537.36"
80.123.225.38 - - [26/Apr/2021:13:59:54 +0200] "GET /reload?ser=1619438394133 HTTP/1.1" 200 28 "http://renault.activities.at/success" "Mozilla/5.0 (Windows NT 6.1; WOW64; Trident/7.0; rv:11.0) like Gecko"
91.113.165.162 - - [26/Apr/2021:14:00:41 +0200] "GET /reload?ser=1619438441385 HTTP/1.1" 200 28 "http://renault.activities.at/success" "Mozilla/5.0 (Windows NT 10.0; Win64; x64) AppleWebKit/537.36 (KHTML, like Gecko) Chrome/89.0.4389.128 Safari/537.36"
83.175.83.150 - - [26/Apr/2021:14:00:45 +0200] "GET /reload?ser=1619438445521 HTTP/1.1" 200 28 "http://renault.activities.at/success" "Mozilla/5.0 (Windows NT 10.0; Win64; x64) AppleWebKit/537.36 (KHTML, like Gecko) Chrome/90.0.4430.85 Safari/537.36"
80.120.210.179 - - [26/Apr/2021:14:00:50 +0200] "GET /reload?ser=1619438450307 HTTP/1.1" 200 28 "http://renault.activities.at/cart" "Mozilla/5.0 (Windows NT 10.0; Win64; x64) AppleWebKit/537.36 (KHTML, like Gecko) Chrome/90.0.4430.85 Safari/537.36"
80.123.225.38 - - [26/Apr/2021:14:00:55 +0200] "GET /reload?ser=1619438455135 HTTP/1.1" 200 28 "http://renault.activities.at/success" "Mozilla/5.0 (Windows NT 6.1; WOW64; Trident/7.0; rv:11.0) like Gecko"
91.113.165.162 - - [26/Apr/2021:14:01:42 +0200] "GET /reload?ser=1619438502368 HTTP/1.1" 200 28 "http://renault.activities.at/success" "Mozilla/5.0 (Windows NT 10.0; Win64; x64) AppleWebKit/537.36 (KHTML, like Gecko) Chrome/89.0.4389.128 Safari/537.36"
83.175.83.150 - - [26/Apr/2021:14:01:46 +0200] "GET /reload?ser=1619438506530 HTTP/1.1" 200 28 "http://renault.activities.at/success" "Mozilla/5.0 (Windows NT 10.0; Win64; x64) AppleWebKit/537.36 (KHTML, like Gecko) Chrome/90.0.4430.85 Safari/537.36"
80.120.210.179 - - [26/Apr/2021:14:01:51 +0200] "GET /reload?ser=1619438511303 HTTP/1.1" 200 28 "http://renault.activities.at/cart" "Mozilla/5.0 (Windows NT 10.0; Win64; x64) AppleWebKit/537.36 (KHTML, like Gecko) Chrome/90.0.4430.85 Safari/537.36"
80.123.225.38 - - [26/Apr/2021:14:01:56 +0200] "GET /reload?ser=1619438516091 HTTP/1.1" 200 28 "http://renault.activities.at/success" "Mozilla/5.0 (Windows NT 6.1; WOW64; Trident/7.0; rv:11.0) like Gecko"
91.113.165.162 - - [26/Apr/2021:14:02:43 +0200] "GET /reload?ser=1619438563369 HTTP/1.1" 200 28 "http://renault.activities.at/success" "Mozilla/5.0 (Windows NT 10.0; Win64; x64) AppleWebKit/537.36 (KHTML, like Gecko) Chrome/89.0.4389.128 Safari/537.36"
83.175.83.150 - - [26/Apr/2021:14:02:47 +0200] "GET /reload?ser=1619438567530 HTTP/1.1" 200 28 "http://renault.activities.at/success" "Mozilla/5.0 (Windows NT 10.0; Win64; x64) AppleWebKit/537.36 (KHTML, like Gecko) Chrome/90.0.4430.85 Safari/537.36"
80.120.210.179 - - [26/Apr/2021:14:02:52 +0200] "GET /reload?ser=1619438572309 HTTP/1.1" 200 28 "http://renault.activities.at/cart" "Mozilla/5.0 (Windows NT 10.0; Win64; x64) AppleWebKit/537.36 (KHTML, like Gecko) Chrome/90.0.4430.85 Safari/537.36"
80.123.225.38 - - [26/Apr/2021:14:02:57 +0200] "GET /reload?ser=1619438577078 HTTP/1.1" 200 28 "http://renault.activities.at/success" "Mozilla/5.0 (Windows NT 6.1; WOW64; Trident/7.0; rv:11.0) like Gecko"
91.113.165.162 - - [26/Apr/2021:14:03:44 +0200] "GET /reload?ser=1619438624377 HTTP/1.1" 200 28 "http://renault.activities.at/success" "Mozilla/5.0 (Windows NT 10.0; Win64; x64) AppleWebKit/537.36 (KHTML, like Gecko) Chrome/89.0.4389.128 Safari/537.36"
83.175.83.150 - - [26/Apr/2021:14:03:48 +0200] "GET /reload?ser=1619438628526 HTTP/1.1" 200 28 "http://renault.activities.at/success" "Mozilla/5.0 (Windows NT 10.0; Win64; x64) AppleWebKit/537.36 (KHTML, like Gecko) Chrome/90.0.4430.85 Safari/537.36"
80.120.210.179 - - [26/Apr/2021:14:03:53 +0200] "GET /reload?ser=1619438633308 HTTP/1.1" 200 28 "http://renault.activities.at/cart" "Mozilla/5.0 (Windows NT 10.0; Win64; x64) AppleWebKit/537.36 (KHTML, like Gecko) Chrome/90.0.4430.85 Safari/537.36"
80.123.225.38 - - [26/Apr/2021:14:03:58 +0200] "GET /reload?ser=1619438638058 HTTP/1.1" 200 28 "http://renault.activities.at/success" "Mozilla/5.0 (Windows NT 6.1; WOW64; Trident/7.0; rv:11.0) like Gecko"
91.113.165.162 - - [26/Apr/2021:14:04:45 +0200] "GET /reload?ser=1619438685382 HTTP/1.1" 200 28 "http://renault.activities.at/success" "Mozilla/5.0 (Windows NT 10.0; Win64; x64) AppleWebKit/537.36 (KHTML, like Gecko) Chrome/89.0.4389.128 Safari/537.36"
83.175.83.150 - - [26/Apr/2021:14:04:49 +0200] "GET /reload?ser=1619438689530 HTTP/1.1" 200 28 "http://renault.activities.at/success" "Mozilla/5.0 (Windows NT 10.0; Win64; x64) AppleWebKit/537.36 (KHTML, like Gecko) Chrome/90.0.4430.85 Safari/537.36"
80.120.210.179 - - [26/Apr/2021:14:04:54 +0200] "GET /reload?ser=1619438694309 HTTP/1.1" 200 28 "http://renault.activities.at/cart" "Mozilla/5.0 (Windows NT 10.0; Win64; x64) AppleWebKit/537.36 (KHTML, like Gecko) Chrome/90.0.4430.85 Safari/537.36"
80.123.225.38 - - [26/Apr/2021:14:04:59 +0200] "GET /reload?ser=1619438699040 HTTP/1.1" 200 28 "http://renault.activities.at/success" "Mozilla/5.0 (Windows NT 6.1; WOW64; Trident/7.0; rv:11.0) like Gecko"
91.113.165.162 - - [26/Apr/2021:14:05:46 +0200] "GET /reload?ser=1619438746381 HTTP/1.1" 200 28 "http://renault.activities.at/success" "Mozilla/5.0 (Windows NT 10.0; Win64; x64) AppleWebKit/537.36 (KHTML, like Gecko) Chrome/89.0.4389.128 Safari/537.36"
83.175.83.150 - - [26/Apr/2021:14:05:50 +0200] "GET /reload?ser=1619438750530 HTTP/1.1" 200 28 "http://renault.activities.at/success" "Mozilla/5.0 (Windows NT 10.0; Win64; x64) AppleWebKit/537.36 (KHTML, like Gecko) Chrome/90.0.4430.85 Safari/537.36"
80.120.210.179 - - [26/Apr/2021:14:05:55 +0200] "GET /reload?ser=1619438755309 HTTP/1.1" 200 28 "http://renault.activities.at/cart" "Mozilla/5.0 (Windows NT 10.0; Win64; x64) AppleWebKit/537.36 (KHTML, like Gecko) Chrome/90.0.4430.85 Safari/537.36"
80.123.225.38 - - [26/Apr/2021:14:06:00 +0200] "GET /reload?ser=1619438759998 HTTP/1.1" 200 28 "http://renault.activities.at/success" "Mozilla/5.0 (Windows NT 6.1; WOW64; Trident/7.0; rv:11.0) like Gecko"
91.113.165.162 - - [26/Apr/2021:14:06:47 +0200] "GET /reload?ser=1619438807386 HTTP/1.1" 200 28 "http://renault.activities.at/success" "Mozilla/5.0 (Windows NT 10.0; Win64; x64) AppleWebKit/537.36 (KHTML, like Gecko) Chrome/89.0.4389.128 Safari/537.36"
83.175.83.150 - - [26/Apr/2021:14:06:51 +0200] "GET /reload?ser=1619438811518 HTTP/1.1" 200 28 "http://renault.activities.at/success" "Mozilla/5.0 (Windows NT 10.0; Win64; x64) AppleWebKit/537.36 (KHTML, like Gecko) Chrome/90.0.4430.85 Safari/537.36"
80.120.210.179 - - [26/Apr/2021:14:06:56 +0200] "GET /reload?ser=1619438816308 HTTP/1.1" 200 28 "http://renault.activities.at/cart" "Mozilla/5.0 (Windows NT 10.0; Win64; x64) AppleWebKit/537.36 (KHTML, like Gecko) Chrome/90.0.4430.85 Safari/537.36"
80.123.225.38 - - [26/Apr/2021:14:07:01 +0200] "GET /reload?ser=1619438820967 HTTP/1.1" 200 28 "http://renault.activities.at/success" "Mozilla/5.0 (Windows NT 6.1; WOW64; Trident/7.0; rv:11.0) like Gecko"
91.113.165.162 - - [26/Apr/2021:14:07:48 +0200] "GET /reload?ser=1619438868382 HTTP/1.1" 200 28 "http://renault.activities.at/success" "Mozilla/5.0 (Windows NT 10.0; Win64; x64) AppleWebKit/537.36 (KHTML, like Gecko) Chrome/89.0.4389.128 Safari/537.36"
83.175.83.150 - - [26/Apr/2021:14:07:52 +0200] "GET /reload?ser=1619438872532 HTTP/1.1" 200 28 "http://renault.activities.at/success" "Mozilla/5.0 (Windows NT 10.0; Win64; x64) AppleWebKit/537.36 (KHTML, like Gecko) Chrome/90.0.4430.85 Safari/537.36"
80.120.210.179 - - [26/Apr/2021:14:07:57 +0200] "GET /reload?ser=1619438877307 HTTP/1.1" 200 28 "http://renault.activities.at/cart" "Mozilla/5.0 (Windows NT 10.0; Win64; x64) AppleWebKit/537.36 (KHTML, like Gecko) Chrome/90.0.4430.85 Safari/537.36"
80.123.225.38 - - [26/Apr/2021:14:08:02 +0200] "GET /reload?ser=1619438881968 HTTP/1.1" 200 28 "http://renault.activities.at/success" "Mozilla/5.0 (Windows NT 6.1; WOW64; Trident/7.0; rv:11.0) like Gecko"
91.113.165.162 - - [26/Apr/2021:14:08:49 +0200] "GET /reload?ser=1619438929373 HTTP/1.1" 200 28 "http://renault.activities.at/success" "Mozilla/5.0 (Windows NT 10.0; Win64; x64) AppleWebKit/537.36 (KHTML, like Gecko) Chrome/89.0.4389.128 Safari/537.36"
83.175.83.150 - - [26/Apr/2021:14:08:53 +0200] "GET /reload?ser=1619438933529 HTTP/1.1" 200 28 "http://renault.activities.at/success" "Mozilla/5.0 (Windows NT 10.0; Win64; x64) AppleWebKit/537.36 (KHTML, like Gecko) Chrome/90.0.4430.85 Safari/537.36"
80.120.210.179 - - [26/Apr/2021:14:08:58 +0200] "GET /reload?ser=1619438938305 HTTP/1.1" 200 28 "http://renault.activities.at/cart" "Mozilla/5.0 (Windows NT 10.0; Win64; x64) AppleWebKit/537.36 (KHTML, like Gecko) Chrome/90.0.4430.85 Safari/537.36"
80.123.225.38 - - [26/Apr/2021:14:09:03 +0200] "GET /reload?ser=1619438942959 HTTP/1.1" 200 28 "http://renault.activities.at/success" "Mozilla/5.0 (Windows NT 6.1; WOW64; Trident/7.0; rv:11.0) like Gecko"
91.113.165.162 - - [26/Apr/2021:14:09:50 +0200] "GET /reload?ser=1619438990384 HTTP/1.1" 200 28 "http://renault.activities.at/success" "Mozilla/5.0 (Windows NT 10.0; Win64; x64) AppleWebKit/537.36 (KHTML, like Gecko) Chrome/89.0.4389.128 Safari/537.36"
83.175.83.150 - - [26/Apr/2021:14:09:54 +0200] "GET /reload?ser=1619438994527 HTTP/1.1" 200 28 "http://renault.activities.at/success" "Mozilla/5.0 (Windows NT 10.0; Win64; x64) AppleWebKit/537.36 (KHTML, like Gecko) Chrome/90.0.4430.85 Safari/537.36"
80.120.210.179 - - [26/Apr/2021:14:09:59 +0200] "GET /reload?ser=1619438999308 HTTP/1.1" 200 28 "http://renault.activities.at/cart" "Mozilla/5.0 (Windows NT 10.0; Win64; x64) AppleWebKit/537.36 (KHTML, like Gecko) Chrome/90.0.4430.85 Safari/537.36"
80.123.225.38 - - [26/Apr/2021:14:10:03 +0200] "GET /reload?ser=1619439003916 HTTP/1.1" 200 28 "http://renault.activities.at/success" "Mozilla/5.0 (Windows NT 6.1; WOW64; Trident/7.0; rv:11.0) like Gecko"
91.113.165.162 - - [26/Apr/2021:14:10:51 +0200] "GET /reload?ser=1619439051376 HTTP/1.1" 200 28 "http://renault.activities.at/success" "Mozilla/5.0 (Windows NT 10.0; Win64; x64) AppleWebKit/537.36 (KHTML, like Gecko) Chrome/89.0.4389.128 Safari/537.36"
83.175.83.150 - - [26/Apr/2021:14:10:55 +0200] "GET /reload?ser=1619439055529 HTTP/1.1" 200 28 "http://renault.activities.at/success" "Mozilla/5.0 (Windows NT 10.0; Win64; x64) AppleWebKit/537.36 (KHTML, like Gecko) Chrome/90.0.4430.85 Safari/537.36"
80.120.210.179 - - [26/Apr/2021:14:11:00 +0200] "GET /reload?ser=1619439060308 HTTP/1.1" 200 28 "http://renault.activities.at/cart" "Mozilla/5.0 (Windows NT 10.0; Win64; x64) AppleWebKit/537.36 (KHTML, like Gecko) Chrome/90.0.4430.85 Safari/537.36"
80.123.225.38 - - [26/Apr/2021:14:11:04 +0200] "GET /reload?ser=1619439064870 HTTP/1.1" 200 28 "http://renault.activities.at/success" "Mozilla/5.0 (Windows NT 6.1; WOW64; Trident/7.0; rv:11.0) like Gecko"
91.113.165.162 - - [26/Apr/2021:14:11:52 +0200] "GET /reload?ser=1619439112382 HTTP/1.1" 200 28 "http://renault.activities.at/success" "Mozilla/5.0 (Windows NT 10.0; Win64; x64) AppleWebKit/537.36 (KHTML, like Gecko) Chrome/89.0.4389.128 Safari/537.36"
83.175.83.150 - - [26/Apr/2021:14:11:56 +0200] "GET /reload?ser=1619439116529 HTTP/1.1" 200 28 "http://renault.activities.at/success" "Mozilla/5.0 (Windows NT 10.0; Win64; x64) AppleWebKit/537.36 (KHTML, like Gecko) Chrome/90.0.4430.85 Safari/537.36"
80.120.210.179 - - [26/Apr/2021:14:12:01 +0200] "GET /reload?ser=1619439121311 HTTP/1.1" 200 28 "http://renault.activities.at/cart" "Mozilla/5.0 (Windows NT 10.0; Win64; x64) AppleWebKit/537.36 (KHTML, like Gecko) Chrome/90.0.4430.85 Safari/537.36"
80.123.225.38 - - [26/Apr/2021:14:12:05 +0200] "GET /reload?ser=1619439125873 HTTP/1.1" 200 28 "http://renault.activities.at/success" "Mozilla/5.0 (Windows NT 6.1; WOW64; Trident/7.0; rv:11.0) like Gecko"
91.113.165.162 - - [26/Apr/2021:14:12:53 +0200] "GET /reload?ser=1619439173388 HTTP/1.1" 200 28 "http://renault.activities.at/success" "Mozilla/5.0 (Windows NT 10.0; Win64; x64) AppleWebKit/537.36 (KHTML, like Gecko) Chrome/89.0.4389.128 Safari/537.36"
83.175.83.150 - - [26/Apr/2021:14:12:57 +0200] "GET /reload?ser=1619439177530 HTTP/1.1" 200 28 "http://renault.activities.at/success" "Mozilla/5.0 (Windows NT 10.0; Win64; x64) AppleWebKit/537.36 (KHTML, like Gecko) Chrome/90.0.4430.85 Safari/537.36"
80.120.210.179 - - [26/Apr/2021:14:13:02 +0200] "GET /reload?ser=1619439182311 HTTP/1.1" 200 28 "http://renault.activities.at/cart" "Mozilla/5.0 (Windows NT 10.0; Win64; x64) AppleWebKit/537.36 (KHTML, like Gecko) Chrome/90.0.4430.85 Safari/537.36"
80.123.225.38 - - [26/Apr/2021:14:13:06 +0200] "GET /reload?ser=1619439186844 HTTP/1.1" 200 28 "http://renault.activities.at/success" "Mozilla/5.0 (Windows NT 6.1; WOW64; Trident/7.0; rv:11.0) like Gecko"
91.113.165.162 - - [26/Apr/2021:14:13:54 +0200] "GET /reload?ser=1619439234386 HTTP/1.1" 200 28 "http://renault.activities.at/success" "Mozilla/5.0 (Windows NT 10.0; Win64; x64) AppleWebKit/537.36 (KHTML, like Gecko) Chrome/89.0.4389.128 Safari/537.36"
83.175.83.150 - - [26/Apr/2021:14:13:58 +0200] "GET /reload?ser=1619439238531 HTTP/1.1" 200 28 "http://renault.activities.at/success" "Mozilla/5.0 (Windows NT 10.0; Win64; x64) AppleWebKit/537.36 (KHTML, like Gecko) Chrome/90.0.4430.85 Safari/537.36"
80.120.210.179 - - [26/Apr/2021:14:14:03 +0200] "GET /reload?ser=1619439243301 HTTP/1.1" 200 28 "http://renault.activities.at/cart" "Mozilla/5.0 (Windows NT 10.0; Win64; x64) AppleWebKit/537.36 (KHTML, like Gecko) Chrome/90.0.4430.85 Safari/537.36"
80.123.225.38 - - [26/Apr/2021:14:14:07 +0200] "GET /reload?ser=1619439247805 HTTP/1.1" 200 28 "http://renault.activities.at/success" "Mozilla/5.0 (Windows NT 6.1; WOW64; Trident/7.0; rv:11.0) like Gecko"
91.113.165.162 - - [26/Apr/2021:14:14:55 +0200] "GET /reload?ser=1619439295376 HTTP/1.1" 200 28 "http://renault.activities.at/success" "Mozilla/5.0 (Windows NT 10.0; Win64; x64) AppleWebKit/537.36 (KHTML, like Gecko) Chrome/89.0.4389.128 Safari/537.36"
83.175.83.150 - - [26/Apr/2021:14:14:59 +0200] "GET /reload?ser=1619439299531 HTTP/1.1" 200 28 "http://renault.activities.at/success" "Mozilla/5.0 (Windows NT 10.0; Win64; x64) AppleWebKit/537.36 (KHTML, like Gecko) Chrome/90.0.4430.85 Safari/537.36"
80.120.210.179 - - [26/Apr/2021:14:15:04 +0200] "GET /reload?ser=1619439304307 HTTP/1.1" 200 28 "http://renault.activities.at/cart" "Mozilla/5.0 (Windows NT 10.0; Win64; x64) AppleWebKit/537.36 (KHTML, like Gecko) Chrome/90.0.4430.85 Safari/537.36"
80.123.225.38 - - [26/Apr/2021:14:15:08 +0200] "GET /reload?ser=1619439308783 HTTP/1.1" 200 28 "http://renault.activities.at/success" "Mozilla/5.0 (Windows NT 6.1; WOW64; Trident/7.0; rv:11.0) like Gecko"
93.83.241.1 - - [26/Apr/2021:14:15:44 +0200] "GET / HTTP/1.1" 200 3315 "-" "Mozilla/5.0 (Windows NT 10.0; WOW64; Trident/7.0; rv:11.0) like Gecko"
93.83.241.1 - - [26/Apr/2021:14:15:45 +0200] "GET /js/default.js HTTP/1.1" 200 14698 "http://renault.activities.at/" "Mozilla/5.0 (Windows NT 10.0; WOW64; Trident/7.0; rv:11.0) like Gecko"
93.83.241.1 - - [26/Apr/2021:14:15:45 +0200] "GET /js/index.php?c=auto&f=,prototype/prototype.js,prototype/validation.js,scriptaculous/builder.js,scriptaculous/effects.js,scriptaculous/dragdrop.js,scriptaculous/controls.js,scriptaculous/slider.js,varien/js.js,varien/form.js,varien/menu.js,mage/translate.js,mage/cookies.js,varien/product.js,spinner/SpinnerControl.jsmin.js,prototype/window.js,prototype/window_ext.js HTTP/1.1" 200 94182 "http://renault.activities.at/" "Mozilla/5.0 (Windows NT 10.0; WOW64; Trident/7.0; rv:11.0) like Gecko"
93.83.241.1 - - [26/Apr/2021:14:15:45 +0200] "GET /js/flashdetection.js HTTP/1.1" 200 1059 "http://renault.activities.at/" "Mozilla/5.0 (Windows NT 10.0; WOW64; Trident/7.0; rv:11.0) like Gecko"
93.83.241.1 - - [26/Apr/2021:14:15:45 +0200] "GET /css/styles.css HTTP/1.1" 200 14664 "http://renault.activities.at/" "Mozilla/5.0 (Windows NT 10.0; WOW64; Trident/7.0; rv:11.0) like Gecko"
93.83.241.1 - - [26/Apr/2021:14:15:46 +0200] "GET /css/reset.css HTTP/1.1" 200 1356 "http://renault.activities.at/" "Mozilla/5.0 (Windows NT 10.0; WOW64; Trident/7.0; rv:11.0) like Gecko"
93.83.241.1 - - [26/Apr/2021:14:15:46 +0200] "GET /js/checkout.css HTTP/1.1" 200 359 "http://renault.activities.at/" "Mozilla/5.0 (Windows NT 10.0; WOW64; Trident/7.0; rv:11.0) like Gecko"
93.83.241.1 - - [26/Apr/2021:14:15:46 +0200] "GET /css/prototip.css HTTP/1.1" 200 968 "http://renault.activities.at/" "Mozilla/5.0 (Windows NT 10.0; WOW64; Trident/7.0; rv:11.0) like Gecko"
93.83.241.1 - - [26/Apr/2021:14:15:46 +0200] "GET /css/clears.css HTTP/1.1" 200 851 "http://renault.activities.at/" "Mozilla/5.0 (Windows NT 10.0; WOW64; Trident/7.0; rv:11.0) like Gecko"
93.83.241.1 - - [26/Apr/2021:14:15:46 +0200] "GET /css/themes/default.css HTTP/1.1" 200 769 "http://renault.activities.at/" "Mozilla/5.0 (Windows NT 10.0; WOW64; Trident/7.0; rv:11.0) like Gecko"
93.83.241.1 - - [26/Apr/2021:14:15:46 +0200] "GET /css/themes/alphacube.css HTTP/1.1" 200 743 "http://renault.activities.at/" "Mozilla/5.0 (Windows NT 10.0; WOW64; Trident/7.0; rv:11.0) like Gecko"
93.83.241.1 - - [26/Apr/2021:14:15:46 +0200] "GET /css/print.css HTTP/1.1" 200 543 "http://renault.activities.at/" "Mozilla/5.0 (Windows NT 10.0; WOW64; Trident/7.0; rv:11.0) like Gecko"
93.83.241.1 - - [26/Apr/2021:14:15:47 +0200] "GET /images/main_block_corner_right_bot.gif HTTP/1.1" 200 158 "http://renault.activities.at/" "Mozilla/5.0 (Windows NT 10.0; WOW64; Trident/7.0; rv:11.0) like Gecko"
93.83.241.1 - - [26/Apr/2021:14:15:47 +0200] "GET /images/favicon.ico HTTP/1.1" 404 305 "-" "Mozilla/5.0 (Windows NT 10.0; Win64; x64; Trident/7.0; rv:11.0) like Gecko"
93.83.241.1 - - [26/Apr/2021:14:15:47 +0200] "GET /images/header_block_border.gif HTTP/1.1" 200 43 "http://renault.activities.at/" "Mozilla/5.0 (Windows NT 10.0; WOW64; Trident/7.0; rv:11.0) like Gecko"
93.83.241.1 - - [26/Apr/2021:14:15:47 +0200] "GET /images/header_block_corner_right_top.gif HTTP/1.1" 200 160 "http://renault.activities.at/" "Mozilla/5.0 (Windows NT 10.0; WOW64; Trident/7.0; rv:11.0) like Gecko"
93.83.241.1 - - [26/Apr/2021:14:15:47 +0200] "GET /images/main_block_corner_left_bot.gif HTTP/1.1" 200 159 "http://renault.activities.at/" "Mozilla/5.0 (Windows NT 10.0; WOW64; Trident/7.0; rv:11.0) like Gecko"
93.83.241.1 - - [26/Apr/2021:14:15:48 +0200] "GET /favicon.ico HTTP/1.1" 200 3250 "-" "Mozilla/5.0 (Windows NT 10.0; Win64; x64; Trident/7.0; rv:11.0) like Gecko"
93.83.241.1 - - [26/Apr/2021:14:15:48 +0200] "GET /images/main_block_border.gif HTTP/1.1" 200 43 "http://renault.activities.at/" "Mozilla/5.0 (Windows NT 10.0; WOW64; Trident/7.0; rv:11.0) like Gecko"
93.83.241.1 - - [26/Apr/2021:14:15:47 +0200] "GET /loadthumbnail.php?id=11127982 HTTP/1.1" 200 399614 "http://renault.activities.at/" "Mozilla/5.0 (Windows NT 10.0; WOW64; Trident/7.0; rv:11.0) like Gecko"
93.83.241.1 - - [26/Apr/2021:14:15:48 +0200] "GET /images/header_block_corner_left_top.gif HTTP/1.1" 200 160 "http://renault.activities.at/" "Mozilla/5.0 (Windows NT 10.0; WOW64; Trident/7.0; rv:11.0) like Gecko"
93.83.241.1 - - [26/Apr/2021:14:15:48 +0200] "GET /images/main_block_corner_left_top.gif HTTP/1.1" 200 159 "http://renault.activities.at/" "Mozilla/5.0 (Windows NT 10.0; WOW64; Trident/7.0; rv:11.0) like Gecko"
93.83.241.1 - - [26/Apr/2021:14:15:48 +0200] "GET /images/title_corner_left_top.jpg HTTP/1.1" 200 372 "http://renault.activities.at/" "Mozilla/5.0 (Windows NT 10.0; WOW64; Trident/7.0; rv:11.0) like Gecko"
93.83.241.1 - - [26/Apr/2021:14:15:48 +0200] "GET /images/main_block_corner_right_top.gif HTTP/1.1" 200 159 "http://renault.activities.at/" "Mozilla/5.0 (Windows NT 10.0; WOW64; Trident/7.0; rv:11.0) like Gecko"
93.83.241.1 - - [26/Apr/2021:14:15:49 +0200] "GET /login HTTP/1.1" 200 2085 "http://renault.activities.at/" "Mozilla/5.0 (Windows NT 10.0; WOW64; Trident/7.0; rv:11.0) like Gecko"
93.83.241.1 - - [26/Apr/2021:14:15:49 +0200] "GET /css/reset.css HTTP/1.1" 304 - "http://renault.activities.at/login" "Mozilla/5.0 (Windows NT 10.0; WOW64; Trident/7.0; rv:11.0) like Gecko"
93.83.241.1 - - [26/Apr/2021:14:15:49 +0200] "GET /js/default.js HTTP/1.1" 304 - "http://renault.activities.at/login" "Mozilla/5.0 (Windows NT 10.0; WOW64; Trident/7.0; rv:11.0) like Gecko"
93.83.241.1 - - [26/Apr/2021:14:15:49 +0200] "GET /css/styles.css HTTP/1.1" 304 - "http://renault.activities.at/login" "Mozilla/5.0 (Windows NT 10.0; WOW64; Trident/7.0; rv:11.0) like Gecko"
93.83.241.1 - - [26/Apr/2021:14:15:49 +0200] "GET /css/clears.css HTTP/1.1" 304 - "http://renault.activities.at/login" "Mozilla/5.0 (Windows NT 10.0; WOW64; Trident/7.0; rv:11.0) like Gecko"
93.83.241.1 - - [26/Apr/2021:14:15:49 +0200] "GET /css/print.css HTTP/1.1" 304 - "http://renault.activities.at/login" "Mozilla/5.0 (Windows NT 10.0; WOW64; Trident/7.0; rv:11.0) like Gecko"
93.83.241.1 - - [26/Apr/2021:14:15:49 +0200] "GET /js/checkout.css HTTP/1.1" 304 - "http://renault.activities.at/login" "Mozilla/5.0 (Windows NT 10.0; WOW64; Trident/7.0; rv:11.0) like Gecko"
93.83.241.1 - - [26/Apr/2021:14:15:49 +0200] "GET /css/prototip.css HTTP/1.1" 304 - "http://renault.activities.at/login" "Mozilla/5.0 (Windows NT 10.0; WOW64; Trident/7.0; rv:11.0) like Gecko"
93.83.241.1 - - [26/Apr/2021:14:15:49 +0200] "GET /css/themes/default.css HTTP/1.1" 304 - "http://renault.activities.at/login" "Mozilla/5.0 (Windows NT 10.0; WOW64; Trident/7.0; rv:11.0) like Gecko"
93.83.241.1 - - [26/Apr/2021:14:15:50 +0200] "GET /css/themes/alphacube.css HTTP/1.1" 304 - "http://renault.activities.at/login" "Mozilla/5.0 (Windows NT 10.0; WOW64; Trident/7.0; rv:11.0) like Gecko"
93.83.241.1 - - [26/Apr/2021:14:15:50 +0200] "GET /images/title_border_top.jpg HTTP/1.1" 200 336 "http://renault.activities.at/login" "Mozilla/5.0 (Windows NT 10.0; WOW64; Trident/7.0; rv:11.0) like Gecko"
93.83.241.1 - - [26/Apr/2021:14:15:50 +0200] "GET /images/title_corner_right_top.jpg HTTP/1.1" 200 389 "http://renault.activities.at/login" "Mozilla/5.0 (Windows NT 10.0; WOW64; Trident/7.0; rv:11.0) like Gecko"
93.83.241.1 - - [26/Apr/2021:14:15:50 +0200] "GET /images/title_corner_left_top.jpg HTTP/1.1" 304 - "http://renault.activities.at/login" "Mozilla/5.0 (Windows NT 10.0; WOW64; Trident/7.0; rv:11.0) like Gecko"
93.83.241.1 - - [26/Apr/2021:14:15:50 +0200] "GET /images/header_block_border.gif HTTP/1.1" 304 - "http://renault.activities.at/login" "Mozilla/5.0 (Windows NT 10.0; WOW64; Trident/7.0; rv:11.0) like Gecko"
93.83.241.1 - - [26/Apr/2021:14:15:50 +0200] "GET /images/main_block_corner_right_bot.gif HTTP/1.1" 304 - "http://renault.activities.at/login" "Mozilla/5.0 (Windows NT 10.0; WOW64; Trident/7.0; rv:11.0) like Gecko"
93.83.241.1 - - [26/Apr/2021:14:15:50 +0200] "GET /images/main_block_corner_left_top.gif HTTP/1.1" 304 - "http://renault.activities.at/login" "Mozilla/5.0 (Windows NT 10.0; WOW64; Trident/7.0; rv:11.0) like Gecko"
93.83.241.1 - - [26/Apr/2021:14:15:50 +0200] "GET /images/main_block_border.gif HTTP/1.1" 304 - "http://renault.activities.at/login" "Mozilla/5.0 (Windows NT 10.0; WOW64; Trident/7.0; rv:11.0) like Gecko"
93.83.241.1 - - [26/Apr/2021:14:15:50 +0200] "GET /images/main_block_corner_left_bot.gif HTTP/1.1" 304 - "http://renault.activities.at/login" "Mozilla/5.0 (Windows NT 10.0; WOW64; Trident/7.0; rv:11.0) like Gecko"
93.83.241.1 - - [26/Apr/2021:14:15:50 +0200] "GET /images/main_block_corner_right_top.gif HTTP/1.1" 304 - "http://renault.activities.at/login" "Mozilla/5.0 (Windows NT 10.0; WOW64; Trident/7.0; rv:11.0) like Gecko"
93.83.241.1 - - [26/Apr/2021:14:15:50 +0200] "GET /images/header_block_corner_left_top.gif HTTP/1.1" 304 - "http://renault.activities.at/login" "Mozilla/5.0 (Windows NT 10.0; WOW64; Trident/7.0; rv:11.0) like Gecko"
93.83.241.1 - - [26/Apr/2021:14:15:50 +0200] "GET /images/title_border.jpg HTTP/1.1" 200 304 "http://renault.activities.at/login" "Mozilla/5.0 (Windows NT 10.0; WOW64; Trident/7.0; rv:11.0) like Gecko"
93.83.241.1 - - [26/Apr/2021:14:15:50 +0200] "GET /images/header_block_corner_right_top.gif HTTP/1.1" 304 - "http://renault.activities.at/login" "Mozilla/5.0 (Windows NT 10.0; WOW64; Trident/7.0; rv:11.0) like Gecko"
93.83.241.1 - - [26/Apr/2021:14:15:50 +0200] "GET /images/button_left_bg.gif HTTP/1.1" 200 564 "http://renault.activities.at/login" "Mozilla/5.0 (Windows NT 10.0; WOW64; Trident/7.0; rv:11.0) like Gecko"
93.83.241.1 - - [26/Apr/2021:14:15:50 +0200] "GET /images/button_bg.gif HTTP/1.1" 200 151 "http://renault.activities.at/login" "Mozilla/5.0 (Windows NT 10.0; WOW64; Trident/7.0; rv:11.0) like Gecko"
93.83.241.1 - - [26/Apr/2021:14:15:50 +0200] "GET /images/button_right_bg.gif HTTP/1.1" 200 561 "http://renault.activities.at/login" "Mozilla/5.0 (Windows NT 10.0; WOW64; Trident/7.0; rv:11.0) like Gecko"
93.83.241.1 - - [26/Apr/2021:14:15:50 +0200] "GET /favicon.ico HTTP/1.1" 200 3250 "-" "Mozilla/5.0 (Windows NT 10.0; Win64; x64; Trident/7.0; rv:11.0) like Gecko"
91.113.165.162 - - [26/Apr/2021:14:15:56 +0200] "GET /reload?ser=1619439356379 HTTP/1.1" 200 28 "http://renault.activities.at/success" "Mozilla/5.0 (Windows NT 10.0; Win64; x64) AppleWebKit/537.36 (KHTML, like Gecko) Chrome/89.0.4389.128 Safari/537.36"
93.83.241.1 - - [26/Apr/2021:14:15:56 +0200] "POST /login HTTP/1.1" 302 140 "http://renault.activities.at/login" "Mozilla/5.0 (Windows NT 10.0; WOW64; Trident/7.0; rv:11.0) like Gecko"
83.175.83.150 - - [26/Apr/2021:14:16:00 +0200] "GET /reload?ser=1619439360528 HTTP/1.1" 200 28 "http://renault.activities.at/success" "Mozilla/5.0 (Windows NT 10.0; Win64; x64) AppleWebKit/537.36 (KHTML, like Gecko) Chrome/90.0.4430.85 Safari/537.36"
93.83.241.1 - - [26/Apr/2021:14:15:59 +0200] "GET /account HTTP/1.1" 200 5909 "http://renault.activities.at/login" "Mozilla/5.0 (Windows NT 10.0; WOW64; Trident/7.0; rv:11.0) like Gecko"
93.83.241.1 - - [26/Apr/2021:14:16:02 +0200] "GET /css/reset.css HTTP/1.1" 304 - "http://renault.activities.at/account" "Mozilla/5.0 (Windows NT 10.0; WOW64; Trident/7.0; rv:11.0) like Gecko"
93.83.241.1 - - [26/Apr/2021:14:16:02 +0200] "GET /js/default.js HTTP/1.1" 304 - "http://renault.activities.at/account" "Mozilla/5.0 (Windows NT 10.0; WOW64; Trident/7.0; rv:11.0) like Gecko"
93.83.241.1 - - [26/Apr/2021:14:16:02 +0200] "GET /css/styles.css HTTP/1.1" 304 - "http://renault.activities.at/account" "Mozilla/5.0 (Windows NT 10.0; WOW64; Trident/7.0; rv:11.0) like Gecko"
93.83.241.1 - - [26/Apr/2021:14:16:02 +0200] "GET /css/print.css HTTP/1.1" 304 - "http://renault.activities.at/account" "Mozilla/5.0 (Windows NT 10.0; WOW64; Trident/7.0; rv:11.0) like Gecko"
93.83.241.1 - - [26/Apr/2021:14:16:02 +0200] "GET /css/clears.css HTTP/1.1" 304 - "http://renault.activities.at/account" "Mozilla/5.0 (Windows NT 10.0; WOW64; Trident/7.0; rv:11.0) like Gecko"
93.83.241.1 - - [26/Apr/2021:14:16:02 +0200] "GET /js/checkout.css HTTP/1.1" 304 - "http://renault.activities.at/account" "Mozilla/5.0 (Windows NT 10.0; WOW64; Trident/7.0; rv:11.0) like Gecko"
93.83.241.1 - - [26/Apr/2021:14:16:02 +0200] "GET /css/prototip.css HTTP/1.1" 304 - "http://renault.activities.at/account" "Mozilla/5.0 (Windows NT 10.0; WOW64; Trident/7.0; rv:11.0) like Gecko"
93.83.241.1 - - [26/Apr/2021:14:16:02 +0200] "GET /css/themes/alphacube.css HTTP/1.1" 304 - "http://renault.activities.at/account" "Mozilla/5.0 (Windows NT 10.0; WOW64; Trident/7.0; rv:11.0) like Gecko"
93.83.241.1 - - [26/Apr/2021:14:16:02 +0200] "GET /loadthumbnail.php?id=12176979&width=50&height=50 HTTP/1.1" 200 1021 "http://renault.activities.at/account" "Mozilla/5.0 (Windows NT 10.0; WOW64; Trident/7.0; rv:11.0) like Gecko"
93.83.241.1 - - [26/Apr/2021:14:16:02 +0200] "GET /css/themes/default.css HTTP/1.1" 304 - "http://renault.activities.at/account" "Mozilla/5.0 (Windows NT 10.0; WOW64; Trident/7.0; rv:11.0) like Gecko"
93.83.241.1 - - [26/Apr/2021:14:16:02 +0200] "GET /js/account.js HTTP/1.1" 200 953 "http://renault.activities.at/account" "Mozilla/5.0 (Windows NT 10.0; WOW64; Trident/7.0; rv:11.0) like Gecko"
93.83.241.1 - - [26/Apr/2021:14:16:02 +0200] "GET /images/main_block_border.gif HTTP/1.1" 304 - "http://renault.activities.at/account" "Mozilla/5.0 (Windows NT 10.0; WOW64; Trident/7.0; rv:11.0) like Gecko"
93.83.241.1 - - [26/Apr/2021:14:16:02 +0200] "GET /images/main_block_corner_left_top.gif HTTP/1.1" 304 - "http://renault.activities.at/account" "Mozilla/5.0 (Windows NT 10.0; WOW64; Trident/7.0; rv:11.0) like Gecko"
93.83.241.1 - - [26/Apr/2021:14:16:02 +0200] "GET /images/header_block_corner_left_top.gif HTTP/1.1" 304 - "http://renault.activities.at/account" "Mozilla/5.0 (Windows NT 10.0; WOW64; Trident/7.0; rv:11.0) like Gecko"
93.83.241.1 - - [26/Apr/2021:14:16:02 +0200] "GET /images/header_block_corner_right_top.gif HTTP/1.1" 304 - "http://renault.activities.at/account" "Mozilla/5.0 (Windows NT 10.0; WOW64; Trident/7.0; rv:11.0) like Gecko"
93.83.241.1 - - [26/Apr/2021:14:16:02 +0200] "GET /images/header_block_border.gif HTTP/1.1" 304 - "http://renault.activities.at/account" "Mozilla/5.0 (Windows NT 10.0; WOW64; Trident/7.0; rv:11.0) like Gecko"
93.83.241.1 - - [26/Apr/2021:14:16:02 +0200] "GET /images/main_block_corner_left_bot.gif HTTP/1.1" 304 - "http://renault.activities.at/account" "Mozilla/5.0 (Windows NT 10.0; WOW64; Trident/7.0; rv:11.0) like Gecko"
93.83.241.1 - - [26/Apr/2021:14:16:02 +0200] "GET /images/main_block_corner_right_top.gif HTTP/1.1" 304 - "http://renault.activities.at/account" "Mozilla/5.0 (Windows NT 10.0; WOW64; Trident/7.0; rv:11.0) like Gecko"
93.83.241.1 - - [26/Apr/2021:14:16:02 +0200] "GET /images/search_bg.gif HTTP/1.1" 200 1726 "http://renault.activities.at/account" "Mozilla/5.0 (Windows NT 10.0; WOW64; Trident/7.0; rv:11.0) like Gecko"
93.83.241.1 - - [26/Apr/2021:14:16:03 +0200] "GET /images/menu_divider.gif HTTP/1.1" 200 176 "http://renault.activities.at/account" "Mozilla/5.0 (Windows NT 10.0; WOW64; Trident/7.0; rv:11.0) like Gecko"
93.83.241.1 - - [26/Apr/2021:14:16:03 +0200] "GET /images/button_left_bg.gif HTTP/1.1" 304 - "http://renault.activities.at/account" "Mozilla/5.0 (Windows NT 10.0; WOW64; Trident/7.0; rv:11.0) like Gecko"
93.83.241.1 - - [26/Apr/2021:14:16:03 +0200] "GET /images/main_block_corner_right_bot.gif HTTP/1.1" 304 - "http://renault.activities.at/account" "Mozilla/5.0 (Windows NT 10.0; WOW64; Trident/7.0; rv:11.0) like Gecko"
93.83.241.1 - - [26/Apr/2021:14:16:03 +0200] "GET /images/top_links_divider.gif HTTP/1.1" 200 44 "http://renault.activities.at/account" "Mozilla/5.0 (Windows NT 10.0; WOW64; Trident/7.0; rv:11.0) like Gecko"
93.83.241.1 - - [26/Apr/2021:14:16:03 +0200] "GET /images/menu_button_bg.jpg HTTP/1.1" 200 322 "http://renault.activities.at/account" "Mozilla/5.0 (Windows NT 10.0; WOW64; Trident/7.0; rv:11.0) like Gecko"
93.83.241.1 - - [26/Apr/2021:14:16:03 +0200] "GET /images/nav_divider.gif HTTP/1.1" 200 43 "http://renault.activities.at/account" "Mozilla/5.0 (Windows NT 10.0; WOW64; Trident/7.0; rv:11.0) like Gecko"
93.83.241.1 - - [26/Apr/2021:14:16:03 +0200] "GET /images/button_bg.gif HTTP/1.1" 304 - "http://renault.activities.at/account" "Mozilla/5.0 (Windows NT 10.0; WOW64; Trident/7.0; rv:11.0) like Gecko"
93.83.241.1 - - [26/Apr/2021:14:16:03 +0200] "GET /images/sidebar_title_border.gif HTTP/1.1" 200 43 "http://renault.activities.at/account" "Mozilla/5.0 (Windows NT 10.0; WOW64; Trident/7.0; rv:11.0) like Gecko"
93.83.241.1 - - [26/Apr/2021:14:16:03 +0200] "GET /images/title_border.jpg HTTP/1.1" 304 - "http://renault.activities.at/account" "Mozilla/5.0 (Windows NT 10.0; WOW64; Trident/7.0; rv:11.0) like Gecko"
93.83.241.1 - - [26/Apr/2021:14:16:03 +0200] "GET /images/title_border_top.jpg HTTP/1.1" 304 - "http://renault.activities.at/account" "Mozilla/5.0 (Windows NT 10.0; WOW64; Trident/7.0; rv:11.0) like Gecko"
93.83.241.1 - - [26/Apr/2021:14:16:03 +0200] "GET /images/title_corner_right_top.jpg HTTP/1.1" 304 - "http://renault.activities.at/account" "Mozilla/5.0 (Windows NT 10.0; WOW64; Trident/7.0; rv:11.0) like Gecko"
93.83.241.1 - - [26/Apr/2021:14:16:03 +0200] "GET /images/sidebar_title_border_top.gif HTTP/1.1" 200 155 "http://renault.activities.at/account" "Mozilla/5.0 (Windows NT 10.0; WOW64; Trident/7.0; rv:11.0) like Gecko"
93.83.241.1 - - [26/Apr/2021:14:16:03 +0200] "GET /images/button_right_bg.gif HTTP/1.1" 304 - "http://renault.activities.at/account" "Mozilla/5.0 (Windows NT 10.0; WOW64; Trident/7.0; rv:11.0) like Gecko"
93.83.241.1 - - [26/Apr/2021:14:16:03 +0200] "GET /images/sidebar_title_corner_left_top.gif HTTP/1.1" 200 1124 "http://renault.activities.at/account" "Mozilla/5.0 (Windows NT 10.0; WOW64; Trident/7.0; rv:11.0) like Gecko"
93.83.241.1 - - [26/Apr/2021:14:16:03 +0200] "GET /images/title_corner_left_top.jpg HTTP/1.1" 304 - "http://renault.activities.at/account" "Mozilla/5.0 (Windows NT 10.0; WOW64; Trident/7.0; rv:11.0) like Gecko"
93.83.241.1 - - [26/Apr/2021:14:16:04 +0200] "GET /images/sidebar_title_corner_right_top.gif HTTP/1.1" 200 383 "http://renault.activities.at/account" "Mozilla/5.0 (Windows NT 10.0; WOW64; Trident/7.0; rv:11.0) like Gecko"
93.83.241.1 - - [26/Apr/2021:14:16:04 +0200] "GET /images/footer_divider.gif HTTP/1.1" 200 44 "http://renault.activities.at/account" "Mozilla/5.0 (Windows NT 10.0; WOW64; Trident/7.0; rv:11.0) like Gecko"
80.120.210.179 - - [26/Apr/2021:14:16:05 +0200] "GET /reload?ser=1619439365313 HTTP/1.1" 200 28 "http://renault.activities.at/cart" "Mozilla/5.0 (Windows NT 10.0; Win64; x64) AppleWebKit/537.36 (KHTML, like Gecko) Chrome/90.0.4430.85 Safari/537.36"
80.123.225.38 - - [26/Apr/2021:14:16:09 +0200] "GET /reload?ser=1619439369755 HTTP/1.1" 200 28 "http://renault.activities.at/success" "Mozilla/5.0 (Windows NT 6.1; WOW64; Trident/7.0; rv:11.0) like Gecko"
93.83.241.1 - - [26/Apr/2021:14:16:13 +0200] "POST /axjaxrequest?mode=suggest HTTP/1.1" 200 2032 "http://renault.activities.at/account" "Mozilla/5.0 (Windows NT 10.0; WOW64; Trident/7.0; rv:11.0) like Gecko"
93.83.241.1 - - [26/Apr/2021:14:16:13 +0200] "POST /axjaxrequest?mode=suggest HTTP/1.1" 200 1107 "http://renault.activities.at/account" "Mozilla/5.0 (Windows NT 10.0; WOW64; Trident/7.0; rv:11.0) like Gecko"
93.83.241.1 - - [26/Apr/2021:14:16:15 +0200] "POST /axjaxrequest?mode=suggest HTTP/1.1" 200 112 "http://renault.activities.at/account" "Mozilla/5.0 (Windows NT 10.0; WOW64; Trident/7.0; rv:11.0) like Gecko"
93.83.241.1 - - [26/Apr/2021:14:16:15 +0200] "GET /result?searchterm=true&search=REH5456 HTTP/1.1" 200 5785 "http://renault.activities.at/account" "Mozilla/5.0 (Windows NT 10.0; WOW64; Trident/7.0; rv:11.0) like Gecko"
93.83.241.1 - - [26/Apr/2021:14:16:20 +0200] "GET /js/default.js HTTP/1.1" 304 - "http://renault.activities.at/result?searchterm=true&search=REH5456" "Mozilla/5.0 (Windows NT 10.0; WOW64; Trident/7.0; rv:11.0) like Gecko"
93.83.241.1 - - [26/Apr/2021:14:16:20 +0200] "GET /css/reset.css HTTP/1.1" 304 - "http://renault.activities.at/result?searchterm=true&search=REH5456" "Mozilla/5.0 (Windows NT 10.0; WOW64; Trident/7.0; rv:11.0) like Gecko"
93.83.241.1 - - [26/Apr/2021:14:16:20 +0200] "GET /css/styles.css HTTP/1.1" 304 - "http://renault.activities.at/result?searchterm=true&search=REH5456" "Mozilla/5.0 (Windows NT 10.0; WOW64; Trident/7.0; rv:11.0) like Gecko"
93.83.241.1 - - [26/Apr/2021:14:16:20 +0200] "GET /css/print.css HTTP/1.1" 304 - "http://renault.activities.at/result?searchterm=true&search=REH5456" "Mozilla/5.0 (Windows NT 10.0; WOW64; Trident/7.0; rv:11.0) like Gecko"
93.83.241.1 - - [26/Apr/2021:14:16:20 +0200] "GET /js/checkout.css HTTP/1.1" 304 - "http://renault.activities.at/result?searchterm=true&search=REH5456" "Mozilla/5.0 (Windows NT 10.0; WOW64; Trident/7.0; rv:11.0) like Gecko"
93.83.241.1 - - [26/Apr/2021:14:16:20 +0200] "GET /css/prototip.css HTTP/1.1" 304 - "http://renault.activities.at/result?searchterm=true&search=REH5456" "Mozilla/5.0 (Windows NT 10.0; WOW64; Trident/7.0; rv:11.0) like Gecko"
93.83.241.1 - - [26/Apr/2021:14:16:20 +0200] "GET /css/themes/default.css HTTP/1.1" 304 - "http://renault.activities.at/result?searchterm=true&search=REH5456" "Mozilla/5.0 (Windows NT 10.0; WOW64; Trident/7.0; rv:11.0) like Gecko"
93.83.241.1 - - [26/Apr/2021:14:16:20 +0200] "GET /css/themes/alphacube.css HTTP/1.1" 304 - "http://renault.activities.at/result?searchterm=true&search=REH5456" "Mozilla/5.0 (Windows NT 10.0; WOW64; Trident/7.0; rv:11.0) like Gecko"
93.83.241.1 - - [26/Apr/2021:14:16:20 +0200] "GET /loadthumbnail.php?id=10203255 HTTP/1.1" 200 137 "http://renault.activities.at/result?searchterm=true&search=REH5456" "Mozilla/5.0 (Windows NT 10.0; WOW64; Trident/7.0; rv:11.0) like Gecko"
93.83.241.1 - - [26/Apr/2021:14:16:20 +0200] "GET /loadthumbnail.php?id=12243596&width=113 HTTP/1.1" 200 2926 "http://renault.activities.at/result?searchterm=true&search=REH5456" "Mozilla/5.0 (Windows NT 10.0; WOW64; Trident/7.0; rv:11.0) like Gecko"
93.83.241.1 - - [26/Apr/2021:14:16:21 +0200] "GET /css/clears.css HTTP/1.1" 304 - "http://renault.activities.at/result?searchterm=true&search=REH5456" "Mozilla/5.0 (Windows NT 10.0; WOW64; Trident/7.0; rv:11.0) like Gecko"
93.83.241.1 - - [26/Apr/2021:14:16:21 +0200] "GET /js/prototip.js HTTP/1.1" 200 4588 "http://renault.activities.at/result?searchterm=true&search=REH5456" "Mozilla/5.0 (Windows NT 10.0; WOW64; Trident/7.0; rv:11.0) like Gecko"
93.83.241.1 - - [26/Apr/2021:14:16:21 +0200] "GET /images/header_block_corner_right_top.gif HTTP/1.1" 304 - "http://renault.activities.at/result?searchterm=true&search=REH5456" "Mozilla/5.0 (Windows NT 10.0; WOW64; Trident/7.0; rv:11.0) like Gecko"
93.83.241.1 - - [26/Apr/2021:14:16:21 +0200] "GET /images/header_block_corner_left_top.gif HTTP/1.1" 304 - "http://renault.activities.at/result?searchterm=true&search=REH5456" "Mozilla/5.0 (Windows NT 10.0; WOW64; Trident/7.0; rv:11.0) like Gecko"
93.83.241.1 - - [26/Apr/2021:14:16:21 +0200] "GET /images/main_block_border.gif HTTP/1.1" 304 - "http://renault.activities.at/result?searchterm=true&search=REH5456" "Mozilla/5.0 (Windows NT 10.0; WOW64; Trident/7.0; rv:11.0) like Gecko"
93.83.241.1 - - [26/Apr/2021:14:16:21 +0200] "GET /images/loading.gif HTTP/1.1" 200 3208 "http://renault.activities.at/result?searchterm=true&search=REH5456" "Mozilla/5.0 (Windows NT 10.0; WOW64; Trident/7.0; rv:11.0) like Gecko"
93.83.241.1 - - [26/Apr/2021:14:16:21 +0200] "GET /images/search_bg.gif HTTP/1.1" 304 - "http://renault.activities.at/result?searchterm=true&search=REH5456" "Mozilla/5.0 (Windows NT 10.0; WOW64; Trident/7.0; rv:11.0) like Gecko"
93.83.241.1 - - [26/Apr/2021:14:16:21 +0200] "GET /images/main_block_corner_right_top.gif HTTP/1.1" 304 - "http://renault.activities.at/result?searchterm=true&search=REH5456" "Mozilla/5.0 (Windows NT 10.0; WOW64; Trident/7.0; rv:11.0) like Gecko"
93.83.241.1 - - [26/Apr/2021:14:16:21 +0200] "GET /images/main_block_corner_left_bot.gif HTTP/1.1" 304 - "http://renault.activities.at/result?searchterm=true&search=REH5456" "Mozilla/5.0 (Windows NT 10.0; WOW64; Trident/7.0; rv:11.0) like Gecko"
93.83.241.1 - - [26/Apr/2021:14:16:21 +0200] "GET /images/main_block_corner_right_bot.gif HTTP/1.1" 304 - "http://renault.activities.at/result?searchterm=true&search=REH5456" "Mozilla/5.0 (Windows NT 10.0; WOW64; Trident/7.0; rv:11.0) like Gecko"
93.83.241.1 - - [26/Apr/2021:14:16:21 +0200] "GET /images/header_block_border.gif HTTP/1.1" 304 - "http://renault.activities.at/result?searchterm=true&search=REH5456" "Mozilla/5.0 (Windows NT 10.0; WOW64; Trident/7.0; rv:11.0) like Gecko"
93.83.241.1 - - [26/Apr/2021:14:16:21 +0200] "GET /images/sidebar_title_corner_right_top.gif HTTP/1.1" 304 - "http://renault.activities.at/result?searchterm=true&search=REH5456" "Mozilla/5.0 (Windows NT 10.0; WOW64; Trident/7.0; rv:11.0) like Gecko"
93.83.241.1 - - [26/Apr/2021:14:16:21 +0200] "GET /images/sidebar_title_corner_left_top.gif HTTP/1.1" 304 - "http://renault.activities.at/result?searchterm=true&search=REH5456" "Mozilla/5.0 (Windows NT 10.0; WOW64; Trident/7.0; rv:11.0) like Gecko"
93.83.241.1 - - [26/Apr/2021:14:16:21 +0200] "GET /images/button_bg.gif HTTP/1.1" 304 - "http://renault.activities.at/result?searchterm=true&search=REH5456" "Mozilla/5.0 (Windows NT 10.0; WOW64; Trident/7.0; rv:11.0) like Gecko"
93.83.241.1 - - [26/Apr/2021:14:16:21 +0200] "GET /images/menu_divider.gif HTTP/1.1" 304 - "http://renault.activities.at/result?searchterm=true&search=REH5456" "Mozilla/5.0 (Windows NT 10.0; WOW64; Trident/7.0; rv:11.0) like Gecko"
93.83.241.1 - - [26/Apr/2021:14:16:21 +0200] "GET /images/top_links_divider.gif HTTP/1.1" 304 - "http://renault.activities.at/result?searchterm=true&search=REH5456" "Mozilla/5.0 (Windows NT 10.0; WOW64; Trident/7.0; rv:11.0) like Gecko"
93.83.241.1 - - [26/Apr/2021:14:16:21 +0200] "GET /js/ProduktGrp.js HTTP/1.1" 200 1569 "http://renault.activities.at/result?searchterm=true&search=REH5456" "Mozilla/5.0 (Windows NT 10.0; WOW64; Trident/7.0; rv:11.0) like Gecko"
93.83.241.1 - - [26/Apr/2021:14:16:21 +0200] "GET /images/button_left_bg.gif HTTP/1.1" 304 - "http://renault.activities.at/result?searchterm=true&search=REH5456" "Mozilla/5.0 (Windows NT 10.0; WOW64; Trident/7.0; rv:11.0) like Gecko"
93.83.241.1 - - [26/Apr/2021:14:16:21 +0200] "GET /images/main_block_corner_left_top.gif HTTP/1.1" 304 - "http://renault.activities.at/result?searchterm=true&search=REH5456" "Mozilla/5.0 (Windows NT 10.0; WOW64; Trident/7.0; rv:11.0) like Gecko"
93.83.241.1 - - [26/Apr/2021:14:16:21 +0200] "GET /images/button_right_bg.gif HTTP/1.1" 304 - "http://renault.activities.at/result?searchterm=true&search=REH5456" "Mozilla/5.0 (Windows NT 10.0; WOW64; Trident/7.0; rv:11.0) like Gecko"
93.83.241.1 - - [26/Apr/2021:14:16:21 +0200] "GET /images/sidebar_title_border_top.gif HTTP/1.1" 304 - "http://renault.activities.at/result?searchterm=true&search=REH5456" "Mozilla/5.0 (Windows NT 10.0; WOW64; Trident/7.0; rv:11.0) like Gecko"
93.83.241.1 - - [26/Apr/2021:14:16:21 +0200] "GET /images/sidebar_title_border.gif HTTP/1.1" 304 - "http://renault.activities.at/result?searchterm=true&search=REH5456" "Mozilla/5.0 (Windows NT 10.0; WOW64; Trident/7.0; rv:11.0) like Gecko"
93.83.241.1 - - [26/Apr/2021:14:16:21 +0200] "GET /images/menu_button_bg.jpg HTTP/1.1" 304 - "http://renault.activities.at/result?searchterm=true&search=REH5456" "Mozilla/5.0 (Windows NT 10.0; WOW64; Trident/7.0; rv:11.0) like Gecko"
93.83.241.1 - - [26/Apr/2021:14:16:21 +0200] "GET /images/nav_divider.gif HTTP/1.1" 304 - "http://renault.activities.at/result?searchterm=true&search=REH5456" "Mozilla/5.0 (Windows NT 10.0; WOW64; Trident/7.0; rv:11.0) like Gecko"
93.83.241.1 - - [26/Apr/2021:14:16:21 +0200] "GET /images/title_corner_right_top.jpg HTTP/1.1" 304 - "http://renault.activities.at/result?searchterm=true&search=REH5456" "Mozilla/5.0 (Windows NT 10.0; WOW64; Trident/7.0; rv:11.0) like Gecko"
93.83.241.1 - - [26/Apr/2021:14:16:21 +0200] "GET /images/title_border.jpg HTTP/1.1" 304 - "http://renault.activities.at/result?searchterm=true&search=REH5456" "Mozilla/5.0 (Windows NT 10.0; WOW64; Trident/7.0; rv:11.0) like Gecko"
93.83.241.1 - - [26/Apr/2021:14:16:21 +0200] "GET /images/title_corner_left_top.jpg HTTP/1.1" 304 - "http://renault.activities.at/result?searchterm=true&search=REH5456" "Mozilla/5.0 (Windows NT 10.0; WOW64; Trident/7.0; rv:11.0) like Gecko"
93.83.241.1 - - [26/Apr/2021:14:16:21 +0200] "GET /images/title_border_top.jpg HTTP/1.1" 304 - "http://renault.activities.at/result?searchterm=true&search=REH5456" "Mozilla/5.0 (Windows NT 10.0; WOW64; Trident/7.0; rv:11.0) like Gecko"
93.83.241.1 - - [26/Apr/2021:14:16:21 +0200] "GET /images/footer_divider.gif HTTP/1.1" 304 - "http://renault.activities.at/result?searchterm=true&search=REH5456" "Mozilla/5.0 (Windows NT 10.0; WOW64; Trident/7.0; rv:11.0) like Gecko"
93.83.241.1 - - [26/Apr/2021:14:16:21 +0200] "GET /images/pager_bg.gif HTTP/1.1" 200 150 "http://renault.activities.at/result?searchterm=true&search=REH5456" "Mozilla/5.0 (Windows NT 10.0; WOW64; Trident/7.0; rv:11.0) like Gecko"
93.83.241.1 - - [26/Apr/2021:14:16:21 +0200] "GET /images/vista-up.gif HTTP/1.1" 200 131 "http://renault.activities.at/result?searchterm=true&search=REH5456" "Mozilla/5.0 (Windows NT 10.0; WOW64; Trident/7.0; rv:11.0) like Gecko"
93.83.241.1 - - [26/Apr/2021:14:16:21 +0200] "GET /images/vista-dn.gif HTTP/1.1" 200 128 "http://renault.activities.at/result?searchterm=true&search=REH5456" "Mozilla/5.0 (Windows NT 10.0; WOW64; Trident/7.0; rv:11.0) like Gecko"
93.83.241.1 - - [26/Apr/2021:14:16:22 +0200] "GET /images/validation_advice_bg.gif HTTP/1.1" 200 134 "http://renault.activities.at/result?searchterm=true&search=REH5456" "Mozilla/5.0 (Windows NT 10.0; WOW64; Trident/7.0; rv:11.0) like Gecko"
93.83.241.1 - - [26/Apr/2021:14:16:23 +0200] "POST /result?searchterm=true&search=REH5456 HTTP/1.1" 200 5968 "http://renault.activities.at/result?searchterm=true&search=REH5456" "Mozilla/5.0 (Windows NT 10.0; WOW64; Trident/7.0; rv:11.0) like Gecko"
93.83.241.1 - - [26/Apr/2021:14:16:26 +0200] "GET /js/default.js HTTP/1.1" 304 - "http://renault.activities.at/result?searchterm=true&search=REH5456" "Mozilla/5.0 (Windows NT 10.0; WOW64; Trident/7.0; rv:11.0) like Gecko"
93.83.241.1 - - [26/Apr/2021:14:16:26 +0200] "GET /js/prototip.js HTTP/1.1" 304 - "http://renault.activities.at/result?searchterm=true&search=REH5456" "Mozilla/5.0 (Windows NT 10.0; WOW64; Trident/7.0; rv:11.0) like Gecko"
93.83.241.1 - - [26/Apr/2021:14:16:26 +0200] "GET /css/styles.css HTTP/1.1" 304 - "http://renault.activities.at/result?searchterm=true&search=REH5456" "Mozilla/5.0 (Windows NT 10.0; WOW64; Trident/7.0; rv:11.0) like Gecko"
93.83.241.1 - - [26/Apr/2021:14:16:26 +0200] "GET /css/print.css HTTP/1.1" 304 - "http://renault.activities.at/result?searchterm=true&search=REH5456" "Mozilla/5.0 (Windows NT 10.0; WOW64; Trident/7.0; rv:11.0) like Gecko"
93.83.241.1 - - [26/Apr/2021:14:16:26 +0200] "GET /css/reset.css HTTP/1.1" 304 - "http://renault.activities.at/result?searchterm=true&search=REH5456" "Mozilla/5.0 (Windows NT 10.0; WOW64; Trident/7.0; rv:11.0) like Gecko"
93.83.241.1 - - [26/Apr/2021:14:16:26 +0200] "GET /css/clears.css HTTP/1.1" 304 - "http://renault.activities.at/result?searchterm=true&search=REH5456" "Mozilla/5.0 (Windows NT 10.0; WOW64; Trident/7.0; rv:11.0) like Gecko"
93.83.241.1 - - [26/Apr/2021:14:16:26 +0200] "GET /js/checkout.css HTTP/1.1" 304 - "http://renault.activities.at/result?searchterm=true&search=REH5456" "Mozilla/5.0 (Windows NT 10.0; WOW64; Trident/7.0; rv:11.0) like Gecko"
93.83.241.1 - - [26/Apr/2021:14:16:26 +0200] "GET /css/prototip.css HTTP/1.1" 304 - "http://renault.activities.at/result?searchterm=true&search=REH5456" "Mozilla/5.0 (Windows NT 10.0; WOW64; Trident/7.0; rv:11.0) like Gecko"
93.83.241.1 - - [26/Apr/2021:14:16:26 +0200] "GET /css/themes/default.css HTTP/1.1" 304 - "http://renault.activities.at/result?searchterm=true&search=REH5456" "Mozilla/5.0 (Windows NT 10.0; WOW64; Trident/7.0; rv:11.0) like Gecko"
93.83.241.1 - - [26/Apr/2021:14:16:26 +0200] "GET /js/ProduktGrp.js HTTP/1.1" 304 - "http://renault.activities.at/result?searchterm=true&search=REH5456" "Mozilla/5.0 (Windows NT 10.0; WOW64; Trident/7.0; rv:11.0) like Gecko"
93.83.241.1 - - [26/Apr/2021:14:16:26 +0200] "GET /css/themes/alphacube.css HTTP/1.1" 304 - "http://renault.activities.at/result?searchterm=true&search=REH5456" "Mozilla/5.0 (Windows NT 10.0; WOW64; Trident/7.0; rv:11.0) like Gecko"
93.83.241.1 - - [26/Apr/2021:14:16:26 +0200] "GET /images/loading.gif HTTP/1.1" 304 - "http://renault.activities.at/result?searchterm=true&search=REH5456" "Mozilla/5.0 (Windows NT 10.0; WOW64; Trident/7.0; rv:11.0) like Gecko"
93.83.241.1 - - [26/Apr/2021:14:16:26 +0200] "GET /images/main_block_corner_right_bot.gif HTTP/1.1" 304 - "http://renault.activities.at/result?searchterm=true&search=REH5456" "Mozilla/5.0 (Windows NT 10.0; WOW64; Trident/7.0; rv:11.0) like Gecko"
