88.116.10.164 - - [26/Apr/2021:15:48:18 +0200] "GET /images/sidebar_title_corner_right_top.gif HTTP/1.1" 200 383 "http://renault.activities.at/account" "Mozilla/5.0 (Windows NT 10.0; WOW64; Trident/7.0; rv:11.0) like Gecko"
88.116.10.164 - - [26/Apr/2021:15:48:18 +0200] "GET /images/validation_advice_bg.gif HTTP/1.1" 200 134 "http://renault.activities.at/account" "Mozilla/5.0 (Windows NT 10.0; WOW64; Trident/7.0; rv:11.0) like Gecko"
88.116.10.164 - - [26/Apr/2021:15:48:18 +0200] "GET /loadthumbnail.php?id=12309079&width=50&height=50 HTTP/1.1" 200 1141 "http://renault.activities.at/account" "Mozilla/5.0 (Windows NT 10.0; WOW64; Trident/7.0; rv:11.0) like Gecko"
88.116.10.164 - - [26/Apr/2021:15:48:18 +0200] "GET /images/reset_bg.gif HTTP/1.1" 200 785 "http://renault.activities.at/account" "Mozilla/5.0 (Windows NT 10.0; WOW64; Trident/7.0; rv:11.0) like Gecko"
88.116.10.164 - - [26/Apr/2021:15:48:18 +0200] "GET /images/menu_divider.gif HTTP/1.1" 200 176 "http://renault.activities.at/account" "Mozilla/5.0 (Windows NT 10.0; WOW64; Trident/7.0; rv:11.0) like Gecko"
88.116.10.164 - - [26/Apr/2021:15:48:18 +0200] "GET /images/sidebar_title_border.gif HTTP/1.1" 200 43 "http://renault.activities.at/account" "Mozilla/5.0 (Windows NT 10.0; WOW64; Trident/7.0; rv:11.0) like Gecko"
88.116.10.164 - - [26/Apr/2021:15:48:18 +0200] "GET /images/top_links_divider.gif HTTP/1.1" 200 44 "http://renault.activities.at/account" "Mozilla/5.0 (Windows NT 10.0; WOW64; Trident/7.0; rv:11.0) like Gecko"
88.116.10.164 - - [26/Apr/2021:15:48:18 +0200] "GET /images/menu_button_bg.jpg HTTP/1.1" 200 322 "http://renault.activities.at/account" "Mozilla/5.0 (Windows NT 10.0; WOW64; Trident/7.0; rv:11.0) like Gecko"
88.116.10.164 - - [26/Apr/2021:15:48:18 +0200] "GET /images/nav_divider.gif HTTP/1.1" 200 43 "http://renault.activities.at/account" "Mozilla/5.0 (Windows NT 10.0; WOW64; Trident/7.0; rv:11.0) like Gecko"
88.116.10.164 - - [26/Apr/2021:15:48:18 +0200] "GET /favicon.ico HTTP/1.1" 200 3250 "-" "Mozilla/5.0 (Windows NT 10.0; Win64; x64; Trident/7.0; rv:11.0) like Gecko"
88.116.10.164 - - [26/Apr/2021:15:48:22 +0200] "GET /result?searchterm=true&search=GEWINN HTTP/1.1" 200 5876 "http://renault.activities.at/account" "Mozilla/5.0 (Windows NT 10.0; WOW64; Trident/7.0; rv:11.0) like Gecko"
88.116.10.164 - - [26/Apr/2021:15:48:24 +0200] "GET /js/prototip.js HTTP/1.1" 200 4588 "http://renault.activities.at/result?searchterm=true&search=GEWINN" "Mozilla/5.0 (Windows NT 10.0; WOW64; Trident/7.0; rv:11.0) like Gecko"
88.116.10.164 - - [26/Apr/2021:15:48:24 +0200] "GET /js/ProduktGrp.js HTTP/1.1" 200 1569 "http://renault.activities.at/result?searchterm=true&search=GEWINN" "Mozilla/5.0 (Windows NT 10.0; WOW64; Trident/7.0; rv:11.0) like Gecko"
88.116.10.164 - - [26/Apr/2021:15:48:24 +0200] "GET /images/loading.gif HTTP/1.1" 200 3208 "http://renault.activities.at/result?searchterm=true&search=GEWINN" "Mozilla/5.0 (Windows NT 10.0; WOW64; Trident/7.0; rv:11.0) like Gecko"
88.116.10.164 - - [26/Apr/2021:15:48:24 +0200] "GET /loadthumbnail.php?id=10203255 HTTP/1.1" 200 137 "http://renault.activities.at/result?searchterm=true&search=GEWINN" "Mozilla/5.0 (Windows NT 10.0; WOW64; Trident/7.0; rv:11.0) like Gecko"
88.116.10.164 - - [26/Apr/2021:15:48:24 +0200] "GET /loadthumbnail.php?id=10271875&width=113 HTTP/1.1" 200 1262 "http://renault.activities.at/result?searchterm=true&search=GEWINN" "Mozilla/5.0 (Windows NT 10.0; WOW64; Trident/7.0; rv:11.0) like Gecko"
88.116.10.164 - - [26/Apr/2021:15:48:24 +0200] "GET /images/vista-dn.gif HTTP/1.1" 200 128 "http://renault.activities.at/result?searchterm=true&search=GEWINN" "Mozilla/5.0 (Windows NT 10.0; WOW64; Trident/7.0; rv:11.0) like Gecko"
88.116.10.164 - - [26/Apr/2021:15:48:24 +0200] "GET /images/pager_bg.gif HTTP/1.1" 200 150 "http://renault.activities.at/result?searchterm=true&search=GEWINN" "Mozilla/5.0 (Windows NT 10.0; WOW64; Trident/7.0; rv:11.0) like Gecko"
88.116.10.164 - - [26/Apr/2021:15:48:24 +0200] "GET /images/vista-up.gif HTTP/1.1" 200 131 "http://renault.activities.at/result?searchterm=true&search=GEWINN" "Mozilla/5.0 (Windows NT 10.0; WOW64; Trident/7.0; rv:11.0) like Gecko"
88.116.10.164 - - [26/Apr/2021:15:48:22 +0200] "POST /axjaxrequest?mode=suggest HTTP/1.1" 200 111 "http://renault.activities.at/account" "Mozilla/5.0 (Windows NT 10.0; WOW64; Trident/7.0; rv:11.0) like Gecko"
91.113.165.162 - - [26/Apr/2021:15:48:34 +0200] "GET /reload?ser=1619444914430 HTTP/1.1" 200 28 "http://renault.activities.at/success" "Mozilla/5.0 (Windows NT 10.0; Win64; x64) AppleWebKit/537.36 (KHTML, like Gecko) Chrome/89.0.4389.128 Safari/537.36"
93.83.241.1 - - [26/Apr/2021:15:48:35 +0200] "GET /reload?ser=1619444914989 HTTP/1.1" 200 28 "http://renault.activities.at/success" "Mozilla/5.0 (Windows NT 10.0; WOW64; Trident/7.0; rv:11.0) like Gecko"
213.182.253.200 - - [26/Apr/2021:15:48:37 +0200] "GET /reload?ser=1619444917445 HTTP/1.1" 200 28 "http://renault.activities.at/result?searchterm=true&search=arkana" "Mozilla/5.0 (Windows NT 10.0; Win64; x64) AppleWebKit/537.36 (KHTML, like Gecko) Chrome/89.0.4389.128 Safari/537.36"
80.123.225.38 - - [26/Apr/2021:15:48:39 +0200] "GET /reload?ser=1619444919636 HTTP/1.1" 200 28 "http://renault.activities.at/success" "Mozilla/5.0 (Windows NT 6.1; WOW64; Trident/7.0; rv:11.0) like Gecko"
80.120.210.179 - - [26/Apr/2021:15:48:44 +0200] "GET /reload?ser=1619444924299 HTTP/1.1" 200 28 "http://renault.activities.at/cart" "Mozilla/5.0 (Windows NT 10.0; Win64; x64) AppleWebKit/537.36 (KHTML, like Gecko) Chrome/90.0.4430.85 Safari/537.36"
88.116.10.164 - - [26/Apr/2021:15:49:07 +0200] "POST /axjaxrequest?mode=suggest HTTP/1.1" 200 21 "http://renault.activities.at/result?searchterm=true&search=GEWINN" "Mozilla/5.0 (Windows NT 10.0; WOW64; Trident/7.0; rv:11.0) like Gecko"
88.116.10.164 - - [26/Apr/2021:15:49:09 +0200] "POST /axjaxrequest?mode=suggest HTTP/1.1" 200 21 "http://renault.activities.at/result?searchterm=true&search=GEWINN" "Mozilla/5.0 (Windows NT 10.0; WOW64; Trident/7.0; rv:11.0) like Gecko"
88.116.10.164 - - [26/Apr/2021:15:49:11 +0200] "GET /result?searchterm=true&search=WERKSTATT HTTP/1.1" 200 6491 "http://renault.activities.at/result?searchterm=true&search=GEWINN" "Mozilla/5.0 (Windows NT 10.0; WOW64; Trident/7.0; rv:11.0) like Gecko"
88.116.10.164 - - [26/Apr/2021:15:49:13 +0200] "GET /loadthumbnail.php?id=12329376&width=113 HTTP/1.1" 200 4961 "http://renault.activities.at/result?searchterm=true&search=WERKSTATT" "Mozilla/5.0 (Windows NT 10.0; WOW64; Trident/7.0; rv:11.0) like Gecko"
88.116.10.164 - - [26/Apr/2021:15:49:13 +0200] "GET /loadthumbnail.php?id=11831534&width=113 HTTP/1.1" 200 4126 "http://renault.activities.at/result?searchterm=true&search=WERKSTATT" "Mozilla/5.0 (Windows NT 10.0; WOW64; Trident/7.0; rv:11.0) like Gecko"
88.116.10.164 - - [26/Apr/2021:15:49:13 +0200] "GET /loadthumbnail.php?id=12247032&width=113 HTTP/1.1" 200 5603 "http://renault.activities.at/result?searchterm=true&search=WERKSTATT" "Mozilla/5.0 (Windows NT 10.0; WOW64; Trident/7.0; rv:11.0) like Gecko"
88.116.10.164 - - [26/Apr/2021:15:49:13 +0200] "GET /loadthumbnail.php?id=12247019&width=113 HTTP/1.1" 200 3543 "http://renault.activities.at/result?searchterm=true&search=WERKSTATT" "Mozilla/5.0 (Windows NT 10.0; WOW64; Trident/7.0; rv:11.0) like Gecko"
88.116.10.164 - - [26/Apr/2021:15:49:21 +0200] "GET /css/themes/alphacube/bottom_middle.gif HTTP/1.1" 200 44 "http://renault.activities.at/result?searchterm=true&search=WERKSTATT" "Mozilla/5.0 (Windows NT 10.0; WOW64; Trident/7.0; rv:11.0) like Gecko"
88.116.10.164 - - [26/Apr/2021:15:49:21 +0200] "GET /css/themes/alphacube/frame_right.gif HTTP/1.1" 200 64 "http://renault.activities.at/result?searchterm=true&search=WERKSTATT" "Mozilla/5.0 (Windows NT 10.0; WOW64; Trident/7.0; rv:11.0) like Gecko"
88.116.10.164 - - [26/Apr/2021:15:49:21 +0200] "GET /css/themes/alphacube/frame_left.gif HTTP/1.1" 200 64 "http://renault.activities.at/result?searchterm=true&search=WERKSTATT" "Mozilla/5.0 (Windows NT 10.0; WOW64; Trident/7.0; rv:11.0) like Gecko"
88.116.10.164 - - [26/Apr/2021:15:49:21 +0200] "GET /css/themes/alphacube/top_mid.gif HTTP/1.1" 200 833 "http://renault.activities.at/result?searchterm=true&search=WERKSTATT" "Mozilla/5.0 (Windows NT 10.0; WOW64; Trident/7.0; rv:11.0) like Gecko"
88.116.10.164 - - [26/Apr/2021:15:49:21 +0200] "GET /css/themes/alphacube/top_left.gif HTTP/1.1" 200 973 "http://renault.activities.at/result?searchterm=true&search=WERKSTATT" "Mozilla/5.0 (Windows NT 10.0; WOW64; Trident/7.0; rv:11.0) like Gecko"
88.116.10.164 - - [26/Apr/2021:15:49:21 +0200] "GET /css/themes/alphacube/bottom_left-c.gif HTTP/1.1" 200 62 "http://renault.activities.at/result?searchterm=true&search=WERKSTATT" "Mozilla/5.0 (Windows NT 10.0; WOW64; Trident/7.0; rv:11.0) like Gecko"
88.116.10.164 - - [26/Apr/2021:15:49:21 +0200] "GET /css/themes/alphacube/top_right.gif HTTP/1.1" 200 972 "http://renault.activities.at/result?searchterm=true&search=WERKSTATT" "Mozilla/5.0 (Windows NT 10.0; WOW64; Trident/7.0; rv:11.0) like Gecko"
88.116.10.164 - - [26/Apr/2021:15:49:21 +0200] "GET /css/themes/alphacube/bottom_right-c.gif HTTP/1.1" 200 62 "http://renault.activities.at/result?searchterm=true&search=WERKSTATT" "Mozilla/5.0 (Windows NT 10.0; WOW64; Trident/7.0; rv:11.0) like Gecko"
88.116.10.164 - - [26/Apr/2021:15:49:21 +0200] "GET /css/themes/alphacube/button-close-focus.gif HTTP/1.1" 200 699 "http://renault.activities.at/result?searchterm=true&search=WERKSTATT" "Mozilla/5.0 (Windows NT 10.0; WOW64; Trident/7.0; rv:11.0) like Gecko"
88.116.10.164 - - [26/Apr/2021:15:49:21 +0200] "GET /11831532?print=true HTTP/1.1" 200 2406 "http://renault.activities.at/result?searchterm=true&search=WERKSTATT" "Mozilla/5.0 (Windows NT 10.0; WOW64; Trident/7.0; rv:11.0) like Gecko"
88.116.10.164 - - [26/Apr/2021:15:49:23 +0200] "GET /js/magiczoom/magiczoom.css HTTP/1.1" 200 1210 "http://renault.activities.at/11831532?print=true" "Mozilla/5.0 (Windows NT 10.0; WOW64; Trident/7.0; rv:11.0) like Gecko"
88.116.10.164 - - [26/Apr/2021:15:49:23 +0200] "GET /js/Produkt.js HTTP/1.1" 200 852 "http://renault.activities.at/11831532?print=true" "Mozilla/5.0 (Windows NT 10.0; WOW64; Trident/7.0; rv:11.0) like Gecko"
88.116.10.164 - - [26/Apr/2021:15:49:23 +0200] "GET /js/magiczoom/magiczoom.js HTTP/1.1" 200 26397 "http://renault.activities.at/11831532?print=true" "Mozilla/5.0 (Windows NT 10.0; WOW64; Trident/7.0; rv:11.0) like Gecko"
88.116.10.164 - - [26/Apr/2021:15:49:23 +0200] "GET /loadthumbnail.php?id=10203650&width=200 HTTP/1.1" 200 4671 "http://renault.activities.at/11831532?print=true" "Mozilla/5.0 (Windows NT 10.0; WOW64; Trident/7.0; rv:11.0) like Gecko"
88.116.10.164 - - [26/Apr/2021:15:49:27 +0200] "GET /null HTTP/1.1" 200 3772 "http://renault.activities.at/result?searchterm=true&search=WERKSTATT" "Mozilla/5.0 (Windows NT 10.0; WOW64; Trident/7.0; rv:11.0) like Gecko"
88.116.10.164 - - [26/Apr/2021:15:49:31 +0200] "GET /11831532?print=true HTTP/1.1" 200 2406 "http://renault.activities.at/result?searchterm=true&search=WERKSTATT" "Mozilla/5.0 (Windows NT 10.0; WOW64; Trident/7.0; rv:11.0) like Gecko"
91.113.165.162 - - [26/Apr/2021:15:49:35 +0200] "GET /reload?ser=1619444975423 HTTP/1.1" 200 28 "http://renault.activities.at/success" "Mozilla/5.0 (Windows NT 10.0; Win64; x64) AppleWebKit/537.36 (KHTML, like Gecko) Chrome/89.0.4389.128 Safari/537.36"
93.83.241.1 - - [26/Apr/2021:15:49:36 +0200] "GET /reload?ser=1619444975985 HTTP/1.1" 200 28 "http://renault.activities.at/success" "Mozilla/5.0 (Windows NT 10.0; WOW64; Trident/7.0; rv:11.0) like Gecko"
88.116.10.164 - - [26/Apr/2021:15:49:36 +0200] "GET /null HTTP/1.1" 200 3772 "http://renault.activities.at/result?searchterm=true&search=WERKSTATT" "Mozilla/5.0 (Windows NT 10.0; WOW64; Trident/7.0; rv:11.0) like Gecko"
213.182.253.200 - - [26/Apr/2021:15:49:38 +0200] "GET /reload?ser=1619444978450 HTTP/1.1" 200 28 "http://renault.activities.at/result?searchterm=true&search=arkana" "Mozilla/5.0 (Windows NT 10.0; Win64; x64) AppleWebKit/537.36 (KHTML, like Gecko) Chrome/89.0.4389.128 Safari/537.36"
80.123.225.38 - - [26/Apr/2021:15:49:40 +0200] "GET /reload?ser=1619444980633 HTTP/1.1" 200 28 "http://renault.activities.at/success" "Mozilla/5.0 (Windows NT 6.1; WOW64; Trident/7.0; rv:11.0) like Gecko"
80.120.210.179 - - [26/Apr/2021:15:49:45 +0200] "GET /reload?ser=1619444985306 HTTP/1.1" 200 28 "http://renault.activities.at/cart" "Mozilla/5.0 (Windows NT 10.0; Win64; x64) AppleWebKit/537.36 (KHTML, like Gecko) Chrome/90.0.4430.85 Safari/537.36"
88.116.10.164 - - [26/Apr/2021:15:50:13 +0200] "GET /reload?ser=1619445013547 HTTP/1.1" 200 28 "http://renault.activities.at/result?searchterm=true&search=WERKSTATT" "Mozilla/5.0 (Windows NT 10.0; WOW64; Trident/7.0; rv:11.0) like Gecko"
91.113.165.162 - - [26/Apr/2021:15:50:36 +0200] "GET /reload?ser=1619445036430 HTTP/1.1" 200 28 "http://renault.activities.at/success" "Mozilla/5.0 (Windows NT 10.0; Win64; x64) AppleWebKit/537.36 (KHTML, like Gecko) Chrome/89.0.4389.128 Safari/537.36"
93.83.241.1 - - [26/Apr/2021:15:50:37 +0200] "GET /reload?ser=1619445037023 HTTP/1.1" 200 28 "http://renault.activities.at/success" "Mozilla/5.0 (Windows NT 10.0; WOW64; Trident/7.0; rv:11.0) like Gecko"
213.182.253.200 - - [26/Apr/2021:15:50:39 +0200] "GET /reload?ser=1619445039450 HTTP/1.1" 200 28 "http://renault.activities.at/result?searchterm=true&search=arkana" "Mozilla/5.0 (Windows NT 10.0; Win64; x64) AppleWebKit/537.36 (KHTML, like Gecko) Chrome/89.0.4389.128 Safari/537.36"
80.123.225.38 - - [26/Apr/2021:15:50:41 +0200] "GET /reload?ser=1619445041619 HTTP/1.1" 200 28 "http://renault.activities.at/success" "Mozilla/5.0 (Windows NT 6.1; WOW64; Trident/7.0; rv:11.0) like Gecko"
80.120.210.179 - - [26/Apr/2021:15:50:46 +0200] "GET /reload?ser=1619445046299 HTTP/1.1" 200 28 "http://renault.activities.at/cart" "Mozilla/5.0 (Windows NT 10.0; Win64; x64) AppleWebKit/537.36 (KHTML, like Gecko) Chrome/90.0.4430.85 Safari/537.36"
88.116.10.164 - - [26/Apr/2021:15:51:14 +0200] "GET /reload?ser=1619445074521 HTTP/1.1" 200 28 "http://renault.activities.at/result?searchterm=true&search=WERKSTATT" "Mozilla/5.0 (Windows NT 10.0; WOW64; Trident/7.0; rv:11.0) like Gecko"
91.113.165.162 - - [26/Apr/2021:15:51:37 +0200] "GET /reload?ser=1619445097430 HTTP/1.1" 200 28 "http://renault.activities.at/success" "Mozilla/5.0 (Windows NT 10.0; Win64; x64) AppleWebKit/537.36 (KHTML, like Gecko) Chrome/89.0.4389.128 Safari/537.36"
93.83.241.1 - - [26/Apr/2021:15:51:38 +0200] "GET /reload?ser=1619445097990 HTTP/1.1" 200 28 "http://renault.activities.at/success" "Mozilla/5.0 (Windows NT 10.0; WOW64; Trident/7.0; rv:11.0) like Gecko"
213.182.253.200 - - [26/Apr/2021:15:51:40 +0200] "GET /reload?ser=1619445100450 HTTP/1.1" 200 28 "http://renault.activities.at/result?searchterm=true&search=arkana" "Mozilla/5.0 (Windows NT 10.0; Win64; x64) AppleWebKit/537.36 (KHTML, like Gecko) Chrome/89.0.4389.128 Safari/537.36"
80.123.225.38 - - [26/Apr/2021:15:51:42 +0200] "GET /reload?ser=1619445102608 HTTP/1.1" 200 28 "http://renault.activities.at/success" "Mozilla/5.0 (Windows NT 6.1; WOW64; Trident/7.0; rv:11.0) like Gecko"
80.120.210.179 - - [26/Apr/2021:15:51:47 +0200] "GET /reload?ser=1619445107306 HTTP/1.1" 200 28 "http://renault.activities.at/cart" "Mozilla/5.0 (Windows NT 10.0; Win64; x64) AppleWebKit/537.36 (KHTML, like Gecko) Chrome/90.0.4430.85 Safari/537.36"
88.116.10.164 - - [26/Apr/2021:15:52:15 +0200] "GET /reload?ser=1619445135511 HTTP/1.1" 200 28 "http://renault.activities.at/result?searchterm=true&search=WERKSTATT" "Mozilla/5.0 (Windows NT 10.0; WOW64; Trident/7.0; rv:11.0) like Gecko"
91.113.165.162 - - [26/Apr/2021:15:52:38 +0200] "GET /reload?ser=1619445158424 HTTP/1.1" 200 28 "http://renault.activities.at/success" "Mozilla/5.0 (Windows NT 10.0; Win64; x64) AppleWebKit/537.36 (KHTML, like Gecko) Chrome/89.0.4389.128 Safari/537.36"
93.83.241.1 - - [26/Apr/2021:15:52:39 +0200] "GET /reload?ser=1619445158971 HTTP/1.1" 200 28 "http://renault.activities.at/success" "Mozilla/5.0 (Windows NT 10.0; WOW64; Trident/7.0; rv:11.0) like Gecko"
80.123.225.38 - - [26/Apr/2021:15:52:43 +0200] "GET /reload?ser=1619445163584 HTTP/1.1" 200 28 "http://renault.activities.at/success" "Mozilla/5.0 (Windows NT 6.1; WOW64; Trident/7.0; rv:11.0) like Gecko"
80.120.210.179 - - [26/Apr/2021:15:52:48 +0200] "GET /reload?ser=1619445168304 HTTP/1.1" 200 28 "http://renault.activities.at/cart" "Mozilla/5.0 (Windows NT 10.0; Win64; x64) AppleWebKit/537.36 (KHTML, like Gecko) Chrome/90.0.4430.85 Safari/537.36"
88.116.10.164 - - [26/Apr/2021:15:53:16 +0200] "GET /reload?ser=1619445196487 HTTP/1.1" 200 28 "http://renault.activities.at/result?searchterm=true&search=WERKSTATT" "Mozilla/5.0 (Windows NT 10.0; WOW64; Trident/7.0; rv:11.0) like Gecko"
91.113.165.162 - - [26/Apr/2021:15:53:39 +0200] "GET /reload?ser=1619445219434 HTTP/1.1" 200 28 "http://renault.activities.at/success" "Mozilla/5.0 (Windows NT 10.0; Win64; x64) AppleWebKit/537.36 (KHTML, like Gecko) Chrome/89.0.4389.128 Safari/537.36"
93.83.241.1 - - [26/Apr/2021:15:53:40 +0200] "GET /reload?ser=1619445219948 HTTP/1.1" 200 28 "http://renault.activities.at/success" "Mozilla/5.0 (Windows NT 10.0; WOW64; Trident/7.0; rv:11.0) like Gecko"
80.123.225.38 - - [26/Apr/2021:15:53:44 +0200] "GET /reload?ser=1619445224555 HTTP/1.1" 200 28 "http://renault.activities.at/success" "Mozilla/5.0 (Windows NT 6.1; WOW64; Trident/7.0; rv:11.0) like Gecko"
80.120.210.179 - - [26/Apr/2021:15:53:49 +0200] "GET /reload?ser=1619445229306 HTTP/1.1" 200 28 "http://renault.activities.at/cart" "Mozilla/5.0 (Windows NT 10.0; Win64; x64) AppleWebKit/537.36 (KHTML, like Gecko) Chrome/90.0.4430.85 Safari/537.36"
88.116.10.164 - - [26/Apr/2021:15:54:17 +0200] "GET /reload?ser=1619445257494 HTTP/1.1" 200 28 "http://renault.activities.at/result?searchterm=true&search=WERKSTATT" "Mozilla/5.0 (Windows NT 10.0; WOW64; Trident/7.0; rv:11.0) like Gecko"
91.113.165.162 - - [26/Apr/2021:15:54:40 +0200] "GET /reload?ser=1619445280431 HTTP/1.1" 200 28 "http://renault.activities.at/success" "Mozilla/5.0 (Windows NT 10.0; Win64; x64) AppleWebKit/537.36 (KHTML, like Gecko) Chrome/89.0.4389.128 Safari/537.36"
93.83.241.1 - - [26/Apr/2021:15:54:41 +0200] "GET /reload?ser=1619445280959 HTTP/1.1" 200 28 "http://renault.activities.at/success" "Mozilla/5.0 (Windows NT 10.0; WOW64; Trident/7.0; rv:11.0) like Gecko"
80.123.225.38 - - [26/Apr/2021:15:54:45 +0200] "GET /reload?ser=1619445285575 HTTP/1.1" 200 28 "http://renault.activities.at/success" "Mozilla/5.0 (Windows NT 6.1; WOW64; Trident/7.0; rv:11.0) like Gecko"
80.120.210.179 - - [26/Apr/2021:15:54:50 +0200] "GET /reload?ser=1619445290303 HTTP/1.1" 200 28 "http://renault.activities.at/cart" "Mozilla/5.0 (Windows NT 10.0; Win64; x64) AppleWebKit/537.36 (KHTML, like Gecko) Chrome/90.0.4430.85 Safari/537.36"
88.116.10.164 - - [26/Apr/2021:15:55:18 +0200] "GET /reload?ser=1619445318470 HTTP/1.1" 200 28 "http://renault.activities.at/result?searchterm=true&search=WERKSTATT" "Mozilla/5.0 (Windows NT 10.0; WOW64; Trident/7.0; rv:11.0) like Gecko"
91.113.165.162 - - [26/Apr/2021:15:55:41 +0200] "GET /reload?ser=1619445341430 HTTP/1.1" 200 28 "http://renault.activities.at/success" "Mozilla/5.0 (Windows NT 10.0; Win64; x64) AppleWebKit/537.36 (KHTML, like Gecko) Chrome/89.0.4389.128 Safari/537.36"
93.83.241.1 - - [26/Apr/2021:15:55:42 +0200] "GET /reload?ser=1619445341990 HTTP/1.1" 200 28 "http://renault.activities.at/success" "Mozilla/5.0 (Windows NT 10.0; WOW64; Trident/7.0; rv:11.0) like Gecko"
80.123.225.38 - - [26/Apr/2021:15:55:46 +0200] "GET /reload?ser=1619445346583 HTTP/1.1" 200 28 "http://renault.activities.at/success" "Mozilla/5.0 (Windows NT 6.1; WOW64; Trident/7.0; rv:11.0) like Gecko"
80.120.210.179 - - [26/Apr/2021:15:55:51 +0200] "GET /reload?ser=1619445351299 HTTP/1.1" 200 28 "http://renault.activities.at/cart" "Mozilla/5.0 (Windows NT 10.0; Win64; x64) AppleWebKit/537.36 (KHTML, like Gecko) Chrome/90.0.4430.85 Safari/537.36"
88.116.10.164 - - [26/Apr/2021:15:56:19 +0200] "GET /reload?ser=1619445379437 HTTP/1.1" 200 28 "http://renault.activities.at/result?searchterm=true&search=WERKSTATT" "Mozilla/5.0 (Windows NT 10.0; WOW64; Trident/7.0; rv:11.0) like Gecko"
91.113.165.162 - - [26/Apr/2021:15:56:42 +0200] "GET /reload?ser=1619445402425 HTTP/1.1" 200 28 "http://renault.activities.at/success" "Mozilla/5.0 (Windows NT 10.0; Win64; x64) AppleWebKit/537.36 (KHTML, like Gecko) Chrome/89.0.4389.128 Safari/537.36"
93.83.241.1 - - [26/Apr/2021:15:56:43 +0200] "GET /reload?ser=1619445403029 HTTP/1.1" 200 28 "http://renault.activities.at/success" "Mozilla/5.0 (Windows NT 10.0; WOW64; Trident/7.0; rv:11.0) like Gecko"
80.123.225.38 - - [26/Apr/2021:15:56:47 +0200] "GET /reload?ser=1619445407582 HTTP/1.1" 200 28 "http://renault.activities.at/success" "Mozilla/5.0 (Windows NT 6.1; WOW64; Trident/7.0; rv:11.0) like Gecko"
80.120.210.179 - - [26/Apr/2021:15:56:52 +0200] "GET /reload?ser=1619445412300 HTTP/1.1" 200 28 "http://renault.activities.at/cart" "Mozilla/5.0 (Windows NT 10.0; Win64; x64) AppleWebKit/537.36 (KHTML, like Gecko) Chrome/90.0.4430.85 Safari/537.36"
88.116.10.164 - - [26/Apr/2021:15:57:20 +0200] "GET /reload?ser=1619445440427 HTTP/1.1" 200 28 "http://renault.activities.at/result?searchterm=true&search=WERKSTATT" "Mozilla/5.0 (Windows NT 10.0; WOW64; Trident/7.0; rv:11.0) like Gecko"
91.113.165.162 - - [26/Apr/2021:15:57:43 +0200] "GET /reload?ser=1619445463433 HTTP/1.1" 200 28 "http://renault.activities.at/success" "Mozilla/5.0 (Windows NT 10.0; Win64; x64) AppleWebKit/537.36 (KHTML, like Gecko) Chrome/89.0.4389.128 Safari/537.36"
93.83.241.1 - - [26/Apr/2021:15:57:44 +0200] "GET /reload?ser=1619445464025 HTTP/1.1" 200 28 "http://renault.activities.at/success" "Mozilla/5.0 (Windows NT 10.0; WOW64; Trident/7.0; rv:11.0) like Gecko"
80.123.225.38 - - [26/Apr/2021:15:57:48 +0200] "GET /reload?ser=1619445468554 HTTP/1.1" 200 28 "http://renault.activities.at/success" "Mozilla/5.0 (Windows NT 6.1; WOW64; Trident/7.0; rv:11.0) like Gecko"
80.120.210.179 - - [26/Apr/2021:15:57:53 +0200] "GET /reload?ser=1619445473300 HTTP/1.1" 200 28 "http://renault.activities.at/cart" "Mozilla/5.0 (Windows NT 10.0; Win64; x64) AppleWebKit/537.36 (KHTML, like Gecko) Chrome/90.0.4430.85 Safari/537.36"
88.116.10.164 - - [26/Apr/2021:15:58:21 +0200] "GET /reload?ser=1619445501438 HTTP/1.1" 200 28 "http://renault.activities.at/result?searchterm=true&search=WERKSTATT" "Mozilla/5.0 (Windows NT 10.0; WOW64; Trident/7.0; rv:11.0) like Gecko"
91.113.165.162 - - [26/Apr/2021:15:58:44 +0200] "GET /reload?ser=1619445524432 HTTP/1.1" 200 28 "http://renault.activities.at/success" "Mozilla/5.0 (Windows NT 10.0; Win64; x64) AppleWebKit/537.36 (KHTML, like Gecko) Chrome/89.0.4389.128 Safari/537.36"
93.83.241.1 - - [26/Apr/2021:15:58:45 +0200] "GET /reload?ser=1619445525005 HTTP/1.1" 200 28 "http://renault.activities.at/success" "Mozilla/5.0 (Windows NT 10.0; WOW64; Trident/7.0; rv:11.0) like Gecko"
80.123.225.38 - - [26/Apr/2021:15:58:49 +0200] "GET /reload?ser=1619445529532 HTTP/1.1" 200 28 "http://renault.activities.at/success" "Mozilla/5.0 (Windows NT 6.1; WOW64; Trident/7.0; rv:11.0) like Gecko"
80.120.210.179 - - [26/Apr/2021:15:58:54 +0200] "GET /reload?ser=1619445534300 HTTP/1.1" 200 28 "http://renault.activities.at/cart" "Mozilla/5.0 (Windows NT 10.0; Win64; x64) AppleWebKit/537.36 (KHTML, like Gecko) Chrome/90.0.4430.85 Safari/537.36"
88.116.10.164 - - [26/Apr/2021:15:59:22 +0200] "GET /reload?ser=1619445562449 HTTP/1.1" 200 28 "http://renault.activities.at/result?searchterm=true&search=WERKSTATT" "Mozilla/5.0 (Windows NT 10.0; WOW64; Trident/7.0; rv:11.0) like Gecko"
91.113.165.162 - - [26/Apr/2021:15:59:45 +0200] "GET /reload?ser=1619445585426 HTTP/1.1" 200 28 "http://renault.activities.at/success" "Mozilla/5.0 (Windows NT 10.0; Win64; x64) AppleWebKit/537.36 (KHTML, like Gecko) Chrome/89.0.4389.128 Safari/537.36"
93.83.241.1 - - [26/Apr/2021:15:59:46 +0200] "GET /reload?ser=1619445586019 HTTP/1.1" 200 28 "http://renault.activities.at/success" "Mozilla/5.0 (Windows NT 10.0; WOW64; Trident/7.0; rv:11.0) like Gecko"
80.123.225.38 - - [26/Apr/2021:15:59:50 +0200] "GET /reload?ser=1619445590522 HTTP/1.1" 200 28 "http://renault.activities.at/success" "Mozilla/5.0 (Windows NT 6.1; WOW64; Trident/7.0; rv:11.0) like Gecko"
80.120.210.179 - - [26/Apr/2021:15:59:55 +0200] "GET /reload?ser=1619445595301 HTTP/1.1" 200 28 "http://renault.activities.at/cart" "Mozilla/5.0 (Windows NT 10.0; Win64; x64) AppleWebKit/537.36 (KHTML, like Gecko) Chrome/90.0.4430.85 Safari/537.36"
213.182.253.200 - - [26/Apr/2021:16:00:18 +0200] "GET /success HTTP/1.1" 302 138 "-" "Mozilla/5.0 (Windows NT 10.0; Win64; x64) AppleWebKit/537.36 (KHTML, like Gecko) Chrome/89.0.4389.128 Safari/537.36"
213.182.253.200 - - [26/Apr/2021:16:00:19 +0200] "GET /cart HTTP/1.1" 200 3925 "-" "Mozilla/5.0 (Windows NT 10.0; Win64; x64) AppleWebKit/537.36 (KHTML, like Gecko) Chrome/89.0.4389.128 Safari/537.36"
88.116.10.164 - - [26/Apr/2021:16:00:23 +0200] "GET /reload?ser=1619445623399 HTTP/1.1" 200 28 "http://renault.activities.at/result?searchterm=true&search=WERKSTATT" "Mozilla/5.0 (Windows NT 10.0; WOW64; Trident/7.0; rv:11.0) like Gecko"
91.113.165.162 - - [26/Apr/2021:16:00:46 +0200] "GET /reload?ser=1619445646435 HTTP/1.1" 200 28 "http://renault.activities.at/success" "Mozilla/5.0 (Windows NT 10.0; Win64; x64) AppleWebKit/537.36 (KHTML, like Gecko) Chrome/89.0.4389.128 Safari/537.36"
93.83.241.1 - - [26/Apr/2021:16:00:47 +0200] "GET /reload?ser=1619445647030 HTTP/1.1" 200 28 "http://renault.activities.at/success" "Mozilla/5.0 (Windows NT 10.0; WOW64; Trident/7.0; rv:11.0) like Gecko"
213.182.253.200 - - [26/Apr/2021:16:00:49 +0200] "GET /logout HTTP/1.1" 302 140 "http://renault.activities.at/cart" "Mozilla/5.0 (Windows NT 10.0; Win64; x64) AppleWebKit/537.36 (KHTML, like Gecko) Chrome/89.0.4389.128 Safari/537.36"
213.182.253.200 - - [26/Apr/2021:16:00:50 +0200] "GET /logout HTTP/1.1" 200 1583 "http://renault.activities.at/cart" "Mozilla/5.0 (Windows NT 10.0; Win64; x64) AppleWebKit/537.36 (KHTML, like Gecko) Chrome/89.0.4389.128 Safari/537.36"
80.123.225.38 - - [26/Apr/2021:16:00:51 +0200] "GET /reload?ser=1619445651528 HTTP/1.1" 200 28 "http://renault.activities.at/success" "Mozilla/5.0 (Windows NT 6.1; WOW64; Trident/7.0; rv:11.0) like Gecko"
213.182.253.200 - - [26/Apr/2021:16:00:52 +0200] "GET /login HTTP/1.1" 200 2085 "http://renault.activities.at/logout" "Mozilla/5.0 (Windows NT 10.0; Win64; x64) AppleWebKit/537.36 (KHTML, like Gecko) Chrome/89.0.4389.128 Safari/537.36"
80.120.210.179 - - [26/Apr/2021:16:00:56 +0200] "GET /reload?ser=1619445656302 HTTP/1.1" 200 28 "http://renault.activities.at/cart" "Mozilla/5.0 (Windows NT 10.0; Win64; x64) AppleWebKit/537.36 (KHTML, like Gecko) Chrome/90.0.4430.85 Safari/537.36"
213.182.253.200 - - [26/Apr/2021:16:00:57 +0200] "POST /login HTTP/1.1" 302 140 "http://renault.activities.at/login" "Mozilla/5.0 (Windows NT 10.0; Win64; x64) AppleWebKit/537.36 (KHTML, like Gecko) Chrome/89.0.4389.128 Safari/537.36"
213.182.253.200 - - [26/Apr/2021:16:00:59 +0200] "GET /account HTTP/1.1" 200 6728 "http://renault.activities.at/login" "Mozilla/5.0 (Windows NT 10.0; Win64; x64) AppleWebKit/537.36 (KHTML, like Gecko) Chrome/89.0.4389.128 Safari/537.36"
213.182.253.200 - - [26/Apr/2021:16:01:06 +0200] "GET /result?searchterm=true&search=duster HTTP/1.1" 200 6845 "http://renault.activities.at/account" "Mozilla/5.0 (Windows NT 10.0; Win64; x64) AppleWebKit/537.36 (KHTML, like Gecko) Chrome/89.0.4389.128 Safari/537.36"
213.182.253.200 - - [26/Apr/2021:16:01:09 +0200] "GET /loadthumbnail.php?id=12310511&width=113 HTTP/1.1" 200 2831 "http://renault.activities.at/result?searchterm=true&search=duster" "Mozilla/5.0 (Windows NT 10.0; Win64; x64) AppleWebKit/537.36 (KHTML, like Gecko) Chrome/89.0.4389.128 Safari/537.36"
213.182.253.200 - - [26/Apr/2021:16:01:09 +0200] "GET /loadthumbnail.php?id=12022099&width=113 HTTP/1.1" 200 2908 "http://renault.activities.at/result?searchterm=true&search=duster" "Mozilla/5.0 (Windows NT 10.0; Win64; x64) AppleWebKit/537.36 (KHTML, like Gecko) Chrome/89.0.4389.128 Safari/537.36"
213.182.253.200 - - [26/Apr/2021:16:01:09 +0200] "GET /loadthumbnail.php?id=12237270&width=113 HTTP/1.1" 200 2874 "http://renault.activities.at/result?searchterm=true&search=duster" "Mozilla/5.0 (Windows NT 10.0; Win64; x64) AppleWebKit/537.36 (KHTML, like Gecko) Chrome/89.0.4389.128 Safari/537.36"
213.182.253.200 - - [26/Apr/2021:16:01:09 +0200] "GET /loadthumbnail.php?id=11877757&width=113 HTTP/1.1" 200 32396 "http://renault.activities.at/result?searchterm=true&search=duster" "Mozilla/5.0 (Windows NT 10.0; Win64; x64) AppleWebKit/537.36 (KHTML, like Gecko) Chrome/89.0.4389.128 Safari/537.36"
213.182.253.200 - - [26/Apr/2021:16:01:09 +0200] "GET /loadthumbnail.php?id=11715009&width=113 HTTP/1.1" 200 22295 "http://renault.activities.at/result?searchterm=true&search=duster" "Mozilla/5.0 (Windows NT 10.0; Win64; x64) AppleWebKit/537.36 (KHTML, like Gecko) Chrome/89.0.4389.128 Safari/537.36"
213.182.253.200 - - [26/Apr/2021:16:01:07 +0200] "POST /axjaxrequest?mode=suggest HTTP/1.1" 200 136 "http://renault.activities.at/account" "Mozilla/5.0 (Windows NT 10.0; Win64; x64) AppleWebKit/537.36 (KHTML, like Gecko) Chrome/89.0.4389.128 Safari/537.36"
213.182.253.200 - - [26/Apr/2021:16:01:20 +0200] "POST /result?searchterm=true&search=duster HTTP/1.1" 200 7037 "http://renault.activities.at/result?searchterm=true&search=duster" "Mozilla/5.0 (Windows NT 10.0; Win64; x64) AppleWebKit/537.36 (KHTML, like Gecko) Chrome/89.0.4389.128 Safari/537.36"
88.116.10.164 - - [26/Apr/2021:16:01:24 +0200] "GET /reload?ser=1619445684357 HTTP/1.1" 200 28 "http://renault.activities.at/result?searchterm=true&search=WERKSTATT" "Mozilla/5.0 (Windows NT 10.0; WOW64; Trident/7.0; rv:11.0) like Gecko"
213.182.253.200 - - [26/Apr/2021:16:01:25 +0200] "GET /cart HTTP/1.1" 200 5248 "http://renault.activities.at/result?searchterm=true&search=duster" "Mozilla/5.0 (Windows NT 10.0; Win64; x64) AppleWebKit/537.36 (KHTML, like Gecko) Chrome/89.0.4389.128 Safari/537.36"
213.182.253.200 - - [26/Apr/2021:16:01:28 +0200] "GET /loadthumbnail.php?id=12237270&width=100 HTTP/1.1" 200 2400 "http://renault.activities.at/cart" "Mozilla/5.0 (Windows NT 10.0; Win64; x64) AppleWebKit/537.36 (KHTML, like Gecko) Chrome/89.0.4389.128 Safari/537.36"
213.182.253.200 - - [26/Apr/2021:16:01:28 +0200] "GET /loadthumbnail.php?id=10232009&width=16&height=16 HTTP/1.1" 200 700 "http://renault.activities.at/cart" "Mozilla/5.0 (Windows NT 10.0; Win64; x64) AppleWebKit/537.36 (KHTML, like Gecko) Chrome/89.0.4389.128 Safari/537.36"
213.182.253.200 - - [26/Apr/2021:16:01:30 +0200] "GET /checkout HTTP/1.1" 200 20553 "http://renault.activities.at/cart" "Mozilla/5.0 (Windows NT 10.0; Win64; x64) AppleWebKit/537.36 (KHTML, like Gecko) Chrome/89.0.4389.128 Safari/537.36"
213.182.253.200 - - [26/Apr/2021:16:01:34 +0200] "GET /js/checkout2.js HTTP/1.1" 200 4122 "http://renault.activities.at/checkout" "Mozilla/5.0 (Windows NT 10.0; Win64; x64) AppleWebKit/537.36 (KHTML, like Gecko) Chrome/89.0.4389.128 Safari/537.36"
213.182.253.200 - - [26/Apr/2021:16:01:35 +0200] "GET /images/step_bg.jpg HTTP/1.1" 200 319 "http://renault.activities.at/css/styles.css" "Mozilla/5.0 (Windows NT 10.0; Win64; x64) AppleWebKit/537.36 (KHTML, like Gecko) Chrome/89.0.4389.128 Safari/537.36"
213.182.253.200 - - [26/Apr/2021:16:01:35 +0200] "GET /images/step_marker.gif HTTP/1.1" 200 650 "http://renault.activities.at/css/styles.css" "Mozilla/5.0 (Windows NT 10.0; Win64; x64) AppleWebKit/537.36 (KHTML, like Gecko) Chrome/89.0.4389.128 Safari/537.36"
213.182.253.200 - - [26/Apr/2021:16:01:35 +0200] "GET /images/checkout_border.gif HTTP/1.1" 200 43 "http://renault.activities.at/css/styles.css" "Mozilla/5.0 (Windows NT 10.0; Win64; x64) AppleWebKit/537.36 (KHTML, like Gecko) Chrome/89.0.4389.128 Safari/537.36"
213.182.253.200 - - [26/Apr/2021:16:01:35 +0200] "GET /images/checkout_border_top.gif HTTP/1.1" 200 156 "http://renault.activities.at/css/styles.css" "Mozilla/5.0 (Windows NT 10.0; Win64; x64) AppleWebKit/537.36 (KHTML, like Gecko) Chrome/89.0.4389.128 Safari/537.36"
213.182.253.200 - - [26/Apr/2021:16:01:35 +0200] "GET /loadthumbnail.php?id=10201939 HTTP/1.1" 200 201 "http://renault.activities.at/checkout" "Mozilla/5.0 (Windows NT 10.0; Win64; x64) AppleWebKit/537.36 (KHTML, like Gecko) Chrome/89.0.4389.128 Safari/537.36"
213.182.253.200 - - [26/Apr/2021:16:01:35 +0200] "GET /loadthumbnail.php?id=10202698 HTTP/1.1" 200 16686 "http://renault.activities.at/checkout" "Mozilla/5.0 (Windows NT 10.0; Win64; x64) AppleWebKit/537.36 (KHTML, like Gecko) Chrome/89.0.4389.128 Safari/537.36"
213.182.253.200 - - [26/Apr/2021:16:01:40 +0200] "POST /docheckout HTTP/1.1" 200 458 "http://renault.activities.at/checkout" "Mozilla/5.0 (Windows NT 10.0; Win64; x64) AppleWebKit/537.36 (KHTML, like Gecko) Chrome/89.0.4389.128 Safari/537.36"
213.182.253.200 - - [26/Apr/2021:16:01:44 +0200] "POST /docheckout HTTP/1.1" 200 625 "http://renault.activities.at/checkout" "Mozilla/5.0 (Windows NT 10.0; Win64; x64) AppleWebKit/537.36 (KHTML, like Gecko) Chrome/89.0.4389.128 Safari/537.36"
213.182.253.200 - - [26/Apr/2021:16:01:46 +0200] "GET /images/error_msg_icon.gif HTTP/1.1" 200 1013 "http://renault.activities.at/checkout" "Mozilla/5.0 (Windows NT 10.0; Win64; x64) AppleWebKit/537.36 (KHTML, like Gecko) Chrome/89.0.4389.128 Safari/537.36"
91.113.165.162 - - [26/Apr/2021:16:01:47 +0200] "GET /reload?ser=1619445707437 HTTP/1.1" 200 28 "http://renault.activities.at/success" "Mozilla/5.0 (Windows NT 10.0; Win64; x64) AppleWebKit/537.36 (KHTML, like Gecko) Chrome/89.0.4389.128 Safari/537.36"
93.83.241.1 - - [26/Apr/2021:16:01:48 +0200] "GET /reload?ser=1619445708035 HTTP/1.1" 200 28 "http://renault.activities.at/success" "Mozilla/5.0 (Windows NT 10.0; WOW64; Trident/7.0; rv:11.0) like Gecko"
213.182.253.200 - - [26/Apr/2021:16:01:47 +0200] "POST /docheckout HTTP/1.1" 200 68 "http://renault.activities.at/checkout" "Mozilla/5.0 (Windows NT 10.0; Win64; x64) AppleWebKit/537.36 (KHTML, like Gecko) Chrome/89.0.4389.128 Safari/537.36"
213.182.253.200 - - [26/Apr/2021:16:01:50 +0200] "GET /success HTTP/1.1" 200 3942 "http://renault.activities.at/checkout" "Mozilla/5.0 (Windows NT 10.0; Win64; x64) AppleWebKit/537.36 (KHTML, like Gecko) Chrome/89.0.4389.128 Safari/537.36"
80.123.225.38 - - [26/Apr/2021:16:01:52 +0200] "GET /reload?ser=1619445712524 HTTP/1.1" 200 28 "http://renault.activities.at/success" "Mozilla/5.0 (Windows NT 6.1; WOW64; Trident/7.0; rv:11.0) like Gecko"
80.120.210.179 - - [26/Apr/2021:16:01:57 +0200] "GET /reload?ser=1619445717307 HTTP/1.1" 200 28 "http://renault.activities.at/cart" "Mozilla/5.0 (Windows NT 10.0; Win64; x64) AppleWebKit/537.36 (KHTML, like Gecko) Chrome/90.0.4430.85 Safari/537.36"
88.116.10.164 - - [26/Apr/2021:16:02:25 +0200] "GET /reload?ser=1619445745380 HTTP/1.1" 200 28 "http://renault.activities.at/result?searchterm=true&search=WERKSTATT" "Mozilla/5.0 (Windows NT 10.0; WOW64; Trident/7.0; rv:11.0) like Gecko"
91.113.165.162 - - [26/Apr/2021:16:02:48 +0200] "GET /reload?ser=1619445768432 HTTP/1.1" 200 28 "http://renault.activities.at/success" "Mozilla/5.0 (Windows NT 10.0; Win64; x64) AppleWebKit/537.36 (KHTML, like Gecko) Chrome/89.0.4389.128 Safari/537.36"
93.83.241.1 - - [26/Apr/2021:16:02:49 +0200] "GET /reload?ser=1619445768990 HTTP/1.1" 200 28 "http://renault.activities.at/success" "Mozilla/5.0 (Windows NT 10.0; WOW64; Trident/7.0; rv:11.0) like Gecko"
80.123.225.38 - - [26/Apr/2021:16:02:53 +0200] "GET /reload?ser=1619445773499 HTTP/1.1" 200 28 "http://renault.activities.at/success" "Mozilla/5.0 (Windows NT 6.1; WOW64; Trident/7.0; rv:11.0) like Gecko"
80.120.210.179 - - [26/Apr/2021:16:02:58 +0200] "GET /reload?ser=1619445778307 HTTP/1.1" 200 28 "http://renault.activities.at/cart" "Mozilla/5.0 (Windows NT 10.0; Win64; x64) AppleWebKit/537.36 (KHTML, like Gecko) Chrome/90.0.4430.85 Safari/537.36"
88.116.10.164 - - [26/Apr/2021:16:03:26 +0200] "GET /reload?ser=1619445806331 HTTP/1.1" 200 28 "http://renault.activities.at/result?searchterm=true&search=WERKSTATT" "Mozilla/5.0 (Windows NT 10.0; WOW64; Trident/7.0; rv:11.0) like Gecko"
91.113.165.162 - - [26/Apr/2021:16:03:49 +0200] "GET /reload?ser=1619445829427 HTTP/1.1" 200 28 "http://renault.activities.at/success" "Mozilla/5.0 (Windows NT 10.0; Win64; x64) AppleWebKit/537.36 (KHTML, like Gecko) Chrome/89.0.4389.128 Safari/537.36"
93.83.241.1 - - [26/Apr/2021:16:03:50 +0200] "GET /reload?ser=1619445830006 HTTP/1.1" 200 28 "http://renault.activities.at/success" "Mozilla/5.0 (Windows NT 10.0; WOW64; Trident/7.0; rv:11.0) like Gecko"
80.123.225.38 - - [26/Apr/2021:16:03:54 +0200] "GET /reload?ser=1619445834487 HTTP/1.1" 200 28 "http://renault.activities.at/success" "Mozilla/5.0 (Windows NT 6.1; WOW64; Trident/7.0; rv:11.0) like Gecko"
80.120.210.179 - - [26/Apr/2021:16:03:59 +0200] "GET /reload?ser=1619445839321 HTTP/1.1" 200 28 "http://renault.activities.at/cart" "Mozilla/5.0 (Windows NT 10.0; Win64; x64) AppleWebKit/537.36 (KHTML, like Gecko) Chrome/90.0.4430.85 Safari/537.36"
88.116.10.164 - - [26/Apr/2021:16:04:27 +0200] "GET /reload?ser=1619445867309 HTTP/1.1" 200 28 "http://renault.activities.at/result?searchterm=true&search=WERKSTATT" "Mozilla/5.0 (Windows NT 10.0; WOW64; Trident/7.0; rv:11.0) like Gecko"
91.113.165.162 - - [26/Apr/2021:16:04:50 +0200] "GET /reload?ser=1619445890435 HTTP/1.1" 200 28 "http://renault.activities.at/success" "Mozilla/5.0 (Windows NT 10.0; Win64; x64) AppleWebKit/537.36 (KHTML, like Gecko) Chrome/89.0.4389.128 Safari/537.36"
93.83.241.1 - - [26/Apr/2021:16:04:51 +0200] "GET /reload?ser=1619445891025 HTTP/1.1" 200 28 "http://renault.activities.at/success" "Mozilla/5.0 (Windows NT 10.0; WOW64; Trident/7.0; rv:11.0) like Gecko"
80.123.225.38 - - [26/Apr/2021:16:04:55 +0200] "GET /reload?ser=1619445895475 HTTP/1.1" 200 28 "http://renault.activities.at/success" "Mozilla/5.0 (Windows NT 6.1; WOW64; Trident/7.0; rv:11.0) like Gecko"
80.120.210.179 - - [26/Apr/2021:16:05:00 +0200] "GET /reload?ser=1619445900303 HTTP/1.1" 200 28 "http://renault.activities.at/cart" "Mozilla/5.0 (Windows NT 10.0; Win64; x64) AppleWebKit/537.36 (KHTML, like Gecko) Chrome/90.0.4430.85 Safari/537.36"
88.116.10.164 - - [26/Apr/2021:16:05:28 +0200] "GET /reload?ser=1619445928266 HTTP/1.1" 200 28 "http://renault.activities.at/result?searchterm=true&search=WERKSTATT" "Mozilla/5.0 (Windows NT 10.0; WOW64; Trident/7.0; rv:11.0) like Gecko"
91.113.165.162 - - [26/Apr/2021:16:05:51 +0200] "GET /reload?ser=1619445951442 HTTP/1.1" 200 28 "http://renault.activities.at/success" "Mozilla/5.0 (Windows NT 10.0; Win64; x64) AppleWebKit/537.36 (KHTML, like Gecko) Chrome/89.0.4389.128 Safari/537.36"
93.83.241.1 - - [26/Apr/2021:16:05:52 +0200] "GET /reload?ser=1619445952010 HTTP/1.1" 200 28 "http://renault.activities.at/success" "Mozilla/5.0 (Windows NT 10.0; WOW64; Trident/7.0; rv:11.0) like Gecko"
80.123.225.38 - - [26/Apr/2021:16:05:56 +0200] "GET /reload?ser=1619445956464 HTTP/1.1" 200 28 "http://renault.activities.at/success" "Mozilla/5.0 (Windows NT 6.1; WOW64; Trident/7.0; rv:11.0) like Gecko"
80.120.210.179 - - [26/Apr/2021:16:06:01 +0200] "GET /reload?ser=1619445961319 HTTP/1.1" 200 28 "http://renault.activities.at/cart" "Mozilla/5.0 (Windows NT 10.0; Win64; x64) AppleWebKit/537.36 (KHTML, like Gecko) Chrome/90.0.4430.85 Safari/537.36"
88.116.10.164 - - [26/Apr/2021:16:06:29 +0200] "GET /reload?ser=1619445989256 HTTP/1.1" 200 28 "http://renault.activities.at/result?searchterm=true&search=WERKSTATT" "Mozilla/5.0 (Windows NT 10.0; WOW64; Trident/7.0; rv:11.0) like Gecko"
91.113.165.162 - - [26/Apr/2021:16:06:52 +0200] "GET /reload?ser=1619446012435 HTTP/1.1" 200 28 "http://renault.activities.at/success" "Mozilla/5.0 (Windows NT 10.0; Win64; x64) AppleWebKit/537.36 (KHTML, like Gecko) Chrome/89.0.4389.128 Safari/537.36"
93.83.241.1 - - [26/Apr/2021:16:06:53 +0200] "GET /reload?ser=1619446013023 HTTP/1.1" 200 28 "http://renault.activities.at/success" "Mozilla/5.0 (Windows NT 10.0; WOW64; Trident/7.0; rv:11.0) like Gecko"
80.123.225.38 - - [26/Apr/2021:16:06:57 +0200] "GET /reload?ser=1619446017452 HTTP/1.1" 200 28 "http://renault.activities.at/success" "Mozilla/5.0 (Windows NT 6.1; WOW64; Trident/7.0; rv:11.0) like Gecko"
80.120.210.179 - - [26/Apr/2021:16:07:02 +0200] "GET /reload?ser=1619446022302 HTTP/1.1" 200 28 "http://renault.activities.at/cart" "Mozilla/5.0 (Windows NT 10.0; Win64; x64) AppleWebKit/537.36 (KHTML, like Gecko) Chrome/90.0.4430.85 Safari/537.36"
88.116.10.164 - - [26/Apr/2021:16:07:30 +0200] "GET /reload?ser=1619446050211 HTTP/1.1" 200 28 "http://renault.activities.at/result?searchterm=true&search=WERKSTATT" "Mozilla/5.0 (Windows NT 10.0; WOW64; Trident/7.0; rv:11.0) like Gecko"
91.113.165.162 - - [26/Apr/2021:16:07:53 +0200] "GET /reload?ser=1619446073432 HTTP/1.1" 200 28 "http://renault.activities.at/success" "Mozilla/5.0 (Windows NT 10.0; Win64; x64) AppleWebKit/537.36 (KHTML, like Gecko) Chrome/89.0.4389.128 Safari/537.36"
93.83.241.1 - - [26/Apr/2021:16:07:54 +0200] "GET /reload?ser=1619446074016 HTTP/1.1" 200 28 "http://renault.activities.at/success" "Mozilla/5.0 (Windows NT 10.0; WOW64; Trident/7.0; rv:11.0) like Gecko"
80.123.225.38 - - [26/Apr/2021:16:07:58 +0200] "GET /reload?ser=1619446078419 HTTP/1.1" 200 28 "http://renault.activities.at/success" "Mozilla/5.0 (Windows NT 6.1; WOW64; Trident/7.0; rv:11.0) like Gecko"
80.120.210.179 - - [26/Apr/2021:16:08:03 +0200] "GET /reload?ser=1619446083304 HTTP/1.1" 200 28 "http://renault.activities.at/cart" "Mozilla/5.0 (Windows NT 10.0; Win64; x64) AppleWebKit/537.36 (KHTML, like Gecko) Chrome/90.0.4430.85 Safari/537.36"
88.116.10.164 - - [26/Apr/2021:16:08:31 +0200] "GET /reload?ser=1619446111163 HTTP/1.1" 200 28 "http://renault.activities.at/result?searchterm=true&search=WERKSTATT" "Mozilla/5.0 (Windows NT 10.0; WOW64; Trident/7.0; rv:11.0) like Gecko"
91.113.165.162 - - [26/Apr/2021:16:08:54 +0200] "GET /reload?ser=1619446134440 HTTP/1.1" 200 28 "http://renault.activities.at/success" "Mozilla/5.0 (Windows NT 10.0; Win64; x64) AppleWebKit/537.36 (KHTML, like Gecko) Chrome/89.0.4389.128 Safari/537.36"
93.83.241.1 - - [26/Apr/2021:16:08:55 +0200] "GET /reload?ser=1619446134996 HTTP/1.1" 200 28 "http://renault.activities.at/success" "Mozilla/5.0 (Windows NT 10.0; WOW64; Trident/7.0; rv:11.0) like Gecko"
80.123.225.38 - - [26/Apr/2021:16:08:59 +0200] "GET /reload?ser=1619446139439 HTTP/1.1" 200 28 "http://renault.activities.at/success" "Mozilla/5.0 (Windows NT 6.1; WOW64; Trident/7.0; rv:11.0) like Gecko"
80.120.210.179 - - [26/Apr/2021:16:09:04 +0200] "GET /reload?ser=1619446144307 HTTP/1.1" 200 28 "http://renault.activities.at/cart" "Mozilla/5.0 (Windows NT 10.0; Win64; x64) AppleWebKit/537.36 (KHTML, like Gecko) Chrome/90.0.4430.85 Safari/537.36"
88.116.10.164 - - [26/Apr/2021:16:09:32 +0200] "GET /reload?ser=1619446172125 HTTP/1.1" 200 28 "http://renault.activities.at/result?searchterm=true&search=WERKSTATT" "Mozilla/5.0 (Windows NT 10.0; WOW64; Trident/7.0; rv:11.0) like Gecko"
91.113.165.162 - - [26/Apr/2021:16:09:55 +0200] "GET /reload?ser=1619446195430 HTTP/1.1" 200 28 "http://renault.activities.at/success" "Mozilla/5.0 (Windows NT 10.0; Win64; x64) AppleWebKit/537.36 (KHTML, like Gecko) Chrome/89.0.4389.128 Safari/537.36"
93.83.241.1 - - [26/Apr/2021:16:09:56 +0200] "GET /reload?ser=1619446195952 HTTP/1.1" 200 28 "http://renault.activities.at/success" "Mozilla/5.0 (Windows NT 10.0; WOW64; Trident/7.0; rv:11.0) like Gecko"
80.123.225.38 - - [26/Apr/2021:16:10:00 +0200] "GET /reload?ser=1619446200456 HTTP/1.1" 200 28 "http://renault.activities.at/success" "Mozilla/5.0 (Windows NT 6.1; WOW64; Trident/7.0; rv:11.0) like Gecko"
80.120.210.179 - - [26/Apr/2021:16:10:05 +0200] "GET /reload?ser=1619446205309 HTTP/1.1" 200 28 "http://renault.activities.at/cart" "Mozilla/5.0 (Windows NT 10.0; Win64; x64) AppleWebKit/537.36 (KHTML, like Gecko) Chrome/90.0.4430.85 Safari/537.36"
88.116.10.164 - - [26/Apr/2021:16:10:33 +0200] "GET /reload?ser=1619446233128 HTTP/1.1" 200 28 "http://renault.activities.at/result?searchterm=true&search=WERKSTATT" "Mozilla/5.0 (Windows NT 10.0; WOW64; Trident/7.0; rv:11.0) like Gecko"
91.113.165.162 - - [26/Apr/2021:16:10:56 +0200] "GET /reload?ser=1619446256435 HTTP/1.1" 200 28 "http://renault.activities.at/success" "Mozilla/5.0 (Windows NT 10.0; Win64; x64) AppleWebKit/537.36 (KHTML, like Gecko) Chrome/89.0.4389.128 Safari/537.36"
93.83.241.1 - - [26/Apr/2021:16:10:56 +0200] "GET /reload?ser=1619446256946 HTTP/1.1" 200 28 "http://renault.activities.at/success" "Mozilla/5.0 (Windows NT 10.0; WOW64; Trident/7.0; rv:11.0) like Gecko"
80.123.225.38 - - [26/Apr/2021:16:11:01 +0200] "GET /reload?ser=1619446261476 HTTP/1.1" 200 28 "http://renault.activities.at/success" "Mozilla/5.0 (Windows NT 6.1; WOW64; Trident/7.0; rv:11.0) like Gecko"
80.120.210.179 - - [26/Apr/2021:16:11:06 +0200] "GET /reload?ser=1619446266307 HTTP/1.1" 200 28 "http://renault.activities.at/cart" "Mozilla/5.0 (Windows NT 10.0; Win64; x64) AppleWebKit/537.36 (KHTML, like Gecko) Chrome/90.0.4430.85 Safari/537.36"
88.116.10.164 - - [26/Apr/2021:16:11:34 +0200] "GET /reload?ser=1619446294120 HTTP/1.1" 200 28 "http://renault.activities.at/result?searchterm=true&search=WERKSTATT" "Mozilla/5.0 (Windows NT 10.0; WOW64; Trident/7.0; rv:11.0) like Gecko"
91.113.165.162 - - [26/Apr/2021:16:11:57 +0200] "GET /reload?ser=1619446317435 HTTP/1.1" 200 28 "http://renault.activities.at/success" "Mozilla/5.0 (Windows NT 10.0; Win64; x64) AppleWebKit/537.36 (KHTML, like Gecko) Chrome/89.0.4389.128 Safari/537.36"
93.83.241.1 - - [26/Apr/2021:16:11:58 +0200] "GET /reload?ser=1619446317944 HTTP/1.1" 200 28 "http://renault.activities.at/success" "Mozilla/5.0 (Windows NT 10.0; WOW64; Trident/7.0; rv:11.0) like Gecko"
80.123.225.38 - - [26/Apr/2021:16:12:02 +0200] "GET /reload?ser=1619446322474 HTTP/1.1" 200 28 "http://renault.activities.at/success" "Mozilla/5.0 (Windows NT 6.1; WOW64; Trident/7.0; rv:11.0) like Gecko"
80.120.210.179 - - [26/Apr/2021:16:12:07 +0200] "GET /reload?ser=1619446327305 HTTP/1.1" 200 28 "http://renault.activities.at/cart" "Mozilla/5.0 (Windows NT 10.0; Win64; x64) AppleWebKit/537.36 (KHTML, like Gecko) Chrome/90.0.4430.85 Safari/537.36"
88.116.10.164 - - [26/Apr/2021:16:12:35 +0200] "GET /reload?ser=1619446355093 HTTP/1.1" 200 28 "http://renault.activities.at/result?searchterm=true&search=WERKSTATT" "Mozilla/5.0 (Windows NT 10.0; WOW64; Trident/7.0; rv:11.0) like Gecko"
91.113.165.162 - - [26/Apr/2021:16:12:58 +0200] "GET /reload?ser=1619446378442 HTTP/1.1" 200 28 "http://renault.activities.at/success" "Mozilla/5.0 (Windows NT 10.0; Win64; x64) AppleWebKit/537.36 (KHTML, like Gecko) Chrome/89.0.4389.128 Safari/537.36"
93.83.241.1 - - [26/Apr/2021:16:12:58 +0200] "GET /reload?ser=1619446378934 HTTP/1.1" 200 28 "http://renault.activities.at/success" "Mozilla/5.0 (Windows NT 10.0; WOW64; Trident/7.0; rv:11.0) like Gecko"
80.123.225.38 - - [26/Apr/2021:16:13:03 +0200] "GET /reload?ser=1619446383457 HTTP/1.1" 200 28 "http://renault.activities.at/success" "Mozilla/5.0 (Windows NT 6.1; WOW64; Trident/7.0; rv:11.0) like Gecko"
80.120.210.179 - - [26/Apr/2021:16:13:08 +0200] "GET /reload?ser=1619446388308 HTTP/1.1" 200 28 "http://renault.activities.at/cart" "Mozilla/5.0 (Windows NT 10.0; Win64; x64) AppleWebKit/537.36 (KHTML, like Gecko) Chrome/90.0.4430.85 Safari/537.36"
88.116.10.164 - - [26/Apr/2021:16:13:36 +0200] "GET /reload?ser=1619446416056 HTTP/1.1" 200 28 "http://renault.activities.at/result?searchterm=true&search=WERKSTATT" "Mozilla/5.0 (Windows NT 10.0; WOW64; Trident/7.0; rv:11.0) like Gecko"
91.113.165.162 - - [26/Apr/2021:16:13:59 +0200] "GET /reload?ser=1619446439431 HTTP/1.1" 200 28 "http://renault.activities.at/success" "Mozilla/5.0 (Windows NT 10.0; Win64; x64) AppleWebKit/537.36 (KHTML, like Gecko) Chrome/89.0.4389.128 Safari/537.36"
93.83.241.1 - - [26/Apr/2021:16:13:59 +0200] "GET /reload?ser=1619446439928 HTTP/1.1" 200 28 "http://renault.activities.at/success" "Mozilla/5.0 (Windows NT 10.0; WOW64; Trident/7.0; rv:11.0) like Gecko"
80.123.225.38 - - [26/Apr/2021:16:14:04 +0200] "GET /reload?ser=1619446444447 HTTP/1.1" 200 28 "http://renault.activities.at/success" "Mozilla/5.0 (Windows NT 6.1; WOW64; Trident/7.0; rv:11.0) like Gecko"
80.120.210.179 - - [26/Apr/2021:16:14:09 +0200] "GET /reload?ser=1619446449310 HTTP/1.1" 200 28 "http://renault.activities.at/cart" "Mozilla/5.0 (Windows NT 10.0; Win64; x64) AppleWebKit/537.36 (KHTML, like Gecko) Chrome/90.0.4430.85 Safari/537.36"
88.116.10.164 - - [26/Apr/2021:16:14:37 +0200] "GET /reload?ser=1619446477044 HTTP/1.1" 200 28 "http://renault.activities.at/result?searchterm=true&search=WERKSTATT" "Mozilla/5.0 (Windows NT 10.0; WOW64; Trident/7.0; rv:11.0) like Gecko"
91.113.165.162 - - [26/Apr/2021:16:15:00 +0200] "GET /reload?ser=1619446500442 HTTP/1.1" 200 28 "http://renault.activities.at/success" "Mozilla/5.0 (Windows NT 10.0; Win64; x64) AppleWebKit/537.36 (KHTML, like Gecko) Chrome/89.0.4389.128 Safari/537.36"
93.83.241.1 - - [26/Apr/2021:16:15:00 +0200] "GET /reload?ser=1619446500906 HTTP/1.1" 200 28 "http://renault.activities.at/success" "Mozilla/5.0 (Windows NT 10.0; WOW64; Trident/7.0; rv:11.0) like Gecko"
80.123.225.38 - - [26/Apr/2021:16:15:05 +0200] "GET /reload?ser=1619446505446 HTTP/1.1" 200 28 "http://renault.activities.at/success" "Mozilla/5.0 (Windows NT 6.1; WOW64; Trident/7.0; rv:11.0) like Gecko"
80.120.210.179 - - [26/Apr/2021:16:15:10 +0200] "GET /reload?ser=1619446510302 HTTP/1.1" 200 28 "http://renault.activities.at/cart" "Mozilla/5.0 (Windows NT 10.0; Win64; x64) AppleWebKit/537.36 (KHTML, like Gecko) Chrome/90.0.4430.85 Safari/537.36"
