80.121.175.66 - - [19/May/2021:13:52:35 +0200] "GET /result?dir=DESC&mode=grid&order=name&limit=15&page=5&search=ZE HTTP/1.1" 200 9406 "http://renault.activities.at/result?dir=DESC&mode=grid&order=name&limit=15&page=4&search=ZE" "Mozilla/5.0 (Windows NT 6.1; WOW64; Trident/7.0; rv:11.0) like Gecko"
80.121.175.66 - - [19/May/2021:13:52:38 +0200] "GET /loadthumbnail.php?id=11538169&width=113 HTTP/1.1" 200 20088 "http://renault.activities.at/result?dir=DESC&mode=grid&order=name&limit=15&page=5&search=ZE" "Mozilla/5.0 (Windows NT 6.1; WOW64; Trident/7.0; rv:11.0) like Gecko"
80.121.175.66 - - [19/May/2021:13:52:38 +0200] "GET /loadthumbnail.php?id=12140010&width=113 HTTP/1.1" 200 28414 "http://renault.activities.at/result?dir=DESC&mode=grid&order=name&limit=15&page=5&search=ZE" "Mozilla/5.0 (Windows NT 6.1; WOW64; Trident/7.0; rv:11.0) like Gecko"
80.121.175.66 - - [19/May/2021:13:52:38 +0200] "GET /loadthumbnail.php?id=12139710&width=113 HTTP/1.1" 200 34483 "http://renault.activities.at/result?dir=DESC&mode=grid&order=name&limit=15&page=5&search=ZE" "Mozilla/5.0 (Windows NT 6.1; WOW64; Trident/7.0; rv:11.0) like Gecko"
80.121.175.66 - - [19/May/2021:13:52:38 +0200] "GET /loadthumbnail.php?id=11877752&width=113 HTTP/1.1" 200 41752 "http://renault.activities.at/result?dir=DESC&mode=grid&order=name&limit=15&page=5&search=ZE" "Mozilla/5.0 (Windows NT 6.1; WOW64; Trident/7.0; rv:11.0) like Gecko"
80.121.175.66 - - [19/May/2021:13:52:38 +0200] "GET /loadthumbnail.php?id=12230773&width=113 HTTP/1.1" 200 39654 "http://renault.activities.at/result?dir=DESC&mode=grid&order=name&limit=15&page=5&search=ZE" "Mozilla/5.0 (Windows NT 6.1; WOW64; Trident/7.0; rv:11.0) like Gecko"
80.121.175.66 - - [19/May/2021:13:52:38 +0200] "GET /loadthumbnail.php?id=11319988&width=113 HTTP/1.1" 200 44228 "http://renault.activities.at/result?dir=DESC&mode=grid&order=name&limit=15&page=5&search=ZE" "Mozilla/5.0 (Windows NT 6.1; WOW64; Trident/7.0; rv:11.0) like Gecko"
80.121.175.66 - - [19/May/2021:13:52:38 +0200] "GET /loadthumbnail.php?id=11031880&width=113 HTTP/1.1" 200 39263 "http://renault.activities.at/result?dir=DESC&mode=grid&order=name&limit=15&page=5&search=ZE" "Mozilla/5.0 (Windows NT 6.1; WOW64; Trident/7.0; rv:11.0) like Gecko"
80.121.175.66 - - [19/May/2021:13:52:38 +0200] "GET /loadthumbnail.php?id=11877757&width=113 HTTP/1.1" 200 32396 "http://renault.activities.at/result?dir=DESC&mode=grid&order=name&limit=15&page=5&search=ZE" "Mozilla/5.0 (Windows NT 6.1; WOW64; Trident/7.0; rv:11.0) like Gecko"
80.121.175.66 - - [19/May/2021:13:52:38 +0200] "GET /loadthumbnail.php?id=12034916&width=113 HTTP/1.1" 200 5915 "http://renault.activities.at/result?dir=DESC&mode=grid&order=name&limit=15&page=5&search=ZE" "Mozilla/5.0 (Windows NT 6.1; WOW64; Trident/7.0; rv:11.0) like Gecko"
80.121.175.66 - - [19/May/2021:13:52:38 +0200] "GET /loadthumbnail.php?id=11715013&width=113 HTTP/1.1" 200 33856 "http://renault.activities.at/result?dir=DESC&mode=grid&order=name&limit=15&page=5&search=ZE" "Mozilla/5.0 (Windows NT 6.1; WOW64; Trident/7.0; rv:11.0) like Gecko"
80.121.175.66 - - [19/May/2021:13:52:38 +0200] "GET /loadthumbnail.php?id=12017023&width=113 HTTP/1.1" 200 34650 "http://renault.activities.at/result?dir=DESC&mode=grid&order=name&limit=15&page=5&search=ZE" "Mozilla/5.0 (Windows NT 6.1; WOW64; Trident/7.0; rv:11.0) like Gecko"
80.121.175.66 - - [19/May/2021:13:52:38 +0200] "GET /loadthumbnail.php?id=11319983&width=113 HTTP/1.1" 200 38992 "http://renault.activities.at/result?dir=DESC&mode=grid&order=name&limit=15&page=5&search=ZE" "Mozilla/5.0 (Windows NT 6.1; WOW64; Trident/7.0; rv:11.0) like Gecko"
80.121.175.66 - - [19/May/2021:13:52:38 +0200] "GET /loadthumbnail.php?id=11342067&width=113 HTTP/1.1" 200 21913 "http://renault.activities.at/result?dir=DESC&mode=grid&order=name&limit=15&page=5&search=ZE" "Mozilla/5.0 (Windows NT 6.1; WOW64; Trident/7.0; rv:11.0) like Gecko"
80.121.175.66 - - [19/May/2021:13:52:38 +0200] "GET /loadthumbnail.php?id=11342066&width=113 HTTP/1.1" 200 28015 "http://renault.activities.at/result?dir=DESC&mode=grid&order=name&limit=15&page=5&search=ZE" "Mozilla/5.0 (Windows NT 6.1; WOW64; Trident/7.0; rv:11.0) like Gecko"
80.121.175.66 - - [19/May/2021:13:52:38 +0200] "GET /loadthumbnail.php?id=12231767&width=113 HTTP/1.1" 200 30758 "http://renault.activities.at/result?dir=DESC&mode=grid&order=name&limit=15&page=5&search=ZE" "Mozilla/5.0 (Windows NT 6.1; WOW64; Trident/7.0; rv:11.0) like Gecko"
80.121.175.66 - - [19/May/2021:13:52:43 +0200] "GET /result?dir=DESC&mode=grid&order=name&limit=15&page=6&search=ZE HTTP/1.1" 200 9024 "http://renault.activities.at/result?dir=DESC&mode=grid&order=name&limit=15&page=5&search=ZE" "Mozilla/5.0 (Windows NT 6.1; WOW64; Trident/7.0; rv:11.0) like Gecko"
80.121.175.66 - - [19/May/2021:13:52:46 +0200] "GET /loadthumbnail.php?id=12231771&width=113 HTTP/1.1" 200 30339 "http://renault.activities.at/result?dir=DESC&mode=grid&order=name&limit=15&page=6&search=ZE" "Mozilla/5.0 (Windows NT 6.1; WOW64; Trident/7.0; rv:11.0) like Gecko"
80.121.175.66 - - [19/May/2021:13:52:46 +0200] "GET /loadthumbnail.php?id=11164747&width=113 HTTP/1.1" 200 26121 "http://renault.activities.at/result?dir=DESC&mode=grid&order=name&limit=15&page=6&search=ZE" "Mozilla/5.0 (Windows NT 6.1; WOW64; Trident/7.0; rv:11.0) like Gecko"
80.121.175.66 - - [19/May/2021:13:52:46 +0200] "GET /loadthumbnail.php?id=11319961&width=113 HTTP/1.1" 200 27077 "http://renault.activities.at/result?dir=DESC&mode=grid&order=name&limit=15&page=6&search=ZE" "Mozilla/5.0 (Windows NT 6.1; WOW64; Trident/7.0; rv:11.0) like Gecko"
80.121.175.66 - - [19/May/2021:13:52:46 +0200] "GET /loadthumbnail.php?id=11319984&width=113 HTTP/1.1" 200 28924 "http://renault.activities.at/result?dir=DESC&mode=grid&order=name&limit=15&page=6&search=ZE" "Mozilla/5.0 (Windows NT 6.1; WOW64; Trident/7.0; rv:11.0) like Gecko"
80.121.175.66 - - [19/May/2021:13:52:46 +0200] "GET /loadthumbnail.php?id=12139706&width=113 HTTP/1.1" 200 28671 "http://renault.activities.at/result?dir=DESC&mode=grid&order=name&limit=15&page=6&search=ZE" "Mozilla/5.0 (Windows NT 6.1; WOW64; Trident/7.0; rv:11.0) like Gecko"
80.121.175.66 - - [19/May/2021:13:52:46 +0200] "GET /loadthumbnail.php?id=11577924&width=113 HTTP/1.1" 200 28282 "http://renault.activities.at/result?dir=DESC&mode=grid&order=name&limit=15&page=6&search=ZE" "Mozilla/5.0 (Windows NT 6.1; WOW64; Trident/7.0; rv:11.0) like Gecko"
80.121.175.66 - - [19/May/2021:13:52:46 +0200] "GET /loadthumbnail.php?id=11334756&width=113 HTTP/1.1" 200 24626 "http://renault.activities.at/result?dir=DESC&mode=grid&order=name&limit=15&page=6&search=ZE" "Mozilla/5.0 (Windows NT 6.1; WOW64; Trident/7.0; rv:11.0) like Gecko"
80.121.175.66 - - [19/May/2021:13:52:46 +0200] "GET /loadthumbnail.php?id=11334755&width=113 HTTP/1.1" 200 23865 "http://renault.activities.at/result?dir=DESC&mode=grid&order=name&limit=15&page=6&search=ZE" "Mozilla/5.0 (Windows NT 6.1; WOW64; Trident/7.0; rv:11.0) like Gecko"
80.121.175.66 - - [19/May/2021:13:52:46 +0200] "GET /loadthumbnail.php?id=11658108&width=113 HTTP/1.1" 200 27184 "http://renault.activities.at/result?dir=DESC&mode=grid&order=name&limit=15&page=6&search=ZE" "Mozilla/5.0 (Windows NT 6.1; WOW64; Trident/7.0; rv:11.0) like Gecko"
80.121.175.66 - - [19/May/2021:13:52:46 +0200] "GET /loadthumbnail.php?id=11715005&width=113 HTTP/1.1" 200 30128 "http://renault.activities.at/result?dir=DESC&mode=grid&order=name&limit=15&page=6&search=ZE" "Mozilla/5.0 (Windows NT 6.1; WOW64; Trident/7.0; rv:11.0) like Gecko"
80.121.175.66 - - [19/May/2021:13:52:46 +0200] "GET /loadthumbnail.php?id=11877811&width=113 HTTP/1.1" 200 27053 "http://renault.activities.at/result?dir=DESC&mode=grid&order=name&limit=15&page=6&search=ZE" "Mozilla/5.0 (Windows NT 6.1; WOW64; Trident/7.0; rv:11.0) like Gecko"
80.121.175.66 - - [19/May/2021:13:52:46 +0200] "GET /loadthumbnail.php?id=11715009&width=113 HTTP/1.1" 200 22295 "http://renault.activities.at/result?dir=DESC&mode=grid&order=name&limit=15&page=6&search=ZE" "Mozilla/5.0 (Windows NT 6.1; WOW64; Trident/7.0; rv:11.0) like Gecko"
80.120.210.179 - - [19/May/2021:13:52:48 +0200] "GET /images/vista-dn-hover.gif HTTP/1.1" 304 - "http://renault.activities.at/result?searchterm=true&search=fahnen" "Mozilla/5.0 (Windows NT 10.0; WOW64; Trident/7.0; rv:11.0) like Gecko"
80.121.175.66 - - [19/May/2021:13:52:57 +0200] "POST /axjaxrequest?mode=suggest HTTP/1.1" 200 228 "http://renault.activities.at/result?dir=DESC&mode=grid&order=name&limit=15&page=6&search=ZE" "Mozilla/5.0 (Windows NT 6.1; WOW64; Trident/7.0; rv:11.0) like Gecko"
193.194.132.28 - - [19/May/2021:13:52:58 +0200] "GET /reload?ser=1621425178804 HTTP/1.1" 200 28 "http://renault.2web.at/result?dir=DESC&mode=grid&order=name&limit=15&page=7&search=kleber" "Mozilla/5.0 (Windows NT 10.0; Win64; x64) AppleWebKit/537.36 (KHTML, like Gecko) Chrome/90.0.4430.212 Safari/537.36"
80.121.175.66 - - [19/May/2021:13:52:58 +0200] "POST /axjaxrequest?mode=suggest HTTP/1.1" 200 148 "http://renault.activities.at/result?dir=DESC&mode=grid&order=name&limit=15&page=6&search=ZE" "Mozilla/5.0 (Windows NT 6.1; WOW64; Trident/7.0; rv:11.0) like Gecko"
80.120.210.179 - - [19/May/2021:13:53:01 +0200] "GET /result?searchterm=true&search=fahnenmasten HTTP/1.1" 200 5198 "http://renault.activities.at/result?searchterm=true&search=fahnen" "Mozilla/5.0 (Windows NT 10.0; WOW64; Trident/7.0; rv:11.0) like Gecko"
80.120.210.179 - - [19/May/2021:13:53:02 +0200] "GET /js/default.js HTTP/1.1" 304 - "http://renault.activities.at/result?searchterm=true&search=fahnenmasten" "Mozilla/5.0 (Windows NT 10.0; WOW64; Trident/7.0; rv:11.0) like Gecko"
80.120.210.179 - - [19/May/2021:13:53:02 +0200] "GET /js/prototip.js HTTP/1.1" 304 - "http://renault.activities.at/result?searchterm=true&search=fahnenmasten" "Mozilla/5.0 (Windows NT 10.0; WOW64; Trident/7.0; rv:11.0) like Gecko"
80.120.210.179 - - [19/May/2021:13:53:02 +0200] "GET /css/reset.css HTTP/1.1" 304 - "http://renault.activities.at/result?searchterm=true&search=fahnenmasten" "Mozilla/5.0 (Windows NT 10.0; WOW64; Trident/7.0; rv:11.0) like Gecko"
80.120.210.179 - - [19/May/2021:13:53:02 +0200] "GET /css/styles.css HTTP/1.1" 304 - "http://renault.activities.at/result?searchterm=true&search=fahnenmasten" "Mozilla/5.0 (Windows NT 10.0; WOW64; Trident/7.0; rv:11.0) like Gecko"
80.120.210.179 - - [19/May/2021:13:53:02 +0200] "GET /css/clears.css HTTP/1.1" 304 - "http://renault.activities.at/result?searchterm=true&search=fahnenmasten" "Mozilla/5.0 (Windows NT 10.0; WOW64; Trident/7.0; rv:11.0) like Gecko"
80.120.210.179 - - [19/May/2021:13:53:02 +0200] "GET /css/print.css HTTP/1.1" 304 - "http://renault.activities.at/result?searchterm=true&search=fahnenmasten" "Mozilla/5.0 (Windows NT 10.0; WOW64; Trident/7.0; rv:11.0) like Gecko"
80.120.210.179 - - [19/May/2021:13:53:02 +0200] "GET /js/checkout.css HTTP/1.1" 304 - "http://renault.activities.at/result?searchterm=true&search=fahnenmasten" "Mozilla/5.0 (Windows NT 10.0; WOW64; Trident/7.0; rv:11.0) like Gecko"
80.120.210.179 - - [19/May/2021:13:53:02 +0200] "GET /css/prototip.css HTTP/1.1" 304 - "http://renault.activities.at/result?searchterm=true&search=fahnenmasten" "Mozilla/5.0 (Windows NT 10.0; WOW64; Trident/7.0; rv:11.0) like Gecko"
80.120.210.179 - - [19/May/2021:13:53:02 +0200] "GET /css/themes/default.css HTTP/1.1" 304 - "http://renault.activities.at/result?searchterm=true&search=fahnenmasten" "Mozilla/5.0 (Windows NT 10.0; WOW64; Trident/7.0; rv:11.0) like Gecko"
80.120.210.179 - - [19/May/2021:13:53:02 +0200] "GET /css/themes/alphacube.css HTTP/1.1" 304 - "http://renault.activities.at/result?searchterm=true&search=fahnenmasten" "Mozilla/5.0 (Windows NT 10.0; WOW64; Trident/7.0; rv:11.0) like Gecko"
80.120.210.179 - - [19/May/2021:13:53:02 +0200] "GET /js/ProduktGrp.js HTTP/1.1" 304 - "http://renault.activities.at/result?searchterm=true&search=fahnenmasten" "Mozilla/5.0 (Windows NT 10.0; WOW64; Trident/7.0; rv:11.0) like Gecko"
80.120.210.179 - - [19/May/2021:13:53:02 +0200] "GET /images/loading.gif HTTP/1.1" 304 - "http://renault.activities.at/result?searchterm=true&search=fahnenmasten" "Mozilla/5.0 (Windows NT 10.0; WOW64; Trident/7.0; rv:11.0) like Gecko"
80.120.210.179 - - [19/May/2021:13:53:03 +0200] "GET /images/search_bg.gif HTTP/1.1" 304 - "http://renault.activities.at/result?searchterm=true&search=fahnenmasten" "Mozilla/5.0 (Windows NT 10.0; WOW64; Trident/7.0; rv:11.0) like Gecko"
80.120.210.179 - - [19/May/2021:13:53:03 +0200] "GET /images/header_block_corner_right_top.gif HTTP/1.1" 304 - "http://renault.activities.at/result?searchterm=true&search=fahnenmasten" "Mozilla/5.0 (Windows NT 10.0; WOW64; Trident/7.0; rv:11.0) like Gecko"
80.120.210.179 - - [19/May/2021:13:53:03 +0200] "GET /images/main_block_border.gif HTTP/1.1" 304 - "http://renault.activities.at/result?searchterm=true&search=fahnenmasten" "Mozilla/5.0 (Windows NT 10.0; WOW64; Trident/7.0; rv:11.0) like Gecko"
80.120.210.179 - - [19/May/2021:13:53:03 +0200] "GET /images/main_block_corner_left_top.gif HTTP/1.1" 304 - "http://renault.activities.at/result?searchterm=true&search=fahnenmasten" "Mozilla/5.0 (Windows NT 10.0; WOW64; Trident/7.0; rv:11.0) like Gecko"
80.120.210.179 - - [19/May/2021:13:53:03 +0200] "GET /images/main_block_corner_right_top.gif HTTP/1.1" 304 - "http://renault.activities.at/result?searchterm=true&search=fahnenmasten" "Mozilla/5.0 (Windows NT 10.0; WOW64; Trident/7.0; rv:11.0) like Gecko"
80.120.210.179 - - [19/May/2021:13:53:03 +0200] "GET /images/main_block_corner_right_bot.gif HTTP/1.1" 304 - "http://renault.activities.at/result?searchterm=true&search=fahnenmasten" "Mozilla/5.0 (Windows NT 10.0; WOW64; Trident/7.0; rv:11.0) like Gecko"
80.120.210.179 - - [19/May/2021:13:53:03 +0200] "GET /images/main_block_corner_left_bot.gif HTTP/1.1" 304 - "http://renault.activities.at/result?searchterm=true&search=fahnenmasten" "Mozilla/5.0 (Windows NT 10.0; WOW64; Trident/7.0; rv:11.0) like Gecko"
80.120.210.179 - - [19/May/2021:13:53:03 +0200] "GET /images/header_block_border.gif HTTP/1.1" 304 - "http://renault.activities.at/result?searchterm=true&search=fahnenmasten" "Mozilla/5.0 (Windows NT 10.0; WOW64; Trident/7.0; rv:11.0) like Gecko"
80.120.210.179 - - [19/May/2021:13:53:03 +0200] "GET /images/header_block_corner_left_top.gif HTTP/1.1" 304 - "http://renault.activities.at/result?searchterm=true&search=fahnenmasten" "Mozilla/5.0 (Windows NT 10.0; WOW64; Trident/7.0; rv:11.0) like Gecko"
80.120.210.179 - - [19/May/2021:13:53:03 +0200] "GET /images/footer_divider.gif HTTP/1.1" 304 - "http://renault.activities.at/result?searchterm=true&search=fahnenmasten" "Mozilla/5.0 (Windows NT 10.0; WOW64; Trident/7.0; rv:11.0) like Gecko"
80.120.210.179 - - [19/May/2021:13:53:03 +0200] "GET /images/button_right_bg.gif HTTP/1.1" 304 - "http://renault.activities.at/result?searchterm=true&search=fahnenmasten" "Mozilla/5.0 (Windows NT 10.0; WOW64; Trident/7.0; rv:11.0) like Gecko"
80.120.210.179 - - [19/May/2021:13:53:03 +0200] "GET /images/title_border.jpg HTTP/1.1" 304 - "http://renault.activities.at/result?searchterm=true&search=fahnenmasten" "Mozilla/5.0 (Windows NT 10.0; WOW64; Trident/7.0; rv:11.0) like Gecko"
80.120.210.179 - - [19/May/2021:13:53:03 +0200] "GET /images/nav_divider.gif HTTP/1.1" 304 - "http://renault.activities.at/result?searchterm=true&search=fahnenmasten" "Mozilla/5.0 (Windows NT 10.0; WOW64; Trident/7.0; rv:11.0) like Gecko"
80.120.210.179 - - [19/May/2021:13:53:03 +0200] "GET /images/sidebar_title_border.gif HTTP/1.1" 304 - "http://renault.activities.at/result?searchterm=true&search=fahnenmasten" "Mozilla/5.0 (Windows NT 10.0; WOW64; Trident/7.0; rv:11.0) like Gecko"
80.120.210.179 - - [19/May/2021:13:53:03 +0200] "GET /images/note_msg_icon.gif HTTP/1.1" 304 - "http://renault.activities.at/result?searchterm=true&search=fahnenmasten" "Mozilla/5.0 (Windows NT 10.0; WOW64; Trident/7.0; rv:11.0) like Gecko"
80.120.210.179 - - [19/May/2021:13:53:03 +0200] "GET /images/title_corner_right_top.jpg HTTP/1.1" 304 - "http://renault.activities.at/result?searchterm=true&search=fahnenmasten" "Mozilla/5.0 (Windows NT 10.0; WOW64; Trident/7.0; rv:11.0) like Gecko"
80.120.210.179 - - [19/May/2021:13:53:03 +0200] "GET /images/title_corner_left_top.jpg HTTP/1.1" 304 - "http://renault.activities.at/result?searchterm=true&search=fahnenmasten" "Mozilla/5.0 (Windows NT 10.0; WOW64; Trident/7.0; rv:11.0) like Gecko"
80.120.210.179 - - [19/May/2021:13:53:03 +0200] "GET /images/button_bg.gif HTTP/1.1" 304 - "http://renault.activities.at/result?searchterm=true&search=fahnenmasten" "Mozilla/5.0 (Windows NT 10.0; WOW64; Trident/7.0; rv:11.0) like Gecko"
80.120.210.179 - - [19/May/2021:13:53:03 +0200] "GET /images/title_border_top.jpg HTTP/1.1" 304 - "http://renault.activities.at/result?searchterm=true&search=fahnenmasten" "Mozilla/5.0 (Windows NT 10.0; WOW64; Trident/7.0; rv:11.0) like Gecko"
80.120.210.179 - - [19/May/2021:13:53:03 +0200] "GET /images/sidebar_title_border_top.gif HTTP/1.1" 304 - "http://renault.activities.at/result?searchterm=true&search=fahnenmasten" "Mozilla/5.0 (Windows NT 10.0; WOW64; Trident/7.0; rv:11.0) like Gecko"
80.120.210.179 - - [19/May/2021:13:53:03 +0200] "GET /images/sidebar_title_corner_left_top.gif HTTP/1.1" 304 - "http://renault.activities.at/result?searchterm=true&search=fahnenmasten" "Mozilla/5.0 (Windows NT 10.0; WOW64; Trident/7.0; rv:11.0) like Gecko"
80.120.210.179 - - [19/May/2021:13:53:03 +0200] "GET /images/menu_divider.gif HTTP/1.1" 304 - "http://renault.activities.at/result?searchterm=true&search=fahnenmasten" "Mozilla/5.0 (Windows NT 10.0; WOW64; Trident/7.0; rv:11.0) like Gecko"
80.120.210.179 - - [19/May/2021:13:53:03 +0200] "GET /images/sidebar_title_corner_right_top.gif HTTP/1.1" 304 - "http://renault.activities.at/result?searchterm=true&search=fahnenmasten" "Mozilla/5.0 (Windows NT 10.0; WOW64; Trident/7.0; rv:11.0) like Gecko"
80.120.210.179 - - [19/May/2021:13:53:03 +0200] "GET /images/button_left_bg.gif HTTP/1.1" 304 - "http://renault.activities.at/result?searchterm=true&search=fahnenmasten" "Mozilla/5.0 (Windows NT 10.0; WOW64; Trident/7.0; rv:11.0) like Gecko"
80.120.210.179 - - [19/May/2021:13:53:03 +0200] "GET /images/top_links_divider.gif HTTP/1.1" 304 - "http://renault.activities.at/result?searchterm=true&search=fahnenmasten" "Mozilla/5.0 (Windows NT 10.0; WOW64; Trident/7.0; rv:11.0) like Gecko"
80.120.210.179 - - [19/May/2021:13:53:03 +0200] "GET /images/menu_button_bg.jpg HTTP/1.1" 304 - "http://renault.activities.at/result?searchterm=true&search=fahnenmasten" "Mozilla/5.0 (Windows NT 10.0; WOW64; Trident/7.0; rv:11.0) like Gecko"
80.120.210.179 - - [19/May/2021:13:53:01 +0200] "POST /axjaxrequest?mode=suggest HTTP/1.1" 200 21 "http://renault.activities.at/result?searchterm=true&search=fahnen" "Mozilla/5.0 (Windows NT 10.0; WOW64; Trident/7.0; rv:11.0) like Gecko"
80.120.148.242 - - [19/May/2021:13:53:03 +0200] "GET /reload?ser=1621425183268 HTTP/1.1" 200 28 "http://renault.activities.at/" "Mozilla/5.0 (Windows NT 10.0; Win64; x64) AppleWebKit/537.36 (KHTML, like Gecko) Chrome/90.0.4430.212 Safari/537.36"
80.121.175.66 - - [19/May/2021:13:53:03 +0200] "GET /result?searchterm=true&search=Serviceheft HTTP/1.1" 200 6950 "http://renault.activities.at/result?dir=DESC&mode=grid&order=name&limit=15&page=6&search=ZE" "Mozilla/5.0 (Windows NT 6.1; WOW64; Trident/7.0; rv:11.0) like Gecko"
80.121.175.66 - - [19/May/2021:13:53:05 +0200] "GET /loadthumbnail.php?id=12230337&width=113 HTTP/1.1" 200 2209 "http://renault.activities.at/result?searchterm=true&search=Serviceheft" "Mozilla/5.0 (Windows NT 6.1; WOW64; Trident/7.0; rv:11.0) like Gecko"
80.121.175.66 - - [19/May/2021:13:53:05 +0200] "GET /loadthumbnail.php?id=12230318&width=113 HTTP/1.1" 200 2255 "http://renault.activities.at/result?searchterm=true&search=Serviceheft" "Mozilla/5.0 (Windows NT 6.1; WOW64; Trident/7.0; rv:11.0) like Gecko"
80.121.175.66 - - [19/May/2021:13:53:05 +0200] "GET /loadthumbnail.php?id=12388134&width=113 HTTP/1.1" 200 1524 "http://renault.activities.at/result?searchterm=true&search=Serviceheft" "Mozilla/5.0 (Windows NT 6.1; WOW64; Trident/7.0; rv:11.0) like Gecko"
89.185.116.110 - - [19/May/2021:13:53:25 +0200] "GET /reload?ser=1621425205771 HTTP/1.1" 200 28 "http://renault.activities.at/checkout" "Mozilla/5.0 (Windows NT 10.0; Win64; x64) AppleWebKit/537.36 (KHTML, like Gecko) Chrome/90.0.4430.212 Safari/537.36 Edg/90.0.818.62"
213.153.47.173 - - [19/May/2021:13:53:33 +0200] "GET /reload?ser=1621425213203 HTTP/1.1" 200 28 "http://renault.activities.at/10260300?dir=DESC&mode=grid&order=name&limit=15&page=2&loadrequest=true" "Mozilla/5.0 (Windows NT 10.0; Win64; x64) AppleWebKit/537.36 (KHTML, like Gecko) Chrome/90.0.4430.212 Safari/537.36"
80.121.175.66 - - [19/May/2021:13:53:42 +0200] "GET /12230316?print=true HTTP/1.1" 200 2686 "http://renault.activities.at/result?searchterm=true&search=Serviceheft" "Mozilla/5.0 (Windows NT 6.1; WOW64; Trident/7.0; rv:11.0) like Gecko"
80.121.175.66 - - [19/May/2021:13:53:45 +0200] "GET /loadthumbnail.php?id=12230318&width=250 HTTP/1.1" 200 6465 "http://renault.activities.at/12230316?print=true" "Mozilla/5.0 (Windows NT 6.1; WOW64; Trident/7.0; rv:11.0) like Gecko"
80.121.175.66 - - [19/May/2021:13:53:45 +0200] "GET /loadthumbnail.php?id=12230318&width=900&height=900 HTTP/1.1" 200 32860 "http://renault.activities.at/12230316?print=true" "Mozilla/5.0 (Windows NT 6.1; WOW64; Trident/7.0; rv:11.0) like Gecko"
80.121.175.66 - - [19/May/2021:13:53:52 +0200] "POST /12230316?print=true HTTP/1.1" 200 2798 "http://renault.activities.at/12230316?print=true" "Mozilla/5.0 (Windows NT 6.1; WOW64; Trident/7.0; rv:11.0) like Gecko"
80.121.175.66 - - [19/May/2021:13:53:58 +0200] "GET /null HTTP/1.1" 200 3882 "http://renault.activities.at/result?searchterm=true&search=Serviceheft" "Mozilla/5.0 (Windows NT 6.1; WOW64; Trident/7.0; rv:11.0) like Gecko"
193.194.132.28 - - [19/May/2021:13:54:00 +0200] "GET /reload?ser=1621425240806 HTTP/1.1" 200 28 "http://renault.2web.at/result?dir=DESC&mode=grid&order=name&limit=15&page=7&search=kleber" "Mozilla/5.0 (Windows NT 10.0; Win64; x64) AppleWebKit/537.36 (KHTML, like Gecko) Chrome/90.0.4430.212 Safari/537.36"
80.120.210.179 - - [19/May/2021:13:54:03 +0200] "GET /reload?ser=1621425243847 HTTP/1.1" 200 28 "http://renault.activities.at/result?searchterm=true&search=fahnenmasten" "Mozilla/5.0 (Windows NT 10.0; WOW64; Trident/7.0; rv:11.0) like Gecko"
80.120.148.242 - - [19/May/2021:13:54:04 +0200] "GET /reload?ser=1621425244263 HTTP/1.1" 200 28 "http://renault.activities.at/" "Mozilla/5.0 (Windows NT 10.0; Win64; x64) AppleWebKit/537.36 (KHTML, like Gecko) Chrome/90.0.4430.212 Safari/537.36"
80.121.175.66 - - [19/May/2021:13:54:05 +0200] "GET /reload?ser=1621425245380 HTTP/1.1" 200 28 "http://renault.activities.at/result?searchterm=true&search=Serviceheft" "Mozilla/5.0 (Windows NT 6.1; WOW64; Trident/7.0; rv:11.0) like Gecko"
80.121.175.66 - - [19/May/2021:13:54:06 +0200] "POST /axjaxrequest?mode=suggest HTTP/1.1" 200 126 "http://renault.activities.at/result?searchterm=true&search=Serviceheft" "Mozilla/5.0 (Windows NT 6.1; WOW64; Trident/7.0; rv:11.0) like Gecko"
80.121.175.66 - - [19/May/2021:13:54:07 +0200] "POST /axjaxrequest?mode=suggest HTTP/1.1" 200 110 "http://renault.activities.at/result?searchterm=true&search=Serviceheft" "Mozilla/5.0 (Windows NT 6.1; WOW64; Trident/7.0; rv:11.0) like Gecko"
80.121.175.66 - - [19/May/2021:13:54:09 +0200] "GET /result?searchterm=true&search=Z.E HTTP/1.1" 200 8643 "http://renault.activities.at/result?searchterm=true&search=Serviceheft" "Mozilla/5.0 (Windows NT 6.1; WOW64; Trident/7.0; rv:11.0) like Gecko"
80.121.175.66 - - [19/May/2021:13:54:12 +0200] "GET /loadthumbnail.php?id=12130660&width=113 HTTP/1.1" 200 9098 "http://renault.activities.at/result?searchterm=true&search=Z.E" "Mozilla/5.0 (Windows NT 6.1; WOW64; Trident/7.0; rv:11.0) like Gecko"
80.121.175.66 - - [19/May/2021:13:54:12 +0200] "GET /loadthumbnail.php?id=11489779&width=113 HTTP/1.1" 200 1080 "http://renault.activities.at/result?searchterm=true&search=Z.E" "Mozilla/5.0 (Windows NT 6.1; WOW64; Trident/7.0; rv:11.0) like Gecko"
80.121.175.66 - - [19/May/2021:13:54:12 +0200] "GET /loadthumbnail.php?id=11489794&width=113 HTTP/1.1" 200 2829 "http://renault.activities.at/result?searchterm=true&search=Z.E" "Mozilla/5.0 (Windows NT 6.1; WOW64; Trident/7.0; rv:11.0) like Gecko"
80.121.175.66 - - [19/May/2021:13:54:12 +0200] "GET /loadthumbnail.php?id=12239245&width=113 HTTP/1.1" 200 3605 "http://renault.activities.at/result?searchterm=true&search=Z.E" "Mozilla/5.0 (Windows NT 6.1; WOW64; Trident/7.0; rv:11.0) like Gecko"
89.185.116.110 - - [19/May/2021:13:54:12 +0200] "GET /logout HTTP/1.1" 302 140 "http://renault.activities.at/checkout" "Mozilla/5.0 (Windows NT 10.0; Win64; x64) AppleWebKit/537.36 (KHTML, like Gecko) Chrome/90.0.4430.212 Safari/537.36 Edg/90.0.818.62"
89.185.116.110 - - [19/May/2021:13:54:13 +0200] "GET /logout HTTP/1.1" 200 1583 "http://renault.activities.at/checkout" "Mozilla/5.0 (Windows NT 10.0; Win64; x64) AppleWebKit/537.36 (KHTML, like Gecko) Chrome/90.0.4430.212 Safari/537.36 Edg/90.0.818.62"
89.185.116.110 - - [19/May/2021:13:54:19 +0200] "GET / HTTP/1.1" 200 3315 "http://renault.activities.at/logout" "Mozilla/5.0 (Windows NT 10.0; Win64; x64) AppleWebKit/537.36 (KHTML, like Gecko) Chrome/90.0.4430.212 Safari/537.36 Edg/90.0.818.62"
89.185.116.110 - - [19/May/2021:13:54:26 +0200] "GET /checkout HTTP/1.1" 302 150 "http://renault.activities.at/cart" "Mozilla/5.0 (Windows NT 10.0; Win64; x64) AppleWebKit/537.36 (KHTML, like Gecko) Chrome/90.0.4430.212 Safari/537.36 Edg/90.0.818.62"
89.185.116.110 - - [19/May/2021:13:54:26 +0200] "GET /login?required=true HTTP/1.1" 200 2085 "http://renault.activities.at/cart" "Mozilla/5.0 (Windows NT 10.0; Win64; x64) AppleWebKit/537.36 (KHTML, like Gecko) Chrome/90.0.4430.212 Safari/537.36 Edg/90.0.818.62"
213.153.47.173 - - [19/May/2021:13:54:34 +0200] "GET /reload?ser=1621425274196 HTTP/1.1" 200 28 "http://renault.activities.at/10260300?dir=DESC&mode=grid&order=name&limit=15&page=2&loadrequest=true" "Mozilla/5.0 (Windows NT 10.0; Win64; x64) AppleWebKit/537.36 (KHTML, like Gecko) Chrome/90.0.4430.212 Safari/537.36"
80.121.175.66 - - [19/May/2021:13:54:51 +0200] "GET /12130652?print=true HTTP/1.1" 200 2684 "http://renault.activities.at/result?searchterm=true&search=Z.E" "Mozilla/5.0 (Windows NT 6.1; WOW64; Trident/7.0; rv:11.0) like Gecko"
80.121.175.66 - - [19/May/2021:13:54:54 +0200] "GET /loadthumbnail.php?id=12130660&width=250 HTTP/1.1" 200 38144 "http://renault.activities.at/12130652?print=true" "Mozilla/5.0 (Windows NT 6.1; WOW64; Trident/7.0; rv:11.0) like Gecko"
80.121.175.66 - - [19/May/2021:13:54:55 +0200] "GET /loadthumbnail.php?id=12130660&width=900&height=900 HTTP/1.1" 200 389073 "http://renault.activities.at/12130652?print=true" "Mozilla/5.0 (Windows NT 6.1; WOW64; Trident/7.0; rv:11.0) like Gecko"
80.121.175.66 - - [19/May/2021:13:54:56 +0200] "GET /graphics/zoomin.cur HTTP/1.1" 200 3882 "http://renault.activities.at/12130652?print=true" "Mozilla/5.0 (Windows NT 6.1; WOW64; Trident/7.0; rv:11.0) like Gecko"
193.194.132.28 - - [19/May/2021:13:55:02 +0200] "GET /reload?ser=1621425302807 HTTP/1.1" 200 28 "http://renault.2web.at/result?dir=DESC&mode=grid&order=name&limit=15&page=7&search=kleber" "Mozilla/5.0 (Windows NT 10.0; Win64; x64) AppleWebKit/537.36 (KHTML, like Gecko) Chrome/90.0.4430.212 Safari/537.36"
80.120.210.179 - - [19/May/2021:13:55:04 +0200] "GET /reload?ser=1621425304836 HTTP/1.1" 200 28 "http://renault.activities.at/result?searchterm=true&search=fahnenmasten" "Mozilla/5.0 (Windows NT 10.0; WOW64; Trident/7.0; rv:11.0) like Gecko"
80.120.148.242 - - [19/May/2021:13:55:05 +0200] "GET /reload?ser=1621425305269 HTTP/1.1" 200 28 "http://renault.activities.at/" "Mozilla/5.0 (Windows NT 10.0; Win64; x64) AppleWebKit/537.36 (KHTML, like Gecko) Chrome/90.0.4430.212 Safari/537.36"
80.121.175.66 - - [19/May/2021:13:55:04 +0200] "POST /12130652?print=true HTTP/1.1" 200 2792 "http://renault.activities.at/12130652?print=true" "Mozilla/5.0 (Windows NT 6.1; WOW64; Trident/7.0; rv:11.0) like Gecko"
80.121.175.66 - - [19/May/2021:13:55:09 +0200] "GET /null HTTP/1.1" 200 3882 "http://renault.activities.at/result?searchterm=true&search=Z.E" "Mozilla/5.0 (Windows NT 6.1; WOW64; Trident/7.0; rv:11.0) like Gecko"
80.121.175.66 - - [19/May/2021:13:55:12 +0200] "GET /reload?ser=1621425312356 HTTP/1.1" 200 28 "http://renault.activities.at/result?searchterm=true&search=Z.E" "Mozilla/5.0 (Windows NT 6.1; WOW64; Trident/7.0; rv:11.0) like Gecko"
80.121.175.66 - - [19/May/2021:13:55:20 +0200] "GET /checkout HTTP/1.1" 200 20659 "http://renault.activities.at/result?searchterm=true&search=Z.E" "Mozilla/5.0 (Windows NT 6.1; WOW64; Trident/7.0; rv:11.0) like Gecko"
80.121.175.66 - - [19/May/2021:13:55:25 +0200] "GET /js/checkout2.js HTTP/1.1" 200 4122 "http://renault.activities.at/checkout" "Mozilla/5.0 (Windows NT 6.1; WOW64; Trident/7.0; rv:11.0) like Gecko"
80.121.175.66 - - [19/May/2021:13:55:25 +0200] "GET /loadthumbnail.php?id=10202698 HTTP/1.1" 200 16686 "http://renault.activities.at/checkout" "Mozilla/5.0 (Windows NT 6.1; WOW64; Trident/7.0; rv:11.0) like Gecko"
80.121.175.66 - - [19/May/2021:13:55:25 +0200] "GET /loadthumbnail.php?id=10201939 HTTP/1.1" 200 201 "http://renault.activities.at/checkout" "Mozilla/5.0 (Windows NT 6.1; WOW64; Trident/7.0; rv:11.0) like Gecko"
80.121.175.66 - - [19/May/2021:13:55:26 +0200] "GET /images/step_bg.jpg HTTP/1.1" 200 319 "http://renault.activities.at/checkout" "Mozilla/5.0 (Windows NT 6.1; WOW64; Trident/7.0; rv:11.0) like Gecko"
80.121.175.66 - - [19/May/2021:13:55:26 +0200] "GET /images/step_marker.gif HTTP/1.1" 200 650 "http://renault.activities.at/checkout" "Mozilla/5.0 (Windows NT 6.1; WOW64; Trident/7.0; rv:11.0) like Gecko"
80.121.175.66 - - [19/May/2021:13:55:26 +0200] "GET /images/checkout_border.gif HTTP/1.1" 200 43 "http://renault.activities.at/checkout" "Mozilla/5.0 (Windows NT 6.1; WOW64; Trident/7.0; rv:11.0) like Gecko"
80.121.175.66 - - [19/May/2021:13:55:26 +0200] "GET /images/checkout_border_top.gif HTTP/1.1" 200 156 "http://renault.activities.at/checkout" "Mozilla/5.0 (Windows NT 6.1; WOW64; Trident/7.0; rv:11.0) like Gecko"
213.153.47.173 - - [19/May/2021:13:55:35 +0200] "GET /reload?ser=1621425335197 HTTP/1.1" 200 28 "http://renault.activities.at/10260300?dir=DESC&mode=grid&order=name&limit=15&page=2&loadrequest=true" "Mozilla/5.0 (Windows NT 10.0; Win64; x64) AppleWebKit/537.36 (KHTML, like Gecko) Chrome/90.0.4430.212 Safari/537.36"
80.121.175.66 - - [19/May/2021:13:55:35 +0200] "POST /docheckout HTTP/1.1" 200 461 "http://renault.activities.at/checkout" "Mozilla/5.0 (Windows NT 6.1; WOW64; Trident/7.0; rv:11.0) like Gecko"
80.121.175.66 - - [19/May/2021:13:55:39 +0200] "POST /docheckout HTTP/1.1" 200 732 "http://renault.activities.at/checkout" "Mozilla/5.0 (Windows NT 6.1; WOW64; Trident/7.0; rv:11.0) like Gecko"
80.121.175.66 - - [19/May/2021:13:55:41 +0200] "GET /images/error_msg_icon.gif HTTP/1.1" 200 1013 "http://renault.activities.at/checkout" "Mozilla/5.0 (Windows NT 6.1; WOW64; Trident/7.0; rv:11.0) like Gecko"
80.121.175.66 - - [19/May/2021:13:55:55 +0200] "POST /docheckout HTTP/1.1" 200 68 "http://renault.activities.at/checkout" "Mozilla/5.0 (Windows NT 6.1; WOW64; Trident/7.0; rv:11.0) like Gecko"
80.121.175.66 - - [19/May/2021:13:55:58 +0200] "GET /success HTTP/1.1" 200 4047 "http://renault.activities.at/checkout" "Mozilla/5.0 (Windows NT 6.1; WOW64; Trident/7.0; rv:11.0) like Gecko"
193.194.132.28 - - [19/May/2021:13:56:04 +0200] "GET /reload?ser=1621425364806 HTTP/1.1" 200 28 "http://renault.2web.at/result?dir=DESC&mode=grid&order=name&limit=15&page=7&search=kleber" "Mozilla/5.0 (Windows NT 10.0; Win64; x64) AppleWebKit/537.36 (KHTML, like Gecko) Chrome/90.0.4430.212 Safari/537.36"
80.120.210.179 - - [19/May/2021:13:56:05 +0200] "GET /reload?ser=1621425365790 HTTP/1.1" 200 28 "http://renault.activities.at/result?searchterm=true&search=fahnenmasten" "Mozilla/5.0 (Windows NT 10.0; WOW64; Trident/7.0; rv:11.0) like Gecko"
80.120.148.242 - - [19/May/2021:13:56:06 +0200] "GET /reload?ser=1621425366263 HTTP/1.1" 200 28 "http://renault.activities.at/" "Mozilla/5.0 (Windows NT 10.0; Win64; x64) AppleWebKit/537.36 (KHTML, like Gecko) Chrome/90.0.4430.212 Safari/537.36"
213.153.47.173 - - [19/May/2021:13:56:36 +0200] "GET /reload?ser=1621425396196 HTTP/1.1" 200 28 "http://renault.activities.at/10260300?dir=DESC&mode=grid&order=name&limit=15&page=2&loadrequest=true" "Mozilla/5.0 (Windows NT 10.0; Win64; x64) AppleWebKit/537.36 (KHTML, like Gecko) Chrome/90.0.4430.212 Safari/537.36"
80.121.175.66 - - [19/May/2021:13:57:00 +0200] "GET /reload?ser=1621425420745 HTTP/1.1" 200 28 "http://renault.activities.at/success" "Mozilla/5.0 (Windows NT 6.1; WOW64; Trident/7.0; rv:11.0) like Gecko"
80.120.210.179 - - [19/May/2021:13:57:06 +0200] "GET /reload?ser=1621425426748 HTTP/1.1" 200 28 "http://renault.activities.at/result?searchterm=true&search=fahnenmasten" "Mozilla/5.0 (Windows NT 10.0; WOW64; Trident/7.0; rv:11.0) like Gecko"
193.194.132.28 - - [19/May/2021:13:57:06 +0200] "GET /reload?ser=1621425426808 HTTP/1.1" 200 28 "http://renault.2web.at/result?dir=DESC&mode=grid&order=name&limit=15&page=7&search=kleber" "Mozilla/5.0 (Windows NT 10.0; Win64; x64) AppleWebKit/537.36 (KHTML, like Gecko) Chrome/90.0.4430.212 Safari/537.36"
80.120.148.242 - - [19/May/2021:13:57:07 +0200] "GET /reload?ser=1621425427272 HTTP/1.1" 200 28 "http://renault.activities.at/" "Mozilla/5.0 (Windows NT 10.0; Win64; x64) AppleWebKit/537.36 (KHTML, like Gecko) Chrome/90.0.4430.212 Safari/537.36"
213.153.47.173 - - [19/May/2021:13:57:37 +0200] "GET /reload?ser=1621425457198 HTTP/1.1" 200 28 "http://renault.activities.at/10260300?dir=DESC&mode=grid&order=name&limit=15&page=2&loadrequest=true" "Mozilla/5.0 (Windows NT 10.0; Win64; x64) AppleWebKit/537.36 (KHTML, like Gecko) Chrome/90.0.4430.212 Safari/537.36"
80.121.175.66 - - [19/May/2021:13:58:01 +0200] "GET /reload?ser=1621425481746 HTTP/1.1" 200 28 "http://renault.activities.at/success" "Mozilla/5.0 (Windows NT 6.1; WOW64; Trident/7.0; rv:11.0) like Gecko"
80.120.210.179 - - [19/May/2021:13:58:07 +0200] "GET /reload?ser=1621425487694 HTTP/1.1" 200 28 "http://renault.activities.at/result?searchterm=true&search=fahnenmasten" "Mozilla/5.0 (Windows NT 10.0; WOW64; Trident/7.0; rv:11.0) like Gecko"
80.120.148.242 - - [19/May/2021:13:58:08 +0200] "GET /reload?ser=1621425488264 HTTP/1.1" 200 28 "http://renault.activities.at/" "Mozilla/5.0 (Windows NT 10.0; Win64; x64) AppleWebKit/537.36 (KHTML, like Gecko) Chrome/90.0.4430.212 Safari/537.36"
193.194.132.28 - - [19/May/2021:13:58:08 +0200] "GET /reload?ser=1621425488807 HTTP/1.1" 200 28 "http://renault.2web.at/result?dir=DESC&mode=grid&order=name&limit=15&page=7&search=kleber" "Mozilla/5.0 (Windows NT 10.0; Win64; x64) AppleWebKit/537.36 (KHTML, like Gecko) Chrome/90.0.4430.212 Safari/537.36"
213.153.47.173 - - [19/May/2021:13:58:38 +0200] "GET /reload?ser=1621425518198 HTTP/1.1" 200 28 "http://renault.activities.at/10260300?dir=DESC&mode=grid&order=name&limit=15&page=2&loadrequest=true" "Mozilla/5.0 (Windows NT 10.0; Win64; x64) AppleWebKit/537.36 (KHTML, like Gecko) Chrome/90.0.4430.212 Safari/537.36"
80.121.175.66 - - [19/May/2021:13:59:02 +0200] "GET /reload?ser=1621425542750 HTTP/1.1" 200 28 "http://renault.activities.at/success" "Mozilla/5.0 (Windows NT 6.1; WOW64; Trident/7.0; rv:11.0) like Gecko"
80.120.210.179 - - [19/May/2021:13:59:08 +0200] "GET /reload?ser=1621425548655 HTTP/1.1" 200 28 "http://renault.activities.at/result?searchterm=true&search=fahnenmasten" "Mozilla/5.0 (Windows NT 10.0; WOW64; Trident/7.0; rv:11.0) like Gecko"
80.120.148.242 - - [19/May/2021:13:59:09 +0200] "GET /reload?ser=1621425549262 HTTP/1.1" 200 28 "http://renault.activities.at/" "Mozilla/5.0 (Windows NT 10.0; Win64; x64) AppleWebKit/537.36 (KHTML, like Gecko) Chrome/90.0.4430.212 Safari/537.36"
193.194.132.28 - - [19/May/2021:13:59:10 +0200] "GET /reload?ser=1621425550807 HTTP/1.1" 200 28 "http://renault.2web.at/result?dir=DESC&mode=grid&order=name&limit=15&page=7&search=kleber" "Mozilla/5.0 (Windows NT 10.0; Win64; x64) AppleWebKit/537.36 (KHTML, like Gecko) Chrome/90.0.4430.212 Safari/537.36"
213.153.47.173 - - [19/May/2021:13:59:39 +0200] "GET /reload?ser=1621425579192 HTTP/1.1" 200 28 "http://renault.activities.at/10260300?dir=DESC&mode=grid&order=name&limit=15&page=2&loadrequest=true" "Mozilla/5.0 (Windows NT 10.0; Win64; x64) AppleWebKit/537.36 (KHTML, like Gecko) Chrome/90.0.4430.212 Safari/537.36"
80.121.175.66 - - [19/May/2021:14:00:03 +0200] "GET /reload?ser=1621425603705 HTTP/1.1" 200 28 "http://renault.activities.at/success" "Mozilla/5.0 (Windows NT 6.1; WOW64; Trident/7.0; rv:11.0) like Gecko"
80.120.210.179 - - [19/May/2021:14:00:09 +0200] "GET /reload?ser=1621425609626 HTTP/1.1" 200 28 "http://renault.activities.at/result?searchterm=true&search=fahnenmasten" "Mozilla/5.0 (Windows NT 10.0; WOW64; Trident/7.0; rv:11.0) like Gecko"
80.120.148.242 - - [19/May/2021:14:00:10 +0200] "GET /reload?ser=1621425610267 HTTP/1.1" 200 28 "http://renault.activities.at/" "Mozilla/5.0 (Windows NT 10.0; Win64; x64) AppleWebKit/537.36 (KHTML, like Gecko) Chrome/90.0.4430.212 Safari/537.36"
193.194.132.28 - - [19/May/2021:14:00:12 +0200] "GET /reload?ser=1621425612807 HTTP/1.1" 200 28 "http://renault.2web.at/result?dir=DESC&mode=grid&order=name&limit=15&page=7&search=kleber" "Mozilla/5.0 (Windows NT 10.0; Win64; x64) AppleWebKit/537.36 (KHTML, like Gecko) Chrome/90.0.4430.212 Safari/537.36"
213.153.47.173 - - [19/May/2021:14:00:40 +0200] "GET /reload?ser=1621425640197 HTTP/1.1" 200 28 "http://renault.activities.at/10260300?dir=DESC&mode=grid&order=name&limit=15&page=2&loadrequest=true" "Mozilla/5.0 (Windows NT 10.0; Win64; x64) AppleWebKit/537.36 (KHTML, like Gecko) Chrome/90.0.4430.212 Safari/537.36"
80.121.175.66 - - [19/May/2021:14:01:04 +0200] "GET /reload?ser=1621425664674 HTTP/1.1" 200 28 "http://renault.activities.at/success" "Mozilla/5.0 (Windows NT 6.1; WOW64; Trident/7.0; rv:11.0) like Gecko"
80.120.210.179 - - [19/May/2021:14:01:09 +0200] "GET /reload?ser=1621425670578 HTTP/1.1" 200 28 "http://renault.activities.at/result?searchterm=true&search=fahnenmasten" "Mozilla/5.0 (Windows NT 10.0; WOW64; Trident/7.0; rv:11.0) like Gecko"
80.120.148.242 - - [19/May/2021:14:01:11 +0200] "GET /reload?ser=1621425671277 HTTP/1.1" 200 28 "http://renault.activities.at/" "Mozilla/5.0 (Windows NT 10.0; Win64; x64) AppleWebKit/537.36 (KHTML, like Gecko) Chrome/90.0.4430.212 Safari/537.36"
193.194.132.28 - - [19/May/2021:14:01:13 +0200] "GET /reload?ser=1621425673808 HTTP/1.1" 200 28 "http://renault.2web.at/result?dir=DESC&mode=grid&order=name&limit=15&page=7&search=kleber" "Mozilla/5.0 (Windows NT 10.0; Win64; x64) AppleWebKit/537.36 (KHTML, like Gecko) Chrome/90.0.4430.212 Safari/537.36"
213.153.47.173 - - [19/May/2021:14:01:41 +0200] "GET /reload?ser=1621425701194 HTTP/1.1" 200 28 "http://renault.activities.at/10260300?dir=DESC&mode=grid&order=name&limit=15&page=2&loadrequest=true" "Mozilla/5.0 (Windows NT 10.0; Win64; x64) AppleWebKit/537.36 (KHTML, like Gecko) Chrome/90.0.4430.212 Safari/537.36"
80.121.175.66 - - [19/May/2021:14:02:05 +0200] "GET /reload?ser=1621425725648 HTTP/1.1" 200 28 "http://renault.activities.at/success" "Mozilla/5.0 (Windows NT 6.1; WOW64; Trident/7.0; rv:11.0) like Gecko"
80.120.210.179 - - [19/May/2021:14:02:10 +0200] "GET /reload?ser=1621425731569 HTTP/1.1" 200 28 "http://renault.activities.at/result?searchterm=true&search=fahnenmasten" "Mozilla/5.0 (Windows NT 10.0; WOW64; Trident/7.0; rv:11.0) like Gecko"
80.120.148.242 - - [19/May/2021:14:02:12 +0200] "GET /reload?ser=1621425732269 HTTP/1.1" 200 28 "http://renault.activities.at/" "Mozilla/5.0 (Windows NT 10.0; Win64; x64) AppleWebKit/537.36 (KHTML, like Gecko) Chrome/90.0.4430.212 Safari/537.36"
193.194.132.28 - - [19/May/2021:14:02:15 +0200] "GET /reload?ser=1621425735808 HTTP/1.1" 200 28 "http://renault.2web.at/result?dir=DESC&mode=grid&order=name&limit=15&page=7&search=kleber" "Mozilla/5.0 (Windows NT 10.0; Win64; x64) AppleWebKit/537.36 (KHTML, like Gecko) Chrome/90.0.4430.212 Safari/537.36"
213.153.47.173 - - [19/May/2021:14:02:42 +0200] "GET /reload?ser=1621425762201 HTTP/1.1" 200 28 "http://renault.activities.at/10260300?dir=DESC&mode=grid&order=name&limit=15&page=2&loadrequest=true" "Mozilla/5.0 (Windows NT 10.0; Win64; x64) AppleWebKit/537.36 (KHTML, like Gecko) Chrome/90.0.4430.212 Safari/537.36"
80.121.175.66 - - [19/May/2021:14:03:06 +0200] "GET /reload?ser=1621425786630 HTTP/1.1" 200 28 "http://renault.activities.at/success" "Mozilla/5.0 (Windows NT 6.1; WOW64; Trident/7.0; rv:11.0) like Gecko"
80.120.210.179 - - [19/May/2021:14:03:11 +0200] "GET /reload?ser=1621425792552 HTTP/1.1" 200 28 "http://renault.activities.at/result?searchterm=true&search=fahnenmasten" "Mozilla/5.0 (Windows NT 10.0; WOW64; Trident/7.0; rv:11.0) like Gecko"
80.120.148.242 - - [19/May/2021:14:03:13 +0200] "GET /reload?ser=1621425793281 HTTP/1.1" 200 28 "http://renault.activities.at/" "Mozilla/5.0 (Windows NT 10.0; Win64; x64) AppleWebKit/537.36 (KHTML, like Gecko) Chrome/90.0.4430.212 Safari/537.36"
193.194.132.28 - - [19/May/2021:14:03:17 +0200] "GET /reload?ser=1621425797808 HTTP/1.1" 200 28 "http://renault.2web.at/result?dir=DESC&mode=grid&order=name&limit=15&page=7&search=kleber" "Mozilla/5.0 (Windows NT 10.0; Win64; x64) AppleWebKit/537.36 (KHTML, like Gecko) Chrome/90.0.4430.212 Safari/537.36"
213.153.47.173 - - [19/May/2021:14:03:43 +0200] "GET /reload?ser=1621425823191 HTTP/1.1" 200 28 "http://renault.activities.at/10260300?dir=DESC&mode=grid&order=name&limit=15&page=2&loadrequest=true" "Mozilla/5.0 (Windows NT 10.0; Win64; x64) AppleWebKit/537.36 (KHTML, like Gecko) Chrome/90.0.4430.212 Safari/537.36"
80.121.175.66 - - [19/May/2021:14:04:07 +0200] "GET /reload?ser=1621425847663 HTTP/1.1" 200 28 "http://renault.activities.at/success" "Mozilla/5.0 (Windows NT 6.1; WOW64; Trident/7.0; rv:11.0) like Gecko"
80.120.210.179 - - [19/May/2021:14:04:12 +0200] "GET /reload?ser=1621425853526 HTTP/1.1" 200 28 "http://renault.activities.at/result?searchterm=true&search=fahnenmasten" "Mozilla/5.0 (Windows NT 10.0; WOW64; Trident/7.0; rv:11.0) like Gecko"
80.120.148.242 - - [19/May/2021:14:04:14 +0200] "GET /reload?ser=1621425854269 HTTP/1.1" 200 28 "http://renault.activities.at/" "Mozilla/5.0 (Windows NT 10.0; Win64; x64) AppleWebKit/537.36 (KHTML, like Gecko) Chrome/90.0.4430.212 Safari/537.36"
193.194.132.28 - - [19/May/2021:14:04:19 +0200] "GET /reload?ser=1621425859809 HTTP/1.1" 200 28 "http://renault.2web.at/result?dir=DESC&mode=grid&order=name&limit=15&page=7&search=kleber" "Mozilla/5.0 (Windows NT 10.0; Win64; x64) AppleWebKit/537.36 (KHTML, like Gecko) Chrome/90.0.4430.212 Safari/537.36"
213.153.47.173 - - [19/May/2021:14:04:44 +0200] "GET /reload?ser=1621425884197 HTTP/1.1" 200 28 "http://renault.activities.at/10260300?dir=DESC&mode=grid&order=name&limit=15&page=2&loadrequest=true" "Mozilla/5.0 (Windows NT 10.0; Win64; x64) AppleWebKit/537.36 (KHTML, like Gecko) Chrome/90.0.4430.212 Safari/537.36"
80.121.175.66 - - [19/May/2021:14:05:08 +0200] "GET /reload?ser=1621425908645 HTTP/1.1" 200 28 "http://renault.activities.at/success" "Mozilla/5.0 (Windows NT 6.1; WOW64; Trident/7.0; rv:11.0) like Gecko"
80.120.210.179 - - [19/May/2021:14:05:13 +0200] "GET /reload?ser=1621425914517 HTTP/1.1" 200 28 "http://renault.activities.at/result?searchterm=true&search=fahnenmasten" "Mozilla/5.0 (Windows NT 10.0; WOW64; Trident/7.0; rv:11.0) like Gecko"
80.120.148.242 - - [19/May/2021:14:05:15 +0200] "GET /reload?ser=1621425915280 HTTP/1.1" 200 28 "http://renault.activities.at/" "Mozilla/5.0 (Windows NT 10.0; Win64; x64) AppleWebKit/537.36 (KHTML, like Gecko) Chrome/90.0.4430.212 Safari/537.36"
193.194.132.28 - - [19/May/2021:14:05:21 +0200] "GET /reload?ser=1621425920878 HTTP/1.1" 200 28 "http://renault.2web.at/result?dir=DESC&mode=grid&order=name&limit=15&page=7&search=kleber" "Mozilla/5.0 (Windows NT 10.0; Win64; x64) AppleWebKit/537.36 (KHTML, like Gecko) Chrome/90.0.4430.212 Safari/537.36"
193.194.132.28 - - [19/May/2021:14:05:26 +0200] "POST /axjaxrequest?mode=suggest HTTP/1.1" 200 21 "http://renault.2web.at/result?dir=DESC&mode=grid&order=name&limit=15&page=7&search=kleber" "Mozilla/5.0 (Windows NT 10.0; Win64; x64) AppleWebKit/537.36 (KHTML, like Gecko) Chrome/90.0.4430.212 Safari/537.36"
193.194.132.28 - - [19/May/2021:14:05:28 +0200] "POST /axjaxrequest?mode=suggest HTTP/1.1" 200 112 "http://renault.2web.at/result?dir=DESC&mode=grid&order=name&limit=15&page=7&search=kleber" "Mozilla/5.0 (Windows NT 10.0; Win64; x64) AppleWebKit/537.36 (KHTML, like Gecko) Chrome/90.0.4430.212 Safari/537.36"
193.194.132.28 - - [19/May/2021:14:05:30 +0200] "GET /result?searchterm=true&search=twingo HTTP/1.1" 200 10560 "http://renault.2web.at/result?dir=DESC&mode=grid&order=name&limit=15&page=7&search=kleber" "Mozilla/5.0 (Windows NT 10.0; Win64; x64) AppleWebKit/537.36 (KHTML, like Gecko) Chrome/90.0.4430.212 Safari/537.36"
193.194.132.28 - - [19/May/2021:14:05:33 +0200] "GET /loadthumbnail.php?id=12329773&width=113 HTTP/1.1" 200 6402 "http://renault.2web.at/result?searchterm=true&search=twingo" "Mozilla/5.0 (Windows NT 10.0; Win64; x64) AppleWebKit/537.36 (KHTML, like Gecko) Chrome/90.0.4430.212 Safari/537.36"
193.194.132.28 - - [19/May/2021:14:05:33 +0200] "GET /loadthumbnail.php?id=12037190&width=113 HTTP/1.1" 200 19857 "http://renault.2web.at/result?searchterm=true&search=twingo" "Mozilla/5.0 (Windows NT 10.0; Win64; x64) AppleWebKit/537.36 (KHTML, like Gecko) Chrome/90.0.4430.212 Safari/537.36"
213.153.47.173 - - [19/May/2021:14:05:45 +0200] "GET /reload?ser=1621425945205 HTTP/1.1" 200 28 "http://renault.activities.at/10260300?dir=DESC&mode=grid&order=name&limit=15&page=2&loadrequest=true" "Mozilla/5.0 (Windows NT 10.0; Win64; x64) AppleWebKit/537.36 (KHTML, like Gecko) Chrome/90.0.4430.212 Safari/537.36"
80.121.175.66 - - [19/May/2021:14:06:09 +0200] "GET /reload?ser=1621425969644 HTTP/1.1" 200 28 "http://renault.activities.at/success" "Mozilla/5.0 (Windows NT 6.1; WOW64; Trident/7.0; rv:11.0) like Gecko"
80.120.210.179 - - [19/May/2021:14:06:14 +0200] "GET /reload?ser=1621425975452 HTTP/1.1" 200 28 "http://renault.activities.at/result?searchterm=true&search=fahnenmasten" "Mozilla/5.0 (Windows NT 10.0; WOW64; Trident/7.0; rv:11.0) like Gecko"
80.120.148.242 - - [19/May/2021:14:06:16 +0200] "GET /reload?ser=1621425976272 HTTP/1.1" 200 28 "http://renault.activities.at/" "Mozilla/5.0 (Windows NT 10.0; Win64; x64) AppleWebKit/537.36 (KHTML, like Gecko) Chrome/90.0.4430.212 Safari/537.36"
193.194.132.28 - - [19/May/2021:14:06:34 +0200] "GET /reload?ser=1621425994809 HTTP/1.1" 200 28 "http://renault.2web.at/result?searchterm=true&search=twingo" "Mozilla/5.0 (Windows NT 10.0; Win64; x64) AppleWebKit/537.36 (KHTML, like Gecko) Chrome/90.0.4430.212 Safari/537.36"
213.153.47.173 - - [19/May/2021:14:06:46 +0200] "GET /reload?ser=1621426006198 HTTP/1.1" 200 28 "http://renault.activities.at/10260300?dir=DESC&mode=grid&order=name&limit=15&page=2&loadrequest=true" "Mozilla/5.0 (Windows NT 10.0; Win64; x64) AppleWebKit/537.36 (KHTML, like Gecko) Chrome/90.0.4430.212 Safari/537.36"
80.121.175.66 - - [19/May/2021:14:07:10 +0200] "GET /reload?ser=1621426030616 HTTP/1.1" 200 28 "http://renault.activities.at/success" "Mozilla/5.0 (Windows NT 6.1; WOW64; Trident/7.0; rv:11.0) like Gecko"
80.120.210.179 - - [19/May/2021:14:07:15 +0200] "GET /reload?ser=1621426036444 HTTP/1.1" 200 28 "http://renault.activities.at/result?searchterm=true&search=fahnenmasten" "Mozilla/5.0 (Windows NT 10.0; WOW64; Trident/7.0; rv:11.0) like Gecko"
80.120.148.242 - - [19/May/2021:14:07:17 +0200] "GET /reload?ser=1621426037283 HTTP/1.1" 200 28 "http://renault.activities.at/" "Mozilla/5.0 (Windows NT 10.0; Win64; x64) AppleWebKit/537.36 (KHTML, like Gecko) Chrome/90.0.4430.212 Safari/537.36"
193.194.132.28 - - [19/May/2021:14:07:36 +0200] "GET /reload?ser=1621426056810 HTTP/1.1" 200 28 "http://renault.2web.at/result?searchterm=true&search=twingo" "Mozilla/5.0 (Windows NT 10.0; Win64; x64) AppleWebKit/537.36 (KHTML, like Gecko) Chrome/90.0.4430.212 Safari/537.36"
213.153.47.173 - - [19/May/2021:14:07:47 +0200] "GET /reload?ser=1621426067206 HTTP/1.1" 200 28 "http://renault.activities.at/10260300?dir=DESC&mode=grid&order=name&limit=15&page=2&loadrequest=true" "Mozilla/5.0 (Windows NT 10.0; Win64; x64) AppleWebKit/537.36 (KHTML, like Gecko) Chrome/90.0.4430.212 Safari/537.36"
80.121.175.66 - - [19/May/2021:14:08:11 +0200] "GET /reload?ser=1621426091598 HTTP/1.1" 200 28 "http://renault.activities.at/success" "Mozilla/5.0 (Windows NT 6.1; WOW64; Trident/7.0; rv:11.0) like Gecko"
80.120.210.179 - - [19/May/2021:14:08:16 +0200] "GET /reload?ser=1621426097392 HTTP/1.1" 200 28 "http://renault.activities.at/result?searchterm=true&search=fahnenmasten" "Mozilla/5.0 (Windows NT 10.0; WOW64; Trident/7.0; rv:11.0) like Gecko"
80.120.148.242 - - [19/May/2021:14:08:18 +0200] "GET /reload?ser=1621426098282 HTTP/1.1" 200 28 "http://renault.activities.at/" "Mozilla/5.0 (Windows NT 10.0; Win64; x64) AppleWebKit/537.36 (KHTML, like Gecko) Chrome/90.0.4430.212 Safari/537.36"
193.194.132.28 - - [19/May/2021:14:08:38 +0200] "GET /reload?ser=1621426118810 HTTP/1.1" 200 28 "http://renault.2web.at/result?searchterm=true&search=twingo" "Mozilla/5.0 (Windows NT 10.0; Win64; x64) AppleWebKit/537.36 (KHTML, like Gecko) Chrome/90.0.4430.212 Safari/537.36"
213.153.47.173 - - [19/May/2021:14:08:48 +0200] "GET /reload?ser=1621426128198 HTTP/1.1" 200 28 "http://renault.activities.at/10260300?dir=DESC&mode=grid&order=name&limit=15&page=2&loadrequest=true" "Mozilla/5.0 (Windows NT 10.0; Win64; x64) AppleWebKit/537.36 (KHTML, like Gecko) Chrome/90.0.4430.212 Safari/537.36"
