185.180.12.135 - - [19/May/2021:09:35:57 +0200] "GET /images/header_block_corner_left_top.gif HTTP/1.1" 200 160 "http://renault.activities.at/css/styles.css" "Mozilla/5.0 (Windows NT 10.0; Win64; x64) AppleWebKit/537.36 (KHTML, like Gecko) Chrome/90.0.4430.93 Safari/537.36"
185.180.12.135 - - [19/May/2021:09:35:57 +0200] "GET /images/main_block_border.gif HTTP/1.1" 200 43 "http://renault.activities.at/css/styles.css" "Mozilla/5.0 (Windows NT 10.0; Win64; x64) AppleWebKit/537.36 (KHTML, like Gecko) Chrome/90.0.4430.93 Safari/537.36"
185.180.12.135 - - [19/May/2021:09:35:57 +0200] "GET /images/main_block_corner_right_bot.gif HTTP/1.1" 200 158 "http://renault.activities.at/css/styles.css" "Mozilla/5.0 (Windows NT 10.0; Win64; x64) AppleWebKit/537.36 (KHTML, like Gecko) Chrome/90.0.4430.93 Safari/537.36"
185.180.12.135 - - [19/May/2021:09:35:57 +0200] "GET /images/main_block_corner_right_top.gif HTTP/1.1" 200 159 "http://renault.activities.at/css/styles.css" "Mozilla/5.0 (Windows NT 10.0; Win64; x64) AppleWebKit/537.36 (KHTML, like Gecko) Chrome/90.0.4430.93 Safari/537.36"
185.180.12.135 - - [19/May/2021:09:35:57 +0200] "GET /images/main_block_corner_left_top.gif HTTP/1.1" 200 159 "http://renault.activities.at/css/styles.css" "Mozilla/5.0 (Windows NT 10.0; Win64; x64) AppleWebKit/537.36 (KHTML, like Gecko) Chrome/90.0.4430.93 Safari/537.36"
185.180.12.135 - - [19/May/2021:09:35:57 +0200] "GET /images/title_border.jpg HTTP/1.1" 200 304 "http://renault.activities.at/css/styles.css" "Mozilla/5.0 (Windows NT 10.0; Win64; x64) AppleWebKit/537.36 (KHTML, like Gecko) Chrome/90.0.4430.93 Safari/537.36"
185.180.12.135 - - [19/May/2021:09:35:57 +0200] "GET /images/header_block_corner_right_top.gif HTTP/1.1" 200 160 "http://renault.activities.at/css/styles.css" "Mozilla/5.0 (Windows NT 10.0; Win64; x64) AppleWebKit/537.36 (KHTML, like Gecko) Chrome/90.0.4430.93 Safari/537.36"
185.180.12.135 - - [19/May/2021:09:35:58 +0200] "GET /images/title_corner_left_top.jpg HTTP/1.1" 200 372 "http://renault.activities.at/css/styles.css" "Mozilla/5.0 (Windows NT 10.0; Win64; x64) AppleWebKit/537.36 (KHTML, like Gecko) Chrome/90.0.4430.93 Safari/537.36"
185.180.12.135 - - [19/May/2021:09:35:58 +0200] "GET /images/title_corner_right_top.jpg HTTP/1.1" 200 389 "http://renault.activities.at/css/styles.css" "Mozilla/5.0 (Windows NT 10.0; Win64; x64) AppleWebKit/537.36 (KHTML, like Gecko) Chrome/90.0.4430.93 Safari/537.36"
185.180.12.135 - - [19/May/2021:09:35:58 +0200] "GET /images/title_border_top.jpg HTTP/1.1" 200 336 "http://renault.activities.at/css/styles.css" "Mozilla/5.0 (Windows NT 10.0; Win64; x64) AppleWebKit/537.36 (KHTML, like Gecko) Chrome/90.0.4430.93 Safari/537.36"
185.180.12.135 - - [19/May/2021:09:35:58 +0200] "GET /images/button_left_bg.gif HTTP/1.1" 200 564 "http://renault.activities.at/css/styles.css" "Mozilla/5.0 (Windows NT 10.0; Win64; x64) AppleWebKit/537.36 (KHTML, like Gecko) Chrome/90.0.4430.93 Safari/537.36"
185.180.12.135 - - [19/May/2021:09:35:58 +0200] "GET /images/button_right_bg.gif HTTP/1.1" 200 561 "http://renault.activities.at/css/styles.css" "Mozilla/5.0 (Windows NT 10.0; Win64; x64) AppleWebKit/537.36 (KHTML, like Gecko) Chrome/90.0.4430.93 Safari/537.36"
91.113.144.26 - - [19/May/2021:09:35:57 +0200] "POST /login HTTP/1.1" 200 2149 "http://renault.activities.at/login" "Mozilla/5.0 (Windows NT 10.0; Win64; x64) AppleWebKit/537.36 (KHTML, like Gecko) Chrome/90.0.4430.212 Safari/537.36"
185.180.12.135 - - [19/May/2021:09:35:58 +0200] "GET /loadthumbnail.php?id=11127982 HTTP/1.1" 200 399614 "http://renault.activities.at/login" "Mozilla/5.0 (Windows NT 10.0; Win64; x64) AppleWebKit/537.36 (KHTML, like Gecko) Chrome/90.0.4430.93 Safari/537.36"
91.113.144.26 - - [19/May/2021:09:35:58 +0200] "GET /images/error_msg_icon.gif HTTP/1.1" 200 1013 "http://renault.activities.at/css/styles.css" "Mozilla/5.0 (Windows NT 10.0; Win64; x64) AppleWebKit/537.36 (KHTML, like Gecko) Chrome/90.0.4430.212 Safari/537.36"
185.180.12.135 - - [19/May/2021:09:35:59 +0200] "GET /images/button_bg.gif HTTP/1.1" 200 151 "http://renault.activities.at/css/styles.css" "Mozilla/5.0 (Windows NT 10.0; Win64; x64) AppleWebKit/537.36 (KHTML, like Gecko) Chrome/90.0.4430.93 Safari/537.36"
80.120.210.179 - - [19/May/2021:09:36:02 +0200] "GET /reload?ser=1621409762435 HTTP/1.1" 200 28 "http://renault.activities.at/account" "Mozilla/5.0 (Windows NT 10.0; WOW64; Trident/7.0; rv:11.0) like Gecko"
91.113.144.26 - - [19/May/2021:09:36:06 +0200] "POST /login HTTP/1.1" 200 2149 "http://renault.activities.at/login" "Mozilla/5.0 (Windows NT 10.0; Win64; x64) AppleWebKit/537.36 (KHTML, like Gecko) Chrome/90.0.4430.212 Safari/537.36"
193.194.132.28 - - [19/May/2021:09:36:08 +0200] "GET /reload?ser=1621409768657 HTTP/1.1" 200 28 "http://renault.activities.at/result?searchterm=true&search=arkana" "Mozilla/5.0 (Windows NT 10.0; Win64; x64) AppleWebKit/537.36 (KHTML, like Gecko) Chrome/86.0.4240.198 Safari/537.36"
91.114.96.114 - - [19/May/2021:09:36:08 +0200] "GET /reload?ser=1621409766828 HTTP/1.1" 200 28 "http://renault.activities.at/result?dir=DESC&mode=grid&order=name&limit=50&page=3&search=kleber" "Mozilla/5.0 (Windows NT 10.0; WOW64) AppleWebKit/537.36 (KHTML, like Gecko) Chrome/90.0.4430.212 Safari/537.36"
80.123.225.38 - - [19/May/2021:09:36:11 +0200] "GET /10201633?dir=DESC&mode=grid&order=name&limit=15&page=2 HTTP/1.1" 200 9002 "http://renault.activities.at/10201633" "Mozilla/5.0 (Windows NT 10.0; Win64; x64) AppleWebKit/537.36 (KHTML, like Gecko) Chrome/90.0.4430.212 Safari/537.36"
80.120.148.242 - - [19/May/2021:09:36:14 +0200] "GET /reload?ser=1621409774033 HTTP/1.1" 200 28 "http://renault.activities.at/" "Mozilla/5.0 (Windows NT 10.0; Win64; x64) AppleWebKit/537.36 (KHTML, like Gecko) Chrome/90.0.4430.212 Safari/537.36"
80.123.225.38 - - [19/May/2021:09:36:15 +0200] "GET /loadthumbnail.php?id=10203275 HTTP/1.1" 200 85 "http://renault.activities.at/10201633?dir=DESC&mode=grid&order=name&limit=15&page=2" "Mozilla/5.0 (Windows NT 10.0; Win64; x64) AppleWebKit/537.36 (KHTML, like Gecko) Chrome/90.0.4430.212 Safari/537.36"
80.123.225.38 - - [19/May/2021:09:36:15 +0200] "GET /loadthumbnail.php?id=11730239&width=113 HTTP/1.1" 200 4665 "http://renault.activities.at/10201633?dir=DESC&mode=grid&order=name&limit=15&page=2" "Mozilla/5.0 (Windows NT 10.0; Win64; x64) AppleWebKit/537.36 (KHTML, like Gecko) Chrome/90.0.4430.212 Safari/537.36"
80.123.225.38 - - [19/May/2021:09:36:15 +0200] "GET /loadthumbnail.php?id=12294743&width=113 HTTP/1.1" 200 2695 "http://renault.activities.at/10201633?dir=DESC&mode=grid&order=name&limit=15&page=2" "Mozilla/5.0 (Windows NT 10.0; Win64; x64) AppleWebKit/537.36 (KHTML, like Gecko) Chrome/90.0.4430.212 Safari/537.36"
80.123.225.38 - - [19/May/2021:09:36:15 +0200] "GET /loadthumbnail.php?id=12244843&width=113 HTTP/1.1" 200 6390 "http://renault.activities.at/10201633?dir=DESC&mode=grid&order=name&limit=15&page=2" "Mozilla/5.0 (Windows NT 10.0; Win64; x64) AppleWebKit/537.36 (KHTML, like Gecko) Chrome/90.0.4430.212 Safari/537.36"
80.123.225.38 - - [19/May/2021:09:36:15 +0200] "GET /loadthumbnail.php?id=12244864&width=113 HTTP/1.1" 200 11050 "http://renault.activities.at/10201633?dir=DESC&mode=grid&order=name&limit=15&page=2" "Mozilla/5.0 (Windows NT 10.0; Win64; x64) AppleWebKit/537.36 (KHTML, like Gecko) Chrome/90.0.4430.212 Safari/537.36"
80.123.225.38 - - [19/May/2021:09:36:15 +0200] "GET /loadthumbnail.php?id=12244847&width=113 HTTP/1.1" 200 5903 "http://renault.activities.at/10201633?dir=DESC&mode=grid&order=name&limit=15&page=2" "Mozilla/5.0 (Windows NT 10.0; Win64; x64) AppleWebKit/537.36 (KHTML, like Gecko) Chrome/90.0.4430.212 Safari/537.36"
80.123.225.38 - - [19/May/2021:09:36:15 +0200] "GET /loadthumbnail.php?id=12244856&width=113 HTTP/1.1" 200 5659 "http://renault.activities.at/10201633?dir=DESC&mode=grid&order=name&limit=15&page=2" "Mozilla/5.0 (Windows NT 10.0; Win64; x64) AppleWebKit/537.36 (KHTML, like Gecko) Chrome/90.0.4430.212 Safari/537.36"
80.123.225.38 - - [19/May/2021:09:36:15 +0200] "GET /loadthumbnail.php?id=10745359&width=113 HTTP/1.1" 200 4202 "http://renault.activities.at/10201633?dir=DESC&mode=grid&order=name&limit=15&page=2" "Mozilla/5.0 (Windows NT 10.0; Win64; x64) AppleWebKit/537.36 (KHTML, like Gecko) Chrome/90.0.4430.212 Safari/537.36"
80.123.225.38 - - [19/May/2021:09:36:15 +0200] "GET /loadthumbnail.php?id=12244860&width=113 HTTP/1.1" 200 18982 "http://renault.activities.at/10201633?dir=DESC&mode=grid&order=name&limit=15&page=2" "Mozilla/5.0 (Windows NT 10.0; Win64; x64) AppleWebKit/537.36 (KHTML, like Gecko) Chrome/90.0.4430.212 Safari/537.36"
80.123.225.38 - - [19/May/2021:09:36:15 +0200] "GET /loadthumbnail.php?id=12137758&width=113 HTTP/1.1" 200 36121 "http://renault.activities.at/10201633?dir=DESC&mode=grid&order=name&limit=15&page=2" "Mozilla/5.0 (Windows NT 10.0; Win64; x64) AppleWebKit/537.36 (KHTML, like Gecko) Chrome/90.0.4430.212 Safari/537.36"
80.123.225.38 - - [19/May/2021:09:36:15 +0200] "GET /loadthumbnail.php?id=12255478&width=113 HTTP/1.1" 200 19353 "http://renault.activities.at/10201633?dir=DESC&mode=grid&order=name&limit=15&page=2" "Mozilla/5.0 (Windows NT 10.0; Win64; x64) AppleWebKit/537.36 (KHTML, like Gecko) Chrome/90.0.4430.212 Safari/537.36"
80.123.225.38 - - [19/May/2021:09:36:15 +0200] "GET /loadthumbnail.php?id=11304834&width=113 HTTP/1.1" 200 1055 "http://renault.activities.at/10201633?dir=DESC&mode=grid&order=name&limit=15&page=2" "Mozilla/5.0 (Windows NT 10.0; Win64; x64) AppleWebKit/537.36 (KHTML, like Gecko) Chrome/90.0.4430.212 Safari/537.36"
80.123.225.38 - - [19/May/2021:09:36:15 +0200] "GET /loadthumbnail.php?id=12230577&width=113 HTTP/1.1" 200 1374 "http://renault.activities.at/10201633?dir=DESC&mode=grid&order=name&limit=15&page=2" "Mozilla/5.0 (Windows NT 10.0; Win64; x64) AppleWebKit/537.36 (KHTML, like Gecko) Chrome/90.0.4430.212 Safari/537.36"
80.123.225.38 - - [19/May/2021:09:36:15 +0200] "GET /loadthumbnail.php?id=12388135&width=113 HTTP/1.1" 200 1381 "http://renault.activities.at/10201633?dir=DESC&mode=grid&order=name&limit=15&page=2" "Mozilla/5.0 (Windows NT 10.0; Win64; x64) AppleWebKit/537.36 (KHTML, like Gecko) Chrome/90.0.4430.212 Safari/537.36"
80.123.225.38 - - [19/May/2021:09:36:15 +0200] "GET /loadthumbnail.php?id=12388134&width=113 HTTP/1.1" 200 1524 "http://renault.activities.at/10201633?dir=DESC&mode=grid&order=name&limit=15&page=2" "Mozilla/5.0 (Windows NT 10.0; Win64; x64) AppleWebKit/537.36 (KHTML, like Gecko) Chrome/90.0.4430.212 Safari/537.36"
80.123.225.38 - - [19/May/2021:09:36:20 +0200] "GET /10201633?dir=DESC&mode=grid&order=name&limit=15&page=3 HTTP/1.1" 200 9104 "http://renault.activities.at/10201633?dir=DESC&mode=grid&order=name&limit=15&page=2" "Mozilla/5.0 (Windows NT 10.0; Win64; x64) AppleWebKit/537.36 (KHTML, like Gecko) Chrome/90.0.4430.212 Safari/537.36"
80.123.225.38 - - [19/May/2021:09:36:23 +0200] "GET /loadthumbnail.php?id=11776453&width=113 HTTP/1.1" 200 1248 "http://renault.activities.at/10201633?dir=DESC&mode=grid&order=name&limit=15&page=3" "Mozilla/5.0 (Windows NT 10.0; Win64; x64) AppleWebKit/537.36 (KHTML, like Gecko) Chrome/90.0.4430.212 Safari/537.36"
80.123.225.38 - - [19/May/2021:09:36:23 +0200] "GET /loadthumbnail.php?id=11730248&width=113 HTTP/1.1" 200 4910 "http://renault.activities.at/10201633?dir=DESC&mode=grid&order=name&limit=15&page=3" "Mozilla/5.0 (Windows NT 10.0; Win64; x64) AppleWebKit/537.36 (KHTML, like Gecko) Chrome/90.0.4430.212 Safari/537.36"
80.123.225.38 - - [19/May/2021:09:36:23 +0200] "GET /loadthumbnail.php?id=12297782&width=113 HTTP/1.1" 200 32707 "http://renault.activities.at/10201633?dir=DESC&mode=grid&order=name&limit=15&page=3" "Mozilla/5.0 (Windows NT 10.0; Win64; x64) AppleWebKit/537.36 (KHTML, like Gecko) Chrome/90.0.4430.212 Safari/537.36"
80.123.225.38 - - [19/May/2021:09:36:23 +0200] "GET /loadthumbnail.php?id=11877752&width=113 HTTP/1.1" 200 41752 "http://renault.activities.at/10201633?dir=DESC&mode=grid&order=name&limit=15&page=3" "Mozilla/5.0 (Windows NT 10.0; Win64; x64) AppleWebKit/537.36 (KHTML, like Gecko) Chrome/90.0.4430.212 Safari/537.36"
80.123.225.38 - - [19/May/2021:09:36:23 +0200] "GET /loadthumbnail.php?id=12348146&width=113 HTTP/1.1" 200 38739 "http://renault.activities.at/10201633?dir=DESC&mode=grid&order=name&limit=15&page=3" "Mozilla/5.0 (Windows NT 10.0; Win64; x64) AppleWebKit/537.36 (KHTML, like Gecko) Chrome/90.0.4430.212 Safari/537.36"
80.123.225.38 - - [19/May/2021:09:36:23 +0200] "GET /loadthumbnail.php?id=11538169&width=113 HTTP/1.1" 200 20088 "http://renault.activities.at/10201633?dir=DESC&mode=grid&order=name&limit=15&page=3" "Mozilla/5.0 (Windows NT 10.0; Win64; x64) AppleWebKit/537.36 (KHTML, like Gecko) Chrome/90.0.4430.212 Safari/537.36"
80.123.225.38 - - [19/May/2021:09:36:23 +0200] "GET /loadthumbnail.php?id=12140010&width=113 HTTP/1.1" 200 28414 "http://renault.activities.at/10201633?dir=DESC&mode=grid&order=name&limit=15&page=3" "Mozilla/5.0 (Windows NT 10.0; Win64; x64) AppleWebKit/537.36 (KHTML, like Gecko) Chrome/90.0.4430.212 Safari/537.36"
80.123.225.38 - - [19/May/2021:09:36:23 +0200] "GET /loadthumbnail.php?id=12230773&width=113 HTTP/1.1" 200 39654 "http://renault.activities.at/10201633?dir=DESC&mode=grid&order=name&limit=15&page=3" "Mozilla/5.0 (Windows NT 10.0; Win64; x64) AppleWebKit/537.36 (KHTML, like Gecko) Chrome/90.0.4430.212 Safari/537.36"
91.141.2.217 - - [19/May/2021:09:36:23 +0200] "GET / HTTP/1.1" 200 3315 "-" "Mozilla/5.0 (Windows NT 10.0; Win64; x64) AppleWebKit/537.36 (KHTML, like Gecko) Chrome/90.0.4430.212 Safari/537.36 Edg/90.0.818.62"
80.123.225.38 - - [19/May/2021:09:36:24 +0200] "GET /loadthumbnail.php?id=11319983&width=113 HTTP/1.1" 200 38992 "http://renault.activities.at/10201633?dir=DESC&mode=grid&order=name&limit=15&page=3" "Mozilla/5.0 (Windows NT 10.0; Win64; x64) AppleWebKit/537.36 (KHTML, like Gecko) Chrome/90.0.4430.212 Safari/537.36"
80.123.225.38 - - [19/May/2021:09:36:24 +0200] "GET /loadthumbnail.php?id=11319988&width=113 HTTP/1.1" 200 44228 "http://renault.activities.at/10201633?dir=DESC&mode=grid&order=name&limit=15&page=3" "Mozilla/5.0 (Windows NT 10.0; Win64; x64) AppleWebKit/537.36 (KHTML, like Gecko) Chrome/90.0.4430.212 Safari/537.36"
80.123.225.38 - - [19/May/2021:09:36:24 +0200] "GET /loadthumbnail.php?id=12139710&width=113 HTTP/1.1" 200 34483 "http://renault.activities.at/10201633?dir=DESC&mode=grid&order=name&limit=15&page=3" "Mozilla/5.0 (Windows NT 10.0; Win64; x64) AppleWebKit/537.36 (KHTML, like Gecko) Chrome/90.0.4430.212 Safari/537.36"
80.123.225.38 - - [19/May/2021:09:36:24 +0200] "GET /loadthumbnail.php?id=11715013&width=113 HTTP/1.1" 200 33856 "http://renault.activities.at/10201633?dir=DESC&mode=grid&order=name&limit=15&page=3" "Mozilla/5.0 (Windows NT 10.0; Win64; x64) AppleWebKit/537.36 (KHTML, like Gecko) Chrome/90.0.4430.212 Safari/537.36"
80.123.225.38 - - [19/May/2021:09:36:24 +0200] "GET /loadthumbnail.php?id=11877757&width=113 HTTP/1.1" 200 32396 "http://renault.activities.at/10201633?dir=DESC&mode=grid&order=name&limit=15&page=3" "Mozilla/5.0 (Windows NT 10.0; Win64; x64) AppleWebKit/537.36 (KHTML, like Gecko) Chrome/90.0.4430.212 Safari/537.36"
80.123.225.38 - - [19/May/2021:09:36:24 +0200] "GET /loadthumbnail.php?id=12017023&width=113 HTTP/1.1" 200 34650 "http://renault.activities.at/10201633?dir=DESC&mode=grid&order=name&limit=15&page=3" "Mozilla/5.0 (Windows NT 10.0; Win64; x64) AppleWebKit/537.36 (KHTML, like Gecko) Chrome/90.0.4430.212 Safari/537.36"
80.123.225.38 - - [19/May/2021:09:36:24 +0200] "GET /loadthumbnail.php?id=11342067&width=113 HTTP/1.1" 200 21913 "http://renault.activities.at/10201633?dir=DESC&mode=grid&order=name&limit=15&page=3" "Mozilla/5.0 (Windows NT 10.0; Win64; x64) AppleWebKit/537.36 (KHTML, like Gecko) Chrome/90.0.4430.212 Safari/537.36"
91.141.2.217 - - [19/May/2021:09:36:24 +0200] "GET /css/reset.css HTTP/1.1" 200 1356 "http://renault.activities.at/" "Mozilla/5.0 (Windows NT 10.0; Win64; x64) AppleWebKit/537.36 (KHTML, like Gecko) Chrome/90.0.4430.212 Safari/537.36 Edg/90.0.818.62"
91.141.2.217 - - [19/May/2021:09:36:24 +0200] "GET /js/default.js HTTP/1.1" 200 14698 "http://renault.activities.at/" "Mozilla/5.0 (Windows NT 10.0; Win64; x64) AppleWebKit/537.36 (KHTML, like Gecko) Chrome/90.0.4430.212 Safari/537.36 Edg/90.0.818.62"
91.141.2.217 - - [19/May/2021:09:36:24 +0200] "GET /css/clears.css HTTP/1.1" 200 851 "http://renault.activities.at/" "Mozilla/5.0 (Windows NT 10.0; Win64; x64) AppleWebKit/537.36 (KHTML, like Gecko) Chrome/90.0.4430.212 Safari/537.36 Edg/90.0.818.62"
91.141.2.217 - - [19/May/2021:09:36:24 +0200] "GET /js/checkout.css HTTP/1.1" 200 359 "http://renault.activities.at/" "Mozilla/5.0 (Windows NT 10.0; Win64; x64) AppleWebKit/537.36 (KHTML, like Gecko) Chrome/90.0.4430.212 Safari/537.36 Edg/90.0.818.62"
91.141.2.217 - - [19/May/2021:09:36:25 +0200] "GET /css/prototip.css HTTP/1.1" 200 968 "http://renault.activities.at/" "Mozilla/5.0 (Windows NT 10.0; Win64; x64) AppleWebKit/537.36 (KHTML, like Gecko) Chrome/90.0.4430.212 Safari/537.36 Edg/90.0.818.62"
91.141.2.217 - - [19/May/2021:09:36:25 +0200] "GET /css/styles.css HTTP/1.1" 200 14664 "http://renault.activities.at/" "Mozilla/5.0 (Windows NT 10.0; Win64; x64) AppleWebKit/537.36 (KHTML, like Gecko) Chrome/90.0.4430.212 Safari/537.36 Edg/90.0.818.62"
91.141.2.217 - - [19/May/2021:09:36:25 +0200] "GET /css/themes/default.css HTTP/1.1" 200 769 "http://renault.activities.at/" "Mozilla/5.0 (Windows NT 10.0; Win64; x64) AppleWebKit/537.36 (KHTML, like Gecko) Chrome/90.0.4430.212 Safari/537.36 Edg/90.0.818.62"
91.113.144.26 - - [19/May/2021:09:36:24 +0200] "POST /login HTTP/1.1" 200 2149 "http://renault.activities.at/login" "Mozilla/5.0 (Windows NT 10.0; Win64; x64) AppleWebKit/537.36 (KHTML, like Gecko) Chrome/90.0.4430.212 Safari/537.36"
91.141.2.217 - - [19/May/2021:09:36:25 +0200] "GET /css/themes/alphacube.css HTTP/1.1" 200 743 "http://renault.activities.at/" "Mozilla/5.0 (Windows NT 10.0; Win64; x64) AppleWebKit/537.36 (KHTML, like Gecko) Chrome/90.0.4430.212 Safari/537.36 Edg/90.0.818.62"
91.141.2.217 - - [19/May/2021:09:36:25 +0200] "GET /js/flashdetection.js HTTP/1.1" 200 1059 "http://renault.activities.at/" "Mozilla/5.0 (Windows NT 10.0; Win64; x64) AppleWebKit/537.36 (KHTML, like Gecko) Chrome/90.0.4430.212 Safari/537.36 Edg/90.0.818.62"
91.141.2.217 - - [19/May/2021:09:36:25 +0200] "GET /js/index.php?c=auto&f=,prototype/prototype.js,prototype/validation.js,scriptaculous/builder.js,scriptaculous/effects.js,scriptaculous/dragdrop.js,scriptaculous/controls.js,scriptaculous/slider.js,varien/js.js,varien/form.js,varien/menu.js,mage/translate.js,mage/cookies.js,varien/product.js,spinner/SpinnerControl.jsmin.js,prototype/window.js,prototype/window_ext.js HTTP/1.1" 200 94182 "http://renault.activities.at/" "Mozilla/5.0 (Windows NT 10.0; Win64; x64) AppleWebKit/537.36 (KHTML, like Gecko) Chrome/90.0.4430.212 Safari/537.36 Edg/90.0.818.62"
91.141.2.217 - - [19/May/2021:09:36:26 +0200] "GET /images/main_block_corner_left_bot.gif HTTP/1.1" 200 159 "http://renault.activities.at/css/styles.css" "Mozilla/5.0 (Windows NT 10.0; Win64; x64) AppleWebKit/537.36 (KHTML, like Gecko) Chrome/90.0.4430.212 Safari/537.36 Edg/90.0.818.62"
91.141.2.217 - - [19/May/2021:09:36:26 +0200] "GET /images/main_block_border.gif HTTP/1.1" 200 43 "http://renault.activities.at/css/styles.css" "Mozilla/5.0 (Windows NT 10.0; Win64; x64) AppleWebKit/537.36 (KHTML, like Gecko) Chrome/90.0.4430.212 Safari/537.36 Edg/90.0.818.62"
91.141.2.217 - - [19/May/2021:09:36:26 +0200] "GET /css/print.css HTTP/1.1" 200 543 "http://renault.activities.at/" "Mozilla/5.0 (Windows NT 10.0; Win64; x64) AppleWebKit/537.36 (KHTML, like Gecko) Chrome/90.0.4430.212 Safari/537.36 Edg/90.0.818.62"
91.141.2.217 - - [19/May/2021:09:36:26 +0200] "GET /images/header_block_corner_left_top.gif HTTP/1.1" 200 160 "http://renault.activities.at/css/styles.css" "Mozilla/5.0 (Windows NT 10.0; Win64; x64) AppleWebKit/537.36 (KHTML, like Gecko) Chrome/90.0.4430.212 Safari/537.36 Edg/90.0.818.62"
91.141.2.217 - - [19/May/2021:09:36:26 +0200] "GET /images/header_block_border.gif HTTP/1.1" 200 43 "http://renault.activities.at/css/styles.css" "Mozilla/5.0 (Windows NT 10.0; Win64; x64) AppleWebKit/537.36 (KHTML, like Gecko) Chrome/90.0.4430.212 Safari/537.36 Edg/90.0.818.62"
91.141.2.217 - - [19/May/2021:09:36:27 +0200] "GET /images/main_block_corner_right_bot.gif HTTP/1.1" 200 158 "http://renault.activities.at/css/styles.css" "Mozilla/5.0 (Windows NT 10.0; Win64; x64) AppleWebKit/537.36 (KHTML, like Gecko) Chrome/90.0.4430.212 Safari/537.36 Edg/90.0.818.62"
91.141.2.217 - - [19/May/2021:09:36:27 +0200] "GET /images/main_block_corner_right_top.gif HTTP/1.1" 200 159 "http://renault.activities.at/css/styles.css" "Mozilla/5.0 (Windows NT 10.0; Win64; x64) AppleWebKit/537.36 (KHTML, like Gecko) Chrome/90.0.4430.212 Safari/537.36 Edg/90.0.818.62"
91.141.2.217 - - [19/May/2021:09:36:27 +0200] "GET /images/main_block_corner_left_top.gif HTTP/1.1" 200 159 "http://renault.activities.at/css/styles.css" "Mozilla/5.0 (Windows NT 10.0; Win64; x64) AppleWebKit/537.36 (KHTML, like Gecko) Chrome/90.0.4430.212 Safari/537.36 Edg/90.0.818.62"
91.141.2.217 - - [19/May/2021:09:36:27 +0200] "GET /images/title_border_top.jpg HTTP/1.1" 200 336 "http://renault.activities.at/css/styles.css" "Mozilla/5.0 (Windows NT 10.0; Win64; x64) AppleWebKit/537.36 (KHTML, like Gecko) Chrome/90.0.4430.212 Safari/537.36 Edg/90.0.818.62"
91.141.2.217 - - [19/May/2021:09:36:27 +0200] "GET /images/title_corner_left_top.jpg HTTP/1.1" 200 372 "http://renault.activities.at/css/styles.css" "Mozilla/5.0 (Windows NT 10.0; Win64; x64) AppleWebKit/537.36 (KHTML, like Gecko) Chrome/90.0.4430.212 Safari/537.36 Edg/90.0.818.62"
91.141.2.217 - - [19/May/2021:09:36:28 +0200] "GET /images/header_block_corner_right_top.gif HTTP/1.1" 200 160 "http://renault.activities.at/css/styles.css" "Mozilla/5.0 (Windows NT 10.0; Win64; x64) AppleWebKit/537.36 (KHTML, like Gecko) Chrome/90.0.4430.212 Safari/537.36 Edg/90.0.818.62"
91.141.2.217 - - [19/May/2021:09:36:27 +0200] "GET /loadthumbnail.php?id=11127982 HTTP/1.1" 200 399614 "http://renault.activities.at/" "Mozilla/5.0 (Windows NT 10.0; Win64; x64) AppleWebKit/537.36 (KHTML, like Gecko) Chrome/90.0.4430.212 Safari/537.36 Edg/90.0.818.62"
91.141.2.217 - - [19/May/2021:09:36:28 +0200] "GET /images/title_corner_right_top.jpg HTTP/1.1" 200 389 "http://renault.activities.at/css/styles.css" "Mozilla/5.0 (Windows NT 10.0; Win64; x64) AppleWebKit/537.36 (KHTML, like Gecko) Chrome/90.0.4430.212 Safari/537.36 Edg/90.0.818.62"
91.141.2.217 - - [19/May/2021:09:36:28 +0200] "GET /images/title_border.jpg HTTP/1.1" 200 304 "http://renault.activities.at/css/styles.css" "Mozilla/5.0 (Windows NT 10.0; Win64; x64) AppleWebKit/537.36 (KHTML, like Gecko) Chrome/90.0.4430.212 Safari/537.36 Edg/90.0.818.62"
91.141.2.217 - - [19/May/2021:09:36:28 +0200] "GET /images/favicon.ico HTTP/1.1" 404 305 "http://renault.activities.at/" "Mozilla/5.0 (Windows NT 10.0; Win64; x64) AppleWebKit/537.36 (KHTML, like Gecko) Chrome/90.0.4430.212 Safari/537.36 Edg/90.0.818.62"
91.113.144.26 - - [19/May/2021:09:36:29 +0200] "POST /login HTTP/1.1" 200 2149 "http://renault.activities.at/login" "Mozilla/5.0 (Windows NT 10.0; Win64; x64) AppleWebKit/537.36 (KHTML, like Gecko) Chrome/90.0.4430.212 Safari/537.36"
91.141.2.217 - - [19/May/2021:09:36:30 +0200] "GET /login HTTP/1.1" 200 2085 "http://renault.activities.at/" "Mozilla/5.0 (Windows NT 10.0; Win64; x64) AppleWebKit/537.36 (KHTML, like Gecko) Chrome/90.0.4430.212 Safari/537.36 Edg/90.0.818.62"
91.141.2.217 - - [19/May/2021:09:36:31 +0200] "GET /images/button_left_bg.gif HTTP/1.1" 200 564 "http://renault.activities.at/css/styles.css" "Mozilla/5.0 (Windows NT 10.0; Win64; x64) AppleWebKit/537.36 (KHTML, like Gecko) Chrome/90.0.4430.212 Safari/537.36 Edg/90.0.818.62"
91.141.2.217 - - [19/May/2021:09:36:31 +0200] "GET /images/button_right_bg.gif HTTP/1.1" 200 561 "http://renault.activities.at/css/styles.css" "Mozilla/5.0 (Windows NT 10.0; Win64; x64) AppleWebKit/537.36 (KHTML, like Gecko) Chrome/90.0.4430.212 Safari/537.36 Edg/90.0.818.62"
80.123.225.38 - - [19/May/2021:09:36:28 +0200] "GET /10201633?dir=DESC&mode=grid&order=name&limit=15&page=4 HTTP/1.1" 200 8870 "http://renault.activities.at/10201633?dir=DESC&mode=grid&order=name&limit=15&page=3" "Mozilla/5.0 (Windows NT 10.0; Win64; x64) AppleWebKit/537.36 (KHTML, like Gecko) Chrome/90.0.4430.212 Safari/537.36"
91.141.2.217 - - [19/May/2021:09:36:32 +0200] "GET /images/button_bg.gif HTTP/1.1" 200 151 "http://renault.activities.at/css/styles.css" "Mozilla/5.0 (Windows NT 10.0; Win64; x64) AppleWebKit/537.36 (KHTML, like Gecko) Chrome/90.0.4430.212 Safari/537.36 Edg/90.0.818.62"
80.123.225.38 - - [19/May/2021:09:36:31 +0200] "GET /loadthumbnail.php?id=11342066&width=113 HTTP/1.1" 200 28015 "http://renault.activities.at/10201633?dir=DESC&mode=grid&order=name&limit=15&page=4" "Mozilla/5.0 (Windows NT 10.0; Win64; x64) AppleWebKit/537.36 (KHTML, like Gecko) Chrome/90.0.4430.212 Safari/537.36"
80.123.225.38 - - [19/May/2021:09:36:31 +0200] "GET /loadthumbnail.php?id=11319984&width=113 HTTP/1.1" 200 28924 "http://renault.activities.at/10201633?dir=DESC&mode=grid&order=name&limit=15&page=4" "Mozilla/5.0 (Windows NT 10.0; Win64; x64) AppleWebKit/537.36 (KHTML, like Gecko) Chrome/90.0.4430.212 Safari/537.36"
80.123.225.38 - - [19/May/2021:09:36:31 +0200] "GET /loadthumbnail.php?id=12139706&width=113 HTTP/1.1" 200 28671 "http://renault.activities.at/10201633?dir=DESC&mode=grid&order=name&limit=15&page=4" "Mozilla/5.0 (Windows NT 10.0; Win64; x64) AppleWebKit/537.36 (KHTML, like Gecko) Chrome/90.0.4430.212 Safari/537.36"
80.123.225.38 - - [19/May/2021:09:36:31 +0200] "GET /loadthumbnail.php?id=12231771&width=113 HTTP/1.1" 200 30339 "http://renault.activities.at/10201633?dir=DESC&mode=grid&order=name&limit=15&page=4" "Mozilla/5.0 (Windows NT 10.0; Win64; x64) AppleWebKit/537.36 (KHTML, like Gecko) Chrome/90.0.4430.212 Safari/537.36"
80.123.225.38 - - [19/May/2021:09:36:31 +0200] "GET /loadthumbnail.php?id=12231767&width=113 HTTP/1.1" 200 30758 "http://renault.activities.at/10201633?dir=DESC&mode=grid&order=name&limit=15&page=4" "Mozilla/5.0 (Windows NT 10.0; Win64; x64) AppleWebKit/537.36 (KHTML, like Gecko) Chrome/90.0.4430.212 Safari/537.36"
80.123.225.38 - - [19/May/2021:09:36:31 +0200] "GET /loadthumbnail.php?id=11319961&width=113 HTTP/1.1" 200 27077 "http://renault.activities.at/10201633?dir=DESC&mode=grid&order=name&limit=15&page=4" "Mozilla/5.0 (Windows NT 10.0; Win64; x64) AppleWebKit/537.36 (KHTML, like Gecko) Chrome/90.0.4430.212 Safari/537.36"
91.113.144.26 - - [19/May/2021:09:36:31 +0200] "GET /forgotpassword HTTP/1.1" 200 2187 "http://renault.activities.at/login" "Mozilla/5.0 (Windows NT 10.0; Win64; x64) AppleWebKit/537.36 (KHTML, like Gecko) Chrome/90.0.4430.212 Safari/537.36"
80.123.225.38 - - [19/May/2021:09:36:32 +0200] "GET /loadthumbnail.php?id=11577924&width=113 HTTP/1.1" 200 28282 "http://renault.activities.at/10201633?dir=DESC&mode=grid&order=name&limit=15&page=4" "Mozilla/5.0 (Windows NT 10.0; Win64; x64) AppleWebKit/537.36 (KHTML, like Gecko) Chrome/90.0.4430.212 Safari/537.36"
80.123.225.38 - - [19/May/2021:09:36:32 +0200] "GET /loadthumbnail.php?id=11334756&width=113 HTTP/1.1" 200 24626 "http://renault.activities.at/10201633?dir=DESC&mode=grid&order=name&limit=15&page=4" "Mozilla/5.0 (Windows NT 10.0; Win64; x64) AppleWebKit/537.36 (KHTML, like Gecko) Chrome/90.0.4430.212 Safari/537.36"
80.123.225.38 - - [19/May/2021:09:36:32 +0200] "GET /loadthumbnail.php?id=11715005&width=113 HTTP/1.1" 200 30128 "http://renault.activities.at/10201633?dir=DESC&mode=grid&order=name&limit=15&page=4" "Mozilla/5.0 (Windows NT 10.0; Win64; x64) AppleWebKit/537.36 (KHTML, like Gecko) Chrome/90.0.4430.212 Safari/537.36"
80.123.225.38 - - [19/May/2021:09:36:32 +0200] "GET /loadthumbnail.php?id=11334755&width=113 HTTP/1.1" 200 23865 "http://renault.activities.at/10201633?dir=DESC&mode=grid&order=name&limit=15&page=4" "Mozilla/5.0 (Windows NT 10.0; Win64; x64) AppleWebKit/537.36 (KHTML, like Gecko) Chrome/90.0.4430.212 Safari/537.36"
80.123.225.38 - - [19/May/2021:09:36:32 +0200] "GET /loadthumbnail.php?id=11658108&width=113 HTTP/1.1" 200 27184 "http://renault.activities.at/10201633?dir=DESC&mode=grid&order=name&limit=15&page=4" "Mozilla/5.0 (Windows NT 10.0; Win64; x64) AppleWebKit/537.36 (KHTML, like Gecko) Chrome/90.0.4430.212 Safari/537.36"
80.123.225.38 - - [19/May/2021:09:36:32 +0200] "GET /loadthumbnail.php?id=11877811&width=113 HTTP/1.1" 200 27053 "http://renault.activities.at/10201633?dir=DESC&mode=grid&order=name&limit=15&page=4" "Mozilla/5.0 (Windows NT 10.0; Win64; x64) AppleWebKit/537.36 (KHTML, like Gecko) Chrome/90.0.4430.212 Safari/537.36"
80.123.225.38 - - [19/May/2021:09:36:32 +0200] "GET /loadthumbnail.php?id=11715009&width=113 HTTP/1.1" 200 22295 "http://renault.activities.at/10201633?dir=DESC&mode=grid&order=name&limit=15&page=4" "Mozilla/5.0 (Windows NT 10.0; Win64; x64) AppleWebKit/537.36 (KHTML, like Gecko) Chrome/90.0.4430.212 Safari/537.36"
80.123.225.38 - - [19/May/2021:09:36:32 +0200] "GET /loadthumbnail.php?id=10562347&width=113 HTTP/1.1" 200 4993 "http://renault.activities.at/10201633?dir=DESC&mode=grid&order=name&limit=15&page=4" "Mozilla/5.0 (Windows NT 10.0; Win64; x64) AppleWebKit/537.36 (KHTML, like Gecko) Chrome/90.0.4430.212 Safari/537.36"
80.123.225.38 - - [19/May/2021:09:36:32 +0200] "GET /loadthumbnail.php?id=11124852&width=113 HTTP/1.1" 200 8535 "http://renault.activities.at/10201633?dir=DESC&mode=grid&order=name&limit=15&page=4" "Mozilla/5.0 (Windows NT 10.0; Win64; x64) AppleWebKit/537.36 (KHTML, like Gecko) Chrome/90.0.4430.212 Safari/537.36"
80.123.225.38 - - [19/May/2021:09:36:40 +0200] "GET /10201633?dir=DESC&mode=grid&order=name&limit=15&page=5 HTTP/1.1" 200 6801 "http://renault.activities.at/10201633?dir=DESC&mode=grid&order=name&limit=15&page=4" "Mozilla/5.0 (Windows NT 10.0; Win64; x64) AppleWebKit/537.36 (KHTML, like Gecko) Chrome/90.0.4430.212 Safari/537.36"
80.123.225.38 - - [19/May/2021:09:36:42 +0200] "GET /loadthumbnail.php?id=10562346&width=113 HTTP/1.1" 200 5314 "http://renault.activities.at/10201633?dir=DESC&mode=grid&order=name&limit=15&page=5" "Mozilla/5.0 (Windows NT 10.0; Win64; x64) AppleWebKit/537.36 (KHTML, like Gecko) Chrome/90.0.4430.212 Safari/537.36"
80.123.225.38 - - [19/May/2021:09:36:42 +0200] "GET /loadthumbnail.php?id=12204968&width=113 HTTP/1.1" 200 4284 "http://renault.activities.at/10201633?dir=DESC&mode=grid&order=name&limit=15&page=5" "Mozilla/5.0 (Windows NT 10.0; Win64; x64) AppleWebKit/537.36 (KHTML, like Gecko) Chrome/90.0.4430.212 Safari/537.36"
80.123.225.38 - - [19/May/2021:09:36:42 +0200] "GET /loadthumbnail.php?id=12363384&width=113 HTTP/1.1" 200 20801 "http://renault.activities.at/10201633?dir=DESC&mode=grid&order=name&limit=15&page=5" "Mozilla/5.0 (Windows NT 10.0; Win64; x64) AppleWebKit/537.36 (KHTML, like Gecko) Chrome/90.0.4430.212 Safari/537.36"
91.113.144.26 - - [19/May/2021:09:36:42 +0200] "POST /forgotpassword HTTP/1.1" 200 2237 "http://renault.activities.at/forgotpassword" "Mozilla/5.0 (Windows NT 10.0; Win64; x64) AppleWebKit/537.36 (KHTML, like Gecko) Chrome/90.0.4430.212 Safari/537.36"
91.113.144.26 - - [19/May/2021:09:36:47 +0200] "GET /login HTTP/1.1" 200 2085 "http://renault.activities.at/forgotpassword" "Mozilla/5.0 (Windows NT 10.0; Win64; x64) AppleWebKit/537.36 (KHTML, like Gecko) Chrome/90.0.4430.212 Safari/537.36"
138.21.12.30 - - [19/May/2021:09:36:48 +0200] "GET /reload?ser=1621409808527 HTTP/1.1" 200 28 "http://renault.2web.at/account" "Mozilla/5.0 (Windows NT 10.0; Win64; x64) AppleWebKit/537.36 (KHTML, like Gecko) Chrome/90.0.4430.212 Safari/537.36"
212.89.176.40 - - [19/May/2021:09:36:50 +0200] "GET /reload?ser=1621409676794 HTTP/1.1" 200 28 "http://renault.activities.at/cart" "Mozilla/5.0 (Windows NT 10.0; WOW64; Trident/7.0; rv:11.0) like Gecko"
91.141.2.217 - - [19/May/2021:09:36:50 +0200] "POST /login HTTP/1.1" 302 140 "http://renault.activities.at/login" "Mozilla/5.0 (Windows NT 10.0; Win64; x64) AppleWebKit/537.36 (KHTML, like Gecko) Chrome/90.0.4430.212 Safari/537.36 Edg/90.0.818.62"
91.141.2.217 - - [19/May/2021:09:36:52 +0200] "GET /account HTTP/1.1" 200 5977 "http://renault.activities.at/login" "Mozilla/5.0 (Windows NT 10.0; Win64; x64) AppleWebKit/537.36 (KHTML, like Gecko) Chrome/90.0.4430.212 Safari/537.36 Edg/90.0.818.62"
91.141.2.217 - - [19/May/2021:09:36:55 +0200] "GET /loadthumbnail.php?id=10203651&width=50&height=50 HTTP/1.1" 200 1234 "http://renault.activities.at/account" "Mozilla/5.0 (Windows NT 10.0; Win64; x64) AppleWebKit/537.36 (KHTML, like Gecko) Chrome/90.0.4430.212 Safari/537.36 Edg/90.0.818.62"
91.141.2.217 - - [19/May/2021:09:36:55 +0200] "GET /js/account.js HTTP/1.1" 200 953 "http://renault.activities.at/account" "Mozilla/5.0 (Windows NT 10.0; Win64; x64) AppleWebKit/537.36 (KHTML, like Gecko) Chrome/90.0.4430.212 Safari/537.36 Edg/90.0.818.62"
91.141.2.217 - - [19/May/2021:09:36:55 +0200] "GET /loadthumbnail.php?id=12243596&width=50&height=50 HTTP/1.1" 200 1200 "http://renault.activities.at/account" "Mozilla/5.0 (Windows NT 10.0; Win64; x64) AppleWebKit/537.36 (KHTML, like Gecko) Chrome/90.0.4430.212 Safari/537.36 Edg/90.0.818.62"
91.141.2.217 - - [19/May/2021:09:36:56 +0200] "GET /images/top_links_divider.gif HTTP/1.1" 200 44 "http://renault.activities.at/css/styles.css" "Mozilla/5.0 (Windows NT 10.0; Win64; x64) AppleWebKit/537.36 (KHTML, like Gecko) Chrome/90.0.4430.212 Safari/537.36 Edg/90.0.818.62"
91.141.2.217 - - [19/May/2021:09:36:56 +0200] "GET /images/menu_button_bg.jpg HTTP/1.1" 200 322 "http://renault.activities.at/css/styles.css" "Mozilla/5.0 (Windows NT 10.0; Win64; x64) AppleWebKit/537.36 (KHTML, like Gecko) Chrome/90.0.4430.212 Safari/537.36 Edg/90.0.818.62"
91.141.2.217 - - [19/May/2021:09:36:56 +0200] "GET /images/nav_divider.gif HTTP/1.1" 200 43 "http://renault.activities.at/css/styles.css" "Mozilla/5.0 (Windows NT 10.0; Win64; x64) AppleWebKit/537.36 (KHTML, like Gecko) Chrome/90.0.4430.212 Safari/537.36 Edg/90.0.818.62"
91.141.2.217 - - [19/May/2021:09:36:56 +0200] "GET /images/menu_divider.gif HTTP/1.1" 200 176 "http://renault.activities.at/css/styles.css" "Mozilla/5.0 (Windows NT 10.0; Win64; x64) AppleWebKit/537.36 (KHTML, like Gecko) Chrome/90.0.4430.212 Safari/537.36 Edg/90.0.818.62"
80.123.225.38 - - [19/May/2021:09:36:54 +0200] "GET /10260272 HTTP/1.1" 200 6053 "http://renault.activities.at/10201633?dir=DESC&mode=grid&order=name&limit=15&page=5" "Mozilla/5.0 (Windows NT 10.0; Win64; x64) AppleWebKit/537.36 (KHTML, like Gecko) Chrome/90.0.4430.212 Safari/537.36"
91.141.2.217 - - [19/May/2021:09:36:56 +0200] "GET /images/search_bg.gif HTTP/1.1" 200 1726 "http://renault.activities.at/css/styles.css" "Mozilla/5.0 (Windows NT 10.0; Win64; x64) AppleWebKit/537.36 (KHTML, like Gecko) Chrome/90.0.4430.212 Safari/537.36 Edg/90.0.818.62"
91.141.2.217 - - [19/May/2021:09:36:56 +0200] "GET /images/sidebar_title_border.gif HTTP/1.1" 200 43 "http://renault.activities.at/css/styles.css" "Mozilla/5.0 (Windows NT 10.0; Win64; x64) AppleWebKit/537.36 (KHTML, like Gecko) Chrome/90.0.4430.212 Safari/537.36 Edg/90.0.818.62"
91.141.2.217 - - [19/May/2021:09:36:56 +0200] "GET /images/sidebar_title_corner_right_top.gif HTTP/1.1" 200 383 "http://renault.activities.at/css/styles.css" "Mozilla/5.0 (Windows NT 10.0; Win64; x64) AppleWebKit/537.36 (KHTML, like Gecko) Chrome/90.0.4430.212 Safari/537.36 Edg/90.0.818.62"
91.141.2.217 - - [19/May/2021:09:36:57 +0200] "GET /images/sidebar_title_border_top.gif HTTP/1.1" 200 155 "http://renault.activities.at/css/styles.css" "Mozilla/5.0 (Windows NT 10.0; Win64; x64) AppleWebKit/537.36 (KHTML, like Gecko) Chrome/90.0.4430.212 Safari/537.36 Edg/90.0.818.62"
91.141.2.217 - - [19/May/2021:09:36:57 +0200] "GET /images/footer_divider.gif HTTP/1.1" 200 44 "http://renault.activities.at/css/styles.css" "Mozilla/5.0 (Windows NT 10.0; Win64; x64) AppleWebKit/537.36 (KHTML, like Gecko) Chrome/90.0.4430.212 Safari/537.36 Edg/90.0.818.62"
91.141.2.217 - - [19/May/2021:09:36:57 +0200] "GET /images/sidebar_title_corner_left_top.gif HTTP/1.1" 200 1124 "http://renault.activities.at/css/styles.css" "Mozilla/5.0 (Windows NT 10.0; Win64; x64) AppleWebKit/537.36 (KHTML, like Gecko) Chrome/90.0.4430.212 Safari/537.36 Edg/90.0.818.62"
91.113.144.26 - - [19/May/2021:09:36:56 +0200] "POST /login HTTP/1.1" 200 2149 "http://renault.activities.at/login" "Mozilla/5.0 (Windows NT 10.0; Win64; x64) AppleWebKit/537.36 (KHTML, like Gecko) Chrome/90.0.4430.212 Safari/537.36"
80.120.210.179 - - [19/May/2021:09:37:03 +0200] "GET /reload?ser=1621409823376 HTTP/1.1" 200 28 "http://renault.activities.at/account" "Mozilla/5.0 (Windows NT 10.0; WOW64; Trident/7.0; rv:11.0) like Gecko"
91.113.144.26 - - [19/May/2021:09:37:04 +0200] "POST /login HTTP/1.1" 200 2149 "http://renault.activities.at/login" "Mozilla/5.0 (Windows NT 10.0; Win64; x64) AppleWebKit/537.36 (KHTML, like Gecko) Chrome/90.0.4430.212 Safari/537.36"
91.141.2.217 - - [19/May/2021:09:37:03 +0200] "POST /cart HTTP/1.1" 200 5305 "http://renault.activities.at/account" "Mozilla/5.0 (Windows NT 10.0; Win64; x64) AppleWebKit/537.36 (KHTML, like Gecko) Chrome/90.0.4430.212 Safari/537.36 Edg/90.0.818.62"
91.141.2.217 - - [19/May/2021:09:37:05 +0200] "GET /loadthumbnail.php?id=10232009&width=16&height=16 HTTP/1.1" 200 700 "http://renault.activities.at/cart" "Mozilla/5.0 (Windows NT 10.0; Win64; x64) AppleWebKit/537.36 (KHTML, like Gecko) Chrome/90.0.4430.212 Safari/537.36 Edg/90.0.818.62"
91.141.2.217 - - [19/May/2021:09:37:05 +0200] "GET /loadthumbnail.php?id=10203650&width=100 HTTP/1.1" 200 2545 "http://renault.activities.at/cart" "Mozilla/5.0 (Windows NT 10.0; Win64; x64) AppleWebKit/537.36 (KHTML, like Gecko) Chrome/90.0.4430.212 Safari/537.36 Edg/90.0.818.62"
91.141.2.217 - - [19/May/2021:09:37:05 +0200] "GET /loadthumbnail.php?id=12243596&width=100 HTTP/1.1" 200 2621 "http://renault.activities.at/cart" "Mozilla/5.0 (Windows NT 10.0; Win64; x64) AppleWebKit/537.36 (KHTML, like Gecko) Chrome/90.0.4430.212 Safari/537.36 Edg/90.0.818.62"
91.141.2.217 - - [19/May/2021:09:37:05 +0200] "GET /js/ProduktGrp.js HTTP/1.1" 200 1569 "http://renault.activities.at/cart" "Mozilla/5.0 (Windows NT 10.0; Win64; x64) AppleWebKit/537.36 (KHTML, like Gecko) Chrome/90.0.4430.212 Safari/537.36 Edg/90.0.818.62"
91.141.2.217 - - [19/May/2021:09:37:06 +0200] "GET /images/success_msg_icon.gif HTTP/1.1" 200 1024 "http://renault.activities.at/css/styles.css" "Mozilla/5.0 (Windows NT 10.0; Win64; x64) AppleWebKit/537.36 (KHTML, like Gecko) Chrome/90.0.4430.212 Safari/537.36 Edg/90.0.818.62"
91.141.2.217 - - [19/May/2021:09:37:06 +0200] "GET /images/vista-dn.gif HTTP/1.1" 200 128 "http://renault.activities.at/css/styles.css" "Mozilla/5.0 (Windows NT 10.0; Win64; x64) AppleWebKit/537.36 (KHTML, like Gecko) Chrome/90.0.4430.212 Safari/537.36 Edg/90.0.818.62"
91.141.2.217 - - [19/May/2021:09:37:06 +0200] "GET /images/vista-up.gif HTTP/1.1" 200 131 "http://renault.activities.at/css/styles.css" "Mozilla/5.0 (Windows NT 10.0; Win64; x64) AppleWebKit/537.36 (KHTML, like Gecko) Chrome/90.0.4430.212 Safari/537.36 Edg/90.0.818.62"
91.113.144.26 - - [19/May/2021:09:37:08 +0200] "POST /login HTTP/1.1" 200 2149 "http://renault.activities.at/login" "Mozilla/5.0 (Windows NT 10.0; Win64; x64) AppleWebKit/537.36 (KHTML, like Gecko) Chrome/90.0.4430.212 Safari/537.36"
91.114.96.114 - - [19/May/2021:09:37:09 +0200] "GET /reload?ser=1621409827818 HTTP/1.1" 200 28 "http://renault.activities.at/result?dir=DESC&mode=grid&order=name&limit=50&page=3&search=kleber" "Mozilla/5.0 (Windows NT 10.0; WOW64) AppleWebKit/537.36 (KHTML, like Gecko) Chrome/90.0.4430.212 Safari/537.36"
80.123.225.38 - - [19/May/2021:09:37:07 +0200] "GET /10260280 HTTP/1.1" 200 8560 "http://renault.activities.at/10260272" "Mozilla/5.0 (Windows NT 10.0; Win64; x64) AppleWebKit/537.36 (KHTML, like Gecko) Chrome/90.0.4430.212 Safari/537.36"
91.141.2.217 - - [19/May/2021:09:37:10 +0200] "GET /images/vista-up-hover.gif HTTP/1.1" 200 130 "http://renault.activities.at/css/styles.css" "Mozilla/5.0 (Windows NT 10.0; Win64; x64) AppleWebKit/537.36 (KHTML, like Gecko) Chrome/90.0.4430.212 Safari/537.36 Edg/90.0.818.62"
91.141.2.217 - - [19/May/2021:09:37:11 +0200] "GET /images/vista-dn-hover.gif HTTP/1.1" 200 127 "http://renault.activities.at/css/styles.css" "Mozilla/5.0 (Windows NT 10.0; Win64; x64) AppleWebKit/537.36 (KHTML, like Gecko) Chrome/90.0.4430.212 Safari/537.36 Edg/90.0.818.62"
80.123.225.38 - - [19/May/2021:09:37:11 +0200] "GET /loadthumbnail.php?id=11967857&width=113 HTTP/1.1" 200 2260 "http://renault.activities.at/10260280" "Mozilla/5.0 (Windows NT 10.0; Win64; x64) AppleWebKit/537.36 (KHTML, like Gecko) Chrome/90.0.4430.212 Safari/537.36"
80.123.225.38 - - [19/May/2021:09:37:11 +0200] "GET /loadthumbnail.php?id=10203650&width=113 HTTP/1.1" 200 2741 "http://renault.activities.at/10260280" "Mozilla/5.0 (Windows NT 10.0; Win64; x64) AppleWebKit/537.36 (KHTML, like Gecko) Chrome/90.0.4430.212 Safari/537.36"
80.123.225.38 - - [19/May/2021:09:37:11 +0200] "GET /loadthumbnail.php?id=12273155&width=113 HTTP/1.1" 200 1895 "http://renault.activities.at/10260280" "Mozilla/5.0 (Windows NT 10.0; Win64; x64) AppleWebKit/537.36 (KHTML, like Gecko) Chrome/90.0.4430.212 Safari/537.36"
80.123.225.38 - - [19/May/2021:09:37:11 +0200] "GET /loadthumbnail.php?id=11186502&width=113 HTTP/1.1" 200 2016 "http://renault.activities.at/10260280" "Mozilla/5.0 (Windows NT 10.0; Win64; x64) AppleWebKit/537.36 (KHTML, like Gecko) Chrome/90.0.4430.212 Safari/537.36"
80.123.225.38 - - [19/May/2021:09:37:11 +0200] "GET /loadthumbnail.php?id=12273156&width=113 HTTP/1.1" 200 1895 "http://renault.activities.at/10260280" "Mozilla/5.0 (Windows NT 10.0; Win64; x64) AppleWebKit/537.36 (KHTML, like Gecko) Chrome/90.0.4430.212 Safari/537.36"
80.123.225.38 - - [19/May/2021:09:37:11 +0200] "GET /loadthumbnail.php?id=12273142&width=113 HTTP/1.1" 200 1895 "http://renault.activities.at/10260280" "Mozilla/5.0 (Windows NT 10.0; Win64; x64) AppleWebKit/537.36 (KHTML, like Gecko) Chrome/90.0.4430.212 Safari/537.36"
80.123.225.38 - - [19/May/2021:09:37:11 +0200] "GET /loadthumbnail.php?id=11195848&width=113 HTTP/1.1" 200 2016 "http://renault.activities.at/10260280" "Mozilla/5.0 (Windows NT 10.0; Win64; x64) AppleWebKit/537.36 (KHTML, like Gecko) Chrome/90.0.4430.212 Safari/537.36"
80.123.225.38 - - [19/May/2021:09:37:11 +0200] "GET /loadthumbnail.php?id=11186498&width=113 HTTP/1.1" 200 2016 "http://renault.activities.at/10260280" "Mozilla/5.0 (Windows NT 10.0; Win64; x64) AppleWebKit/537.36 (KHTML, like Gecko) Chrome/90.0.4430.212 Safari/537.36"
80.123.225.38 - - [19/May/2021:09:37:11 +0200] "GET /loadthumbnail.php?id=11186518&width=113 HTTP/1.1" 200 1516 "http://renault.activities.at/10260280" "Mozilla/5.0 (Windows NT 10.0; Win64; x64) AppleWebKit/537.36 (KHTML, like Gecko) Chrome/90.0.4430.212 Safari/537.36"
193.194.132.28 - - [19/May/2021:09:37:10 +0200] "GET /reload?ser=1621409830651 HTTP/1.1" 200 28 "http://renault.activities.at/result?searchterm=true&search=arkana" "Mozilla/5.0 (Windows NT 10.0; Win64; x64) AppleWebKit/537.36 (KHTML, like Gecko) Chrome/86.0.4240.198 Safari/537.36"
91.113.144.26 - - [19/May/2021:09:37:12 +0200] "GET /login HTTP/1.1" 200 2085 "http://renault.activities.at/login" "Mozilla/5.0 (Windows NT 10.0; Win64; x64) AppleWebKit/537.36 (KHTML, like Gecko) Chrome/90.0.4430.212 Safari/537.36"
80.120.148.242 - - [19/May/2021:09:37:15 +0200] "GET /reload?ser=1621409835024 HTTP/1.1" 200 28 "http://renault.activities.at/" "Mozilla/5.0 (Windows NT 10.0; Win64; x64) AppleWebKit/537.36 (KHTML, like Gecko) Chrome/90.0.4430.212 Safari/537.36"
91.141.2.217 - - [19/May/2021:09:37:14 +0200] "POST /cart HTTP/1.1" 200 5135 "http://renault.activities.at/cart" "Mozilla/5.0 (Windows NT 10.0; Win64; x64) AppleWebKit/537.36 (KHTML, like Gecko) Chrome/90.0.4430.212 Safari/537.36 Edg/90.0.818.62"
91.113.144.26 - - [19/May/2021:09:37:26 +0200] "GET /login HTTP/1.1" 200 2085 "-" "Mozilla/5.0 (Windows NT 10.0; Win64; x64) AppleWebKit/537.36 (KHTML, like Gecko) Chrome/90.0.4430.212 Safari/537.36"
80.123.225.38 - - [19/May/2021:09:37:29 +0200] "GET /10260019 HTTP/1.1" 200 7560 "http://renault.activities.at/10260280" "Mozilla/5.0 (Windows NT 10.0; Win64; x64) AppleWebKit/537.36 (KHTML, like Gecko) Chrome/90.0.4430.212 Safari/537.36"
91.141.2.217 - - [19/May/2021:09:37:35 +0200] "POST /axjaxrequest?mode=suggest HTTP/1.1" 200 186 "http://renault.activities.at/cart" "Mozilla/5.0 (Windows NT 10.0; Win64; x64) AppleWebKit/537.36 (KHTML, like Gecko) Chrome/90.0.4430.212 Safari/537.36 Edg/90.0.818.62"
91.141.2.217 - - [19/May/2021:09:37:39 +0200] "POST /axjaxrequest?mode=suggest HTTP/1.1" 200 111 "http://renault.activities.at/cart" "Mozilla/5.0 (Windows NT 10.0; Win64; x64) AppleWebKit/537.36 (KHTML, like Gecko) Chrome/90.0.4430.212 Safari/537.36 Edg/90.0.818.62"
91.141.2.217 - - [19/May/2021:09:37:40 +0200] "GET /result?searchterm=true&search=RGA001 HTTP/1.1" 200 5950 "http://renault.activities.at/cart" "Mozilla/5.0 (Windows NT 10.0; Win64; x64) AppleWebKit/537.36 (KHTML, like Gecko) Chrome/90.0.4430.212 Safari/537.36 Edg/90.0.818.62"
91.141.2.217 - - [19/May/2021:09:37:42 +0200] "GET /js/prototip.js HTTP/1.1" 200 4588 "http://renault.activities.at/result?searchterm=true&search=RGA001" "Mozilla/5.0 (Windows NT 10.0; Win64; x64) AppleWebKit/537.36 (KHTML, like Gecko) Chrome/90.0.4430.212 Safari/537.36 Edg/90.0.818.62"
91.141.2.217 - - [19/May/2021:09:37:43 +0200] "GET /loadthumbnail.php?id=12412602&width=113 HTTP/1.1" 200 5009 "http://renault.activities.at/result?searchterm=true&search=RGA001" "Mozilla/5.0 (Windows NT 10.0; Win64; x64) AppleWebKit/537.36 (KHTML, like Gecko) Chrome/90.0.4430.212 Safari/537.36 Edg/90.0.818.62"
91.141.2.217 - - [19/May/2021:09:37:43 +0200] "GET /images/loading.gif HTTP/1.1" 200 3208 "http://renault.activities.at/result?searchterm=true&search=RGA001" "Mozilla/5.0 (Windows NT 10.0; Win64; x64) AppleWebKit/537.36 (KHTML, like Gecko) Chrome/90.0.4430.212 Safari/537.36 Edg/90.0.818.62"
91.141.2.217 - - [19/May/2021:09:37:43 +0200] "GET /images/pager_bg.gif HTTP/1.1" 200 150 "http://renault.activities.at/css/styles.css" "Mozilla/5.0 (Windows NT 10.0; Win64; x64) AppleWebKit/537.36 (KHTML, like Gecko) Chrome/90.0.4430.212 Safari/537.36 Edg/90.0.818.62"
91.141.2.217 - - [19/May/2021:09:37:43 +0200] "GET /loadthumbnail.php?id=10203255 HTTP/1.1" 200 137 "http://renault.activities.at/result?searchterm=true&search=RGA001" "Mozilla/5.0 (Windows NT 10.0; Win64; x64) AppleWebKit/537.36 (KHTML, like Gecko) Chrome/90.0.4430.212 Safari/537.36 Edg/90.0.818.62"
80.123.225.38 - - [19/May/2021:09:37:46 +0200] "GET /10260017 HTTP/1.1" 200 4872 "http://renault.activities.at/10260019" "Mozilla/5.0 (Windows NT 10.0; Win64; x64) AppleWebKit/537.36 (KHTML, like Gecko) Chrome/90.0.4430.212 Safari/537.36"
138.21.12.30 - - [19/May/2021:09:37:50 +0200] "GET /reload?ser=1621409870529 HTTP/1.1" 200 28 "http://renault.2web.at/account" "Mozilla/5.0 (Windows NT 10.0; Win64; x64) AppleWebKit/537.36 (KHTML, like Gecko) Chrome/90.0.4430.212 Safari/537.36"
212.89.176.40 - - [19/May/2021:09:37:51 +0200] "GET /reload?ser=1621409737719 HTTP/1.1" 200 28 "http://renault.activities.at/cart" "Mozilla/5.0 (Windows NT 10.0; WOW64; Trident/7.0; rv:11.0) like Gecko"
91.141.2.217 - - [19/May/2021:09:37:56 +0200] "POST /result?searchterm=true&search=RGA001 HTTP/1.1" 200 6048 "http://renault.activities.at/result?searchterm=true&search=RGA001" "Mozilla/5.0 (Windows NT 10.0; Win64; x64) AppleWebKit/537.36 (KHTML, like Gecko) Chrome/90.0.4430.212 Safari/537.36 Edg/90.0.818.62"
80.123.225.38 - - [19/May/2021:09:38:00 +0200] "GET /10260280 HTTP/1.1" 200 8560 "http://renault.activities.at/10260017" "Mozilla/5.0 (Windows NT 10.0; Win64; x64) AppleWebKit/537.36 (KHTML, like Gecko) Chrome/90.0.4430.212 Safari/537.36"
80.120.210.179 - - [19/May/2021:09:38:04 +0200] "GET /reload?ser=1621409884330 HTTP/1.1" 200 28 "http://renault.activities.at/account" "Mozilla/5.0 (Windows NT 10.0; WOW64; Trident/7.0; rv:11.0) like Gecko"
91.141.2.217 - - [19/May/2021:09:38:04 +0200] "GET /checkout HTTP/1.1" 200 10248 "http://renault.activities.at/result?searchterm=true&search=RGA001" "Mozilla/5.0 (Windows NT 10.0; Win64; x64) AppleWebKit/537.36 (KHTML, like Gecko) Chrome/90.0.4430.212 Safari/537.36 Edg/90.0.818.62"
91.141.2.217 - - [19/May/2021:09:38:09 +0200] "GET /js/checkout2.js HTTP/1.1" 200 4122 "http://renault.activities.at/checkout" "Mozilla/5.0 (Windows NT 10.0; Win64; x64) AppleWebKit/537.36 (KHTML, like Gecko) Chrome/90.0.4430.212 Safari/537.36 Edg/90.0.818.62"
91.141.2.217 - - [19/May/2021:09:38:09 +0200] "GET /images/ajax_loading.gif HTTP/1.1" 200 1542 "http://renault.activities.at/checkout" "Mozilla/5.0 (Windows NT 10.0; Win64; x64) AppleWebKit/537.36 (KHTML, like Gecko) Chrome/90.0.4430.212 Safari/537.36 Edg/90.0.818.62"
91.141.2.217 - - [19/May/2021:09:38:09 +0200] "GET /loadthumbnail.php?id=10202698 HTTP/1.1" 200 16686 "http://renault.activities.at/checkout" "Mozilla/5.0 (Windows NT 10.0; Win64; x64) AppleWebKit/537.36 (KHTML, like Gecko) Chrome/90.0.4430.212 Safari/537.36 Edg/90.0.818.62"
91.141.2.217 - - [19/May/2021:09:38:09 +0200] "GET /loadthumbnail.php?id=10201939 HTTP/1.1" 200 201 "http://renault.activities.at/checkout" "Mozilla/5.0 (Windows NT 10.0; Win64; x64) AppleWebKit/537.36 (KHTML, like Gecko) Chrome/90.0.4430.212 Safari/537.36 Edg/90.0.818.62"
91.141.2.217 - - [19/May/2021:09:38:09 +0200] "GET /images/step_marker.gif HTTP/1.1" 200 650 "http://renault.activities.at/css/styles.css" "Mozilla/5.0 (Windows NT 10.0; Win64; x64) AppleWebKit/537.36 (KHTML, like Gecko) Chrome/90.0.4430.212 Safari/537.36 Edg/90.0.818.62"
