193.194.132.28 - - [19/May/2021:13:41:16 +0200] "GET /result?dir=DESC&mode=grid&order=name&limit=15&page=2&search=kleber HTTP/1.1" 200 10484 "http://renault.2web.at/result?searchterm=true&search=kleber" "Mozilla/5.0 (Windows NT 10.0; Win64; x64) AppleWebKit/537.36 (KHTML, like Gecko) Chrome/90.0.4430.212 Safari/537.36"
80.121.175.66 - - [19/May/2021:13:41:19 +0200] "GET /images/top_links_divider.gif HTTP/1.1" 200 44 "http://renault.activities.at/account" "Mozilla/5.0 (Windows NT 6.1; WOW64; Trident/7.0; rv:11.0) like Gecko"
193.194.132.28 - - [19/May/2021:13:41:19 +0200] "GET /loadthumbnail.php?id=11186498&width=113 HTTP/1.1" 200 2016 "http://renault.2web.at/result?dir=DESC&mode=grid&order=name&limit=15&page=2&search=kleber" "Mozilla/5.0 (Windows NT 10.0; Win64; x64) AppleWebKit/537.36 (KHTML, like Gecko) Chrome/90.0.4430.212 Safari/537.36"
193.194.132.28 - - [19/May/2021:13:41:19 +0200] "GET /loadthumbnail.php?id=11186518&width=113 HTTP/1.1" 200 1516 "http://renault.2web.at/result?dir=DESC&mode=grid&order=name&limit=15&page=2&search=kleber" "Mozilla/5.0 (Windows NT 10.0; Win64; x64) AppleWebKit/537.36 (KHTML, like Gecko) Chrome/90.0.4430.212 Safari/537.36"
193.194.132.28 - - [19/May/2021:13:41:19 +0200] "GET /loadthumbnail.php?id=11195848&width=113 HTTP/1.1" 200 2016 "http://renault.2web.at/result?dir=DESC&mode=grid&order=name&limit=15&page=2&search=kleber" "Mozilla/5.0 (Windows NT 10.0; Win64; x64) AppleWebKit/537.36 (KHTML, like Gecko) Chrome/90.0.4430.212 Safari/537.36"
193.194.132.28 - - [19/May/2021:13:41:19 +0200] "GET /loadthumbnail.php?id=11186505&width=113 HTTP/1.1" 200 1516 "http://renault.2web.at/result?dir=DESC&mode=grid&order=name&limit=15&page=2&search=kleber" "Mozilla/5.0 (Windows NT 10.0; Win64; x64) AppleWebKit/537.36 (KHTML, like Gecko) Chrome/90.0.4430.212 Safari/537.36"
80.121.175.66 - - [19/May/2021:13:41:19 +0200] "GET /images/sidebar_title_border_top.gif HTTP/1.1" 200 155 "http://renault.activities.at/account" "Mozilla/5.0 (Windows NT 6.1; WOW64; Trident/7.0; rv:11.0) like Gecko"
193.194.132.28 - - [19/May/2021:13:41:19 +0200] "GET /loadthumbnail.php?id=11137061&width=113 HTTP/1.1" 200 2095 "http://renault.2web.at/result?dir=DESC&mode=grid&order=name&limit=15&page=2&search=kleber" "Mozilla/5.0 (Windows NT 10.0; Win64; x64) AppleWebKit/537.36 (KHTML, like Gecko) Chrome/90.0.4430.212 Safari/537.36"
193.194.132.28 - - [19/May/2021:13:41:19 +0200] "GET /loadthumbnail.php?id=11183285&width=113 HTTP/1.1" 200 1898 "http://renault.2web.at/result?dir=DESC&mode=grid&order=name&limit=15&page=2&search=kleber" "Mozilla/5.0 (Windows NT 10.0; Win64; x64) AppleWebKit/537.36 (KHTML, like Gecko) Chrome/90.0.4430.212 Safari/537.36"
80.121.175.66 - - [19/May/2021:13:41:19 +0200] "GET /images/reset_bg.gif HTTP/1.1" 200 785 "http://renault.activities.at/account" "Mozilla/5.0 (Windows NT 6.1; WOW64; Trident/7.0; rv:11.0) like Gecko"
193.194.132.28 - - [19/May/2021:13:41:19 +0200] "GET /loadthumbnail.php?id=11339768&width=113 HTTP/1.1" 200 2128 "http://renault.2web.at/result?dir=DESC&mode=grid&order=name&limit=15&page=2&search=kleber" "Mozilla/5.0 (Windows NT 10.0; Win64; x64) AppleWebKit/537.36 (KHTML, like Gecko) Chrome/90.0.4430.212 Safari/537.36"
193.194.132.28 - - [19/May/2021:13:41:19 +0200] "GET /loadthumbnail.php?id=11339764&width=113 HTTP/1.1" 200 2128 "http://renault.2web.at/result?dir=DESC&mode=grid&order=name&limit=15&page=2&search=kleber" "Mozilla/5.0 (Windows NT 10.0; Win64; x64) AppleWebKit/537.36 (KHTML, like Gecko) Chrome/90.0.4430.212 Safari/537.36"
193.194.132.28 - - [19/May/2021:13:41:19 +0200] "GET /loadthumbnail.php?id=11181207&width=113 HTTP/1.1" 200 1279 "http://renault.2web.at/result?dir=DESC&mode=grid&order=name&limit=15&page=2&search=kleber" "Mozilla/5.0 (Windows NT 10.0; Win64; x64) AppleWebKit/537.36 (KHTML, like Gecko) Chrome/90.0.4430.212 Safari/537.36"
193.194.132.28 - - [19/May/2021:13:41:19 +0200] "GET /loadthumbnail.php?id=11195908&width=113 HTTP/1.1" 200 1279 "http://renault.2web.at/result?dir=DESC&mode=grid&order=name&limit=15&page=2&search=kleber" "Mozilla/5.0 (Windows NT 10.0; Win64; x64) AppleWebKit/537.36 (KHTML, like Gecko) Chrome/90.0.4430.212 Safari/537.36"
193.194.132.28 - - [19/May/2021:13:41:19 +0200] "GET /loadthumbnail.php?id=11181201&width=113 HTTP/1.1" 200 1279 "http://renault.2web.at/result?dir=DESC&mode=grid&order=name&limit=15&page=2&search=kleber" "Mozilla/5.0 (Windows NT 10.0; Win64; x64) AppleWebKit/537.36 (KHTML, like Gecko) Chrome/90.0.4430.212 Safari/537.36"
193.194.132.28 - - [19/May/2021:13:41:19 +0200] "GET /loadthumbnail.php?id=11181227&width=113 HTTP/1.1" 200 1322 "http://renault.2web.at/result?dir=DESC&mode=grid&order=name&limit=15&page=2&search=kleber" "Mozilla/5.0 (Windows NT 10.0; Win64; x64) AppleWebKit/537.36 (KHTML, like Gecko) Chrome/90.0.4430.212 Safari/537.36"
80.121.175.66 - - [19/May/2021:13:41:20 +0200] "GET /images/footer_divider.gif HTTP/1.1" 200 44 "http://renault.activities.at/account" "Mozilla/5.0 (Windows NT 6.1; WOW64; Trident/7.0; rv:11.0) like Gecko"
80.121.175.66 - - [19/May/2021:13:41:20 +0200] "GET /images/sidebar_title_corner_left_top.gif HTTP/1.1" 200 1124 "http://renault.activities.at/account" "Mozilla/5.0 (Windows NT 6.1; WOW64; Trident/7.0; rv:11.0) like Gecko"
80.121.175.66 - - [19/May/2021:13:41:20 +0200] "GET /images/sidebar_title_corner_right_top.gif HTTP/1.1" 200 383 "http://renault.activities.at/account" "Mozilla/5.0 (Windows NT 6.1; WOW64; Trident/7.0; rv:11.0) like Gecko"
213.153.47.173 - - [19/May/2021:13:41:19 +0200] "GET /reload?ser=1621424479194 HTTP/1.1" 200 28 "http://renault.activities.at/10260300?dir=DESC&mode=grid&order=name&limit=15&page=2&loadrequest=true" "Mozilla/5.0 (Windows NT 10.0; Win64; x64) AppleWebKit/537.36 (KHTML, like Gecko) Chrome/90.0.4430.212 Safari/537.36"
193.194.132.28 - - [19/May/2021:13:41:20 +0200] "GET /loadthumbnail.php?id=11194725&width=113 HTTP/1.1" 200 1322 "http://renault.2web.at/result?dir=DESC&mode=grid&order=name&limit=15&page=2&search=kleber" "Mozilla/5.0 (Windows NT 10.0; Win64; x64) AppleWebKit/537.36 (KHTML, like Gecko) Chrome/90.0.4430.212 Safari/537.36"
80.121.175.66 - - [19/May/2021:13:41:20 +0200] "GET /images/validation_advice_bg.gif HTTP/1.1" 200 134 "http://renault.activities.at/account" "Mozilla/5.0 (Windows NT 6.1; WOW64; Trident/7.0; rv:11.0) like Gecko"
80.121.175.66 - - [19/May/2021:13:41:37 +0200] "POST /axjaxrequest?mode=suggest HTTP/1.1" 200 142 "http://renault.activities.at/account" "Mozilla/5.0 (Windows NT 6.1; WOW64; Trident/7.0; rv:11.0) like Gecko"
80.121.175.66 - - [19/May/2021:13:41:39 +0200] "POST /axjaxrequest?mode=suggest HTTP/1.1" 200 126 "http://renault.activities.at/account" "Mozilla/5.0 (Windows NT 6.1; WOW64; Trident/7.0; rv:11.0) like Gecko"
80.121.175.66 - - [19/May/2021:13:41:40 +0200] "GET /result?searchterm=true&search=mobilit%E4tsgarantie HTTP/1.1" 200 6643 "http://renault.activities.at/account" "Mozilla/5.0 (Windows NT 6.1; WOW64; Trident/7.0; rv:11.0) like Gecko"
80.121.175.66 - - [19/May/2021:13:41:43 +0200] "GET /images/loading.gif HTTP/1.1" 200 3208 "http://renault.activities.at/result?searchterm=true&search=mobilit%E4tsgarantie" "Mozilla/5.0 (Windows NT 6.1; WOW64; Trident/7.0; rv:11.0) like Gecko"
80.121.175.66 - - [19/May/2021:13:41:43 +0200] "GET /loadthumbnail.php?id=12363384&width=113 HTTP/1.1" 200 20801 "http://renault.activities.at/result?searchterm=true&search=mobilit%E4tsgarantie" "Mozilla/5.0 (Windows NT 6.1; WOW64; Trident/7.0; rv:11.0) like Gecko"
80.121.175.66 - - [19/May/2021:13:41:43 +0200] "GET /loadthumbnail.php?id=10203255 HTTP/1.1" 200 137 "http://renault.activities.at/result?searchterm=true&search=mobilit%E4tsgarantie" "Mozilla/5.0 (Windows NT 6.1; WOW64; Trident/7.0; rv:11.0) like Gecko"
80.121.175.66 - - [19/May/2021:13:41:43 +0200] "GET /loadthumbnail.php?id=12204968&width=113 HTTP/1.1" 200 4284 "http://renault.activities.at/result?searchterm=true&search=mobilit%E4tsgarantie" "Mozilla/5.0 (Windows NT 6.1; WOW64; Trident/7.0; rv:11.0) like Gecko"
80.121.175.66 - - [19/May/2021:13:41:44 +0200] "GET /images/vista-up.gif HTTP/1.1" 200 131 "http://renault.activities.at/result?searchterm=true&search=mobilit%E4tsgarantie" "Mozilla/5.0 (Windows NT 6.1; WOW64; Trident/7.0; rv:11.0) like Gecko"
80.121.175.66 - - [19/May/2021:13:41:44 +0200] "GET /images/vista-dn.gif HTTP/1.1" 200 128 "http://renault.activities.at/result?searchterm=true&search=mobilit%E4tsgarantie" "Mozilla/5.0 (Windows NT 6.1; WOW64; Trident/7.0; rv:11.0) like Gecko"
80.121.175.66 - - [19/May/2021:13:41:44 +0200] "GET /images/pager_bg.gif HTTP/1.1" 200 150 "http://renault.activities.at/result?searchterm=true&search=mobilit%E4tsgarantie" "Mozilla/5.0 (Windows NT 6.1; WOW64; Trident/7.0; rv:11.0) like Gecko"
80.120.148.242 - - [19/May/2021:13:41:52 +0200] "GET /reload?ser=1621424512240 HTTP/1.1" 200 28 "http://renault.activities.at/" "Mozilla/5.0 (Windows NT 10.0; Win64; x64) AppleWebKit/537.36 (KHTML, like Gecko) Chrome/90.0.4430.212 Safari/537.36"
212.186.238.50 - - [19/May/2021:13:41:53 +0200] "GET /reload?ser=1621424489181 HTTP/1.1" 200 28 "http://renault.activities.at/" "Mozilla/5.0 (Windows NT 10.0; Win64; x64) AppleWebKit/537.36 (KHTML, like Gecko) Chrome/90.0.4430.212 Safari/537.36"
212.186.238.50 - - [19/May/2021:13:41:59 +0200] "GET /login HTTP/1.1" 200 2085 "http://renault.activities.at/" "Mozilla/5.0 (Windows NT 10.0; Win64; x64) AppleWebKit/537.36 (KHTML, like Gecko) Chrome/90.0.4430.212 Safari/537.36"
212.186.238.50 - - [19/May/2021:13:42:00 +0200] "GET /images/button_left_bg.gif HTTP/1.1" 200 564 "http://renault.activities.at/css/styles.css" "Mozilla/5.0 (Windows NT 10.0; Win64; x64) AppleWebKit/537.36 (KHTML, like Gecko) Chrome/90.0.4430.212 Safari/537.36"
212.186.238.50 - - [19/May/2021:13:42:00 +0200] "GET /images/button_right_bg.gif HTTP/1.1" 200 561 "http://renault.activities.at/css/styles.css" "Mozilla/5.0 (Windows NT 10.0; Win64; x64) AppleWebKit/537.36 (KHTML, like Gecko) Chrome/90.0.4430.212 Safari/537.36"
212.186.238.50 - - [19/May/2021:13:42:00 +0200] "GET /images/button_bg.gif HTTP/1.1" 200 151 "http://renault.activities.at/css/styles.css" "Mozilla/5.0 (Windows NT 10.0; Win64; x64) AppleWebKit/537.36 (KHTML, like Gecko) Chrome/90.0.4430.212 Safari/537.36"
80.121.175.66 - - [19/May/2021:13:42:00 +0200] "POST /axjaxrequest?mode=suggest HTTP/1.1" 200 126 "http://renault.activities.at/result?searchterm=true&search=mobilit%E4tsgarantie" "Mozilla/5.0 (Windows NT 6.1; WOW64; Trident/7.0; rv:11.0) like Gecko"
80.121.175.66 - - [19/May/2021:13:42:01 +0200] "GET /result?searchterm=true&search=mobilit%E4tsgarantie+plus HTTP/1.1" 200 5284 "http://renault.activities.at/result?searchterm=true&search=mobilit%E4tsgarantie" "Mozilla/5.0 (Windows NT 6.1; WOW64; Trident/7.0; rv:11.0) like Gecko"
80.121.175.66 - - [19/May/2021:13:42:03 +0200] "GET /images/note_msg_icon.gif HTTP/1.1" 200 1022 "http://renault.activities.at/result?searchterm=true&search=mobilit%E4tsgarantie+plus" "Mozilla/5.0 (Windows NT 6.1; WOW64; Trident/7.0; rv:11.0) like Gecko"
80.121.175.66 - - [19/May/2021:13:42:01 +0200] "POST /axjaxrequest?mode=suggest HTTP/1.1" 200 21 "http://renault.activities.at/result?searchterm=true&search=mobilit%E4tsgarantie" "Mozilla/5.0 (Windows NT 6.1; WOW64; Trident/7.0; rv:11.0) like Gecko"
80.121.175.66 - - [19/May/2021:13:42:05 +0200] "GET /result?searchterm=true&search=mobilit%E4tsgarantie HTTP/1.1" 200 6643 "http://renault.activities.at/account" "Mozilla/5.0 (Windows NT 6.1; WOW64; Trident/7.0; rv:11.0) like Gecko"
212.186.238.50 - - [19/May/2021:13:42:05 +0200] "POST /login HTTP/1.1" 302 140 "http://renault.activities.at/login" "Mozilla/5.0 (Windows NT 10.0; Win64; x64) AppleWebKit/537.36 (KHTML, like Gecko) Chrome/90.0.4430.212 Safari/537.36"
212.186.238.50 - - [19/May/2021:13:42:07 +0200] "GET /account HTTP/1.1" 200 6592 "http://renault.activities.at/login" "Mozilla/5.0 (Windows NT 10.0; Win64; x64) AppleWebKit/537.36 (KHTML, like Gecko) Chrome/90.0.4430.212 Safari/537.36"
212.186.238.50 - - [19/May/2021:13:42:10 +0200] "GET /js/account.js HTTP/1.1" 200 953 "http://renault.activities.at/account" "Mozilla/5.0 (Windows NT 10.0; Win64; x64) AppleWebKit/537.36 (KHTML, like Gecko) Chrome/90.0.4430.212 Safari/537.36"
212.186.238.50 - - [19/May/2021:13:42:10 +0200] "GET /images/ajax_loading.gif HTTP/1.1" 200 1542 "http://renault.activities.at/account" "Mozilla/5.0 (Windows NT 10.0; Win64; x64) AppleWebKit/537.36 (KHTML, like Gecko) Chrome/90.0.4430.212 Safari/537.36"
212.186.238.50 - - [19/May/2021:13:42:10 +0200] "GET /images/top_links_divider.gif HTTP/1.1" 200 44 "http://renault.activities.at/css/styles.css" "Mozilla/5.0 (Windows NT 10.0; Win64; x64) AppleWebKit/537.36 (KHTML, like Gecko) Chrome/90.0.4430.212 Safari/537.36"
212.186.238.50 - - [19/May/2021:13:42:10 +0200] "GET /images/menu_button_bg.jpg HTTP/1.1" 200 322 "http://renault.activities.at/css/styles.css" "Mozilla/5.0 (Windows NT 10.0; Win64; x64) AppleWebKit/537.36 (KHTML, like Gecko) Chrome/90.0.4430.212 Safari/537.36"
212.186.238.50 - - [19/May/2021:13:42:10 +0200] "GET /images/nav_divider.gif HTTP/1.1" 200 43 "http://renault.activities.at/css/styles.css" "Mozilla/5.0 (Windows NT 10.0; Win64; x64) AppleWebKit/537.36 (KHTML, like Gecko) Chrome/90.0.4430.212 Safari/537.36"
212.186.238.50 - - [19/May/2021:13:42:10 +0200] "GET /images/menu_divider.gif HTTP/1.1" 200 176 "http://renault.activities.at/css/styles.css" "Mozilla/5.0 (Windows NT 10.0; Win64; x64) AppleWebKit/537.36 (KHTML, like Gecko) Chrome/90.0.4430.212 Safari/537.36"
212.186.238.50 - - [19/May/2021:13:42:10 +0200] "GET /images/search_bg.gif HTTP/1.1" 200 1726 "http://renault.activities.at/css/styles.css" "Mozilla/5.0 (Windows NT 10.0; Win64; x64) AppleWebKit/537.36 (KHTML, like Gecko) Chrome/90.0.4430.212 Safari/537.36"
212.186.238.50 - - [19/May/2021:13:42:10 +0200] "GET /images/sidebar_title_corner_left_top.gif HTTP/1.1" 200 1124 "http://renault.activities.at/css/styles.css" "Mozilla/5.0 (Windows NT 10.0; Win64; x64) AppleWebKit/537.36 (KHTML, like Gecko) Chrome/90.0.4430.212 Safari/537.36"
212.186.238.50 - - [19/May/2021:13:42:10 +0200] "GET /images/sidebar_title_border.gif HTTP/1.1" 200 43 "http://renault.activities.at/css/styles.css" "Mozilla/5.0 (Windows NT 10.0; Win64; x64) AppleWebKit/537.36 (KHTML, like Gecko) Chrome/90.0.4430.212 Safari/537.36"
212.186.238.50 - - [19/May/2021:13:42:10 +0200] "GET /images/sidebar_title_corner_right_top.gif HTTP/1.1" 200 383 "http://renault.activities.at/css/styles.css" "Mozilla/5.0 (Windows NT 10.0; Win64; x64) AppleWebKit/537.36 (KHTML, like Gecko) Chrome/90.0.4430.212 Safari/537.36"
212.186.238.50 - - [19/May/2021:13:42:10 +0200] "GET /images/sidebar_title_border_top.gif HTTP/1.1" 200 155 "http://renault.activities.at/css/styles.css" "Mozilla/5.0 (Windows NT 10.0; Win64; x64) AppleWebKit/537.36 (KHTML, like Gecko) Chrome/90.0.4430.212 Safari/537.36"
212.186.238.50 - - [19/May/2021:13:42:10 +0200] "GET /images/reset_bg.gif HTTP/1.1" 200 785 "http://renault.activities.at/css/styles.css" "Mozilla/5.0 (Windows NT 10.0; Win64; x64) AppleWebKit/537.36 (KHTML, like Gecko) Chrome/90.0.4430.212 Safari/537.36"
212.186.238.50 - - [19/May/2021:13:42:10 +0200] "GET /images/footer_divider.gif HTTP/1.1" 200 44 "http://renault.activities.at/css/styles.css" "Mozilla/5.0 (Windows NT 10.0; Win64; x64) AppleWebKit/537.36 (KHTML, like Gecko) Chrome/90.0.4430.212 Safari/537.36"
212.186.238.50 - - [19/May/2021:13:42:10 +0200] "GET /loadthumbnail.php?id=12341647&width=50&height=50 HTTP/1.1" 200 2423 "http://renault.activities.at/account" "Mozilla/5.0 (Windows NT 10.0; Win64; x64) AppleWebKit/537.36 (KHTML, like Gecko) Chrome/90.0.4430.212 Safari/537.36"
89.185.116.110 - - [19/May/2021:13:42:14 +0200] "GET /reload?ser=1621424534773 HTTP/1.1" 200 28 "http://renault.activities.at/checkout" "Mozilla/5.0 (Windows NT 10.0; Win64; x64) AppleWebKit/537.36 (KHTML, like Gecko) Chrome/90.0.4430.212 Safari/537.36 Edg/90.0.818.62"
80.121.175.66 - - [19/May/2021:13:42:17 +0200] "POST /axjaxrequest?mode=suggest HTTP/1.1" 200 133 "http://renault.activities.at/result?searchterm=true&search=mobilit%E4tsgarantie" "Mozilla/5.0 (Windows NT 6.1; WOW64; Trident/7.0; rv:11.0) like Gecko"
193.194.132.28 - - [19/May/2021:13:42:20 +0200] "GET /reload?ser=1621424540195 HTTP/1.1" 200 28 "http://renault.2web.at/result?dir=DESC&mode=grid&order=name&limit=15&page=2&search=kleber" "Mozilla/5.0 (Windows NT 10.0; Win64; x64) AppleWebKit/537.36 (KHTML, like Gecko) Chrome/90.0.4430.212 Safari/537.36"
80.121.175.66 - - [19/May/2021:13:42:18 +0200] "GET /result?searchterm=true&search=dacia HTTP/1.1" 200 9324 "http://renault.activities.at/result?searchterm=true&search=mobilit%E4tsgarantie" "Mozilla/5.0 (Windows NT 6.1; WOW64; Trident/7.0; rv:11.0) like Gecko"
213.153.47.173 - - [19/May/2021:13:42:21 +0200] "GET /reload?ser=1621424541193 HTTP/1.1" 200 28 "http://renault.activities.at/10260300?dir=DESC&mode=grid&order=name&limit=15&page=2&loadrequest=true" "Mozilla/5.0 (Windows NT 10.0; Win64; x64) AppleWebKit/537.36 (KHTML, like Gecko) Chrome/90.0.4430.212 Safari/537.36"
80.121.175.66 - - [19/May/2021:13:42:22 +0200] "GET /loadthumbnail.php?id=10272696&width=113 HTTP/1.1" 200 6494 "http://renault.activities.at/result?searchterm=true&search=dacia" "Mozilla/5.0 (Windows NT 6.1; WOW64; Trident/7.0; rv:11.0) like Gecko"
80.121.175.66 - - [19/May/2021:13:42:22 +0200] "GET /loadthumbnail.php?id=11878139&width=113 HTTP/1.1" 200 19930 "http://renault.activities.at/result?searchterm=true&search=dacia" "Mozilla/5.0 (Windows NT 6.1; WOW64; Trident/7.0; rv:11.0) like Gecko"
80.121.175.66 - - [19/May/2021:13:42:22 +0200] "GET /loadthumbnail.php?id=10203276 HTTP/1.1" 200 75 "http://renault.activities.at/result?searchterm=true&search=dacia" "Mozilla/5.0 (Windows NT 6.1; WOW64; Trident/7.0; rv:11.0) like Gecko"
80.121.175.66 - - [19/May/2021:13:42:22 +0200] "GET /loadthumbnail.php?id=12333874&width=113 HTTP/1.1" 200 1957 "http://renault.activities.at/result?searchterm=true&search=dacia" "Mozilla/5.0 (Windows NT 6.1; WOW64; Trident/7.0; rv:11.0) like Gecko"
80.121.175.66 - - [19/May/2021:13:42:22 +0200] "GET /loadthumbnail.php?id=12333878&width=113 HTTP/1.1" 200 1913 "http://renault.activities.at/result?searchterm=true&search=dacia" "Mozilla/5.0 (Windows NT 6.1; WOW64; Trident/7.0; rv:11.0) like Gecko"
80.121.175.66 - - [19/May/2021:13:42:22 +0200] "GET /loadthumbnail.php?id=12358272&width=113 HTTP/1.1" 200 2569 "http://renault.activities.at/result?searchterm=true&search=dacia" "Mozilla/5.0 (Windows NT 6.1; WOW64; Trident/7.0; rv:11.0) like Gecko"
80.121.175.66 - - [19/May/2021:13:42:22 +0200] "GET /loadthumbnail.php?id=12358273&width=113 HTTP/1.1" 200 2569 "http://renault.activities.at/result?searchterm=true&search=dacia" "Mozilla/5.0 (Windows NT 6.1; WOW64; Trident/7.0; rv:11.0) like Gecko"
80.121.175.66 - - [19/May/2021:13:42:22 +0200] "GET /loadthumbnail.php?id=11722649&width=113 HTTP/1.1" 200 1687 "http://renault.activities.at/result?searchterm=true&search=dacia" "Mozilla/5.0 (Windows NT 6.1; WOW64; Trident/7.0; rv:11.0) like Gecko"
80.121.175.66 - - [19/May/2021:13:42:22 +0200] "GET /loadthumbnail.php?id=11722648&width=113 HTTP/1.1" 200 1687 "http://renault.activities.at/result?searchterm=true&search=dacia" "Mozilla/5.0 (Windows NT 6.1; WOW64; Trident/7.0; rv:11.0) like Gecko"
80.121.175.66 - - [19/May/2021:13:42:22 +0200] "GET /loadthumbnail.php?id=11340124&width=113 HTTP/1.1" 200 4949 "http://renault.activities.at/result?searchterm=true&search=dacia" "Mozilla/5.0 (Windows NT 6.1; WOW64; Trident/7.0; rv:11.0) like Gecko"
80.121.175.66 - - [19/May/2021:13:42:22 +0200] "GET /loadthumbnail.php?id=11487913&width=113 HTTP/1.1" 200 2439 "http://renault.activities.at/result?searchterm=true&search=dacia" "Mozilla/5.0 (Windows NT 6.1; WOW64; Trident/7.0; rv:11.0) like Gecko"
80.121.175.66 - - [19/May/2021:13:42:22 +0200] "GET /loadthumbnail.php?id=11247081&width=113 HTTP/1.1" 200 2512 "http://renault.activities.at/result?searchterm=true&search=dacia" "Mozilla/5.0 (Windows NT 6.1; WOW64; Trident/7.0; rv:11.0) like Gecko"
80.121.175.66 - - [19/May/2021:13:42:22 +0200] "GET /loadthumbnail.php?id=11825615&width=113 HTTP/1.1" 200 2408 "http://renault.activities.at/result?searchterm=true&search=dacia" "Mozilla/5.0 (Windows NT 6.1; WOW64; Trident/7.0; rv:11.0) like Gecko"
80.121.175.66 - - [19/May/2021:13:42:22 +0200] "GET /loadthumbnail.php?id=11825616&width=113 HTTP/1.1" 200 2367 "http://renault.activities.at/result?searchterm=true&search=dacia" "Mozilla/5.0 (Windows NT 6.1; WOW64; Trident/7.0; rv:11.0) like Gecko"
80.121.175.66 - - [19/May/2021:13:42:22 +0200] "GET /loadthumbnail.php?id=10203650&width=113 HTTP/1.1" 200 2741 "http://renault.activities.at/result?searchterm=true&search=dacia" "Mozilla/5.0 (Windows NT 6.1; WOW64; Trident/7.0; rv:11.0) like Gecko"
80.121.175.66 - - [19/May/2021:13:42:22 +0200] "GET /loadthumbnail.php?id=12358956&width=113 HTTP/1.1" 200 1658 "http://renault.activities.at/result?searchterm=true&search=dacia" "Mozilla/5.0 (Windows NT 6.1; WOW64; Trident/7.0; rv:11.0) like Gecko"
212.186.238.50 - - [19/May/2021:13:42:20 +0200] "GET /result?searchterm=true&search=kangoo HTTP/1.1" 200 8559 "http://renault.activities.at/account" "Mozilla/5.0 (Windows NT 10.0; Win64; x64) AppleWebKit/537.36 (KHTML, like Gecko) Chrome/90.0.4430.212 Safari/537.36"
212.186.238.50 - - [19/May/2021:13:42:23 +0200] "GET /js/prototip.js HTTP/1.1" 200 4588 "http://renault.activities.at/result?searchterm=true&search=kangoo" "Mozilla/5.0 (Windows NT 10.0; Win64; x64) AppleWebKit/537.36 (KHTML, like Gecko) Chrome/90.0.4430.212 Safari/537.36"
212.186.238.50 - - [19/May/2021:13:42:23 +0200] "GET /js/ProduktGrp.js HTTP/1.1" 200 1569 "http://renault.activities.at/result?searchterm=true&search=kangoo" "Mozilla/5.0 (Windows NT 10.0; Win64; x64) AppleWebKit/537.36 (KHTML, like Gecko) Chrome/90.0.4430.212 Safari/537.36"
212.186.238.50 - - [19/May/2021:13:42:23 +0200] "GET /images/loading.gif HTTP/1.1" 200 3208 "http://renault.activities.at/result?searchterm=true&search=kangoo" "Mozilla/5.0 (Windows NT 10.0; Win64; x64) AppleWebKit/537.36 (KHTML, like Gecko) Chrome/90.0.4430.212 Safari/537.36"
212.186.238.50 - - [19/May/2021:13:42:23 +0200] "GET /loadthumbnail.php?id=10203276 HTTP/1.1" 200 75 "http://renault.activities.at/result?searchterm=true&search=kangoo" "Mozilla/5.0 (Windows NT 10.0; Win64; x64) AppleWebKit/537.36 (KHTML, like Gecko) Chrome/90.0.4430.212 Safari/537.36"
212.186.238.50 - - [19/May/2021:13:42:23 +0200] "GET /loadthumbnail.php?id=10203255 HTTP/1.1" 200 137 "http://renault.activities.at/result?searchterm=true&search=kangoo" "Mozilla/5.0 (Windows NT 10.0; Win64; x64) AppleWebKit/537.36 (KHTML, like Gecko) Chrome/90.0.4430.212 Safari/537.36"
212.186.238.50 - - [19/May/2021:13:42:23 +0200] "GET /loadthumbnail.php?id=11564187&width=113 HTTP/1.1" 200 22491 "http://renault.activities.at/result?searchterm=true&search=kangoo" "Mozilla/5.0 (Windows NT 10.0; Win64; x64) AppleWebKit/537.36 (KHTML, like Gecko) Chrome/90.0.4430.212 Safari/537.36"
212.186.238.50 - - [19/May/2021:13:42:23 +0200] "GET /loadthumbnail.php?id=12329754&width=113 HTTP/1.1" 200 6497 "http://renault.activities.at/result?searchterm=true&search=kangoo" "Mozilla/5.0 (Windows NT 10.0; Win64; x64) AppleWebKit/537.36 (KHTML, like Gecko) Chrome/90.0.4430.212 Safari/537.36"
212.186.238.50 - - [19/May/2021:13:42:23 +0200] "GET /loadthumbnail.php?id=11181187&width=113 HTTP/1.1" 200 1532 "http://renault.activities.at/result?searchterm=true&search=kangoo" "Mozilla/5.0 (Windows NT 10.0; Win64; x64) AppleWebKit/537.36 (KHTML, like Gecko) Chrome/90.0.4430.212 Safari/537.36"
212.186.238.50 - - [19/May/2021:13:42:23 +0200] "GET /loadthumbnail.php?id=11181185&width=113 HTTP/1.1" 200 1532 "http://renault.activities.at/result?searchterm=true&search=kangoo" "Mozilla/5.0 (Windows NT 10.0; Win64; x64) AppleWebKit/537.36 (KHTML, like Gecko) Chrome/90.0.4430.212 Safari/537.36"
212.186.238.50 - - [19/May/2021:13:42:23 +0200] "GET /images/vista-up.gif HTTP/1.1" 200 131 "http://renault.activities.at/css/styles.css" "Mozilla/5.0 (Windows NT 10.0; Win64; x64) AppleWebKit/537.36 (KHTML, like Gecko) Chrome/90.0.4430.212 Safari/537.36"
212.186.238.50 - - [19/May/2021:13:42:23 +0200] "GET /images/pager_bg.gif HTTP/1.1" 200 150 "http://renault.activities.at/css/styles.css" "Mozilla/5.0 (Windows NT 10.0; Win64; x64) AppleWebKit/537.36 (KHTML, like Gecko) Chrome/90.0.4430.212 Safari/537.36"
212.186.238.50 - - [19/May/2021:13:42:23 +0200] "GET /images/vista-dn.gif HTTP/1.1" 200 128 "http://renault.activities.at/css/styles.css" "Mozilla/5.0 (Windows NT 10.0; Win64; x64) AppleWebKit/537.36 (KHTML, like Gecko) Chrome/90.0.4430.212 Safari/537.36"
212.186.238.50 - - [19/May/2021:13:42:23 +0200] "GET /loadthumbnail.php?id=11181178&width=113 HTTP/1.1" 200 1834 "http://renault.activities.at/result?searchterm=true&search=kangoo" "Mozilla/5.0 (Windows NT 10.0; Win64; x64) AppleWebKit/537.36 (KHTML, like Gecko) Chrome/90.0.4430.212 Safari/537.36"
212.186.238.50 - - [19/May/2021:13:42:23 +0200] "GET /loadthumbnail.php?id=11186457&width=113 HTTP/1.1" 200 1278 "http://renault.activities.at/result?searchterm=true&search=kangoo" "Mozilla/5.0 (Windows NT 10.0; Win64; x64) AppleWebKit/537.36 (KHTML, like Gecko) Chrome/90.0.4430.212 Safari/537.36"
212.186.238.50 - - [19/May/2021:13:42:23 +0200] "GET /loadthumbnail.php?id=11194717&width=113 HTTP/1.1" 200 1278 "http://renault.activities.at/result?searchterm=true&search=kangoo" "Mozilla/5.0 (Windows NT 10.0; Win64; x64) AppleWebKit/537.36 (KHTML, like Gecko) Chrome/90.0.4430.212 Safari/537.36"
212.186.238.50 - - [19/May/2021:13:42:23 +0200] "GET /loadthumbnail.php?id=11186469&width=113 HTTP/1.1" 200 1278 "http://renault.activities.at/result?searchterm=true&search=kangoo" "Mozilla/5.0 (Windows NT 10.0; Win64; x64) AppleWebKit/537.36 (KHTML, like Gecko) Chrome/90.0.4430.212 Safari/537.36"
212.186.238.50 - - [19/May/2021:13:42:23 +0200] "GET /loadthumbnail.php?id=11181180&width=113 HTTP/1.1" 200 1834 "http://renault.activities.at/result?searchterm=true&search=kangoo" "Mozilla/5.0 (Windows NT 10.0; Win64; x64) AppleWebKit/537.36 (KHTML, like Gecko) Chrome/90.0.4430.212 Safari/537.36"
212.186.238.50 - - [19/May/2021:13:42:23 +0200] "GET /loadthumbnail.php?id=11181168&width=113 HTTP/1.1" 200 847 "http://renault.activities.at/result?searchterm=true&search=kangoo" "Mozilla/5.0 (Windows NT 10.0; Win64; x64) AppleWebKit/537.36 (KHTML, like Gecko) Chrome/90.0.4430.212 Safari/537.36"
212.186.238.50 - - [19/May/2021:13:42:23 +0200] "GET /loadthumbnail.php?id=11181166&width=113 HTTP/1.1" 200 847 "http://renault.activities.at/result?searchterm=true&search=kangoo" "Mozilla/5.0 (Windows NT 10.0; Win64; x64) AppleWebKit/537.36 (KHTML, like Gecko) Chrome/90.0.4430.212 Safari/537.36"
212.186.238.50 - - [19/May/2021:13:42:23 +0200] "GET /loadthumbnail.php?id=11181170&width=113 HTTP/1.1" 200 1576 "http://renault.activities.at/result?searchterm=true&search=kangoo" "Mozilla/5.0 (Windows NT 10.0; Win64; x64) AppleWebKit/537.36 (KHTML, like Gecko) Chrome/90.0.4430.212 Safari/537.36"
212.186.238.50 - - [19/May/2021:13:42:23 +0200] "GET /loadthumbnail.php?id=12358954&width=113 HTTP/1.1" 200 1711 "http://renault.activities.at/result?searchterm=true&search=kangoo" "Mozilla/5.0 (Windows NT 10.0; Win64; x64) AppleWebKit/537.36 (KHTML, like Gecko) Chrome/90.0.4430.212 Safari/537.36"
212.186.238.50 - - [19/May/2021:13:42:23 +0200] "GET /loadthumbnail.php?id=11181172&width=113 HTTP/1.1" 200 1576 "http://renault.activities.at/result?searchterm=true&search=kangoo" "Mozilla/5.0 (Windows NT 10.0; Win64; x64) AppleWebKit/537.36 (KHTML, like Gecko) Chrome/90.0.4430.212 Safari/537.36"
212.186.238.50 - - [19/May/2021:13:42:23 +0200] "GET /loadthumbnail.php?id=12358953&width=113 HTTP/1.1" 200 1965 "http://renault.activities.at/result?searchterm=true&search=kangoo" "Mozilla/5.0 (Windows NT 10.0; Win64; x64) AppleWebKit/537.36 (KHTML, like Gecko) Chrome/90.0.4430.212 Safari/537.36"
212.186.238.50 - - [19/May/2021:13:42:20 +0200] "POST /axjaxrequest?mode=suggest HTTP/1.1" 200 112 "http://renault.activities.at/account" "Mozilla/5.0 (Windows NT 10.0; Win64; x64) AppleWebKit/537.36 (KHTML, like Gecko) Chrome/90.0.4430.212 Safari/537.36"
212.186.238.50 - - [19/May/2021:13:42:29 +0200] "GET /images/vista-dn-hover.gif HTTP/1.1" 200 127 "http://renault.activities.at/css/styles.css" "Mozilla/5.0 (Windows NT 10.0; Win64; x64) AppleWebKit/537.36 (KHTML, like Gecko) Chrome/90.0.4430.212 Safari/537.36"
212.186.238.50 - - [19/May/2021:13:42:28 +0200] "GET /result?dir=DESC&mode=grid&order=name&limit=15&page=2&search=kangoo HTTP/1.1" 200 6684 "http://renault.activities.at/result?searchterm=true&search=kangoo" "Mozilla/5.0 (Windows NT 10.0; Win64; x64) AppleWebKit/537.36 (KHTML, like Gecko) Chrome/90.0.4430.212 Safari/537.36"
212.186.238.50 - - [19/May/2021:13:42:30 +0200] "GET /loadthumbnail.php?id=10203275 HTTP/1.1" 200 85 "http://renault.activities.at/result?dir=DESC&mode=grid&order=name&limit=15&page=2&search=kangoo" "Mozilla/5.0 (Windows NT 10.0; Win64; x64) AppleWebKit/537.36 (KHTML, like Gecko) Chrome/90.0.4430.212 Safari/537.36"
212.186.238.50 - - [19/May/2021:13:42:30 +0200] "GET /loadthumbnail.php?id=11885851&width=113 HTTP/1.1" 200 1576 "http://renault.activities.at/result?dir=DESC&mode=grid&order=name&limit=15&page=2&search=kangoo" "Mozilla/5.0 (Windows NT 10.0; Win64; x64) AppleWebKit/537.36 (KHTML, like Gecko) Chrome/90.0.4430.212 Safari/537.36"
212.186.238.50 - - [19/May/2021:13:42:31 +0200] "GET /loadthumbnail.php?id=11334756&width=113 HTTP/1.1" 200 24626 "http://renault.activities.at/result?dir=DESC&mode=grid&order=name&limit=15&page=2&search=kangoo" "Mozilla/5.0 (Windows NT 10.0; Win64; x64) AppleWebKit/537.36 (KHTML, like Gecko) Chrome/90.0.4430.212 Safari/537.36"
212.186.238.50 - - [19/May/2021:13:42:31 +0200] "GET /loadthumbnail.php?id=12414625&width=113 HTTP/1.1" 200 3615 "http://renault.activities.at/result?dir=DESC&mode=grid&order=name&limit=15&page=2&search=kangoo" "Mozilla/5.0 (Windows NT 10.0; Win64; x64) AppleWebKit/537.36 (KHTML, like Gecko) Chrome/90.0.4430.212 Safari/537.36"
212.186.238.50 - - [19/May/2021:13:42:31 +0200] "GET /loadthumbnail.php?id=11036126&width=113 HTTP/1.1" 200 1377 "http://renault.activities.at/result?dir=DESC&mode=grid&order=name&limit=15&page=2&search=kangoo" "Mozilla/5.0 (Windows NT 10.0; Win64; x64) AppleWebKit/537.36 (KHTML, like Gecko) Chrome/90.0.4430.212 Safari/537.36"
212.186.238.50 - - [19/May/2021:13:42:31 +0200] "GET /loadthumbnail.php?id=12239245&width=113 HTTP/1.1" 200 3605 "http://renault.activities.at/result?dir=DESC&mode=grid&order=name&limit=15&page=2&search=kangoo" "Mozilla/5.0 (Windows NT 10.0; Win64; x64) AppleWebKit/537.36 (KHTML, like Gecko) Chrome/90.0.4430.212 Safari/537.36"
80.121.175.66 - - [19/May/2021:13:42:41 +0200] "GET /result?dir=DESC&mode=grid&order=name&limit=15&page=2&search=dacia HTTP/1.1" 200 9395 "http://renault.activities.at/result?searchterm=true&search=dacia" "Mozilla/5.0 (Windows NT 6.1; WOW64; Trident/7.0; rv:11.0) like Gecko"
80.121.175.66 - - [19/May/2021:13:42:44 +0200] "GET /loadthumbnail.php?id=10203275 HTTP/1.1" 200 85 "http://renault.activities.at/result?dir=DESC&mode=grid&order=name&limit=15&page=2&search=dacia" "Mozilla/5.0 (Windows NT 6.1; WOW64; Trident/7.0; rv:11.0) like Gecko"
80.121.175.66 - - [19/May/2021:13:42:44 +0200] "GET /loadthumbnail.php?id=12358955&width=113 HTTP/1.1" 200 2055 "http://renault.activities.at/result?dir=DESC&mode=grid&order=name&limit=15&page=2&search=dacia" "Mozilla/5.0 (Windows NT 6.1; WOW64; Trident/7.0; rv:11.0) like Gecko"
80.121.175.66 - - [19/May/2021:13:42:44 +0200] "GET /loadthumbnail.php?id=12358952&width=113 HTTP/1.1" 200 1749 "http://renault.activities.at/result?dir=DESC&mode=grid&order=name&limit=15&page=2&search=dacia" "Mozilla/5.0 (Windows NT 6.1; WOW64; Trident/7.0; rv:11.0) like Gecko"
80.121.175.66 - - [19/May/2021:13:42:44 +0200] "GET /loadthumbnail.php?id=12358951&width=113 HTTP/1.1" 200 2112 "http://renault.activities.at/result?dir=DESC&mode=grid&order=name&limit=15&page=2&search=dacia" "Mozilla/5.0 (Windows NT 6.1; WOW64; Trident/7.0; rv:11.0) like Gecko"
80.121.175.66 - - [19/May/2021:13:42:44 +0200] "GET /loadthumbnail.php?id=10309492&width=113 HTTP/1.1" 200 2666 "http://renault.activities.at/result?dir=DESC&mode=grid&order=name&limit=15&page=2&search=dacia" "Mozilla/5.0 (Windows NT 6.1; WOW64; Trident/7.0; rv:11.0) like Gecko"
80.121.175.66 - - [19/May/2021:13:42:44 +0200] "GET /loadthumbnail.php?id=12127769&width=113 HTTP/1.1" 200 1807 "http://renault.activities.at/result?dir=DESC&mode=grid&order=name&limit=15&page=2&search=dacia" "Mozilla/5.0 (Windows NT 6.1; WOW64; Trident/7.0; rv:11.0) like Gecko"
80.121.175.66 - - [19/May/2021:13:42:45 +0200] "GET /loadthumbnail.php?id=11423690&width=113 HTTP/1.1" 200 1470 "http://renault.activities.at/result?dir=DESC&mode=grid&order=name&limit=15&page=2&search=dacia" "Mozilla/5.0 (Windows NT 6.1; WOW64; Trident/7.0; rv:11.0) like Gecko"
80.121.175.66 - - [19/May/2021:13:42:45 +0200] "GET /loadthumbnail.php?id=12341633&width=113 HTTP/1.1" 200 3367 "http://renault.activities.at/result?dir=DESC&mode=grid&order=name&limit=15&page=2&search=dacia" "Mozilla/5.0 (Windows NT 6.1; WOW64; Trident/7.0; rv:11.0) like Gecko"
80.121.175.66 - - [19/May/2021:13:42:45 +0200] "GET /loadthumbnail.php?id=12341634&width=113 HTTP/1.1" 200 3389 "http://renault.activities.at/result?dir=DESC&mode=grid&order=name&limit=15&page=2&search=dacia" "Mozilla/5.0 (Windows NT 6.1; WOW64; Trident/7.0; rv:11.0) like Gecko"
80.121.175.66 - - [19/May/2021:13:42:45 +0200] "GET /loadthumbnail.php?id=12341631&width=113 HTTP/1.1" 200 2854 "http://renault.activities.at/result?dir=DESC&mode=grid&order=name&limit=15&page=2&search=dacia" "Mozilla/5.0 (Windows NT 6.1; WOW64; Trident/7.0; rv:11.0) like Gecko"
80.121.175.66 - - [19/May/2021:13:42:45 +0200] "GET /loadthumbnail.php?id=12022099&width=113 HTTP/1.1" 200 2908 "http://renault.activities.at/result?dir=DESC&mode=grid&order=name&limit=15&page=2&search=dacia" "Mozilla/5.0 (Windows NT 6.1; WOW64; Trident/7.0; rv:11.0) like Gecko"
80.121.175.66 - - [19/May/2021:13:42:45 +0200] "GET /loadthumbnail.php?id=11784465&width=113 HTTP/1.1" 200 2824 "http://renault.activities.at/result?dir=DESC&mode=grid&order=name&limit=15&page=2&search=dacia" "Mozilla/5.0 (Windows NT 6.1; WOW64; Trident/7.0; rv:11.0) like Gecko"
80.121.175.66 - - [19/May/2021:13:42:45 +0200] "GET /loadthumbnail.php?id=11340122&width=113 HTTP/1.1" 200 3786 "http://renault.activities.at/result?dir=DESC&mode=grid&order=name&limit=15&page=2&search=dacia" "Mozilla/5.0 (Windows NT 6.1; WOW64; Trident/7.0; rv:11.0) like Gecko"
80.121.175.66 - - [19/May/2021:13:42:45 +0200] "GET /loadthumbnail.php?id=12299988&width=113 HTTP/1.1" 200 2207 "http://renault.activities.at/result?dir=DESC&mode=grid&order=name&limit=15&page=2&search=dacia" "Mozilla/5.0 (Windows NT 6.1; WOW64; Trident/7.0; rv:11.0) like Gecko"
80.121.175.66 - - [19/May/2021:13:42:45 +0200] "GET /loadthumbnail.php?id=12243600&width=113 HTTP/1.1" 200 3157 "http://renault.activities.at/result?dir=DESC&mode=grid&order=name&limit=15&page=2&search=dacia" "Mozilla/5.0 (Windows NT 6.1; WOW64; Trident/7.0; rv:11.0) like Gecko"
80.121.175.66 - - [19/May/2021:13:42:45 +0200] "GET /loadthumbnail.php?id=12283836&width=113 HTTP/1.1" 200 3320 "http://renault.activities.at/result?dir=DESC&mode=grid&order=name&limit=15&page=2&search=dacia" "Mozilla/5.0 (Windows NT 6.1; WOW64; Trident/7.0; rv:11.0) like Gecko"
80.120.148.242 - - [19/May/2021:13:42:53 +0200] "GET /reload?ser=1621424573236 HTTP/1.1" 200 28 "http://renault.activities.at/" "Mozilla/5.0 (Windows NT 10.0; Win64; x64) AppleWebKit/537.36 (KHTML, like Gecko) Chrome/90.0.4430.212 Safari/537.36"
80.121.175.66 - - [19/May/2021:13:42:56 +0200] "GET /result?dir=DESC&mode=grid&order=name&limit=15&page=3&search=dacia HTTP/1.1" 200 9445 "http://renault.activities.at/result?dir=DESC&mode=grid&order=name&limit=15&page=2&search=dacia" "Mozilla/5.0 (Windows NT 6.1; WOW64; Trident/7.0; rv:11.0) like Gecko"
80.121.175.66 - - [19/May/2021:13:42:59 +0200] "GET /loadthumbnail.php?id=10614830&width=113 HTTP/1.1" 200 2000 "http://renault.activities.at/result?dir=DESC&mode=grid&order=name&limit=15&page=3&search=dacia" "Mozilla/5.0 (Windows NT 6.1; WOW64; Trident/7.0; rv:11.0) like Gecko"
80.121.175.66 - - [19/May/2021:13:42:59 +0200] "GET /loadthumbnail.php?id=11721290&width=113 HTTP/1.1" 200 1179 "http://renault.activities.at/result?dir=DESC&mode=grid&order=name&limit=15&page=3&search=dacia" "Mozilla/5.0 (Windows NT 6.1; WOW64; Trident/7.0; rv:11.0) like Gecko"
80.121.175.66 - - [19/May/2021:13:42:59 +0200] "GET /loadthumbnail.php?id=11730239&width=113 HTTP/1.1" 200 4665 "http://renault.activities.at/result?dir=DESC&mode=grid&order=name&limit=15&page=3&search=dacia" "Mozilla/5.0 (Windows NT 6.1; WOW64; Trident/7.0; rv:11.0) like Gecko"
80.121.175.66 - - [19/May/2021:13:42:59 +0200] "GET /loadthumbnail.php?id=11521730&width=113 HTTP/1.1" 200 2841 "http://renault.activities.at/result?dir=DESC&mode=grid&order=name&limit=15&page=3&search=dacia" "Mozilla/5.0 (Windows NT 6.1; WOW64; Trident/7.0; rv:11.0) like Gecko"
80.121.175.66 - - [19/May/2021:13:42:59 +0200] "GET /loadthumbnail.php?id=11243081&width=113 HTTP/1.1" 200 1218 "http://renault.activities.at/result?dir=DESC&mode=grid&order=name&limit=15&page=3&search=dacia" "Mozilla/5.0 (Windows NT 6.1; WOW64; Trident/7.0; rv:11.0) like Gecko"
80.121.175.66 - - [19/May/2021:13:42:59 +0200] "GET /loadthumbnail.php?id=12341670&width=113 HTTP/1.1" 200 29606 "http://renault.activities.at/result?dir=DESC&mode=grid&order=name&limit=15&page=3&search=dacia" "Mozilla/5.0 (Windows NT 6.1; WOW64; Trident/7.0; rv:11.0) like Gecko"
80.121.175.66 - - [19/May/2021:13:42:59 +0200] "GET /loadthumbnail.php?id=10745359&width=113 HTTP/1.1" 200 4202 "http://renault.activities.at/result?dir=DESC&mode=grid&order=name&limit=15&page=3&search=dacia" "Mozilla/5.0 (Windows NT 6.1; WOW64; Trident/7.0; rv:11.0) like Gecko"
80.121.175.66 - - [19/May/2021:13:42:59 +0200] "GET /loadthumbnail.php?id=12341666&width=113 HTTP/1.1" 200 13912 "http://renault.activities.at/result?dir=DESC&mode=grid&order=name&limit=15&page=3&search=dacia" "Mozilla/5.0 (Windows NT 6.1; WOW64; Trident/7.0; rv:11.0) like Gecko"
80.121.175.66 - - [19/May/2021:13:42:59 +0200] "GET /loadthumbnail.php?id=12088443&width=113 HTTP/1.1" 200 7201 "http://renault.activities.at/result?dir=DESC&mode=grid&order=name&limit=15&page=3&search=dacia" "Mozilla/5.0 (Windows NT 6.1; WOW64; Trident/7.0; rv:11.0) like Gecko"
80.121.175.66 - - [19/May/2021:13:42:59 +0200] "GET /loadthumbnail.php?id=11340119&width=113 HTTP/1.1" 200 5321 "http://renault.activities.at/result?dir=DESC&mode=grid&order=name&limit=15&page=3&search=dacia" "Mozilla/5.0 (Windows NT 6.1; WOW64; Trident/7.0; rv:11.0) like Gecko"
80.121.175.66 - - [19/May/2021:13:42:59 +0200] "GET /loadthumbnail.php?id=12029411&width=113 HTTP/1.1" 200 3687 "http://renault.activities.at/result?dir=DESC&mode=grid&order=name&limit=15&page=3&search=dacia" "Mozilla/5.0 (Windows NT 6.1; WOW64; Trident/7.0; rv:11.0) like Gecko"
80.121.175.66 - - [19/May/2021:13:43:00 +0200] "GET /loadthumbnail.php?id=12230577&width=113 HTTP/1.1" 200 1374 "http://renault.activities.at/result?dir=DESC&mode=grid&order=name&limit=15&page=3&search=dacia" "Mozilla/5.0 (Windows NT 6.1; WOW64; Trident/7.0; rv:11.0) like Gecko"
80.121.175.66 - - [19/May/2021:13:43:00 +0200] "GET /loadthumbnail.php?id=12025504&width=113 HTTP/1.1" 200 19297 "http://renault.activities.at/result?dir=DESC&mode=grid&order=name&limit=15&page=3&search=dacia" "Mozilla/5.0 (Windows NT 6.1; WOW64; Trident/7.0; rv:11.0) like Gecko"
80.121.175.66 - - [19/May/2021:13:43:00 +0200] "GET /loadthumbnail.php?id=11249797&width=113 HTTP/1.1" 200 2985 "http://renault.activities.at/result?dir=DESC&mode=grid&order=name&limit=15&page=3&search=dacia" "Mozilla/5.0 (Windows NT 6.1; WOW64; Trident/7.0; rv:11.0) like Gecko"
80.121.175.66 - - [19/May/2021:13:43:00 +0200] "GET /loadthumbnail.php?id=11249798&width=113 HTTP/1.1" 200 2985 "http://renault.activities.at/result?dir=DESC&mode=grid&order=name&limit=15&page=3&search=dacia" "Mozilla/5.0 (Windows NT 6.1; WOW64; Trident/7.0; rv:11.0) like Gecko"
193.194.132.28 - - [19/May/2021:13:42:57 +0200] "GET /result?dir=DESC&mode=grid&order=name&limit=15&page=3&search=kleber HTTP/1.1" 200 10514 "http://renault.2web.at/result?dir=DESC&mode=grid&order=name&limit=15&page=2&search=kleber" "Mozilla/5.0 (Windows NT 10.0; Win64; x64) AppleWebKit/537.36 (KHTML, like Gecko) Chrome/90.0.4430.212 Safari/537.36"
193.194.132.28 - - [19/May/2021:13:43:01 +0200] "GET /loadthumbnail.php?id=11181199&width=113 HTTP/1.1" 200 1829 "http://renault.2web.at/result?dir=DESC&mode=grid&order=name&limit=15&page=3&search=kleber" "Mozilla/5.0 (Windows NT 10.0; Win64; x64) AppleWebKit/537.36 (KHTML, like Gecko) Chrome/90.0.4430.212 Safari/537.36"
193.194.132.28 - - [19/May/2021:13:43:01 +0200] "GET /loadthumbnail.php?id=11194700&width=113 HTTP/1.1" 200 1829 "http://renault.2web.at/result?dir=DESC&mode=grid&order=name&limit=15&page=3&search=kleber" "Mozilla/5.0 (Windows NT 10.0; Win64; x64) AppleWebKit/537.36 (KHTML, like Gecko) Chrome/90.0.4430.212 Safari/537.36"
193.194.132.28 - - [19/May/2021:13:43:01 +0200] "GET /loadthumbnail.php?id=11186469&width=113 HTTP/1.1" 200 1278 "http://renault.2web.at/result?dir=DESC&mode=grid&order=name&limit=15&page=3&search=kleber" "Mozilla/5.0 (Windows NT 10.0; Win64; x64) AppleWebKit/537.36 (KHTML, like Gecko) Chrome/90.0.4430.212 Safari/537.36"
193.194.132.28 - - [19/May/2021:13:43:01 +0200] "GET /loadthumbnail.php?id=11181197&width=113 HTTP/1.1" 200 1829 "http://renault.2web.at/result?dir=DESC&mode=grid&order=name&limit=15&page=3&search=kleber" "Mozilla/5.0 (Windows NT 10.0; Win64; x64) AppleWebKit/537.36 (KHTML, like Gecko) Chrome/90.0.4430.212 Safari/537.36"
193.194.132.28 - - [19/May/2021:13:43:01 +0200] "GET /loadthumbnail.php?id=11194717&width=113 HTTP/1.1" 200 1278 "http://renault.2web.at/result?dir=DESC&mode=grid&order=name&limit=15&page=3&search=kleber" "Mozilla/5.0 (Windows NT 10.0; Win64; x64) AppleWebKit/537.36 (KHTML, like Gecko) Chrome/90.0.4430.212 Safari/537.36"
193.194.132.28 - - [19/May/2021:13:43:01 +0200] "GET /loadthumbnail.php?id=11181225&width=113 HTTP/1.1" 200 1322 "http://renault.2web.at/result?dir=DESC&mode=grid&order=name&limit=15&page=3&search=kleber" "Mozilla/5.0 (Windows NT 10.0; Win64; x64) AppleWebKit/537.36 (KHTML, like Gecko) Chrome/90.0.4430.212 Safari/537.36"
193.194.132.28 - - [19/May/2021:13:43:01 +0200] "GET /loadthumbnail.php?id=11195851&width=113 HTTP/1.1" 200 1156 "http://renault.2web.at/result?dir=DESC&mode=grid&order=name&limit=15&page=3&search=kleber" "Mozilla/5.0 (Windows NT 10.0; Win64; x64) AppleWebKit/537.36 (KHTML, like Gecko) Chrome/90.0.4430.212 Safari/537.36"
193.194.132.28 - - [19/May/2021:13:43:01 +0200] "GET /loadthumbnail.php?id=11181237&width=113 HTTP/1.1" 200 1156 "http://renault.2web.at/result?dir=DESC&mode=grid&order=name&limit=15&page=3&search=kleber" "Mozilla/5.0 (Windows NT 10.0; Win64; x64) AppleWebKit/537.36 (KHTML, like Gecko) Chrome/90.0.4430.212 Safari/537.36"
193.194.132.28 - - [19/May/2021:13:43:01 +0200] "GET /loadthumbnail.php?id=11186457&width=113 HTTP/1.1" 200 1278 "http://renault.2web.at/result?dir=DESC&mode=grid&order=name&limit=15&page=3&search=kleber" "Mozilla/5.0 (Windows NT 10.0; Win64; x64) AppleWebKit/537.36 (KHTML, like Gecko) Chrome/90.0.4430.212 Safari/537.36"
193.194.132.28 - - [19/May/2021:13:43:01 +0200] "GET /loadthumbnail.php?id=11186495&width=113 HTTP/1.1" 200 1974 "http://renault.2web.at/result?dir=DESC&mode=grid&order=name&limit=15&page=3&search=kleber" "Mozilla/5.0 (Windows NT 10.0; Win64; x64) AppleWebKit/537.36 (KHTML, like Gecko) Chrome/90.0.4430.212 Safari/537.36"
193.194.132.28 - - [19/May/2021:13:43:01 +0200] "GET /loadthumbnail.php?id=11181235&width=113 HTTP/1.1" 200 1156 "http://renault.2web.at/result?dir=DESC&mode=grid&order=name&limit=15&page=3&search=kleber" "Mozilla/5.0 (Windows NT 10.0; Win64; x64) AppleWebKit/537.36 (KHTML, like Gecko) Chrome/90.0.4430.212 Safari/537.36"
193.194.132.28 - - [19/May/2021:13:43:01 +0200] "GET /loadthumbnail.php?id=11186483&width=113 HTTP/1.1" 200 1974 "http://renault.2web.at/result?dir=DESC&mode=grid&order=name&limit=15&page=3&search=kleber" "Mozilla/5.0 (Windows NT 10.0; Win64; x64) AppleWebKit/537.36 (KHTML, like Gecko) Chrome/90.0.4430.212 Safari/537.36"
193.194.132.28 - - [19/May/2021:13:43:01 +0200] "GET /loadthumbnail.php?id=11181233&width=113 HTTP/1.1" 200 1353 "http://renault.2web.at/result?dir=DESC&mode=grid&order=name&limit=15&page=3&search=kleber" "Mozilla/5.0 (Windows NT 10.0; Win64; x64) AppleWebKit/537.36 (KHTML, like Gecko) Chrome/90.0.4430.212 Safari/537.36"
193.194.132.28 - - [19/May/2021:13:43:01 +0200] "GET /loadthumbnail.php?id=11194732&width=113 HTTP/1.1" 200 1353 "http://renault.2web.at/result?dir=DESC&mode=grid&order=name&limit=15&page=3&search=kleber" "Mozilla/5.0 (Windows NT 10.0; Win64; x64) AppleWebKit/537.36 (KHTML, like Gecko) Chrome/90.0.4430.212 Safari/537.36"
89.185.116.110 - - [19/May/2021:13:43:15 +0200] "GET /reload?ser=1621424595778 HTTP/1.1" 200 28 "http://renault.activities.at/checkout" "Mozilla/5.0 (Windows NT 10.0; Win64; x64) AppleWebKit/537.36 (KHTML, like Gecko) Chrome/90.0.4430.212 Safari/537.36 Edg/90.0.818.62"
80.121.175.66 - - [19/May/2021:13:43:22 +0200] "GET /css/themes/alphacube/frame_left.gif HTTP/1.1" 200 64 "http://renault.activities.at/result?dir=DESC&mode=grid&order=name&limit=15&page=3&search=dacia" "Mozilla/5.0 (Windows NT 6.1; WOW64; Trident/7.0; rv:11.0) like Gecko"
80.121.175.66 - - [19/May/2021:13:43:22 +0200] "GET /css/themes/alphacube/bottom_middle.gif HTTP/1.1" 200 44 "http://renault.activities.at/result?dir=DESC&mode=grid&order=name&limit=15&page=3&search=dacia" "Mozilla/5.0 (Windows NT 6.1; WOW64; Trident/7.0; rv:11.0) like Gecko"
80.121.175.66 - - [19/May/2021:13:43:22 +0200] "GET /css/themes/alphacube/top_left.gif HTTP/1.1" 200 973 "http://renault.activities.at/result?dir=DESC&mode=grid&order=name&limit=15&page=3&search=dacia" "Mozilla/5.0 (Windows NT 6.1; WOW64; Trident/7.0; rv:11.0) like Gecko"
80.121.175.66 - - [19/May/2021:13:43:22 +0200] "GET /css/themes/alphacube/top_mid.gif HTTP/1.1" 200 833 "http://renault.activities.at/result?dir=DESC&mode=grid&order=name&limit=15&page=3&search=dacia" "Mozilla/5.0 (Windows NT 6.1; WOW64; Trident/7.0; rv:11.0) like Gecko"
80.121.175.66 - - [19/May/2021:13:43:22 +0200] "GET /css/themes/alphacube/bottom_right-c.gif HTTP/1.1" 200 62 "http://renault.activities.at/result?dir=DESC&mode=grid&order=name&limit=15&page=3&search=dacia" "Mozilla/5.0 (Windows NT 6.1; WOW64; Trident/7.0; rv:11.0) like Gecko"
80.121.175.66 - - [19/May/2021:13:43:23 +0200] "GET /css/themes/alphacube/top_right.gif HTTP/1.1" 200 972 "http://renault.activities.at/result?dir=DESC&mode=grid&order=name&limit=15&page=3&search=dacia" "Mozilla/5.0 (Windows NT 6.1; WOW64; Trident/7.0; rv:11.0) like Gecko"
80.121.175.66 - - [19/May/2021:13:43:23 +0200] "GET /css/themes/alphacube/button-close-focus.gif HTTP/1.1" 200 699 "http://renault.activities.at/result?dir=DESC&mode=grid&order=name&limit=15&page=3&search=dacia" "Mozilla/5.0 (Windows NT 6.1; WOW64; Trident/7.0; rv:11.0) like Gecko"
80.121.175.66 - - [19/May/2021:13:43:23 +0200] "GET /css/themes/alphacube/frame_right.gif HTTP/1.1" 200 64 "http://renault.activities.at/result?dir=DESC&mode=grid&order=name&limit=15&page=3&search=dacia" "Mozilla/5.0 (Windows NT 6.1; WOW64; Trident/7.0; rv:11.0) like Gecko"
80.121.175.66 - - [19/May/2021:13:43:23 +0200] "GET /css/themes/alphacube/bottom_left-c.gif HTTP/1.1" 200 62 "http://renault.activities.at/result?dir=DESC&mode=grid&order=name&limit=15&page=3&search=dacia" "Mozilla/5.0 (Windows NT 6.1; WOW64; Trident/7.0; rv:11.0) like Gecko"
213.153.47.173 - - [19/May/2021:13:43:22 +0200] "GET /reload?ser=1621424602200 HTTP/1.1" 200 28 "http://renault.activities.at/10260300?dir=DESC&mode=grid&order=name&limit=15&page=2&loadrequest=true" "Mozilla/5.0 (Windows NT 10.0; Win64; x64) AppleWebKit/537.36 (KHTML, like Gecko) Chrome/90.0.4430.212 Safari/537.36"
80.121.175.66 - - [19/May/2021:13:43:21 +0200] "GET /10745357?print=true HTTP/1.1" 200 2680 "http://renault.activities.at/result?dir=DESC&mode=grid&order=name&limit=15&page=3&search=dacia" "Mozilla/5.0 (Windows NT 6.1; WOW64; Trident/7.0; rv:11.0) like Gecko"
80.121.175.66 - - [19/May/2021:13:43:25 +0200] "GET /loadthumbnail.php?id=10745359&width=250 HTTP/1.1" 200 13480 "http://renault.activities.at/10745357?print=true" "Mozilla/5.0 (Windows NT 6.1; WOW64; Trident/7.0; rv:11.0) like Gecko"
80.121.175.66 - - [19/May/2021:13:43:25 +0200] "GET /js/Produkt.js HTTP/1.1" 200 852 "http://renault.activities.at/10745357?print=true" "Mozilla/5.0 (Windows NT 6.1; WOW64; Trident/7.0; rv:11.0) like Gecko"
80.121.175.66 - - [19/May/2021:13:43:25 +0200] "GET /js/magiczoom/magiczoom.css HTTP/1.1" 200 1210 "http://renault.activities.at/10745357?print=true" "Mozilla/5.0 (Windows NT 6.1; WOW64; Trident/7.0; rv:11.0) like Gecko"
80.121.175.66 - - [19/May/2021:13:43:25 +0200] "GET /js/magiczoom/magiczoom.js HTTP/1.1" 200 26397 "http://renault.activities.at/10745357?print=true" "Mozilla/5.0 (Windows NT 6.1; WOW64; Trident/7.0; rv:11.0) like Gecko"
80.121.175.66 - - [19/May/2021:13:43:26 +0200] "GET /loadthumbnail.php?id=10745359&width=900&height=900 HTTP/1.1" 200 86842 "http://renault.activities.at/10745357?print=true" "Mozilla/5.0 (Windows NT 6.1; WOW64; Trident/7.0; rv:11.0) like Gecko"
80.121.175.66 - - [19/May/2021:13:43:27 +0200] "GET /js/magiczoom/graphics/hint.gif HTTP/1.1" 200 73 "http://renault.activities.at/10745357?print=true" "Mozilla/5.0 (Windows NT 6.1; WOW64; Trident/7.0; rv:11.0) like Gecko"
