93.83.167.130 - - [27/May/2021:16:06:44 +0200] "POST /axjaxrequest?mode=suggest HTTP/1.1" 200 111 "http://renault.activities.at/10260250" "Mozilla/5.0 (Windows NT 10.0; Win64; x64) AppleWebKit/537.36 (KHTML, like Gecko) Chrome/90.0.4430.212 Safari/537.36"
93.83.167.130 - - [27/May/2021:16:06:45 +0200] "GET /result?searchterm=true&search=Arkana HTTP/1.1" 200 6377 "http://renault.activities.at/10260250" "Mozilla/5.0 (Windows NT 10.0; Win64; x64) AppleWebKit/537.36 (KHTML, like Gecko) Chrome/90.0.4430.212 Safari/537.36"
93.83.167.130 - - [27/May/2021:16:06:47 +0200] "GET /result?searchterm=true&search=Arkana HTTP/1.1" 200 6377 "http://renault.activities.at/10260250" "Mozilla/5.0 (Windows NT 10.0; Win64; x64) AppleWebKit/537.36 (KHTML, like Gecko) Chrome/90.0.4430.212 Safari/537.36"
93.83.167.130 - - [27/May/2021:16:06:47 +0200] "GET /result?searchterm=true&search=Arkana HTTP/1.1" 200 6377 "http://renault.activities.at/10260250" "Mozilla/5.0 (Windows NT 10.0; Win64; x64) AppleWebKit/537.36 (KHTML, like Gecko) Chrome/90.0.4430.212 Safari/537.36"
93.83.167.130 - - [27/May/2021:16:06:48 +0200] "GET /result?searchterm=true&search=Arkana HTTP/1.1" 200 6377 "http://renault.activities.at/10260250" "Mozilla/5.0 (Windows NT 10.0; Win64; x64) AppleWebKit/537.36 (KHTML, like Gecko) Chrome/90.0.4430.212 Safari/537.36"
93.83.167.130 - - [27/May/2021:16:06:49 +0200] "GET /result?searchterm=true&search=Arkana HTTP/1.1" 200 6377 "http://renault.activities.at/10260250" "Mozilla/5.0 (Windows NT 10.0; Win64; x64) AppleWebKit/537.36 (KHTML, like Gecko) Chrome/90.0.4430.212 Safari/537.36"
93.83.167.130 - - [27/May/2021:16:06:49 +0200] "GET /result?searchterm=true&search=Arkana HTTP/1.1" 200 6377 "http://renault.activities.at/10260250" "Mozilla/5.0 (Windows NT 10.0; Win64; x64) AppleWebKit/537.36 (KHTML, like Gecko) Chrome/90.0.4430.212 Safari/537.36"
93.83.167.130 - - [27/May/2021:16:06:50 +0200] "GET /result?searchterm=true&search=Arkana HTTP/1.1" 200 6377 "http://renault.activities.at/10260250" "Mozilla/5.0 (Windows NT 10.0; Win64; x64) AppleWebKit/537.36 (KHTML, like Gecko) Chrome/90.0.4430.212 Safari/537.36"
93.83.167.130 - - [27/May/2021:16:07:00 +0200] "GET /loadthumbnail.php?id=12358950&width=113 HTTP/1.1" 200 1680 "http://renault.activities.at/result?searchterm=true&search=Arkana" "Mozilla/5.0 (Windows NT 10.0; Win64; x64) AppleWebKit/537.36 (KHTML, like Gecko) Chrome/90.0.4430.212 Safari/537.36"
93.83.167.130 - - [27/May/2021:16:07:00 +0200] "GET /loadthumbnail.php?id=12397562&width=113 HTTP/1.1" 200 4208 "http://renault.activities.at/result?searchterm=true&search=Arkana" "Mozilla/5.0 (Windows NT 10.0; Win64; x64) AppleWebKit/537.36 (KHTML, like Gecko) Chrome/90.0.4430.212 Safari/537.36"
93.83.167.130 - - [27/May/2021:16:07:00 +0200] "GET /loadthumbnail.php?id=12414627&width=113 HTTP/1.1" 200 3273 "http://renault.activities.at/result?searchterm=true&search=Arkana" "Mozilla/5.0 (Windows NT 10.0; Win64; x64) AppleWebKit/537.36 (KHTML, like Gecko) Chrome/90.0.4430.212 Safari/537.36"
93.83.167.130 - - [27/May/2021:16:07:00 +0200] "GET /loadthumbnail.php?id=12358949&width=113 HTTP/1.1" 200 2061 "http://renault.activities.at/result?searchterm=true&search=Arkana" "Mozilla/5.0 (Windows NT 10.0; Win64; x64) AppleWebKit/537.36 (KHTML, like Gecko) Chrome/90.0.4430.212 Safari/537.36"
93.83.167.130 - - [27/May/2021:16:06:50 +0200] "GET /result?searchterm=true&search=Arkana HTTP/1.1" 200 6377 "http://renault.activities.at/10260250" "Mozilla/5.0 (Windows NT 10.0; Win64; x64) AppleWebKit/537.36 (KHTML, like Gecko) Chrome/90.0.4430.212 Safari/537.36"
93.83.167.130 - - [27/May/2021:16:06:50 +0200] "GET /result?searchterm=true&search=Arkana HTTP/1.1" 200 6377 "http://renault.activities.at/10260250" "Mozilla/5.0 (Windows NT 10.0; Win64; x64) AppleWebKit/537.36 (KHTML, like Gecko) Chrome/90.0.4430.212 Safari/537.36"
93.83.167.130 - - [27/May/2021:16:06:50 +0200] "GET /result?searchterm=true&search=Arkana HTTP/1.1" 200 6377 "http://renault.activities.at/10260250" "Mozilla/5.0 (Windows NT 10.0; Win64; x64) AppleWebKit/537.36 (KHTML, like Gecko) Chrome/90.0.4430.212 Safari/537.36"
93.83.167.130 - - [27/May/2021:16:07:06 +0200] "GET /css/themes/alphacube/frame_left.gif HTTP/1.1" 200 64 "http://renault.activities.at/css/themes/alphacube.css" "Mozilla/5.0 (Windows NT 10.0; Win64; x64) AppleWebKit/537.36 (KHTML, like Gecko) Chrome/90.0.4430.212 Safari/537.36"
93.83.167.130 - - [27/May/2021:16:07:06 +0200] "GET /css/themes/alphacube/top_mid.gif HTTP/1.1" 200 833 "http://renault.activities.at/css/themes/alphacube.css" "Mozilla/5.0 (Windows NT 10.0; Win64; x64) AppleWebKit/537.36 (KHTML, like Gecko) Chrome/90.0.4430.212 Safari/537.36"
93.83.167.130 - - [27/May/2021:16:07:06 +0200] "GET /css/themes/alphacube/top_right.gif HTTP/1.1" 200 972 "http://renault.activities.at/css/themes/alphacube.css" "Mozilla/5.0 (Windows NT 10.0; Win64; x64) AppleWebKit/537.36 (KHTML, like Gecko) Chrome/90.0.4430.212 Safari/537.36"
93.83.167.130 - - [27/May/2021:16:07:06 +0200] "GET /css/themes/alphacube/bottom_middle.gif HTTP/1.1" 200 44 "http://renault.activities.at/css/themes/alphacube.css" "Mozilla/5.0 (Windows NT 10.0; Win64; x64) AppleWebKit/537.36 (KHTML, like Gecko) Chrome/90.0.4430.212 Safari/537.36"
93.83.167.130 - - [27/May/2021:16:07:06 +0200] "GET /css/themes/alphacube/frame_right.gif HTTP/1.1" 200 64 "http://renault.activities.at/css/themes/alphacube.css" "Mozilla/5.0 (Windows NT 10.0; Win64; x64) AppleWebKit/537.36 (KHTML, like Gecko) Chrome/90.0.4430.212 Safari/537.36"
93.83.167.130 - - [27/May/2021:16:07:06 +0200] "GET /css/themes/alphacube/bottom_left-c.gif HTTP/1.1" 200 62 "http://renault.activities.at/css/themes/alphacube.css" "Mozilla/5.0 (Windows NT 10.0; Win64; x64) AppleWebKit/537.36 (KHTML, like Gecko) Chrome/90.0.4430.212 Safari/537.36"
93.83.167.130 - - [27/May/2021:16:07:06 +0200] "GET /css/themes/alphacube/bottom_right-c.gif HTTP/1.1" 200 62 "http://renault.activities.at/css/themes/alphacube.css" "Mozilla/5.0 (Windows NT 10.0; Win64; x64) AppleWebKit/537.36 (KHTML, like Gecko) Chrome/90.0.4430.212 Safari/537.36"
93.83.167.130 - - [27/May/2021:16:07:06 +0200] "GET /css/themes/alphacube/top_left.gif HTTP/1.1" 200 973 "http://renault.activities.at/css/themes/alphacube.css" "Mozilla/5.0 (Windows NT 10.0; Win64; x64) AppleWebKit/537.36 (KHTML, like Gecko) Chrome/90.0.4430.212 Safari/537.36"
93.83.167.130 - - [27/May/2021:16:07:06 +0200] "GET /css/themes/alphacube/button-close-focus.gif HTTP/1.1" 200 699 "http://renault.activities.at/css/themes/alphacube.css" "Mozilla/5.0 (Windows NT 10.0; Win64; x64) AppleWebKit/537.36 (KHTML, like Gecko) Chrome/90.0.4430.212 Safari/537.36"
93.83.167.130 - - [27/May/2021:16:06:49 +0200] "GET /result?searchterm=true&search=Arkana HTTP/1.1" 200 6377 "http://renault.activities.at/10260250" "Mozilla/5.0 (Windows NT 10.0; Win64; x64) AppleWebKit/537.36 (KHTML, like Gecko) Chrome/90.0.4430.212 Safari/537.36"
80.120.5.131 - - [27/May/2021:16:07:06 +0200] "GET /reload?ser=1622124426865 HTTP/1.1" 200 28 "http://renault.activities.at/" "Mozilla/5.0 (Windows NT 10.0; Win64; x64) AppleWebKit/537.36 (KHTML, like Gecko) Chrome/91.0.4472.77 Safari/537.36"
93.83.167.130 - - [27/May/2021:16:07:06 +0200] "GET /12400627?print=true HTTP/1.1" 200 2643 "http://renault.activities.at/result?searchterm=true&search=Arkana" "Mozilla/5.0 (Windows NT 10.0; Win64; x64) AppleWebKit/537.36 (KHTML, like Gecko) Chrome/90.0.4430.212 Safari/537.36"
93.83.167.130 - - [27/May/2021:16:07:10 +0200] "GET /js/magiczoom/magiczoom.css HTTP/1.1" 200 1210 "http://renault.activities.at/12400627?print=true" "Mozilla/5.0 (Windows NT 10.0; Win64; x64) AppleWebKit/537.36 (KHTML, like Gecko) Chrome/90.0.4430.212 Safari/537.36"
93.83.167.130 - - [27/May/2021:16:07:10 +0200] "GET /js/magiczoom/magiczoom.js HTTP/1.1" 200 26397 "http://renault.activities.at/12400627?print=true" "Mozilla/5.0 (Windows NT 10.0; Win64; x64) AppleWebKit/537.36 (KHTML, like Gecko) Chrome/90.0.4430.212 Safari/537.36"
93.83.167.130 - - [27/May/2021:16:07:10 +0200] "GET /js/Produkt.js HTTP/1.1" 200 852 "http://renault.activities.at/12400627?print=true" "Mozilla/5.0 (Windows NT 10.0; Win64; x64) AppleWebKit/537.36 (KHTML, like Gecko) Chrome/90.0.4430.212 Safari/537.36"
93.83.167.130 - - [27/May/2021:16:07:10 +0200] "GET /loadthumbnail.php?id=12414627&width=250 HTTP/1.1" 200 11344 "http://renault.activities.at/12400627?print=true" "Mozilla/5.0 (Windows NT 10.0; Win64; x64) AppleWebKit/537.36 (KHTML, like Gecko) Chrome/90.0.4430.212 Safari/537.36"
93.83.167.130 - - [27/May/2021:16:07:10 +0200] "GET /loadthumbnail.php?id=12414627&width=900&height=900 HTTP/1.1" 200 90523 "http://renault.activities.at/12400627?print=true" "Mozilla/5.0 (Windows NT 10.0; Win64; x64) AppleWebKit/537.36 (KHTML, like Gecko) Chrome/90.0.4430.212 Safari/537.36"
93.83.167.130 - - [27/May/2021:16:07:10 +0200] "GET /js/magiczoom/graphics/hint.gif HTTP/1.1" 200 73 "http://renault.activities.at/js/magiczoom/magiczoom.css" "Mozilla/5.0 (Windows NT 10.0; Win64; x64) AppleWebKit/537.36 (KHTML, like Gecko) Chrome/90.0.4430.212 Safari/537.36"
93.83.167.130 - - [27/May/2021:16:07:11 +0200] "GET /12400627?print=true HTTP/1.1" 200 2643 "http://renault.activities.at/result?searchterm=true&search=Arkana" "Mozilla/5.0 (Windows NT 10.0; Win64; x64) AppleWebKit/537.36 (KHTML, like Gecko) Chrome/90.0.4430.212 Safari/537.36"
93.83.167.130 - - [27/May/2021:16:07:14 +0200] "GET /js/magiczoom/graphics/zoomin.cur HTTP/1.1" 200 326 "http://renault.activities.at/js/magiczoom/magiczoom.css" "Mozilla/5.0 (Windows NT 10.0; Win64; x64) AppleWebKit/537.36 (KHTML, like Gecko) Chrome/90.0.4430.212 Safari/537.36"
93.83.167.130 - - [27/May/2021:16:07:26 +0200] "GET /12400627?print=true HTTP/1.1" 200 2643 "http://renault.activities.at/result?searchterm=true&search=Arkana" "Mozilla/5.0 (Windows NT 10.0; Win64; x64) AppleWebKit/537.36 (KHTML, like Gecko) Chrome/90.0.4430.212 Safari/537.36"
93.83.167.130 - - [27/May/2021:16:07:28 +0200] "GET /images/vista-dn-hover.gif HTTP/1.1" 200 127 "http://renault.activities.at/css/styles.css" "Mozilla/5.0 (Windows NT 10.0; Win64; x64) AppleWebKit/537.36 (KHTML, like Gecko) Chrome/90.0.4430.212 Safari/537.36"
93.83.167.130 - - [27/May/2021:16:07:29 +0200] "GET /images/vista-up-hover.gif HTTP/1.1" 200 130 "http://renault.activities.at/css/styles.css" "Mozilla/5.0 (Windows NT 10.0; Win64; x64) AppleWebKit/537.36 (KHTML, like Gecko) Chrome/90.0.4430.212 Safari/537.36"
195.230.45.200 - - [27/May/2021:16:07:36 +0200] "GET /reload?ser=1622124454931 HTTP/1.1" 200 28 "http://renault.activities.at/result?searchterm=true&search=arkana" "Mozilla/5.0 (Windows NT 10.0; Win64; x64) AppleWebKit/537.36 (KHTML, like Gecko) Chrome/90.0.4430.212 Safari/537.36 Edg/90.0.818.66"
93.83.167.130 - - [27/May/2021:16:07:39 +0200] "POST /12400627?print=true HTTP/1.1" 200 2754 "http://renault.activities.at/12400627?print=true" "Mozilla/5.0 (Windows NT 10.0; Win64; x64) AppleWebKit/537.36 (KHTML, like Gecko) Chrome/90.0.4430.212 Safari/537.36"
93.83.167.130 - - [27/May/2021:16:07:41 +0200] "GET /images/success_msg_icon.gif HTTP/1.1" 200 1024 "http://renault.activities.at/css/styles.css" "Mozilla/5.0 (Windows NT 10.0; Win64; x64) AppleWebKit/537.36 (KHTML, like Gecko) Chrome/90.0.4430.212 Safari/537.36"
93.83.167.130 - - [27/May/2021:16:07:54 +0200] "GET /12334026?print=true HTTP/1.1" 200 2406 "http://renault.activities.at/result?searchterm=true&search=Arkana" "Mozilla/5.0 (Windows NT 10.0; Win64; x64) AppleWebKit/537.36 (KHTML, like Gecko) Chrome/90.0.4430.212 Safari/537.36"
93.83.167.130 - - [27/May/2021:16:07:55 +0200] "GET /loadthumbnail.php?id=10203650&width=200 HTTP/1.1" 200 4671 "http://renault.activities.at/12334026?print=true" "Mozilla/5.0 (Windows NT 10.0; Win64; x64) AppleWebKit/537.36 (KHTML, like Gecko) Chrome/90.0.4430.212 Safari/537.36"
93.83.167.130 - - [27/May/2021:16:07:56 +0200] "GET /images/validation_advice_bg.gif HTTP/1.1" 200 134 "http://renault.activities.at/css/styles.css" "Mozilla/5.0 (Windows NT 10.0; Win64; x64) AppleWebKit/537.36 (KHTML, like Gecko) Chrome/90.0.4430.212 Safari/537.36"
93.83.167.130 - - [27/May/2021:16:08:00 +0200] "GET /reload?ser=1622124481138 HTTP/1.1" 200 28 "http://renault.activities.at/result?searchterm=true&search=Arkana" "Mozilla/5.0 (Windows NT 10.0; Win64; x64) AppleWebKit/537.36 (KHTML, like Gecko) Chrome/90.0.4430.212 Safari/537.36"
93.83.167.130 - - [27/May/2021:16:08:03 +0200] "GET /result?searchterm=true&search=Sandero HTTP/1.1" 200 8369 "http://renault.activities.at/result?searchterm=true&search=Arkana" "Mozilla/5.0 (Windows NT 10.0; Win64; x64) AppleWebKit/537.36 (KHTML, like Gecko) Chrome/90.0.4430.212 Safari/537.36"
93.83.167.130 - - [27/May/2021:16:08:06 +0200] "GET /loadthumbnail.php?id=12329380&width=113 HTTP/1.1" 200 6136 "http://renault.activities.at/result?searchterm=true&search=Sandero" "Mozilla/5.0 (Windows NT 10.0; Win64; x64) AppleWebKit/537.36 (KHTML, like Gecko) Chrome/90.0.4430.212 Safari/537.36"
93.83.167.130 - - [27/May/2021:16:08:06 +0200] "GET /loadthumbnail.php?id=12358272&width=113 HTTP/1.1" 200 2569 "http://renault.activities.at/result?searchterm=true&search=Sandero" "Mozilla/5.0 (Windows NT 10.0; Win64; x64) AppleWebKit/537.36 (KHTML, like Gecko) Chrome/90.0.4430.212 Safari/537.36"
93.83.167.130 - - [27/May/2021:16:08:06 +0200] "GET /loadthumbnail.php?id=12333874&width=113 HTTP/1.1" 200 1957 "http://renault.activities.at/result?searchterm=true&search=Sandero" "Mozilla/5.0 (Windows NT 10.0; Win64; x64) AppleWebKit/537.36 (KHTML, like Gecko) Chrome/90.0.4430.212 Safari/537.36"
93.83.167.130 - - [27/May/2021:16:08:06 +0200] "GET /loadthumbnail.php?id=12333878&width=113 HTTP/1.1" 200 1913 "http://renault.activities.at/result?searchterm=true&search=Sandero" "Mozilla/5.0 (Windows NT 10.0; Win64; x64) AppleWebKit/537.36 (KHTML, like Gecko) Chrome/90.0.4430.212 Safari/537.36"
93.83.167.130 - - [27/May/2021:16:08:06 +0200] "GET /loadthumbnail.php?id=12358273&width=113 HTTP/1.1" 200 2569 "http://renault.activities.at/result?searchterm=true&search=Sandero" "Mozilla/5.0 (Windows NT 10.0; Win64; x64) AppleWebKit/537.36 (KHTML, like Gecko) Chrome/90.0.4430.212 Safari/537.36"
93.83.167.130 - - [27/May/2021:16:08:06 +0200] "GET /loadthumbnail.php?id=12358956&width=113 HTTP/1.1" 200 1658 "http://renault.activities.at/result?searchterm=true&search=Sandero" "Mozilla/5.0 (Windows NT 10.0; Win64; x64) AppleWebKit/537.36 (KHTML, like Gecko) Chrome/90.0.4430.212 Safari/537.36"
93.83.167.130 - - [27/May/2021:16:08:06 +0200] "GET /loadthumbnail.php?id=12358955&width=113 HTTP/1.1" 200 2055 "http://renault.activities.at/result?searchterm=true&search=Sandero" "Mozilla/5.0 (Windows NT 10.0; Win64; x64) AppleWebKit/537.36 (KHTML, like Gecko) Chrome/90.0.4430.212 Safari/537.36"
93.83.167.130 - - [27/May/2021:16:08:06 +0200] "GET /loadthumbnail.php?id=12341634&width=113 HTTP/1.1" 200 3389 "http://renault.activities.at/result?searchterm=true&search=Sandero" "Mozilla/5.0 (Windows NT 10.0; Win64; x64) AppleWebKit/537.36 (KHTML, like Gecko) Chrome/90.0.4430.212 Safari/537.36"
93.83.167.130 - - [27/May/2021:16:08:06 +0200] "GET /loadthumbnail.php?id=12414629&width=113 HTTP/1.1" 200 3404 "http://renault.activities.at/result?searchterm=true&search=Sandero" "Mozilla/5.0 (Windows NT 10.0; Win64; x64) AppleWebKit/537.36 (KHTML, like Gecko) Chrome/90.0.4430.212 Safari/537.36"
93.83.167.130 - - [27/May/2021:16:08:06 +0200] "GET /loadthumbnail.php?id=12341633&width=113 HTTP/1.1" 200 3367 "http://renault.activities.at/result?searchterm=true&search=Sandero" "Mozilla/5.0 (Windows NT 10.0; Win64; x64) AppleWebKit/537.36 (KHTML, like Gecko) Chrome/90.0.4430.212 Safari/537.36"
93.83.167.130 - - [27/May/2021:16:08:06 +0200] "GET /loadthumbnail.php?id=12341631&width=113 HTTP/1.1" 200 2854 "http://renault.activities.at/result?searchterm=true&search=Sandero" "Mozilla/5.0 (Windows NT 10.0; Win64; x64) AppleWebKit/537.36 (KHTML, like Gecko) Chrome/90.0.4430.212 Safari/537.36"
93.83.167.130 - - [27/May/2021:16:08:06 +0200] "GET /loadthumbnail.php?id=10260863&width=113 HTTP/1.1" 200 1170 "http://renault.activities.at/result?searchterm=true&search=Sandero" "Mozilla/5.0 (Windows NT 10.0; Win64; x64) AppleWebKit/537.36 (KHTML, like Gecko) Chrome/90.0.4430.212 Safari/537.36"
93.83.167.130 - - [27/May/2021:16:08:06 +0200] "GET /loadthumbnail.php?id=11715005&width=113 HTTP/1.1" 200 30128 "http://renault.activities.at/result?searchterm=true&search=Sandero" "Mozilla/5.0 (Windows NT 10.0; Win64; x64) AppleWebKit/537.36 (KHTML, like Gecko) Chrome/90.0.4430.212 Safari/537.36"
93.83.167.130 - - [27/May/2021:16:08:03 +0200] "POST /axjaxrequest?mode=suggest HTTP/1.1" 200 133 "http://renault.activities.at/result?searchterm=true&search=Arkana" "Mozilla/5.0 (Windows NT 10.0; Win64; x64) AppleWebKit/537.36 (KHTML, like Gecko) Chrome/90.0.4430.212 Safari/537.36"
80.120.5.131 - - [27/May/2021:16:08:07 +0200] "GET /reload?ser=1622124487876 HTTP/1.1" 200 28 "http://renault.activities.at/" "Mozilla/5.0 (Windows NT 10.0; Win64; x64) AppleWebKit/537.36 (KHTML, like Gecko) Chrome/91.0.4472.77 Safari/537.36"
93.83.167.130 - - [27/May/2021:16:08:15 +0200] "GET /12336706?print=true HTTP/1.1" 200 2650 "http://renault.activities.at/result?searchterm=true&search=Sandero" "Mozilla/5.0 (Windows NT 10.0; Win64; x64) AppleWebKit/537.36 (KHTML, like Gecko) Chrome/90.0.4430.212 Safari/537.36"
93.83.167.130 - - [27/May/2021:16:08:16 +0200] "GET /loadthumbnail.php?id=12341633&width=250 HTTP/1.1" 200 12140 "http://renault.activities.at/12336706?print=true" "Mozilla/5.0 (Windows NT 10.0; Win64; x64) AppleWebKit/537.36 (KHTML, like Gecko) Chrome/90.0.4430.212 Safari/537.36"
93.83.167.130 - - [27/May/2021:16:08:16 +0200] "GET /loadthumbnail.php?id=12341633&width=900&height=900 HTTP/1.1" 200 126321 "http://renault.activities.at/12336706?print=true" "Mozilla/5.0 (Windows NT 10.0; Win64; x64) AppleWebKit/537.36 (KHTML, like Gecko) Chrome/90.0.4430.212 Safari/537.36"
195.230.45.200 - - [27/May/2021:16:08:37 +0200] "GET /reload?ser=1622124515940 HTTP/1.1" 200 28 "http://renault.activities.at/result?searchterm=true&search=arkana" "Mozilla/5.0 (Windows NT 10.0; Win64; x64) AppleWebKit/537.36 (KHTML, like Gecko) Chrome/90.0.4430.212 Safari/537.36 Edg/90.0.818.66"
93.83.167.130 - - [27/May/2021:16:08:37 +0200] "GET /12401356?print=true HTTP/1.1" 200 2656 "http://renault.activities.at/result?searchterm=true&search=Sandero" "Mozilla/5.0 (Windows NT 10.0; Win64; x64) AppleWebKit/537.36 (KHTML, like Gecko) Chrome/90.0.4430.212 Safari/537.36"
93.83.167.130 - - [27/May/2021:16:08:40 +0200] "GET /loadthumbnail.php?id=12414629&width=250 HTTP/1.1" 200 12258 "http://renault.activities.at/12401356?print=true" "Mozilla/5.0 (Windows NT 10.0; Win64; x64) AppleWebKit/537.36 (KHTML, like Gecko) Chrome/90.0.4430.212 Safari/537.36"
93.83.167.130 - - [27/May/2021:16:08:40 +0200] "GET /loadthumbnail.php?id=12414629&width=900&height=900 HTTP/1.1" 200 126196 "http://renault.activities.at/12401356?print=true" "Mozilla/5.0 (Windows NT 10.0; Win64; x64) AppleWebKit/537.36 (KHTML, like Gecko) Chrome/90.0.4430.212 Safari/537.36"
93.83.167.130 - - [27/May/2021:16:08:45 +0200] "POST /12401356?print=true HTTP/1.1" 200 2767 "http://renault.activities.at/12401356?print=true" "Mozilla/5.0 (Windows NT 10.0; Win64; x64) AppleWebKit/537.36 (KHTML, like Gecko) Chrome/90.0.4430.212 Safari/537.36"
93.83.167.130 - - [27/May/2021:16:09:06 +0200] "GET /reload?ser=1622124547796 HTTP/1.1" 200 28 "http://renault.activities.at/result?searchterm=true&search=Sandero" "Mozilla/5.0 (Windows NT 10.0; Win64; x64) AppleWebKit/537.36 (KHTML, like Gecko) Chrome/90.0.4430.212 Safari/537.36"
80.120.5.131 - - [27/May/2021:16:09:08 +0200] "GET /reload?ser=1622124548866 HTTP/1.1" 200 28 "http://renault.activities.at/" "Mozilla/5.0 (Windows NT 10.0; Win64; x64) AppleWebKit/537.36 (KHTML, like Gecko) Chrome/91.0.4472.77 Safari/537.36"
195.230.45.200 - - [27/May/2021:16:09:38 +0200] "GET /reload?ser=1622124576944 HTTP/1.1" 200 28 "http://renault.activities.at/result?searchterm=true&search=arkana" "Mozilla/5.0 (Windows NT 10.0; Win64; x64) AppleWebKit/537.36 (KHTML, like Gecko) Chrome/90.0.4430.212 Safari/537.36 Edg/90.0.818.66"
93.83.167.130 - - [27/May/2021:16:10:07 +0200] "GET /reload?ser=1622124608738 HTTP/1.1" 200 28 "http://renault.activities.at/result?searchterm=true&search=Sandero" "Mozilla/5.0 (Windows NT 10.0; Win64; x64) AppleWebKit/537.36 (KHTML, like Gecko) Chrome/90.0.4430.212 Safari/537.36"
80.120.5.131 - - [27/May/2021:16:10:09 +0200] "GET /reload?ser=1622124609866 HTTP/1.1" 200 28 "http://renault.activities.at/" "Mozilla/5.0 (Windows NT 10.0; Win64; x64) AppleWebKit/537.36 (KHTML, like Gecko) Chrome/91.0.4472.77 Safari/537.36"
195.230.45.200 - - [27/May/2021:16:10:39 +0200] "GET /reload?ser=1622124637939 HTTP/1.1" 200 28 "http://renault.activities.at/result?searchterm=true&search=arkana" "Mozilla/5.0 (Windows NT 10.0; Win64; x64) AppleWebKit/537.36 (KHTML, like Gecko) Chrome/90.0.4430.212 Safari/537.36 Edg/90.0.818.66"
93.83.167.130 - - [27/May/2021:16:11:07 +0200] "GET /cart HTTP/1.1" 200 5253 "http://renault.activities.at/result?searchterm=true&search=Sandero" "Mozilla/5.0 (Windows NT 10.0; Win64; x64) AppleWebKit/537.36 (KHTML, like Gecko) Chrome/90.0.4430.212 Safari/537.36"
93.83.167.130 - - [27/May/2021:16:11:10 +0200] "GET /loadthumbnail.php?id=10232009&width=16&height=16 HTTP/1.1" 200 700 "http://renault.activities.at/cart" "Mozilla/5.0 (Windows NT 10.0; Win64; x64) AppleWebKit/537.36 (KHTML, like Gecko) Chrome/90.0.4430.212 Safari/537.36"
93.83.167.130 - - [27/May/2021:16:11:10 +0200] "GET /loadthumbnail.php?id=12414627&width=100 HTTP/1.1" 200 2700 "http://renault.activities.at/cart" "Mozilla/5.0 (Windows NT 10.0; Win64; x64) AppleWebKit/537.36 (KHTML, like Gecko) Chrome/90.0.4430.212 Safari/537.36"
93.83.167.130 - - [27/May/2021:16:11:10 +0200] "GET /loadthumbnail.php?id=12414629&width=100 HTTP/1.1" 200 2822 "http://renault.activities.at/cart" "Mozilla/5.0 (Windows NT 10.0; Win64; x64) AppleWebKit/537.36 (KHTML, like Gecko) Chrome/90.0.4430.212 Safari/537.36"
93.83.167.130 - - [27/May/2021:16:11:08 +0200] "GET /reload?ser=1622124669673 HTTP/1.1" 200 28 "http://renault.activities.at/result?searchterm=true&search=Sandero" "Mozilla/5.0 (Windows NT 10.0; Win64; x64) AppleWebKit/537.36 (KHTML, like Gecko) Chrome/90.0.4430.212 Safari/537.36"
80.120.5.131 - - [27/May/2021:16:11:10 +0200] "GET /reload?ser=1622124670866 HTTP/1.1" 200 28 "http://renault.activities.at/" "Mozilla/5.0 (Windows NT 10.0; Win64; x64) AppleWebKit/537.36 (KHTML, like Gecko) Chrome/91.0.4472.77 Safari/537.36"
93.83.167.130 - - [27/May/2021:16:11:27 +0200] "GET /result?searchterm=true&search=Sandero HTTP/1.1" 200 8368 "http://renault.activities.at/cart" "Mozilla/5.0 (Windows NT 10.0; Win64; x64) AppleWebKit/537.36 (KHTML, like Gecko) Chrome/90.0.4430.212 Safari/537.36"
195.230.45.200 - - [27/May/2021:16:11:40 +0200] "GET /reload?ser=1622124698913 HTTP/1.1" 200 28 "http://renault.activities.at/result?searchterm=true&search=arkana" "Mozilla/5.0 (Windows NT 10.0; Win64; x64) AppleWebKit/537.36 (KHTML, like Gecko) Chrome/90.0.4430.212 Safari/537.36 Edg/90.0.818.66"
93.83.167.130 - - [27/May/2021:16:11:50 +0200] "GET /10260009 HTTP/1.1" 200 7409 "http://renault.activities.at/result?searchterm=true&search=Sandero" "Mozilla/5.0 (Windows NT 10.0; Win64; x64) AppleWebKit/537.36 (KHTML, like Gecko) Chrome/90.0.4430.212 Safari/537.36"
93.83.167.130 - - [27/May/2021:16:11:53 +0200] "GET /loadthumbnail.php?id=12230318&width=113 HTTP/1.1" 200 2255 "http://renault.activities.at/10260009" "Mozilla/5.0 (Windows NT 10.0; Win64; x64) AppleWebKit/537.36 (KHTML, like Gecko) Chrome/90.0.4430.212 Safari/537.36"
93.83.167.130 - - [27/May/2021:16:11:53 +0200] "GET /loadthumbnail.php?id=12130660&width=113 HTTP/1.1" 200 9098 "http://renault.activities.at/10260009" "Mozilla/5.0 (Windows NT 10.0; Win64; x64) AppleWebKit/537.36 (KHTML, like Gecko) Chrome/90.0.4430.212 Safari/537.36"
93.83.167.130 - - [27/May/2021:16:11:53 +0200] "GET /loadthumbnail.php?id=12197903&width=113 HTTP/1.1" 200 30608 "http://renault.activities.at/10260009" "Mozilla/5.0 (Windows NT 10.0; Win64; x64) AppleWebKit/537.36 (KHTML, like Gecko) Chrome/90.0.4430.212 Safari/537.36"
93.83.167.130 - - [27/May/2021:16:11:53 +0200] "GET /loadthumbnail.php?id=11146700&width=113 HTTP/1.1" 200 1415 "http://renault.activities.at/10260009" "Mozilla/5.0 (Windows NT 10.0; Win64; x64) AppleWebKit/537.36 (KHTML, like Gecko) Chrome/90.0.4430.212 Safari/537.36"
93.83.167.130 - - [27/May/2021:16:11:53 +0200] "GET /loadthumbnail.php?id=11877752&width=113 HTTP/1.1" 200 41752 "http://renault.activities.at/10260009" "Mozilla/5.0 (Windows NT 10.0; Win64; x64) AppleWebKit/537.36 (KHTML, like Gecko) Chrome/90.0.4430.212 Safari/537.36"
93.83.167.130 - - [27/May/2021:16:11:53 +0200] "GET /loadthumbnail.php?id=12255478&width=113 HTTP/1.1" 200 19353 "http://renault.activities.at/10260009" "Mozilla/5.0 (Windows NT 10.0; Win64; x64) AppleWebKit/537.36 (KHTML, like Gecko) Chrome/90.0.4430.212 Safari/537.36"
93.83.167.130 - - [27/May/2021:16:11:54 +0200] "GET /loadthumbnail.php?id=12140010&width=113 HTTP/1.1" 200 28414 "http://renault.activities.at/10260009" "Mozilla/5.0 (Windows NT 10.0; Win64; x64) AppleWebKit/537.36 (KHTML, like Gecko) Chrome/90.0.4430.212 Safari/537.36"
93.83.167.130 - - [27/May/2021:16:11:54 +0200] "GET /loadthumbnail.php?id=12139710&width=113 HTTP/1.1" 200 34483 "http://renault.activities.at/10260009" "Mozilla/5.0 (Windows NT 10.0; Win64; x64) AppleWebKit/537.36 (KHTML, like Gecko) Chrome/90.0.4430.212 Safari/537.36"
93.83.167.130 - - [27/May/2021:16:11:54 +0200] "GET /loadthumbnail.php?id=10633817&width=113 HTTP/1.1" 200 2614 "http://renault.activities.at/10260009" "Mozilla/5.0 (Windows NT 10.0; Win64; x64) AppleWebKit/537.36 (KHTML, like Gecko) Chrome/90.0.4430.212 Safari/537.36"
93.83.167.130 - - [27/May/2021:16:12:05 +0200] "GET /10260250 HTTP/1.1" 200 9066 "http://renault.activities.at/10260009" "Mozilla/5.0 (Windows NT 10.0; Win64; x64) AppleWebKit/537.36 (KHTML, like Gecko) Chrome/90.0.4430.212 Safari/537.36"
80.120.5.131 - - [27/May/2021:16:12:11 +0200] "GET /reload?ser=1622124731881 HTTP/1.1" 200 28 "http://renault.activities.at/" "Mozilla/5.0 (Windows NT 10.0; Win64; x64) AppleWebKit/537.36 (KHTML, like Gecko) Chrome/91.0.4472.77 Safari/537.36"
93.83.167.130 - - [27/May/2021:16:12:16 +0200] "GET /10260250?dir=DESC&mode=grid&order=name&limit=15&page=2 HTTP/1.1" 200 8912 "http://renault.activities.at/10260250" "Mozilla/5.0 (Windows NT 10.0; Win64; x64) AppleWebKit/537.36 (KHTML, like Gecko) Chrome/90.0.4430.212 Safari/537.36"
93.83.167.130 - - [27/May/2021:16:12:20 +0200] "GET /loadthumbnail.php?id=10203275 HTTP/1.1" 200 85 "http://renault.activities.at/10260250?dir=DESC&mode=grid&order=name&limit=15&page=2" "Mozilla/5.0 (Windows NT 10.0; Win64; x64) AppleWebKit/537.36 (KHTML, like Gecko) Chrome/90.0.4430.212 Safari/537.36"
93.83.167.130 - - [27/May/2021:16:12:20 +0200] "GET /loadthumbnail.php?id=12230337&width=113 HTTP/1.1" 200 2209 "http://renault.activities.at/10260250?dir=DESC&mode=grid&order=name&limit=15&page=2" "Mozilla/5.0 (Windows NT 10.0; Win64; x64) AppleWebKit/537.36 (KHTML, like Gecko) Chrome/90.0.4430.212 Safari/537.36"
93.83.167.130 - - [27/May/2021:16:12:20 +0200] "GET /loadthumbnail.php?id=12329376&width=113 HTTP/1.1" 200 4961 "http://renault.activities.at/10260250?dir=DESC&mode=grid&order=name&limit=15&page=2" "Mozilla/5.0 (Windows NT 10.0; Win64; x64) AppleWebKit/537.36 (KHTML, like Gecko) Chrome/90.0.4430.212 Safari/537.36"
93.83.167.130 - - [27/May/2021:16:12:20 +0200] "GET /loadthumbnail.php?id=12094749&width=113 HTTP/1.1" 200 15117 "http://renault.activities.at/10260250?dir=DESC&mode=grid&order=name&limit=15&page=2" "Mozilla/5.0 (Windows NT 10.0; Win64; x64) AppleWebKit/537.36 (KHTML, like Gecko) Chrome/90.0.4430.212 Safari/537.36"
93.83.167.130 - - [27/May/2021:16:12:20 +0200] "GET /loadthumbnail.php?id=12153814&width=113 HTTP/1.1" 200 3262 "http://renault.activities.at/10260250?dir=DESC&mode=grid&order=name&limit=15&page=2" "Mozilla/5.0 (Windows NT 10.0; Win64; x64) AppleWebKit/537.36 (KHTML, like Gecko) Chrome/90.0.4430.212 Safari/537.36"
93.83.167.130 - - [27/May/2021:16:12:20 +0200] "GET /loadthumbnail.php?id=12010091&width=113 HTTP/1.1" 200 18044 "http://renault.activities.at/10260250?dir=DESC&mode=grid&order=name&limit=15&page=2" "Mozilla/5.0 (Windows NT 10.0; Win64; x64) AppleWebKit/537.36 (KHTML, like Gecko) Chrome/90.0.4430.212 Safari/537.36"
93.83.167.130 - - [27/May/2021:16:12:20 +0200] "GET /loadthumbnail.php?id=11108158&width=113 HTTP/1.1" 200 1545 "http://renault.activities.at/10260250?dir=DESC&mode=grid&order=name&limit=15&page=2" "Mozilla/5.0 (Windows NT 10.0; Win64; x64) AppleWebKit/537.36 (KHTML, like Gecko) Chrome/90.0.4430.212 Safari/537.36"
93.83.167.130 - - [27/May/2021:16:12:20 +0200] "GET /loadthumbnail.php?id=11721290&width=113 HTTP/1.1" 200 1179 "http://renault.activities.at/10260250?dir=DESC&mode=grid&order=name&limit=15&page=2" "Mozilla/5.0 (Windows NT 10.0; Win64; x64) AppleWebKit/537.36 (KHTML, like Gecko) Chrome/90.0.4430.212 Safari/537.36"
93.83.167.130 - - [27/May/2021:16:12:20 +0200] "GET /loadthumbnail.php?id=12247019&width=113 HTTP/1.1" 200 3543 "http://renault.activities.at/10260250?dir=DESC&mode=grid&order=name&limit=15&page=2" "Mozilla/5.0 (Windows NT 10.0; Win64; x64) AppleWebKit/537.36 (KHTML, like Gecko) Chrome/90.0.4430.212 Safari/537.36"
93.83.167.130 - - [27/May/2021:16:12:20 +0200] "GET /loadthumbnail.php?id=12247032&width=113 HTTP/1.1" 200 5603 "http://renault.activities.at/10260250?dir=DESC&mode=grid&order=name&limit=15&page=2" "Mozilla/5.0 (Windows NT 10.0; Win64; x64) AppleWebKit/537.36 (KHTML, like Gecko) Chrome/90.0.4430.212 Safari/537.36"
93.83.167.130 - - [27/May/2021:16:12:20 +0200] "GET /loadthumbnail.php?id=11308855&width=113 HTTP/1.1" 200 4521 "http://renault.activities.at/10260250?dir=DESC&mode=grid&order=name&limit=15&page=2" "Mozilla/5.0 (Windows NT 10.0; Win64; x64) AppleWebKit/537.36 (KHTML, like Gecko) Chrome/90.0.4430.212 Safari/537.36"
93.83.167.130 - - [27/May/2021:16:12:20 +0200] "GET /loadthumbnail.php?id=12094811&width=113 HTTP/1.1" 200 27912 "http://renault.activities.at/10260250?dir=DESC&mode=grid&order=name&limit=15&page=2" "Mozilla/5.0 (Windows NT 10.0; Win64; x64) AppleWebKit/537.36 (KHTML, like Gecko) Chrome/90.0.4430.212 Safari/537.36"
93.83.167.130 - - [27/May/2021:16:12:30 +0200] "GET /10260250?dir=DESC&mode=grid&order=name&limit=15&page=3 HTTP/1.1" 200 7356 "http://renault.activities.at/10260250?dir=DESC&mode=grid&order=name&limit=15&page=2" "Mozilla/5.0 (Windows NT 10.0; Win64; x64) AppleWebKit/537.36 (KHTML, like Gecko) Chrome/90.0.4430.212 Safari/537.36"
93.83.167.130 - - [27/May/2021:16:12:31 +0200] "GET /10260250?dir=DESC&mode=grid&order=name&limit=15&page=3 HTTP/1.1" 200 7356 "http://renault.activities.at/10260250?dir=DESC&mode=grid&order=name&limit=15&page=2" "Mozilla/5.0 (Windows NT 10.0; Win64; x64) AppleWebKit/537.36 (KHTML, like Gecko) Chrome/90.0.4430.212 Safari/537.36"
93.83.167.130 - - [27/May/2021:16:12:33 +0200] "GET /loadthumbnail.php?id=12025504&width=113 HTTP/1.1" 200 19297 "http://renault.activities.at/10260250?dir=DESC&mode=grid&order=name&limit=15&page=3" "Mozilla/5.0 (Windows NT 10.0; Win64; x64) AppleWebKit/537.36 (KHTML, like Gecko) Chrome/90.0.4430.212 Safari/537.36"
93.83.167.130 - - [27/May/2021:16:12:33 +0200] "GET /loadthumbnail.php?id=11500398&width=113 HTTP/1.1" 200 21704 "http://renault.activities.at/10260250?dir=DESC&mode=grid&order=name&limit=15&page=3" "Mozilla/5.0 (Windows NT 10.0; Win64; x64) AppleWebKit/537.36 (KHTML, like Gecko) Chrome/90.0.4430.212 Safari/537.36"
93.83.167.130 - - [27/May/2021:16:12:33 +0200] "GET /loadthumbnail.php?id=12088443&width=113 HTTP/1.1" 200 7201 "http://renault.activities.at/10260250?dir=DESC&mode=grid&order=name&limit=15&page=3" "Mozilla/5.0 (Windows NT 10.0; Win64; x64) AppleWebKit/537.36 (KHTML, like Gecko) Chrome/90.0.4430.212 Safari/537.36"
93.83.167.130 - - [27/May/2021:16:12:33 +0200] "GET /loadthumbnail.php?id=11500416&width=113 HTTP/1.1" 200 21073 "http://renault.activities.at/10260250?dir=DESC&mode=grid&order=name&limit=15&page=3" "Mozilla/5.0 (Windows NT 10.0; Win64; x64) AppleWebKit/537.36 (KHTML, like Gecko) Chrome/90.0.4430.212 Safari/537.36"
93.83.167.130 - - [27/May/2021:16:12:33 +0200] "GET /loadthumbnail.php?id=12010095&width=113 HTTP/1.1" 200 20832 "http://renault.activities.at/10260250?dir=DESC&mode=grid&order=name&limit=15&page=3" "Mozilla/5.0 (Windows NT 10.0; Win64; x64) AppleWebKit/537.36 (KHTML, like Gecko) Chrome/90.0.4430.212 Safari/537.36"
93.83.167.130 - - [27/May/2021:16:12:33 +0200] "GET /loadthumbnail.php?id=11342066&width=113 HTTP/1.1" 200 28015 "http://renault.activities.at/10260250?dir=DESC&mode=grid&order=name&limit=15&page=3" "Mozilla/5.0 (Windows NT 10.0; Win64; x64) AppleWebKit/537.36 (KHTML, like Gecko) Chrome/90.0.4430.212 Safari/537.36"
93.83.167.130 - - [27/May/2021:16:12:34 +0200] "GET /loadthumbnail.php?id=11089820&width=113 HTTP/1.1" 200 2212 "http://renault.activities.at/10260250?dir=DESC&mode=grid&order=name&limit=15&page=3" "Mozilla/5.0 (Windows NT 10.0; Win64; x64) AppleWebKit/537.36 (KHTML, like Gecko) Chrome/90.0.4430.212 Safari/537.36"
195.230.45.200 - - [27/May/2021:16:12:41 +0200] "GET /reload?ser=1622124759955 HTTP/1.1" 200 28 "http://renault.activities.at/result?searchterm=true&search=arkana" "Mozilla/5.0 (Windows NT 10.0; Win64; x64) AppleWebKit/537.36 (KHTML, like Gecko) Chrome/90.0.4430.212 Safari/537.36 Edg/90.0.818.66"
93.83.167.130 - - [27/May/2021:16:12:43 +0200] "GET /10260250?dir=DESC&mode=grid&order=name&limit=15&page=1 HTTP/1.1" 200 9069 "http://renault.activities.at/10260250?dir=DESC&mode=grid&order=name&limit=15&page=3" "Mozilla/5.0 (Windows NT 10.0; Win64; x64) AppleWebKit/537.36 (KHTML, like Gecko) Chrome/90.0.4430.212 Safari/537.36"
93.83.167.130 - - [27/May/2021:16:12:54 +0200] "GET /12153808?print=true HTTP/1.1" 200 2653 "http://renault.activities.at/10260250?dir=DESC&mode=grid&order=name&limit=15&page=1" "Mozilla/5.0 (Windows NT 10.0; Win64; x64) AppleWebKit/537.36 (KHTML, like Gecko) Chrome/90.0.4430.212 Safari/537.36"
93.83.167.130 - - [27/May/2021:16:12:57 +0200] "GET /loadthumbnail.php?id=12153811&width=250 HTTP/1.1" 200 8446 "http://renault.activities.at/12153808?print=true" "Mozilla/5.0 (Windows NT 10.0; Win64; x64) AppleWebKit/537.36 (KHTML, like Gecko) Chrome/90.0.4430.212 Safari/537.36"
93.83.167.130 - - [27/May/2021:16:12:57 +0200] "GET /loadthumbnail.php?id=12153811&width=900&height=900 HTTP/1.1" 200 69153 "http://renault.activities.at/12153808?print=true" "Mozilla/5.0 (Windows NT 10.0; Win64; x64) AppleWebKit/537.36 (KHTML, like Gecko) Chrome/90.0.4430.212 Safari/537.36"
80.120.5.131 - - [27/May/2021:16:13:12 +0200] "GET /reload?ser=1622124792865 HTTP/1.1" 200 28 "http://renault.activities.at/" "Mozilla/5.0 (Windows NT 10.0; Win64; x64) AppleWebKit/537.36 (KHTML, like Gecko) Chrome/91.0.4472.77 Safari/537.36"
93.83.167.130 - - [27/May/2021:16:13:35 +0200] "GET /10260250?dir=DESC&mode=grid&order=name&limit=15&page=2 HTTP/1.1" 200 8912 "http://renault.activities.at/10260250?dir=DESC&mode=grid&order=name&limit=15&page=1" "Mozilla/5.0 (Windows NT 10.0; Win64; x64) AppleWebKit/537.36 (KHTML, like Gecko) Chrome/90.0.4430.212 Safari/537.36"
195.230.45.200 - - [27/May/2021:16:13:42 +0200] "GET /reload?ser=1622124820940 HTTP/1.1" 200 28 "http://renault.activities.at/result?searchterm=true&search=arkana" "Mozilla/5.0 (Windows NT 10.0; Win64; x64) AppleWebKit/537.36 (KHTML, like Gecko) Chrome/90.0.4430.212 Safari/537.36 Edg/90.0.818.66"
93.83.167.130 - - [27/May/2021:16:14:07 +0200] "GET /10260250?dir=DESC&mode=grid&order=name&limit=15&page=1 HTTP/1.1" 200 9069 "http://renault.activities.at/10260250?dir=DESC&mode=grid&order=name&limit=15&page=2" "Mozilla/5.0 (Windows NT 10.0; Win64; x64) AppleWebKit/537.36 (KHTML, like Gecko) Chrome/90.0.4430.212 Safari/537.36"
80.120.5.131 - - [27/May/2021:16:14:13 +0200] "GET /reload?ser=1622124853873 HTTP/1.1" 200 28 "http://renault.activities.at/" "Mozilla/5.0 (Windows NT 10.0; Win64; x64) AppleWebKit/537.36 (KHTML, like Gecko) Chrome/91.0.4472.77 Safari/537.36"
93.83.167.130 - - [27/May/2021:16:14:19 +0200] "GET /cart HTTP/1.1" 200 5274 "http://renault.activities.at/10260250?dir=DESC&mode=grid&order=name&limit=15&page=1" "Mozilla/5.0 (Windows NT 10.0; Win64; x64) AppleWebKit/537.36 (KHTML, like Gecko) Chrome/90.0.4430.212 Safari/537.36"
93.83.167.130 - - [27/May/2021:16:14:24 +0200] "GET /checkout HTTP/1.1" 200 10260 "http://renault.activities.at/cart" "Mozilla/5.0 (Windows NT 10.0; Win64; x64) AppleWebKit/537.36 (KHTML, like Gecko) Chrome/90.0.4430.212 Safari/537.36"
93.83.167.130 - - [27/May/2021:16:14:28 +0200] "GET /js/checkout2.js HTTP/1.1" 200 4122 "http://renault.activities.at/checkout" "Mozilla/5.0 (Windows NT 10.0; Win64; x64) AppleWebKit/537.36 (KHTML, like Gecko) Chrome/90.0.4430.212 Safari/537.36"
93.83.167.130 - - [27/May/2021:16:14:28 +0200] "GET /images/ajax_loading.gif HTTP/1.1" 200 1542 "http://renault.activities.at/checkout" "Mozilla/5.0 (Windows NT 10.0; Win64; x64) AppleWebKit/537.36 (KHTML, like Gecko) Chrome/90.0.4430.212 Safari/537.36"
93.83.167.130 - - [27/May/2021:16:14:29 +0200] "GET /images/step_bg.jpg HTTP/1.1" 200 319 "http://renault.activities.at/css/styles.css" "Mozilla/5.0 (Windows NT 10.0; Win64; x64) AppleWebKit/537.36 (KHTML, like Gecko) Chrome/90.0.4430.212 Safari/537.36"
93.83.167.130 - - [27/May/2021:16:14:29 +0200] "GET /images/checkout_border_top.gif HTTP/1.1" 200 156 "http://renault.activities.at/css/styles.css" "Mozilla/5.0 (Windows NT 10.0; Win64; x64) AppleWebKit/537.36 (KHTML, like Gecko) Chrome/90.0.4430.212 Safari/537.36"
93.83.167.130 - - [27/May/2021:16:14:28 +0200] "GET /loadthumbnail.php?id=10201939 HTTP/1.1" 200 201 "http://renault.activities.at/checkout" "Mozilla/5.0 (Windows NT 10.0; Win64; x64) AppleWebKit/537.36 (KHTML, like Gecko) Chrome/90.0.4430.212 Safari/537.36"
93.83.167.130 - - [27/May/2021:16:14:28 +0200] "GET /loadthumbnail.php?id=10202698 HTTP/1.1" 200 16686 "http://renault.activities.at/checkout" "Mozilla/5.0 (Windows NT 10.0; Win64; x64) AppleWebKit/537.36 (KHTML, like Gecko) Chrome/90.0.4430.212 Safari/537.36"
93.83.167.130 - - [27/May/2021:16:14:29 +0200] "GET /images/checkout_border.gif HTTP/1.1" 200 43 "http://renault.activities.at/css/styles.css" "Mozilla/5.0 (Windows NT 10.0; Win64; x64) AppleWebKit/537.36 (KHTML, like Gecko) Chrome/90.0.4430.212 Safari/537.36"
93.83.167.130 - - [27/May/2021:16:14:29 +0200] "GET /images/step_marker.gif HTTP/1.1" 200 650 "http://renault.activities.at/css/styles.css" "Mozilla/5.0 (Windows NT 10.0; Win64; x64) AppleWebKit/537.36 (KHTML, like Gecko) Chrome/90.0.4430.212 Safari/537.36"
93.83.167.130 - - [27/May/2021:16:14:38 +0200] "POST /docheckout HTTP/1.1" 200 451 "http://renault.activities.at/checkout" "Mozilla/5.0 (Windows NT 10.0; Win64; x64) AppleWebKit/537.36 (KHTML, like Gecko) Chrome/90.0.4430.212 Safari/537.36"
93.83.167.130 - - [27/May/2021:16:14:41 +0200] "POST /docheckout HTTP/1.1" 200 673 "http://renault.activities.at/checkout" "Mozilla/5.0 (Windows NT 10.0; Win64; x64) AppleWebKit/537.36 (KHTML, like Gecko) Chrome/90.0.4430.212 Safari/537.36"
93.83.167.130 - - [27/May/2021:16:14:43 +0200] "GET /images/error_msg_icon.gif HTTP/1.1" 200 1013 "http://renault.activities.at/checkout" "Mozilla/5.0 (Windows NT 10.0; Win64; x64) AppleWebKit/537.36 (KHTML, like Gecko) Chrome/90.0.4430.212 Safari/537.36"
195.230.45.200 - - [27/May/2021:16:14:43 +0200] "GET /reload?ser=1622124881938 HTTP/1.1" 200 28 "http://renault.activities.at/result?searchterm=true&search=arkana" "Mozilla/5.0 (Windows NT 10.0; Win64; x64) AppleWebKit/537.36 (KHTML, like Gecko) Chrome/90.0.4430.212 Safari/537.36 Edg/90.0.818.66"
93.83.167.130 - - [27/May/2021:16:14:46 +0200] "POST /docheckout HTTP/1.1" 200 68 "http://renault.activities.at/checkout" "Mozilla/5.0 (Windows NT 10.0; Win64; x64) AppleWebKit/537.36 (KHTML, like Gecko) Chrome/90.0.4430.212 Safari/537.36"
93.83.167.130 - - [27/May/2021:16:14:48 +0200] "GET /success HTTP/1.1" 200 3784 "http://renault.activities.at/checkout" "Mozilla/5.0 (Windows NT 10.0; Win64; x64) AppleWebKit/537.36 (KHTML, like Gecko) Chrome/90.0.4430.212 Safari/537.36"
93.83.167.130 - - [27/May/2021:16:15:04 +0200] "GET /12419779 HTTP/1.1" 200 5694 "http://renault.activities.at/success" "Mozilla/5.0 (Windows NT 10.0; Win64; x64) AppleWebKit/537.36 (KHTML, like Gecko) Chrome/90.0.4430.212 Safari/537.36"
93.83.167.130 - - [27/May/2021:16:15:06 +0200] "GET /loadthumbnail.php?id=12414627&width=50&height=50 HTTP/1.1" 200 1221 "http://renault.activities.at/12419779" "Mozilla/5.0 (Windows NT 10.0; Win64; x64) AppleWebKit/537.36 (KHTML, like Gecko) Chrome/90.0.4430.212 Safari/537.36"
93.83.167.130 - - [27/May/2021:16:15:06 +0200] "GET /loadthumbnail.php?id=12414629&width=50&height=50 HTTP/1.1" 200 1238 "http://renault.activities.at/12419779" "Mozilla/5.0 (Windows NT 10.0; Win64; x64) AppleWebKit/537.36 (KHTML, like Gecko) Chrome/90.0.4430.212 Safari/537.36"
93.83.167.130 - - [27/May/2021:16:15:06 +0200] "GET /12419779?print=true HTTP/1.1" 200 2112 "http://renault.activities.at/success" "Mozilla/5.0 (Windows NT 10.0; Win64; x64) AppleWebKit/537.36 (KHTML, like Gecko) Chrome/90.0.4430.212 Safari/537.36"
80.120.5.131 - - [27/May/2021:16:15:14 +0200] "GET /reload?ser=1622124914871 HTTP/1.1" 200 28 "http://renault.activities.at/" "Mozilla/5.0 (Windows NT 10.0; Win64; x64) AppleWebKit/537.36 (KHTML, like Gecko) Chrome/91.0.4472.77 Safari/537.36"
195.230.45.200 - - [27/May/2021:16:15:44 +0200] "GET /reload?ser=1622124942935 HTTP/1.1" 200 28 "http://renault.activities.at/result?searchterm=true&search=arkana" "Mozilla/5.0 (Windows NT 10.0; Win64; x64) AppleWebKit/537.36 (KHTML, like Gecko) Chrome/90.0.4430.212 Safari/537.36 Edg/90.0.818.66"
93.83.167.130 - - [27/May/2021:16:16:07 +0200] "GET /reload?ser=1622124967858 HTTP/1.1" 200 28 "http://renault.activities.at/12419779" "Mozilla/5.0 (Windows NT 10.0; Win64; x64) AppleWebKit/537.36 (KHTML, like Gecko) Chrome/90.0.4430.212 Safari/537.36"
80.120.5.131 - - [27/May/2021:16:16:15 +0200] "GET /reload?ser=1622124975874 HTTP/1.1" 200 28 "http://renault.activities.at/" "Mozilla/5.0 (Windows NT 10.0; Win64; x64) AppleWebKit/537.36 (KHTML, like Gecko) Chrome/91.0.4472.77 Safari/537.36"
195.230.45.200 - - [27/May/2021:16:16:45 +0200] "GET /reload?ser=1622125003938 HTTP/1.1" 200 28 "http://renault.activities.at/result?searchterm=true&search=arkana" "Mozilla/5.0 (Windows NT 10.0; Win64; x64) AppleWebKit/537.36 (KHTML, like Gecko) Chrome/90.0.4430.212 Safari/537.36 Edg/90.0.818.66"
80.120.5.131 - - [27/May/2021:16:17:16 +0200] "GET /reload?ser=1622125036867 HTTP/1.1" 200 28 "http://renault.activities.at/" "Mozilla/5.0 (Windows NT 10.0; Win64; x64) AppleWebKit/537.36 (KHTML, like Gecko) Chrome/91.0.4472.77 Safari/537.36"
195.230.45.200 - - [27/May/2021:16:17:46 +0200] "GET /reload?ser=1622125064938 HTTP/1.1" 200 28 "http://renault.activities.at/result?searchterm=true&search=arkana" "Mozilla/5.0 (Windows NT 10.0; Win64; x64) AppleWebKit/537.36 (KHTML, like Gecko) Chrome/90.0.4430.212 Safari/537.36 Edg/90.0.818.66"
80.120.5.131 - - [27/May/2021:16:18:17 +0200] "GET /reload?ser=1622125097868 HTTP/1.1" 200 28 "http://renault.activities.at/" "Mozilla/5.0 (Windows NT 10.0; Win64; x64) AppleWebKit/537.36 (KHTML, like Gecko) Chrome/91.0.4472.77 Safari/537.36"
195.230.45.200 - - [27/May/2021:16:18:47 +0200] "GET /reload?ser=1622125125936 HTTP/1.1" 200 28 "http://renault.activities.at/result?searchterm=true&search=arkana" "Mozilla/5.0 (Windows NT 10.0; Win64; x64) AppleWebKit/537.36 (KHTML, like Gecko) Chrome/90.0.4430.212 Safari/537.36 Edg/90.0.818.66"
80.120.5.131 - - [27/May/2021:16:19:18 +0200] "GET /reload?ser=1622125158864 HTTP/1.1" 200 28 "http://renault.activities.at/" "Mozilla/5.0 (Windows NT 10.0; Win64; x64) AppleWebKit/537.36 (KHTML, like Gecko) Chrome/91.0.4472.77 Safari/537.36"
195.230.45.200 - - [27/May/2021:16:19:48 +0200] "GET /reload?ser=1622125186932 HTTP/1.1" 200 28 "http://renault.activities.at/result?searchterm=true&search=arkana" "Mozilla/5.0 (Windows NT 10.0; Win64; x64) AppleWebKit/537.36 (KHTML, like Gecko) Chrome/90.0.4430.212 Safari/537.36 Edg/90.0.818.66"
80.120.5.131 - - [27/May/2021:16:20:19 +0200] "GET /reload?ser=1622125219864 HTTP/1.1" 200 28 "http://renault.activities.at/" "Mozilla/5.0 (Windows NT 10.0; Win64; x64) AppleWebKit/537.36 (KHTML, like Gecko) Chrome/91.0.4472.77 Safari/537.36"
195.230.45.200 - - [27/May/2021:16:20:49 +0200] "GET /reload?ser=1622125247933 HTTP/1.1" 200 28 "http://renault.activities.at/result?searchterm=true&search=arkana" "Mozilla/5.0 (Windows NT 10.0; Win64; x64) AppleWebKit/537.36 (KHTML, like Gecko) Chrome/90.0.4430.212 Safari/537.36 Edg/90.0.818.66"
80.120.5.131 - - [27/May/2021:16:21:20 +0200] "GET /reload?ser=1622125280864 HTTP/1.1" 200 28 "http://renault.activities.at/" "Mozilla/5.0 (Windows NT 10.0; Win64; x64) AppleWebKit/537.36 (KHTML, like Gecko) Chrome/91.0.4472.77 Safari/537.36"
195.230.45.200 - - [27/May/2021:16:21:50 +0200] "GET /reload?ser=1622125308935 HTTP/1.1" 200 28 "http://renault.activities.at/result?searchterm=true&search=arkana" "Mozilla/5.0 (Windows NT 10.0; Win64; x64) AppleWebKit/537.36 (KHTML, like Gecko) Chrome/90.0.4430.212 Safari/537.36 Edg/90.0.818.66"
80.120.5.131 - - [27/May/2021:16:22:21 +0200] "GET /reload?ser=1622125341865 HTTP/1.1" 200 28 "http://renault.activities.at/" "Mozilla/5.0 (Windows NT 10.0; Win64; x64) AppleWebKit/537.36 (KHTML, like Gecko) Chrome/91.0.4472.77 Safari/537.36"
195.230.45.200 - - [27/May/2021:16:22:51 +0200] "GET /reload?ser=1622125369931 HTTP/1.1" 200 28 "http://renault.activities.at/result?searchterm=true&search=arkana" "Mozilla/5.0 (Windows NT 10.0; Win64; x64) AppleWebKit/537.36 (KHTML, like Gecko) Chrome/90.0.4430.212 Safari/537.36 Edg/90.0.818.66"
80.120.5.131 - - [27/May/2021:16:23:22 +0200] "GET /reload?ser=1622125402864 HTTP/1.1" 200 28 "http://renault.activities.at/" "Mozilla/5.0 (Windows NT 10.0; Win64; x64) AppleWebKit/537.36 (KHTML, like Gecko) Chrome/91.0.4472.77 Safari/537.36"
195.230.45.200 - - [27/May/2021:16:23:52 +0200] "GET /reload?ser=1622125430935 HTTP/1.1" 200 28 "http://renault.activities.at/result?searchterm=true&search=arkana" "Mozilla/5.0 (Windows NT 10.0; Win64; x64) AppleWebKit/537.36 (KHTML, like Gecko) Chrome/90.0.4430.212 Safari/537.36 Edg/90.0.818.66"
80.120.5.131 - - [27/May/2021:16:24:23 +0200] "GET /reload?ser=1622125463864 HTTP/1.1" 200 28 "http://renault.activities.at/" "Mozilla/5.0 (Windows NT 10.0; Win64; x64) AppleWebKit/537.36 (KHTML, like Gecko) Chrome/91.0.4472.77 Safari/537.36"
195.230.45.200 - - [27/May/2021:16:24:53 +0200] "GET /reload?ser=1622125491937 HTTP/1.1" 200 28 "http://renault.activities.at/result?searchterm=true&search=arkana" "Mozilla/5.0 (Windows NT 10.0; Win64; x64) AppleWebKit/537.36 (KHTML, like Gecko) Chrome/90.0.4430.212 Safari/537.36 Edg/90.0.818.66"
80.120.5.131 - - [27/May/2021:16:25:24 +0200] "GET /reload?ser=1622125524867 HTTP/1.1" 200 28 "http://renault.activities.at/" "Mozilla/5.0 (Windows NT 10.0; Win64; x64) AppleWebKit/537.36 (KHTML, like Gecko) Chrome/91.0.4472.77 Safari/537.36"
195.230.45.200 - - [27/May/2021:16:25:54 +0200] "GET /reload?ser=1622125552938 HTTP/1.1" 200 28 "http://renault.activities.at/result?searchterm=true&search=arkana" "Mozilla/5.0 (Windows NT 10.0; Win64; x64) AppleWebKit/537.36 (KHTML, like Gecko) Chrome/90.0.4430.212 Safari/537.36 Edg/90.0.818.66"
80.120.5.131 - - [27/May/2021:16:26:25 +0200] "GET /reload?ser=1622125585870 HTTP/1.1" 200 28 "http://renault.activities.at/" "Mozilla/5.0 (Windows NT 10.0; Win64; x64) AppleWebKit/537.36 (KHTML, like Gecko) Chrome/91.0.4472.77 Safari/537.36"
195.230.45.200 - - [27/May/2021:16:26:55 +0200] "GET /reload?ser=1622125613939 HTTP/1.1" 200 28 "http://renault.activities.at/result?searchterm=true&search=arkana" "Mozilla/5.0 (Windows NT 10.0; Win64; x64) AppleWebKit/537.36 (KHTML, like Gecko) Chrome/90.0.4430.212 Safari/537.36 Edg/90.0.818.66"
195.230.45.200 - - [27/May/2021:16:27:56 +0200] "GET /reload?ser=1622125674933 HTTP/1.1" 200 28 "http://renault.activities.at/result?searchterm=true&search=arkana" "Mozilla/5.0 (Windows NT 10.0; Win64; x64) AppleWebKit/537.36 (KHTML, like Gecko) Chrome/90.0.4430.212 Safari/537.36 Edg/90.0.818.66"
195.230.45.200 - - [27/May/2021:16:28:57 +0200] "GET /reload?ser=1622125735937 HTTP/1.1" 200 28 "http://renault.activities.at/result?searchterm=true&search=arkana" "Mozilla/5.0 (Windows NT 10.0; Win64; x64) AppleWebKit/537.36 (KHTML, like Gecko) Chrome/90.0.4430.212 Safari/537.36 Edg/90.0.818.66"
195.230.45.200 - - [27/May/2021:16:29:58 +0200] "GET /reload?ser=1622125796931 HTTP/1.1" 200 28 "http://renault.activities.at/result?searchterm=true&search=arkana" "Mozilla/5.0 (Windows NT 10.0; Win64; x64) AppleWebKit/537.36 (KHTML, like Gecko) Chrome/90.0.4430.212 Safari/537.36 Edg/90.0.818.66"
195.230.45.200 - - [27/May/2021:16:30:59 +0200] "GET /reload?ser=1622125857932 HTTP/1.1" 200 28 "http://renault.activities.at/result?searchterm=true&search=arkana" "Mozilla/5.0 (Windows NT 10.0; Win64; x64) AppleWebKit/537.36 (KHTML, like Gecko) Chrome/90.0.4430.212 Safari/537.36 Edg/90.0.818.66"
195.230.45.200 - - [27/May/2021:16:32:00 +0200] "GET /reload?ser=1622125918945 HTTP/1.1" 200 28 "http://renault.activities.at/result?searchterm=true&search=arkana" "Mozilla/5.0 (Windows NT 10.0; Win64; x64) AppleWebKit/537.36 (KHTML, like Gecko) Chrome/90.0.4430.212 Safari/537.36 Edg/90.0.818.66"
195.230.45.200 - - [27/May/2021:16:33:01 +0200] "GET /reload?ser=1622125979944 HTTP/1.1" 200 28 "http://renault.activities.at/result?searchterm=true&search=arkana" "Mozilla/5.0 (Windows NT 10.0; Win64; x64) AppleWebKit/537.36 (KHTML, like Gecko) Chrome/90.0.4430.212 Safari/537.36 Edg/90.0.818.66"
