80.120.210.179 - - [31/May/2021:15:13:38 +0200] "GET /reload?ser=1622466819830 HTTP/1.1" 200 28 "http://renault.activities.at/10260303" "Mozilla/5.0 (Windows NT 10.0; Win64; x64) AppleWebKit/537.36 (KHTML, like Gecko) Chrome/90.0.4430.212 Safari/537.36"
93.83.167.130 - - [31/May/2021:15:13:54 +0200] "GET /reload?ser=1622466833776 HTTP/1.1" 200 28 "http://renault.activities.at/result?dir=DESC&mode=grid&order=name&limit=15&page=1&search=Scenic" "Mozilla/5.0 (Windows NT 10.0; Win64; x64) AppleWebKit/537.36 (KHTML, like Gecko) Chrome/90.0.4430.212 Safari/537.36"
80.120.210.179 - - [31/May/2021:15:14:40 +0200] "GET /reload?ser=1622466881832 HTTP/1.1" 200 28 "http://renault.activities.at/10260303" "Mozilla/5.0 (Windows NT 10.0; Win64; x64) AppleWebKit/537.36 (KHTML, like Gecko) Chrome/90.0.4430.212 Safari/537.36"
93.83.167.130 - - [31/May/2021:15:14:55 +0200] "GET /reload?ser=1622466894773 HTTP/1.1" 200 28 "http://renault.activities.at/result?dir=DESC&mode=grid&order=name&limit=15&page=1&search=Scenic" "Mozilla/5.0 (Windows NT 10.0; Win64; x64) AppleWebKit/537.36 (KHTML, like Gecko) Chrome/90.0.4430.212 Safari/537.36"
80.120.210.179 - - [31/May/2021:15:15:42 +0200] "GET /reload?ser=1622466943825 HTTP/1.1" 200 28 "http://renault.activities.at/10260303" "Mozilla/5.0 (Windows NT 10.0; Win64; x64) AppleWebKit/537.36 (KHTML, like Gecko) Chrome/90.0.4430.212 Safari/537.36"
93.83.167.130 - - [31/May/2021:15:15:56 +0200] "GET /reload?ser=1622466955775 HTTP/1.1" 200 28 "http://renault.activities.at/result?dir=DESC&mode=grid&order=name&limit=15&page=1&search=Scenic" "Mozilla/5.0 (Windows NT 10.0; Win64; x64) AppleWebKit/537.36 (KHTML, like Gecko) Chrome/90.0.4430.212 Safari/537.36"
80.120.210.179 - - [31/May/2021:15:16:43 +0200] "GET /reload?ser=1622467004829 HTTP/1.1" 200 28 "http://renault.activities.at/10260303" "Mozilla/5.0 (Windows NT 10.0; Win64; x64) AppleWebKit/537.36 (KHTML, like Gecko) Chrome/90.0.4430.212 Safari/537.36"
93.83.167.130 - - [31/May/2021:15:16:57 +0200] "GET /reload?ser=1622467016765 HTTP/1.1" 200 28 "http://renault.activities.at/result?dir=DESC&mode=grid&order=name&limit=15&page=1&search=Scenic" "Mozilla/5.0 (Windows NT 10.0; Win64; x64) AppleWebKit/537.36 (KHTML, like Gecko) Chrome/90.0.4430.212 Safari/537.36"
80.120.210.179 - - [31/May/2021:15:17:45 +0200] "GET /reload?ser=1622467066836 HTTP/1.1" 200 28 "http://renault.activities.at/10260303" "Mozilla/5.0 (Windows NT 10.0; Win64; x64) AppleWebKit/537.36 (KHTML, like Gecko) Chrome/90.0.4430.212 Safari/537.36"
93.83.167.130 - - [31/May/2021:15:17:58 +0200] "GET /reload?ser=1622467077772 HTTP/1.1" 200 28 "http://renault.activities.at/result?dir=DESC&mode=grid&order=name&limit=15&page=1&search=Scenic" "Mozilla/5.0 (Windows NT 10.0; Win64; x64) AppleWebKit/537.36 (KHTML, like Gecko) Chrome/90.0.4430.212 Safari/537.36"
80.120.210.179 - - [31/May/2021:15:18:47 +0200] "GET /reload?ser=1622467128825 HTTP/1.1" 200 28 "http://renault.activities.at/10260303" "Mozilla/5.0 (Windows NT 10.0; Win64; x64) AppleWebKit/537.36 (KHTML, like Gecko) Chrome/90.0.4430.212 Safari/537.36"
93.83.167.130 - - [31/May/2021:15:18:59 +0200] "GET /reload?ser=1622467138766 HTTP/1.1" 200 28 "http://renault.activities.at/result?dir=DESC&mode=grid&order=name&limit=15&page=1&search=Scenic" "Mozilla/5.0 (Windows NT 10.0; Win64; x64) AppleWebKit/537.36 (KHTML, like Gecko) Chrome/90.0.4430.212 Safari/537.36"
80.120.210.179 - - [31/May/2021:15:19:48 +0200] "GET /reload?ser=1622467189828 HTTP/1.1" 200 28 "http://renault.activities.at/10260303" "Mozilla/5.0 (Windows NT 10.0; Win64; x64) AppleWebKit/537.36 (KHTML, like Gecko) Chrome/90.0.4430.212 Safari/537.36"
93.83.167.130 - - [31/May/2021:15:20:00 +0200] "GET /reload?ser=1622467199778 HTTP/1.1" 200 28 "http://renault.activities.at/result?dir=DESC&mode=grid&order=name&limit=15&page=1&search=Scenic" "Mozilla/5.0 (Windows NT 10.0; Win64; x64) AppleWebKit/537.36 (KHTML, like Gecko) Chrome/90.0.4430.212 Safari/537.36"
80.120.210.179 - - [31/May/2021:15:20:50 +0200] "GET /reload?ser=1622467251825 HTTP/1.1" 200 28 "http://renault.activities.at/10260303" "Mozilla/5.0 (Windows NT 10.0; Win64; x64) AppleWebKit/537.36 (KHTML, like Gecko) Chrome/90.0.4430.212 Safari/537.36"
93.83.167.130 - - [31/May/2021:15:21:01 +0200] "GET /reload?ser=1622467260773 HTTP/1.1" 200 28 "http://renault.activities.at/result?dir=DESC&mode=grid&order=name&limit=15&page=1&search=Scenic" "Mozilla/5.0 (Windows NT 10.0; Win64; x64) AppleWebKit/537.36 (KHTML, like Gecko) Chrome/90.0.4430.212 Safari/537.36"
80.120.210.179 - - [31/May/2021:15:21:51 +0200] "GET /reload?ser=1622467312835 HTTP/1.1" 200 28 "http://renault.activities.at/10260303" "Mozilla/5.0 (Windows NT 10.0; Win64; x64) AppleWebKit/537.36 (KHTML, like Gecko) Chrome/90.0.4430.212 Safari/537.36"
93.83.167.130 - - [31/May/2021:15:22:02 +0200] "GET /reload?ser=1622467321766 HTTP/1.1" 200 28 "http://renault.activities.at/result?dir=DESC&mode=grid&order=name&limit=15&page=1&search=Scenic" "Mozilla/5.0 (Windows NT 10.0; Win64; x64) AppleWebKit/537.36 (KHTML, like Gecko) Chrome/90.0.4430.212 Safari/537.36"
80.120.210.179 - - [31/May/2021:15:22:53 +0200] "GET /reload?ser=1622467374831 HTTP/1.1" 200 28 "http://renault.activities.at/10260303" "Mozilla/5.0 (Windows NT 10.0; Win64; x64) AppleWebKit/537.36 (KHTML, like Gecko) Chrome/90.0.4430.212 Safari/537.36"
93.83.167.130 - - [31/May/2021:15:23:03 +0200] "GET /reload?ser=1622467382768 HTTP/1.1" 200 28 "http://renault.activities.at/result?dir=DESC&mode=grid&order=name&limit=15&page=1&search=Scenic" "Mozilla/5.0 (Windows NT 10.0; Win64; x64) AppleWebKit/537.36 (KHTML, like Gecko) Chrome/90.0.4430.212 Safari/537.36"
80.120.210.179 - - [31/May/2021:15:23:55 +0200] "GET /reload?ser=1622467436825 HTTP/1.1" 200 28 "http://renault.activities.at/10260303" "Mozilla/5.0 (Windows NT 10.0; Win64; x64) AppleWebKit/537.36 (KHTML, like Gecko) Chrome/90.0.4430.212 Safari/537.36"
157.55.39.119 - - [31/May/2021:15:24:01 +0200] "GET /10260004 HTTP/1.1" 200 6060 "-" "Mozilla/5.0 (compatible; bingbot/2.0; +http://www.bing.com/bingbot.htm)"
93.83.167.130 - - [31/May/2021:15:24:04 +0200] "GET /reload?ser=1622467443773 HTTP/1.1" 200 28 "http://renault.activities.at/result?dir=DESC&mode=grid&order=name&limit=15&page=1&search=Scenic" "Mozilla/5.0 (Windows NT 10.0; Win64; x64) AppleWebKit/537.36 (KHTML, like Gecko) Chrome/90.0.4430.212 Safari/537.36"
80.120.210.179 - - [31/May/2021:15:24:56 +0200] "GET /reload?ser=1622467497838 HTTP/1.1" 200 28 "http://renault.activities.at/10260303" "Mozilla/5.0 (Windows NT 10.0; Win64; x64) AppleWebKit/537.36 (KHTML, like Gecko) Chrome/90.0.4430.212 Safari/537.36"
93.83.167.130 - - [31/May/2021:15:25:05 +0200] "GET /reload?ser=1622467504771 HTTP/1.1" 200 28 "http://renault.activities.at/result?dir=DESC&mode=grid&order=name&limit=15&page=1&search=Scenic" "Mozilla/5.0 (Windows NT 10.0; Win64; x64) AppleWebKit/537.36 (KHTML, like Gecko) Chrome/90.0.4430.212 Safari/537.36"
80.120.210.179 - - [31/May/2021:15:25:57 +0200] "GET /reload?ser=1622467558839 HTTP/1.1" 200 28 "http://renault.activities.at/10260303" "Mozilla/5.0 (Windows NT 10.0; Win64; x64) AppleWebKit/537.36 (KHTML, like Gecko) Chrome/90.0.4430.212 Safari/537.36"
93.83.167.130 - - [31/May/2021:15:26:06 +0200] "GET /reload?ser=1622467565774 HTTP/1.1" 200 28 "http://renault.activities.at/result?dir=DESC&mode=grid&order=name&limit=15&page=1&search=Scenic" "Mozilla/5.0 (Windows NT 10.0; Win64; x64) AppleWebKit/537.36 (KHTML, like Gecko) Chrome/90.0.4430.212 Safari/537.36"
80.120.210.179 - - [31/May/2021:15:26:59 +0200] "GET /reload?ser=1622467620835 HTTP/1.1" 200 28 "http://renault.activities.at/10260303" "Mozilla/5.0 (Windows NT 10.0; Win64; x64) AppleWebKit/537.36 (KHTML, like Gecko) Chrome/90.0.4430.212 Safari/537.36"
93.83.167.130 - - [31/May/2021:15:27:07 +0200] "GET /reload?ser=1622467626774 HTTP/1.1" 200 28 "http://renault.activities.at/result?dir=DESC&mode=grid&order=name&limit=15&page=1&search=Scenic" "Mozilla/5.0 (Windows NT 10.0; Win64; x64) AppleWebKit/537.36 (KHTML, like Gecko) Chrome/90.0.4430.212 Safari/537.36"
80.120.210.179 - - [31/May/2021:15:28:00 +0200] "GET /reload?ser=1622467681834 HTTP/1.1" 200 28 "http://renault.activities.at/10260303" "Mozilla/5.0 (Windows NT 10.0; Win64; x64) AppleWebKit/537.36 (KHTML, like Gecko) Chrome/90.0.4430.212 Safari/537.36"
93.83.167.130 - - [31/May/2021:15:28:08 +0200] "GET /reload?ser=1622467687774 HTTP/1.1" 200 28 "http://renault.activities.at/result?dir=DESC&mode=grid&order=name&limit=15&page=1&search=Scenic" "Mozilla/5.0 (Windows NT 10.0; Win64; x64) AppleWebKit/537.36 (KHTML, like Gecko) Chrome/90.0.4430.212 Safari/537.36"
80.120.210.179 - - [31/May/2021:15:29:01 +0200] "GET /reload?ser=1622467742832 HTTP/1.1" 200 28 "http://renault.activities.at/10260303" "Mozilla/5.0 (Windows NT 10.0; Win64; x64) AppleWebKit/537.36 (KHTML, like Gecko) Chrome/90.0.4430.212 Safari/537.36"
93.83.167.130 - - [31/May/2021:15:29:09 +0200] "GET /reload?ser=1622467748778 HTTP/1.1" 200 28 "http://renault.activities.at/result?dir=DESC&mode=grid&order=name&limit=15&page=1&search=Scenic" "Mozilla/5.0 (Windows NT 10.0; Win64; x64) AppleWebKit/537.36 (KHTML, like Gecko) Chrome/90.0.4430.212 Safari/537.36"
80.120.210.179 - - [31/May/2021:15:30:02 +0200] "GET /reload?ser=1622467803834 HTTP/1.1" 200 28 "http://renault.activities.at/10260303" "Mozilla/5.0 (Windows NT 10.0; Win64; x64) AppleWebKit/537.36 (KHTML, like Gecko) Chrome/90.0.4430.212 Safari/537.36"
93.83.167.130 - - [31/May/2021:15:30:10 +0200] "GET /reload?ser=1622467809774 HTTP/1.1" 200 28 "http://renault.activities.at/result?dir=DESC&mode=grid&order=name&limit=15&page=1&search=Scenic" "Mozilla/5.0 (Windows NT 10.0; Win64; x64) AppleWebKit/537.36 (KHTML, like Gecko) Chrome/90.0.4430.212 Safari/537.36"
80.120.210.179 - - [31/May/2021:15:31:04 +0200] "GET /reload?ser=1622467865836 HTTP/1.1" 200 28 "http://renault.activities.at/10260303" "Mozilla/5.0 (Windows NT 10.0; Win64; x64) AppleWebKit/537.36 (KHTML, like Gecko) Chrome/90.0.4430.212 Safari/537.36"
93.83.167.130 - - [31/May/2021:15:31:11 +0200] "GET /reload?ser=1622467870764 HTTP/1.1" 200 28 "http://renault.activities.at/result?dir=DESC&mode=grid&order=name&limit=15&page=1&search=Scenic" "Mozilla/5.0 (Windows NT 10.0; Win64; x64) AppleWebKit/537.36 (KHTML, like Gecko) Chrome/90.0.4430.212 Safari/537.36"
80.120.210.179 - - [31/May/2021:15:32:06 +0200] "GET /reload?ser=1622467927833 HTTP/1.1" 200 28 "http://renault.activities.at/10260303" "Mozilla/5.0 (Windows NT 10.0; Win64; x64) AppleWebKit/537.36 (KHTML, like Gecko) Chrome/90.0.4430.212 Safari/537.36"
93.83.167.130 - - [31/May/2021:15:32:12 +0200] "GET /reload?ser=1622467931774 HTTP/1.1" 200 28 "http://renault.activities.at/result?dir=DESC&mode=grid&order=name&limit=15&page=1&search=Scenic" "Mozilla/5.0 (Windows NT 10.0; Win64; x64) AppleWebKit/537.36 (KHTML, like Gecko) Chrome/90.0.4430.212 Safari/537.36"
80.120.210.179 - - [31/May/2021:15:33:07 +0200] "GET /reload?ser=1622467988835 HTTP/1.1" 200 28 "http://renault.activities.at/10260303" "Mozilla/5.0 (Windows NT 10.0; Win64; x64) AppleWebKit/537.36 (KHTML, like Gecko) Chrome/90.0.4430.212 Safari/537.36"
93.83.167.130 - - [31/May/2021:15:33:13 +0200] "GET /reload?ser=1622467992770 HTTP/1.1" 200 28 "http://renault.activities.at/result?dir=DESC&mode=grid&order=name&limit=15&page=1&search=Scenic" "Mozilla/5.0 (Windows NT 10.0; Win64; x64) AppleWebKit/537.36 (KHTML, like Gecko) Chrome/90.0.4430.212 Safari/537.36"
80.120.210.179 - - [31/May/2021:15:34:09 +0200] "GET /reload?ser=1622468050837 HTTP/1.1" 200 28 "http://renault.activities.at/10260303" "Mozilla/5.0 (Windows NT 10.0; Win64; x64) AppleWebKit/537.36 (KHTML, like Gecko) Chrome/90.0.4430.212 Safari/537.36"
93.83.167.130 - - [31/May/2021:15:34:14 +0200] "GET /reload?ser=1622468053776 HTTP/1.1" 200 28 "http://renault.activities.at/result?dir=DESC&mode=grid&order=name&limit=15&page=1&search=Scenic" "Mozilla/5.0 (Windows NT 10.0; Win64; x64) AppleWebKit/537.36 (KHTML, like Gecko) Chrome/90.0.4430.212 Safari/537.36"
80.120.210.179 - - [31/May/2021:15:35:11 +0200] "GET /reload?ser=1622468112836 HTTP/1.1" 200 28 "http://renault.activities.at/10260303" "Mozilla/5.0 (Windows NT 10.0; Win64; x64) AppleWebKit/537.36 (KHTML, like Gecko) Chrome/90.0.4430.212 Safari/537.36"
93.83.167.130 - - [31/May/2021:15:35:15 +0200] "GET /reload?ser=1622468114776 HTTP/1.1" 200 28 "http://renault.activities.at/result?dir=DESC&mode=grid&order=name&limit=15&page=1&search=Scenic" "Mozilla/5.0 (Windows NT 10.0; Win64; x64) AppleWebKit/537.36 (KHTML, like Gecko) Chrome/90.0.4430.212 Safari/537.36"
80.120.210.179 - - [31/May/2021:15:36:13 +0200] "GET /reload?ser=1622468174828 HTTP/1.1" 200 28 "http://renault.activities.at/10260303" "Mozilla/5.0 (Windows NT 10.0; Win64; x64) AppleWebKit/537.36 (KHTML, like Gecko) Chrome/90.0.4430.212 Safari/537.36"
93.83.167.130 - - [31/May/2021:15:36:16 +0200] "GET /reload?ser=1622468175775 HTTP/1.1" 200 28 "http://renault.activities.at/result?dir=DESC&mode=grid&order=name&limit=15&page=1&search=Scenic" "Mozilla/5.0 (Windows NT 10.0; Win64; x64) AppleWebKit/537.36 (KHTML, like Gecko) Chrome/90.0.4430.212 Safari/537.36"
80.120.210.179 - - [31/May/2021:15:37:15 +0200] "GET /reload?ser=1622468236838 HTTP/1.1" 200 28 "http://renault.activities.at/10260303" "Mozilla/5.0 (Windows NT 10.0; Win64; x64) AppleWebKit/537.36 (KHTML, like Gecko) Chrome/90.0.4430.212 Safari/537.36"
93.83.167.130 - - [31/May/2021:15:37:17 +0200] "GET /reload?ser=1622468236769 HTTP/1.1" 200 28 "http://renault.activities.at/result?dir=DESC&mode=grid&order=name&limit=15&page=1&search=Scenic" "Mozilla/5.0 (Windows NT 10.0; Win64; x64) AppleWebKit/537.36 (KHTML, like Gecko) Chrome/90.0.4430.212 Safari/537.36"
80.120.210.179 - - [31/May/2021:15:38:17 +0200] "GET /reload?ser=1622468298834 HTTP/1.1" 200 28 "http://renault.activities.at/10260303" "Mozilla/5.0 (Windows NT 10.0; Win64; x64) AppleWebKit/537.36 (KHTML, like Gecko) Chrome/90.0.4430.212 Safari/537.36"
93.83.167.130 - - [31/May/2021:15:38:18 +0200] "GET /reload?ser=1622468297763 HTTP/1.1" 200 28 "http://renault.activities.at/result?dir=DESC&mode=grid&order=name&limit=15&page=1&search=Scenic" "Mozilla/5.0 (Windows NT 10.0; Win64; x64) AppleWebKit/537.36 (KHTML, like Gecko) Chrome/90.0.4430.212 Safari/537.36"
93.83.167.130 - - [31/May/2021:15:39:19 +0200] "GET /reload?ser=1622468358766 HTTP/1.1" 200 28 "http://renault.activities.at/result?dir=DESC&mode=grid&order=name&limit=15&page=1&search=Scenic" "Mozilla/5.0 (Windows NT 10.0; Win64; x64) AppleWebKit/537.36 (KHTML, like Gecko) Chrome/90.0.4430.212 Safari/537.36"
80.120.210.179 - - [31/May/2021:15:39:19 +0200] "GET /reload?ser=1622468360825 HTTP/1.1" 200 28 "http://renault.activities.at/10260303" "Mozilla/5.0 (Windows NT 10.0; Win64; x64) AppleWebKit/537.36 (KHTML, like Gecko) Chrome/90.0.4430.212 Safari/537.36"
93.83.167.130 - - [31/May/2021:15:40:20 +0200] "GET /reload?ser=1622468419777 HTTP/1.1" 200 28 "http://renault.activities.at/result?dir=DESC&mode=grid&order=name&limit=15&page=1&search=Scenic" "Mozilla/5.0 (Windows NT 10.0; Win64; x64) AppleWebKit/537.36 (KHTML, like Gecko) Chrome/90.0.4430.212 Safari/537.36"
80.120.210.179 - - [31/May/2021:15:40:21 +0200] "GET /reload?ser=1622468422825 HTTP/1.1" 200 28 "http://renault.activities.at/10260303" "Mozilla/5.0 (Windows NT 10.0; Win64; x64) AppleWebKit/537.36 (KHTML, like Gecko) Chrome/90.0.4430.212 Safari/537.36"
80.120.210.179 - - [31/May/2021:15:41:23 +0200] "GET /reload?ser=1622468484828 HTTP/1.1" 200 28 "http://renault.activities.at/10260303" "Mozilla/5.0 (Windows NT 10.0; Win64; x64) AppleWebKit/537.36 (KHTML, like Gecko) Chrome/90.0.4430.212 Safari/537.36"
91.114.1.46 - - [31/May/2021:15:41:52 +0200] "GET /login HTTP/1.1" 200 2085 "-" "Mozilla/5.0 (Windows NT 10.0; Win64; x64; rv:88.0) Gecko/20100101 Firefox/88.0"
91.114.1.46 - - [31/May/2021:15:41:53 +0200] "GET /css/clears.css HTTP/1.1" 200 851 "http://renault.activities.at/login" "Mozilla/5.0 (Windows NT 10.0; Win64; x64; rv:88.0) Gecko/20100101 Firefox/88.0"
91.114.1.46 - - [31/May/2021:15:41:53 +0200] "GET /css/styles.css HTTP/1.1" 200 14664 "http://renault.activities.at/login" "Mozilla/5.0 (Windows NT 10.0; Win64; x64; rv:88.0) Gecko/20100101 Firefox/88.0"
91.114.1.46 - - [31/May/2021:15:41:53 +0200] "GET /js/default.js HTTP/1.1" 200 14698 "http://renault.activities.at/login" "Mozilla/5.0 (Windows NT 10.0; Win64; x64; rv:88.0) Gecko/20100101 Firefox/88.0"
91.114.1.46 - - [31/May/2021:15:41:53 +0200] "GET /css/reset.css HTTP/1.1" 200 1356 "http://renault.activities.at/login" "Mozilla/5.0 (Windows NT 10.0; Win64; x64; rv:88.0) Gecko/20100101 Firefox/88.0"
91.114.1.46 - - [31/May/2021:15:41:53 +0200] "GET /js/checkout.css HTTP/1.1" 200 359 "http://renault.activities.at/login" "Mozilla/5.0 (Windows NT 10.0; Win64; x64; rv:88.0) Gecko/20100101 Firefox/88.0"
91.114.1.46 - - [31/May/2021:15:41:53 +0200] "GET /css/prototip.css HTTP/1.1" 200 968 "http://renault.activities.at/login" "Mozilla/5.0 (Windows NT 10.0; Win64; x64; rv:88.0) Gecko/20100101 Firefox/88.0"
91.114.1.46 - - [31/May/2021:15:41:53 +0200] "GET /css/themes/default.css HTTP/1.1" 200 769 "http://renault.activities.at/login" "Mozilla/5.0 (Windows NT 10.0; Win64; x64; rv:88.0) Gecko/20100101 Firefox/88.0"
91.114.1.46 - - [31/May/2021:15:41:53 +0200] "GET /css/themes/alphacube.css HTTP/1.1" 200 743 "http://renault.activities.at/login" "Mozilla/5.0 (Windows NT 10.0; Win64; x64; rv:88.0) Gecko/20100101 Firefox/88.0"
91.114.1.46 - - [31/May/2021:15:41:53 +0200] "GET /js/index.php?c=auto&f=,prototype/prototype.js,prototype/validation.js,scriptaculous/builder.js,scriptaculous/effects.js,scriptaculous/dragdrop.js,scriptaculous/controls.js,scriptaculous/slider.js,varien/js.js,varien/form.js,varien/menu.js,mage/translate.js,mage/cookies.js,varien/product.js,spinner/SpinnerControl.jsmin.js,prototype/window.js,prototype/window_ext.js HTTP/1.1" 200 94182 "http://renault.activities.at/login" "Mozilla/5.0 (Windows NT 10.0; Win64; x64; rv:88.0) Gecko/20100101 Firefox/88.0"
91.114.1.46 - - [31/May/2021:15:41:53 +0200] "GET /css/print.css HTTP/1.1" 200 543 "http://renault.activities.at/login" "Mozilla/5.0 (Windows NT 10.0; Win64; x64; rv:88.0) Gecko/20100101 Firefox/88.0"
91.114.1.46 - - [31/May/2021:15:41:53 +0200] "GET /images/main_block_border.gif HTTP/1.1" 200 43 "http://renault.activities.at/css/styles.css" "Mozilla/5.0 (Windows NT 10.0; Win64; x64; rv:88.0) Gecko/20100101 Firefox/88.0"
91.114.1.46 - - [31/May/2021:15:41:53 +0200] "GET /images/main_block_corner_left_bot.gif HTTP/1.1" 200 159 "http://renault.activities.at/css/styles.css" "Mozilla/5.0 (Windows NT 10.0; Win64; x64; rv:88.0) Gecko/20100101 Firefox/88.0"
91.114.1.46 - - [31/May/2021:15:41:53 +0200] "GET /images/main_block_corner_right_bot.gif HTTP/1.1" 200 158 "http://renault.activities.at/css/styles.css" "Mozilla/5.0 (Windows NT 10.0; Win64; x64; rv:88.0) Gecko/20100101 Firefox/88.0"
91.114.1.46 - - [31/May/2021:15:41:53 +0200] "GET /images/header_block_corner_right_top.gif HTTP/1.1" 200 160 "http://renault.activities.at/css/styles.css" "Mozilla/5.0 (Windows NT 10.0; Win64; x64; rv:88.0) Gecko/20100101 Firefox/88.0"
91.114.1.46 - - [31/May/2021:15:41:53 +0200] "GET /images/main_block_corner_left_top.gif HTTP/1.1" 200 159 "http://renault.activities.at/css/styles.css" "Mozilla/5.0 (Windows NT 10.0; Win64; x64; rv:88.0) Gecko/20100101 Firefox/88.0"
91.114.1.46 - - [31/May/2021:15:41:53 +0200] "GET /images/header_block_corner_left_top.gif HTTP/1.1" 200 160 "http://renault.activities.at/css/styles.css" "Mozilla/5.0 (Windows NT 10.0; Win64; x64; rv:88.0) Gecko/20100101 Firefox/88.0"
91.114.1.46 - - [31/May/2021:15:41:53 +0200] "GET /images/main_block_corner_right_top.gif HTTP/1.1" 200 159 "http://renault.activities.at/css/styles.css" "Mozilla/5.0 (Windows NT 10.0; Win64; x64; rv:88.0) Gecko/20100101 Firefox/88.0"
91.114.1.46 - - [31/May/2021:15:41:53 +0200] "GET /images/title_border.jpg HTTP/1.1" 200 304 "http://renault.activities.at/css/styles.css" "Mozilla/5.0 (Windows NT 10.0; Win64; x64; rv:88.0) Gecko/20100101 Firefox/88.0"
91.114.1.46 - - [31/May/2021:15:41:53 +0200] "GET /images/header_block_border.gif HTTP/1.1" 200 43 "http://renault.activities.at/css/styles.css" "Mozilla/5.0 (Windows NT 10.0; Win64; x64; rv:88.0) Gecko/20100101 Firefox/88.0"
91.114.1.46 - - [31/May/2021:15:41:53 +0200] "GET /images/title_border_top.jpg HTTP/1.1" 200 336 "http://renault.activities.at/css/styles.css" "Mozilla/5.0 (Windows NT 10.0; Win64; x64; rv:88.0) Gecko/20100101 Firefox/88.0"
91.114.1.46 - - [31/May/2021:15:41:53 +0200] "GET /images/title_corner_left_top.jpg HTTP/1.1" 200 372 "http://renault.activities.at/css/styles.css" "Mozilla/5.0 (Windows NT 10.0; Win64; x64; rv:88.0) Gecko/20100101 Firefox/88.0"
91.114.1.46 - - [31/May/2021:15:41:53 +0200] "GET /images/button_left_bg.gif HTTP/1.1" 200 564 "http://renault.activities.at/css/styles.css" "Mozilla/5.0 (Windows NT 10.0; Win64; x64; rv:88.0) Gecko/20100101 Firefox/88.0"
91.114.1.46 - - [31/May/2021:15:41:53 +0200] "GET /images/title_corner_right_top.jpg HTTP/1.1" 200 389 "http://renault.activities.at/css/styles.css" "Mozilla/5.0 (Windows NT 10.0; Win64; x64; rv:88.0) Gecko/20100101 Firefox/88.0"
91.114.1.46 - - [31/May/2021:15:41:53 +0200] "GET /images/button_right_bg.gif HTTP/1.1" 200 561 "http://renault.activities.at/css/styles.css" "Mozilla/5.0 (Windows NT 10.0; Win64; x64; rv:88.0) Gecko/20100101 Firefox/88.0"
91.114.1.46 - - [31/May/2021:15:41:53 +0200] "GET /images/button_bg.gif HTTP/1.1" 200 151 "http://renault.activities.at/css/styles.css" "Mozilla/5.0 (Windows NT 10.0; Win64; x64; rv:88.0) Gecko/20100101 Firefox/88.0"
91.114.1.46 - - [31/May/2021:15:41:53 +0200] "GET /images/favicon.ico HTTP/1.1" 404 305 "http://renault.activities.at/login" "Mozilla/5.0 (Windows NT 10.0; Win64; x64; rv:88.0) Gecko/20100101 Firefox/88.0"
91.114.1.46 - - [31/May/2021:15:41:53 +0200] "GET /loadthumbnail.php?id=11127982 HTTP/1.1" 200 399614 "http://renault.activities.at/login" "Mozilla/5.0 (Windows NT 10.0; Win64; x64; rv:88.0) Gecko/20100101 Firefox/88.0"
80.120.210.179 - - [31/May/2021:15:42:25 +0200] "GET /reload?ser=1622468546829 HTTP/1.1" 200 28 "http://renault.activities.at/10260303" "Mozilla/5.0 (Windows NT 10.0; Win64; x64) AppleWebKit/537.36 (KHTML, like Gecko) Chrome/90.0.4430.212 Safari/537.36"
80.120.210.179 - - [31/May/2021:15:43:27 +0200] "GET /reload?ser=1622468608835 HTTP/1.1" 200 28 "http://renault.activities.at/10260303" "Mozilla/5.0 (Windows NT 10.0; Win64; x64) AppleWebKit/537.36 (KHTML, like Gecko) Chrome/90.0.4430.212 Safari/537.36"
80.120.210.179 - - [31/May/2021:15:44:29 +0200] "GET /reload?ser=1622468670828 HTTP/1.1" 200 28 "http://renault.activities.at/10260303" "Mozilla/5.0 (Windows NT 10.0; Win64; x64) AppleWebKit/537.36 (KHTML, like Gecko) Chrome/90.0.4430.212 Safari/537.36"
80.120.210.179 - - [31/May/2021:15:45:31 +0200] "GET /reload?ser=1622468732828 HTTP/1.1" 200 28 "http://renault.activities.at/10260303" "Mozilla/5.0 (Windows NT 10.0; Win64; x64) AppleWebKit/537.36 (KHTML, like Gecko) Chrome/90.0.4430.212 Safari/537.36"
80.120.210.179 - - [31/May/2021:15:46:33 +0200] "GET /reload?ser=1622468794837 HTTP/1.1" 200 28 "http://renault.activities.at/10260303" "Mozilla/5.0 (Windows NT 10.0; Win64; x64) AppleWebKit/537.36 (KHTML, like Gecko) Chrome/90.0.4430.212 Safari/537.36"
80.120.210.179 - - [31/May/2021:15:47:34 +0200] "GET /reload?ser=1622468855831 HTTP/1.1" 200 28 "http://renault.activities.at/10260303" "Mozilla/5.0 (Windows NT 10.0; Win64; x64) AppleWebKit/537.36 (KHTML, like Gecko) Chrome/90.0.4430.212 Safari/537.36"
80.120.210.179 - - [31/May/2021:15:48:35 +0200] "GET /reload?ser=1622468916834 HTTP/1.1" 200 28 "http://renault.activities.at/10260303" "Mozilla/5.0 (Windows NT 10.0; Win64; x64) AppleWebKit/537.36 (KHTML, like Gecko) Chrome/90.0.4430.212 Safari/537.36"
80.120.210.179 - - [31/May/2021:15:49:37 +0200] "GET /reload?ser=1622468978829 HTTP/1.1" 200 28 "http://renault.activities.at/10260303" "Mozilla/5.0 (Windows NT 10.0; Win64; x64) AppleWebKit/537.36 (KHTML, like Gecko) Chrome/90.0.4430.212 Safari/537.36"
80.120.210.179 - - [31/May/2021:15:50:38 +0200] "GET /reload?ser=1622469039831 HTTP/1.1" 200 28 "http://renault.activities.at/10260303" "Mozilla/5.0 (Windows NT 10.0; Win64; x64) AppleWebKit/537.36 (KHTML, like Gecko) Chrome/90.0.4430.212 Safari/537.36"
80.120.210.179 - - [31/May/2021:15:51:40 +0200] "GET /reload?ser=1622469101835 HTTP/1.1" 200 28 "http://renault.activities.at/10260303" "Mozilla/5.0 (Windows NT 10.0; Win64; x64) AppleWebKit/537.36 (KHTML, like Gecko) Chrome/90.0.4430.212 Safari/537.36"
80.120.210.179 - - [31/May/2021:15:52:42 +0200] "GET /reload?ser=1622469163828 HTTP/1.1" 200 28 "http://renault.activities.at/10260303" "Mozilla/5.0 (Windows NT 10.0; Win64; x64) AppleWebKit/537.36 (KHTML, like Gecko) Chrome/90.0.4430.212 Safari/537.36"
80.120.210.179 - - [31/May/2021:15:53:43 +0200] "GET /reload?ser=1622469224824 HTTP/1.1" 200 28 "http://renault.activities.at/10260303" "Mozilla/5.0 (Windows NT 10.0; Win64; x64) AppleWebKit/537.36 (KHTML, like Gecko) Chrome/90.0.4430.212 Safari/537.36"
80.120.210.179 - - [31/May/2021:15:54:45 +0200] "GET /reload?ser=1622469286826 HTTP/1.1" 200 28 "http://renault.activities.at/10260303" "Mozilla/5.0 (Windows NT 10.0; Win64; x64) AppleWebKit/537.36 (KHTML, like Gecko) Chrome/90.0.4430.212 Safari/537.36"
80.120.210.179 - - [31/May/2021:15:55:47 +0200] "GET /reload?ser=1622469348835 HTTP/1.1" 200 28 "http://renault.activities.at/10260303" "Mozilla/5.0 (Windows NT 10.0; Win64; x64) AppleWebKit/537.36 (KHTML, like Gecko) Chrome/90.0.4430.212 Safari/537.36"
80.120.210.179 - - [31/May/2021:15:56:49 +0200] "GET /reload?ser=1622469410832 HTTP/1.1" 200 28 "http://renault.activities.at/10260303" "Mozilla/5.0 (Windows NT 10.0; Win64; x64) AppleWebKit/537.36 (KHTML, like Gecko) Chrome/90.0.4430.212 Safari/537.36"
80.120.210.179 - - [31/May/2021:15:57:50 +0200] "GET /reload?ser=1622469471825 HTTP/1.1" 200 28 "http://renault.activities.at/10260303" "Mozilla/5.0 (Windows NT 10.0; Win64; x64) AppleWebKit/537.36 (KHTML, like Gecko) Chrome/90.0.4430.212 Safari/537.36"
80.120.210.179 - - [31/May/2021:15:58:51 +0200] "GET /reload?ser=1622469532837 HTTP/1.1" 200 28 "http://renault.activities.at/10260303" "Mozilla/5.0 (Windows NT 10.0; Win64; x64) AppleWebKit/537.36 (KHTML, like Gecko) Chrome/90.0.4430.212 Safari/537.36"
80.120.210.179 - - [31/May/2021:15:59:53 +0200] "GET /reload?ser=1622469594833 HTTP/1.1" 200 28 "http://renault.activities.at/10260303" "Mozilla/5.0 (Windows NT 10.0; Win64; x64) AppleWebKit/537.36 (KHTML, like Gecko) Chrome/90.0.4430.212 Safari/537.36"
80.120.210.179 - - [31/May/2021:16:00:54 +0200] "GET /reload?ser=1622469655830 HTTP/1.1" 200 28 "http://renault.activities.at/10260303" "Mozilla/5.0 (Windows NT 10.0; Win64; x64) AppleWebKit/537.36 (KHTML, like Gecko) Chrome/90.0.4430.212 Safari/537.36"
80.120.210.179 - - [31/May/2021:16:01:56 +0200] "GET /reload?ser=1622469717836 HTTP/1.1" 200 28 "http://renault.activities.at/10260303" "Mozilla/5.0 (Windows NT 10.0; Win64; x64) AppleWebKit/537.36 (KHTML, like Gecko) Chrome/90.0.4430.212 Safari/537.36"
80.120.210.179 - - [31/May/2021:16:02:58 +0200] "GET /reload?ser=1622469779838 HTTP/1.1" 200 28 "http://renault.activities.at/10260303" "Mozilla/5.0 (Windows NT 10.0; Win64; x64) AppleWebKit/537.36 (KHTML, like Gecko) Chrome/90.0.4430.212 Safari/537.36"
80.120.210.179 - - [31/May/2021:16:04:00 +0200] "GET /reload?ser=1622469841833 HTTP/1.1" 200 28 "http://renault.activities.at/10260303" "Mozilla/5.0 (Windows NT 10.0; Win64; x64) AppleWebKit/537.36 (KHTML, like Gecko) Chrome/90.0.4430.212 Safari/537.36"
80.120.210.179 - - [31/May/2021:16:05:01 +0200] "GET /reload?ser=1622469902831 HTTP/1.1" 200 28 "http://renault.activities.at/10260303" "Mozilla/5.0 (Windows NT 10.0; Win64; x64) AppleWebKit/537.36 (KHTML, like Gecko) Chrome/90.0.4430.212 Safari/537.36"
80.120.210.179 - - [31/May/2021:16:06:03 +0200] "GET /reload?ser=1622469964837 HTTP/1.1" 200 28 "http://renault.activities.at/10260303" "Mozilla/5.0 (Windows NT 10.0; Win64; x64) AppleWebKit/537.36 (KHTML, like Gecko) Chrome/90.0.4430.212 Safari/537.36"
80.120.210.179 - - [31/May/2021:16:07:05 +0200] "GET /reload?ser=1622470026832 HTTP/1.1" 200 28 "http://renault.activities.at/10260303" "Mozilla/5.0 (Windows NT 10.0; Win64; x64) AppleWebKit/537.36 (KHTML, like Gecko) Chrome/90.0.4430.212 Safari/537.36"
80.120.210.179 - - [31/May/2021:16:08:06 +0200] "GET /reload?ser=1622470087836 HTTP/1.1" 200 28 "http://renault.activities.at/10260303" "Mozilla/5.0 (Windows NT 10.0; Win64; x64) AppleWebKit/537.36 (KHTML, like Gecko) Chrome/90.0.4430.212 Safari/537.36"
80.120.210.179 - - [31/May/2021:16:09:08 +0200] "GET /reload?ser=1622470149838 HTTP/1.1" 200 28 "http://renault.activities.at/10260303" "Mozilla/5.0 (Windows NT 10.0; Win64; x64) AppleWebKit/537.36 (KHTML, like Gecko) Chrome/90.0.4430.212 Safari/537.36"
80.120.210.179 - - [31/May/2021:16:10:10 +0200] "GET /reload?ser=1622470211832 HTTP/1.1" 200 28 "http://renault.activities.at/10260303" "Mozilla/5.0 (Windows NT 10.0; Win64; x64) AppleWebKit/537.36 (KHTML, like Gecko) Chrome/90.0.4430.212 Safari/537.36"
80.120.210.179 - - [31/May/2021:16:11:12 +0200] "GET /reload?ser=1622470273826 HTTP/1.1" 200 28 "http://renault.activities.at/10260303" "Mozilla/5.0 (Windows NT 10.0; Win64; x64) AppleWebKit/537.36 (KHTML, like Gecko) Chrome/90.0.4430.212 Safari/537.36"
80.120.210.179 - - [31/May/2021:16:12:13 +0200] "GET /reload?ser=1622470334824 HTTP/1.1" 200 28 "http://renault.activities.at/10260303" "Mozilla/5.0 (Windows NT 10.0; Win64; x64) AppleWebKit/537.36 (KHTML, like Gecko) Chrome/90.0.4430.212 Safari/537.36"
80.120.210.179 - - [31/May/2021:16:13:14 +0200] "GET /reload?ser=1622470395828 HTTP/1.1" 200 28 "http://renault.activities.at/10260303" "Mozilla/5.0 (Windows NT 10.0; Win64; x64) AppleWebKit/537.36 (KHTML, like Gecko) Chrome/90.0.4430.212 Safari/537.36"
80.120.210.179 - - [31/May/2021:16:14:16 +0200] "GET /reload?ser=1622470457829 HTTP/1.1" 200 28 "http://renault.activities.at/10260303" "Mozilla/5.0 (Windows NT 10.0; Win64; x64) AppleWebKit/537.36 (KHTML, like Gecko) Chrome/90.0.4430.212 Safari/537.36"
80.120.210.179 - - [31/May/2021:16:15:18 +0200] "GET /reload?ser=1622470519832 HTTP/1.1" 200 28 "http://renault.activities.at/10260303" "Mozilla/5.0 (Windows NT 10.0; Win64; x64) AppleWebKit/537.36 (KHTML, like Gecko) Chrome/90.0.4430.212 Safari/537.36"
80.120.210.179 - - [31/May/2021:16:16:20 +0200] "GET /reload?ser=1622470581835 HTTP/1.1" 200 28 "http://renault.activities.at/10260303" "Mozilla/5.0 (Windows NT 10.0; Win64; x64) AppleWebKit/537.36 (KHTML, like Gecko) Chrome/90.0.4430.212 Safari/537.36"
80.120.210.179 - - [31/May/2021:16:17:22 +0200] "GET /reload?ser=1622470643853 HTTP/1.1" 200 28 "http://renault.activities.at/10260303" "Mozilla/5.0 (Windows NT 10.0; Win64; x64) AppleWebKit/537.36 (KHTML, like Gecko) Chrome/90.0.4430.212 Safari/537.36"
80.120.210.179 - - [31/May/2021:16:18:23 +0200] "GET /reload?ser=1622470704836 HTTP/1.1" 200 28 "http://renault.activities.at/10260303" "Mozilla/5.0 (Windows NT 10.0; Win64; x64) AppleWebKit/537.36 (KHTML, like Gecko) Chrome/90.0.4430.212 Safari/537.36"
80.120.210.179 - - [31/May/2021:16:19:25 +0200] "GET /reload?ser=1622470766834 HTTP/1.1" 200 28 "http://renault.activities.at/10260303" "Mozilla/5.0 (Windows NT 10.0; Win64; x64) AppleWebKit/537.36 (KHTML, like Gecko) Chrome/90.0.4430.212 Safari/537.36"
80.120.210.179 - - [31/May/2021:16:20:30 +0200] "GET /reload?ser=1622470831427 HTTP/1.1" 200 28 "http://renault.activities.at/10260303" "Mozilla/5.0 (Windows NT 10.0; Win64; x64) AppleWebKit/537.36 (KHTML, like Gecko) Chrome/90.0.4430.212 Safari/537.36"
80.120.210.179 - - [31/May/2021:16:21:31 +0200] "GET /reload?ser=1622470892825 HTTP/1.1" 200 28 "http://renault.activities.at/10260303" "Mozilla/5.0 (Windows NT 10.0; Win64; x64) AppleWebKit/537.36 (KHTML, like Gecko) Chrome/90.0.4430.212 Safari/537.36"
80.120.210.179 - - [31/May/2021:16:22:33 +0200] "GET /reload?ser=1622470954830 HTTP/1.1" 200 28 "http://renault.activities.at/10260303" "Mozilla/5.0 (Windows NT 10.0; Win64; x64) AppleWebKit/537.36 (KHTML, like Gecko) Chrome/90.0.4430.212 Safari/537.36"
80.120.210.179 - - [31/May/2021:16:23:35 +0200] "GET /reload?ser=1622471016829 HTTP/1.1" 200 28 "http://renault.activities.at/10260303" "Mozilla/5.0 (Windows NT 10.0; Win64; x64) AppleWebKit/537.36 (KHTML, like Gecko) Chrome/90.0.4430.212 Safari/537.36"
80.120.210.179 - - [31/May/2021:16:24:36 +0200] "GET /reload?ser=1622471077825 HTTP/1.1" 200 28 "http://renault.activities.at/10260303" "Mozilla/5.0 (Windows NT 10.0; Win64; x64) AppleWebKit/537.36 (KHTML, like Gecko) Chrome/90.0.4430.212 Safari/537.36"
80.120.210.179 - - [31/May/2021:16:25:37 +0200] "GET /reload?ser=1622471138827 HTTP/1.1" 200 28 "http://renault.activities.at/10260303" "Mozilla/5.0 (Windows NT 10.0; Win64; x64) AppleWebKit/537.36 (KHTML, like Gecko) Chrome/90.0.4430.212 Safari/537.36"
80.120.210.179 - - [31/May/2021:16:26:20 +0200] "POST /axjaxrequest?mode=suggest HTTP/1.1" 200 175 "http://renault.activities.at/10260303" "Mozilla/5.0 (Windows NT 10.0; Win64; x64) AppleWebKit/537.36 (KHTML, like Gecko) Chrome/90.0.4430.212 Safari/537.36"
80.120.210.179 - - [31/May/2021:16:26:22 +0200] "GET /result?searchterm=true&search=trafik HTTP/1.1" 200 4657 "http://renault.activities.at/10260303" "Mozilla/5.0 (Windows NT 10.0; Win64; x64) AppleWebKit/537.36 (KHTML, like Gecko) Chrome/90.0.4430.212 Safari/537.36"
80.120.210.179 - - [31/May/2021:16:26:22 +0200] "POST /axjaxrequest?mode=suggest HTTP/1.1" 200 21 "http://renault.activities.at/10260303" "Mozilla/5.0 (Windows NT 10.0; Win64; x64) AppleWebKit/537.36 (KHTML, like Gecko) Chrome/90.0.4430.212 Safari/537.36"
80.120.210.179 - - [31/May/2021:16:26:25 +0200] "GET /result?searchterm=true&search=trafic HTTP/1.1" 200 6967 "http://renault.activities.at/result?searchterm=true&search=trafik" "Mozilla/5.0 (Windows NT 10.0; Win64; x64) AppleWebKit/537.36 (KHTML, like Gecko) Chrome/90.0.4430.212 Safari/537.36"
80.120.210.179 - - [31/May/2021:16:26:26 +0200] "POST /axjaxrequest?mode=suggest HTTP/1.1" 200 112 "http://renault.activities.at/result?searchterm=true&search=trafik" "Mozilla/5.0 (Windows NT 10.0; Win64; x64) AppleWebKit/537.36 (KHTML, like Gecko) Chrome/90.0.4430.212 Safari/537.36"
80.120.210.179 - - [31/May/2021:16:26:27 +0200] "GET /result?searchterm=true&search=trafic HTTP/1.1" 200 6967 "http://renault.activities.at/result?searchterm=true&search=trafik" "Mozilla/5.0 (Windows NT 10.0; Win64; x64) AppleWebKit/537.36 (KHTML, like Gecko) Chrome/90.0.4430.212 Safari/537.36"
80.120.210.179 - - [31/May/2021:16:26:36 +0200] "POST /axjaxrequest?mode=suggest HTTP/1.1" 200 197 "http://renault.activities.at/result?searchterm=true&search=trafic" "Mozilla/5.0 (Windows NT 10.0; Win64; x64) AppleWebKit/537.36 (KHTML, like Gecko) Chrome/90.0.4430.212 Safari/537.36"
80.120.210.179 - - [31/May/2021:16:26:38 +0200] "POST /axjaxrequest?mode=suggest HTTP/1.1" 200 113 "http://renault.activities.at/result?searchterm=true&search=trafic" "Mozilla/5.0 (Windows NT 10.0; Win64; x64) AppleWebKit/537.36 (KHTML, like Gecko) Chrome/90.0.4430.212 Safari/537.36"
80.120.210.179 - - [31/May/2021:16:26:39 +0200] "GET /result?searchterm=true&search=renault HTTP/1.1" 200 8432 "http://renault.activities.at/result?searchterm=true&search=trafic" "Mozilla/5.0 (Windows NT 10.0; Win64; x64) AppleWebKit/537.36 (KHTML, like Gecko) Chrome/90.0.4430.212 Safari/537.36"
80.120.210.179 - - [31/May/2021:16:26:39 +0200] "POST /axjaxrequest?mode=suggest HTTP/1.1" 200 113 "http://renault.activities.at/result?searchterm=true&search=trafic" "Mozilla/5.0 (Windows NT 10.0; Win64; x64) AppleWebKit/537.36 (KHTML, like Gecko) Chrome/90.0.4430.212 Safari/537.36"
80.120.210.179 - - [31/May/2021:16:26:42 +0200] "GET /result?searchterm=true&search=Renault HTTP/1.1" 200 8432 "http://renault.activities.at/result?searchterm=true&search=trafic" "Mozilla/5.0 (Windows NT 10.0; Win64; x64) AppleWebKit/537.36 (KHTML, like Gecko) Chrome/90.0.4430.212 Safari/537.36"
80.120.210.179 - - [31/May/2021:16:26:42 +0200] "GET /result?searchterm=true&search=Renault HTTP/1.1" 200 8432 "http://renault.activities.at/result?searchterm=true&search=trafic" "Mozilla/5.0 (Windows NT 10.0; Win64; x64) AppleWebKit/537.36 (KHTML, like Gecko) Chrome/90.0.4430.212 Safari/537.36"
80.120.210.179 - - [31/May/2021:16:26:45 +0200] "GET /result?searchterm=true&search=Renault HTTP/1.1" 200 8432 "http://renault.activities.at/result?searchterm=true&search=trafic" "Mozilla/5.0 (Windows NT 10.0; Win64; x64) AppleWebKit/537.36 (KHTML, like Gecko) Chrome/90.0.4430.212 Safari/537.36"
80.120.210.179 - - [31/May/2021:16:27:04 +0200] "GET /11339765?print=true HTTP/1.1" 200 2645 "http://renault.activities.at/result?searchterm=true&search=Renault" "Mozilla/5.0 (Windows NT 10.0; Win64; x64) AppleWebKit/537.36 (KHTML, like Gecko) Chrome/90.0.4430.212 Safari/537.36"
80.120.210.179 - - [31/May/2021:16:27:14 +0200] "GET /result?dir=DESC&mode=grid&order=name&limit=15&page=5&search=Renault HTTP/1.1" 200 8961 "http://renault.activities.at/result?searchterm=true&search=Renault" "Mozilla/5.0 (Windows NT 10.0; Win64; x64) AppleWebKit/537.36 (KHTML, like Gecko) Chrome/90.0.4430.212 Safari/537.36"
80.120.210.179 - - [31/May/2021:16:27:22 +0200] "GET /result?dir=DESC&mode=grid&order=name&limit=15&page=4&search=Renault HTTP/1.1" 200 8836 "http://renault.activities.at/result?dir=DESC&mode=grid&order=name&limit=15&page=5&search=Renault" "Mozilla/5.0 (Windows NT 10.0; Win64; x64) AppleWebKit/537.36 (KHTML, like Gecko) Chrome/90.0.4430.212 Safari/537.36"
80.120.210.179 - - [31/May/2021:16:27:32 +0200] "GET /result?dir=DESC&mode=grid&order=name&limit=15&page=5&search=Renault HTTP/1.1" 200 8961 "http://renault.activities.at/result?searchterm=true&search=Renault" "Mozilla/5.0 (Windows NT 10.0; Win64; x64) AppleWebKit/537.36 (KHTML, like Gecko) Chrome/90.0.4430.212 Safari/537.36"
80.120.210.179 - - [31/May/2021:16:27:43 +0200] "POST /axjaxrequest?mode=suggest HTTP/1.1" 200 117 "http://renault.activities.at/result?dir=DESC&mode=grid&order=name&limit=15&page=5&search=Renault" "Mozilla/5.0 (Windows NT 10.0; Win64; x64) AppleWebKit/537.36 (KHTML, like Gecko) Chrome/90.0.4430.212 Safari/537.36"
80.120.210.179 - - [31/May/2021:16:27:43 +0200] "GET /result?searchterm=true&search=nutz HTTP/1.1" 200 6426 "http://renault.activities.at/result?dir=DESC&mode=grid&order=name&limit=15&page=5&search=Renault" "Mozilla/5.0 (Windows NT 10.0; Win64; x64) AppleWebKit/537.36 (KHTML, like Gecko) Chrome/90.0.4430.212 Safari/537.36"
80.120.210.179 - - [31/May/2021:16:27:45 +0200] "GET /result?searchterm=true&search=Nutzfahrzeuge HTTP/1.1" 200 6266 "http://renault.activities.at/result?dir=DESC&mode=grid&order=name&limit=15&page=5&search=Renault" "Mozilla/5.0 (Windows NT 10.0; Win64; x64) AppleWebKit/537.36 (KHTML, like Gecko) Chrome/90.0.4430.212 Safari/537.36"
80.120.210.179 - - [31/May/2021:16:27:46 +0200] "GET /result?searchterm=true&search=Nutzfahrzeuge HTTP/1.1" 200 6266 "http://renault.activities.at/result?dir=DESC&mode=grid&order=name&limit=15&page=5&search=Renault" "Mozilla/5.0 (Windows NT 10.0; Win64; x64) AppleWebKit/537.36 (KHTML, like Gecko) Chrome/90.0.4430.212 Safari/537.36"
80.120.210.179 - - [31/May/2021:16:27:50 +0200] "GET /loadthumbnail.php?id=12115542&width=113 HTTP/1.1" 200 6084 "http://renault.activities.at/result?searchterm=true&search=Nutzfahrzeuge" "Mozilla/5.0 (Windows NT 10.0; Win64; x64) AppleWebKit/537.36 (KHTML, like Gecko) Chrome/90.0.4430.212 Safari/537.36"
80.120.210.179 - - [31/May/2021:16:27:50 +0200] "GET /loadthumbnail.php?id=12294747&width=113 HTTP/1.1" 200 20271 "http://renault.activities.at/result?searchterm=true&search=Nutzfahrzeuge" "Mozilla/5.0 (Windows NT 10.0; Win64; x64) AppleWebKit/537.36 (KHTML, like Gecko) Chrome/90.0.4430.212 Safari/537.36"
80.120.210.179 - - [31/May/2021:16:27:55 +0200] "GET /result?searchterm=true&search=trafic HTTP/1.1" 200 6967 "http://renault.activities.at/result?searchterm=true&search=Nutzfahrzeuge" "Mozilla/5.0 (Windows NT 10.0; Win64; x64) AppleWebKit/537.36 (KHTML, like Gecko) Chrome/90.0.4430.212 Safari/537.36"
80.120.210.179 - - [31/May/2021:16:27:55 +0200] "POST /axjaxrequest?mode=suggest HTTP/1.1" 200 112 "http://renault.activities.at/result?searchterm=true&search=Nutzfahrzeuge" "Mozilla/5.0 (Windows NT 10.0; Win64; x64) AppleWebKit/537.36 (KHTML, like Gecko) Chrome/90.0.4430.212 Safari/537.36"
80.120.210.179 - - [31/May/2021:16:27:57 +0200] "GET /result?searchterm=true&search=trafic HTTP/1.1" 200 6967 "http://renault.activities.at/result?searchterm=true&search=Nutzfahrzeuge" "Mozilla/5.0 (Windows NT 10.0; Win64; x64) AppleWebKit/537.36 (KHTML, like Gecko) Chrome/90.0.4430.212 Safari/537.36"
80.120.210.179 - - [31/May/2021:16:28:03 +0200] "GET /11339765?print=true HTTP/1.1" 200 2645 "http://renault.activities.at/result?searchterm=true&search=trafic" "Mozilla/5.0 (Windows NT 10.0; Win64; x64) AppleWebKit/537.36 (KHTML, like Gecko) Chrome/90.0.4430.212 Safari/537.36"
80.120.210.179 - - [31/May/2021:16:28:31 +0200] "GET /aboutus HTTP/1.1" 200 4795 "http://renault.activities.at/result?searchterm=true&search=trafic" "Mozilla/5.0 (Windows NT 10.0; Win64; x64) AppleWebKit/537.36 (KHTML, like Gecko) Chrome/90.0.4430.212 Safari/537.36"
80.120.210.179 - - [31/May/2021:16:29:33 +0200] "GET /reload?ser=1622471374691 HTTP/1.1" 200 28 "http://renault.activities.at/aboutus" "Mozilla/5.0 (Windows NT 10.0; Win64; x64) AppleWebKit/537.36 (KHTML, like Gecko) Chrome/90.0.4430.212 Safari/537.36"
80.123.225.38 - - [31/May/2021:16:30:29 +0200] "GET / HTTP/1.1" 200 3315 "-" "Mozilla/5.0 (Windows NT 6.1; WOW64; Trident/7.0; rv:11.0) like Gecko"
80.123.225.38 - - [31/May/2021:16:30:30 +0200] "GET /js/default.js HTTP/1.1" 304 - "http://renault.activities.at/" "Mozilla/5.0 (Windows NT 6.1; WOW64; Trident/7.0; rv:11.0) like Gecko"
80.123.225.38 - - [31/May/2021:16:30:30 +0200] "GET /js/flashdetection.js HTTP/1.1" 304 - "http://renault.activities.at/" "Mozilla/5.0 (Windows NT 6.1; WOW64; Trident/7.0; rv:11.0) like Gecko"
80.123.225.38 - - [31/May/2021:16:30:30 +0200] "GET /css/reset.css HTTP/1.1" 304 - "http://renault.activities.at/" "Mozilla/5.0 (Windows NT 6.1; WOW64; Trident/7.0; rv:11.0) like Gecko"
80.123.225.38 - - [31/May/2021:16:30:30 +0200] "GET /js/index.php?c=auto&f=,prototype/prototype.js,prototype/validation.js,scriptaculous/builder.js,scriptaculous/effects.js,scriptaculous/dragdrop.js,scriptaculous/controls.js,scriptaculous/slider.js,varien/js.js,varien/form.js,varien/menu.js,mage/translate.js,mage/cookies.js,varien/product.js,spinner/SpinnerControl.jsmin.js,prototype/window.js,prototype/window_ext.js HTTP/1.1" 304 - "http://renault.activities.at/" "Mozilla/5.0 (Windows NT 6.1; WOW64; Trident/7.0; rv:11.0) like Gecko"
80.123.225.38 - - [31/May/2021:16:30:30 +0200] "GET /css/styles.css HTTP/1.1" 304 - "http://renault.activities.at/" "Mozilla/5.0 (Windows NT 6.1; WOW64; Trident/7.0; rv:11.0) like Gecko"
80.123.225.38 - - [31/May/2021:16:30:30 +0200] "GET /css/clears.css HTTP/1.1" 304 - "http://renault.activities.at/" "Mozilla/5.0 (Windows NT 6.1; WOW64; Trident/7.0; rv:11.0) like Gecko"
80.123.225.38 - - [31/May/2021:16:30:30 +0200] "GET /css/print.css HTTP/1.1" 304 - "http://renault.activities.at/" "Mozilla/5.0 (Windows NT 6.1; WOW64; Trident/7.0; rv:11.0) like Gecko"
80.123.225.38 - - [31/May/2021:16:30:30 +0200] "GET /js/checkout.css HTTP/1.1" 304 - "http://renault.activities.at/" "Mozilla/5.0 (Windows NT 6.1; WOW64; Trident/7.0; rv:11.0) like Gecko"
80.123.225.38 - - [31/May/2021:16:30:30 +0200] "GET /css/prototip.css HTTP/1.1" 304 - "http://renault.activities.at/" "Mozilla/5.0 (Windows NT 6.1; WOW64; Trident/7.0; rv:11.0) like Gecko"
80.123.225.38 - - [31/May/2021:16:30:30 +0200] "GET /css/themes/default.css HTTP/1.1" 304 - "http://renault.activities.at/" "Mozilla/5.0 (Windows NT 6.1; WOW64; Trident/7.0; rv:11.0) like Gecko"
80.123.225.38 - - [31/May/2021:16:30:30 +0200] "GET /css/themes/alphacube.css HTTP/1.1" 304 - "http://renault.activities.at/" "Mozilla/5.0 (Windows NT 6.1; WOW64; Trident/7.0; rv:11.0) like Gecko"
80.123.225.38 - - [31/May/2021:16:30:30 +0200] "GET /images/main_block_border.gif HTTP/1.1" 304 - "http://renault.activities.at/" "Mozilla/5.0 (Windows NT 6.1; WOW64; Trident/7.0; rv:11.0) like Gecko"
80.123.225.38 - - [31/May/2021:16:30:30 +0200] "GET /images/main_block_corner_left_bot.gif HTTP/1.1" 304 - "http://renault.activities.at/" "Mozilla/5.0 (Windows NT 6.1; WOW64; Trident/7.0; rv:11.0) like Gecko"
80.123.225.38 - - [31/May/2021:16:30:30 +0200] "GET /images/main_block_corner_right_bot.gif HTTP/1.1" 304 - "http://renault.activities.at/" "Mozilla/5.0 (Windows NT 6.1; WOW64; Trident/7.0; rv:11.0) like Gecko"
80.123.225.38 - - [31/May/2021:16:30:30 +0200] "GET /images/header_block_border.gif HTTP/1.1" 304 - "http://renault.activities.at/" "Mozilla/5.0 (Windows NT 6.1; WOW64; Trident/7.0; rv:11.0) like Gecko"
80.123.225.38 - - [31/May/2021:16:30:30 +0200] "GET /images/header_block_corner_left_top.gif HTTP/1.1" 304 - "http://renault.activities.at/" "Mozilla/5.0 (Windows NT 6.1; WOW64; Trident/7.0; rv:11.0) like Gecko"
80.123.225.38 - - [31/May/2021:16:30:30 +0200] "GET /images/header_block_corner_right_top.gif HTTP/1.1" 304 - "http://renault.activities.at/" "Mozilla/5.0 (Windows NT 6.1; WOW64; Trident/7.0; rv:11.0) like Gecko"
80.123.225.38 - - [31/May/2021:16:30:30 +0200] "GET /images/main_block_corner_left_top.gif HTTP/1.1" 304 - "http://renault.activities.at/" "Mozilla/5.0 (Windows NT 6.1; WOW64; Trident/7.0; rv:11.0) like Gecko"
80.123.225.38 - - [31/May/2021:16:30:30 +0200] "GET /images/main_block_corner_right_top.gif HTTP/1.1" 304 - "http://renault.activities.at/" "Mozilla/5.0 (Windows NT 6.1; WOW64; Trident/7.0; rv:11.0) like Gecko"
80.123.225.38 - - [31/May/2021:16:30:30 +0200] "GET /images/title_border.jpg HTTP/1.1" 304 - "http://renault.activities.at/" "Mozilla/5.0 (Windows NT 6.1; WOW64; Trident/7.0; rv:11.0) like Gecko"
80.123.225.38 - - [31/May/2021:16:30:30 +0200] "GET /images/favicon.ico HTTP/1.1" 404 305 "-" "Mozilla/5.0 (Windows NT 6.1; WOW64; Trident/7.0; rv:11.0) like Gecko"
80.123.225.38 - - [31/May/2021:16:30:30 +0200] "GET /images/title_border_top.jpg HTTP/1.1" 304 - "http://renault.activities.at/" "Mozilla/5.0 (Windows NT 6.1; WOW64; Trident/7.0; rv:11.0) like Gecko"
80.123.225.38 - - [31/May/2021:16:30:30 +0200] "GET /images/title_corner_left_top.jpg HTTP/1.1" 304 - "http://renault.activities.at/" "Mozilla/5.0 (Windows NT 6.1; WOW64; Trident/7.0; rv:11.0) like Gecko"
80.123.225.38 - - [31/May/2021:16:30:30 +0200] "GET /images/title_corner_right_top.jpg HTTP/1.1" 304 - "http://renault.activities.at/" "Mozilla/5.0 (Windows NT 6.1; WOW64; Trident/7.0; rv:11.0) like Gecko"
80.123.225.38 - - [31/May/2021:16:30:30 +0200] "GET /loadthumbnail.php?id=11127982 HTTP/1.1" 200 399614 "http://renault.activities.at/" "Mozilla/5.0 (Windows NT 6.1; WOW64; Trident/7.0; rv:11.0) like Gecko"
80.120.210.179 - - [31/May/2021:16:30:34 +0200] "GET /reload?ser=1622471435672 HTTP/1.1" 200 28 "http://renault.activities.at/aboutus" "Mozilla/5.0 (Windows NT 10.0; Win64; x64) AppleWebKit/537.36 (KHTML, like Gecko) Chrome/90.0.4430.212 Safari/537.36"
80.123.225.38 - - [31/May/2021:16:30:35 +0200] "GET /login HTTP/1.1" 200 2085 "http://renault.activities.at/" "Mozilla/5.0 (Windows NT 6.1; WOW64; Trident/7.0; rv:11.0) like Gecko"
80.123.225.38 - - [31/May/2021:16:30:36 +0200] "GET /js/default.js HTTP/1.1" 304 - "http://renault.activities.at/login" "Mozilla/5.0 (Windows NT 6.1; WOW64; Trident/7.0; rv:11.0) like Gecko"
80.123.225.38 - - [31/May/2021:16:30:36 +0200] "GET /css/reset.css HTTP/1.1" 304 - "http://renault.activities.at/login" "Mozilla/5.0 (Windows NT 6.1; WOW64; Trident/7.0; rv:11.0) like Gecko"
80.123.225.38 - - [31/May/2021:16:30:36 +0200] "GET /css/styles.css HTTP/1.1" 304 - "http://renault.activities.at/login" "Mozilla/5.0 (Windows NT 6.1; WOW64; Trident/7.0; rv:11.0) like Gecko"
80.123.225.38 - - [31/May/2021:16:30:36 +0200] "GET /css/clears.css HTTP/1.1" 304 - "http://renault.activities.at/login" "Mozilla/5.0 (Windows NT 6.1; WOW64; Trident/7.0; rv:11.0) like Gecko"
80.123.225.38 - - [31/May/2021:16:30:36 +0200] "GET /js/index.php?c=auto&f=,prototype/prototype.js,prototype/validation.js,scriptaculous/builder.js,scriptaculous/effects.js,scriptaculous/dragdrop.js,scriptaculous/controls.js,scriptaculous/slider.js,varien/js.js,varien/form.js,varien/menu.js,mage/translate.js,mage/cookies.js,varien/product.js,spinner/SpinnerControl.jsmin.js,prototype/window.js,prototype/window_ext.js HTTP/1.1" 304 - "http://renault.activities.at/login" "Mozilla/5.0 (Windows NT 6.1; WOW64; Trident/7.0; rv:11.0) like Gecko"
80.123.225.38 - - [31/May/2021:16:30:36 +0200] "GET /css/print.css HTTP/1.1" 304 - "http://renault.activities.at/login" "Mozilla/5.0 (Windows NT 6.1; WOW64; Trident/7.0; rv:11.0) like Gecko"
80.123.225.38 - - [31/May/2021:16:30:36 +0200] "GET /js/checkout.css HTTP/1.1" 304 - "http://renault.activities.at/login" "Mozilla/5.0 (Windows NT 6.1; WOW64; Trident/7.0; rv:11.0) like Gecko"
80.123.225.38 - - [31/May/2021:16:30:36 +0200] "GET /css/prototip.css HTTP/1.1" 304 - "http://renault.activities.at/login" "Mozilla/5.0 (Windows NT 6.1; WOW64; Trident/7.0; rv:11.0) like Gecko"
80.123.225.38 - - [31/May/2021:16:30:36 +0200] "GET /css/themes/default.css HTTP/1.1" 304 - "http://renault.activities.at/login" "Mozilla/5.0 (Windows NT 6.1; WOW64; Trident/7.0; rv:11.0) like Gecko"
80.123.225.38 - - [31/May/2021:16:30:36 +0200] "GET /css/themes/alphacube.css HTTP/1.1" 304 - "http://renault.activities.at/login" "Mozilla/5.0 (Windows NT 6.1; WOW64; Trident/7.0; rv:11.0) like Gecko"
80.123.225.38 - - [31/May/2021:16:30:36 +0200] "GET /images/main_block_border.gif HTTP/1.1" 304 - "http://renault.activities.at/login" "Mozilla/5.0 (Windows NT 6.1; WOW64; Trident/7.0; rv:11.0) like Gecko"
