91.112.95.54 - - [31/May/2021:10:50:16 +0200] "GET /reload?ser=1622451016144 HTTP/1.1" 200 28 "http://renault.activities.at/success" "Mozilla/5.0 (Windows NT 10.0; Win64; x64) AppleWebKit/537.36 (KHTML, like Gecko) Chrome/90.0.4430.212 Safari/537.36"
80.80.251.48 - - [31/May/2021:10:50:29 +0200] "GET /reload?ser=1622451028876 HTTP/1.1" 200 28 "http://renault.activities.at/success" "Mozilla/5.0 (Windows NT 10.0; Win64; x64) AppleWebKit/537.36 (KHTML, like Gecko) Chrome/90.0.4430.212 Safari/537.36"
193.194.132.24 - - [31/May/2021:10:50:50 +0200] "GET /reload?ser=1622451049680 HTTP/1.1" 200 28 "http://renault.2web.at/account" "Mozilla/5.0 (Windows NT 10.0; Win64; x64) AppleWebKit/537.36 (KHTML, like Gecko) Chrome/90.0.4430.212 Safari/537.36"
80.120.210.179 - - [31/May/2021:10:50:57 +0200] "GET /reload?ser=1622451057834 HTTP/1.1" 200 28 "http://renault.activities.at/10260303" "Mozilla/5.0 (Windows NT 10.0; Win64; x64) AppleWebKit/537.36 (KHTML, like Gecko) Chrome/90.0.4430.212 Safari/537.36"
91.112.95.54 - - [31/May/2021:10:51:17 +0200] "GET /reload?ser=1622451077150 HTTP/1.1" 200 28 "http://renault.activities.at/success" "Mozilla/5.0 (Windows NT 10.0; Win64; x64) AppleWebKit/537.36 (KHTML, like Gecko) Chrome/90.0.4430.212 Safari/537.36"
80.80.251.48 - - [31/May/2021:10:51:30 +0200] "GET /reload?ser=1622451089872 HTTP/1.1" 200 28 "http://renault.activities.at/success" "Mozilla/5.0 (Windows NT 10.0; Win64; x64) AppleWebKit/537.36 (KHTML, like Gecko) Chrome/90.0.4430.212 Safari/537.36"
193.194.132.24 - - [31/May/2021:10:51:52 +0200] "GET /reload?ser=1622451111681 HTTP/1.1" 200 28 "http://renault.2web.at/account" "Mozilla/5.0 (Windows NT 10.0; Win64; x64) AppleWebKit/537.36 (KHTML, like Gecko) Chrome/90.0.4430.212 Safari/537.36"
80.120.210.179 - - [31/May/2021:10:51:59 +0200] "GET /reload?ser=1622451119828 HTTP/1.1" 200 28 "http://renault.activities.at/10260303" "Mozilla/5.0 (Windows NT 10.0; Win64; x64) AppleWebKit/537.36 (KHTML, like Gecko) Chrome/90.0.4430.212 Safari/537.36"
91.112.95.54 - - [31/May/2021:10:52:18 +0200] "GET /reload?ser=1622451138148 HTTP/1.1" 200 28 "http://renault.activities.at/success" "Mozilla/5.0 (Windows NT 10.0; Win64; x64) AppleWebKit/537.36 (KHTML, like Gecko) Chrome/90.0.4430.212 Safari/537.36"
80.80.251.48 - - [31/May/2021:10:52:32 +0200] "GET /reload?ser=1622451151865 HTTP/1.1" 200 28 "http://renault.activities.at/success" "Mozilla/5.0 (Windows NT 10.0; Win64; x64) AppleWebKit/537.36 (KHTML, like Gecko) Chrome/90.0.4430.212 Safari/537.36"
193.194.132.24 - - [31/May/2021:10:52:54 +0200] "GET /reload?ser=1622451173682 HTTP/1.1" 200 28 "http://renault.2web.at/account" "Mozilla/5.0 (Windows NT 10.0; Win64; x64) AppleWebKit/537.36 (KHTML, like Gecko) Chrome/90.0.4430.212 Safari/537.36"
80.120.210.179 - - [31/May/2021:10:53:01 +0200] "GET /reload?ser=1622451181825 HTTP/1.1" 200 28 "http://renault.activities.at/10260303" "Mozilla/5.0 (Windows NT 10.0; Win64; x64) AppleWebKit/537.36 (KHTML, like Gecko) Chrome/90.0.4430.212 Safari/537.36"
91.112.95.54 - - [31/May/2021:10:53:19 +0200] "GET /reload?ser=1622451199141 HTTP/1.1" 200 28 "http://renault.activities.at/success" "Mozilla/5.0 (Windows NT 10.0; Win64; x64) AppleWebKit/537.36 (KHTML, like Gecko) Chrome/90.0.4430.212 Safari/537.36"
80.80.251.48 - - [31/May/2021:10:53:33 +0200] "GET /reload?ser=1622451212867 HTTP/1.1" 200 28 "http://renault.activities.at/success" "Mozilla/5.0 (Windows NT 10.0; Win64; x64) AppleWebKit/537.36 (KHTML, like Gecko) Chrome/90.0.4430.212 Safari/537.36"
193.194.132.24 - - [31/May/2021:10:53:56 +0200] "GET /reload?ser=1622451235683 HTTP/1.1" 200 28 "http://renault.2web.at/account" "Mozilla/5.0 (Windows NT 10.0; Win64; x64) AppleWebKit/537.36 (KHTML, like Gecko) Chrome/90.0.4430.212 Safari/537.36"
80.120.210.179 - - [31/May/2021:10:54:03 +0200] "GET /reload?ser=1622451243825 HTTP/1.1" 200 28 "http://renault.activities.at/10260303" "Mozilla/5.0 (Windows NT 10.0; Win64; x64) AppleWebKit/537.36 (KHTML, like Gecko) Chrome/90.0.4430.212 Safari/537.36"
91.112.95.54 - - [31/May/2021:10:54:20 +0200] "GET /reload?ser=1622451260150 HTTP/1.1" 200 28 "http://renault.activities.at/success" "Mozilla/5.0 (Windows NT 10.0; Win64; x64) AppleWebKit/537.36 (KHTML, like Gecko) Chrome/90.0.4430.212 Safari/537.36"
80.80.251.48 - - [31/May/2021:10:54:35 +0200] "GET /reload?ser=1622451274877 HTTP/1.1" 200 28 "http://renault.activities.at/success" "Mozilla/5.0 (Windows NT 10.0; Win64; x64) AppleWebKit/537.36 (KHTML, like Gecko) Chrome/90.0.4430.212 Safari/537.36"
193.194.132.24 - - [31/May/2021:10:54:58 +0200] "GET /reload?ser=1622451297683 HTTP/1.1" 200 28 "http://renault.2web.at/account" "Mozilla/5.0 (Windows NT 10.0; Win64; x64) AppleWebKit/537.36 (KHTML, like Gecko) Chrome/90.0.4430.212 Safari/537.36"
80.120.210.179 - - [31/May/2021:10:55:04 +0200] "GET /reload?ser=1622451304826 HTTP/1.1" 200 28 "http://renault.activities.at/10260303" "Mozilla/5.0 (Windows NT 10.0; Win64; x64) AppleWebKit/537.36 (KHTML, like Gecko) Chrome/90.0.4430.212 Safari/537.36"
91.112.95.54 - - [31/May/2021:10:55:21 +0200] "GET /reload?ser=1622451321145 HTTP/1.1" 200 28 "http://renault.activities.at/success" "Mozilla/5.0 (Windows NT 10.0; Win64; x64) AppleWebKit/537.36 (KHTML, like Gecko) Chrome/90.0.4430.212 Safari/537.36"
80.80.251.48 - - [31/May/2021:10:55:37 +0200] "GET /reload?ser=1622451336872 HTTP/1.1" 200 28 "http://renault.activities.at/success" "Mozilla/5.0 (Windows NT 10.0; Win64; x64) AppleWebKit/537.36 (KHTML, like Gecko) Chrome/90.0.4430.212 Safari/537.36"
193.194.132.24 - - [31/May/2021:10:56:00 +0200] "GET /reload?ser=1622451359684 HTTP/1.1" 200 28 "http://renault.2web.at/account" "Mozilla/5.0 (Windows NT 10.0; Win64; x64) AppleWebKit/537.36 (KHTML, like Gecko) Chrome/90.0.4430.212 Safari/537.36"
80.120.210.179 - - [31/May/2021:10:56:05 +0200] "GET /reload?ser=1622451365838 HTTP/1.1" 200 28 "http://renault.activities.at/10260303" "Mozilla/5.0 (Windows NT 10.0; Win64; x64) AppleWebKit/537.36 (KHTML, like Gecko) Chrome/90.0.4430.212 Safari/537.36"
91.112.95.54 - - [31/May/2021:10:56:22 +0200] "GET /reload?ser=1622451382143 HTTP/1.1" 200 28 "http://renault.activities.at/success" "Mozilla/5.0 (Windows NT 10.0; Win64; x64) AppleWebKit/537.36 (KHTML, like Gecko) Chrome/90.0.4430.212 Safari/537.36"
80.80.251.48 - - [31/May/2021:10:56:38 +0200] "GET /reload?ser=1622451397879 HTTP/1.1" 200 28 "http://renault.activities.at/success" "Mozilla/5.0 (Windows NT 10.0; Win64; x64) AppleWebKit/537.36 (KHTML, like Gecko) Chrome/90.0.4430.212 Safari/537.36"
193.194.132.24 - - [31/May/2021:10:57:02 +0200] "GET /reload?ser=1622451421683 HTTP/1.1" 200 28 "http://renault.2web.at/account" "Mozilla/5.0 (Windows NT 10.0; Win64; x64) AppleWebKit/537.36 (KHTML, like Gecko) Chrome/90.0.4430.212 Safari/537.36"
80.120.210.179 - - [31/May/2021:10:57:07 +0200] "GET /reload?ser=1622451427827 HTTP/1.1" 200 28 "http://renault.activities.at/10260303" "Mozilla/5.0 (Windows NT 10.0; Win64; x64) AppleWebKit/537.36 (KHTML, like Gecko) Chrome/90.0.4430.212 Safari/537.36"
91.112.95.54 - - [31/May/2021:10:57:23 +0200] "GET /reload?ser=1622451443144 HTTP/1.1" 200 28 "http://renault.activities.at/success" "Mozilla/5.0 (Windows NT 10.0; Win64; x64) AppleWebKit/537.36 (KHTML, like Gecko) Chrome/90.0.4430.212 Safari/537.36"
80.80.251.48 - - [31/May/2021:10:57:39 +0200] "GET /reload?ser=1622451458869 HTTP/1.1" 200 28 "http://renault.activities.at/success" "Mozilla/5.0 (Windows NT 10.0; Win64; x64) AppleWebKit/537.36 (KHTML, like Gecko) Chrome/90.0.4430.212 Safari/537.36"
193.194.132.24 - - [31/May/2021:10:58:04 +0200] "GET /reload?ser=1622451483684 HTTP/1.1" 200 28 "http://renault.2web.at/account" "Mozilla/5.0 (Windows NT 10.0; Win64; x64) AppleWebKit/537.36 (KHTML, like Gecko) Chrome/90.0.4430.212 Safari/537.36"
80.120.210.179 - - [31/May/2021:10:58:08 +0200] "GET /reload?ser=1622451488830 HTTP/1.1" 200 28 "http://renault.activities.at/10260303" "Mozilla/5.0 (Windows NT 10.0; Win64; x64) AppleWebKit/537.36 (KHTML, like Gecko) Chrome/90.0.4430.212 Safari/537.36"
91.112.95.54 - - [31/May/2021:10:58:24 +0200] "GET /reload?ser=1622451504146 HTTP/1.1" 200 28 "http://renault.activities.at/success" "Mozilla/5.0 (Windows NT 10.0; Win64; x64) AppleWebKit/537.36 (KHTML, like Gecko) Chrome/90.0.4430.212 Safari/537.36"
80.80.251.48 - - [31/May/2021:10:58:41 +0200] "GET /reload?ser=1622451520881 HTTP/1.1" 200 28 "http://renault.activities.at/success" "Mozilla/5.0 (Windows NT 10.0; Win64; x64) AppleWebKit/537.36 (KHTML, like Gecko) Chrome/90.0.4430.212 Safari/537.36"
193.194.132.24 - - [31/May/2021:10:59:06 +0200] "GET /reload?ser=1622451545684 HTTP/1.1" 200 28 "http://renault.2web.at/account" "Mozilla/5.0 (Windows NT 10.0; Win64; x64) AppleWebKit/537.36 (KHTML, like Gecko) Chrome/90.0.4430.212 Safari/537.36"
80.120.210.179 - - [31/May/2021:10:59:10 +0200] "GET /reload?ser=1622451550828 HTTP/1.1" 200 28 "http://renault.activities.at/10260303" "Mozilla/5.0 (Windows NT 10.0; Win64; x64) AppleWebKit/537.36 (KHTML, like Gecko) Chrome/90.0.4430.212 Safari/537.36"
91.112.95.54 - - [31/May/2021:10:59:25 +0200] "GET /reload?ser=1622451565151 HTTP/1.1" 200 28 "http://renault.activities.at/success" "Mozilla/5.0 (Windows NT 10.0; Win64; x64) AppleWebKit/537.36 (KHTML, like Gecko) Chrome/90.0.4430.212 Safari/537.36"
80.80.251.48 - - [31/May/2021:10:59:43 +0200] "GET /reload?ser=1622451582882 HTTP/1.1" 200 28 "http://renault.activities.at/success" "Mozilla/5.0 (Windows NT 10.0; Win64; x64) AppleWebKit/537.36 (KHTML, like Gecko) Chrome/90.0.4430.212 Safari/537.36"
193.194.132.24 - - [31/May/2021:11:00:08 +0200] "GET /reload?ser=1622451607684 HTTP/1.1" 200 28 "http://renault.2web.at/account" "Mozilla/5.0 (Windows NT 10.0; Win64; x64) AppleWebKit/537.36 (KHTML, like Gecko) Chrome/90.0.4430.212 Safari/537.36"
80.120.210.179 - - [31/May/2021:11:00:12 +0200] "GET /reload?ser=1622451612826 HTTP/1.1" 200 28 "http://renault.activities.at/10260303" "Mozilla/5.0 (Windows NT 10.0; Win64; x64) AppleWebKit/537.36 (KHTML, like Gecko) Chrome/90.0.4430.212 Safari/537.36"
91.112.95.54 - - [31/May/2021:11:00:26 +0200] "GET /reload?ser=1622451626157 HTTP/1.1" 200 28 "http://renault.activities.at/success" "Mozilla/5.0 (Windows NT 10.0; Win64; x64) AppleWebKit/537.36 (KHTML, like Gecko) Chrome/90.0.4430.212 Safari/537.36"
80.80.251.48 - - [31/May/2021:11:00:45 +0200] "GET /reload?ser=1622451644874 HTTP/1.1" 200 28 "http://renault.activities.at/success" "Mozilla/5.0 (Windows NT 10.0; Win64; x64) AppleWebKit/537.36 (KHTML, like Gecko) Chrome/90.0.4430.212 Safari/537.36"
193.194.132.24 - - [31/May/2021:11:01:10 +0200] "GET /reload?ser=1622451669685 HTTP/1.1" 200 28 "http://renault.2web.at/account" "Mozilla/5.0 (Windows NT 10.0; Win64; x64) AppleWebKit/537.36 (KHTML, like Gecko) Chrome/90.0.4430.212 Safari/537.36"
80.120.210.179 - - [31/May/2021:11:01:14 +0200] "GET /reload?ser=1622451674832 HTTP/1.1" 200 28 "http://renault.activities.at/10260303" "Mozilla/5.0 (Windows NT 10.0; Win64; x64) AppleWebKit/537.36 (KHTML, like Gecko) Chrome/90.0.4430.212 Safari/537.36"
91.112.95.54 - - [31/May/2021:11:01:27 +0200] "GET /reload?ser=1622451687159 HTTP/1.1" 200 28 "http://renault.activities.at/success" "Mozilla/5.0 (Windows NT 10.0; Win64; x64) AppleWebKit/537.36 (KHTML, like Gecko) Chrome/90.0.4430.212 Safari/537.36"
80.80.251.48 - - [31/May/2021:11:01:46 +0200] "GET /reload?ser=1622451705875 HTTP/1.1" 200 28 "http://renault.activities.at/success" "Mozilla/5.0 (Windows NT 10.0; Win64; x64) AppleWebKit/537.36 (KHTML, like Gecko) Chrome/90.0.4430.212 Safari/537.36"
193.194.132.24 - - [31/May/2021:11:02:12 +0200] "GET /reload?ser=1622451731685 HTTP/1.1" 200 28 "http://renault.2web.at/account" "Mozilla/5.0 (Windows NT 10.0; Win64; x64) AppleWebKit/537.36 (KHTML, like Gecko) Chrome/90.0.4430.212 Safari/537.36"
80.120.210.179 - - [31/May/2021:11:02:16 +0200] "GET /reload?ser=1622451736833 HTTP/1.1" 200 28 "http://renault.activities.at/10260303" "Mozilla/5.0 (Windows NT 10.0; Win64; x64) AppleWebKit/537.36 (KHTML, like Gecko) Chrome/90.0.4430.212 Safari/537.36"
91.112.95.54 - - [31/May/2021:11:02:28 +0200] "GET /reload?ser=1622451748146 HTTP/1.1" 200 28 "http://renault.activities.at/success" "Mozilla/5.0 (Windows NT 10.0; Win64; x64) AppleWebKit/537.36 (KHTML, like Gecko) Chrome/90.0.4430.212 Safari/537.36"
80.80.251.48 - - [31/May/2021:11:02:47 +0200] "GET /reload?ser=1622451766881 HTTP/1.1" 200 28 "http://renault.activities.at/success" "Mozilla/5.0 (Windows NT 10.0; Win64; x64) AppleWebKit/537.36 (KHTML, like Gecko) Chrome/90.0.4430.212 Safari/537.36"
193.194.132.24 - - [31/May/2021:11:03:14 +0200] "GET /reload?ser=1622451793696 HTTP/1.1" 200 28 "http://renault.2web.at/account" "Mozilla/5.0 (Windows NT 10.0; Win64; x64) AppleWebKit/537.36 (KHTML, like Gecko) Chrome/90.0.4430.212 Safari/537.36"
80.120.210.179 - - [31/May/2021:11:03:17 +0200] "GET /reload?ser=1622451797834 HTTP/1.1" 200 28 "http://renault.activities.at/10260303" "Mozilla/5.0 (Windows NT 10.0; Win64; x64) AppleWebKit/537.36 (KHTML, like Gecko) Chrome/90.0.4430.212 Safari/537.36"
91.112.95.54 - - [31/May/2021:11:03:29 +0200] "GET /reload?ser=1622451809150 HTTP/1.1" 200 28 "http://renault.activities.at/success" "Mozilla/5.0 (Windows NT 10.0; Win64; x64) AppleWebKit/537.36 (KHTML, like Gecko) Chrome/90.0.4430.212 Safari/537.36"
23.100.232.233 - - [31/May/2021:11:03:32 +0200] "GET /10260003?mode=list&cat=10260304 HTTP/1.1" 200 3693 "-" "Mozilla/5.0 (compatible; MSIE 9.0; Windows NT 6.1; Trident/5.0; Trident/5.0)"
23.100.232.233 - - [31/May/2021:11:03:34 +0200] "GET /js/default.js HTTP/1.1" 200 14698 "http://renault.activities.at/10260003?mode=list&cat=10260304" "Mozilla/5.0 (compatible; MSIE 9.0; Windows NT 6.1; Trident/5.0; Trident/5.0)"
23.100.232.233 - - [31/May/2021:11:03:34 +0200] "GET /js/index.php?c=auto&f=,prototype/prototype.js,prototype/validation.js,scriptaculous/builder.js,scriptaculous/effects.js,scriptaculous/dragdrop.js,scriptaculous/controls.js,scriptaculous/slider.js,varien/js.js,varien/form.js,varien/menu.js,mage/translate.js,mage/cookies.js,varien/product.js,spinner/SpinnerControl.jsmin.js,prototype/window.js,prototype/window_ext.js HTTP/1.1" 200 94182 "http://renault.activities.at/10260003?mode=list&cat=10260304" "Mozilla/5.0 (compatible; MSIE 9.0; Windows NT 6.1; Trident/5.0; Trident/5.0)"
23.100.232.233 - - [31/May/2021:11:03:35 +0200] "GET /js/prototip.js HTTP/1.1" 200 4588 "http://renault.activities.at/10260003?mode=list&cat=10260304" "Mozilla/5.0 (compatible; MSIE 9.0; Windows NT 6.1; Trident/5.0; Trident/5.0)"
23.100.232.233 - - [31/May/2021:11:03:36 +0200] "GET /css/reset.css HTTP/1.1" 200 1356 "http://renault.activities.at/10260003?mode=list&cat=10260304" "Mozilla/5.0 (compatible; MSIE 9.0; Windows NT 6.1; Trident/5.0; Trident/5.0)"
23.100.232.233 - - [31/May/2021:11:03:36 +0200] "GET /css/styles.css HTTP/1.1" 200 14664 "http://renault.activities.at/10260003?mode=list&cat=10260304" "Mozilla/5.0 (compatible; MSIE 9.0; Windows NT 6.1; Trident/5.0; Trident/5.0)"
23.100.232.233 - - [31/May/2021:11:03:37 +0200] "GET /css/print.css HTTP/1.1" 200 543 "http://renault.activities.at/10260003?mode=list&cat=10260304" "Mozilla/5.0 (compatible; MSIE 9.0; Windows NT 6.1; Trident/5.0; Trident/5.0)"
23.100.232.233 - - [31/May/2021:11:03:37 +0200] "GET /js/checkout.css HTTP/1.1" 200 359 "http://renault.activities.at/10260003?mode=list&cat=10260304" "Mozilla/5.0 (compatible; MSIE 9.0; Windows NT 6.1; Trident/5.0; Trident/5.0)"
23.100.232.233 - - [31/May/2021:11:03:37 +0200] "GET /css/prototip.css HTTP/1.1" 200 968 "http://renault.activities.at/10260003?mode=list&cat=10260304" "Mozilla/5.0 (compatible; MSIE 9.0; Windows NT 6.1; Trident/5.0; Trident/5.0)"
23.100.232.233 - - [31/May/2021:11:03:37 +0200] "GET /css/themes/default.css HTTP/1.1" 200 769 "http://renault.activities.at/10260003?mode=list&cat=10260304" "Mozilla/5.0 (compatible; MSIE 9.0; Windows NT 6.1; Trident/5.0; Trident/5.0)"
23.100.232.233 - - [31/May/2021:11:03:37 +0200] "GET /css/themes/alphacube.css HTTP/1.1" 200 743 "http://renault.activities.at/10260003?mode=list&cat=10260304" "Mozilla/5.0 (compatible; MSIE 9.0; Windows NT 6.1; Trident/5.0; Trident/5.0)"
23.100.232.233 - - [31/May/2021:11:03:37 +0200] "GET /css/styles-ie.css HTTP/1.1" 200 1340 "http://renault.activities.at/10260003?mode=list&cat=10260304" "Mozilla/5.0 (compatible; MSIE 9.0; Windows NT 6.1; Trident/5.0; Trident/5.0)"
23.100.232.233 - - [31/May/2021:11:03:38 +0200] "GET /js/ProduktGrp.js HTTP/1.1" 200 1569 "http://renault.activities.at/10260003?mode=list&cat=10260304" "Mozilla/5.0 (compatible; MSIE 9.0; Windows NT 6.1; Trident/5.0; Trident/5.0)"
23.100.232.233 - - [31/May/2021:11:03:38 +0200] "GET /loadthumbnail.php?id=10201939&width=15&height=15 HTTP/1.1" 200 201 "http://renault.activities.at/10260003?mode=list&cat=10260304" "Mozilla/5.0 (compatible; MSIE 9.0; Windows NT 6.1; Trident/5.0; Trident/5.0)"
23.100.232.233 - - [31/May/2021:11:03:38 +0200] "GET /loadthumbnail.php?id=10203255 HTTP/1.1" 200 137 "http://renault.activities.at/10260003?mode=list&cat=10260304" "Mozilla/5.0 (compatible; MSIE 9.0; Windows NT 6.1; Trident/5.0; Trident/5.0)"
23.100.232.233 - - [31/May/2021:11:03:38 +0200] "GET /loadthumbnail.php?id=12364770&width=113 HTTP/1.1" 200 8925 "http://renault.activities.at/10260003?mode=list&cat=10260304" "Mozilla/5.0 (compatible; MSIE 9.0; Windows NT 6.1; Trident/5.0; Trident/5.0)"
23.100.232.233 - - [31/May/2021:11:03:39 +0200] "GET /css/clears.css HTTP/1.1" 200 851 "http://renault.activities.at/10260003?mode=list&cat=10260304" "Mozilla/5.0 (compatible; MSIE 9.0; Windows NT 6.1; Trident/5.0; Trident/5.0)"
23.100.232.233 - - [31/May/2021:11:03:40 +0200] "GET /loadthumbnail.php?id=11127982 HTTP/1.1" 200 399614 "http://renault.activities.at/10260003?mode=list&cat=10260304" "Mozilla/5.0 (compatible; MSIE 9.0; Windows NT 6.1; Trident/5.0; Trident/5.0)"
80.80.251.48 - - [31/May/2021:11:03:49 +0200] "GET /reload?ser=1622451828887 HTTP/1.1" 200 28 "http://renault.activities.at/success" "Mozilla/5.0 (Windows NT 10.0; Win64; x64) AppleWebKit/537.36 (KHTML, like Gecko) Chrome/90.0.4430.212 Safari/537.36"
193.194.132.24 - - [31/May/2021:11:04:16 +0200] "GET /reload?ser=1622451855685 HTTP/1.1" 200 28 "http://renault.2web.at/account" "Mozilla/5.0 (Windows NT 10.0; Win64; x64) AppleWebKit/537.36 (KHTML, like Gecko) Chrome/90.0.4430.212 Safari/537.36"
80.120.210.179 - - [31/May/2021:11:04:19 +0200] "GET /reload?ser=1622451859833 HTTP/1.1" 200 28 "http://renault.activities.at/10260303" "Mozilla/5.0 (Windows NT 10.0; Win64; x64) AppleWebKit/537.36 (KHTML, like Gecko) Chrome/90.0.4430.212 Safari/537.36"
91.112.95.54 - - [31/May/2021:11:04:30 +0200] "GET /reload?ser=1622451870154 HTTP/1.1" 200 28 "http://renault.activities.at/success" "Mozilla/5.0 (Windows NT 10.0; Win64; x64) AppleWebKit/537.36 (KHTML, like Gecko) Chrome/90.0.4430.212 Safari/537.36"
80.80.251.48 - - [31/May/2021:11:04:50 +0200] "GET /reload?ser=1622451889881 HTTP/1.1" 200 28 "http://renault.activities.at/success" "Mozilla/5.0 (Windows NT 10.0; Win64; x64) AppleWebKit/537.36 (KHTML, like Gecko) Chrome/90.0.4430.212 Safari/537.36"
193.194.132.24 - - [31/May/2021:11:05:18 +0200] "GET /reload?ser=1622451917686 HTTP/1.1" 200 28 "http://renault.2web.at/account" "Mozilla/5.0 (Windows NT 10.0; Win64; x64) AppleWebKit/537.36 (KHTML, like Gecko) Chrome/90.0.4430.212 Safari/537.36"
80.120.210.179 - - [31/May/2021:11:05:21 +0200] "GET /reload?ser=1622451921831 HTTP/1.1" 200 28 "http://renault.activities.at/10260303" "Mozilla/5.0 (Windows NT 10.0; Win64; x64) AppleWebKit/537.36 (KHTML, like Gecko) Chrome/90.0.4430.212 Safari/537.36"
91.112.95.54 - - [31/May/2021:11:05:31 +0200] "GET /reload?ser=1622451931154 HTTP/1.1" 200 28 "http://renault.activities.at/success" "Mozilla/5.0 (Windows NT 10.0; Win64; x64) AppleWebKit/537.36 (KHTML, like Gecko) Chrome/90.0.4430.212 Safari/537.36"
80.80.251.48 - - [31/May/2021:11:05:51 +0200] "GET /reload?ser=1622451950884 HTTP/1.1" 200 28 "http://renault.activities.at/success" "Mozilla/5.0 (Windows NT 10.0; Win64; x64) AppleWebKit/537.36 (KHTML, like Gecko) Chrome/90.0.4430.212 Safari/537.36"
193.194.132.24 - - [31/May/2021:11:06:20 +0200] "GET /reload?ser=1622451979687 HTTP/1.1" 200 28 "http://renault.2web.at/account" "Mozilla/5.0 (Windows NT 10.0; Win64; x64) AppleWebKit/537.36 (KHTML, like Gecko) Chrome/90.0.4430.212 Safari/537.36"
80.120.210.179 - - [31/May/2021:11:06:23 +0200] "GET /reload?ser=1622451983828 HTTP/1.1" 200 28 "http://renault.activities.at/10260303" "Mozilla/5.0 (Windows NT 10.0; Win64; x64) AppleWebKit/537.36 (KHTML, like Gecko) Chrome/90.0.4430.212 Safari/537.36"
91.112.95.54 - - [31/May/2021:11:06:32 +0200] "GET /reload?ser=1622451992154 HTTP/1.1" 200 28 "http://renault.activities.at/success" "Mozilla/5.0 (Windows NT 10.0; Win64; x64) AppleWebKit/537.36 (KHTML, like Gecko) Chrome/90.0.4430.212 Safari/537.36"
80.80.251.48 - - [31/May/2021:11:06:53 +0200] "GET /reload?ser=1622452012879 HTTP/1.1" 200 28 "http://renault.activities.at/success" "Mozilla/5.0 (Windows NT 10.0; Win64; x64) AppleWebKit/537.36 (KHTML, like Gecko) Chrome/90.0.4430.212 Safari/537.36"
193.194.132.24 - - [31/May/2021:11:07:22 +0200] "GET /reload?ser=1622452041685 HTTP/1.1" 200 28 "http://renault.2web.at/account" "Mozilla/5.0 (Windows NT 10.0; Win64; x64) AppleWebKit/537.36 (KHTML, like Gecko) Chrome/90.0.4430.212 Safari/537.36"
80.120.210.179 - - [31/May/2021:11:07:24 +0200] "GET /reload?ser=1622452044826 HTTP/1.1" 200 28 "http://renault.activities.at/10260303" "Mozilla/5.0 (Windows NT 10.0; Win64; x64) AppleWebKit/537.36 (KHTML, like Gecko) Chrome/90.0.4430.212 Safari/537.36"
91.112.95.54 - - [31/May/2021:11:07:33 +0200] "GET /reload?ser=1622452053160 HTTP/1.1" 200 28 "http://renault.activities.at/success" "Mozilla/5.0 (Windows NT 10.0; Win64; x64) AppleWebKit/537.36 (KHTML, like Gecko) Chrome/90.0.4430.212 Safari/537.36"
80.80.251.48 - - [31/May/2021:11:07:54 +0200] "GET /reload?ser=1622452073881 HTTP/1.1" 200 28 "http://renault.activities.at/success" "Mozilla/5.0 (Windows NT 10.0; Win64; x64) AppleWebKit/537.36 (KHTML, like Gecko) Chrome/90.0.4430.212 Safari/537.36"
193.194.132.24 - - [31/May/2021:11:08:24 +0200] "GET /reload?ser=1622452103685 HTTP/1.1" 200 28 "http://renault.2web.at/account" "Mozilla/5.0 (Windows NT 10.0; Win64; x64) AppleWebKit/537.36 (KHTML, like Gecko) Chrome/90.0.4430.212 Safari/537.36"
80.120.210.179 - - [31/May/2021:11:08:26 +0200] "GET /reload?ser=1622452106824 HTTP/1.1" 200 28 "http://renault.activities.at/10260303" "Mozilla/5.0 (Windows NT 10.0; Win64; x64) AppleWebKit/537.36 (KHTML, like Gecko) Chrome/90.0.4430.212 Safari/537.36"
91.112.95.54 - - [31/May/2021:11:08:34 +0200] "GET /reload?ser=1622452114156 HTTP/1.1" 200 28 "http://renault.activities.at/success" "Mozilla/5.0 (Windows NT 10.0; Win64; x64) AppleWebKit/537.36 (KHTML, like Gecko) Chrome/90.0.4430.212 Safari/537.36"
80.80.251.48 - - [31/May/2021:11:08:55 +0200] "GET /reload?ser=1622452134891 HTTP/1.1" 200 28 "http://renault.activities.at/success" "Mozilla/5.0 (Windows NT 10.0; Win64; x64) AppleWebKit/537.36 (KHTML, like Gecko) Chrome/90.0.4430.212 Safari/537.36"
193.194.132.24 - - [31/May/2021:11:09:26 +0200] "GET /reload?ser=1622452165686 HTTP/1.1" 200 28 "http://renault.2web.at/account" "Mozilla/5.0 (Windows NT 10.0; Win64; x64) AppleWebKit/537.36 (KHTML, like Gecko) Chrome/90.0.4430.212 Safari/537.36"
80.120.210.179 - - [31/May/2021:11:09:28 +0200] "GET /reload?ser=1622452168828 HTTP/1.1" 200 28 "http://renault.activities.at/10260303" "Mozilla/5.0 (Windows NT 10.0; Win64; x64) AppleWebKit/537.36 (KHTML, like Gecko) Chrome/90.0.4430.212 Safari/537.36"
91.112.95.54 - - [31/May/2021:11:09:36 +0200] "GET /reload?ser=1622452176155 HTTP/1.1" 200 28 "http://renault.activities.at/success" "Mozilla/5.0 (Windows NT 10.0; Win64; x64) AppleWebKit/537.36 (KHTML, like Gecko) Chrome/90.0.4430.212 Safari/537.36"
80.80.251.48 - - [31/May/2021:11:09:57 +0200] "GET /reload?ser=1622452196878 HTTP/1.1" 200 28 "http://renault.activities.at/success" "Mozilla/5.0 (Windows NT 10.0; Win64; x64) AppleWebKit/537.36 (KHTML, like Gecko) Chrome/90.0.4430.212 Safari/537.36"
193.194.132.24 - - [31/May/2021:11:10:28 +0200] "GET /reload?ser=1622452227686 HTTP/1.1" 200 28 "http://renault.2web.at/account" "Mozilla/5.0 (Windows NT 10.0; Win64; x64) AppleWebKit/537.36 (KHTML, like Gecko) Chrome/90.0.4430.212 Safari/537.36"
80.120.210.179 - - [31/May/2021:11:10:30 +0200] "GET /reload?ser=1622452230825 HTTP/1.1" 200 28 "http://renault.activities.at/10260303" "Mozilla/5.0 (Windows NT 10.0; Win64; x64) AppleWebKit/537.36 (KHTML, like Gecko) Chrome/90.0.4430.212 Safari/537.36"
91.112.95.54 - - [31/May/2021:11:10:37 +0200] "GET /reload?ser=1622452237152 HTTP/1.1" 200 28 "http://renault.activities.at/success" "Mozilla/5.0 (Windows NT 10.0; Win64; x64) AppleWebKit/537.36 (KHTML, like Gecko) Chrome/90.0.4430.212 Safari/537.36"
80.80.251.48 - - [31/May/2021:11:10:59 +0200] "GET /reload?ser=1622452258893 HTTP/1.1" 200 28 "http://renault.activities.at/success" "Mozilla/5.0 (Windows NT 10.0; Win64; x64) AppleWebKit/537.36 (KHTML, like Gecko) Chrome/90.0.4430.212 Safari/537.36"
193.194.132.24 - - [31/May/2021:11:11:30 +0200] "GET /reload?ser=1622452289686 HTTP/1.1" 200 28 "http://renault.2web.at/account" "Mozilla/5.0 (Windows NT 10.0; Win64; x64) AppleWebKit/537.36 (KHTML, like Gecko) Chrome/90.0.4430.212 Safari/537.36"
80.120.210.179 - - [31/May/2021:11:11:32 +0200] "GET /reload?ser=1622452292831 HTTP/1.1" 200 28 "http://renault.activities.at/10260303" "Mozilla/5.0 (Windows NT 10.0; Win64; x64) AppleWebKit/537.36 (KHTML, like Gecko) Chrome/90.0.4430.212 Safari/537.36"
91.112.95.54 - - [31/May/2021:11:11:38 +0200] "GET /reload?ser=1622452298148 HTTP/1.1" 200 28 "http://renault.activities.at/success" "Mozilla/5.0 (Windows NT 10.0; Win64; x64) AppleWebKit/537.36 (KHTML, like Gecko) Chrome/90.0.4430.212 Safari/537.36"
80.80.251.48 - - [31/May/2021:11:12:01 +0200] "GET /reload?ser=1622452320884 HTTP/1.1" 200 28 "http://renault.activities.at/success" "Mozilla/5.0 (Windows NT 10.0; Win64; x64) AppleWebKit/537.36 (KHTML, like Gecko) Chrome/90.0.4430.212 Safari/537.36"
193.194.132.24 - - [31/May/2021:11:12:32 +0200] "GET /reload?ser=1622452351686 HTTP/1.1" 200 28 "http://renault.2web.at/account" "Mozilla/5.0 (Windows NT 10.0; Win64; x64) AppleWebKit/537.36 (KHTML, like Gecko) Chrome/90.0.4430.212 Safari/537.36"
80.120.210.179 - - [31/May/2021:11:12:34 +0200] "GET /reload?ser=1622452354825 HTTP/1.1" 200 28 "http://renault.activities.at/10260303" "Mozilla/5.0 (Windows NT 10.0; Win64; x64) AppleWebKit/537.36 (KHTML, like Gecko) Chrome/90.0.4430.212 Safari/537.36"
91.112.95.54 - - [31/May/2021:11:12:39 +0200] "GET /reload?ser=1622452359151 HTTP/1.1" 200 28 "http://renault.activities.at/success" "Mozilla/5.0 (Windows NT 10.0; Win64; x64) AppleWebKit/537.36 (KHTML, like Gecko) Chrome/90.0.4430.212 Safari/537.36"
80.80.251.48 - - [31/May/2021:11:13:02 +0200] "GET /reload?ser=1622452381886 HTTP/1.1" 200 28 "http://renault.activities.at/success" "Mozilla/5.0 (Windows NT 10.0; Win64; x64) AppleWebKit/537.36 (KHTML, like Gecko) Chrome/90.0.4430.212 Safari/537.36"
193.194.132.24 - - [31/May/2021:11:13:34 +0200] "GET /reload?ser=1622452413687 HTTP/1.1" 200 28 "http://renault.2web.at/account" "Mozilla/5.0 (Windows NT 10.0; Win64; x64) AppleWebKit/537.36 (KHTML, like Gecko) Chrome/90.0.4430.212 Safari/537.36"
80.120.210.179 - - [31/May/2021:11:13:36 +0200] "GET /reload?ser=1622452416827 HTTP/1.1" 200 28 "http://renault.activities.at/10260303" "Mozilla/5.0 (Windows NT 10.0; Win64; x64) AppleWebKit/537.36 (KHTML, like Gecko) Chrome/90.0.4430.212 Safari/537.36"
91.112.95.54 - - [31/May/2021:11:13:40 +0200] "GET /reload?ser=1622452420158 HTTP/1.1" 200 28 "http://renault.activities.at/success" "Mozilla/5.0 (Windows NT 10.0; Win64; x64) AppleWebKit/537.36 (KHTML, like Gecko) Chrome/90.0.4430.212 Safari/537.36"
80.80.251.48 - - [31/May/2021:11:14:04 +0200] "GET /reload?ser=1622452443880 HTTP/1.1" 200 28 "http://renault.activities.at/success" "Mozilla/5.0 (Windows NT 10.0; Win64; x64) AppleWebKit/537.36 (KHTML, like Gecko) Chrome/90.0.4430.212 Safari/537.36"
193.194.132.24 - - [31/May/2021:11:14:36 +0200] "GET /reload?ser=1622452475687 HTTP/1.1" 200 28 "http://renault.2web.at/account" "Mozilla/5.0 (Windows NT 10.0; Win64; x64) AppleWebKit/537.36 (KHTML, like Gecko) Chrome/90.0.4430.212 Safari/537.36"
80.120.210.179 - - [31/May/2021:11:14:38 +0200] "GET /reload?ser=1622452478836 HTTP/1.1" 200 28 "http://renault.activities.at/10260303" "Mozilla/5.0 (Windows NT 10.0; Win64; x64) AppleWebKit/537.36 (KHTML, like Gecko) Chrome/90.0.4430.212 Safari/537.36"
91.112.95.54 - - [31/May/2021:11:14:41 +0200] "GET /reload?ser=1622452481162 HTTP/1.1" 200 28 "http://renault.activities.at/success" "Mozilla/5.0 (Windows NT 10.0; Win64; x64) AppleWebKit/537.36 (KHTML, like Gecko) Chrome/90.0.4430.212 Safari/537.36"
80.80.251.48 - - [31/May/2021:11:15:05 +0200] "GET /reload?ser=1622452504892 HTTP/1.1" 200 28 "http://renault.activities.at/success" "Mozilla/5.0 (Windows NT 10.0; Win64; x64) AppleWebKit/537.36 (KHTML, like Gecko) Chrome/90.0.4430.212 Safari/537.36"
193.194.132.24 - - [31/May/2021:11:15:38 +0200] "GET /reload?ser=1622452537689 HTTP/1.1" 200 28 "http://renault.2web.at/account" "Mozilla/5.0 (Windows NT 10.0; Win64; x64) AppleWebKit/537.36 (KHTML, like Gecko) Chrome/90.0.4430.212 Safari/537.36"
80.120.210.179 - - [31/May/2021:11:15:40 +0200] "GET /reload?ser=1622452540823 HTTP/1.1" 200 28 "http://renault.activities.at/10260303" "Mozilla/5.0 (Windows NT 10.0; Win64; x64) AppleWebKit/537.36 (KHTML, like Gecko) Chrome/90.0.4430.212 Safari/537.36"
80.80.251.48 - - [31/May/2021:11:16:06 +0200] "GET /reload?ser=1622452565885 HTTP/1.1" 200 28 "http://renault.activities.at/success" "Mozilla/5.0 (Windows NT 10.0; Win64; x64) AppleWebKit/537.36 (KHTML, like Gecko) Chrome/90.0.4430.212 Safari/537.36"
193.194.132.24 - - [31/May/2021:11:16:40 +0200] "GET /reload?ser=1622452599689 HTTP/1.1" 200 28 "http://renault.2web.at/account" "Mozilla/5.0 (Windows NT 10.0; Win64; x64) AppleWebKit/537.36 (KHTML, like Gecko) Chrome/90.0.4430.212 Safari/537.36"
80.120.210.179 - - [31/May/2021:11:16:41 +0200] "GET /reload?ser=1622452601828 HTTP/1.1" 200 28 "http://renault.activities.at/10260303" "Mozilla/5.0 (Windows NT 10.0; Win64; x64) AppleWebKit/537.36 (KHTML, like Gecko) Chrome/90.0.4430.212 Safari/537.36"
80.80.251.48 - - [31/May/2021:11:17:07 +0200] "GET /reload?ser=1622452626889 HTTP/1.1" 200 28 "http://renault.activities.at/success" "Mozilla/5.0 (Windows NT 10.0; Win64; x64) AppleWebKit/537.36 (KHTML, like Gecko) Chrome/90.0.4430.212 Safari/537.36"
193.194.132.24 - - [31/May/2021:11:17:42 +0200] "GET /reload?ser=1622452661691 HTTP/1.1" 200 28 "http://renault.2web.at/account" "Mozilla/5.0 (Windows NT 10.0; Win64; x64) AppleWebKit/537.36 (KHTML, like Gecko) Chrome/90.0.4430.212 Safari/537.36"
80.120.210.179 - - [31/May/2021:11:17:43 +0200] "GET /reload?ser=1622452663823 HTTP/1.1" 200 28 "http://renault.activities.at/10260303" "Mozilla/5.0 (Windows NT 10.0; Win64; x64) AppleWebKit/537.36 (KHTML, like Gecko) Chrome/90.0.4430.212 Safari/537.36"
193.194.132.24 - - [31/May/2021:11:18:44 +0200] "GET /reload?ser=1622452723691 HTTP/1.1" 200 28 "http://renault.2web.at/account" "Mozilla/5.0 (Windows NT 10.0; Win64; x64) AppleWebKit/537.36 (KHTML, like Gecko) Chrome/90.0.4430.212 Safari/537.36"
80.120.210.179 - - [31/May/2021:11:18:45 +0200] "GET /reload?ser=1622452725837 HTTP/1.1" 200 28 "http://renault.activities.at/10260303" "Mozilla/5.0 (Windows NT 10.0; Win64; x64) AppleWebKit/537.36 (KHTML, like Gecko) Chrome/90.0.4430.212 Safari/537.36"
193.194.132.24 - - [31/May/2021:11:19:46 +0200] "GET /reload?ser=1622452785691 HTTP/1.1" 200 28 "http://renault.2web.at/account" "Mozilla/5.0 (Windows NT 10.0; Win64; x64) AppleWebKit/537.36 (KHTML, like Gecko) Chrome/90.0.4430.212 Safari/537.36"
80.120.210.179 - - [31/May/2021:11:19:47 +0200] "GET /reload?ser=1622452787828 HTTP/1.1" 200 28 "http://renault.activities.at/10260303" "Mozilla/5.0 (Windows NT 10.0; Win64; x64) AppleWebKit/537.36 (KHTML, like Gecko) Chrome/90.0.4430.212 Safari/537.36"
193.194.132.24 - - [31/May/2021:11:20:48 +0200] "GET /reload?ser=1622452847691 HTTP/1.1" 200 28 "http://renault.2web.at/account" "Mozilla/5.0 (Windows NT 10.0; Win64; x64) AppleWebKit/537.36 (KHTML, like Gecko) Chrome/90.0.4430.212 Safari/537.36"
80.120.210.179 - - [31/May/2021:11:20:49 +0200] "GET /reload?ser=1622452849832 HTTP/1.1" 200 28 "http://renault.activities.at/10260303" "Mozilla/5.0 (Windows NT 10.0; Win64; x64) AppleWebKit/537.36 (KHTML, like Gecko) Chrome/90.0.4430.212 Safari/537.36"
80.120.210.179 - - [31/May/2021:11:21:50 +0200] "GET /reload?ser=1622452910838 HTTP/1.1" 200 28 "http://renault.activities.at/10260303" "Mozilla/5.0 (Windows NT 10.0; Win64; x64) AppleWebKit/537.36 (KHTML, like Gecko) Chrome/90.0.4430.212 Safari/537.36"
193.194.132.24 - - [31/May/2021:11:21:50 +0200] "GET /reload?ser=1622452909693 HTTP/1.1" 200 28 "http://renault.2web.at/account" "Mozilla/5.0 (Windows NT 10.0; Win64; x64) AppleWebKit/537.36 (KHTML, like Gecko) Chrome/90.0.4430.212 Safari/537.36"
193.194.132.24 - - [31/May/2021:11:22:52 +0200] "GET /reload?ser=1622452971692 HTTP/1.1" 200 28 "http://renault.2web.at/account" "Mozilla/5.0 (Windows NT 10.0; Win64; x64) AppleWebKit/537.36 (KHTML, like Gecko) Chrome/90.0.4430.212 Safari/537.36"
80.120.210.179 - - [31/May/2021:11:22:52 +0200] "GET /reload?ser=1622452972825 HTTP/1.1" 200 28 "http://renault.activities.at/10260303" "Mozilla/5.0 (Windows NT 10.0; Win64; x64) AppleWebKit/537.36 (KHTML, like Gecko) Chrome/90.0.4430.212 Safari/537.36"
80.120.210.179 - - [31/May/2021:11:23:54 +0200] "GET /reload?ser=1622453034839 HTTP/1.1" 200 28 "http://renault.activities.at/10260303" "Mozilla/5.0 (Windows NT 10.0; Win64; x64) AppleWebKit/537.36 (KHTML, like Gecko) Chrome/90.0.4430.212 Safari/537.36"
193.194.132.24 - - [31/May/2021:11:23:54 +0200] "GET /reload?ser=1622453033695 HTTP/1.1" 200 28 "http://renault.2web.at/account" "Mozilla/5.0 (Windows NT 10.0; Win64; x64) AppleWebKit/537.36 (KHTML, like Gecko) Chrome/90.0.4430.212 Safari/537.36"
80.120.210.179 - - [31/May/2021:11:24:55 +0200] "GET /reload?ser=1622453095833 HTTP/1.1" 200 28 "http://renault.activities.at/10260303" "Mozilla/5.0 (Windows NT 10.0; Win64; x64) AppleWebKit/537.36 (KHTML, like Gecko) Chrome/90.0.4430.212 Safari/537.36"
193.194.132.24 - - [31/May/2021:11:24:56 +0200] "GET /reload?ser=1622453095997 HTTP/1.1" 200 28 "http://renault.2web.at/account" "Mozilla/5.0 (Windows NT 10.0; Win64; x64) AppleWebKit/537.36 (KHTML, like Gecko) Chrome/90.0.4430.212 Safari/537.36"
80.120.210.179 - - [31/May/2021:11:25:57 +0200] "GET /reload?ser=1622453157829 HTTP/1.1" 200 28 "http://renault.activities.at/10260303" "Mozilla/5.0 (Windows NT 10.0; Win64; x64) AppleWebKit/537.36 (KHTML, like Gecko) Chrome/90.0.4430.212 Safari/537.36"
193.194.132.24 - - [31/May/2021:11:25:58 +0200] "GET /reload?ser=1622453157694 HTTP/1.1" 200 28 "http://renault.2web.at/account" "Mozilla/5.0 (Windows NT 10.0; Win64; x64) AppleWebKit/537.36 (KHTML, like Gecko) Chrome/90.0.4430.212 Safari/537.36"
80.120.210.179 - - [31/May/2021:11:26:59 +0200] "GET /reload?ser=1622453219836 HTTP/1.1" 200 28 "http://renault.activities.at/10260303" "Mozilla/5.0 (Windows NT 10.0; Win64; x64) AppleWebKit/537.36 (KHTML, like Gecko) Chrome/90.0.4430.212 Safari/537.36"
193.194.132.24 - - [31/May/2021:11:27:00 +0200] "GET /reload?ser=1622453219695 HTTP/1.1" 200 28 "http://renault.2web.at/account" "Mozilla/5.0 (Windows NT 10.0; Win64; x64) AppleWebKit/537.36 (KHTML, like Gecko) Chrome/90.0.4430.212 Safari/537.36"
80.120.210.179 - - [31/May/2021:11:28:01 +0200] "GET /reload?ser=1622453281829 HTTP/1.1" 200 28 "http://renault.activities.at/10260303" "Mozilla/5.0 (Windows NT 10.0; Win64; x64) AppleWebKit/537.36 (KHTML, like Gecko) Chrome/90.0.4430.212 Safari/537.36"
193.194.132.24 - - [31/May/2021:11:28:02 +0200] "GET /reload?ser=1622453281695 HTTP/1.1" 200 28 "http://renault.2web.at/account" "Mozilla/5.0 (Windows NT 10.0; Win64; x64) AppleWebKit/537.36 (KHTML, like Gecko) Chrome/90.0.4430.212 Safari/537.36"
80.120.210.179 - - [31/May/2021:11:29:03 +0200] "GET /reload?ser=1622453343833 HTTP/1.1" 200 28 "http://renault.activities.at/10260303" "Mozilla/5.0 (Windows NT 10.0; Win64; x64) AppleWebKit/537.36 (KHTML, like Gecko) Chrome/90.0.4430.212 Safari/537.36"
193.194.132.24 - - [31/May/2021:11:29:04 +0200] "GET /reload?ser=1622453343696 HTTP/1.1" 200 28 "http://renault.2web.at/account" "Mozilla/5.0 (Windows NT 10.0; Win64; x64) AppleWebKit/537.36 (KHTML, like Gecko) Chrome/90.0.4430.212 Safari/537.36"
80.120.210.179 - - [31/May/2021:11:30:04 +0200] "GET /reload?ser=1622453404828 HTTP/1.1" 200 28 "http://renault.activities.at/10260303" "Mozilla/5.0 (Windows NT 10.0; Win64; x64) AppleWebKit/537.36 (KHTML, like Gecko) Chrome/90.0.4430.212 Safari/537.36"
193.194.132.24 - - [31/May/2021:11:30:06 +0200] "GET /reload?ser=1622453405696 HTTP/1.1" 200 28 "http://renault.2web.at/account" "Mozilla/5.0 (Windows NT 10.0; Win64; x64) AppleWebKit/537.36 (KHTML, like Gecko) Chrome/90.0.4430.212 Safari/537.36"
80.120.210.179 - - [31/May/2021:11:31:06 +0200] "GET /reload?ser=1622453466830 HTTP/1.1" 200 28 "http://renault.activities.at/10260303" "Mozilla/5.0 (Windows NT 10.0; Win64; x64) AppleWebKit/537.36 (KHTML, like Gecko) Chrome/90.0.4430.212 Safari/537.36"
193.194.132.24 - - [31/May/2021:11:31:08 +0200] "GET /reload?ser=1622453467696 HTTP/1.1" 200 28 "http://renault.2web.at/account" "Mozilla/5.0 (Windows NT 10.0; Win64; x64) AppleWebKit/537.36 (KHTML, like Gecko) Chrome/90.0.4430.212 Safari/537.36"
80.120.210.179 - - [31/May/2021:11:32:08 +0200] "GET /reload?ser=1622453528835 HTTP/1.1" 200 28 "http://renault.activities.at/10260303" "Mozilla/5.0 (Windows NT 10.0; Win64; x64) AppleWebKit/537.36 (KHTML, like Gecko) Chrome/90.0.4430.212 Safari/537.36"
193.194.132.24 - - [31/May/2021:11:32:10 +0200] "GET /reload?ser=1622453529697 HTTP/1.1" 200 28 "http://renault.2web.at/account" "Mozilla/5.0 (Windows NT 10.0; Win64; x64) AppleWebKit/537.36 (KHTML, like Gecko) Chrome/90.0.4430.212 Safari/537.36"
80.120.210.179 - - [31/May/2021:11:33:09 +0200] "GET /reload?ser=1622453589828 HTTP/1.1" 200 28 "http://renault.activities.at/10260303" "Mozilla/5.0 (Windows NT 10.0; Win64; x64) AppleWebKit/537.36 (KHTML, like Gecko) Chrome/90.0.4430.212 Safari/537.36"
193.194.132.24 - - [31/May/2021:11:33:12 +0200] "GET /reload?ser=1622453591698 HTTP/1.1" 200 28 "http://renault.2web.at/account" "Mozilla/5.0 (Windows NT 10.0; Win64; x64) AppleWebKit/537.36 (KHTML, like Gecko) Chrome/90.0.4430.212 Safari/537.36"
80.120.210.179 - - [31/May/2021:11:34:10 +0200] "GET /reload?ser=1622453650828 HTTP/1.1" 200 28 "http://renault.activities.at/10260303" "Mozilla/5.0 (Windows NT 10.0; Win64; x64) AppleWebKit/537.36 (KHTML, like Gecko) Chrome/90.0.4430.212 Safari/537.36"
193.194.132.24 - - [31/May/2021:11:34:14 +0200] "GET /reload?ser=1622453653697 HTTP/1.1" 200 28 "http://renault.2web.at/account" "Mozilla/5.0 (Windows NT 10.0; Win64; x64) AppleWebKit/537.36 (KHTML, like Gecko) Chrome/90.0.4430.212 Safari/537.36"
80.120.210.179 - - [31/May/2021:11:35:11 +0200] "GET /reload?ser=1622453711834 HTTP/1.1" 200 28 "http://renault.activities.at/10260303" "Mozilla/5.0 (Windows NT 10.0; Win64; x64) AppleWebKit/537.36 (KHTML, like Gecko) Chrome/90.0.4430.212 Safari/537.36"
193.194.132.24 - - [31/May/2021:11:35:16 +0200] "GET /reload?ser=1622453715699 HTTP/1.1" 200 28 "http://renault.2web.at/account" "Mozilla/5.0 (Windows NT 10.0; Win64; x64) AppleWebKit/537.36 (KHTML, like Gecko) Chrome/90.0.4430.212 Safari/537.36"
80.120.210.179 - - [31/May/2021:11:36:13 +0200] "GET /reload?ser=1622453773831 HTTP/1.1" 200 28 "http://renault.activities.at/10260303" "Mozilla/5.0 (Windows NT 10.0; Win64; x64) AppleWebKit/537.36 (KHTML, like Gecko) Chrome/90.0.4430.212 Safari/537.36"
193.194.132.24 - - [31/May/2021:11:36:18 +0200] "GET /reload?ser=1622453777697 HTTP/1.1" 200 28 "http://renault.2web.at/account" "Mozilla/5.0 (Windows NT 10.0; Win64; x64) AppleWebKit/537.36 (KHTML, like Gecko) Chrome/90.0.4430.212 Safari/537.36"
80.120.210.179 - - [31/May/2021:11:37:15 +0200] "GET /reload?ser=1622453835825 HTTP/1.1" 200 28 "http://renault.activities.at/10260303" "Mozilla/5.0 (Windows NT 10.0; Win64; x64) AppleWebKit/537.36 (KHTML, like Gecko) Chrome/90.0.4430.212 Safari/537.36"
193.194.132.24 - - [31/May/2021:11:37:20 +0200] "GET /reload?ser=1622453839698 HTTP/1.1" 200 28 "http://renault.2web.at/account" "Mozilla/5.0 (Windows NT 10.0; Win64; x64) AppleWebKit/537.36 (KHTML, like Gecko) Chrome/90.0.4430.212 Safari/537.36"
80.120.210.179 - - [31/May/2021:11:38:17 +0200] "GET /reload?ser=1622453897825 HTTP/1.1" 200 28 "http://renault.activities.at/10260303" "Mozilla/5.0 (Windows NT 10.0; Win64; x64) AppleWebKit/537.36 (KHTML, like Gecko) Chrome/90.0.4430.212 Safari/537.36"
193.194.132.24 - - [31/May/2021:11:38:22 +0200] "GET /reload?ser=1622453901698 HTTP/1.1" 200 28 "http://renault.2web.at/account" "Mozilla/5.0 (Windows NT 10.0; Win64; x64) AppleWebKit/537.36 (KHTML, like Gecko) Chrome/90.0.4430.212 Safari/537.36"
80.120.210.179 - - [31/May/2021:11:39:19 +0200] "GET /reload?ser=1622453959824 HTTP/1.1" 200 28 "http://renault.activities.at/10260303" "Mozilla/5.0 (Windows NT 10.0; Win64; x64) AppleWebKit/537.36 (KHTML, like Gecko) Chrome/90.0.4430.212 Safari/537.36"
193.194.132.24 - - [31/May/2021:11:39:24 +0200] "GET /reload?ser=1622453963698 HTTP/1.1" 200 28 "http://renault.2web.at/account" "Mozilla/5.0 (Windows NT 10.0; Win64; x64) AppleWebKit/537.36 (KHTML, like Gecko) Chrome/90.0.4430.212 Safari/537.36"
80.120.210.179 - - [31/May/2021:11:40:21 +0200] "GET /reload?ser=1622454021833 HTTP/1.1" 200 28 "http://renault.activities.at/10260303" "Mozilla/5.0 (Windows NT 10.0; Win64; x64) AppleWebKit/537.36 (KHTML, like Gecko) Chrome/90.0.4430.212 Safari/537.36"
193.194.132.24 - - [31/May/2021:11:40:26 +0200] "GET /reload?ser=1622454025699 HTTP/1.1" 200 28 "http://renault.2web.at/account" "Mozilla/5.0 (Windows NT 10.0; Win64; x64) AppleWebKit/537.36 (KHTML, like Gecko) Chrome/90.0.4430.212 Safari/537.36"
80.120.210.179 - - [31/May/2021:11:41:22 +0200] "GET /reload?ser=1622454082835 HTTP/1.1" 200 28 "http://renault.activities.at/10260303" "Mozilla/5.0 (Windows NT 10.0; Win64; x64) AppleWebKit/537.36 (KHTML, like Gecko) Chrome/90.0.4430.212 Safari/537.36"
193.194.132.24 - - [31/May/2021:11:41:28 +0200] "GET /reload?ser=1622454087699 HTTP/1.1" 200 28 "http://renault.2web.at/account" "Mozilla/5.0 (Windows NT 10.0; Win64; x64) AppleWebKit/537.36 (KHTML, like Gecko) Chrome/90.0.4430.212 Safari/537.36"
80.120.210.179 - - [31/May/2021:11:42:24 +0200] "GET /reload?ser=1622454144831 HTTP/1.1" 200 28 "http://renault.activities.at/10260303" "Mozilla/5.0 (Windows NT 10.0; Win64; x64) AppleWebKit/537.36 (KHTML, like Gecko) Chrome/90.0.4430.212 Safari/537.36"
193.194.132.24 - - [31/May/2021:11:42:30 +0200] "GET /reload?ser=1622454149699 HTTP/1.1" 200 28 "http://renault.2web.at/account" "Mozilla/5.0 (Windows NT 10.0; Win64; x64) AppleWebKit/537.36 (KHTML, like Gecko) Chrome/90.0.4430.212 Safari/537.36"
80.120.210.179 - - [31/May/2021:11:43:26 +0200] "GET /reload?ser=1622454206824 HTTP/1.1" 200 28 "http://renault.activities.at/10260303" "Mozilla/5.0 (Windows NT 10.0; Win64; x64) AppleWebKit/537.36 (KHTML, like Gecko) Chrome/90.0.4430.212 Safari/537.36"
193.194.132.24 - - [31/May/2021:11:43:32 +0200] "GET /reload?ser=1622454211700 HTTP/1.1" 200 28 "http://renault.2web.at/account" "Mozilla/5.0 (Windows NT 10.0; Win64; x64) AppleWebKit/537.36 (KHTML, like Gecko) Chrome/90.0.4430.212 Safari/537.36"
80.120.210.179 - - [31/May/2021:11:44:28 +0200] "GET /reload?ser=1622454268839 HTTP/1.1" 200 28 "http://renault.activities.at/10260303" "Mozilla/5.0 (Windows NT 10.0; Win64; x64) AppleWebKit/537.36 (KHTML, like Gecko) Chrome/90.0.4430.212 Safari/537.36"
193.194.132.24 - - [31/May/2021:11:44:34 +0200] "GET /reload?ser=1622454273700 HTTP/1.1" 200 28 "http://renault.2web.at/account" "Mozilla/5.0 (Windows NT 10.0; Win64; x64) AppleWebKit/537.36 (KHTML, like Gecko) Chrome/90.0.4430.212 Safari/537.36"
80.120.210.179 - - [31/May/2021:11:45:30 +0200] "GET /reload?ser=1622454330833 HTTP/1.1" 200 28 "http://renault.activities.at/10260303" "Mozilla/5.0 (Windows NT 10.0; Win64; x64) AppleWebKit/537.36 (KHTML, like Gecko) Chrome/90.0.4430.212 Safari/537.36"
193.194.132.24 - - [31/May/2021:11:45:36 +0200] "GET /reload?ser=1622454335701 HTTP/1.1" 200 28 "http://renault.2web.at/account" "Mozilla/5.0 (Windows NT 10.0; Win64; x64) AppleWebKit/537.36 (KHTML, like Gecko) Chrome/90.0.4430.212 Safari/537.36"
80.120.210.179 - - [31/May/2021:11:46:32 +0200] "GET /reload?ser=1622454392832 HTTP/1.1" 200 28 "http://renault.activities.at/10260303" "Mozilla/5.0 (Windows NT 10.0; Win64; x64) AppleWebKit/537.36 (KHTML, like Gecko) Chrome/90.0.4430.212 Safari/537.36"
193.194.132.24 - - [31/May/2021:11:46:38 +0200] "GET /reload?ser=1622454397700 HTTP/1.1" 200 28 "http://renault.2web.at/account" "Mozilla/5.0 (Windows NT 10.0; Win64; x64) AppleWebKit/537.36 (KHTML, like Gecko) Chrome/90.0.4430.212 Safari/537.36"
80.120.210.179 - - [31/May/2021:11:47:34 +0200] "GET /reload?ser=1622454454827 HTTP/1.1" 200 28 "http://renault.activities.at/10260303" "Mozilla/5.0 (Windows NT 10.0; Win64; x64) AppleWebKit/537.36 (KHTML, like Gecko) Chrome/90.0.4430.212 Safari/537.36"
193.194.132.24 - - [31/May/2021:11:47:40 +0200] "GET /reload?ser=1622454459701 HTTP/1.1" 200 28 "http://renault.2web.at/account" "Mozilla/5.0 (Windows NT 10.0; Win64; x64) AppleWebKit/537.36 (KHTML, like Gecko) Chrome/90.0.4430.212 Safari/537.36"
80.120.210.179 - - [31/May/2021:11:48:36 +0200] "GET /reload?ser=1622454516832 HTTP/1.1" 200 28 "http://renault.activities.at/10260303" "Mozilla/5.0 (Windows NT 10.0; Win64; x64) AppleWebKit/537.36 (KHTML, like Gecko) Chrome/90.0.4430.212 Safari/537.36"
193.194.132.24 - - [31/May/2021:11:48:42 +0200] "GET /reload?ser=1622454521701 HTTP/1.1" 200 28 "http://renault.2web.at/account" "Mozilla/5.0 (Windows NT 10.0; Win64; x64) AppleWebKit/537.36 (KHTML, like Gecko) Chrome/90.0.4430.212 Safari/537.36"
80.120.210.179 - - [31/May/2021:11:49:38 +0200] "GET /reload?ser=1622454578837 HTTP/1.1" 200 28 "http://renault.activities.at/10260303" "Mozilla/5.0 (Windows NT 10.0; Win64; x64) AppleWebKit/537.36 (KHTML, like Gecko) Chrome/90.0.4430.212 Safari/537.36"
193.194.132.24 - - [31/May/2021:11:49:44 +0200] "GET /reload?ser=1622454583701 HTTP/1.1" 200 28 "http://renault.2web.at/account" "Mozilla/5.0 (Windows NT 10.0; Win64; x64) AppleWebKit/537.36 (KHTML, like Gecko) Chrome/90.0.4430.212 Safari/537.36"
80.120.210.179 - - [31/May/2021:11:50:40 +0200] "GET /reload?ser=1622454640828 HTTP/1.1" 200 28 "http://renault.activities.at/10260303" "Mozilla/5.0 (Windows NT 10.0; Win64; x64) AppleWebKit/537.36 (KHTML, like Gecko) Chrome/90.0.4430.212 Safari/537.36"
193.194.132.24 - - [31/May/2021:11:50:46 +0200] "GET /reload?ser=1622454645701 HTTP/1.1" 200 28 "http://renault.2web.at/account" "Mozilla/5.0 (Windows NT 10.0; Win64; x64) AppleWebKit/537.36 (KHTML, like Gecko) Chrome/90.0.4430.212 Safari/537.36"
80.120.210.179 - - [31/May/2021:11:51:42 +0200] "GET /reload?ser=1622454702834 HTTP/1.1" 200 28 "http://renault.activities.at/10260303" "Mozilla/5.0 (Windows NT 10.0; Win64; x64) AppleWebKit/537.36 (KHTML, like Gecko) Chrome/90.0.4430.212 Safari/537.36"
193.194.132.24 - - [31/May/2021:11:51:48 +0200] "GET /reload?ser=1622454707702 HTTP/1.1" 200 28 "http://renault.2web.at/account" "Mozilla/5.0 (Windows NT 10.0; Win64; x64) AppleWebKit/537.36 (KHTML, like Gecko) Chrome/90.0.4430.212 Safari/537.36"
80.120.210.179 - - [31/May/2021:11:52:44 +0200] "GET /reload?ser=1622454764834 HTTP/1.1" 200 28 "http://renault.activities.at/10260303" "Mozilla/5.0 (Windows NT 10.0; Win64; x64) AppleWebKit/537.36 (KHTML, like Gecko) Chrome/90.0.4430.212 Safari/537.36"
193.194.132.24 - - [31/May/2021:11:52:50 +0200] "GET /reload?ser=1622454769700 HTTP/1.1" 200 28 "http://renault.2web.at/account" "Mozilla/5.0 (Windows NT 10.0; Win64; x64) AppleWebKit/537.36 (KHTML, like Gecko) Chrome/90.0.4430.212 Safari/537.36"
80.120.210.179 - - [31/May/2021:11:53:46 +0200] "GET /reload?ser=1622454826825 HTTP/1.1" 200 28 "http://renault.activities.at/10260303" "Mozilla/5.0 (Windows NT 10.0; Win64; x64) AppleWebKit/537.36 (KHTML, like Gecko) Chrome/90.0.4430.212 Safari/537.36"
193.194.132.24 - - [31/May/2021:11:53:52 +0200] "GET /reload?ser=1622454831701 HTTP/1.1" 200 28 "http://renault.2web.at/account" "Mozilla/5.0 (Windows NT 10.0; Win64; x64) AppleWebKit/537.36 (KHTML, like Gecko) Chrome/90.0.4430.212 Safari/537.36"
80.120.210.179 - - [31/May/2021:11:54:48 +0200] "GET /reload?ser=1622454888828 HTTP/1.1" 200 28 "http://renault.activities.at/10260303" "Mozilla/5.0 (Windows NT 10.0; Win64; x64) AppleWebKit/537.36 (KHTML, like Gecko) Chrome/90.0.4430.212 Safari/537.36"
193.194.132.24 - - [31/May/2021:11:54:54 +0200] "GET /reload?ser=1622454893701 HTTP/1.1" 200 28 "http://renault.2web.at/account" "Mozilla/5.0 (Windows NT 10.0; Win64; x64) AppleWebKit/537.36 (KHTML, like Gecko) Chrome/90.0.4430.212 Safari/537.36"
80.120.210.179 - - [31/May/2021:11:55:50 +0200] "GET /reload?ser=1622454950827 HTTP/1.1" 200 28 "http://renault.activities.at/10260303" "Mozilla/5.0 (Windows NT 10.0; Win64; x64) AppleWebKit/537.36 (KHTML, like Gecko) Chrome/90.0.4430.212 Safari/537.36"
193.194.132.24 - - [31/May/2021:11:55:56 +0200] "GET /reload?ser=1622454955702 HTTP/1.1" 200 28 "http://renault.2web.at/account" "Mozilla/5.0 (Windows NT 10.0; Win64; x64) AppleWebKit/537.36 (KHTML, like Gecko) Chrome/90.0.4430.212 Safari/537.36"
80.120.210.179 - - [31/May/2021:11:56:52 +0200] "GET /reload?ser=1622455012830 HTTP/1.1" 200 28 "http://renault.activities.at/10260303" "Mozilla/5.0 (Windows NT 10.0; Win64; x64) AppleWebKit/537.36 (KHTML, like Gecko) Chrome/90.0.4430.212 Safari/537.36"
