185.180.12.66 - - [01/Jun/2021:14:37:04 +0200] "GET /loadthumbnail.php?id=11194700&width=113 HTTP/1.1" 200 1829 "http://renault.activities.at/10201637?dir=DESC&mode=grid&order=name&limit=15&page=3" "Mozilla/5.0 (Macintosh; Intel Mac OS X 10.13; rv:88.0) Gecko/20100101 Firefox/88.0"
185.180.12.66 - - [01/Jun/2021:14:37:04 +0200] "GET /loadthumbnail.php?id=11186469&width=113 HTTP/1.1" 200 1278 "http://renault.activities.at/10201637?dir=DESC&mode=grid&order=name&limit=15&page=3" "Mozilla/5.0 (Macintosh; Intel Mac OS X 10.13; rv:88.0) Gecko/20100101 Firefox/88.0"
185.180.12.66 - - [01/Jun/2021:14:37:04 +0200] "GET /loadthumbnail.php?id=11186457&width=113 HTTP/1.1" 200 1278 "http://renault.activities.at/10201637?dir=DESC&mode=grid&order=name&limit=15&page=3" "Mozilla/5.0 (Macintosh; Intel Mac OS X 10.13; rv:88.0) Gecko/20100101 Firefox/88.0"
185.180.12.66 - - [01/Jun/2021:14:37:04 +0200] "GET /loadthumbnail.php?id=11186495&width=113 HTTP/1.1" 200 1974 "http://renault.activities.at/10201637?dir=DESC&mode=grid&order=name&limit=15&page=3" "Mozilla/5.0 (Macintosh; Intel Mac OS X 10.13; rv:88.0) Gecko/20100101 Firefox/88.0"
185.180.12.66 - - [01/Jun/2021:14:37:04 +0200] "GET /loadthumbnail.php?id=11186483&width=113 HTTP/1.1" 200 1974 "http://renault.activities.at/10201637?dir=DESC&mode=grid&order=name&limit=15&page=3" "Mozilla/5.0 (Macintosh; Intel Mac OS X 10.13; rv:88.0) Gecko/20100101 Firefox/88.0"
185.180.12.66 - - [01/Jun/2021:14:37:04 +0200] "GET /loadthumbnail.php?id=11181237&width=113 HTTP/1.1" 200 1156 "http://renault.activities.at/10201637?dir=DESC&mode=grid&order=name&limit=15&page=3" "Mozilla/5.0 (Macintosh; Intel Mac OS X 10.13; rv:88.0) Gecko/20100101 Firefox/88.0"
185.180.12.66 - - [01/Jun/2021:14:37:04 +0200] "GET /loadthumbnail.php?id=11181235&width=113 HTTP/1.1" 200 1156 "http://renault.activities.at/10201637?dir=DESC&mode=grid&order=name&limit=15&page=3" "Mozilla/5.0 (Macintosh; Intel Mac OS X 10.13; rv:88.0) Gecko/20100101 Firefox/88.0"
185.180.12.66 - - [01/Jun/2021:14:37:04 +0200] "GET /loadthumbnail.php?id=11195851&width=113 HTTP/1.1" 200 1156 "http://renault.activities.at/10201637?dir=DESC&mode=grid&order=name&limit=15&page=3" "Mozilla/5.0 (Macintosh; Intel Mac OS X 10.13; rv:88.0) Gecko/20100101 Firefox/88.0"
185.180.12.66 - - [01/Jun/2021:14:37:05 +0200] "GET /loadthumbnail.php?id=11181233&width=113 HTTP/1.1" 200 1353 "http://renault.activities.at/10201637?dir=DESC&mode=grid&order=name&limit=15&page=3" "Mozilla/5.0 (Macintosh; Intel Mac OS X 10.13; rv:88.0) Gecko/20100101 Firefox/88.0"
185.180.12.66 - - [01/Jun/2021:14:37:05 +0200] "GET /loadthumbnail.php?id=11194732&width=113 HTTP/1.1" 200 1353 "http://renault.activities.at/10201637?dir=DESC&mode=grid&order=name&limit=15&page=3" "Mozilla/5.0 (Macintosh; Intel Mac OS X 10.13; rv:88.0) Gecko/20100101 Firefox/88.0"
185.180.12.66 - - [01/Jun/2021:14:37:05 +0200] "GET /loadthumbnail.php?id=10203275 HTTP/1.1" 200 85 "http://renault.activities.at/10201637?dir=DESC&mode=grid&order=name&limit=15&page=3" "Mozilla/5.0 (Macintosh; Intel Mac OS X 10.13; rv:88.0) Gecko/20100101 Firefox/88.0"
185.180.12.66 - - [01/Jun/2021:14:37:05 +0200] "GET /loadthumbnail.php?id=10203276 HTTP/1.1" 200 75 "http://renault.activities.at/10201637?dir=DESC&mode=grid&order=name&limit=15&page=3" "Mozilla/5.0 (Macintosh; Intel Mac OS X 10.13; rv:88.0) Gecko/20100101 Firefox/88.0"
185.180.12.66 - - [01/Jun/2021:14:37:05 +0200] "GET /loadthumbnail.php?id=10203255 HTTP/1.1" 200 137 "http://renault.activities.at/10201637?dir=DESC&mode=grid&order=name&limit=15&page=3" "Mozilla/5.0 (Macintosh; Intel Mac OS X 10.13; rv:88.0) Gecko/20100101 Firefox/88.0"
185.180.12.66 - - [01/Jun/2021:14:37:05 +0200] "GET /loadthumbnail.php?id=11127982 HTTP/1.1" 200 399614 "http://renault.activities.at/10201637?dir=DESC&mode=grid&order=name&limit=15&page=3" "Mozilla/5.0 (Macintosh; Intel Mac OS X 10.13; rv:88.0) Gecko/20100101 Firefox/88.0"
185.180.12.66 - - [01/Jun/2021:14:37:05 +0200] "GET /loadthumbnail.php?id=10203650&width=113 HTTP/1.1" 200 2741 "http://renault.activities.at/10201637?dir=DESC&mode=grid&order=name&limit=15&page=3" "Mozilla/5.0 (Macintosh; Intel Mac OS X 10.13; rv:88.0) Gecko/20100101 Firefox/88.0"
193.194.132.26 - - [01/Jun/2021:14:37:11 +0200] "GET /reload?ser=1622551030711 HTTP/1.1" 200 28 "http://renault.2web.at/result?searchterm=true&search=riesen" "Mozilla/5.0 (Windows NT 10.0; Win64; x64) AppleWebKit/537.36 (KHTML, like Gecko) Chrome/90.0.4430.212 Safari/537.36"
185.180.12.66 - - [01/Jun/2021:14:37:09 +0200] "GET /10201637?dir=DESC&mode=grid&order=name&limit=15&page=4 HTTP/1.1" 200 8476 "http://renault.activities.at/10201637?dir=DESC&mode=grid&order=name&limit=15&page=3" "Mozilla/5.0 (Macintosh; Intel Mac OS X 10.13; rv:88.0) Gecko/20100101 Firefox/88.0"
185.180.12.66 - - [01/Jun/2021:14:37:12 +0200] "GET /loadthumbnail.php?id=11181230&width=113 HTTP/1.1" 200 1353 "http://renault.activities.at/10201637?dir=DESC&mode=grid&order=name&limit=15&page=4" "Mozilla/5.0 (Macintosh; Intel Mac OS X 10.13; rv:88.0) Gecko/20100101 Firefox/88.0"
185.180.12.66 - - [01/Jun/2021:14:37:12 +0200] "GET /loadthumbnail.php?id=12094698&width=113 HTTP/1.1" 200 1921 "http://renault.activities.at/10201637?dir=DESC&mode=grid&order=name&limit=15&page=4" "Mozilla/5.0 (Macintosh; Intel Mac OS X 10.13; rv:88.0) Gecko/20100101 Firefox/88.0"
185.180.12.66 - - [01/Jun/2021:14:37:12 +0200] "GET /loadthumbnail.php?id=12094699&width=113 HTTP/1.1" 200 1921 "http://renault.activities.at/10201637?dir=DESC&mode=grid&order=name&limit=15&page=4" "Mozilla/5.0 (Macintosh; Intel Mac OS X 10.13; rv:88.0) Gecko/20100101 Firefox/88.0"
185.180.12.66 - - [01/Jun/2021:14:37:12 +0200] "GET /loadthumbnail.php?id=11181213&width=113 HTTP/1.1" 200 2121 "http://renault.activities.at/10201637?dir=DESC&mode=grid&order=name&limit=15&page=4" "Mozilla/5.0 (Macintosh; Intel Mac OS X 10.13; rv:88.0) Gecko/20100101 Firefox/88.0"
185.180.12.66 - - [01/Jun/2021:14:37:12 +0200] "GET /loadthumbnail.php?id=11181219&width=113 HTTP/1.1" 200 2121 "http://renault.activities.at/10201637?dir=DESC&mode=grid&order=name&limit=15&page=4" "Mozilla/5.0 (Macintosh; Intel Mac OS X 10.13; rv:88.0) Gecko/20100101 Firefox/88.0"
185.180.12.66 - - [01/Jun/2021:14:37:12 +0200] "GET /loadthumbnail.php?id=11181223&width=113 HTTP/1.1" 200 1171 "http://renault.activities.at/10201637?dir=DESC&mode=grid&order=name&limit=15&page=4" "Mozilla/5.0 (Macintosh; Intel Mac OS X 10.13; rv:88.0) Gecko/20100101 Firefox/88.0"
185.180.12.66 - - [01/Jun/2021:14:37:12 +0200] "GET /loadthumbnail.php?id=11181221&width=113 HTTP/1.1" 200 1171 "http://renault.activities.at/10201637?dir=DESC&mode=grid&order=name&limit=15&page=4" "Mozilla/5.0 (Macintosh; Intel Mac OS X 10.13; rv:88.0) Gecko/20100101 Firefox/88.0"
185.180.12.66 - - [01/Jun/2021:14:37:12 +0200] "GET /loadthumbnail.php?id=11194713&width=113 HTTP/1.1" 200 1171 "http://renault.activities.at/10201637?dir=DESC&mode=grid&order=name&limit=15&page=4" "Mozilla/5.0 (Macintosh; Intel Mac OS X 10.13; rv:88.0) Gecko/20100101 Firefox/88.0"
185.180.12.66 - - [01/Jun/2021:14:37:12 +0200] "GET /loadthumbnail.php?id=11181168&width=113 HTTP/1.1" 200 847 "http://renault.activities.at/10201637?dir=DESC&mode=grid&order=name&limit=15&page=4" "Mozilla/5.0 (Macintosh; Intel Mac OS X 10.13; rv:88.0) Gecko/20100101 Firefox/88.0"
185.180.12.66 - - [01/Jun/2021:14:37:12 +0200] "GET /loadthumbnail.php?id=11181166&width=113 HTTP/1.1" 200 847 "http://renault.activities.at/10201637?dir=DESC&mode=grid&order=name&limit=15&page=4" "Mozilla/5.0 (Macintosh; Intel Mac OS X 10.13; rv:88.0) Gecko/20100101 Firefox/88.0"
185.180.12.66 - - [01/Jun/2021:14:37:12 +0200] "GET /loadthumbnail.php?id=12255324&width=113 HTTP/1.1" 200 2018 "http://renault.activities.at/10201637?dir=DESC&mode=grid&order=name&limit=15&page=4" "Mozilla/5.0 (Macintosh; Intel Mac OS X 10.13; rv:88.0) Gecko/20100101 Firefox/88.0"
185.180.12.66 - - [01/Jun/2021:14:37:12 +0200] "GET /loadthumbnail.php?id=12255323&width=113 HTTP/1.1" 200 2018 "http://renault.activities.at/10201637?dir=DESC&mode=grid&order=name&limit=15&page=4" "Mozilla/5.0 (Macintosh; Intel Mac OS X 10.13; rv:88.0) Gecko/20100101 Firefox/88.0"
185.180.12.66 - - [01/Jun/2021:14:37:12 +0200] "GET /loadthumbnail.php?id=12255321&width=113 HTTP/1.1" 200 2018 "http://renault.activities.at/10201637?dir=DESC&mode=grid&order=name&limit=15&page=4" "Mozilla/5.0 (Macintosh; Intel Mac OS X 10.13; rv:88.0) Gecko/20100101 Firefox/88.0"
185.180.12.66 - - [01/Jun/2021:14:37:13 +0200] "GET /loadthumbnail.php?id=10203275 HTTP/1.1" 200 85 "http://renault.activities.at/10201637?dir=DESC&mode=grid&order=name&limit=15&page=4" "Mozilla/5.0 (Macintosh; Intel Mac OS X 10.13; rv:88.0) Gecko/20100101 Firefox/88.0"
185.180.12.66 - - [01/Jun/2021:14:37:13 +0200] "GET /loadthumbnail.php?id=10203276 HTTP/1.1" 200 75 "http://renault.activities.at/10201637?dir=DESC&mode=grid&order=name&limit=15&page=4" "Mozilla/5.0 (Macintosh; Intel Mac OS X 10.13; rv:88.0) Gecko/20100101 Firefox/88.0"
185.180.12.66 - - [01/Jun/2021:14:37:13 +0200] "GET /loadthumbnail.php?id=10203650&width=113 HTTP/1.1" 200 2741 "http://renault.activities.at/10201637?dir=DESC&mode=grid&order=name&limit=15&page=4" "Mozilla/5.0 (Macintosh; Intel Mac OS X 10.13; rv:88.0) Gecko/20100101 Firefox/88.0"
185.180.12.66 - - [01/Jun/2021:14:37:13 +0200] "GET /loadthumbnail.php?id=10203255 HTTP/1.1" 200 137 "http://renault.activities.at/10201637?dir=DESC&mode=grid&order=name&limit=15&page=4" "Mozilla/5.0 (Macintosh; Intel Mac OS X 10.13; rv:88.0) Gecko/20100101 Firefox/88.0"
185.180.12.66 - - [01/Jun/2021:14:37:13 +0200] "GET /loadthumbnail.php?id=11127982 HTTP/1.1" 200 399614 "http://renault.activities.at/10201637?dir=DESC&mode=grid&order=name&limit=15&page=4" "Mozilla/5.0 (Macintosh; Intel Mac OS X 10.13; rv:88.0) Gecko/20100101 Firefox/88.0"
77.119.130.70 - - [01/Jun/2021:14:37:18 +0200] "GET /reload?ser=1622551035350 HTTP/1.1" 200 28 "http://renault.activities.at/" "Mozilla/5.0 (Windows NT 10.0; Win64; x64) AppleWebKit/537.36 (KHTML, like Gecko) Chrome/90.0.4430.212 Safari/537.36"
185.180.12.66 - - [01/Jun/2021:14:37:25 +0200] "GET /10201637?mode=list HTTP/1.1" 200 7914 "http://renault.activities.at/10201637?dir=DESC&mode=grid&order=name&limit=15&page=4" "Mozilla/5.0 (Macintosh; Intel Mac OS X 10.13; rv:88.0) Gecko/20100101 Firefox/88.0"
185.180.12.66 - - [01/Jun/2021:14:37:28 +0200] "GET /loadthumbnail.php?id=11967857&width=113 HTTP/1.1" 200 2260 "http://renault.activities.at/10201637?mode=list" "Mozilla/5.0 (Macintosh; Intel Mac OS X 10.13; rv:88.0) Gecko/20100101 Firefox/88.0"
185.180.12.66 - - [01/Jun/2021:14:37:28 +0200] "GET /loadthumbnail.php?id=12198629&width=113 HTTP/1.1" 200 1975 "http://renault.activities.at/10201637?mode=list" "Mozilla/5.0 (Macintosh; Intel Mac OS X 10.13; rv:88.0) Gecko/20100101 Firefox/88.0"
185.180.12.66 - - [01/Jun/2021:14:37:28 +0200] "GET /loadthumbnail.php?id=12198625&width=113 HTTP/1.1" 200 1975 "http://renault.activities.at/10201637?mode=list" "Mozilla/5.0 (Macintosh; Intel Mac OS X 10.13; rv:88.0) Gecko/20100101 Firefox/88.0"
185.180.12.66 - - [01/Jun/2021:14:37:28 +0200] "GET /loadthumbnail.php?id=12197903&width=113 HTTP/1.1" 200 30608 "http://renault.activities.at/10201637?mode=list" "Mozilla/5.0 (Macintosh; Intel Mac OS X 10.13; rv:88.0) Gecko/20100101 Firefox/88.0"
185.180.12.66 - - [01/Jun/2021:14:37:28 +0200] "GET /loadthumbnail.php?id=12198633&width=113 HTTP/1.1" 200 1975 "http://renault.activities.at/10201637?mode=list" "Mozilla/5.0 (Macintosh; Intel Mac OS X 10.13; rv:88.0) Gecko/20100101 Firefox/88.0"
185.180.12.66 - - [01/Jun/2021:14:37:28 +0200] "GET /loadthumbnail.php?id=12273155&width=113 HTTP/1.1" 200 1895 "http://renault.activities.at/10201637?mode=list" "Mozilla/5.0 (Macintosh; Intel Mac OS X 10.13; rv:88.0) Gecko/20100101 Firefox/88.0"
185.180.12.66 - - [01/Jun/2021:14:37:28 +0200] "GET /loadthumbnail.php?id=12273156&width=113 HTTP/1.1" 200 1895 "http://renault.activities.at/10201637?mode=list" "Mozilla/5.0 (Macintosh; Intel Mac OS X 10.13; rv:88.0) Gecko/20100101 Firefox/88.0"
185.180.12.66 - - [01/Jun/2021:14:37:28 +0200] "GET /loadthumbnail.php?id=12273142&width=113 HTTP/1.1" 200 1895 "http://renault.activities.at/10201637?mode=list" "Mozilla/5.0 (Macintosh; Intel Mac OS X 10.13; rv:88.0) Gecko/20100101 Firefox/88.0"
185.180.12.66 - - [01/Jun/2021:14:37:28 +0200] "GET /loadthumbnail.php?id=10203255 HTTP/1.1" 200 137 "http://renault.activities.at/10201637?mode=list" "Mozilla/5.0 (Macintosh; Intel Mac OS X 10.13; rv:88.0) Gecko/20100101 Firefox/88.0"
185.180.12.66 - - [01/Jun/2021:14:37:28 +0200] "GET /loadthumbnail.php?id=10203276 HTTP/1.1" 200 75 "http://renault.activities.at/10201637?mode=list" "Mozilla/5.0 (Macintosh; Intel Mac OS X 10.13; rv:88.0) Gecko/20100101 Firefox/88.0"
185.180.12.66 - - [01/Jun/2021:14:37:28 +0200] "GET /loadthumbnail.php?id=10203650&width=113 HTTP/1.1" 200 2741 "http://renault.activities.at/10201637?mode=list" "Mozilla/5.0 (Macintosh; Intel Mac OS X 10.13; rv:88.0) Gecko/20100101 Firefox/88.0"
185.180.12.66 - - [01/Jun/2021:14:37:28 +0200] "GET /loadthumbnail.php?id=11127982 HTTP/1.1" 200 399614 "http://renault.activities.at/10201637?mode=list" "Mozilla/5.0 (Macintosh; Intel Mac OS X 10.13; rv:88.0) Gecko/20100101 Firefox/88.0"
91.113.144.26 - - [01/Jun/2021:14:37:36 +0200] "GET /reload?ser=1622551056940 HTTP/1.1" 200 28 "http://renault.activities.at/" "Mozilla/5.0 (Windows NT 10.0; Win64; x64) AppleWebKit/537.36 (KHTML, like Gecko) Chrome/90.0.4430.212 Safari/537.36"
185.180.12.66 - - [01/Jun/2021:14:37:42 +0200] "GET /10201637?cat=10260273 HTTP/1.1" 200 8507 "http://renault.activities.at/10201637?mode=list" "Mozilla/5.0 (Macintosh; Intel Mac OS X 10.13; rv:88.0) Gecko/20100101 Firefox/88.0"
185.180.12.66 - - [01/Jun/2021:14:37:46 +0200] "GET /loadthumbnail.php?id=12273108&width=113 HTTP/1.1" 200 3033 "http://renault.activities.at/10201637?cat=10260273" "Mozilla/5.0 (Macintosh; Intel Mac OS X 10.13; rv:88.0) Gecko/20100101 Firefox/88.0"
185.180.12.66 - - [01/Jun/2021:14:37:46 +0200] "GET /loadthumbnail.php?id=10201939&width=15&height=15 HTTP/1.1" 200 201 "http://renault.activities.at/10201637?cat=10260273" "Mozilla/5.0 (Macintosh; Intel Mac OS X 10.13; rv:88.0) Gecko/20100101 Firefox/88.0"
185.180.12.66 - - [01/Jun/2021:14:37:46 +0200] "GET /loadthumbnail.php?id=12276317&width=113 HTTP/1.1" 200 2783 "http://renault.activities.at/10201637?cat=10260273" "Mozilla/5.0 (Macintosh; Intel Mac OS X 10.13; rv:88.0) Gecko/20100101 Firefox/88.0"
185.180.12.66 - - [01/Jun/2021:14:37:46 +0200] "GET /loadthumbnail.php?id=11228566&width=113 HTTP/1.1" 200 4033 "http://renault.activities.at/10201637?cat=10260273" "Mozilla/5.0 (Macintosh; Intel Mac OS X 10.13; rv:88.0) Gecko/20100101 Firefox/88.0"
185.180.12.66 - - [01/Jun/2021:14:37:46 +0200] "GET /loadthumbnail.php?id=12273107&width=113 HTTP/1.1" 200 2790 "http://renault.activities.at/10201637?cat=10260273" "Mozilla/5.0 (Macintosh; Intel Mac OS X 10.13; rv:88.0) Gecko/20100101 Firefox/88.0"
185.180.12.66 - - [01/Jun/2021:14:37:46 +0200] "GET /loadthumbnail.php?id=12333924&width=113 HTTP/1.1" 200 3071 "http://renault.activities.at/10201637?cat=10260273" "Mozilla/5.0 (Macintosh; Intel Mac OS X 10.13; rv:88.0) Gecko/20100101 Firefox/88.0"
185.180.12.66 - - [01/Jun/2021:14:37:46 +0200] "GET /loadthumbnail.php?id=12239245&width=113 HTTP/1.1" 200 3605 "http://renault.activities.at/10201637?cat=10260273" "Mozilla/5.0 (Macintosh; Intel Mac OS X 10.13; rv:88.0) Gecko/20100101 Firefox/88.0"
185.180.12.66 - - [01/Jun/2021:14:37:46 +0200] "GET /loadthumbnail.php?id=12334033&width=113 HTTP/1.1" 200 3232 "http://renault.activities.at/10201637?cat=10260273" "Mozilla/5.0 (Macintosh; Intel Mac OS X 10.13; rv:88.0) Gecko/20100101 Firefox/88.0"
185.180.12.66 - - [01/Jun/2021:14:37:46 +0200] "GET /loadthumbnail.php?id=12414626&width=113 HTTP/1.1" 200 3464 "http://renault.activities.at/10201637?cat=10260273" "Mozilla/5.0 (Macintosh; Intel Mac OS X 10.13; rv:88.0) Gecko/20100101 Firefox/88.0"
185.180.12.66 - - [01/Jun/2021:14:37:46 +0200] "GET /loadthumbnail.php?id=12333903&width=113 HTTP/1.1" 200 3025 "http://renault.activities.at/10201637?cat=10260273" "Mozilla/5.0 (Macintosh; Intel Mac OS X 10.13; rv:88.0) Gecko/20100101 Firefox/88.0"
185.180.12.66 - - [01/Jun/2021:14:37:46 +0200] "GET /loadthumbnail.php?id=12367878&width=113 HTTP/1.1" 200 3019 "http://renault.activities.at/10201637?cat=10260273" "Mozilla/5.0 (Macintosh; Intel Mac OS X 10.13; rv:88.0) Gecko/20100101 Firefox/88.0"
185.180.12.66 - - [01/Jun/2021:14:37:46 +0200] "GET /loadthumbnail.php?id=12176983&width=113 HTTP/1.1" 200 2917 "http://renault.activities.at/10201637?cat=10260273" "Mozilla/5.0 (Macintosh; Intel Mac OS X 10.13; rv:88.0) Gecko/20100101 Firefox/88.0"
185.180.12.66 - - [01/Jun/2021:14:37:46 +0200] "GET /loadthumbnail.php?id=12176979&width=113 HTTP/1.1" 200 2612 "http://renault.activities.at/10201637?cat=10260273" "Mozilla/5.0 (Macintosh; Intel Mac OS X 10.13; rv:88.0) Gecko/20100101 Firefox/88.0"
185.180.12.66 - - [01/Jun/2021:14:37:46 +0200] "GET /loadthumbnail.php?id=12414630&width=113 HTTP/1.1" 200 3276 "http://renault.activities.at/10201637?cat=10260273" "Mozilla/5.0 (Macintosh; Intel Mac OS X 10.13; rv:88.0) Gecko/20100101 Firefox/88.0"
185.180.12.66 - - [01/Jun/2021:14:37:46 +0200] "GET /loadthumbnail.php?id=12333892&width=113 HTTP/1.1" 200 3396 "http://renault.activities.at/10201637?cat=10260273" "Mozilla/5.0 (Macintosh; Intel Mac OS X 10.13; rv:88.0) Gecko/20100101 Firefox/88.0"
185.180.12.66 - - [01/Jun/2021:14:37:46 +0200] "GET /loadthumbnail.php?id=10203276 HTTP/1.1" 200 75 "http://renault.activities.at/10201637?cat=10260273" "Mozilla/5.0 (Macintosh; Intel Mac OS X 10.13; rv:88.0) Gecko/20100101 Firefox/88.0"
185.180.12.66 - - [01/Jun/2021:14:37:46 +0200] "GET /loadthumbnail.php?id=10203255 HTTP/1.1" 200 137 "http://renault.activities.at/10201637?cat=10260273" "Mozilla/5.0 (Macintosh; Intel Mac OS X 10.13; rv:88.0) Gecko/20100101 Firefox/88.0"
185.180.12.66 - - [01/Jun/2021:14:37:46 +0200] "GET /loadthumbnail.php?id=11127982 HTTP/1.1" 200 399614 "http://renault.activities.at/10201637?cat=10260273" "Mozilla/5.0 (Macintosh; Intel Mac OS X 10.13; rv:88.0) Gecko/20100101 Firefox/88.0"
185.180.12.66 - - [01/Jun/2021:14:37:47 +0200] "GET /loadthumbnail.php?id=12197903&width=113 HTTP/1.1" 200 30608 "http://renault.activities.at/10201637?cat=10260273" "Mozilla/5.0 (Macintosh; Intel Mac OS X 10.13; rv:88.0) Gecko/20100101 Firefox/88.0"
185.180.12.66 - - [01/Jun/2021:14:38:05 +0200] "GET /10260298 HTTP/1.1" 200 4461 "http://renault.activities.at/10201637?cat=10260273" "Mozilla/5.0 (Macintosh; Intel Mac OS X 10.13; rv:88.0) Gecko/20100101 Firefox/88.0"
185.180.12.66 - - [01/Jun/2021:14:38:06 +0200] "GET /loadthumbnail.php?id=11127982 HTTP/1.1" 200 399614 "http://renault.activities.at/10260298" "Mozilla/5.0 (Macintosh; Intel Mac OS X 10.13; rv:88.0) Gecko/20100101 Firefox/88.0"
193.194.132.26 - - [01/Jun/2021:14:38:13 +0200] "GET /reload?ser=1622551092712 HTTP/1.1" 200 28 "http://renault.2web.at/result?searchterm=true&search=riesen" "Mozilla/5.0 (Windows NT 10.0; Win64; x64) AppleWebKit/537.36 (KHTML, like Gecko) Chrome/90.0.4430.212 Safari/537.36"
77.119.130.70 - - [01/Jun/2021:14:38:19 +0200] "GET /reload?ser=1622551096348 HTTP/1.1" 200 28 "http://renault.activities.at/" "Mozilla/5.0 (Windows NT 10.0; Win64; x64) AppleWebKit/537.36 (KHTML, like Gecko) Chrome/90.0.4430.212 Safari/537.36"
185.180.12.66 - - [01/Jun/2021:14:38:31 +0200] "POST /axjaxrequest?mode=suggest HTTP/1.1" 200 21 "http://renault.activities.at/10260298" "Mozilla/5.0 (Macintosh; Intel Mac OS X 10.13; rv:88.0) Gecko/20100101 Firefox/88.0"
185.180.12.66 - - [01/Jun/2021:14:38:33 +0200] "GET /result?searchterm=true&search=Anzeigen HTTP/1.1" 200 4223 "http://renault.activities.at/10260298" "Mozilla/5.0 (Macintosh; Intel Mac OS X 10.13; rv:88.0) Gecko/20100101 Firefox/88.0"
185.180.12.66 - - [01/Jun/2021:14:38:34 +0200] "GET /loadthumbnail.php?id=11127982 HTTP/1.1" 200 399614 "http://renault.activities.at/result?searchterm=true&search=Anzeigen" "Mozilla/5.0 (Macintosh; Intel Mac OS X 10.13; rv:88.0) Gecko/20100101 Firefox/88.0"
91.113.144.26 - - [01/Jun/2021:14:38:37 +0200] "GET /reload?ser=1622551117926 HTTP/1.1" 200 28 "http://renault.activities.at/" "Mozilla/5.0 (Windows NT 10.0; Win64; x64) AppleWebKit/537.36 (KHTML, like Gecko) Chrome/90.0.4430.212 Safari/537.36"
185.180.12.66 - - [01/Jun/2021:14:38:39 +0200] "GET /account HTTP/1.1" 200 5780 "http://renault.activities.at/result?searchterm=true&search=Anzeigen" "Mozilla/5.0 (Macintosh; Intel Mac OS X 10.13; rv:88.0) Gecko/20100101 Firefox/88.0"
185.180.12.66 - - [01/Jun/2021:14:38:41 +0200] "GET /loadthumbnail.php?id=11127982 HTTP/1.1" 200 399614 "http://renault.activities.at/account" "Mozilla/5.0 (Macintosh; Intel Mac OS X 10.13; rv:88.0) Gecko/20100101 Firefox/88.0"
193.194.132.26 - - [01/Jun/2021:14:39:15 +0200] "GET /reload?ser=1622551154712 HTTP/1.1" 200 28 "http://renault.2web.at/result?searchterm=true&search=riesen" "Mozilla/5.0 (Windows NT 10.0; Win64; x64) AppleWebKit/537.36 (KHTML, like Gecko) Chrome/90.0.4430.212 Safari/537.36"
77.119.130.70 - - [01/Jun/2021:14:39:20 +0200] "GET /reload?ser=1622551157344 HTTP/1.1" 200 28 "http://renault.activities.at/" "Mozilla/5.0 (Windows NT 10.0; Win64; x64) AppleWebKit/537.36 (KHTML, like Gecko) Chrome/90.0.4430.212 Safari/537.36"
91.113.144.26 - - [01/Jun/2021:14:39:39 +0200] "GET /reload?ser=1622551178938 HTTP/1.1" 200 28 "http://renault.activities.at/" "Mozilla/5.0 (Windows NT 10.0; Win64; x64) AppleWebKit/537.36 (KHTML, like Gecko) Chrome/90.0.4430.212 Safari/537.36"
185.180.12.66 - - [01/Jun/2021:14:39:42 +0200] "GET /reload?ser=1622551181865 HTTP/1.1" 200 28 "http://renault.activities.at/account" "Mozilla/5.0 (Macintosh; Intel Mac OS X 10.13; rv:88.0) Gecko/20100101 Firefox/88.0"
193.194.132.26 - - [01/Jun/2021:14:40:17 +0200] "GET /reload?ser=1622551216711 HTTP/1.1" 200 28 "http://renault.2web.at/result?searchterm=true&search=riesen" "Mozilla/5.0 (Windows NT 10.0; Win64; x64) AppleWebKit/537.36 (KHTML, like Gecko) Chrome/90.0.4430.212 Safari/537.36"
77.119.130.70 - - [01/Jun/2021:14:40:21 +0200] "GET /reload?ser=1622551218346 HTTP/1.1" 200 28 "http://renault.activities.at/" "Mozilla/5.0 (Windows NT 10.0; Win64; x64) AppleWebKit/537.36 (KHTML, like Gecko) Chrome/90.0.4430.212 Safari/537.36"
91.113.144.26 - - [01/Jun/2021:14:40:40 +0200] "GET /reload?ser=1622551240926 HTTP/1.1" 200 28 "http://renault.activities.at/" "Mozilla/5.0 (Windows NT 10.0; Win64; x64) AppleWebKit/537.36 (KHTML, like Gecko) Chrome/90.0.4430.212 Safari/537.36"
185.180.12.66 - - [01/Jun/2021:14:40:43 +0200] "GET /reload?ser=1622551243082 HTTP/1.1" 200 28 "http://renault.activities.at/account" "Mozilla/5.0 (Macintosh; Intel Mac OS X 10.13; rv:88.0) Gecko/20100101 Firefox/88.0"
193.194.132.26 - - [01/Jun/2021:14:41:19 +0200] "GET /reload?ser=1622551278715 HTTP/1.1" 200 28 "http://renault.2web.at/result?searchterm=true&search=riesen" "Mozilla/5.0 (Windows NT 10.0; Win64; x64) AppleWebKit/537.36 (KHTML, like Gecko) Chrome/90.0.4430.212 Safari/537.36"
77.119.130.70 - - [01/Jun/2021:14:41:22 +0200] "GET /reload?ser=1622551279351 HTTP/1.1" 200 28 "http://renault.activities.at/" "Mozilla/5.0 (Windows NT 10.0; Win64; x64) AppleWebKit/537.36 (KHTML, like Gecko) Chrome/90.0.4430.212 Safari/537.36"
91.113.144.26 - - [01/Jun/2021:14:41:41 +0200] "GET /reload?ser=1622551301935 HTTP/1.1" 200 28 "http://renault.activities.at/" "Mozilla/5.0 (Windows NT 10.0; Win64; x64) AppleWebKit/537.36 (KHTML, like Gecko) Chrome/90.0.4430.212 Safari/537.36"
185.180.12.66 - - [01/Jun/2021:14:41:41 +0200] "GET /imprints HTTP/1.1" 200 5452 "http://renault.activities.at/account" "Mozilla/5.0 (Macintosh; Intel Mac OS X 10.13; rv:88.0) Gecko/20100101 Firefox/88.0"
185.180.12.66 - - [01/Jun/2021:14:41:43 +0200] "GET /js/ImprintEdit.js HTTP/1.1" 200 5933 "http://renault.activities.at/imprints" "Mozilla/5.0 (Macintosh; Intel Mac OS X 10.13; rv:88.0) Gecko/20100101 Firefox/88.0"
185.180.12.66 - - [01/Jun/2021:14:41:44 +0200] "GET /images/icons/user.gif HTTP/1.1" 200 1001 "http://renault.activities.at/imprints" "Mozilla/5.0 (Macintosh; Intel Mac OS X 10.13; rv:88.0) Gecko/20100101 Firefox/88.0"
185.180.12.66 - - [01/Jun/2021:14:41:44 +0200] "GET /images/icons/page_green.gif HTTP/1.1" 200 1048 "http://renault.activities.at/imprints" "Mozilla/5.0 (Macintosh; Intel Mac OS X 10.13; rv:88.0) Gecko/20100101 Firefox/88.0"
185.180.12.66 - - [01/Jun/2021:14:41:44 +0200] "GET /images/icons/group.gif HTTP/1.1" 200 1014 "http://renault.activities.at/imprints" "Mozilla/5.0 (Macintosh; Intel Mac OS X 10.13; rv:88.0) Gecko/20100101 Firefox/88.0"
185.180.12.66 - - [01/Jun/2021:14:41:44 +0200] "GET /images/icons/page_key.gif HTTP/1.1" 200 1074 "http://renault.activities.at/imprints" "Mozilla/5.0 (Macintosh; Intel Mac OS X 10.13; rv:88.0) Gecko/20100101 Firefox/88.0"
185.180.12.66 - - [01/Jun/2021:14:41:44 +0200] "GET /images/icons/page_red.gif HTTP/1.1" 200 1068 "http://renault.activities.at/imprints" "Mozilla/5.0 (Macintosh; Intel Mac OS X 10.13; rv:88.0) Gecko/20100101 Firefox/88.0"
185.180.12.66 - - [01/Jun/2021:14:41:44 +0200] "GET /images/icons/page_go.gif HTTP/1.1" 200 1071 "http://renault.activities.at/imprints" "Mozilla/5.0 (Macintosh; Intel Mac OS X 10.13; rv:88.0) Gecko/20100101 Firefox/88.0"
185.180.12.66 - - [01/Jun/2021:14:41:44 +0200] "GET /images/icons/page_lupe.gif HTTP/1.1" 200 1070 "http://renault.activities.at/imprints" "Mozilla/5.0 (Macintosh; Intel Mac OS X 10.13; rv:88.0) Gecko/20100101 Firefox/88.0"
185.180.12.66 - - [01/Jun/2021:14:41:44 +0200] "GET /images/icons/page_edit.gif HTTP/1.1" 200 1077 "http://renault.activities.at/imprints" "Mozilla/5.0 (Macintosh; Intel Mac OS X 10.13; rv:88.0) Gecko/20100101 Firefox/88.0"
185.180.12.66 - - [01/Jun/2021:14:41:44 +0200] "GET /images/icons/page_delete.gif HTTP/1.1" 200 1072 "http://renault.activities.at/imprints" "Mozilla/5.0 (Macintosh; Intel Mac OS X 10.13; rv:88.0) Gecko/20100101 Firefox/88.0"
185.180.12.66 - - [01/Jun/2021:14:41:44 +0200] "GET /loadthumbnail.php?id=11127982 HTTP/1.1" 200 399614 "http://renault.activities.at/imprints" "Mozilla/5.0 (Macintosh; Intel Mac OS X 10.13; rv:88.0) Gecko/20100101 Firefox/88.0"
185.180.12.66 - - [01/Jun/2021:14:42:02 +0200] "GET /action HTTP/1.1" 200 4065 "http://renault.activities.at/imprints" "Mozilla/5.0 (Macintosh; Intel Mac OS X 10.13; rv:88.0) Gecko/20100101 Firefox/88.0"
185.180.12.66 - - [01/Jun/2021:14:42:04 +0200] "GET /loadthumbnail.php?id=11127982 HTTP/1.1" 200 399614 "http://renault.activities.at/action" "Mozilla/5.0 (Macintosh; Intel Mac OS X 10.13; rv:88.0) Gecko/20100101 Firefox/88.0"
185.180.12.66 - - [01/Jun/2021:14:42:13 +0200] "GET /10260004 HTTP/1.1" 200 8203 "http://renault.activities.at/action" "Mozilla/5.0 (Macintosh; Intel Mac OS X 10.13; rv:88.0) Gecko/20100101 Firefox/88.0"
185.180.12.66 - - [01/Jun/2021:14:42:16 +0200] "GET /loadthumbnail.php?id=10203255 HTTP/1.1" 200 137 "http://renault.activities.at/10260004" "Mozilla/5.0 (Macintosh; Intel Mac OS X 10.13; rv:88.0) Gecko/20100101 Firefox/88.0"
185.180.12.66 - - [01/Jun/2021:14:42:16 +0200] "GET /loadthumbnail.php?id=10203650&width=113 HTTP/1.1" 200 2741 "http://renault.activities.at/10260004" "Mozilla/5.0 (Macintosh; Intel Mac OS X 10.13; rv:88.0) Gecko/20100101 Firefox/88.0"
185.180.12.66 - - [01/Jun/2021:14:42:16 +0200] "GET /loadthumbnail.php?id=12244843&width=113 HTTP/1.1" 200 6390 "http://renault.activities.at/10260004" "Mozilla/5.0 (Macintosh; Intel Mac OS X 10.13; rv:88.0) Gecko/20100101 Firefox/88.0"
185.180.12.66 - - [01/Jun/2021:14:42:16 +0200] "GET /loadthumbnail.php?id=12244847&width=113 HTTP/1.1" 200 5903 "http://renault.activities.at/10260004" "Mozilla/5.0 (Macintosh; Intel Mac OS X 10.13; rv:88.0) Gecko/20100101 Firefox/88.0"
185.180.12.66 - - [01/Jun/2021:14:42:16 +0200] "GET /loadthumbnail.php?id=12244856&width=113 HTTP/1.1" 200 5659 "http://renault.activities.at/10260004" "Mozilla/5.0 (Macintosh; Intel Mac OS X 10.13; rv:88.0) Gecko/20100101 Firefox/88.0"
185.180.12.66 - - [01/Jun/2021:14:42:16 +0200] "GET /loadthumbnail.php?id=12244864&width=113 HTTP/1.1" 200 11050 "http://renault.activities.at/10260004" "Mozilla/5.0 (Macintosh; Intel Mac OS X 10.13; rv:88.0) Gecko/20100101 Firefox/88.0"
185.180.12.66 - - [01/Jun/2021:14:42:16 +0200] "GET /loadthumbnail.php?id=12244860&width=113 HTTP/1.1" 200 18982 "http://renault.activities.at/10260004" "Mozilla/5.0 (Macintosh; Intel Mac OS X 10.13; rv:88.0) Gecko/20100101 Firefox/88.0"
185.180.12.66 - - [01/Jun/2021:14:42:16 +0200] "GET /loadthumbnail.php?id=12244839&width=113 HTTP/1.1" 200 21692 "http://renault.activities.at/10260004" "Mozilla/5.0 (Macintosh; Intel Mac OS X 10.13; rv:88.0) Gecko/20100101 Firefox/88.0"
185.180.12.66 - - [01/Jun/2021:14:42:16 +0200] "GET /loadthumbnail.php?id=10562346&width=113 HTTP/1.1" 200 5314 "http://renault.activities.at/10260004" "Mozilla/5.0 (Macintosh; Intel Mac OS X 10.13; rv:88.0) Gecko/20100101 Firefox/88.0"
185.180.12.66 - - [01/Jun/2021:14:42:16 +0200] "GET /loadthumbnail.php?id=10562347&width=113 HTTP/1.1" 200 4993 "http://renault.activities.at/10260004" "Mozilla/5.0 (Macintosh; Intel Mac OS X 10.13; rv:88.0) Gecko/20100101 Firefox/88.0"
185.180.12.66 - - [01/Jun/2021:14:42:16 +0200] "GET /loadthumbnail.php?id=11127982 HTTP/1.1" 200 399614 "http://renault.activities.at/10260004" "Mozilla/5.0 (Macintosh; Intel Mac OS X 10.13; rv:88.0) Gecko/20100101 Firefox/88.0"
193.194.132.26 - - [01/Jun/2021:14:42:21 +0200] "GET /reload?ser=1622551340712 HTTP/1.1" 200 28 "http://renault.2web.at/result?searchterm=true&search=riesen" "Mozilla/5.0 (Windows NT 10.0; Win64; x64) AppleWebKit/537.36 (KHTML, like Gecko) Chrome/90.0.4430.212 Safari/537.36"
77.119.130.70 - - [01/Jun/2021:14:42:23 +0200] "GET /reload?ser=1622551340344 HTTP/1.1" 200 28 "http://renault.activities.at/" "Mozilla/5.0 (Windows NT 10.0; Win64; x64) AppleWebKit/537.36 (KHTML, like Gecko) Chrome/90.0.4430.212 Safari/537.36"
185.180.12.66 - - [01/Jun/2021:14:42:36 +0200] "POST /axjaxrequest?mode=suggest HTTP/1.1" 200 21 "http://renault.activities.at/10260004" "Mozilla/5.0 (Macintosh; Intel Mac OS X 10.13; rv:88.0) Gecko/20100101 Firefox/88.0"
185.180.12.66 - - [01/Jun/2021:14:42:38 +0200] "GET /result?searchterm=true&search=Printanzeigen HTTP/1.1" 200 4226 "http://renault.activities.at/10260004" "Mozilla/5.0 (Macintosh; Intel Mac OS X 10.13; rv:88.0) Gecko/20100101 Firefox/88.0"
185.180.12.66 - - [01/Jun/2021:14:42:40 +0200] "GET /loadthumbnail.php?id=11127982 HTTP/1.1" 200 399614 "http://renault.activities.at/result?searchterm=true&search=Printanzeigen" "Mozilla/5.0 (Macintosh; Intel Mac OS X 10.13; rv:88.0) Gecko/20100101 Firefox/88.0"
91.113.144.26 - - [01/Jun/2021:14:42:42 +0200] "GET /reload?ser=1622551362928 HTTP/1.1" 200 28 "http://renault.activities.at/" "Mozilla/5.0 (Windows NT 10.0; Win64; x64) AppleWebKit/537.36 (KHTML, like Gecko) Chrome/90.0.4430.212 Safari/537.36"
185.180.12.66 - - [01/Jun/2021:14:42:47 +0200] "POST /result?searchterm=true&search=Printanzeigen HTTP/1.1" 302 162 "http://renault.activities.at/result?searchterm=true&search=Printanzeigen" "Mozilla/5.0 (Macintosh; Intel Mac OS X 10.13; rv:88.0) Gecko/20100101 Firefox/88.0"
185.180.12.66 - - [01/Jun/2021:14:42:48 +0200] "GET /result?searchterm=true&search=Printanzeigen HTTP/1.1" 200 4226 "http://renault.activities.at/result?searchterm=true&search=Printanzeigen" "Mozilla/5.0 (Macintosh; Intel Mac OS X 10.13; rv:88.0) Gecko/20100101 Firefox/88.0"
185.180.12.66 - - [01/Jun/2021:14:42:50 +0200] "GET /loadthumbnail.php?id=11127982 HTTP/1.1" 200 399614 "http://renault.activities.at/result?searchterm=true&search=Printanzeigen" "Mozilla/5.0 (Macintosh; Intel Mac OS X 10.13; rv:88.0) Gecko/20100101 Firefox/88.0"
185.180.12.66 - - [01/Jun/2021:14:43:03 +0200] "GET /account HTTP/1.1" 200 5790 "http://renault.activities.at/result?searchterm=true&search=Printanzeigen" "Mozilla/5.0 (Macintosh; Intel Mac OS X 10.13; rv:88.0) Gecko/20100101 Firefox/88.0"
185.180.12.66 - - [01/Jun/2021:14:43:05 +0200] "GET /loadthumbnail.php?id=11127982 HTTP/1.1" 200 399614 "http://renault.activities.at/account" "Mozilla/5.0 (Macintosh; Intel Mac OS X 10.13; rv:88.0) Gecko/20100101 Firefox/88.0"
193.194.132.26 - - [01/Jun/2021:14:43:23 +0200] "GET /reload?ser=1622551402712 HTTP/1.1" 200 28 "http://renault.2web.at/result?searchterm=true&search=riesen" "Mozilla/5.0 (Windows NT 10.0; Win64; x64) AppleWebKit/537.36 (KHTML, like Gecko) Chrome/90.0.4430.212 Safari/537.36"
91.113.144.26 - - [01/Jun/2021:14:43:43 +0200] "GET /reload?ser=1622551423934 HTTP/1.1" 200 28 "http://renault.activities.at/" "Mozilla/5.0 (Windows NT 10.0; Win64; x64) AppleWebKit/537.36 (KHTML, like Gecko) Chrome/90.0.4430.212 Safari/537.36"
185.180.12.66 - - [01/Jun/2021:14:44:05 +0200] "GET /reload?ser=1622551445537 HTTP/1.1" 200 28 "http://renault.activities.at/account" "Mozilla/5.0 (Macintosh; Intel Mac OS X 10.13; rv:88.0) Gecko/20100101 Firefox/88.0"
185.180.12.66 - - [01/Jun/2021:14:44:12 +0200] "POST /axjaxrequest?mode=suggest HTTP/1.1" 200 21 "http://renault.activities.at/account" "Mozilla/5.0 (Macintosh; Intel Mac OS X 10.13; rv:88.0) Gecko/20100101 Firefox/88.0"
185.180.12.66 - - [01/Jun/2021:14:44:14 +0200] "GET /result?searchterm=true&search=Anzeigen HTTP/1.1" 200 4222 "http://renault.activities.at/account" "Mozilla/5.0 (Macintosh; Intel Mac OS X 10.13; rv:88.0) Gecko/20100101 Firefox/88.0"
185.180.12.66 - - [01/Jun/2021:14:44:16 +0200] "GET /loadthumbnail.php?id=11127982 HTTP/1.1" 200 399614 "http://renault.activities.at/result?searchterm=true&search=Anzeigen" "Mozilla/5.0 (Macintosh; Intel Mac OS X 10.13; rv:88.0) Gecko/20100101 Firefox/88.0"
193.194.132.26 - - [01/Jun/2021:14:44:25 +0200] "GET /reload?ser=1622551464713 HTTP/1.1" 200 28 "http://renault.2web.at/result?searchterm=true&search=riesen" "Mozilla/5.0 (Windows NT 10.0; Win64; x64) AppleWebKit/537.36 (KHTML, like Gecko) Chrome/90.0.4430.212 Safari/537.36"
185.180.12.66 - - [01/Jun/2021:14:44:30 +0200] "GET /10260012 HTTP/1.1" 200 4460 "http://renault.activities.at/result?searchterm=true&search=Anzeigen" "Mozilla/5.0 (Macintosh; Intel Mac OS X 10.13; rv:88.0) Gecko/20100101 Firefox/88.0"
185.180.12.66 - - [01/Jun/2021:14:44:31 +0200] "GET /loadthumbnail.php?id=11127982 HTTP/1.1" 200 399614 "http://renault.activities.at/10260012" "Mozilla/5.0 (Macintosh; Intel Mac OS X 10.13; rv:88.0) Gecko/20100101 Firefox/88.0"
185.180.12.66 - - [01/Jun/2021:14:44:37 +0200] "GET / HTTP/1.1" 200 5734 "http://renault.activities.at/10260012" "Mozilla/5.0 (Macintosh; Intel Mac OS X 10.13; rv:88.0) Gecko/20100101 Firefox/88.0"
185.180.12.66 - - [01/Jun/2021:14:44:39 +0200] "GET /loadthumbnail.php?id=11127982 HTTP/1.1" 200 399614 "http://renault.activities.at/" "Mozilla/5.0 (Macintosh; Intel Mac OS X 10.13; rv:88.0) Gecko/20100101 Firefox/88.0"
91.113.144.26 - - [01/Jun/2021:14:44:44 +0200] "GET /reload?ser=1622551484932 HTTP/1.1" 200 28 "http://renault.activities.at/" "Mozilla/5.0 (Windows NT 10.0; Win64; x64) AppleWebKit/537.36 (KHTML, like Gecko) Chrome/90.0.4430.212 Safari/537.36"
185.180.12.66 - - [01/Jun/2021:14:45:13 +0200] "GET /action HTTP/1.1" 200 4065 "http://renault.activities.at/" "Mozilla/5.0 (Macintosh; Intel Mac OS X 10.13; rv:88.0) Gecko/20100101 Firefox/88.0"
185.180.12.66 - - [01/Jun/2021:14:45:15 +0200] "GET /loadthumbnail.php?id=11127982 HTTP/1.1" 200 399614 "http://renault.activities.at/action" "Mozilla/5.0 (Macintosh; Intel Mac OS X 10.13; rv:88.0) Gecko/20100101 Firefox/88.0"
185.180.12.66 - - [01/Jun/2021:14:45:21 +0200] "GET /action?mode=1 HTTP/1.1" 200 4065 "http://renault.activities.at/action" "Mozilla/5.0 (Macintosh; Intel Mac OS X 10.13; rv:88.0) Gecko/20100101 Firefox/88.0"
185.180.12.66 - - [01/Jun/2021:14:45:23 +0200] "GET /loadthumbnail.php?id=11127982 HTTP/1.1" 200 399614 "http://renault.activities.at/action?mode=1" "Mozilla/5.0 (Macintosh; Intel Mac OS X 10.13; rv:88.0) Gecko/20100101 Firefox/88.0"
185.180.12.66 - - [01/Jun/2021:14:45:25 +0200] "GET /action?mode=2 HTTP/1.1" 200 4065 "http://renault.activities.at/action?mode=1" "Mozilla/5.0 (Macintosh; Intel Mac OS X 10.13; rv:88.0) Gecko/20100101 Firefox/88.0"
185.180.12.66 - - [01/Jun/2021:14:45:26 +0200] "GET /loadthumbnail.php?id=11127982 HTTP/1.1" 200 399614 "http://renault.activities.at/action?mode=2" "Mozilla/5.0 (Macintosh; Intel Mac OS X 10.13; rv:88.0) Gecko/20100101 Firefox/88.0"
193.194.132.26 - - [01/Jun/2021:14:45:27 +0200] "GET /reload?ser=1622551526922 HTTP/1.1" 200 28 "http://renault.2web.at/result?searchterm=true&search=riesen" "Mozilla/5.0 (Windows NT 10.0; Win64; x64) AppleWebKit/537.36 (KHTML, like Gecko) Chrome/90.0.4430.212 Safari/537.36"
91.113.144.26 - - [01/Jun/2021:14:45:45 +0200] "GET /reload?ser=1622551545934 HTTP/1.1" 200 28 "http://renault.activities.at/" "Mozilla/5.0 (Windows NT 10.0; Win64; x64) AppleWebKit/537.36 (KHTML, like Gecko) Chrome/90.0.4430.212 Safari/537.36"
185.180.12.66 - - [01/Jun/2021:14:45:46 +0200] "GET /10260284 HTTP/1.1" 200 5859 "http://renault.activities.at/action?mode=2" "Mozilla/5.0 (Macintosh; Intel Mac OS X 10.13; rv:88.0) Gecko/20100101 Firefox/88.0"
185.180.12.66 - - [01/Jun/2021:14:45:48 +0200] "GET /loadthumbnail.php?id=10203255 HTTP/1.1" 200 137 "http://renault.activities.at/10260284" "Mozilla/5.0 (Macintosh; Intel Mac OS X 10.13; rv:88.0) Gecko/20100101 Firefox/88.0"
185.180.12.66 - - [01/Jun/2021:14:45:48 +0200] "GET /loadthumbnail.php?id=11108158&width=113 HTTP/1.1" 200 1545 "http://renault.activities.at/10260284" "Mozilla/5.0 (Macintosh; Intel Mac OS X 10.13; rv:88.0) Gecko/20100101 Firefox/88.0"
185.180.12.66 - - [01/Jun/2021:14:45:48 +0200] "GET /loadthumbnail.php?id=11423838&width=113 HTTP/1.1" 200 2865 "http://renault.activities.at/10260284" "Mozilla/5.0 (Macintosh; Intel Mac OS X 10.13; rv:88.0) Gecko/20100101 Firefox/88.0"
185.180.12.66 - - [01/Jun/2021:14:45:49 +0200] "GET /loadthumbnail.php?id=11127982 HTTP/1.1" 200 399614 "http://renault.activities.at/10260284" "Mozilla/5.0 (Macintosh; Intel Mac OS X 10.13; rv:88.0) Gecko/20100101 Firefox/88.0"
185.180.12.66 - - [01/Jun/2021:14:46:12 +0200] "GET /css/themes/alphacube/top_mid.gif HTTP/1.1" 200 833 "http://renault.activities.at/css/themes/alphacube.css" "Mozilla/5.0 (Macintosh; Intel Mac OS X 10.13; rv:88.0) Gecko/20100101 Firefox/88.0"
185.180.12.66 - - [01/Jun/2021:14:46:12 +0200] "GET /css/themes/alphacube/bottom_middle.gif HTTP/1.1" 200 44 "http://renault.activities.at/css/themes/alphacube.css" "Mozilla/5.0 (Macintosh; Intel Mac OS X 10.13; rv:88.0) Gecko/20100101 Firefox/88.0"
185.180.12.66 - - [01/Jun/2021:14:46:12 +0200] "GET /css/themes/alphacube/frame_right.gif HTTP/1.1" 200 64 "http://renault.activities.at/css/themes/alphacube.css" "Mozilla/5.0 (Macintosh; Intel Mac OS X 10.13; rv:88.0) Gecko/20100101 Firefox/88.0"
185.180.12.66 - - [01/Jun/2021:14:46:12 +0200] "GET /css/themes/alphacube/frame_left.gif HTTP/1.1" 200 64 "http://renault.activities.at/css/themes/alphacube.css" "Mozilla/5.0 (Macintosh; Intel Mac OS X 10.13; rv:88.0) Gecko/20100101 Firefox/88.0"
185.180.12.66 - - [01/Jun/2021:14:46:12 +0200] "GET /css/themes/alphacube/button-close-focus.gif HTTP/1.1" 200 699 "http://renault.activities.at/css/themes/alphacube.css" "Mozilla/5.0 (Macintosh; Intel Mac OS X 10.13; rv:88.0) Gecko/20100101 Firefox/88.0"
185.180.12.66 - - [01/Jun/2021:14:46:12 +0200] "GET /css/themes/alphacube/top_right.gif HTTP/1.1" 200 972 "http://renault.activities.at/css/themes/alphacube.css" "Mozilla/5.0 (Macintosh; Intel Mac OS X 10.13; rv:88.0) Gecko/20100101 Firefox/88.0"
185.180.12.66 - - [01/Jun/2021:14:46:12 +0200] "GET /css/themes/alphacube/top_left.gif HTTP/1.1" 200 973 "http://renault.activities.at/css/themes/alphacube.css" "Mozilla/5.0 (Macintosh; Intel Mac OS X 10.13; rv:88.0) Gecko/20100101 Firefox/88.0"
185.180.12.66 - - [01/Jun/2021:14:46:12 +0200] "GET /css/themes/alphacube/bottom_left-c.gif HTTP/1.1" 200 62 "http://renault.activities.at/css/themes/alphacube.css" "Mozilla/5.0 (Macintosh; Intel Mac OS X 10.13; rv:88.0) Gecko/20100101 Firefox/88.0"
185.180.12.66 - - [01/Jun/2021:14:46:12 +0200] "GET /css/themes/alphacube/bottom_right-c.gif HTTP/1.1" 200 62 "http://renault.activities.at/css/themes/alphacube.css" "Mozilla/5.0 (Macintosh; Intel Mac OS X 10.13; rv:88.0) Gecko/20100101 Firefox/88.0"
185.180.12.66 - - [01/Jun/2021:14:46:12 +0200] "GET /10764754?print=true HTTP/1.1" 200 3032 "http://renault.activities.at/10260284" "Mozilla/5.0 (Macintosh; Intel Mac OS X 10.13; rv:88.0) Gecko/20100101 Firefox/88.0"
185.180.12.66 - - [01/Jun/2021:14:46:15 +0200] "GET /js/magiczoom/magiczoom.css HTTP/1.1" 200 1210 "http://renault.activities.at/10764754?print=true" "Mozilla/5.0 (Macintosh; Intel Mac OS X 10.13; rv:88.0) Gecko/20100101 Firefox/88.0"
185.180.12.66 - - [01/Jun/2021:14:46:15 +0200] "GET /js/tabs.js HTTP/1.1" 200 519 "http://renault.activities.at/10764754?print=true" "Mozilla/5.0 (Macintosh; Intel Mac OS X 10.13; rv:88.0) Gecko/20100101 Firefox/88.0"
185.180.12.66 - - [01/Jun/2021:14:46:15 +0200] "GET /js/Produkt.js HTTP/1.1" 200 852 "http://renault.activities.at/10764754?print=true" "Mozilla/5.0 (Macintosh; Intel Mac OS X 10.13; rv:88.0) Gecko/20100101 Firefox/88.0"
185.180.12.66 - - [01/Jun/2021:14:46:15 +0200] "GET /js/magiczoom/magiczoom.js HTTP/1.1" 200 26397 "http://renault.activities.at/10764754?print=true" "Mozilla/5.0 (Macintosh; Intel Mac OS X 10.13; rv:88.0) Gecko/20100101 Firefox/88.0"
185.180.12.66 - - [01/Jun/2021:14:46:15 +0200] "GET /images/tabs_button_corner_left_top_active.gif HTTP/1.1" 200 138 "http://renault.activities.at/css/styles.css" "Mozilla/5.0 (Macintosh; Intel Mac OS X 10.13; rv:88.0) Gecko/20100101 Firefox/88.0"
185.180.12.66 - - [01/Jun/2021:14:46:15 +0200] "GET /images/tabs_button_corner_right_top_active.gif HTTP/1.1" 200 136 "http://renault.activities.at/css/styles.css" "Mozilla/5.0 (Macintosh; Intel Mac OS X 10.13; rv:88.0) Gecko/20100101 Firefox/88.0"
185.180.12.66 - - [01/Jun/2021:14:46:15 +0200] "GET /images/tabs_border.gif HTTP/1.1" 200 43 "http://renault.activities.at/css/styles.css" "Mozilla/5.0 (Macintosh; Intel Mac OS X 10.13; rv:88.0) Gecko/20100101 Firefox/88.0"
185.180.12.66 - - [01/Jun/2021:14:46:15 +0200] "GET /images/tabs_corner_right_top.gif HTTP/1.1" 200 98 "http://renault.activities.at/css/styles.css" "Mozilla/5.0 (Macintosh; Intel Mac OS X 10.13; rv:88.0) Gecko/20100101 Firefox/88.0"
185.180.12.66 - - [01/Jun/2021:14:46:15 +0200] "GET /images/tabs_corner_left_bot.gif HTTP/1.1" 200 98 "http://renault.activities.at/css/styles.css" "Mozilla/5.0 (Macintosh; Intel Mac OS X 10.13; rv:88.0) Gecko/20100101 Firefox/88.0"
185.180.12.66 - - [01/Jun/2021:14:46:15 +0200] "GET /images/tabs_corner_right_bot.gif HTTP/1.1" 200 99 "http://renault.activities.at/css/styles.css" "Mozilla/5.0 (Macintosh; Intel Mac OS X 10.13; rv:88.0) Gecko/20100101 Firefox/88.0"
185.180.12.66 - - [01/Jun/2021:14:46:15 +0200] "GET /images/tabs_corner_left_top.gif HTTP/1.1" 200 99 "http://renault.activities.at/css/styles.css" "Mozilla/5.0 (Macintosh; Intel Mac OS X 10.13; rv:88.0) Gecko/20100101 Firefox/88.0"
185.180.12.66 - - [01/Jun/2021:14:46:15 +0200] "GET /loadthumbnail.php?id=11423838&width=83 HTTP/1.1" 200 1972 "http://renault.activities.at/10764754?print=true" "Mozilla/5.0 (Macintosh; Intel Mac OS X 10.13; rv:88.0) Gecko/20100101 Firefox/88.0"
185.180.12.66 - - [01/Jun/2021:14:46:15 +0200] "GET /loadthumbnail.php?id=11423838&width=250 HTTP/1.1" 200 8660 "http://renault.activities.at/10764754?print=true" "Mozilla/5.0 (Macintosh; Intel Mac OS X 10.13; rv:88.0) Gecko/20100101 Firefox/88.0"
185.180.12.66 - - [01/Jun/2021:14:46:15 +0200] "GET /loadthumbnail.php?id=11423839&width=83 HTTP/1.1" 200 1353 "http://renault.activities.at/10764754?print=true" "Mozilla/5.0 (Macintosh; Intel Mac OS X 10.13; rv:88.0) Gecko/20100101 Firefox/88.0"
185.180.12.66 - - [01/Jun/2021:14:46:15 +0200] "GET /loadthumbnail.php?id=11423838&width=250 HTTP/1.1" 200 8660 "http://renault.activities.at/10764754?print=true" "Mozilla/5.0 (Macintosh; Intel Mac OS X 10.13; rv:88.0) Gecko/20100101 Firefox/88.0"
185.180.12.66 - - [01/Jun/2021:14:46:15 +0200] "GET /loadthumbnail.php?id=11423838&width=900&height=900 HTTP/1.1" 200 67855 "http://renault.activities.at/10764754?print=true" "Mozilla/5.0 (Macintosh; Intel Mac OS X 10.13; rv:88.0) Gecko/20100101 Firefox/88.0"
185.180.12.66 - - [01/Jun/2021:14:46:15 +0200] "GET /js/magiczoom/graphics/hint.gif HTTP/1.1" 200 73 "http://renault.activities.at/js/magiczoom/magiczoom.css" "Mozilla/5.0 (Macintosh; Intel Mac OS X 10.13; rv:88.0) Gecko/20100101 Firefox/88.0"
185.180.12.66 - - [01/Jun/2021:14:46:15 +0200] "GET /loadthumbnail.php?id=11423839&width=250 HTTP/1.1" 200 3773 "http://renault.activities.at/10764754?print=true" "Mozilla/5.0 (Macintosh; Intel Mac OS X 10.13; rv:88.0) Gecko/20100101 Firefox/88.0"
193.194.132.26 - - [01/Jun/2021:14:46:29 +0200] "GET /reload?ser=1622551588713 HTTP/1.1" 200 28 "http://renault.2web.at/result?searchterm=true&search=riesen" "Mozilla/5.0 (Windows NT 10.0; Win64; x64) AppleWebKit/537.36 (KHTML, like Gecko) Chrome/90.0.4430.212 Safari/537.36"
185.180.12.66 - - [01/Jun/2021:14:46:43 +0200] "GET /10260284?mode=list HTTP/1.1" 200 5911 "http://renault.activities.at/10260284" "Mozilla/5.0 (Macintosh; Intel Mac OS X 10.13; rv:88.0) Gecko/20100101 Firefox/88.0"
185.180.12.66 - - [01/Jun/2021:14:46:45 +0200] "GET /loadthumbnail.php?id=10203255 HTTP/1.1" 200 137 "http://renault.activities.at/10260284?mode=list" "Mozilla/5.0 (Macintosh; Intel Mac OS X 10.13; rv:88.0) Gecko/20100101 Firefox/88.0"
185.180.12.66 - - [01/Jun/2021:14:46:45 +0200] "GET /loadthumbnail.php?id=11423838&width=113 HTTP/1.1" 200 2865 "http://renault.activities.at/10260284?mode=list" "Mozilla/5.0 (Macintosh; Intel Mac OS X 10.13; rv:88.0) Gecko/20100101 Firefox/88.0"
185.180.12.66 - - [01/Jun/2021:14:46:45 +0200] "GET /loadthumbnail.php?id=11108158&width=113 HTTP/1.1" 200 1545 "http://renault.activities.at/10260284?mode=list" "Mozilla/5.0 (Macintosh; Intel Mac OS X 10.13; rv:88.0) Gecko/20100101 Firefox/88.0"
185.180.12.66 - - [01/Jun/2021:14:46:45 +0200] "GET /loadthumbnail.php?id=11127982 HTTP/1.1" 200 399614 "http://renault.activities.at/10260284?mode=list" "Mozilla/5.0 (Macintosh; Intel Mac OS X 10.13; rv:88.0) Gecko/20100101 Firefox/88.0"
91.113.144.26 - - [01/Jun/2021:14:46:46 +0200] "GET /reload?ser=1622551606938 HTTP/1.1" 200 28 "http://renault.activities.at/" "Mozilla/5.0 (Windows NT 10.0; Win64; x64) AppleWebKit/537.36 (KHTML, like Gecko) Chrome/90.0.4430.212 Safari/537.36"
185.180.12.66 - - [01/Jun/2021:14:46:57 +0200] "GET /10201634 HTTP/1.1" 200 8380 "http://renault.activities.at/10260284?mode=list" "Mozilla/5.0 (Macintosh; Intel Mac OS X 10.13; rv:88.0) Gecko/20100101 Firefox/88.0"
185.180.12.66 - - [01/Jun/2021:14:47:00 +0200] "GET /loadthumbnail.php?id=12329773&width=113 HTTP/1.1" 200 6402 "http://renault.activities.at/10201634" "Mozilla/5.0 (Macintosh; Intel Mac OS X 10.13; rv:88.0) Gecko/20100101 Firefox/88.0"
185.180.12.66 - - [01/Jun/2021:14:47:00 +0200] "GET /loadthumbnail.php?id=10203276 HTTP/1.1" 200 75 "http://renault.activities.at/10201634" "Mozilla/5.0 (Macintosh; Intel Mac OS X 10.13; rv:88.0) Gecko/20100101 Firefox/88.0"
185.180.12.66 - - [01/Jun/2021:14:47:00 +0200] "GET /loadthumbnail.php?id=12329777&width=113 HTTP/1.1" 200 5924 "http://renault.activities.at/10201634" "Mozilla/5.0 (Macintosh; Intel Mac OS X 10.13; rv:88.0) Gecko/20100101 Firefox/88.0"
185.180.12.66 - - [01/Jun/2021:14:47:00 +0200] "GET /loadthumbnail.php?id=12329769&width=113 HTTP/1.1" 200 6281 "http://renault.activities.at/10201634" "Mozilla/5.0 (Macintosh; Intel Mac OS X 10.13; rv:88.0) Gecko/20100101 Firefox/88.0"
185.180.12.66 - - [01/Jun/2021:14:47:00 +0200] "GET /loadthumbnail.php?id=12329380&width=113 HTTP/1.1" 200 6136 "http://renault.activities.at/10201634" "Mozilla/5.0 (Macintosh; Intel Mac OS X 10.13; rv:88.0) Gecko/20100101 Firefox/88.0"
185.180.12.66 - - [01/Jun/2021:14:47:00 +0200] "GET /loadthumbnail.php?id=12329384&width=113 HTTP/1.1" 200 6523 "http://renault.activities.at/10201634" "Mozilla/5.0 (Macintosh; Intel Mac OS X 10.13; rv:88.0) Gecko/20100101 Firefox/88.0"
185.180.12.66 - - [01/Jun/2021:14:47:00 +0200] "GET /loadthumbnail.php?id=12329754&width=113 HTTP/1.1" 200 6497 "http://renault.activities.at/10201634" "Mozilla/5.0 (Macintosh; Intel Mac OS X 10.13; rv:88.0) Gecko/20100101 Firefox/88.0"
185.180.12.66 - - [01/Jun/2021:14:47:00 +0200] "GET /loadthumbnail.php?id=12329742&width=113 HTTP/1.1" 200 6011 "http://renault.activities.at/10201634" "Mozilla/5.0 (Macintosh; Intel Mac OS X 10.13; rv:88.0) Gecko/20100101 Firefox/88.0"
185.180.12.66 - - [01/Jun/2021:14:47:00 +0200] "GET /loadthumbnail.php?id=12329388&width=113 HTTP/1.1" 200 6391 "http://renault.activities.at/10201634" "Mozilla/5.0 (Macintosh; Intel Mac OS X 10.13; rv:88.0) Gecko/20100101 Firefox/88.0"
185.180.12.66 - - [01/Jun/2021:14:47:00 +0200] "GET /loadthumbnail.php?id=12329765&width=113 HTTP/1.1" 200 6417 "http://renault.activities.at/10201634" "Mozilla/5.0 (Macintosh; Intel Mac OS X 10.13; rv:88.0) Gecko/20100101 Firefox/88.0"
185.180.12.66 - - [01/Jun/2021:14:47:00 +0200] "GET /loadthumbnail.php?id=12329758&width=113 HTTP/1.1" 200 6291 "http://renault.activities.at/10201634" "Mozilla/5.0 (Macintosh; Intel Mac OS X 10.13; rv:88.0) Gecko/20100101 Firefox/88.0"
185.180.12.66 - - [01/Jun/2021:14:47:00 +0200] "GET /loadthumbnail.php?id=12329750&width=113 HTTP/1.1" 200 6710 "http://renault.activities.at/10201634" "Mozilla/5.0 (Macintosh; Intel Mac OS X 10.13; rv:88.0) Gecko/20100101 Firefox/88.0"
185.180.12.66 - - [01/Jun/2021:14:47:00 +0200] "GET /loadthumbnail.php?id=12329395&width=113 HTTP/1.1" 200 6279 "http://renault.activities.at/10201634" "Mozilla/5.0 (Macintosh; Intel Mac OS X 10.13; rv:88.0) Gecko/20100101 Firefox/88.0"
