93.83.241.1 - - [08/Jun/2021:16:07:36 +0200] "GET /images/header_block_corner_right_top.gif HTTP/1.1" 304 - "http://renault.activities.at/success" "Mozilla/5.0 (Windows NT 10.0; WOW64; Trident/7.0; rv:11.0) like Gecko"
93.83.241.1 - - [08/Jun/2021:16:07:36 +0200] "GET /images/header_block_corner_left_top.gif HTTP/1.1" 304 - "http://renault.activities.at/success" "Mozilla/5.0 (Windows NT 10.0; WOW64; Trident/7.0; rv:11.0) like Gecko"
93.83.241.1 - - [08/Jun/2021:16:07:36 +0200] "GET /images/search_bg.gif HTTP/1.1" 304 - "http://renault.activities.at/success" "Mozilla/5.0 (Windows NT 10.0; WOW64; Trident/7.0; rv:11.0) like Gecko"
93.83.241.1 - - [08/Jun/2021:16:07:36 +0200] "GET /images/nav_divider.gif HTTP/1.1" 304 - "http://renault.activities.at/success" "Mozilla/5.0 (Windows NT 10.0; WOW64; Trident/7.0; rv:11.0) like Gecko"
93.83.241.1 - - [08/Jun/2021:16:07:36 +0200] "GET /images/title_border_top.jpg HTTP/1.1" 304 - "http://renault.activities.at/success" "Mozilla/5.0 (Windows NT 10.0; WOW64; Trident/7.0; rv:11.0) like Gecko"
93.83.241.1 - - [08/Jun/2021:16:07:36 +0200] "GET /images/main_block_corner_left_bot.gif HTTP/1.1" 304 - "http://renault.activities.at/success" "Mozilla/5.0 (Windows NT 10.0; WOW64; Trident/7.0; rv:11.0) like Gecko"
93.83.241.1 - - [08/Jun/2021:16:07:36 +0200] "GET /images/main_block_corner_right_top.gif HTTP/1.1" 304 - "http://renault.activities.at/success" "Mozilla/5.0 (Windows NT 10.0; WOW64; Trident/7.0; rv:11.0) like Gecko"
93.83.241.1 - - [08/Jun/2021:16:07:36 +0200] "GET /images/title_corner_right_top.jpg HTTP/1.1" 304 - "http://renault.activities.at/success" "Mozilla/5.0 (Windows NT 10.0; WOW64; Trident/7.0; rv:11.0) like Gecko"
93.83.241.1 - - [08/Jun/2021:16:07:36 +0200] "GET /images/menu_divider.gif HTTP/1.1" 304 - "http://renault.activities.at/success" "Mozilla/5.0 (Windows NT 10.0; WOW64; Trident/7.0; rv:11.0) like Gecko"
93.83.241.1 - - [08/Jun/2021:16:07:36 +0200] "GET /images/top_links_divider.gif HTTP/1.1" 304 - "http://renault.activities.at/success" "Mozilla/5.0 (Windows NT 10.0; WOW64; Trident/7.0; rv:11.0) like Gecko"
93.83.241.1 - - [08/Jun/2021:16:07:36 +0200] "GET /images/main_block_corner_right_bot.gif HTTP/1.1" 304 - "http://renault.activities.at/success" "Mozilla/5.0 (Windows NT 10.0; WOW64; Trident/7.0; rv:11.0) like Gecko"
93.83.241.1 - - [08/Jun/2021:16:07:36 +0200] "GET /images/footer_divider.gif HTTP/1.1" 304 - "http://renault.activities.at/success" "Mozilla/5.0 (Windows NT 10.0; WOW64; Trident/7.0; rv:11.0) like Gecko"
93.83.241.1 - - [08/Jun/2021:16:07:36 +0200] "GET /images/button_left_bg.gif HTTP/1.1" 304 - "http://renault.activities.at/success" "Mozilla/5.0 (Windows NT 10.0; WOW64; Trident/7.0; rv:11.0) like Gecko"
93.83.241.1 - - [08/Jun/2021:16:07:36 +0200] "GET /images/menu_button_bg.jpg HTTP/1.1" 304 - "http://renault.activities.at/success" "Mozilla/5.0 (Windows NT 10.0; WOW64; Trident/7.0; rv:11.0) like Gecko"
93.83.241.1 - - [08/Jun/2021:16:07:36 +0200] "GET /images/main_block_border.gif HTTP/1.1" 304 - "http://renault.activities.at/success" "Mozilla/5.0 (Windows NT 10.0; WOW64; Trident/7.0; rv:11.0) like Gecko"
93.83.241.1 - - [08/Jun/2021:16:07:36 +0200] "GET /images/main_block_corner_left_top.gif HTTP/1.1" 304 - "http://renault.activities.at/success" "Mozilla/5.0 (Windows NT 10.0; WOW64; Trident/7.0; rv:11.0) like Gecko"
93.83.241.1 - - [08/Jun/2021:16:07:36 +0200] "GET /images/title_corner_left_top.jpg HTTP/1.1" 304 - "http://renault.activities.at/success" "Mozilla/5.0 (Windows NT 10.0; WOW64; Trident/7.0; rv:11.0) like Gecko"
93.83.241.1 - - [08/Jun/2021:16:07:36 +0200] "GET /images/title_border.jpg HTTP/1.1" 304 - "http://renault.activities.at/success" "Mozilla/5.0 (Windows NT 10.0; WOW64; Trident/7.0; rv:11.0) like Gecko"
62.47.32.253 - - [08/Jun/2021:16:07:36 +0200] "GET /reload?ser=1623161256403 HTTP/1.1" 200 28 "http://renault.activities.at/result?searchterm=true&search=arkana" "Mozilla/5.0 (Windows NT 10.0; Win64; x64) AppleWebKit/537.36 (KHTML, like Gecko) Chrome/91.0.4472.77 Safari/537.36"
185.58.53.32 - - [08/Jun/2021:16:08:02 +0200] "GET /reload?ser=1623161282413 HTTP/1.1" 200 28 "http://renault.activities.at/result?dir=DESC&mode=grid&order=name&limit=15&page=2&search=Kennzeichen" "Mozilla/5.0 (Windows NT 10.0; Win64; x64) AppleWebKit/537.36 (KHTML, like Gecko) Chrome/91.0.4472.77 Safari/537.36"
88.116.10.164 - - [08/Jun/2021:16:08:09 +0200] "GET /reload?ser=1623161289008 HTTP/1.1" 200 28 "http://renault.activities.at/10260282?dir=DESC&mode=grid&order=name&limit=15&page=6" "Mozilla/5.0 (Windows NT 10.0; Win64; x64) AppleWebKit/537.36 (KHTML, like Gecko) Chrome/91.0.4472.77 Safari/537.36"
93.83.241.1 - - [08/Jun/2021:16:08:37 +0200] "GET /reload?ser=1623161316635 HTTP/1.1" 200 28 "http://renault.activities.at/success" "Mozilla/5.0 (Windows NT 10.0; WOW64; Trident/7.0; rv:11.0) like Gecko"
212.152.246.135 - - [08/Jun/2021:16:08:37 +0200] "GET /reload?ser=1623161317863 HTTP/1.1" 200 28 "http://renault.activities.at/10201633?dir=DESC&mode=grid&order=name&limit=15&page=4" "Mozilla/5.0 (Windows NT 10.0; Win64; x64) AppleWebKit/537.36 (KHTML, like Gecko) Chrome/91.0.4472.77 Safari/537.36 Edg/91.0.864.37"
62.47.32.253 - - [08/Jun/2021:16:08:37 +0200] "GET /reload?ser=1623161317402 HTTP/1.1" 200 28 "http://renault.activities.at/result?searchterm=true&search=arkana" "Mozilla/5.0 (Windows NT 10.0; Win64; x64) AppleWebKit/537.36 (KHTML, like Gecko) Chrome/91.0.4472.77 Safari/537.36"
185.58.53.32 - - [08/Jun/2021:16:09:03 +0200] "GET /reload?ser=1623161343408 HTTP/1.1" 200 28 "http://renault.activities.at/result?dir=DESC&mode=grid&order=name&limit=15&page=2&search=Kennzeichen" "Mozilla/5.0 (Windows NT 10.0; Win64; x64) AppleWebKit/537.36 (KHTML, like Gecko) Chrome/91.0.4472.77 Safari/537.36"
88.116.10.164 - - [08/Jun/2021:16:09:11 +0200] "GET /reload?ser=1623161351018 HTTP/1.1" 200 28 "http://renault.activities.at/10260282?dir=DESC&mode=grid&order=name&limit=15&page=6" "Mozilla/5.0 (Windows NT 10.0; Win64; x64) AppleWebKit/537.36 (KHTML, like Gecko) Chrome/91.0.4472.77 Safari/537.36"
93.83.241.1 - - [08/Jun/2021:16:09:38 +0200] "GET /reload?ser=1623161378024 HTTP/1.1" 200 28 "http://renault.activities.at/success" "Mozilla/5.0 (Windows NT 10.0; WOW64; Trident/7.0; rv:11.0) like Gecko"
62.47.32.253 - - [08/Jun/2021:16:09:38 +0200] "GET /reload?ser=1623161378407 HTTP/1.1" 200 28 "http://renault.activities.at/result?searchterm=true&search=arkana" "Mozilla/5.0 (Windows NT 10.0; Win64; x64) AppleWebKit/537.36 (KHTML, like Gecko) Chrome/91.0.4472.77 Safari/537.36"
212.152.246.135 - - [08/Jun/2021:16:09:39 +0200] "GET /reload?ser=1623161379856 HTTP/1.1" 200 28 "http://renault.activities.at/10201633?dir=DESC&mode=grid&order=name&limit=15&page=4" "Mozilla/5.0 (Windows NT 10.0; Win64; x64) AppleWebKit/537.36 (KHTML, like Gecko) Chrome/91.0.4472.77 Safari/537.36 Edg/91.0.864.37"
185.58.53.32 - - [08/Jun/2021:16:10:04 +0200] "GET /reload?ser=1623161404409 HTTP/1.1" 200 28 "http://renault.activities.at/result?dir=DESC&mode=grid&order=name&limit=15&page=2&search=Kennzeichen" "Mozilla/5.0 (Windows NT 10.0; Win64; x64) AppleWebKit/537.36 (KHTML, like Gecko) Chrome/91.0.4472.77 Safari/537.36"
88.116.10.164 - - [08/Jun/2021:16:10:13 +0200] "GET /reload?ser=1623161413006 HTTP/1.1" 200 28 "http://renault.activities.at/10260282?dir=DESC&mode=grid&order=name&limit=15&page=6" "Mozilla/5.0 (Windows NT 10.0; Win64; x64) AppleWebKit/537.36 (KHTML, like Gecko) Chrome/91.0.4472.77 Safari/537.36"
93.83.241.1 - - [08/Jun/2021:16:10:39 +0200] "GET /reload?ser=1623161439005 HTTP/1.1" 200 28 "http://renault.activities.at/success" "Mozilla/5.0 (Windows NT 10.0; WOW64; Trident/7.0; rv:11.0) like Gecko"
62.47.32.253 - - [08/Jun/2021:16:10:39 +0200] "GET /reload?ser=1623161439401 HTTP/1.1" 200 28 "http://renault.activities.at/result?searchterm=true&search=arkana" "Mozilla/5.0 (Windows NT 10.0; Win64; x64) AppleWebKit/537.36 (KHTML, like Gecko) Chrome/91.0.4472.77 Safari/537.36"
212.152.246.135 - - [08/Jun/2021:16:10:41 +0200] "GET /reload?ser=1623161441855 HTTP/1.1" 200 28 "http://renault.activities.at/10201633?dir=DESC&mode=grid&order=name&limit=15&page=4" "Mozilla/5.0 (Windows NT 10.0; Win64; x64) AppleWebKit/537.36 (KHTML, like Gecko) Chrome/91.0.4472.77 Safari/537.36 Edg/91.0.864.37"
185.58.53.32 - - [08/Jun/2021:16:11:05 +0200] "GET /reload?ser=1623161465410 HTTP/1.1" 200 28 "http://renault.activities.at/result?dir=DESC&mode=grid&order=name&limit=15&page=2&search=Kennzeichen" "Mozilla/5.0 (Windows NT 10.0; Win64; x64) AppleWebKit/537.36 (KHTML, like Gecko) Chrome/91.0.4472.77 Safari/537.36"
88.116.10.164 - - [08/Jun/2021:16:11:14 +0200] "GET /reload?ser=1623161474008 HTTP/1.1" 200 28 "http://renault.activities.at/10260282?dir=DESC&mode=grid&order=name&limit=15&page=6" "Mozilla/5.0 (Windows NT 10.0; Win64; x64) AppleWebKit/537.36 (KHTML, like Gecko) Chrome/91.0.4472.77 Safari/537.36"
93.83.241.1 - - [08/Jun/2021:16:11:40 +0200] "GET /reload?ser=1623161499994 HTTP/1.1" 200 28 "http://renault.activities.at/success" "Mozilla/5.0 (Windows NT 10.0; WOW64; Trident/7.0; rv:11.0) like Gecko"
62.47.32.253 - - [08/Jun/2021:16:11:40 +0200] "GET /reload?ser=1623161500407 HTTP/1.1" 200 28 "http://renault.activities.at/result?searchterm=true&search=arkana" "Mozilla/5.0 (Windows NT 10.0; Win64; x64) AppleWebKit/537.36 (KHTML, like Gecko) Chrome/91.0.4472.77 Safari/537.36"
212.152.246.135 - - [08/Jun/2021:16:11:43 +0200] "GET /reload?ser=1623161503854 HTTP/1.1" 200 28 "http://renault.activities.at/10201633?dir=DESC&mode=grid&order=name&limit=15&page=4" "Mozilla/5.0 (Windows NT 10.0; Win64; x64) AppleWebKit/537.36 (KHTML, like Gecko) Chrome/91.0.4472.77 Safari/537.36 Edg/91.0.864.37"
185.58.53.32 - - [08/Jun/2021:16:12:06 +0200] "GET /reload?ser=1623161526410 HTTP/1.1" 200 28 "http://renault.activities.at/result?dir=DESC&mode=grid&order=name&limit=15&page=2&search=Kennzeichen" "Mozilla/5.0 (Windows NT 10.0; Win64; x64) AppleWebKit/537.36 (KHTML, like Gecko) Chrome/91.0.4472.77 Safari/537.36"
88.116.10.164 - - [08/Jun/2021:16:12:16 +0200] "GET /reload?ser=1623161536005 HTTP/1.1" 200 28 "http://renault.activities.at/10260282?dir=DESC&mode=grid&order=name&limit=15&page=6" "Mozilla/5.0 (Windows NT 10.0; Win64; x64) AppleWebKit/537.36 (KHTML, like Gecko) Chrome/91.0.4472.77 Safari/537.36"
93.83.241.1 - - [08/Jun/2021:16:12:41 +0200] "GET /reload?ser=1623161560951 HTTP/1.1" 200 28 "http://renault.activities.at/success" "Mozilla/5.0 (Windows NT 10.0; WOW64; Trident/7.0; rv:11.0) like Gecko"
62.47.32.253 - - [08/Jun/2021:16:12:41 +0200] "GET /reload?ser=1623161561404 HTTP/1.1" 200 28 "http://renault.activities.at/result?searchterm=true&search=arkana" "Mozilla/5.0 (Windows NT 10.0; Win64; x64) AppleWebKit/537.36 (KHTML, like Gecko) Chrome/91.0.4472.77 Safari/537.36"
212.152.246.135 - - [08/Jun/2021:16:12:44 +0200] "GET /reload?ser=1623161564858 HTTP/1.1" 200 28 "http://renault.activities.at/10201633?dir=DESC&mode=grid&order=name&limit=15&page=4" "Mozilla/5.0 (Windows NT 10.0; Win64; x64) AppleWebKit/537.36 (KHTML, like Gecko) Chrome/91.0.4472.77 Safari/537.36 Edg/91.0.864.37"
185.58.53.32 - - [08/Jun/2021:16:13:07 +0200] "GET /reload?ser=1623161587408 HTTP/1.1" 200 28 "http://renault.activities.at/result?dir=DESC&mode=grid&order=name&limit=15&page=2&search=Kennzeichen" "Mozilla/5.0 (Windows NT 10.0; Win64; x64) AppleWebKit/537.36 (KHTML, like Gecko) Chrome/91.0.4472.77 Safari/537.36"
88.116.10.164 - - [08/Jun/2021:16:13:17 +0200] "GET /reload?ser=1623161597009 HTTP/1.1" 200 28 "http://renault.activities.at/10260282?dir=DESC&mode=grid&order=name&limit=15&page=6" "Mozilla/5.0 (Windows NT 10.0; Win64; x64) AppleWebKit/537.36 (KHTML, like Gecko) Chrome/91.0.4472.77 Safari/537.36"
93.83.241.1 - - [08/Jun/2021:16:13:42 +0200] "GET /reload?ser=1623161621985 HTTP/1.1" 200 28 "http://renault.activities.at/success" "Mozilla/5.0 (Windows NT 10.0; WOW64; Trident/7.0; rv:11.0) like Gecko"
62.47.32.253 - - [08/Jun/2021:16:13:42 +0200] "GET /reload?ser=1623161622402 HTTP/1.1" 200 28 "http://renault.activities.at/result?searchterm=true&search=arkana" "Mozilla/5.0 (Windows NT 10.0; Win64; x64) AppleWebKit/537.36 (KHTML, like Gecko) Chrome/91.0.4472.77 Safari/537.36"
212.152.246.135 - - [08/Jun/2021:16:13:45 +0200] "GET /reload?ser=1623161625857 HTTP/1.1" 200 28 "http://renault.activities.at/10201633?dir=DESC&mode=grid&order=name&limit=15&page=4" "Mozilla/5.0 (Windows NT 10.0; Win64; x64) AppleWebKit/537.36 (KHTML, like Gecko) Chrome/91.0.4472.77 Safari/537.36 Edg/91.0.864.37"
185.58.53.32 - - [08/Jun/2021:16:14:08 +0200] "GET /reload?ser=1623161648413 HTTP/1.1" 200 28 "http://renault.activities.at/result?dir=DESC&mode=grid&order=name&limit=15&page=2&search=Kennzeichen" "Mozilla/5.0 (Windows NT 10.0; Win64; x64) AppleWebKit/537.36 (KHTML, like Gecko) Chrome/91.0.4472.77 Safari/537.36"
88.116.10.164 - - [08/Jun/2021:16:14:18 +0200] "GET /reload?ser=1623161658000 HTTP/1.1" 200 28 "http://renault.activities.at/10260282?dir=DESC&mode=grid&order=name&limit=15&page=6" "Mozilla/5.0 (Windows NT 10.0; Win64; x64) AppleWebKit/537.36 (KHTML, like Gecko) Chrome/91.0.4472.77 Safari/537.36"
93.83.241.1 - - [08/Jun/2021:16:14:43 +0200] "GET /reload?ser=1623161682958 HTTP/1.1" 200 28 "http://renault.activities.at/success" "Mozilla/5.0 (Windows NT 10.0; WOW64; Trident/7.0; rv:11.0) like Gecko"
62.47.32.253 - - [08/Jun/2021:16:14:43 +0200] "GET /reload?ser=1623161683420 HTTP/1.1" 200 28 "http://renault.activities.at/result?searchterm=true&search=arkana" "Mozilla/5.0 (Windows NT 10.0; Win64; x64) AppleWebKit/537.36 (KHTML, like Gecko) Chrome/91.0.4472.77 Safari/537.36"
212.152.246.135 - - [08/Jun/2021:16:14:47 +0200] "GET /reload?ser=1623161687853 HTTP/1.1" 200 28 "http://renault.activities.at/10201633?dir=DESC&mode=grid&order=name&limit=15&page=4" "Mozilla/5.0 (Windows NT 10.0; Win64; x64) AppleWebKit/537.36 (KHTML, like Gecko) Chrome/91.0.4472.77 Safari/537.36 Edg/91.0.864.37"
185.58.53.32 - - [08/Jun/2021:16:15:09 +0200] "GET /reload?ser=1623161709422 HTTP/1.1" 200 28 "http://renault.activities.at/result?dir=DESC&mode=grid&order=name&limit=15&page=2&search=Kennzeichen" "Mozilla/5.0 (Windows NT 10.0; Win64; x64) AppleWebKit/537.36 (KHTML, like Gecko) Chrome/91.0.4472.77 Safari/537.36"
88.116.10.164 - - [08/Jun/2021:16:15:20 +0200] "GET /reload?ser=1623161719999 HTTP/1.1" 200 28 "http://renault.activities.at/10260282?dir=DESC&mode=grid&order=name&limit=15&page=6" "Mozilla/5.0 (Windows NT 10.0; Win64; x64) AppleWebKit/537.36 (KHTML, like Gecko) Chrome/91.0.4472.77 Safari/537.36"
93.83.241.1 - - [08/Jun/2021:16:15:44 +0200] "GET /reload?ser=1623161743994 HTTP/1.1" 200 28 "http://renault.activities.at/success" "Mozilla/5.0 (Windows NT 10.0; WOW64; Trident/7.0; rv:11.0) like Gecko"
62.47.32.253 - - [08/Jun/2021:16:15:44 +0200] "GET /reload?ser=1623161744406 HTTP/1.1" 200 28 "http://renault.activities.at/result?searchterm=true&search=arkana" "Mozilla/5.0 (Windows NT 10.0; Win64; x64) AppleWebKit/537.36 (KHTML, like Gecko) Chrome/91.0.4472.77 Safari/537.36"
212.152.246.135 - - [08/Jun/2021:16:15:49 +0200] "GET /reload?ser=1623161749854 HTTP/1.1" 200 28 "http://renault.activities.at/10201633?dir=DESC&mode=grid&order=name&limit=15&page=4" "Mozilla/5.0 (Windows NT 10.0; Win64; x64) AppleWebKit/537.36 (KHTML, like Gecko) Chrome/91.0.4472.77 Safari/537.36 Edg/91.0.864.37"
185.58.53.32 - - [08/Jun/2021:16:16:10 +0200] "GET /reload?ser=1623161770421 HTTP/1.1" 200 28 "http://renault.activities.at/result?dir=DESC&mode=grid&order=name&limit=15&page=2&search=Kennzeichen" "Mozilla/5.0 (Windows NT 10.0; Win64; x64) AppleWebKit/537.36 (KHTML, like Gecko) Chrome/91.0.4472.77 Safari/537.36"
88.116.10.164 - - [08/Jun/2021:16:16:21 +0200] "GET /reload?ser=1623161781002 HTTP/1.1" 200 28 "http://renault.activities.at/10260282?dir=DESC&mode=grid&order=name&limit=15&page=6" "Mozilla/5.0 (Windows NT 10.0; Win64; x64) AppleWebKit/537.36 (KHTML, like Gecko) Chrome/91.0.4472.77 Safari/537.36"
93.83.241.1 - - [08/Jun/2021:16:16:45 +0200] "GET /reload?ser=1623161805010 HTTP/1.1" 200 28 "http://renault.activities.at/success" "Mozilla/5.0 (Windows NT 10.0; WOW64; Trident/7.0; rv:11.0) like Gecko"
62.47.32.253 - - [08/Jun/2021:16:16:45 +0200] "GET /reload?ser=1623161805401 HTTP/1.1" 200 28 "http://renault.activities.at/result?searchterm=true&search=arkana" "Mozilla/5.0 (Windows NT 10.0; Win64; x64) AppleWebKit/537.36 (KHTML, like Gecko) Chrome/91.0.4472.77 Safari/537.36"
212.152.246.135 - - [08/Jun/2021:16:16:50 +0200] "GET /reload?ser=1623161810854 HTTP/1.1" 200 28 "http://renault.activities.at/10201633?dir=DESC&mode=grid&order=name&limit=15&page=4" "Mozilla/5.0 (Windows NT 10.0; Win64; x64) AppleWebKit/537.36 (KHTML, like Gecko) Chrome/91.0.4472.77 Safari/537.36 Edg/91.0.864.37"
185.58.53.32 - - [08/Jun/2021:16:17:11 +0200] "GET /reload?ser=1623161831420 HTTP/1.1" 200 28 "http://renault.activities.at/result?dir=DESC&mode=grid&order=name&limit=15&page=2&search=Kennzeichen" "Mozilla/5.0 (Windows NT 10.0; Win64; x64) AppleWebKit/537.36 (KHTML, like Gecko) Chrome/91.0.4472.77 Safari/537.36"
88.116.10.164 - - [08/Jun/2021:16:17:23 +0200] "GET /reload?ser=1623161843006 HTTP/1.1" 200 28 "http://renault.activities.at/10260282?dir=DESC&mode=grid&order=name&limit=15&page=6" "Mozilla/5.0 (Windows NT 10.0; Win64; x64) AppleWebKit/537.36 (KHTML, like Gecko) Chrome/91.0.4472.77 Safari/537.36"
93.83.241.1 - - [08/Jun/2021:16:17:46 +0200] "GET /reload?ser=1623161865986 HTTP/1.1" 200 28 "http://renault.activities.at/success" "Mozilla/5.0 (Windows NT 10.0; WOW64; Trident/7.0; rv:11.0) like Gecko"
62.47.32.253 - - [08/Jun/2021:16:17:46 +0200] "GET /reload?ser=1623161866403 HTTP/1.1" 200 28 "http://renault.activities.at/result?searchterm=true&search=arkana" "Mozilla/5.0 (Windows NT 10.0; Win64; x64) AppleWebKit/537.36 (KHTML, like Gecko) Chrome/91.0.4472.77 Safari/537.36"
212.152.246.135 - - [08/Jun/2021:16:17:51 +0200] "GET /reload?ser=1623161871852 HTTP/1.1" 200 28 "http://renault.activities.at/10201633?dir=DESC&mode=grid&order=name&limit=15&page=4" "Mozilla/5.0 (Windows NT 10.0; Win64; x64) AppleWebKit/537.36 (KHTML, like Gecko) Chrome/91.0.4472.77 Safari/537.36 Edg/91.0.864.37"
185.58.53.32 - - [08/Jun/2021:16:18:12 +0200] "GET /reload?ser=1623161892423 HTTP/1.1" 200 28 "http://renault.activities.at/result?dir=DESC&mode=grid&order=name&limit=15&page=2&search=Kennzeichen" "Mozilla/5.0 (Windows NT 10.0; Win64; x64) AppleWebKit/537.36 (KHTML, like Gecko) Chrome/91.0.4472.77 Safari/537.36"
88.116.10.164 - - [08/Jun/2021:16:18:24 +0200] "GET /reload?ser=1623161904006 HTTP/1.1" 200 28 "http://renault.activities.at/10260282?dir=DESC&mode=grid&order=name&limit=15&page=6" "Mozilla/5.0 (Windows NT 10.0; Win64; x64) AppleWebKit/537.36 (KHTML, like Gecko) Chrome/91.0.4472.77 Safari/537.36"
93.83.241.1 - - [08/Jun/2021:16:18:47 +0200] "GET /reload?ser=1623161926952 HTTP/1.1" 200 28 "http://renault.activities.at/success" "Mozilla/5.0 (Windows NT 10.0; WOW64; Trident/7.0; rv:11.0) like Gecko"
62.47.32.253 - - [08/Jun/2021:16:18:47 +0200] "GET /reload?ser=1623161927404 HTTP/1.1" 200 28 "http://renault.activities.at/result?searchterm=true&search=arkana" "Mozilla/5.0 (Windows NT 10.0; Win64; x64) AppleWebKit/537.36 (KHTML, like Gecko) Chrome/91.0.4472.77 Safari/537.36"
212.152.246.135 - - [08/Jun/2021:16:18:52 +0200] "GET /reload?ser=1623161932864 HTTP/1.1" 200 28 "http://renault.activities.at/10201633?dir=DESC&mode=grid&order=name&limit=15&page=4" "Mozilla/5.0 (Windows NT 10.0; Win64; x64) AppleWebKit/537.36 (KHTML, like Gecko) Chrome/91.0.4472.77 Safari/537.36 Edg/91.0.864.37"
185.58.53.32 - - [08/Jun/2021:16:19:13 +0200] "GET /reload?ser=1623161953424 HTTP/1.1" 200 28 "http://renault.activities.at/result?dir=DESC&mode=grid&order=name&limit=15&page=2&search=Kennzeichen" "Mozilla/5.0 (Windows NT 10.0; Win64; x64) AppleWebKit/537.36 (KHTML, like Gecko) Chrome/91.0.4472.77 Safari/537.36"
88.116.10.164 - - [08/Jun/2021:16:19:25 +0200] "GET /reload?ser=1623161965007 HTTP/1.1" 200 28 "http://renault.activities.at/10260282?dir=DESC&mode=grid&order=name&limit=15&page=6" "Mozilla/5.0 (Windows NT 10.0; Win64; x64) AppleWebKit/537.36 (KHTML, like Gecko) Chrome/91.0.4472.77 Safari/537.36"
93.83.241.1 - - [08/Jun/2021:16:19:48 +0200] "GET /reload?ser=1623161987930 HTTP/1.1" 200 28 "http://renault.activities.at/success" "Mozilla/5.0 (Windows NT 10.0; WOW64; Trident/7.0; rv:11.0) like Gecko"
62.47.32.253 - - [08/Jun/2021:16:19:48 +0200] "GET /reload?ser=1623161988404 HTTP/1.1" 200 28 "http://renault.activities.at/result?searchterm=true&search=arkana" "Mozilla/5.0 (Windows NT 10.0; Win64; x64) AppleWebKit/537.36 (KHTML, like Gecko) Chrome/91.0.4472.77 Safari/537.36"
212.152.246.135 - - [08/Jun/2021:16:19:54 +0200] "GET /reload?ser=1623161994851 HTTP/1.1" 200 28 "http://renault.activities.at/10201633?dir=DESC&mode=grid&order=name&limit=15&page=4" "Mozilla/5.0 (Windows NT 10.0; Win64; x64) AppleWebKit/537.36 (KHTML, like Gecko) Chrome/91.0.4472.77 Safari/537.36 Edg/91.0.864.37"
185.58.53.32 - - [08/Jun/2021:16:20:14 +0200] "GET /reload?ser=1623162014409 HTTP/1.1" 200 28 "http://renault.activities.at/result?dir=DESC&mode=grid&order=name&limit=15&page=2&search=Kennzeichen" "Mozilla/5.0 (Windows NT 10.0; Win64; x64) AppleWebKit/537.36 (KHTML, like Gecko) Chrome/91.0.4472.77 Safari/537.36"
88.116.10.164 - - [08/Jun/2021:16:20:26 +0200] "GET /reload?ser=1623162026006 HTTP/1.1" 200 28 "http://renault.activities.at/10260282?dir=DESC&mode=grid&order=name&limit=15&page=6" "Mozilla/5.0 (Windows NT 10.0; Win64; x64) AppleWebKit/537.36 (KHTML, like Gecko) Chrome/91.0.4472.77 Safari/537.36"
93.83.241.1 - - [08/Jun/2021:16:20:49 +0200] "GET /reload?ser=1623162048940 HTTP/1.1" 200 28 "http://renault.activities.at/success" "Mozilla/5.0 (Windows NT 10.0; WOW64; Trident/7.0; rv:11.0) like Gecko"
62.47.32.253 - - [08/Jun/2021:16:20:49 +0200] "GET /reload?ser=1623162049404 HTTP/1.1" 200 28 "http://renault.activities.at/result?searchterm=true&search=arkana" "Mozilla/5.0 (Windows NT 10.0; Win64; x64) AppleWebKit/537.36 (KHTML, like Gecko) Chrome/91.0.4472.77 Safari/537.36"
212.152.246.135 - - [08/Jun/2021:16:20:56 +0200] "GET /reload?ser=1623162056854 HTTP/1.1" 200 28 "http://renault.activities.at/10201633?dir=DESC&mode=grid&order=name&limit=15&page=4" "Mozilla/5.0 (Windows NT 10.0; Win64; x64) AppleWebKit/537.36 (KHTML, like Gecko) Chrome/91.0.4472.77 Safari/537.36 Edg/91.0.864.37"
185.58.53.32 - - [08/Jun/2021:16:21:15 +0200] "GET /reload?ser=1623162075410 HTTP/1.1" 200 28 "http://renault.activities.at/result?dir=DESC&mode=grid&order=name&limit=15&page=2&search=Kennzeichen" "Mozilla/5.0 (Windows NT 10.0; Win64; x64) AppleWebKit/537.36 (KHTML, like Gecko) Chrome/91.0.4472.77 Safari/537.36"
88.116.10.164 - - [08/Jun/2021:16:21:27 +0200] "GET /reload?ser=1623162087002 HTTP/1.1" 200 28 "http://renault.activities.at/10260282?dir=DESC&mode=grid&order=name&limit=15&page=6" "Mozilla/5.0 (Windows NT 10.0; Win64; x64) AppleWebKit/537.36 (KHTML, like Gecko) Chrome/91.0.4472.77 Safari/537.36"
93.83.241.1 - - [08/Jun/2021:16:21:50 +0200] "GET /reload?ser=1623162109985 HTTP/1.1" 200 28 "http://renault.activities.at/success" "Mozilla/5.0 (Windows NT 10.0; WOW64; Trident/7.0; rv:11.0) like Gecko"
62.47.32.253 - - [08/Jun/2021:16:21:50 +0200] "GET /reload?ser=1623162110406 HTTP/1.1" 200 28 "http://renault.activities.at/result?searchterm=true&search=arkana" "Mozilla/5.0 (Windows NT 10.0; Win64; x64) AppleWebKit/537.36 (KHTML, like Gecko) Chrome/91.0.4472.77 Safari/537.36"
212.152.246.135 - - [08/Jun/2021:16:21:57 +0200] "GET /reload?ser=1623162117853 HTTP/1.1" 200 28 "http://renault.activities.at/10201633?dir=DESC&mode=grid&order=name&limit=15&page=4" "Mozilla/5.0 (Windows NT 10.0; Win64; x64) AppleWebKit/537.36 (KHTML, like Gecko) Chrome/91.0.4472.77 Safari/537.36 Edg/91.0.864.37"
185.58.53.32 - - [08/Jun/2021:16:22:16 +0200] "GET /reload?ser=1623162136426 HTTP/1.1" 200 28 "http://renault.activities.at/result?dir=DESC&mode=grid&order=name&limit=15&page=2&search=Kennzeichen" "Mozilla/5.0 (Windows NT 10.0; Win64; x64) AppleWebKit/537.36 (KHTML, like Gecko) Chrome/91.0.4472.77 Safari/537.36"
88.116.10.164 - - [08/Jun/2021:16:22:29 +0200] "GET /reload?ser=1623162149004 HTTP/1.1" 200 28 "http://renault.activities.at/10260282?dir=DESC&mode=grid&order=name&limit=15&page=6" "Mozilla/5.0 (Windows NT 10.0; Win64; x64) AppleWebKit/537.36 (KHTML, like Gecko) Chrome/91.0.4472.77 Safari/537.36"
93.83.241.1 - - [08/Jun/2021:16:22:51 +0200] "GET /reload?ser=1623162170947 HTTP/1.1" 200 28 "http://renault.activities.at/success" "Mozilla/5.0 (Windows NT 10.0; WOW64; Trident/7.0; rv:11.0) like Gecko"
62.47.32.253 - - [08/Jun/2021:16:22:51 +0200] "GET /reload?ser=1623162171413 HTTP/1.1" 200 28 "http://renault.activities.at/result?searchterm=true&search=arkana" "Mozilla/5.0 (Windows NT 10.0; Win64; x64) AppleWebKit/537.36 (KHTML, like Gecko) Chrome/91.0.4472.77 Safari/537.36"
212.152.246.135 - - [08/Jun/2021:16:22:59 +0200] "GET /reload?ser=1623162179855 HTTP/1.1" 200 28 "http://renault.activities.at/10201633?dir=DESC&mode=grid&order=name&limit=15&page=4" "Mozilla/5.0 (Windows NT 10.0; Win64; x64) AppleWebKit/537.36 (KHTML, like Gecko) Chrome/91.0.4472.77 Safari/537.36 Edg/91.0.864.37"
185.58.53.32 - - [08/Jun/2021:16:23:17 +0200] "GET /reload?ser=1623162197421 HTTP/1.1" 200 28 "http://renault.activities.at/result?dir=DESC&mode=grid&order=name&limit=15&page=2&search=Kennzeichen" "Mozilla/5.0 (Windows NT 10.0; Win64; x64) AppleWebKit/537.36 (KHTML, like Gecko) Chrome/91.0.4472.77 Safari/537.36"
88.116.10.164 - - [08/Jun/2021:16:23:31 +0200] "GET /reload?ser=1623162210998 HTTP/1.1" 200 28 "http://renault.activities.at/10260282?dir=DESC&mode=grid&order=name&limit=15&page=6" "Mozilla/5.0 (Windows NT 10.0; Win64; x64) AppleWebKit/537.36 (KHTML, like Gecko) Chrome/91.0.4472.77 Safari/537.36"
93.83.241.1 - - [08/Jun/2021:16:23:52 +0200] "GET /reload?ser=1623162231940 HTTP/1.1" 200 28 "http://renault.activities.at/success" "Mozilla/5.0 (Windows NT 10.0; WOW64; Trident/7.0; rv:11.0) like Gecko"
62.47.32.253 - - [08/Jun/2021:16:23:52 +0200] "GET /reload?ser=1623162232404 HTTP/1.1" 200 28 "http://renault.activities.at/result?searchterm=true&search=arkana" "Mozilla/5.0 (Windows NT 10.0; Win64; x64) AppleWebKit/537.36 (KHTML, like Gecko) Chrome/91.0.4472.77 Safari/537.36"
212.152.246.135 - - [08/Jun/2021:16:24:01 +0200] "GET /reload?ser=1623162241854 HTTP/1.1" 200 28 "http://renault.activities.at/10201633?dir=DESC&mode=grid&order=name&limit=15&page=4" "Mozilla/5.0 (Windows NT 10.0; Win64; x64) AppleWebKit/537.36 (KHTML, like Gecko) Chrome/91.0.4472.77 Safari/537.36 Edg/91.0.864.37"
185.58.53.32 - - [08/Jun/2021:16:24:18 +0200] "GET /reload?ser=1623162258419 HTTP/1.1" 200 28 "http://renault.activities.at/result?dir=DESC&mode=grid&order=name&limit=15&page=2&search=Kennzeichen" "Mozilla/5.0 (Windows NT 10.0; Win64; x64) AppleWebKit/537.36 (KHTML, like Gecko) Chrome/91.0.4472.77 Safari/537.36"
88.116.10.164 - - [08/Jun/2021:16:24:32 +0200] "GET /reload?ser=1623162272005 HTTP/1.1" 200 28 "http://renault.activities.at/10260282?dir=DESC&mode=grid&order=name&limit=15&page=6" "Mozilla/5.0 (Windows NT 10.0; Win64; x64) AppleWebKit/537.36 (KHTML, like Gecko) Chrome/91.0.4472.77 Safari/537.36"
93.83.241.1 - - [08/Jun/2021:16:24:53 +0200] "GET /reload?ser=1623162292938 HTTP/1.1" 200 28 "http://renault.activities.at/success" "Mozilla/5.0 (Windows NT 10.0; WOW64; Trident/7.0; rv:11.0) like Gecko"
62.47.32.253 - - [08/Jun/2021:16:24:53 +0200] "GET /reload?ser=1623162293399 HTTP/1.1" 200 28 "http://renault.activities.at/result?searchterm=true&search=arkana" "Mozilla/5.0 (Windows NT 10.0; Win64; x64) AppleWebKit/537.36 (KHTML, like Gecko) Chrome/91.0.4472.77 Safari/537.36"
212.152.246.135 - - [08/Jun/2021:16:25:02 +0200] "GET /reload?ser=1623162302852 HTTP/1.1" 200 28 "http://renault.activities.at/10201633?dir=DESC&mode=grid&order=name&limit=15&page=4" "Mozilla/5.0 (Windows NT 10.0; Win64; x64) AppleWebKit/537.36 (KHTML, like Gecko) Chrome/91.0.4472.77 Safari/537.36 Edg/91.0.864.37"
185.58.53.32 - - [08/Jun/2021:16:25:19 +0200] "GET /reload?ser=1623162319415 HTTP/1.1" 200 28 "http://renault.activities.at/result?dir=DESC&mode=grid&order=name&limit=15&page=2&search=Kennzeichen" "Mozilla/5.0 (Windows NT 10.0; Win64; x64) AppleWebKit/537.36 (KHTML, like Gecko) Chrome/91.0.4472.77 Safari/537.36"
88.116.10.164 - - [08/Jun/2021:16:25:33 +0200] "GET /reload?ser=1623162333001 HTTP/1.1" 200 28 "http://renault.activities.at/10260282?dir=DESC&mode=grid&order=name&limit=15&page=6" "Mozilla/5.0 (Windows NT 10.0; Win64; x64) AppleWebKit/537.36 (KHTML, like Gecko) Chrome/91.0.4472.77 Safari/537.36"
93.83.241.1 - - [08/Jun/2021:16:25:54 +0200] "GET /reload?ser=1623162353928 HTTP/1.1" 200 28 "http://renault.activities.at/success" "Mozilla/5.0 (Windows NT 10.0; WOW64; Trident/7.0; rv:11.0) like Gecko"
62.47.32.253 - - [08/Jun/2021:16:25:54 +0200] "GET /reload?ser=1623162354406 HTTP/1.1" 200 28 "http://renault.activities.at/result?searchterm=true&search=arkana" "Mozilla/5.0 (Windows NT 10.0; Win64; x64) AppleWebKit/537.36 (KHTML, like Gecko) Chrome/91.0.4472.77 Safari/537.36"
212.152.246.135 - - [08/Jun/2021:16:26:03 +0200] "GET /reload?ser=1623162363857 HTTP/1.1" 200 28 "http://renault.activities.at/10201633?dir=DESC&mode=grid&order=name&limit=15&page=4" "Mozilla/5.0 (Windows NT 10.0; Win64; x64) AppleWebKit/537.36 (KHTML, like Gecko) Chrome/91.0.4472.77 Safari/537.36 Edg/91.0.864.37"
185.58.53.32 - - [08/Jun/2021:16:26:20 +0200] "GET /reload?ser=1623162380421 HTTP/1.1" 200 28 "http://renault.activities.at/result?dir=DESC&mode=grid&order=name&limit=15&page=2&search=Kennzeichen" "Mozilla/5.0 (Windows NT 10.0; Win64; x64) AppleWebKit/537.36 (KHTML, like Gecko) Chrome/91.0.4472.77 Safari/537.36"
88.116.10.164 - - [08/Jun/2021:16:26:34 +0200] "GET /reload?ser=1623162393994 HTTP/1.1" 200 28 "http://renault.activities.at/10260282?dir=DESC&mode=grid&order=name&limit=15&page=6" "Mozilla/5.0 (Windows NT 10.0; Win64; x64) AppleWebKit/537.36 (KHTML, like Gecko) Chrome/91.0.4472.77 Safari/537.36"
93.83.241.1 - - [08/Jun/2021:16:26:55 +0200] "GET /reload?ser=1623162414993 HTTP/1.1" 200 28 "http://renault.activities.at/success" "Mozilla/5.0 (Windows NT 10.0; WOW64; Trident/7.0; rv:11.0) like Gecko"
62.47.32.253 - - [08/Jun/2021:16:26:55 +0200] "GET /reload?ser=1623162415403 HTTP/1.1" 200 28 "http://renault.activities.at/result?searchterm=true&search=arkana" "Mozilla/5.0 (Windows NT 10.0; Win64; x64) AppleWebKit/537.36 (KHTML, like Gecko) Chrome/91.0.4472.77 Safari/537.36"
212.152.246.135 - - [08/Jun/2021:16:27:05 +0200] "GET /reload?ser=1623162425854 HTTP/1.1" 200 28 "http://renault.activities.at/10201633?dir=DESC&mode=grid&order=name&limit=15&page=4" "Mozilla/5.0 (Windows NT 10.0; Win64; x64) AppleWebKit/537.36 (KHTML, like Gecko) Chrome/91.0.4472.77 Safari/537.36 Edg/91.0.864.37"
185.58.53.32 - - [08/Jun/2021:16:27:21 +0200] "GET /reload?ser=1623162441426 HTTP/1.1" 200 28 "http://renault.activities.at/result?dir=DESC&mode=grid&order=name&limit=15&page=2&search=Kennzeichen" "Mozilla/5.0 (Windows NT 10.0; Win64; x64) AppleWebKit/537.36 (KHTML, like Gecko) Chrome/91.0.4472.77 Safari/537.36"
88.116.10.164 - - [08/Jun/2021:16:27:35 +0200] "GET /reload?ser=1623162455007 HTTP/1.1" 200 28 "http://renault.activities.at/10260282?dir=DESC&mode=grid&order=name&limit=15&page=6" "Mozilla/5.0 (Windows NT 10.0; Win64; x64) AppleWebKit/537.36 (KHTML, like Gecko) Chrome/91.0.4472.77 Safari/537.36"
93.83.241.1 - - [08/Jun/2021:16:27:56 +0200] "GET /reload?ser=1623162475993 HTTP/1.1" 200 28 "http://renault.activities.at/success" "Mozilla/5.0 (Windows NT 10.0; WOW64; Trident/7.0; rv:11.0) like Gecko"
62.47.32.253 - - [08/Jun/2021:16:27:56 +0200] "GET /reload?ser=1623162476401 HTTP/1.1" 200 28 "http://renault.activities.at/result?searchterm=true&search=arkana" "Mozilla/5.0 (Windows NT 10.0; Win64; x64) AppleWebKit/537.36 (KHTML, like Gecko) Chrome/91.0.4472.77 Safari/537.36"
212.152.246.135 - - [08/Jun/2021:16:28:06 +0200] "GET /reload?ser=1623162486857 HTTP/1.1" 200 28 "http://renault.activities.at/10201633?dir=DESC&mode=grid&order=name&limit=15&page=4" "Mozilla/5.0 (Windows NT 10.0; Win64; x64) AppleWebKit/537.36 (KHTML, like Gecko) Chrome/91.0.4472.77 Safari/537.36 Edg/91.0.864.37"
185.58.53.32 - - [08/Jun/2021:16:28:22 +0200] "GET /reload?ser=1623162502427 HTTP/1.1" 200 28 "http://renault.activities.at/result?dir=DESC&mode=grid&order=name&limit=15&page=2&search=Kennzeichen" "Mozilla/5.0 (Windows NT 10.0; Win64; x64) AppleWebKit/537.36 (KHTML, like Gecko) Chrome/91.0.4472.77 Safari/537.36"
88.116.10.164 - - [08/Jun/2021:16:28:37 +0200] "GET /reload?ser=1623162517002 HTTP/1.1" 200 28 "http://renault.activities.at/10260282?dir=DESC&mode=grid&order=name&limit=15&page=6" "Mozilla/5.0 (Windows NT 10.0; Win64; x64) AppleWebKit/537.36 (KHTML, like Gecko) Chrome/91.0.4472.77 Safari/537.36"
93.83.241.1 - - [08/Jun/2021:16:28:57 +0200] "GET /reload?ser=1623162537017 HTTP/1.1" 200 28 "http://renault.activities.at/success" "Mozilla/5.0 (Windows NT 10.0; WOW64; Trident/7.0; rv:11.0) like Gecko"
62.47.32.253 - - [08/Jun/2021:16:28:57 +0200] "GET /reload?ser=1623162537398 HTTP/1.1" 200 28 "http://renault.activities.at/result?searchterm=true&search=arkana" "Mozilla/5.0 (Windows NT 10.0; Win64; x64) AppleWebKit/537.36 (KHTML, like Gecko) Chrome/91.0.4472.77 Safari/537.36"
212.152.246.135 - - [08/Jun/2021:16:29:07 +0200] "GET /reload?ser=1623162547857 HTTP/1.1" 200 28 "http://renault.activities.at/10201633?dir=DESC&mode=grid&order=name&limit=15&page=4" "Mozilla/5.0 (Windows NT 10.0; Win64; x64) AppleWebKit/537.36 (KHTML, like Gecko) Chrome/91.0.4472.77 Safari/537.36 Edg/91.0.864.37"
185.58.53.32 - - [08/Jun/2021:16:29:23 +0200] "GET /reload?ser=1623162563420 HTTP/1.1" 200 28 "http://renault.activities.at/result?dir=DESC&mode=grid&order=name&limit=15&page=2&search=Kennzeichen" "Mozilla/5.0 (Windows NT 10.0; Win64; x64) AppleWebKit/537.36 (KHTML, like Gecko) Chrome/91.0.4472.77 Safari/537.36"
88.116.10.164 - - [08/Jun/2021:16:29:38 +0200] "GET /reload?ser=1623162577993 HTTP/1.1" 200 28 "http://renault.activities.at/10260282?dir=DESC&mode=grid&order=name&limit=15&page=6" "Mozilla/5.0 (Windows NT 10.0; Win64; x64) AppleWebKit/537.36 (KHTML, like Gecko) Chrome/91.0.4472.77 Safari/537.36"
93.83.241.1 - - [08/Jun/2021:16:29:58 +0200] "GET /reload?ser=1623162598018 HTTP/1.1" 200 28 "http://renault.activities.at/success" "Mozilla/5.0 (Windows NT 10.0; WOW64; Trident/7.0; rv:11.0) like Gecko"
62.47.32.253 - - [08/Jun/2021:16:29:58 +0200] "GET /reload?ser=1623162598404 HTTP/1.1" 200 28 "http://renault.activities.at/result?searchterm=true&search=arkana" "Mozilla/5.0 (Windows NT 10.0; Win64; x64) AppleWebKit/537.36 (KHTML, like Gecko) Chrome/91.0.4472.77 Safari/537.36"
212.152.246.135 - - [08/Jun/2021:16:30:08 +0200] "GET /reload?ser=1623162608857 HTTP/1.1" 200 28 "http://renault.activities.at/10201633?dir=DESC&mode=grid&order=name&limit=15&page=4" "Mozilla/5.0 (Windows NT 10.0; Win64; x64) AppleWebKit/537.36 (KHTML, like Gecko) Chrome/91.0.4472.77 Safari/537.36 Edg/91.0.864.37"
185.58.53.32 - - [08/Jun/2021:16:30:24 +0200] "GET /reload?ser=1623162624420 HTTP/1.1" 200 28 "http://renault.activities.at/result?dir=DESC&mode=grid&order=name&limit=15&page=2&search=Kennzeichen" "Mozilla/5.0 (Windows NT 10.0; Win64; x64) AppleWebKit/537.36 (KHTML, like Gecko) Chrome/91.0.4472.77 Safari/537.36"
88.116.10.164 - - [08/Jun/2021:16:30:40 +0200] "GET /reload?ser=1623162640006 HTTP/1.1" 200 28 "http://renault.activities.at/10260282?dir=DESC&mode=grid&order=name&limit=15&page=6" "Mozilla/5.0 (Windows NT 10.0; Win64; x64) AppleWebKit/537.36 (KHTML, like Gecko) Chrome/91.0.4472.77 Safari/537.36"
93.83.241.1 - - [08/Jun/2021:16:30:59 +0200] "GET /reload?ser=1623162659054 HTTP/1.1" 200 28 "http://renault.activities.at/success" "Mozilla/5.0 (Windows NT 10.0; WOW64; Trident/7.0; rv:11.0) like Gecko"
62.47.32.253 - - [08/Jun/2021:16:30:59 +0200] "GET /reload?ser=1623162659414 HTTP/1.1" 200 28 "http://renault.activities.at/result?searchterm=true&search=arkana" "Mozilla/5.0 (Windows NT 10.0; Win64; x64) AppleWebKit/537.36 (KHTML, like Gecko) Chrome/91.0.4472.77 Safari/537.36"
212.152.246.135 - - [08/Jun/2021:16:31:09 +0200] "GET /reload?ser=1623162669857 HTTP/1.1" 200 28 "http://renault.activities.at/10201633?dir=DESC&mode=grid&order=name&limit=15&page=4" "Mozilla/5.0 (Windows NT 10.0; Win64; x64) AppleWebKit/537.36 (KHTML, like Gecko) Chrome/91.0.4472.77 Safari/537.36 Edg/91.0.864.37"
185.58.53.32 - - [08/Jun/2021:16:31:25 +0200] "GET /reload?ser=1623162685419 HTTP/1.1" 200 28 "http://renault.activities.at/result?dir=DESC&mode=grid&order=name&limit=15&page=2&search=Kennzeichen" "Mozilla/5.0 (Windows NT 10.0; Win64; x64) AppleWebKit/537.36 (KHTML, like Gecko) Chrome/91.0.4472.77 Safari/537.36"
88.116.10.164 - - [08/Jun/2021:16:31:41 +0200] "GET /reload?ser=1623162701002 HTTP/1.1" 200 28 "http://renault.activities.at/10260282?dir=DESC&mode=grid&order=name&limit=15&page=6" "Mozilla/5.0 (Windows NT 10.0; Win64; x64) AppleWebKit/537.36 (KHTML, like Gecko) Chrome/91.0.4472.77 Safari/537.36"
93.83.241.1 - - [08/Jun/2021:16:32:00 +0200] "GET /reload?ser=1623162720020 HTTP/1.1" 200 28 "http://renault.activities.at/success" "Mozilla/5.0 (Windows NT 10.0; WOW64; Trident/7.0; rv:11.0) like Gecko"
62.47.32.253 - - [08/Jun/2021:16:32:00 +0200] "GET /reload?ser=1623162720399 HTTP/1.1" 200 28 "http://renault.activities.at/result?searchterm=true&search=arkana" "Mozilla/5.0 (Windows NT 10.0; Win64; x64) AppleWebKit/537.36 (KHTML, like Gecko) Chrome/91.0.4472.77 Safari/537.36"
212.152.246.135 - - [08/Jun/2021:16:32:10 +0200] "GET /reload?ser=1623162730857 HTTP/1.1" 200 28 "http://renault.activities.at/10201633?dir=DESC&mode=grid&order=name&limit=15&page=4" "Mozilla/5.0 (Windows NT 10.0; Win64; x64) AppleWebKit/537.36 (KHTML, like Gecko) Chrome/91.0.4472.77 Safari/537.36 Edg/91.0.864.37"
185.58.53.32 - - [08/Jun/2021:16:32:26 +0200] "GET /reload?ser=1623162746417 HTTP/1.1" 200 28 "http://renault.activities.at/result?dir=DESC&mode=grid&order=name&limit=15&page=2&search=Kennzeichen" "Mozilla/5.0 (Windows NT 10.0; Win64; x64) AppleWebKit/537.36 (KHTML, like Gecko) Chrome/91.0.4472.77 Safari/537.36"
88.116.10.164 - - [08/Jun/2021:16:32:42 +0200] "GET /reload?ser=1623162762001 HTTP/1.1" 200 28 "http://renault.activities.at/10260282?dir=DESC&mode=grid&order=name&limit=15&page=6" "Mozilla/5.0 (Windows NT 10.0; Win64; x64) AppleWebKit/537.36 (KHTML, like Gecko) Chrome/91.0.4472.77 Safari/537.36"
93.83.241.1 - - [08/Jun/2021:16:33:01 +0200] "GET /reload?ser=1623162780995 HTTP/1.1" 200 28 "http://renault.activities.at/success" "Mozilla/5.0 (Windows NT 10.0; WOW64; Trident/7.0; rv:11.0) like Gecko"
62.47.32.253 - - [08/Jun/2021:16:33:01 +0200] "GET /reload?ser=1623162781399 HTTP/1.1" 200 28 "http://renault.activities.at/result?searchterm=true&search=arkana" "Mozilla/5.0 (Windows NT 10.0; Win64; x64) AppleWebKit/537.36 (KHTML, like Gecko) Chrome/91.0.4472.77 Safari/537.36"
212.152.246.135 - - [08/Jun/2021:16:33:12 +0200] "GET /reload?ser=1623162792854 HTTP/1.1" 200 28 "http://renault.activities.at/10201633?dir=DESC&mode=grid&order=name&limit=15&page=4" "Mozilla/5.0 (Windows NT 10.0; Win64; x64) AppleWebKit/537.36 (KHTML, like Gecko) Chrome/91.0.4472.77 Safari/537.36 Edg/91.0.864.37"
185.58.53.32 - - [08/Jun/2021:16:33:27 +0200] "GET /reload?ser=1623162807428 HTTP/1.1" 200 28 "http://renault.activities.at/result?dir=DESC&mode=grid&order=name&limit=15&page=2&search=Kennzeichen" "Mozilla/5.0 (Windows NT 10.0; Win64; x64) AppleWebKit/537.36 (KHTML, like Gecko) Chrome/91.0.4472.77 Safari/537.36"
88.116.10.164 - - [08/Jun/2021:16:33:43 +0200] "GET /reload?ser=1623162823004 HTTP/1.1" 200 28 "http://renault.activities.at/10260282?dir=DESC&mode=grid&order=name&limit=15&page=6" "Mozilla/5.0 (Windows NT 10.0; Win64; x64) AppleWebKit/537.36 (KHTML, like Gecko) Chrome/91.0.4472.77 Safari/537.36"
93.83.241.1 - - [08/Jun/2021:16:34:02 +0200] "GET /reload?ser=1623162842000 HTTP/1.1" 200 28 "http://renault.activities.at/success" "Mozilla/5.0 (Windows NT 10.0; WOW64; Trident/7.0; rv:11.0) like Gecko"
62.47.32.253 - - [08/Jun/2021:16:34:02 +0200] "GET /reload?ser=1623162842399 HTTP/1.1" 200 28 "http://renault.activities.at/result?searchterm=true&search=arkana" "Mozilla/5.0 (Windows NT 10.0; Win64; x64) AppleWebKit/537.36 (KHTML, like Gecko) Chrome/91.0.4472.77 Safari/537.36"
212.152.246.135 - - [08/Jun/2021:16:34:14 +0200] "GET /reload?ser=1623162854856 HTTP/1.1" 200 28 "http://renault.activities.at/10201633?dir=DESC&mode=grid&order=name&limit=15&page=4" "Mozilla/5.0 (Windows NT 10.0; Win64; x64) AppleWebKit/537.36 (KHTML, like Gecko) Chrome/91.0.4472.77 Safari/537.36 Edg/91.0.864.37"
185.58.53.32 - - [08/Jun/2021:16:34:28 +0200] "GET /reload?ser=1623162868426 HTTP/1.1" 200 28 "http://renault.activities.at/result?dir=DESC&mode=grid&order=name&limit=15&page=2&search=Kennzeichen" "Mozilla/5.0 (Windows NT 10.0; Win64; x64) AppleWebKit/537.36 (KHTML, like Gecko) Chrome/91.0.4472.77 Safari/537.36"
88.116.10.164 - - [08/Jun/2021:16:34:45 +0200] "GET /reload?ser=1623162884993 HTTP/1.1" 200 28 "http://renault.activities.at/10260282?dir=DESC&mode=grid&order=name&limit=15&page=6" "Mozilla/5.0 (Windows NT 10.0; Win64; x64) AppleWebKit/537.36 (KHTML, like Gecko) Chrome/91.0.4472.77 Safari/537.36"
93.83.241.1 - - [08/Jun/2021:16:35:03 +0200] "GET /reload?ser=1623162902975 HTTP/1.1" 200 28 "http://renault.activities.at/success" "Mozilla/5.0 (Windows NT 10.0; WOW64; Trident/7.0; rv:11.0) like Gecko"
62.47.32.253 - - [08/Jun/2021:16:35:04 +0200] "GET /reload?ser=1623162904398 HTTP/1.1" 200 28 "http://renault.activities.at/result?searchterm=true&search=arkana" "Mozilla/5.0 (Windows NT 10.0; Win64; x64) AppleWebKit/537.36 (KHTML, like Gecko) Chrome/91.0.4472.77 Safari/537.36"
212.152.246.135 - - [08/Jun/2021:16:35:15 +0200] "GET /reload?ser=1623162915858 HTTP/1.1" 200 28 "http://renault.activities.at/10201633?dir=DESC&mode=grid&order=name&limit=15&page=4" "Mozilla/5.0 (Windows NT 10.0; Win64; x64) AppleWebKit/537.36 (KHTML, like Gecko) Chrome/91.0.4472.77 Safari/537.36 Edg/91.0.864.37"
185.58.53.32 - - [08/Jun/2021:16:35:29 +0200] "GET /reload?ser=1623162929419 HTTP/1.1" 200 28 "http://renault.activities.at/result?dir=DESC&mode=grid&order=name&limit=15&page=2&search=Kennzeichen" "Mozilla/5.0 (Windows NT 10.0; Win64; x64) AppleWebKit/537.36 (KHTML, like Gecko) Chrome/91.0.4472.77 Safari/537.36"
88.116.10.164 - - [08/Jun/2021:16:35:46 +0200] "GET /reload?ser=1623162945998 HTTP/1.1" 200 28 "http://renault.activities.at/10260282?dir=DESC&mode=grid&order=name&limit=15&page=6" "Mozilla/5.0 (Windows NT 10.0; Win64; x64) AppleWebKit/537.36 (KHTML, like Gecko) Chrome/91.0.4472.77 Safari/537.36"
93.83.241.1 - - [08/Jun/2021:16:36:04 +0200] "GET /reload?ser=1623162964012 HTTP/1.1" 200 28 "http://renault.activities.at/success" "Mozilla/5.0 (Windows NT 10.0; WOW64; Trident/7.0; rv:11.0) like Gecko"
62.47.32.253 - - [08/Jun/2021:16:36:05 +0200] "GET /reload?ser=1623162965398 HTTP/1.1" 200 28 "http://renault.activities.at/result?searchterm=true&search=arkana" "Mozilla/5.0 (Windows NT 10.0; Win64; x64) AppleWebKit/537.36 (KHTML, like Gecko) Chrome/91.0.4472.77 Safari/537.36"
212.152.246.135 - - [08/Jun/2021:16:36:16 +0200] "GET /reload?ser=1623162976856 HTTP/1.1" 200 28 "http://renault.activities.at/10201633?dir=DESC&mode=grid&order=name&limit=15&page=4" "Mozilla/5.0 (Windows NT 10.0; Win64; x64) AppleWebKit/537.36 (KHTML, like Gecko) Chrome/91.0.4472.77 Safari/537.36 Edg/91.0.864.37"
185.58.53.32 - - [08/Jun/2021:16:36:30 +0200] "GET /reload?ser=1623162990424 HTTP/1.1" 200 28 "http://renault.activities.at/result?dir=DESC&mode=grid&order=name&limit=15&page=2&search=Kennzeichen" "Mozilla/5.0 (Windows NT 10.0; Win64; x64) AppleWebKit/537.36 (KHTML, like Gecko) Chrome/91.0.4472.77 Safari/537.36"
88.116.10.164 - - [08/Jun/2021:16:36:47 +0200] "GET /reload?ser=1623163007006 HTTP/1.1" 200 28 "http://renault.activities.at/10260282?dir=DESC&mode=grid&order=name&limit=15&page=6" "Mozilla/5.0 (Windows NT 10.0; Win64; x64) AppleWebKit/537.36 (KHTML, like Gecko) Chrome/91.0.4472.77 Safari/537.36"
93.83.241.1 - - [08/Jun/2021:16:37:05 +0200] "GET /reload?ser=1623163024983 HTTP/1.1" 200 28 "http://renault.activities.at/success" "Mozilla/5.0 (Windows NT 10.0; WOW64; Trident/7.0; rv:11.0) like Gecko"
62.47.32.253 - - [08/Jun/2021:16:37:06 +0200] "GET /reload?ser=1623163026398 HTTP/1.1" 200 28 "http://renault.activities.at/result?searchterm=true&search=arkana" "Mozilla/5.0 (Windows NT 10.0; Win64; x64) AppleWebKit/537.36 (KHTML, like Gecko) Chrome/91.0.4472.77 Safari/537.36"
212.152.246.135 - - [08/Jun/2021:16:37:17 +0200] "GET /reload?ser=1623163037851 HTTP/1.1" 200 28 "http://renault.activities.at/10201633?dir=DESC&mode=grid&order=name&limit=15&page=4" "Mozilla/5.0 (Windows NT 10.0; Win64; x64) AppleWebKit/537.36 (KHTML, like Gecko) Chrome/91.0.4472.77 Safari/537.36 Edg/91.0.864.37"
185.58.53.32 - - [08/Jun/2021:16:37:31 +0200] "GET /reload?ser=1623163051420 HTTP/1.1" 200 28 "http://renault.activities.at/result?dir=DESC&mode=grid&order=name&limit=15&page=2&search=Kennzeichen" "Mozilla/5.0 (Windows NT 10.0; Win64; x64) AppleWebKit/537.36 (KHTML, like Gecko) Chrome/91.0.4472.77 Safari/537.36"
88.116.10.164 - - [08/Jun/2021:16:37:48 +0200] "GET /reload?ser=1623163067997 HTTP/1.1" 200 28 "http://renault.activities.at/10260282?dir=DESC&mode=grid&order=name&limit=15&page=6" "Mozilla/5.0 (Windows NT 10.0; Win64; x64) AppleWebKit/537.36 (KHTML, like Gecko) Chrome/91.0.4472.77 Safari/537.36"
93.83.241.1 - - [08/Jun/2021:16:38:06 +0200] "GET /reload?ser=1623163086015 HTTP/1.1" 200 28 "http://renault.activities.at/success" "Mozilla/5.0 (Windows NT 10.0; WOW64; Trident/7.0; rv:11.0) like Gecko"
62.47.32.253 - - [08/Jun/2021:16:38:07 +0200] "GET /reload?ser=1623163087412 HTTP/1.1" 200 28 "http://renault.activities.at/result?searchterm=true&search=arkana" "Mozilla/5.0 (Windows NT 10.0; Win64; x64) AppleWebKit/537.36 (KHTML, like Gecko) Chrome/91.0.4472.77 Safari/537.36"
212.152.246.135 - - [08/Jun/2021:16:38:18 +0200] "GET /reload?ser=1623163098862 HTTP/1.1" 200 28 "http://renault.activities.at/10201633?dir=DESC&mode=grid&order=name&limit=15&page=4" "Mozilla/5.0 (Windows NT 10.0; Win64; x64) AppleWebKit/537.36 (KHTML, like Gecko) Chrome/91.0.4472.77 Safari/537.36 Edg/91.0.864.37"
185.58.53.32 - - [08/Jun/2021:16:38:32 +0200] "GET /reload?ser=1623163112425 HTTP/1.1" 200 28 "http://renault.activities.at/result?dir=DESC&mode=grid&order=name&limit=15&page=2&search=Kennzeichen" "Mozilla/5.0 (Windows NT 10.0; Win64; x64) AppleWebKit/537.36 (KHTML, like Gecko) Chrome/91.0.4472.77 Safari/537.36"
88.116.10.164 - - [08/Jun/2021:16:38:49 +0200] "GET /reload?ser=1623163129000 HTTP/1.1" 200 28 "http://renault.activities.at/10260282?dir=DESC&mode=grid&order=name&limit=15&page=6" "Mozilla/5.0 (Windows NT 10.0; Win64; x64) AppleWebKit/537.36 (KHTML, like Gecko) Chrome/91.0.4472.77 Safari/537.36"
93.83.241.1 - - [08/Jun/2021:16:39:07 +0200] "GET /reload?ser=1623163147051 HTTP/1.1" 200 28 "http://renault.activities.at/success" "Mozilla/5.0 (Windows NT 10.0; WOW64; Trident/7.0; rv:11.0) like Gecko"
62.47.32.253 - - [08/Jun/2021:16:39:08 +0200] "GET /reload?ser=1623163148408 HTTP/1.1" 200 28 "http://renault.activities.at/result?searchterm=true&search=arkana" "Mozilla/5.0 (Windows NT 10.0; Win64; x64) AppleWebKit/537.36 (KHTML, like Gecko) Chrome/91.0.4472.77 Safari/537.36"
212.152.246.135 - - [08/Jun/2021:16:39:19 +0200] "GET /reload?ser=1623163159856 HTTP/1.1" 200 28 "http://renault.activities.at/10201633?dir=DESC&mode=grid&order=name&limit=15&page=4" "Mozilla/5.0 (Windows NT 10.0; Win64; x64) AppleWebKit/537.36 (KHTML, like Gecko) Chrome/91.0.4472.77 Safari/537.36 Edg/91.0.864.37"
185.58.53.32 - - [08/Jun/2021:16:39:33 +0200] "GET /reload?ser=1623163173428 HTTP/1.1" 200 28 "http://renault.activities.at/result?dir=DESC&mode=grid&order=name&limit=15&page=2&search=Kennzeichen" "Mozilla/5.0 (Windows NT 10.0; Win64; x64) AppleWebKit/537.36 (KHTML, like Gecko) Chrome/91.0.4472.77 Safari/537.36"
88.116.10.164 - - [08/Jun/2021:16:39:50 +0200] "GET /reload?ser=1623163190002 HTTP/1.1" 200 28 "http://renault.activities.at/10260282?dir=DESC&mode=grid&order=name&limit=15&page=6" "Mozilla/5.0 (Windows NT 10.0; Win64; x64) AppleWebKit/537.36 (KHTML, like Gecko) Chrome/91.0.4472.77 Safari/537.36"
93.83.241.1 - - [08/Jun/2021:16:40:08 +0200] "GET /reload?ser=1623163208044 HTTP/1.1" 200 28 "http://renault.activities.at/success" "Mozilla/5.0 (Windows NT 10.0; WOW64; Trident/7.0; rv:11.0) like Gecko"
62.47.32.253 - - [08/Jun/2021:16:40:09 +0200] "GET /reload?ser=1623163209397 HTTP/1.1" 200 28 "http://renault.activities.at/result?searchterm=true&search=arkana" "Mozilla/5.0 (Windows NT 10.0; Win64; x64) AppleWebKit/537.36 (KHTML, like Gecko) Chrome/91.0.4472.77 Safari/537.36"
185.58.53.32 - - [08/Jun/2021:16:40:34 +0200] "GET /reload?ser=1623163234416 HTTP/1.1" 200 28 "http://renault.activities.at/result?dir=DESC&mode=grid&order=name&limit=15&page=2&search=Kennzeichen" "Mozilla/5.0 (Windows NT 10.0; Win64; x64) AppleWebKit/537.36 (KHTML, like Gecko) Chrome/91.0.4472.77 Safari/537.36"
88.116.10.164 - - [08/Jun/2021:16:40:51 +0200] "GET /reload?ser=1623163251004 HTTP/1.1" 200 28 "http://renault.activities.at/10260282?dir=DESC&mode=grid&order=name&limit=15&page=6" "Mozilla/5.0 (Windows NT 10.0; Win64; x64) AppleWebKit/537.36 (KHTML, like Gecko) Chrome/91.0.4472.77 Safari/537.36"
93.83.241.1 - - [08/Jun/2021:16:41:09 +0200] "GET /reload?ser=1623163269052 HTTP/1.1" 200 28 "http://renault.activities.at/success" "Mozilla/5.0 (Windows NT 10.0; WOW64; Trident/7.0; rv:11.0) like Gecko"
62.47.32.253 - - [08/Jun/2021:16:41:10 +0200] "GET /reload?ser=1623163270405 HTTP/1.1" 200 28 "http://renault.activities.at/result?searchterm=true&search=arkana" "Mozilla/5.0 (Windows NT 10.0; Win64; x64) AppleWebKit/537.36 (KHTML, like Gecko) Chrome/91.0.4472.77 Safari/537.36"
