185.58.53.32 - - [08/Jun/2021:16:41:35 +0200] "GET /reload?ser=1623163295417 HTTP/1.1" 200 28 "http://renault.activities.at/result?dir=DESC&mode=grid&order=name&limit=15&page=2&search=Kennzeichen" "Mozilla/5.0 (Windows NT 10.0; Win64; x64) AppleWebKit/537.36 (KHTML, like Gecko) Chrome/91.0.4472.77 Safari/537.36"
88.116.10.164 - - [08/Jun/2021:16:41:53 +0200] "GET /reload?ser=1623163313001 HTTP/1.1" 200 28 "http://renault.activities.at/10260282?dir=DESC&mode=grid&order=name&limit=15&page=6" "Mozilla/5.0 (Windows NT 10.0; Win64; x64) AppleWebKit/537.36 (KHTML, like Gecko) Chrome/91.0.4472.77 Safari/537.36"
93.83.241.1 - - [08/Jun/2021:16:42:10 +0200] "GET /reload?ser=1623163330056 HTTP/1.1" 200 28 "http://renault.activities.at/success" "Mozilla/5.0 (Windows NT 10.0; WOW64; Trident/7.0; rv:11.0) like Gecko"
62.47.32.253 - - [08/Jun/2021:16:42:11 +0200] "GET /reload?ser=1623163331410 HTTP/1.1" 200 28 "http://renault.activities.at/result?searchterm=true&search=arkana" "Mozilla/5.0 (Windows NT 10.0; Win64; x64) AppleWebKit/537.36 (KHTML, like Gecko) Chrome/91.0.4472.77 Safari/537.36"
185.58.53.32 - - [08/Jun/2021:16:42:36 +0200] "GET /reload?ser=1623163356418 HTTP/1.1" 200 28 "http://renault.activities.at/result?dir=DESC&mode=grid&order=name&limit=15&page=2&search=Kennzeichen" "Mozilla/5.0 (Windows NT 10.0; Win64; x64) AppleWebKit/537.36 (KHTML, like Gecko) Chrome/91.0.4472.77 Safari/537.36"
88.116.10.164 - - [08/Jun/2021:16:42:54 +0200] "GET /reload?ser=1623163374002 HTTP/1.1" 200 28 "http://renault.activities.at/10260282?dir=DESC&mode=grid&order=name&limit=15&page=6" "Mozilla/5.0 (Windows NT 10.0; Win64; x64) AppleWebKit/537.36 (KHTML, like Gecko) Chrome/91.0.4472.77 Safari/537.36"
93.83.241.1 - - [08/Jun/2021:16:43:11 +0200] "GET /reload?ser=1623163391071 HTTP/1.1" 200 28 "http://renault.activities.at/success" "Mozilla/5.0 (Windows NT 10.0; WOW64; Trident/7.0; rv:11.0) like Gecko"
62.47.32.253 - - [08/Jun/2021:16:43:12 +0200] "GET /reload?ser=1623163392408 HTTP/1.1" 200 28 "http://renault.activities.at/result?searchterm=true&search=arkana" "Mozilla/5.0 (Windows NT 10.0; Win64; x64) AppleWebKit/537.36 (KHTML, like Gecko) Chrome/91.0.4472.77 Safari/537.36"
185.58.53.32 - - [08/Jun/2021:16:43:37 +0200] "GET /reload?ser=1623163417420 HTTP/1.1" 200 28 "http://renault.activities.at/result?dir=DESC&mode=grid&order=name&limit=15&page=2&search=Kennzeichen" "Mozilla/5.0 (Windows NT 10.0; Win64; x64) AppleWebKit/537.36 (KHTML, like Gecko) Chrome/91.0.4472.77 Safari/537.36"
88.116.10.164 - - [08/Jun/2021:16:43:55 +0200] "GET /reload?ser=1623163434992 HTTP/1.1" 200 28 "http://renault.activities.at/10260282?dir=DESC&mode=grid&order=name&limit=15&page=6" "Mozilla/5.0 (Windows NT 10.0; Win64; x64) AppleWebKit/537.36 (KHTML, like Gecko) Chrome/91.0.4472.77 Safari/537.36"
93.83.241.1 - - [08/Jun/2021:16:44:12 +0200] "GET /reload?ser=1623163452089 HTTP/1.1" 200 28 "http://renault.activities.at/success" "Mozilla/5.0 (Windows NT 10.0; WOW64; Trident/7.0; rv:11.0) like Gecko"
62.47.32.253 - - [08/Jun/2021:16:44:13 +0200] "GET /reload?ser=1623163453413 HTTP/1.1" 200 28 "http://renault.activities.at/result?searchterm=true&search=arkana" "Mozilla/5.0 (Windows NT 10.0; Win64; x64) AppleWebKit/537.36 (KHTML, like Gecko) Chrome/91.0.4472.77 Safari/537.36"
185.58.53.32 - - [08/Jun/2021:16:44:38 +0200] "GET /reload?ser=1623163478419 HTTP/1.1" 200 28 "http://renault.activities.at/result?dir=DESC&mode=grid&order=name&limit=15&page=2&search=Kennzeichen" "Mozilla/5.0 (Windows NT 10.0; Win64; x64) AppleWebKit/537.36 (KHTML, like Gecko) Chrome/91.0.4472.77 Safari/537.36"
88.116.10.164 - - [08/Jun/2021:16:44:56 +0200] "GET /reload?ser=1623163496005 HTTP/1.1" 200 28 "http://renault.activities.at/10260282?dir=DESC&mode=grid&order=name&limit=15&page=6" "Mozilla/5.0 (Windows NT 10.0; Win64; x64) AppleWebKit/537.36 (KHTML, like Gecko) Chrome/91.0.4472.77 Safari/537.36"
93.83.241.1 - - [08/Jun/2021:16:45:13 +0200] "GET /reload?ser=1623163513139 HTTP/1.1" 200 28 "http://renault.activities.at/success" "Mozilla/5.0 (Windows NT 10.0; WOW64; Trident/7.0; rv:11.0) like Gecko"
62.47.32.253 - - [08/Jun/2021:16:45:14 +0200] "GET /reload?ser=1623163514401 HTTP/1.1" 200 28 "http://renault.activities.at/result?searchterm=true&search=arkana" "Mozilla/5.0 (Windows NT 10.0; Win64; x64) AppleWebKit/537.36 (KHTML, like Gecko) Chrome/91.0.4472.77 Safari/537.36"
185.58.53.32 - - [08/Jun/2021:16:45:39 +0200] "GET /reload?ser=1623163539428 HTTP/1.1" 200 28 "http://renault.activities.at/result?dir=DESC&mode=grid&order=name&limit=15&page=2&search=Kennzeichen" "Mozilla/5.0 (Windows NT 10.0; Win64; x64) AppleWebKit/537.36 (KHTML, like Gecko) Chrome/91.0.4472.77 Safari/537.36"
88.116.10.164 - - [08/Jun/2021:16:45:57 +0200] "GET /reload?ser=1623163556999 HTTP/1.1" 200 28 "http://renault.activities.at/10260282?dir=DESC&mode=grid&order=name&limit=15&page=6" "Mozilla/5.0 (Windows NT 10.0; Win64; x64) AppleWebKit/537.36 (KHTML, like Gecko) Chrome/91.0.4472.77 Safari/537.36"
93.83.241.1 - - [08/Jun/2021:16:46:14 +0200] "GET /reload?ser=1623163574177 HTTP/1.1" 200 28 "http://renault.activities.at/success" "Mozilla/5.0 (Windows NT 10.0; WOW64; Trident/7.0; rv:11.0) like Gecko"
62.47.32.253 - - [08/Jun/2021:16:46:15 +0200] "GET /reload?ser=1623163575400 HTTP/1.1" 200 28 "http://renault.activities.at/result?searchterm=true&search=arkana" "Mozilla/5.0 (Windows NT 10.0; Win64; x64) AppleWebKit/537.36 (KHTML, like Gecko) Chrome/91.0.4472.77 Safari/537.36"
185.58.53.32 - - [08/Jun/2021:16:46:40 +0200] "GET /reload?ser=1623163600422 HTTP/1.1" 200 28 "http://renault.activities.at/result?dir=DESC&mode=grid&order=name&limit=15&page=2&search=Kennzeichen" "Mozilla/5.0 (Windows NT 10.0; Win64; x64) AppleWebKit/537.36 (KHTML, like Gecko) Chrome/91.0.4472.77 Safari/537.36"
88.116.10.164 - - [08/Jun/2021:16:46:59 +0200] "GET /reload?ser=1623163619003 HTTP/1.1" 200 28 "http://renault.activities.at/10260282?dir=DESC&mode=grid&order=name&limit=15&page=6" "Mozilla/5.0 (Windows NT 10.0; Win64; x64) AppleWebKit/537.36 (KHTML, like Gecko) Chrome/91.0.4472.77 Safari/537.36"
93.83.241.1 - - [08/Jun/2021:16:47:15 +0200] "GET /reload?ser=1623163635161 HTTP/1.1" 200 28 "http://renault.activities.at/success" "Mozilla/5.0 (Windows NT 10.0; WOW64; Trident/7.0; rv:11.0) like Gecko"
62.47.32.253 - - [08/Jun/2021:16:47:16 +0200] "GET /reload?ser=1623163636400 HTTP/1.1" 200 28 "http://renault.activities.at/result?searchterm=true&search=arkana" "Mozilla/5.0 (Windows NT 10.0; Win64; x64) AppleWebKit/537.36 (KHTML, like Gecko) Chrome/91.0.4472.77 Safari/537.36"
185.58.53.32 - - [08/Jun/2021:16:47:41 +0200] "GET /reload?ser=1623163661420 HTTP/1.1" 200 28 "http://renault.activities.at/result?dir=DESC&mode=grid&order=name&limit=15&page=2&search=Kennzeichen" "Mozilla/5.0 (Windows NT 10.0; Win64; x64) AppleWebKit/537.36 (KHTML, like Gecko) Chrome/91.0.4472.77 Safari/537.36"
88.116.10.164 - - [08/Jun/2021:16:48:00 +0200] "GET /reload?ser=1623163680001 HTTP/1.1" 200 28 "http://renault.activities.at/10260282?dir=DESC&mode=grid&order=name&limit=15&page=6" "Mozilla/5.0 (Windows NT 10.0; Win64; x64) AppleWebKit/537.36 (KHTML, like Gecko) Chrome/91.0.4472.77 Safari/537.36"
93.83.241.1 - - [08/Jun/2021:16:48:16 +0200] "GET /reload?ser=1623163696169 HTTP/1.1" 200 28 "http://renault.activities.at/success" "Mozilla/5.0 (Windows NT 10.0; WOW64; Trident/7.0; rv:11.0) like Gecko"
62.47.32.253 - - [08/Jun/2021:16:48:17 +0200] "GET /reload?ser=1623163697407 HTTP/1.1" 200 28 "http://renault.activities.at/result?searchterm=true&search=arkana" "Mozilla/5.0 (Windows NT 10.0; Win64; x64) AppleWebKit/537.36 (KHTML, like Gecko) Chrome/91.0.4472.77 Safari/537.36"
185.58.53.32 - - [08/Jun/2021:16:48:42 +0200] "GET /reload?ser=1623163722421 HTTP/1.1" 200 28 "http://renault.activities.at/result?dir=DESC&mode=grid&order=name&limit=15&page=2&search=Kennzeichen" "Mozilla/5.0 (Windows NT 10.0; Win64; x64) AppleWebKit/537.36 (KHTML, like Gecko) Chrome/91.0.4472.77 Safari/537.36"
88.116.10.164 - - [08/Jun/2021:16:49:01 +0200] "GET /reload?ser=1623163740997 HTTP/1.1" 200 28 "http://renault.activities.at/10260282?dir=DESC&mode=grid&order=name&limit=15&page=6" "Mozilla/5.0 (Windows NT 10.0; Win64; x64) AppleWebKit/537.36 (KHTML, like Gecko) Chrome/91.0.4472.77 Safari/537.36"
93.83.241.1 - - [08/Jun/2021:16:49:17 +0200] "GET /reload?ser=1623163757192 HTTP/1.1" 200 28 "http://renault.activities.at/success" "Mozilla/5.0 (Windows NT 10.0; WOW64; Trident/7.0; rv:11.0) like Gecko"
62.47.32.253 - - [08/Jun/2021:16:49:18 +0200] "GET /reload?ser=1623163758397 HTTP/1.1" 200 28 "http://renault.activities.at/result?searchterm=true&search=arkana" "Mozilla/5.0 (Windows NT 10.0; Win64; x64) AppleWebKit/537.36 (KHTML, like Gecko) Chrome/91.0.4472.77 Safari/537.36"
185.58.53.32 - - [08/Jun/2021:16:49:43 +0200] "GET /reload?ser=1623163783425 HTTP/1.1" 200 28 "http://renault.activities.at/result?dir=DESC&mode=grid&order=name&limit=15&page=2&search=Kennzeichen" "Mozilla/5.0 (Windows NT 10.0; Win64; x64) AppleWebKit/537.36 (KHTML, like Gecko) Chrome/91.0.4472.77 Safari/537.36"
93.83.241.1 - - [08/Jun/2021:16:50:18 +0200] "GET /reload?ser=1623163818175 HTTP/1.1" 200 28 "http://renault.activities.at/success" "Mozilla/5.0 (Windows NT 10.0; WOW64; Trident/7.0; rv:11.0) like Gecko"
62.47.32.253 - - [08/Jun/2021:16:50:19 +0200] "GET /reload?ser=1623163819402 HTTP/1.1" 200 28 "http://renault.activities.at/result?searchterm=true&search=arkana" "Mozilla/5.0 (Windows NT 10.0; Win64; x64) AppleWebKit/537.36 (KHTML, like Gecko) Chrome/91.0.4472.77 Safari/537.36"
185.58.53.32 - - [08/Jun/2021:16:50:44 +0200] "GET /reload?ser=1623163844418 HTTP/1.1" 200 28 "http://renault.activities.at/result?dir=DESC&mode=grid&order=name&limit=15&page=2&search=Kennzeichen" "Mozilla/5.0 (Windows NT 10.0; Win64; x64) AppleWebKit/537.36 (KHTML, like Gecko) Chrome/91.0.4472.77 Safari/537.36"
93.83.241.1 - - [08/Jun/2021:16:51:19 +0200] "GET /reload?ser=1623163879212 HTTP/1.1" 200 28 "http://renault.activities.at/success" "Mozilla/5.0 (Windows NT 10.0; WOW64; Trident/7.0; rv:11.0) like Gecko"
62.47.32.253 - - [08/Jun/2021:16:51:20 +0200] "GET /reload?ser=1623163880399 HTTP/1.1" 200 28 "http://renault.activities.at/result?searchterm=true&search=arkana" "Mozilla/5.0 (Windows NT 10.0; Win64; x64) AppleWebKit/537.36 (KHTML, like Gecko) Chrome/91.0.4472.77 Safari/537.36"
185.58.53.32 - - [08/Jun/2021:16:51:45 +0200] "GET /reload?ser=1623163905429 HTTP/1.1" 200 28 "http://renault.activities.at/result?dir=DESC&mode=grid&order=name&limit=15&page=2&search=Kennzeichen" "Mozilla/5.0 (Windows NT 10.0; Win64; x64) AppleWebKit/537.36 (KHTML, like Gecko) Chrome/91.0.4472.77 Safari/537.36"
93.83.241.1 - - [08/Jun/2021:16:52:20 +0200] "GET /reload?ser=1623163940257 HTTP/1.1" 200 28 "http://renault.activities.at/success" "Mozilla/5.0 (Windows NT 10.0; WOW64; Trident/7.0; rv:11.0) like Gecko"
62.47.32.253 - - [08/Jun/2021:16:52:21 +0200] "GET /reload?ser=1623163941399 HTTP/1.1" 200 28 "http://renault.activities.at/result?searchterm=true&search=arkana" "Mozilla/5.0 (Windows NT 10.0; Win64; x64) AppleWebKit/537.36 (KHTML, like Gecko) Chrome/91.0.4472.77 Safari/537.36"
185.58.53.32 - - [08/Jun/2021:16:52:46 +0200] "GET /reload?ser=1623163966426 HTTP/1.1" 200 28 "http://renault.activities.at/result?dir=DESC&mode=grid&order=name&limit=15&page=2&search=Kennzeichen" "Mozilla/5.0 (Windows NT 10.0; Win64; x64) AppleWebKit/537.36 (KHTML, like Gecko) Chrome/91.0.4472.77 Safari/537.36"
93.83.241.1 - - [08/Jun/2021:16:53:21 +0200] "GET /reload?ser=1623164001241 HTTP/1.1" 200 28 "http://renault.activities.at/success" "Mozilla/5.0 (Windows NT 10.0; WOW64; Trident/7.0; rv:11.0) like Gecko"
62.47.32.253 - - [08/Jun/2021:16:53:22 +0200] "GET /reload?ser=1623164002411 HTTP/1.1" 200 28 "http://renault.activities.at/result?searchterm=true&search=arkana" "Mozilla/5.0 (Windows NT 10.0; Win64; x64) AppleWebKit/537.36 (KHTML, like Gecko) Chrome/91.0.4472.77 Safari/537.36"
185.58.53.32 - - [08/Jun/2021:16:53:47 +0200] "GET /reload?ser=1623164027418 HTTP/1.1" 200 28 "http://renault.activities.at/result?dir=DESC&mode=grid&order=name&limit=15&page=2&search=Kennzeichen" "Mozilla/5.0 (Windows NT 10.0; Win64; x64) AppleWebKit/537.36 (KHTML, like Gecko) Chrome/91.0.4472.77 Safari/537.36"
93.83.241.1 - - [08/Jun/2021:16:54:22 +0200] "GET /reload?ser=1623164062251 HTTP/1.1" 200 28 "http://renault.activities.at/success" "Mozilla/5.0 (Windows NT 10.0; WOW64; Trident/7.0; rv:11.0) like Gecko"
62.47.32.253 - - [08/Jun/2021:16:54:23 +0200] "GET /reload?ser=1623164063409 HTTP/1.1" 200 28 "http://renault.activities.at/result?searchterm=true&search=arkana" "Mozilla/5.0 (Windows NT 10.0; Win64; x64) AppleWebKit/537.36 (KHTML, like Gecko) Chrome/91.0.4472.77 Safari/537.36"
185.58.53.32 - - [08/Jun/2021:16:54:48 +0200] "GET /reload?ser=1623164088417 HTTP/1.1" 200 28 "http://renault.activities.at/result?dir=DESC&mode=grid&order=name&limit=15&page=2&search=Kennzeichen" "Mozilla/5.0 (Windows NT 10.0; Win64; x64) AppleWebKit/537.36 (KHTML, like Gecko) Chrome/91.0.4472.77 Safari/537.36"
93.83.241.1 - - [08/Jun/2021:16:55:23 +0200] "GET /reload?ser=1623164123259 HTTP/1.1" 200 28 "http://renault.activities.at/success" "Mozilla/5.0 (Windows NT 10.0; WOW64; Trident/7.0; rv:11.0) like Gecko"
62.47.32.253 - - [08/Jun/2021:16:55:24 +0200] "GET /reload?ser=1623164124396 HTTP/1.1" 200 28 "http://renault.activities.at/result?searchterm=true&search=arkana" "Mozilla/5.0 (Windows NT 10.0; Win64; x64) AppleWebKit/537.36 (KHTML, like Gecko) Chrome/91.0.4472.77 Safari/537.36"
185.58.53.32 - - [08/Jun/2021:16:55:49 +0200] "GET /reload?ser=1623164149420 HTTP/1.1" 200 28 "http://renault.activities.at/result?dir=DESC&mode=grid&order=name&limit=15&page=2&search=Kennzeichen" "Mozilla/5.0 (Windows NT 10.0; Win64; x64) AppleWebKit/537.36 (KHTML, like Gecko) Chrome/91.0.4472.77 Safari/537.36"
93.83.241.1 - - [08/Jun/2021:16:56:24 +0200] "GET /reload?ser=1623164184257 HTTP/1.1" 200 28 "http://renault.activities.at/success" "Mozilla/5.0 (Windows NT 10.0; WOW64; Trident/7.0; rv:11.0) like Gecko"
62.47.32.253 - - [08/Jun/2021:16:56:25 +0200] "GET /reload?ser=1623164185400 HTTP/1.1" 200 28 "http://renault.activities.at/result?searchterm=true&search=arkana" "Mozilla/5.0 (Windows NT 10.0; Win64; x64) AppleWebKit/537.36 (KHTML, like Gecko) Chrome/91.0.4472.77 Safari/537.36"
185.58.53.32 - - [08/Jun/2021:16:56:50 +0200] "GET /reload?ser=1623164210423 HTTP/1.1" 200 28 "http://renault.activities.at/result?dir=DESC&mode=grid&order=name&limit=15&page=2&search=Kennzeichen" "Mozilla/5.0 (Windows NT 10.0; Win64; x64) AppleWebKit/537.36 (KHTML, like Gecko) Chrome/91.0.4472.77 Safari/537.36"
93.83.241.1 - - [08/Jun/2021:16:57:25 +0200] "GET /reload?ser=1623164245280 HTTP/1.1" 200 28 "http://renault.activities.at/success" "Mozilla/5.0 (Windows NT 10.0; WOW64; Trident/7.0; rv:11.0) like Gecko"
62.47.32.253 - - [08/Jun/2021:16:57:26 +0200] "GET /reload?ser=1623164246408 HTTP/1.1" 200 28 "http://renault.activities.at/result?searchterm=true&search=arkana" "Mozilla/5.0 (Windows NT 10.0; Win64; x64) AppleWebKit/537.36 (KHTML, like Gecko) Chrome/91.0.4472.77 Safari/537.36"
185.58.53.32 - - [08/Jun/2021:16:57:51 +0200] "GET /reload?ser=1623164271427 HTTP/1.1" 200 28 "http://renault.activities.at/result?dir=DESC&mode=grid&order=name&limit=15&page=2&search=Kennzeichen" "Mozilla/5.0 (Windows NT 10.0; Win64; x64) AppleWebKit/537.36 (KHTML, like Gecko) Chrome/91.0.4472.77 Safari/537.36"
62.47.32.253 - - [08/Jun/2021:16:58:27 +0200] "GET /reload?ser=1623164307408 HTTP/1.1" 200 28 "http://renault.activities.at/result?searchterm=true&search=arkana" "Mozilla/5.0 (Windows NT 10.0; Win64; x64) AppleWebKit/537.36 (KHTML, like Gecko) Chrome/91.0.4472.77 Safari/537.36"
185.58.53.32 - - [08/Jun/2021:16:58:52 +0200] "GET /reload?ser=1623164332419 HTTP/1.1" 200 28 "http://renault.activities.at/result?dir=DESC&mode=grid&order=name&limit=15&page=2&search=Kennzeichen" "Mozilla/5.0 (Windows NT 10.0; Win64; x64) AppleWebKit/537.36 (KHTML, like Gecko) Chrome/91.0.4472.77 Safari/537.36"
62.47.32.253 - - [08/Jun/2021:16:59:28 +0200] "GET /reload?ser=1623164368397 HTTP/1.1" 200 28 "http://renault.activities.at/result?searchterm=true&search=arkana" "Mozilla/5.0 (Windows NT 10.0; Win64; x64) AppleWebKit/537.36 (KHTML, like Gecko) Chrome/91.0.4472.77 Safari/537.36"
185.58.53.32 - - [08/Jun/2021:16:59:53 +0200] "GET /reload?ser=1623164393421 HTTP/1.1" 200 28 "http://renault.activities.at/result?dir=DESC&mode=grid&order=name&limit=15&page=2&search=Kennzeichen" "Mozilla/5.0 (Windows NT 10.0; Win64; x64) AppleWebKit/537.36 (KHTML, like Gecko) Chrome/91.0.4472.77 Safari/537.36"
62.47.32.253 - - [08/Jun/2021:17:00:29 +0200] "GET /reload?ser=1623164429401 HTTP/1.1" 200 28 "http://renault.activities.at/result?searchterm=true&search=arkana" "Mozilla/5.0 (Windows NT 10.0; Win64; x64) AppleWebKit/537.36 (KHTML, like Gecko) Chrome/91.0.4472.77 Safari/537.36"
185.58.53.32 - - [08/Jun/2021:17:00:54 +0200] "GET /reload?ser=1623164454427 HTTP/1.1" 200 28 "http://renault.activities.at/result?dir=DESC&mode=grid&order=name&limit=15&page=2&search=Kennzeichen" "Mozilla/5.0 (Windows NT 10.0; Win64; x64) AppleWebKit/537.36 (KHTML, like Gecko) Chrome/91.0.4472.77 Safari/537.36"
62.47.32.253 - - [08/Jun/2021:17:01:30 +0200] "GET /reload?ser=1623164490417 HTTP/1.1" 200 28 "http://renault.activities.at/result?searchterm=true&search=arkana" "Mozilla/5.0 (Windows NT 10.0; Win64; x64) AppleWebKit/537.36 (KHTML, like Gecko) Chrome/91.0.4472.77 Safari/537.36"
185.58.53.32 - - [08/Jun/2021:17:01:55 +0200] "GET /reload?ser=1623164515417 HTTP/1.1" 200 28 "http://renault.activities.at/result?dir=DESC&mode=grid&order=name&limit=15&page=2&search=Kennzeichen" "Mozilla/5.0 (Windows NT 10.0; Win64; x64) AppleWebKit/537.36 (KHTML, like Gecko) Chrome/91.0.4472.77 Safari/537.36"
62.47.32.253 - - [08/Jun/2021:17:02:31 +0200] "GET /reload?ser=1623164551405 HTTP/1.1" 200 28 "http://renault.activities.at/result?searchterm=true&search=arkana" "Mozilla/5.0 (Windows NT 10.0; Win64; x64) AppleWebKit/537.36 (KHTML, like Gecko) Chrome/91.0.4472.77 Safari/537.36"
185.58.53.32 - - [08/Jun/2021:17:02:56 +0200] "GET /reload?ser=1623164576429 HTTP/1.1" 200 28 "http://renault.activities.at/result?dir=DESC&mode=grid&order=name&limit=15&page=2&search=Kennzeichen" "Mozilla/5.0 (Windows NT 10.0; Win64; x64) AppleWebKit/537.36 (KHTML, like Gecko) Chrome/91.0.4472.77 Safari/537.36"
62.47.32.253 - - [08/Jun/2021:17:03:32 +0200] "GET /reload?ser=1623164612396 HTTP/1.1" 200 28 "http://renault.activities.at/result?searchterm=true&search=arkana" "Mozilla/5.0 (Windows NT 10.0; Win64; x64) AppleWebKit/537.36 (KHTML, like Gecko) Chrome/91.0.4472.77 Safari/537.36"
185.58.53.32 - - [08/Jun/2021:17:03:57 +0200] "GET /reload?ser=1623164637421 HTTP/1.1" 200 28 "http://renault.activities.at/result?dir=DESC&mode=grid&order=name&limit=15&page=2&search=Kennzeichen" "Mozilla/5.0 (Windows NT 10.0; Win64; x64) AppleWebKit/537.36 (KHTML, like Gecko) Chrome/91.0.4472.77 Safari/537.36"
62.47.32.253 - - [08/Jun/2021:17:04:33 +0200] "GET /reload?ser=1623164673397 HTTP/1.1" 200 28 "http://renault.activities.at/result?searchterm=true&search=arkana" "Mozilla/5.0 (Windows NT 10.0; Win64; x64) AppleWebKit/537.36 (KHTML, like Gecko) Chrome/91.0.4472.77 Safari/537.36"
62.47.32.253 - - [08/Jun/2021:17:05:34 +0200] "GET /reload?ser=1623164734405 HTTP/1.1" 200 28 "http://renault.activities.at/result?searchterm=true&search=arkana" "Mozilla/5.0 (Windows NT 10.0; Win64; x64) AppleWebKit/537.36 (KHTML, like Gecko) Chrome/91.0.4472.77 Safari/537.36"
62.47.32.253 - - [08/Jun/2021:17:06:35 +0200] "GET /reload?ser=1623164795411 HTTP/1.1" 200 28 "http://renault.activities.at/result?searchterm=true&search=arkana" "Mozilla/5.0 (Windows NT 10.0; Win64; x64) AppleWebKit/537.36 (KHTML, like Gecko) Chrome/91.0.4472.77 Safari/537.36"
62.47.32.253 - - [08/Jun/2021:17:07:36 +0200] "GET /reload?ser=1623164856404 HTTP/1.1" 200 28 "http://renault.activities.at/result?searchterm=true&search=arkana" "Mozilla/5.0 (Windows NT 10.0; Win64; x64) AppleWebKit/537.36 (KHTML, like Gecko) Chrome/91.0.4472.77 Safari/537.36"
62.47.32.253 - - [08/Jun/2021:17:08:38 +0200] "GET /reload?ser=1623164918406 HTTP/1.1" 200 28 "http://renault.activities.at/result?searchterm=true&search=arkana" "Mozilla/5.0 (Windows NT 10.0; Win64; x64) AppleWebKit/537.36 (KHTML, like Gecko) Chrome/91.0.4472.77 Safari/537.36"
62.47.32.253 - - [08/Jun/2021:17:09:39 +0200] "GET /reload?ser=1623164979396 HTTP/1.1" 200 28 "http://renault.activities.at/result?searchterm=true&search=arkana" "Mozilla/5.0 (Windows NT 10.0; Win64; x64) AppleWebKit/537.36 (KHTML, like Gecko) Chrome/91.0.4472.77 Safari/537.36"
62.47.32.253 - - [08/Jun/2021:17:10:40 +0200] "GET /reload?ser=1623165040399 HTTP/1.1" 200 28 "http://renault.activities.at/result?searchterm=true&search=arkana" "Mozilla/5.0 (Windows NT 10.0; Win64; x64) AppleWebKit/537.36 (KHTML, like Gecko) Chrome/91.0.4472.77 Safari/537.36"
62.47.32.253 - - [08/Jun/2021:17:11:41 +0200] "GET /reload?ser=1623165101402 HTTP/1.1" 200 28 "http://renault.activities.at/result?searchterm=true&search=arkana" "Mozilla/5.0 (Windows NT 10.0; Win64; x64) AppleWebKit/537.36 (KHTML, like Gecko) Chrome/91.0.4472.77 Safari/537.36"
62.47.32.253 - - [08/Jun/2021:17:12:42 +0200] "GET /reload?ser=1623165162399 HTTP/1.1" 200 28 "http://renault.activities.at/result?searchterm=true&search=arkana" "Mozilla/5.0 (Windows NT 10.0; Win64; x64) AppleWebKit/537.36 (KHTML, like Gecko) Chrome/91.0.4472.77 Safari/537.36"
62.47.32.253 - - [08/Jun/2021:17:13:43 +0200] "GET /reload?ser=1623165223406 HTTP/1.1" 200 28 "http://renault.activities.at/result?searchterm=true&search=arkana" "Mozilla/5.0 (Windows NT 10.0; Win64; x64) AppleWebKit/537.36 (KHTML, like Gecko) Chrome/91.0.4472.77 Safari/537.36"
62.47.32.253 - - [08/Jun/2021:17:14:44 +0200] "GET /reload?ser=1623165284394 HTTP/1.1" 200 28 "http://renault.activities.at/result?searchterm=true&search=arkana" "Mozilla/5.0 (Windows NT 10.0; Win64; x64) AppleWebKit/537.36 (KHTML, like Gecko) Chrome/91.0.4472.77 Safari/537.36"
62.47.32.253 - - [08/Jun/2021:17:15:45 +0200] "GET /reload?ser=1623165345411 HTTP/1.1" 200 28 "http://renault.activities.at/result?searchterm=true&search=arkana" "Mozilla/5.0 (Windows NT 10.0; Win64; x64) AppleWebKit/537.36 (KHTML, like Gecko) Chrome/91.0.4472.77 Safari/537.36"
62.47.32.253 - - [08/Jun/2021:17:16:46 +0200] "GET /reload?ser=1623165406399 HTTP/1.1" 200 28 "http://renault.activities.at/result?searchterm=true&search=arkana" "Mozilla/5.0 (Windows NT 10.0; Win64; x64) AppleWebKit/537.36 (KHTML, like Gecko) Chrome/91.0.4472.77 Safari/537.36"
62.47.32.253 - - [08/Jun/2021:17:17:47 +0200] "GET /reload?ser=1623165467406 HTTP/1.1" 200 28 "http://renault.activities.at/result?searchterm=true&search=arkana" "Mozilla/5.0 (Windows NT 10.0; Win64; x64) AppleWebKit/537.36 (KHTML, like Gecko) Chrome/91.0.4472.77 Safari/537.36"
62.47.32.253 - - [08/Jun/2021:17:18:48 +0200] "GET /reload?ser=1623165528401 HTTP/1.1" 200 28 "http://renault.activities.at/result?searchterm=true&search=arkana" "Mozilla/5.0 (Windows NT 10.0; Win64; x64) AppleWebKit/537.36 (KHTML, like Gecko) Chrome/91.0.4472.77 Safari/537.36"
62.47.32.253 - - [08/Jun/2021:17:19:49 +0200] "GET /reload?ser=1623165589409 HTTP/1.1" 200 28 "http://renault.activities.at/result?searchterm=true&search=arkana" "Mozilla/5.0 (Windows NT 10.0; Win64; x64) AppleWebKit/537.36 (KHTML, like Gecko) Chrome/91.0.4472.77 Safari/537.36"
62.47.32.253 - - [08/Jun/2021:17:20:50 +0200] "GET /reload?ser=1623165650399 HTTP/1.1" 200 28 "http://renault.activities.at/result?searchterm=true&search=arkana" "Mozilla/5.0 (Windows NT 10.0; Win64; x64) AppleWebKit/537.36 (KHTML, like Gecko) Chrome/91.0.4472.77 Safari/537.36"
62.47.32.253 - - [08/Jun/2021:17:21:51 +0200] "GET /reload?ser=1623165711403 HTTP/1.1" 200 28 "http://renault.activities.at/result?searchterm=true&search=arkana" "Mozilla/5.0 (Windows NT 10.0; Win64; x64) AppleWebKit/537.36 (KHTML, like Gecko) Chrome/91.0.4472.77 Safari/537.36"
62.47.32.253 - - [08/Jun/2021:17:22:52 +0200] "GET /reload?ser=1623165772394 HTTP/1.1" 200 28 "http://renault.activities.at/result?searchterm=true&search=arkana" "Mozilla/5.0 (Windows NT 10.0; Win64; x64) AppleWebKit/537.36 (KHTML, like Gecko) Chrome/91.0.4472.77 Safari/537.36"
62.47.32.253 - - [08/Jun/2021:17:23:53 +0200] "GET /reload?ser=1623165833407 HTTP/1.1" 200 28 "http://renault.activities.at/result?searchterm=true&search=arkana" "Mozilla/5.0 (Windows NT 10.0; Win64; x64) AppleWebKit/537.36 (KHTML, like Gecko) Chrome/91.0.4472.77 Safari/537.36"
62.47.32.253 - - [08/Jun/2021:17:24:54 +0200] "GET /reload?ser=1623165894400 HTTP/1.1" 200 28 "http://renault.activities.at/result?searchterm=true&search=arkana" "Mozilla/5.0 (Windows NT 10.0; Win64; x64) AppleWebKit/537.36 (KHTML, like Gecko) Chrome/91.0.4472.77 Safari/537.36"
62.47.32.253 - - [08/Jun/2021:17:25:55 +0200] "GET /reload?ser=1623165955406 HTTP/1.1" 200 28 "http://renault.activities.at/result?searchterm=true&search=arkana" "Mozilla/5.0 (Windows NT 10.0; Win64; x64) AppleWebKit/537.36 (KHTML, like Gecko) Chrome/91.0.4472.77 Safari/537.36"
62.47.32.253 - - [08/Jun/2021:17:26:56 +0200] "GET /reload?ser=1623166016396 HTTP/1.1" 200 28 "http://renault.activities.at/result?searchterm=true&search=arkana" "Mozilla/5.0 (Windows NT 10.0; Win64; x64) AppleWebKit/537.36 (KHTML, like Gecko) Chrome/91.0.4472.77 Safari/537.36"
62.47.32.253 - - [08/Jun/2021:17:27:57 +0200] "GET /reload?ser=1623166077394 HTTP/1.1" 200 28 "http://renault.activities.at/result?searchterm=true&search=arkana" "Mozilla/5.0 (Windows NT 10.0; Win64; x64) AppleWebKit/537.36 (KHTML, like Gecko) Chrome/91.0.4472.77 Safari/537.36"
62.47.32.253 - - [08/Jun/2021:17:28:58 +0200] "GET /reload?ser=1623166138407 HTTP/1.1" 200 28 "http://renault.activities.at/result?searchterm=true&search=arkana" "Mozilla/5.0 (Windows NT 10.0; Win64; x64) AppleWebKit/537.36 (KHTML, like Gecko) Chrome/91.0.4472.77 Safari/537.36"
62.47.32.253 - - [08/Jun/2021:17:29:59 +0200] "GET /reload?ser=1623166199399 HTTP/1.1" 200 28 "http://renault.activities.at/result?searchterm=true&search=arkana" "Mozilla/5.0 (Windows NT 10.0; Win64; x64) AppleWebKit/537.36 (KHTML, like Gecko) Chrome/91.0.4472.77 Safari/537.36"
62.47.32.253 - - [08/Jun/2021:17:31:00 +0200] "GET /reload?ser=1623166260409 HTTP/1.1" 200 28 "http://renault.activities.at/result?searchterm=true&search=arkana" "Mozilla/5.0 (Windows NT 10.0; Win64; x64) AppleWebKit/537.36 (KHTML, like Gecko) Chrome/91.0.4472.77 Safari/537.36"
62.47.32.253 - - [08/Jun/2021:17:32:01 +0200] "GET /reload?ser=1623166321397 HTTP/1.1" 200 28 "http://renault.activities.at/result?searchterm=true&search=arkana" "Mozilla/5.0 (Windows NT 10.0; Win64; x64) AppleWebKit/537.36 (KHTML, like Gecko) Chrome/91.0.4472.77 Safari/537.36"
62.47.32.253 - - [08/Jun/2021:17:33:02 +0200] "GET /reload?ser=1623166382392 HTTP/1.1" 200 28 "http://renault.activities.at/result?searchterm=true&search=arkana" "Mozilla/5.0 (Windows NT 10.0; Win64; x64) AppleWebKit/537.36 (KHTML, like Gecko) Chrome/91.0.4472.77 Safari/537.36"
62.47.32.253 - - [08/Jun/2021:17:34:03 +0200] "GET /reload?ser=1623166443400 HTTP/1.1" 200 28 "http://renault.activities.at/result?searchterm=true&search=arkana" "Mozilla/5.0 (Windows NT 10.0; Win64; x64) AppleWebKit/537.36 (KHTML, like Gecko) Chrome/91.0.4472.77 Safari/537.36"
62.47.32.253 - - [08/Jun/2021:17:35:04 +0200] "GET /reload?ser=1623166504396 HTTP/1.1" 200 28 "http://renault.activities.at/result?searchterm=true&search=arkana" "Mozilla/5.0 (Windows NT 10.0; Win64; x64) AppleWebKit/537.36 (KHTML, like Gecko) Chrome/91.0.4472.77 Safari/537.36"
62.47.32.253 - - [08/Jun/2021:17:36:05 +0200] "GET /reload?ser=1623166565406 HTTP/1.1" 200 28 "http://renault.activities.at/result?searchterm=true&search=arkana" "Mozilla/5.0 (Windows NT 10.0; Win64; x64) AppleWebKit/537.36 (KHTML, like Gecko) Chrome/91.0.4472.77 Safari/537.36"
62.47.32.253 - - [08/Jun/2021:17:37:06 +0200] "GET /reload?ser=1623166626396 HTTP/1.1" 200 28 "http://renault.activities.at/result?searchterm=true&search=arkana" "Mozilla/5.0 (Windows NT 10.0; Win64; x64) AppleWebKit/537.36 (KHTML, like Gecko) Chrome/91.0.4472.77 Safari/537.36"
62.47.32.253 - - [08/Jun/2021:17:38:07 +0200] "GET /reload?ser=1623166687396 HTTP/1.1" 200 28 "http://renault.activities.at/result?searchterm=true&search=arkana" "Mozilla/5.0 (Windows NT 10.0; Win64; x64) AppleWebKit/537.36 (KHTML, like Gecko) Chrome/91.0.4472.77 Safari/537.36"
62.47.32.253 - - [08/Jun/2021:17:39:08 +0200] "GET /reload?ser=1623166748397 HTTP/1.1" 200 28 "http://renault.activities.at/result?searchterm=true&search=arkana" "Mozilla/5.0 (Windows NT 10.0; Win64; x64) AppleWebKit/537.36 (KHTML, like Gecko) Chrome/91.0.4472.77 Safari/537.36"
62.47.32.253 - - [08/Jun/2021:17:40:09 +0200] "GET /reload?ser=1623166809396 HTTP/1.1" 200 28 "http://renault.activities.at/result?searchterm=true&search=arkana" "Mozilla/5.0 (Windows NT 10.0; Win64; x64) AppleWebKit/537.36 (KHTML, like Gecko) Chrome/91.0.4472.77 Safari/537.36"
62.47.32.253 - - [08/Jun/2021:17:41:10 +0200] "GET /reload?ser=1623166870398 HTTP/1.1" 200 28 "http://renault.activities.at/result?searchterm=true&search=arkana" "Mozilla/5.0 (Windows NT 10.0; Win64; x64) AppleWebKit/537.36 (KHTML, like Gecko) Chrome/91.0.4472.77 Safari/537.36"
62.47.32.253 - - [08/Jun/2021:17:42:11 +0200] "GET /reload?ser=1623166931400 HTTP/1.1" 200 28 "http://renault.activities.at/result?searchterm=true&search=arkana" "Mozilla/5.0 (Windows NT 10.0; Win64; x64) AppleWebKit/537.36 (KHTML, like Gecko) Chrome/91.0.4472.77 Safari/537.36"
62.47.32.253 - - [08/Jun/2021:17:43:12 +0200] "GET /reload?ser=1623166992391 HTTP/1.1" 200 28 "http://renault.activities.at/result?searchterm=true&search=arkana" "Mozilla/5.0 (Windows NT 10.0; Win64; x64) AppleWebKit/537.36 (KHTML, like Gecko) Chrome/91.0.4472.77 Safari/537.36"
62.47.32.253 - - [08/Jun/2021:17:44:13 +0200] "GET /reload?ser=1623167053408 HTTP/1.1" 200 28 "http://renault.activities.at/result?searchterm=true&search=arkana" "Mozilla/5.0 (Windows NT 10.0; Win64; x64) AppleWebKit/537.36 (KHTML, like Gecko) Chrome/91.0.4472.77 Safari/537.36"
62.47.32.253 - - [08/Jun/2021:17:45:14 +0200] "GET /reload?ser=1623167114401 HTTP/1.1" 200 28 "http://renault.activities.at/result?searchterm=true&search=arkana" "Mozilla/5.0 (Windows NT 10.0; Win64; x64) AppleWebKit/537.36 (KHTML, like Gecko) Chrome/91.0.4472.77 Safari/537.36"
62.47.32.253 - - [08/Jun/2021:17:46:15 +0200] "GET /reload?ser=1623167175398 HTTP/1.1" 200 28 "http://renault.activities.at/result?searchterm=true&search=arkana" "Mozilla/5.0 (Windows NT 10.0; Win64; x64) AppleWebKit/537.36 (KHTML, like Gecko) Chrome/91.0.4472.77 Safari/537.36"
62.47.32.253 - - [08/Jun/2021:17:47:16 +0200] "GET /reload?ser=1623167236397 HTTP/1.1" 200 28 "http://renault.activities.at/result?searchterm=true&search=arkana" "Mozilla/5.0 (Windows NT 10.0; Win64; x64) AppleWebKit/537.36 (KHTML, like Gecko) Chrome/91.0.4472.77 Safari/537.36"
62.47.32.253 - - [08/Jun/2021:17:48:17 +0200] "GET /reload?ser=1623167297399 HTTP/1.1" 200 28 "http://renault.activities.at/result?searchterm=true&search=arkana" "Mozilla/5.0 (Windows NT 10.0; Win64; x64) AppleWebKit/537.36 (KHTML, like Gecko) Chrome/91.0.4472.77 Safari/537.36"
62.47.32.253 - - [08/Jun/2021:17:49:18 +0200] "GET /reload?ser=1623167358390 HTTP/1.1" 200 28 "http://renault.activities.at/result?searchterm=true&search=arkana" "Mozilla/5.0 (Windows NT 10.0; Win64; x64) AppleWebKit/537.36 (KHTML, like Gecko) Chrome/91.0.4472.77 Safari/537.36"
62.47.32.253 - - [08/Jun/2021:17:50:19 +0200] "GET /reload?ser=1623167419398 HTTP/1.1" 200 28 "http://renault.activities.at/result?searchterm=true&search=arkana" "Mozilla/5.0 (Windows NT 10.0; Win64; x64) AppleWebKit/537.36 (KHTML, like Gecko) Chrome/91.0.4472.77 Safari/537.36"
62.47.32.253 - - [08/Jun/2021:17:51:20 +0200] "GET /reload?ser=1623167480388 HTTP/1.1" 200 28 "http://renault.activities.at/result?searchterm=true&search=arkana" "Mozilla/5.0 (Windows NT 10.0; Win64; x64) AppleWebKit/537.36 (KHTML, like Gecko) Chrome/91.0.4472.77 Safari/537.36"
62.47.32.253 - - [08/Jun/2021:17:52:21 +0200] "GET /reload?ser=1623167541395 HTTP/1.1" 200 28 "http://renault.activities.at/result?searchterm=true&search=arkana" "Mozilla/5.0 (Windows NT 10.0; Win64; x64) AppleWebKit/537.36 (KHTML, like Gecko) Chrome/91.0.4472.77 Safari/537.36"
62.47.32.253 - - [08/Jun/2021:17:53:22 +0200] "GET /reload?ser=1623167602394 HTTP/1.1" 200 28 "http://renault.activities.at/result?searchterm=true&search=arkana" "Mozilla/5.0 (Windows NT 10.0; Win64; x64) AppleWebKit/537.36 (KHTML, like Gecko) Chrome/91.0.4472.77 Safari/537.36"
62.47.32.253 - - [08/Jun/2021:17:54:23 +0200] "GET /reload?ser=1623167663392 HTTP/1.1" 200 28 "http://renault.activities.at/result?searchterm=true&search=arkana" "Mozilla/5.0 (Windows NT 10.0; Win64; x64) AppleWebKit/537.36 (KHTML, like Gecko) Chrome/91.0.4472.77 Safari/537.36"
62.47.32.253 - - [08/Jun/2021:17:55:24 +0200] "GET /reload?ser=1623167724396 HTTP/1.1" 200 28 "http://renault.activities.at/result?searchterm=true&search=arkana" "Mozilla/5.0 (Windows NT 10.0; Win64; x64) AppleWebKit/537.36 (KHTML, like Gecko) Chrome/91.0.4472.77 Safari/537.36"
62.47.32.253 - - [08/Jun/2021:17:56:25 +0200] "GET /reload?ser=1623167785401 HTTP/1.1" 200 28 "http://renault.activities.at/result?searchterm=true&search=arkana" "Mozilla/5.0 (Windows NT 10.0; Win64; x64) AppleWebKit/537.36 (KHTML, like Gecko) Chrome/91.0.4472.77 Safari/537.36"
62.47.32.253 - - [08/Jun/2021:17:57:26 +0200] "GET /reload?ser=1623167846388 HTTP/1.1" 200 28 "http://renault.activities.at/result?searchterm=true&search=arkana" "Mozilla/5.0 (Windows NT 10.0; Win64; x64) AppleWebKit/537.36 (KHTML, like Gecko) Chrome/91.0.4472.77 Safari/537.36"
62.47.32.253 - - [08/Jun/2021:17:58:27 +0200] "GET /reload?ser=1623167907389 HTTP/1.1" 200 28 "http://renault.activities.at/result?searchterm=true&search=arkana" "Mozilla/5.0 (Windows NT 10.0; Win64; x64) AppleWebKit/537.36 (KHTML, like Gecko) Chrome/91.0.4472.77 Safari/537.36"
62.47.32.253 - - [08/Jun/2021:17:59:28 +0200] "GET /reload?ser=1623167968389 HTTP/1.1" 200 28 "http://renault.activities.at/result?searchterm=true&search=arkana" "Mozilla/5.0 (Windows NT 10.0; Win64; x64) AppleWebKit/537.36 (KHTML, like Gecko) Chrome/91.0.4472.77 Safari/537.36"
62.47.32.253 - - [08/Jun/2021:18:00:29 +0200] "GET /reload?ser=1623168029393 HTTP/1.1" 200 28 "http://renault.activities.at/result?searchterm=true&search=arkana" "Mozilla/5.0 (Windows NT 10.0; Win64; x64) AppleWebKit/537.36 (KHTML, like Gecko) Chrome/91.0.4472.77 Safari/537.36"
62.47.32.253 - - [08/Jun/2021:18:01:30 +0200] "GET /reload?ser=1623168090393 HTTP/1.1" 200 28 "http://renault.activities.at/result?searchterm=true&search=arkana" "Mozilla/5.0 (Windows NT 10.0; Win64; x64) AppleWebKit/537.36 (KHTML, like Gecko) Chrome/91.0.4472.77 Safari/537.36"
62.47.32.253 - - [08/Jun/2021:18:02:31 +0200] "GET /reload?ser=1623168151401 HTTP/1.1" 200 28 "http://renault.activities.at/result?searchterm=true&search=arkana" "Mozilla/5.0 (Windows NT 10.0; Win64; x64) AppleWebKit/537.36 (KHTML, like Gecko) Chrome/91.0.4472.77 Safari/537.36"
62.47.32.253 - - [08/Jun/2021:18:03:32 +0200] "GET /reload?ser=1623168212389 HTTP/1.1" 200 28 "http://renault.activities.at/result?searchterm=true&search=arkana" "Mozilla/5.0 (Windows NT 10.0; Win64; x64) AppleWebKit/537.36 (KHTML, like Gecko) Chrome/91.0.4472.77 Safari/537.36"
91.112.207.142 - - [08/Jun/2021:18:04:31 +0200] "GET / HTTP/1.1" 200 3315 "-" "Mozilla/5.0 (Windows NT 10.0; Win64; x64) AppleWebKit/537.36 (KHTML, like Gecko) Chrome/91.0.4472.77 Safari/537.36"
91.112.207.142 - - [08/Jun/2021:18:04:32 +0200] "GET /css/reset.css HTTP/1.1" 200 1356 "http://renault.activities.at/" "Mozilla/5.0 (Windows NT 10.0; Win64; x64) AppleWebKit/537.36 (KHTML, like Gecko) Chrome/91.0.4472.77 Safari/537.36"
91.112.207.142 - - [08/Jun/2021:18:04:32 +0200] "GET /js/default.js HTTP/1.1" 200 14698 "http://renault.activities.at/" "Mozilla/5.0 (Windows NT 10.0; Win64; x64) AppleWebKit/537.36 (KHTML, like Gecko) Chrome/91.0.4472.77 Safari/537.36"
91.112.207.142 - - [08/Jun/2021:18:04:32 +0200] "GET /css/clears.css HTTP/1.1" 200 851 "http://renault.activities.at/" "Mozilla/5.0 (Windows NT 10.0; Win64; x64) AppleWebKit/537.36 (KHTML, like Gecko) Chrome/91.0.4472.77 Safari/537.36"
91.112.207.142 - - [08/Jun/2021:18:04:32 +0200] "GET /js/checkout.css HTTP/1.1" 200 359 "http://renault.activities.at/" "Mozilla/5.0 (Windows NT 10.0; Win64; x64) AppleWebKit/537.36 (KHTML, like Gecko) Chrome/91.0.4472.77 Safari/537.36"
91.112.207.142 - - [08/Jun/2021:18:04:32 +0200] "GET /css/prototip.css HTTP/1.1" 200 968 "http://renault.activities.at/" "Mozilla/5.0 (Windows NT 10.0; Win64; x64) AppleWebKit/537.36 (KHTML, like Gecko) Chrome/91.0.4472.77 Safari/537.36"
91.112.207.142 - - [08/Jun/2021:18:04:32 +0200] "GET /css/styles.css HTTP/1.1" 200 14664 "http://renault.activities.at/" "Mozilla/5.0 (Windows NT 10.0; Win64; x64) AppleWebKit/537.36 (KHTML, like Gecko) Chrome/91.0.4472.77 Safari/537.36"
91.112.207.142 - - [08/Jun/2021:18:04:32 +0200] "GET /css/themes/default.css HTTP/1.1" 200 769 "http://renault.activities.at/" "Mozilla/5.0 (Windows NT 10.0; Win64; x64) AppleWebKit/537.36 (KHTML, like Gecko) Chrome/91.0.4472.77 Safari/537.36"
91.112.207.142 - - [08/Jun/2021:18:04:32 +0200] "GET /css/themes/alphacube.css HTTP/1.1" 200 743 "http://renault.activities.at/" "Mozilla/5.0 (Windows NT 10.0; Win64; x64) AppleWebKit/537.36 (KHTML, like Gecko) Chrome/91.0.4472.77 Safari/537.36"
91.112.207.142 - - [08/Jun/2021:18:04:32 +0200] "GET /js/flashdetection.js HTTP/1.1" 200 1059 "http://renault.activities.at/" "Mozilla/5.0 (Windows NT 10.0; Win64; x64) AppleWebKit/537.36 (KHTML, like Gecko) Chrome/91.0.4472.77 Safari/537.36"
91.112.207.142 - - [08/Jun/2021:18:04:32 +0200] "GET /js/index.php?c=auto&f=,prototype/prototype.js,prototype/validation.js,scriptaculous/builder.js,scriptaculous/effects.js,scriptaculous/dragdrop.js,scriptaculous/controls.js,scriptaculous/slider.js,varien/js.js,varien/form.js,varien/menu.js,mage/translate.js,mage/cookies.js,varien/product.js,spinner/SpinnerControl.jsmin.js,prototype/window.js,prototype/window_ext.js HTTP/1.1" 200 94182 "http://renault.activities.at/" "Mozilla/5.0 (Windows NT 10.0; Win64; x64) AppleWebKit/537.36 (KHTML, like Gecko) Chrome/91.0.4472.77 Safari/537.36"
91.112.207.142 - - [08/Jun/2021:18:04:32 +0200] "GET /images/main_block_border.gif HTTP/1.1" 200 43 "http://renault.activities.at/css/styles.css" "Mozilla/5.0 (Windows NT 10.0; Win64; x64) AppleWebKit/537.36 (KHTML, like Gecko) Chrome/91.0.4472.77 Safari/537.36"
91.112.207.142 - - [08/Jun/2021:18:04:32 +0200] "GET /images/main_block_corner_left_bot.gif HTTP/1.1" 200 159 "http://renault.activities.at/css/styles.css" "Mozilla/5.0 (Windows NT 10.0; Win64; x64) AppleWebKit/537.36 (KHTML, like Gecko) Chrome/91.0.4472.77 Safari/537.36"
91.112.207.142 - - [08/Jun/2021:18:04:32 +0200] "GET /images/header_block_border.gif HTTP/1.1" 200 43 "http://renault.activities.at/css/styles.css" "Mozilla/5.0 (Windows NT 10.0; Win64; x64) AppleWebKit/537.36 (KHTML, like Gecko) Chrome/91.0.4472.77 Safari/537.36"
91.112.207.142 - - [08/Jun/2021:18:04:32 +0200] "GET /images/main_block_corner_right_bot.gif HTTP/1.1" 200 158 "http://renault.activities.at/css/styles.css" "Mozilla/5.0 (Windows NT 10.0; Win64; x64) AppleWebKit/537.36 (KHTML, like Gecko) Chrome/91.0.4472.77 Safari/537.36"
91.112.207.142 - - [08/Jun/2021:18:04:32 +0200] "GET /images/header_block_corner_left_top.gif HTTP/1.1" 200 160 "http://renault.activities.at/css/styles.css" "Mozilla/5.0 (Windows NT 10.0; Win64; x64) AppleWebKit/537.36 (KHTML, like Gecko) Chrome/91.0.4472.77 Safari/537.36"
91.112.207.142 - - [08/Jun/2021:18:04:32 +0200] "GET /css/print.css HTTP/1.1" 200 543 "http://renault.activities.at/" "Mozilla/5.0 (Windows NT 10.0; Win64; x64) AppleWebKit/537.36 (KHTML, like Gecko) Chrome/91.0.4472.77 Safari/537.36"
91.112.207.142 - - [08/Jun/2021:18:04:32 +0200] "GET /images/header_block_corner_right_top.gif HTTP/1.1" 200 160 "http://renault.activities.at/css/styles.css" "Mozilla/5.0 (Windows NT 10.0; Win64; x64) AppleWebKit/537.36 (KHTML, like Gecko) Chrome/91.0.4472.77 Safari/537.36"
91.112.207.142 - - [08/Jun/2021:18:04:32 +0200] "GET /images/main_block_corner_right_top.gif HTTP/1.1" 200 159 "http://renault.activities.at/css/styles.css" "Mozilla/5.0 (Windows NT 10.0; Win64; x64) AppleWebKit/537.36 (KHTML, like Gecko) Chrome/91.0.4472.77 Safari/537.36"
91.112.207.142 - - [08/Jun/2021:18:04:32 +0200] "GET /images/main_block_corner_left_top.gif HTTP/1.1" 200 159 "http://renault.activities.at/css/styles.css" "Mozilla/5.0 (Windows NT 10.0; Win64; x64) AppleWebKit/537.36 (KHTML, like Gecko) Chrome/91.0.4472.77 Safari/537.36"
91.112.207.142 - - [08/Jun/2021:18:04:32 +0200] "GET /images/title_border.jpg HTTP/1.1" 200 304 "http://renault.activities.at/css/styles.css" "Mozilla/5.0 (Windows NT 10.0; Win64; x64) AppleWebKit/537.36 (KHTML, like Gecko) Chrome/91.0.4472.77 Safari/537.36"
91.112.207.142 - - [08/Jun/2021:18:04:32 +0200] "GET /images/title_border_top.jpg HTTP/1.1" 200 336 "http://renault.activities.at/css/styles.css" "Mozilla/5.0 (Windows NT 10.0; Win64; x64) AppleWebKit/537.36 (KHTML, like Gecko) Chrome/91.0.4472.77 Safari/537.36"
91.112.207.142 - - [08/Jun/2021:18:04:32 +0200] "GET /images/title_corner_left_top.jpg HTTP/1.1" 200 372 "http://renault.activities.at/css/styles.css" "Mozilla/5.0 (Windows NT 10.0; Win64; x64) AppleWebKit/537.36 (KHTML, like Gecko) Chrome/91.0.4472.77 Safari/537.36"
91.112.207.142 - - [08/Jun/2021:18:04:32 +0200] "GET /images/title_corner_right_top.jpg HTTP/1.1" 200 389 "http://renault.activities.at/css/styles.css" "Mozilla/5.0 (Windows NT 10.0; Win64; x64) AppleWebKit/537.36 (KHTML, like Gecko) Chrome/91.0.4472.77 Safari/537.36"
91.112.207.142 - - [08/Jun/2021:18:04:32 +0200] "GET /loadthumbnail.php?id=11127982 HTTP/1.1" 200 399614 "http://renault.activities.at/" "Mozilla/5.0 (Windows NT 10.0; Win64; x64) AppleWebKit/537.36 (KHTML, like Gecko) Chrome/91.0.4472.77 Safari/537.36"
91.112.207.142 - - [08/Jun/2021:18:04:33 +0200] "GET /images/favicon.ico HTTP/1.1" 404 305 "http://renault.activities.at/" "Mozilla/5.0 (Windows NT 10.0; Win64; x64) AppleWebKit/537.36 (KHTML, like Gecko) Chrome/91.0.4472.77 Safari/537.36"
62.47.32.253 - - [08/Jun/2021:18:04:33 +0200] "GET /reload?ser=1623168273396 HTTP/1.1" 200 28 "http://renault.activities.at/result?searchterm=true&search=arkana" "Mozilla/5.0 (Windows NT 10.0; Win64; x64) AppleWebKit/537.36 (KHTML, like Gecko) Chrome/91.0.4472.77 Safari/537.36"
91.112.207.142 - - [08/Jun/2021:18:04:34 +0200] "GET /login HTTP/1.1" 200 2085 "http://renault.activities.at/" "Mozilla/5.0 (Windows NT 10.0; Win64; x64) AppleWebKit/537.36 (KHTML, like Gecko) Chrome/91.0.4472.77 Safari/537.36"
91.112.207.142 - - [08/Jun/2021:18:04:35 +0200] "GET /images/button_left_bg.gif HTTP/1.1" 200 564 "http://renault.activities.at/css/styles.css" "Mozilla/5.0 (Windows NT 10.0; Win64; x64) AppleWebKit/537.36 (KHTML, like Gecko) Chrome/91.0.4472.77 Safari/537.36"
91.112.207.142 - - [08/Jun/2021:18:04:35 +0200] "GET /images/button_right_bg.gif HTTP/1.1" 200 561 "http://renault.activities.at/css/styles.css" "Mozilla/5.0 (Windows NT 10.0; Win64; x64) AppleWebKit/537.36 (KHTML, like Gecko) Chrome/91.0.4472.77 Safari/537.36"
91.112.207.142 - - [08/Jun/2021:18:04:35 +0200] "GET /images/button_bg.gif HTTP/1.1" 200 151 "http://renault.activities.at/css/styles.css" "Mozilla/5.0 (Windows NT 10.0; Win64; x64) AppleWebKit/537.36 (KHTML, like Gecko) Chrome/91.0.4472.77 Safari/537.36"
91.112.207.142 - - [08/Jun/2021:18:04:39 +0200] "POST /login HTTP/1.1" 302 140 "http://renault.activities.at/login" "Mozilla/5.0 (Windows NT 10.0; Win64; x64) AppleWebKit/537.36 (KHTML, like Gecko) Chrome/91.0.4472.77 Safari/537.36"
91.112.207.142 - - [08/Jun/2021:18:04:41 +0200] "GET /account HTTP/1.1" 200 5980 "http://renault.activities.at/login" "Mozilla/5.0 (Windows NT 10.0; Win64; x64) AppleWebKit/537.36 (KHTML, like Gecko) Chrome/91.0.4472.77 Safari/537.36"
91.112.207.142 - - [08/Jun/2021:18:04:43 +0200] "GET /js/account.js HTTP/1.1" 200 953 "http://renault.activities.at/account" "Mozilla/5.0 (Windows NT 10.0; Win64; x64) AppleWebKit/537.36 (KHTML, like Gecko) Chrome/91.0.4472.77 Safari/537.36"
91.112.207.142 - - [08/Jun/2021:18:04:43 +0200] "GET /images/top_links_divider.gif HTTP/1.1" 200 44 "http://renault.activities.at/css/styles.css" "Mozilla/5.0 (Windows NT 10.0; Win64; x64) AppleWebKit/537.36 (KHTML, like Gecko) Chrome/91.0.4472.77 Safari/537.36"
91.112.207.142 - - [08/Jun/2021:18:04:43 +0200] "GET /images/menu_button_bg.jpg HTTP/1.1" 200 322 "http://renault.activities.at/css/styles.css" "Mozilla/5.0 (Windows NT 10.0; Win64; x64) AppleWebKit/537.36 (KHTML, like Gecko) Chrome/91.0.4472.77 Safari/537.36"
91.112.207.142 - - [08/Jun/2021:18:04:43 +0200] "GET /images/nav_divider.gif HTTP/1.1" 200 43 "http://renault.activities.at/css/styles.css" "Mozilla/5.0 (Windows NT 10.0; Win64; x64) AppleWebKit/537.36 (KHTML, like Gecko) Chrome/91.0.4472.77 Safari/537.36"
91.112.207.142 - - [08/Jun/2021:18:04:43 +0200] "GET /images/menu_divider.gif HTTP/1.1" 200 176 "http://renault.activities.at/css/styles.css" "Mozilla/5.0 (Windows NT 10.0; Win64; x64) AppleWebKit/537.36 (KHTML, like Gecko) Chrome/91.0.4472.77 Safari/537.36"
91.112.207.142 - - [08/Jun/2021:18:04:43 +0200] "GET /images/search_bg.gif HTTP/1.1" 200 1726 "http://renault.activities.at/css/styles.css" "Mozilla/5.0 (Windows NT 10.0; Win64; x64) AppleWebKit/537.36 (KHTML, like Gecko) Chrome/91.0.4472.77 Safari/537.36"
91.112.207.142 - - [08/Jun/2021:18:04:43 +0200] "GET /images/sidebar_title_corner_right_top.gif HTTP/1.1" 200 383 "http://renault.activities.at/css/styles.css" "Mozilla/5.0 (Windows NT 10.0; Win64; x64) AppleWebKit/537.36 (KHTML, like Gecko) Chrome/91.0.4472.77 Safari/537.36"
91.112.207.142 - - [08/Jun/2021:18:04:43 +0200] "GET /images/sidebar_title_border.gif HTTP/1.1" 200 43 "http://renault.activities.at/css/styles.css" "Mozilla/5.0 (Windows NT 10.0; Win64; x64) AppleWebKit/537.36 (KHTML, like Gecko) Chrome/91.0.4472.77 Safari/537.36"
91.112.207.142 - - [08/Jun/2021:18:04:43 +0200] "GET /images/sidebar_title_border_top.gif HTTP/1.1" 200 155 "http://renault.activities.at/css/styles.css" "Mozilla/5.0 (Windows NT 10.0; Win64; x64) AppleWebKit/537.36 (KHTML, like Gecko) Chrome/91.0.4472.77 Safari/537.36"
91.112.207.142 - - [08/Jun/2021:18:04:43 +0200] "GET /images/sidebar_title_corner_left_top.gif HTTP/1.1" 200 1124 "http://renault.activities.at/css/styles.css" "Mozilla/5.0 (Windows NT 10.0; Win64; x64) AppleWebKit/537.36 (KHTML, like Gecko) Chrome/91.0.4472.77 Safari/537.36"
91.112.207.142 - - [08/Jun/2021:18:04:43 +0200] "GET /images/footer_divider.gif HTTP/1.1" 200 44 "http://renault.activities.at/css/styles.css" "Mozilla/5.0 (Windows NT 10.0; Win64; x64) AppleWebKit/537.36 (KHTML, like Gecko) Chrome/91.0.4472.77 Safari/537.36"
91.112.207.142 - - [08/Jun/2021:18:04:43 +0200] "GET /loadthumbnail.php?id=12204968&width=50&height=50 HTTP/1.1" 200 1557 "http://renault.activities.at/account" "Mozilla/5.0 (Windows NT 10.0; Win64; x64) AppleWebKit/537.36 (KHTML, like Gecko) Chrome/91.0.4472.77 Safari/537.36"
91.112.207.142 - - [08/Jun/2021:18:04:43 +0200] "GET /loadthumbnail.php?id=12363384&width=50&height=50 HTTP/1.1" 200 3915 "http://renault.activities.at/account" "Mozilla/5.0 (Windows NT 10.0; Win64; x64) AppleWebKit/537.36 (KHTML, like Gecko) Chrome/91.0.4472.77 Safari/537.36"
91.112.207.142 - - [08/Jun/2021:18:04:46 +0200] "GET /10201442 HTTP/1.1" 200 8704 "http://renault.activities.at/account" "Mozilla/5.0 (Windows NT 10.0; Win64; x64) AppleWebKit/537.36 (KHTML, like Gecko) Chrome/91.0.4472.77 Safari/537.36"
91.112.207.142 - - [08/Jun/2021:18:04:49 +0200] "GET /js/prototip.js HTTP/1.1" 200 4588 "http://renault.activities.at/10201442" "Mozilla/5.0 (Windows NT 10.0; Win64; x64) AppleWebKit/537.36 (KHTML, like Gecko) Chrome/91.0.4472.77 Safari/537.36"
91.112.207.142 - - [08/Jun/2021:18:04:50 +0200] "GET /js/ProduktGrp.js HTTP/1.1" 200 1569 "http://renault.activities.at/10201442" "Mozilla/5.0 (Windows NT 10.0; Win64; x64) AppleWebKit/537.36 (KHTML, like Gecko) Chrome/91.0.4472.77 Safari/537.36"
91.112.207.142 - - [08/Jun/2021:18:04:50 +0200] "GET /images/loading.gif HTTP/1.1" 200 3208 "http://renault.activities.at/10201442" "Mozilla/5.0 (Windows NT 10.0; Win64; x64) AppleWebKit/537.36 (KHTML, like Gecko) Chrome/91.0.4472.77 Safari/537.36"
91.112.207.142 - - [08/Jun/2021:18:04:50 +0200] "GET /images/vista-dn.gif HTTP/1.1" 200 128 "http://renault.activities.at/css/styles.css" "Mozilla/5.0 (Windows NT 10.0; Win64; x64) AppleWebKit/537.36 (KHTML, like Gecko) Chrome/91.0.4472.77 Safari/537.36"
91.112.207.142 - - [08/Jun/2021:18:04:50 +0200] "GET /images/sub_title_bg.jpg HTTP/1.1" 200 314 "http://renault.activities.at/css/styles.css" "Mozilla/5.0 (Windows NT 10.0; Win64; x64) AppleWebKit/537.36 (KHTML, like Gecko) Chrome/91.0.4472.77 Safari/537.36"
91.112.207.142 - - [08/Jun/2021:18:04:50 +0200] "GET /images/vista-up.gif HTTP/1.1" 200 131 "http://renault.activities.at/css/styles.css" "Mozilla/5.0 (Windows NT 10.0; Win64; x64) AppleWebKit/537.36 (KHTML, like Gecko) Chrome/91.0.4472.77 Safari/537.36"
91.112.207.142 - - [08/Jun/2021:18:04:50 +0200] "GET /images/pager_bg.gif HTTP/1.1" 200 150 "http://renault.activities.at/css/styles.css" "Mozilla/5.0 (Windows NT 10.0; Win64; x64) AppleWebKit/537.36 (KHTML, like Gecko) Chrome/91.0.4472.77 Safari/537.36"
91.112.207.142 - - [08/Jun/2021:18:04:50 +0200] "GET /loadthumbnail.php?id=10203276 HTTP/1.1" 200 75 "http://renault.activities.at/10201442" "Mozilla/5.0 (Windows NT 10.0; Win64; x64) AppleWebKit/537.36 (KHTML, like Gecko) Chrome/91.0.4472.77 Safari/537.36"
