62.47.32.253 - - [09/Jun/2021:13:48:35 +0200] "GET /reload?ser=1623239315163 HTTP/1.1" 200 1243 "http://renault.activities.at/result?searchterm=true&search=arkana" "Mozilla/5.0 (Windows NT 10.0; Win64; x64) AppleWebKit/537.36 (KHTML, like Gecko) Chrome/91.0.4472.77 Safari/537.36"
80.120.5.131 - - [09/Jun/2021:13:48:49 +0200] "GET /reload?ser=1623239329359 HTTP/1.1" 200 28 "http://renault.activities.at/result?searchterm=true&search=steinschlag" "Mozilla/5.0 (Windows NT 10.0; Win64; x64) AppleWebKit/537.36 (KHTML, like Gecko) Chrome/91.0.4472.77 Safari/537.36"
193.194.132.24 - - [09/Jun/2021:13:49:32 +0200] "GET /reload?ser=1623239372501 HTTP/1.1" 200 28 "http://renault.2web.at/result?searchterm=true&search=rek100" "Mozilla/5.0 (Windows NT 10.0; Win64; x64) AppleWebKit/537.36 (KHTML, like Gecko) Chrome/91.0.4472.77 Safari/537.36"
62.47.32.253 - - [09/Jun/2021:13:49:36 +0200] "GET /reload?ser=1623239376159 HTTP/1.1" 200 1233 "http://renault.activities.at/result?searchterm=true&search=arkana" "Mozilla/5.0 (Windows NT 10.0; Win64; x64) AppleWebKit/537.36 (KHTML, like Gecko) Chrome/91.0.4472.77 Safari/537.36"
80.120.5.131 - - [09/Jun/2021:13:49:50 +0200] "GET /reload?ser=1623239390349 HTTP/1.1" 200 28 "http://renault.activities.at/result?searchterm=true&search=steinschlag" "Mozilla/5.0 (Windows NT 10.0; Win64; x64) AppleWebKit/537.36 (KHTML, like Gecko) Chrome/91.0.4472.77 Safari/537.36"
193.194.132.24 - - [09/Jun/2021:13:50:34 +0200] "GET /reload?ser=1623239434502 HTTP/1.1" 200 28 "http://renault.2web.at/result?searchterm=true&search=rek100" "Mozilla/5.0 (Windows NT 10.0; Win64; x64) AppleWebKit/537.36 (KHTML, like Gecko) Chrome/91.0.4472.77 Safari/537.36"
62.47.32.253 - - [09/Jun/2021:13:50:37 +0200] "GET /reload?ser=1623239437158 HTTP/1.1" 200 1238 "http://renault.activities.at/result?searchterm=true&search=arkana" "Mozilla/5.0 (Windows NT 10.0; Win64; x64) AppleWebKit/537.36 (KHTML, like Gecko) Chrome/91.0.4472.77 Safari/537.36"
80.120.5.131 - - [09/Jun/2021:13:50:51 +0200] "GET /reload?ser=1623239451358 HTTP/1.1" 200 28 "http://renault.activities.at/result?searchterm=true&search=steinschlag" "Mozilla/5.0 (Windows NT 10.0; Win64; x64) AppleWebKit/537.36 (KHTML, like Gecko) Chrome/91.0.4472.77 Safari/537.36"
193.194.132.24 - - [09/Jun/2021:13:51:36 +0200] "GET /reload?ser=1623239496502 HTTP/1.1" 200 28 "http://renault.2web.at/result?searchterm=true&search=rek100" "Mozilla/5.0 (Windows NT 10.0; Win64; x64) AppleWebKit/537.36 (KHTML, like Gecko) Chrome/91.0.4472.77 Safari/537.36"
62.47.32.253 - - [09/Jun/2021:13:51:38 +0200] "GET /reload?ser=1623239498160 HTTP/1.1" 200 1239 "http://renault.activities.at/result?searchterm=true&search=arkana" "Mozilla/5.0 (Windows NT 10.0; Win64; x64) AppleWebKit/537.36 (KHTML, like Gecko) Chrome/91.0.4472.77 Safari/537.36"
80.120.5.131 - - [09/Jun/2021:13:51:53 +0200] "GET /reload?ser=1623239513357 HTTP/1.1" 200 28 "http://renault.activities.at/result?searchterm=true&search=steinschlag" "Mozilla/5.0 (Windows NT 10.0; Win64; x64) AppleWebKit/537.36 (KHTML, like Gecko) Chrome/91.0.4472.77 Safari/537.36"
62.47.32.253 - - [09/Jun/2021:13:52:39 +0200] "GET /reload?ser=1623239559161 HTTP/1.1" 200 1234 "http://renault.activities.at/result?searchterm=true&search=arkana" "Mozilla/5.0 (Windows NT 10.0; Win64; x64) AppleWebKit/537.36 (KHTML, like Gecko) Chrome/91.0.4472.77 Safari/537.36"
193.194.132.24 - - [09/Jun/2021:13:52:38 +0200] "GET /reload?ser=1623239558506 HTTP/1.1" 200 28 "http://renault.2web.at/result?searchterm=true&search=rek100" "Mozilla/5.0 (Windows NT 10.0; Win64; x64) AppleWebKit/537.36 (KHTML, like Gecko) Chrome/91.0.4472.77 Safari/537.36"
80.120.5.131 - - [09/Jun/2021:13:52:54 +0200] "GET /reload?ser=1623239574356 HTTP/1.1" 200 28 "http://renault.activities.at/result?searchterm=true&search=steinschlag" "Mozilla/5.0 (Windows NT 10.0; Win64; x64) AppleWebKit/537.36 (KHTML, like Gecko) Chrome/91.0.4472.77 Safari/537.36"
62.47.32.253 - - [09/Jun/2021:13:53:40 +0200] "GET /reload?ser=1623239620164 HTTP/1.1" 200 1247 "http://renault.activities.at/result?searchterm=true&search=arkana" "Mozilla/5.0 (Windows NT 10.0; Win64; x64) AppleWebKit/537.36 (KHTML, like Gecko) Chrome/91.0.4472.77 Safari/537.36"
193.194.132.24 - - [09/Jun/2021:13:53:40 +0200] "GET /reload?ser=1623239620509 HTTP/1.1" 200 28 "http://renault.2web.at/result?searchterm=true&search=rek100" "Mozilla/5.0 (Windows NT 10.0; Win64; x64) AppleWebKit/537.36 (KHTML, like Gecko) Chrome/91.0.4472.77 Safari/537.36"
80.120.5.131 - - [09/Jun/2021:13:53:55 +0200] "GET /reload?ser=1623239635352 HTTP/1.1" 200 28 "http://renault.activities.at/result?searchterm=true&search=steinschlag" "Mozilla/5.0 (Windows NT 10.0; Win64; x64) AppleWebKit/537.36 (KHTML, like Gecko) Chrome/91.0.4472.77 Safari/537.36"
62.47.32.253 - - [09/Jun/2021:13:54:41 +0200] "GET /reload?ser=1623239681162 HTTP/1.1" 200 1233 "http://renault.activities.at/result?searchterm=true&search=arkana" "Mozilla/5.0 (Windows NT 10.0; Win64; x64) AppleWebKit/537.36 (KHTML, like Gecko) Chrome/91.0.4472.77 Safari/537.36"
193.194.132.24 - - [09/Jun/2021:13:54:42 +0200] "GET /reload?ser=1623239682515 HTTP/1.1" 200 28 "http://renault.2web.at/result?searchterm=true&search=rek100" "Mozilla/5.0 (Windows NT 10.0; Win64; x64) AppleWebKit/537.36 (KHTML, like Gecko) Chrome/91.0.4472.77 Safari/537.36"
80.120.5.131 - - [09/Jun/2021:13:54:56 +0200] "GET /reload?ser=1623239696360 HTTP/1.1" 200 28 "http://renault.activities.at/result?searchterm=true&search=steinschlag" "Mozilla/5.0 (Windows NT 10.0; Win64; x64) AppleWebKit/537.36 (KHTML, like Gecko) Chrome/91.0.4472.77 Safari/537.36"
62.47.32.253 - - [09/Jun/2021:13:55:42 +0200] "GET /reload?ser=1623239742160 HTTP/1.1" 200 1245 "http://renault.activities.at/result?searchterm=true&search=arkana" "Mozilla/5.0 (Windows NT 10.0; Win64; x64) AppleWebKit/537.36 (KHTML, like Gecko) Chrome/91.0.4472.77 Safari/537.36"
193.194.132.24 - - [09/Jun/2021:13:55:44 +0200] "GET /reload?ser=1623239744523 HTTP/1.1" 200 28 "http://renault.2web.at/result?searchterm=true&search=rek100" "Mozilla/5.0 (Windows NT 10.0; Win64; x64) AppleWebKit/537.36 (KHTML, like Gecko) Chrome/91.0.4472.77 Safari/537.36"
80.120.5.131 - - [09/Jun/2021:13:55:57 +0200] "GET /reload?ser=1623239757350 HTTP/1.1" 200 28 "http://renault.activities.at/result?searchterm=true&search=steinschlag" "Mozilla/5.0 (Windows NT 10.0; Win64; x64) AppleWebKit/537.36 (KHTML, like Gecko) Chrome/91.0.4472.77 Safari/537.36"
62.47.32.253 - - [09/Jun/2021:13:56:43 +0200] "GET /reload?ser=1623239803162 HTTP/1.1" 200 1245 "http://renault.activities.at/result?searchterm=true&search=arkana" "Mozilla/5.0 (Windows NT 10.0; Win64; x64) AppleWebKit/537.36 (KHTML, like Gecko) Chrome/91.0.4472.77 Safari/537.36"
193.194.132.24 - - [09/Jun/2021:13:56:46 +0200] "GET /reload?ser=1623239806528 HTTP/1.1" 200 28 "http://renault.2web.at/result?searchterm=true&search=rek100" "Mozilla/5.0 (Windows NT 10.0; Win64; x64) AppleWebKit/537.36 (KHTML, like Gecko) Chrome/91.0.4472.77 Safari/537.36"
80.120.5.131 - - [09/Jun/2021:13:56:58 +0200] "GET /reload?ser=1623239818361 HTTP/1.1" 200 28 "http://renault.activities.at/result?searchterm=true&search=steinschlag" "Mozilla/5.0 (Windows NT 10.0; Win64; x64) AppleWebKit/537.36 (KHTML, like Gecko) Chrome/91.0.4472.77 Safari/537.36"
157.55.39.55 - - [09/Jun/2021:13:57:21 +0200] "GET /robots.txt HTTP/1.1" 404 300 "-" "Mozilla/5.0 (compatible; bingbot/2.0; +http://www.bing.com/bingbot.htm)"
157.55.39.55 - - [09/Jun/2021:13:57:21 +0200] "GET /css/print.css HTTP/1.1" 200 543 "-" "Mozilla/5.0 (compatible; bingbot/2.0; +http://www.bing.com/bingbot.htm)"
40.77.167.107 - - [09/Jun/2021:13:57:25 +0200] "GET /css/clears.css HTTP/1.1" 200 851 "-" "Mozilla/5.0 (compatible; bingbot/2.0; +http://www.bing.com/bingbot.htm)"
40.77.167.107 - - [09/Jun/2021:13:57:25 +0200] "GET /css/themes/alphacube.css HTTP/1.1" 200 743 "-" "Mozilla/5.0 (compatible; bingbot/2.0; +http://www.bing.com/bingbot.htm)"
40.77.167.107 - - [09/Jun/2021:13:57:25 +0200] "GET /js/index.php?c=auto&f=,prototype/prototype.js,prototype/validation.js,scriptaculous/builder.js,scriptaculous/effects.js,scriptaculous/dragdrop.js,scriptaculous/controls.js,scriptaculous/slider.js,varien/js.js,varien/form.js,varien/menu.js,mage/translate.js,mage/cookies.js,varien/product.js,spinner/SpinnerControl.jsmin.js,prototype/window.js,prototype/window_ext.js HTTP/1.1" 200 94182 "-" "Mozilla/5.0 (compatible; bingbot/2.0; +http://www.bing.com/bingbot.htm)"
157.55.39.102 - - [09/Jun/2021:13:57:28 +0200] "GET /js/prototip.js HTTP/1.1" 200 4588 "-" "Mozilla/5.0 (compatible; bingbot/2.0; +http://www.bing.com/bingbot.htm)"
207.46.13.18 - - [09/Jun/2021:13:57:29 +0200] "GET /css/themes/default.css HTTP/1.1" 200 769 "-" "Mozilla/5.0 (compatible; bingbot/2.0; +http://www.bing.com/bingbot.htm)"
40.77.167.39 - - [09/Jun/2021:13:57:30 +0200] "GET /css/styles.css HTTP/1.1" 200 14664 "-" "Mozilla/5.0 (compatible; bingbot/2.0; +http://www.bing.com/bingbot.htm)"
157.55.39.51 - - [09/Jun/2021:13:57:30 +0200] "GET /loadthumbnail.php?id=11108158&width=113 HTTP/1.1" 200 1545 "-" "Mozilla/5.0 (compatible; bingbot/2.0; +http://www.bing.com/bingbot.htm)"
157.55.39.119 - - [09/Jun/2021:13:57:32 +0200] "GET /loadthumbnail.php?id=10260877&width=113 HTTP/1.1" 200 1170 "-" "Mozilla/5.0 (compatible; bingbot/2.0; +http://www.bing.com/bingbot.htm)"
157.55.39.10 - - [09/Jun/2021:13:57:35 +0200] "GET /loadthumbnail.php?id=10260863&width=113 HTTP/1.1" 200 1170 "-" "Mozilla/5.0 (compatible; bingbot/2.0; +http://www.bing.com/bingbot.htm)"
157.55.39.10 - - [09/Jun/2021:13:57:36 +0200] "GET /loadthumbnail.php?id=12197903&width=113 HTTP/1.1" 200 30608 "-" "Mozilla/5.0 (compatible; bingbot/2.0; +http://www.bing.com/bingbot.htm)"
157.55.39.71 - - [09/Jun/2021:13:57:40 +0200] "GET /css/prototip.css HTTP/1.1" 200 968 "-" "Mozilla/5.0 (compatible; bingbot/2.0; +http://www.bing.com/bingbot.htm)"
157.55.39.71 - - [09/Jun/2021:13:57:40 +0200] "GET /css/reset.css HTTP/1.1" 200 1356 "-" "Mozilla/5.0 (compatible; bingbot/2.0; +http://www.bing.com/bingbot.htm)"
157.55.39.71 - - [09/Jun/2021:13:57:41 +0200] "GET /js/checkout.css HTTP/1.1" 200 359 "-" "Mozilla/5.0 (compatible; bingbot/2.0; +http://www.bing.com/bingbot.htm)"
157.55.39.71 - - [09/Jun/2021:13:57:41 +0200] "GET /loadthumbnail.php?id=10203650&width=113 HTTP/1.1" 200 2741 "-" "Mozilla/5.0 (compatible; bingbot/2.0; +http://www.bing.com/bingbot.htm)"
157.55.39.71 - - [09/Jun/2021:13:57:41 +0200] "GET /loadthumbnail.php?id=11036127&width=113 HTTP/1.1" 200 1099 "-" "Mozilla/5.0 (compatible; bingbot/2.0; +http://www.bing.com/bingbot.htm)"
157.55.39.71 - - [09/Jun/2021:13:57:42 +0200] "GET /loadthumbnail.php?id=11036339&width=113 HTTP/1.1" 200 1330 "-" "Mozilla/5.0 (compatible; bingbot/2.0; +http://www.bing.com/bingbot.htm)"
62.47.32.253 - - [09/Jun/2021:13:57:44 +0200] "GET /reload?ser=1623239864162 HTTP/1.1" 200 1235 "http://renault.activities.at/result?searchterm=true&search=arkana" "Mozilla/5.0 (Windows NT 10.0; Win64; x64) AppleWebKit/537.36 (KHTML, like Gecko) Chrome/91.0.4472.77 Safari/537.36"
157.55.39.119 - - [09/Jun/2021:13:57:46 +0200] "GET /loadthumbnail.php?id=12364069&width=113 HTTP/1.1" 200 19275 "-" "Mozilla/5.0 (compatible; bingbot/2.0; +http://www.bing.com/bingbot.htm)"
157.55.39.102 - - [09/Jun/2021:13:57:48 +0200] "GET /loadthumbnail.php?id=10203276 HTTP/1.1" 200 75 "-" "Mozilla/5.0 (compatible; bingbot/2.0; +http://www.bing.com/bingbot.htm)"
40.77.167.39 - - [09/Jun/2021:13:57:49 +0200] "GET /js/default.js HTTP/1.1" 200 14698 "-" "Mozilla/5.0 (compatible; bingbot/2.0; +http://www.bing.com/bingbot.htm)"
193.194.132.24 - - [09/Jun/2021:13:57:48 +0200] "GET /reload?ser=1623239868535 HTTP/1.1" 200 28 "http://renault.2web.at/result?searchterm=true&search=rek100" "Mozilla/5.0 (Windows NT 10.0; Win64; x64) AppleWebKit/537.36 (KHTML, like Gecko) Chrome/91.0.4472.77 Safari/537.36"
207.46.13.18 - - [09/Jun/2021:13:57:51 +0200] "GET /js/ProduktGrp.js HTTP/1.1" 200 1569 "-" "Mozilla/5.0 (compatible; bingbot/2.0; +http://www.bing.com/bingbot.htm)"
207.46.13.18 - - [09/Jun/2021:13:57:52 +0200] "GET /loadthumbnail.php?id=10203255 HTTP/1.1" 200 137 "-" "Mozilla/5.0 (compatible; bingbot/2.0; +http://www.bing.com/bingbot.htm)"
157.55.39.102 - - [09/Jun/2021:13:57:59 +0200] "GET /loadthumbnail.php?id=11075492&width=113 HTTP/1.1" 200 2349 "-" "Mozilla/5.0 (compatible; bingbot/2.0; +http://www.bing.com/bingbot.htm)"
80.120.5.131 - - [09/Jun/2021:13:57:59 +0200] "GET /reload?ser=1623239879362 HTTP/1.1" 200 28 "http://renault.activities.at/result?searchterm=true&search=steinschlag" "Mozilla/5.0 (Windows NT 10.0; Win64; x64) AppleWebKit/537.36 (KHTML, like Gecko) Chrome/91.0.4472.77 Safari/537.36"
157.55.39.102 - - [09/Jun/2021:13:57:59 +0200] "GET /loadthumbnail.php?id=11127982 HTTP/1.1" 200 399614 "-" "Mozilla/5.0 (compatible; bingbot/2.0; +http://www.bing.com/bingbot.htm)"
157.55.39.102 - - [09/Jun/2021:13:58:01 +0200] "GET /loadthumbnail.php?id=12294747&width=113 HTTP/1.1" 200 20271 "-" "Mozilla/5.0 (compatible; bingbot/2.0; +http://www.bing.com/bingbot.htm)"
40.77.167.39 - - [09/Jun/2021:13:58:03 +0200] "GET /loadthumbnail.php?id=10746885&width=113 HTTP/1.1" 200 3633 "-" "Mozilla/5.0 (compatible; bingbot/2.0; +http://www.bing.com/bingbot.htm)"
40.77.167.39 - - [09/Jun/2021:13:58:04 +0200] "GET /loadthumbnail.php?id=11255648&width=113 HTTP/1.1" 200 1285 "-" "Mozilla/5.0 (compatible; bingbot/2.0; +http://www.bing.com/bingbot.htm)"
62.47.32.253 - - [09/Jun/2021:13:58:45 +0200] "GET /reload?ser=1623239925161 HTTP/1.1" 200 1236 "http://renault.activities.at/result?searchterm=true&search=arkana" "Mozilla/5.0 (Windows NT 10.0; Win64; x64) AppleWebKit/537.36 (KHTML, like Gecko) Chrome/91.0.4472.77 Safari/537.36"
193.194.132.24 - - [09/Jun/2021:13:58:50 +0200] "GET /reload?ser=1623239930541 HTTP/1.1" 200 28 "http://renault.2web.at/result?searchterm=true&search=rek100" "Mozilla/5.0 (Windows NT 10.0; Win64; x64) AppleWebKit/537.36 (KHTML, like Gecko) Chrome/91.0.4472.77 Safari/537.36"
80.120.5.131 - - [09/Jun/2021:13:59:00 +0200] "GET /reload?ser=1623239940349 HTTP/1.1" 200 28 "http://renault.activities.at/result?searchterm=true&search=steinschlag" "Mozilla/5.0 (Windows NT 10.0; Win64; x64) AppleWebKit/537.36 (KHTML, like Gecko) Chrome/91.0.4472.77 Safari/537.36"
62.47.32.253 - - [09/Jun/2021:13:59:46 +0200] "GET /reload?ser=1623239986158 HTTP/1.1" 200 1230 "http://renault.activities.at/result?searchterm=true&search=arkana" "Mozilla/5.0 (Windows NT 10.0; Win64; x64) AppleWebKit/537.36 (KHTML, like Gecko) Chrome/91.0.4472.77 Safari/537.36"
193.194.132.24 - - [09/Jun/2021:13:59:52 +0200] "GET /reload?ser=1623239992548 HTTP/1.1" 200 28 "http://renault.2web.at/result?searchterm=true&search=rek100" "Mozilla/5.0 (Windows NT 10.0; Win64; x64) AppleWebKit/537.36 (KHTML, like Gecko) Chrome/91.0.4472.77 Safari/537.36"
80.120.5.131 - - [09/Jun/2021:14:00:01 +0200] "GET /reload?ser=1623240001354 HTTP/1.1" 200 28 "http://renault.activities.at/result?searchterm=true&search=steinschlag" "Mozilla/5.0 (Windows NT 10.0; Win64; x64) AppleWebKit/537.36 (KHTML, like Gecko) Chrome/91.0.4472.77 Safari/537.36"
62.47.32.253 - - [09/Jun/2021:14:00:47 +0200] "GET /reload?ser=1623240047157 HTTP/1.1" 200 1246 "http://renault.activities.at/result?searchterm=true&search=arkana" "Mozilla/5.0 (Windows NT 10.0; Win64; x64) AppleWebKit/537.36 (KHTML, like Gecko) Chrome/91.0.4472.77 Safari/537.36"
193.194.132.24 - - [09/Jun/2021:14:00:54 +0200] "GET /reload?ser=1623240054584 HTTP/1.1" 200 28 "http://renault.2web.at/result?searchterm=true&search=rek100" "Mozilla/5.0 (Windows NT 10.0; Win64; x64) AppleWebKit/537.36 (KHTML, like Gecko) Chrome/91.0.4472.77 Safari/537.36"
80.120.5.131 - - [09/Jun/2021:14:01:02 +0200] "GET /reload?ser=1623240062352 HTTP/1.1" 200 28 "http://renault.activities.at/result?searchterm=true&search=steinschlag" "Mozilla/5.0 (Windows NT 10.0; Win64; x64) AppleWebKit/537.36 (KHTML, like Gecko) Chrome/91.0.4472.77 Safari/537.36"
62.47.32.253 - - [09/Jun/2021:14:01:48 +0200] "GET /reload?ser=1623240108157 HTTP/1.1" 200 1249 "http://renault.activities.at/result?searchterm=true&search=arkana" "Mozilla/5.0 (Windows NT 10.0; Win64; x64) AppleWebKit/537.36 (KHTML, like Gecko) Chrome/91.0.4472.77 Safari/537.36"
193.194.132.24 - - [09/Jun/2021:14:01:56 +0200] "GET /reload?ser=1623240116555 HTTP/1.1" 200 28 "http://renault.2web.at/result?searchterm=true&search=rek100" "Mozilla/5.0 (Windows NT 10.0; Win64; x64) AppleWebKit/537.36 (KHTML, like Gecko) Chrome/91.0.4472.77 Safari/537.36"
80.120.5.131 - - [09/Jun/2021:14:02:03 +0200] "GET /reload?ser=1623240123355 HTTP/1.1" 200 28 "http://renault.activities.at/result?searchterm=true&search=steinschlag" "Mozilla/5.0 (Windows NT 10.0; Win64; x64) AppleWebKit/537.36 (KHTML, like Gecko) Chrome/91.0.4472.77 Safari/537.36"
62.47.32.253 - - [09/Jun/2021:14:02:49 +0200] "GET /reload?ser=1623240169160 HTTP/1.1" 200 1233 "http://renault.activities.at/result?searchterm=true&search=arkana" "Mozilla/5.0 (Windows NT 10.0; Win64; x64) AppleWebKit/537.36 (KHTML, like Gecko) Chrome/91.0.4472.77 Safari/537.36"
193.194.132.24 - - [09/Jun/2021:14:02:58 +0200] "GET /reload?ser=1623240178559 HTTP/1.1" 200 28 "http://renault.2web.at/result?searchterm=true&search=rek100" "Mozilla/5.0 (Windows NT 10.0; Win64; x64) AppleWebKit/537.36 (KHTML, like Gecko) Chrome/91.0.4472.77 Safari/537.36"
80.120.5.131 - - [09/Jun/2021:14:03:05 +0200] "GET /reload?ser=1623240185355 HTTP/1.1" 200 28 "http://renault.activities.at/result?searchterm=true&search=steinschlag" "Mozilla/5.0 (Windows NT 10.0; Win64; x64) AppleWebKit/537.36 (KHTML, like Gecko) Chrome/91.0.4472.77 Safari/537.36"
62.47.32.253 - - [09/Jun/2021:14:03:50 +0200] "GET /reload?ser=1623240230161 HTTP/1.1" 200 1243 "http://renault.activities.at/result?searchterm=true&search=arkana" "Mozilla/5.0 (Windows NT 10.0; Win64; x64) AppleWebKit/537.36 (KHTML, like Gecko) Chrome/91.0.4472.77 Safari/537.36"
193.194.132.24 - - [09/Jun/2021:14:04:00 +0200] "GET /reload?ser=1623240240564 HTTP/1.1" 200 28 "http://renault.2web.at/result?searchterm=true&search=rek100" "Mozilla/5.0 (Windows NT 10.0; Win64; x64) AppleWebKit/537.36 (KHTML, like Gecko) Chrome/91.0.4472.77 Safari/537.36"
80.120.5.131 - - [09/Jun/2021:14:04:06 +0200] "GET /reload?ser=1623240246345 HTTP/1.1" 200 28 "http://renault.activities.at/result?searchterm=true&search=steinschlag" "Mozilla/5.0 (Windows NT 10.0; Win64; x64) AppleWebKit/537.36 (KHTML, like Gecko) Chrome/91.0.4472.77 Safari/537.36"
62.47.32.253 - - [09/Jun/2021:14:04:51 +0200] "GET /reload?ser=1623240291163 HTTP/1.1" 200 1234 "http://renault.activities.at/result?searchterm=true&search=arkana" "Mozilla/5.0 (Windows NT 10.0; Win64; x64) AppleWebKit/537.36 (KHTML, like Gecko) Chrome/91.0.4472.77 Safari/537.36"
193.194.132.24 - - [09/Jun/2021:14:05:02 +0200] "GET /reload?ser=1623240302567 HTTP/1.1" 200 28 "http://renault.2web.at/result?searchterm=true&search=rek100" "Mozilla/5.0 (Windows NT 10.0; Win64; x64) AppleWebKit/537.36 (KHTML, like Gecko) Chrome/91.0.4472.77 Safari/537.36"
80.120.5.131 - - [09/Jun/2021:14:05:07 +0200] "GET /reload?ser=1623240307352 HTTP/1.1" 200 28 "http://renault.activities.at/result?searchterm=true&search=steinschlag" "Mozilla/5.0 (Windows NT 10.0; Win64; x64) AppleWebKit/537.36 (KHTML, like Gecko) Chrome/91.0.4472.77 Safari/537.36"
62.47.32.253 - - [09/Jun/2021:14:05:52 +0200] "GET /reload?ser=1623240352162 HTTP/1.1" 200 1236 "http://renault.activities.at/result?searchterm=true&search=arkana" "Mozilla/5.0 (Windows NT 10.0; Win64; x64) AppleWebKit/537.36 (KHTML, like Gecko) Chrome/91.0.4472.77 Safari/537.36"
193.194.132.24 - - [09/Jun/2021:14:06:04 +0200] "GET /reload?ser=1623240364570 HTTP/1.1" 200 28 "http://renault.2web.at/result?searchterm=true&search=rek100" "Mozilla/5.0 (Windows NT 10.0; Win64; x64) AppleWebKit/537.36 (KHTML, like Gecko) Chrome/91.0.4472.77 Safari/537.36"
80.120.5.131 - - [09/Jun/2021:14:06:08 +0200] "GET /reload?ser=1623240368343 HTTP/1.1" 200 28 "http://renault.activities.at/result?searchterm=true&search=steinschlag" "Mozilla/5.0 (Windows NT 10.0; Win64; x64) AppleWebKit/537.36 (KHTML, like Gecko) Chrome/91.0.4472.77 Safari/537.36"
62.47.32.253 - - [09/Jun/2021:14:06:53 +0200] "GET /reload?ser=1623240413158 HTTP/1.1" 200 1236 "http://renault.activities.at/result?searchterm=true&search=arkana" "Mozilla/5.0 (Windows NT 10.0; Win64; x64) AppleWebKit/537.36 (KHTML, like Gecko) Chrome/91.0.4472.77 Safari/537.36"
193.194.132.24 - - [09/Jun/2021:14:07:06 +0200] "GET /reload?ser=1623240426574 HTTP/1.1" 200 28 "http://renault.2web.at/result?searchterm=true&search=rek100" "Mozilla/5.0 (Windows NT 10.0; Win64; x64) AppleWebKit/537.36 (KHTML, like Gecko) Chrome/91.0.4472.77 Safari/537.36"
80.120.5.131 - - [09/Jun/2021:14:07:09 +0200] "GET /reload?ser=1623240429352 HTTP/1.1" 200 28 "http://renault.activities.at/result?searchterm=true&search=steinschlag" "Mozilla/5.0 (Windows NT 10.0; Win64; x64) AppleWebKit/537.36 (KHTML, like Gecko) Chrome/91.0.4472.77 Safari/537.36"
62.47.32.253 - - [09/Jun/2021:14:07:54 +0200] "GET /reload?ser=1623240474203 HTTP/1.1" 200 1234 "http://renault.activities.at/result?searchterm=true&search=arkana" "Mozilla/5.0 (Windows NT 10.0; Win64; x64) AppleWebKit/537.36 (KHTML, like Gecko) Chrome/91.0.4472.77 Safari/537.36"
193.194.132.24 - - [09/Jun/2021:14:08:08 +0200] "GET /reload?ser=1623240488577 HTTP/1.1" 200 28 "http://renault.2web.at/result?searchterm=true&search=rek100" "Mozilla/5.0 (Windows NT 10.0; Win64; x64) AppleWebKit/537.36 (KHTML, like Gecko) Chrome/91.0.4472.77 Safari/537.36"
80.120.5.131 - - [09/Jun/2021:14:08:10 +0200] "GET /reload?ser=1623240490343 HTTP/1.1" 200 28 "http://renault.activities.at/result?searchterm=true&search=steinschlag" "Mozilla/5.0 (Windows NT 10.0; Win64; x64) AppleWebKit/537.36 (KHTML, like Gecko) Chrome/91.0.4472.77 Safari/537.36"
62.47.32.253 - - [09/Jun/2021:14:08:55 +0200] "GET /reload?ser=1623240535156 HTTP/1.1" 200 1242 "http://renault.activities.at/result?searchterm=true&search=arkana" "Mozilla/5.0 (Windows NT 10.0; Win64; x64) AppleWebKit/537.36 (KHTML, like Gecko) Chrome/91.0.4472.77 Safari/537.36"
193.194.132.24 - - [09/Jun/2021:14:09:10 +0200] "GET /reload?ser=1623240550580 HTTP/1.1" 200 28 "http://renault.2web.at/result?searchterm=true&search=rek100" "Mozilla/5.0 (Windows NT 10.0; Win64; x64) AppleWebKit/537.36 (KHTML, like Gecko) Chrome/91.0.4472.77 Safari/537.36"
80.120.5.131 - - [09/Jun/2021:14:09:11 +0200] "GET /reload?ser=1623240551354 HTTP/1.1" 200 28 "http://renault.activities.at/result?searchterm=true&search=steinschlag" "Mozilla/5.0 (Windows NT 10.0; Win64; x64) AppleWebKit/537.36 (KHTML, like Gecko) Chrome/91.0.4472.77 Safari/537.36"
62.47.32.253 - - [09/Jun/2021:14:09:56 +0200] "GET /reload?ser=1623240596162 HTTP/1.1" 200 1234 "http://renault.activities.at/result?searchterm=true&search=arkana" "Mozilla/5.0 (Windows NT 10.0; Win64; x64) AppleWebKit/537.36 (KHTML, like Gecko) Chrome/91.0.4472.77 Safari/537.36"
80.120.5.131 - - [09/Jun/2021:14:10:12 +0200] "GET /reload?ser=1623240612344 HTTP/1.1" 200 28 "http://renault.activities.at/result?searchterm=true&search=steinschlag" "Mozilla/5.0 (Windows NT 10.0; Win64; x64) AppleWebKit/537.36 (KHTML, like Gecko) Chrome/91.0.4472.77 Safari/537.36"
193.194.132.24 - - [09/Jun/2021:14:10:12 +0200] "GET /reload?ser=1623240612582 HTTP/1.1" 200 28 "http://renault.2web.at/result?searchterm=true&search=rek100" "Mozilla/5.0 (Windows NT 10.0; Win64; x64) AppleWebKit/537.36 (KHTML, like Gecko) Chrome/91.0.4472.77 Safari/537.36"
62.47.32.253 - - [09/Jun/2021:14:10:57 +0200] "GET /reload?ser=1623240657157 HTTP/1.1" 200 1236 "http://renault.activities.at/result?searchterm=true&search=arkana" "Mozilla/5.0 (Windows NT 10.0; Win64; x64) AppleWebKit/537.36 (KHTML, like Gecko) Chrome/91.0.4472.77 Safari/537.36"
80.120.5.131 - - [09/Jun/2021:14:11:13 +0200] "GET /reload?ser=1623240673350 HTTP/1.1" 200 28 "http://renault.activities.at/result?searchterm=true&search=steinschlag" "Mozilla/5.0 (Windows NT 10.0; Win64; x64) AppleWebKit/537.36 (KHTML, like Gecko) Chrome/91.0.4472.77 Safari/537.36"
193.194.132.24 - - [09/Jun/2021:14:11:14 +0200] "GET /reload?ser=1623240674584 HTTP/1.1" 200 28 "http://renault.2web.at/result?searchterm=true&search=rek100" "Mozilla/5.0 (Windows NT 10.0; Win64; x64) AppleWebKit/537.36 (KHTML, like Gecko) Chrome/91.0.4472.77 Safari/537.36"
62.47.32.253 - - [09/Jun/2021:14:11:58 +0200] "GET /reload?ser=1623240718156 HTTP/1.1" 200 1247 "http://renault.activities.at/result?searchterm=true&search=arkana" "Mozilla/5.0 (Windows NT 10.0; Win64; x64) AppleWebKit/537.36 (KHTML, like Gecko) Chrome/91.0.4472.77 Safari/537.36"
80.120.5.131 - - [09/Jun/2021:14:12:15 +0200] "GET /reload?ser=1623240735348 HTTP/1.1" 200 28 "http://renault.activities.at/result?searchterm=true&search=steinschlag" "Mozilla/5.0 (Windows NT 10.0; Win64; x64) AppleWebKit/537.36 (KHTML, like Gecko) Chrome/91.0.4472.77 Safari/537.36"
193.194.132.24 - - [09/Jun/2021:14:12:16 +0200] "GET /reload?ser=1623240736587 HTTP/1.1" 200 28 "http://renault.2web.at/result?searchterm=true&search=rek100" "Mozilla/5.0 (Windows NT 10.0; Win64; x64) AppleWebKit/537.36 (KHTML, like Gecko) Chrome/91.0.4472.77 Safari/537.36"
62.47.32.253 - - [09/Jun/2021:14:12:59 +0200] "GET /reload?ser=1623240779159 HTTP/1.1" 200 1232 "http://renault.activities.at/result?searchterm=true&search=arkana" "Mozilla/5.0 (Windows NT 10.0; Win64; x64) AppleWebKit/537.36 (KHTML, like Gecko) Chrome/91.0.4472.77 Safari/537.36"
80.120.5.131 - - [09/Jun/2021:14:13:16 +0200] "GET /reload?ser=1623240796347 HTTP/1.1" 200 28 "http://renault.activities.at/result?searchterm=true&search=steinschlag" "Mozilla/5.0 (Windows NT 10.0; Win64; x64) AppleWebKit/537.36 (KHTML, like Gecko) Chrome/91.0.4472.77 Safari/537.36"
193.194.132.24 - - [09/Jun/2021:14:13:18 +0200] "GET /reload?ser=1623240798590 HTTP/1.1" 200 28 "http://renault.2web.at/result?searchterm=true&search=rek100" "Mozilla/5.0 (Windows NT 10.0; Win64; x64) AppleWebKit/537.36 (KHTML, like Gecko) Chrome/91.0.4472.77 Safari/537.36"
62.47.32.253 - - [09/Jun/2021:14:14:00 +0200] "GET /reload?ser=1623240840156 HTTP/1.1" 200 1239 "http://renault.activities.at/result?searchterm=true&search=arkana" "Mozilla/5.0 (Windows NT 10.0; Win64; x64) AppleWebKit/537.36 (KHTML, like Gecko) Chrome/91.0.4472.77 Safari/537.36"
80.120.5.131 - - [09/Jun/2021:14:14:17 +0200] "GET /reload?ser=1623240857341 HTTP/1.1" 200 28 "http://renault.activities.at/result?searchterm=true&search=steinschlag" "Mozilla/5.0 (Windows NT 10.0; Win64; x64) AppleWebKit/537.36 (KHTML, like Gecko) Chrome/91.0.4472.77 Safari/537.36"
193.194.132.24 - - [09/Jun/2021:14:14:20 +0200] "GET /reload?ser=1623240860592 HTTP/1.1" 200 28 "http://renault.2web.at/result?searchterm=true&search=rek100" "Mozilla/5.0 (Windows NT 10.0; Win64; x64) AppleWebKit/537.36 (KHTML, like Gecko) Chrome/91.0.4472.77 Safari/537.36"
62.47.32.253 - - [09/Jun/2021:14:15:01 +0200] "GET /reload?ser=1623240901162 HTTP/1.1" 200 1236 "http://renault.activities.at/result?searchterm=true&search=arkana" "Mozilla/5.0 (Windows NT 10.0; Win64; x64) AppleWebKit/537.36 (KHTML, like Gecko) Chrome/91.0.4472.77 Safari/537.36"
80.120.5.131 - - [09/Jun/2021:14:15:19 +0200] "GET /reload?ser=1623240919352 HTTP/1.1" 200 28 "http://renault.activities.at/result?searchterm=true&search=steinschlag" "Mozilla/5.0 (Windows NT 10.0; Win64; x64) AppleWebKit/537.36 (KHTML, like Gecko) Chrome/91.0.4472.77 Safari/537.36"
193.194.132.24 - - [09/Jun/2021:14:15:22 +0200] "GET /reload?ser=1623240922594 HTTP/1.1" 200 28 "http://renault.2web.at/result?searchterm=true&search=rek100" "Mozilla/5.0 (Windows NT 10.0; Win64; x64) AppleWebKit/537.36 (KHTML, like Gecko) Chrome/91.0.4472.77 Safari/537.36"
62.47.32.253 - - [09/Jun/2021:14:16:02 +0200] "GET /reload?ser=1623240962158 HTTP/1.1" 200 1238 "http://renault.activities.at/result?searchterm=true&search=arkana" "Mozilla/5.0 (Windows NT 10.0; Win64; x64) AppleWebKit/537.36 (KHTML, like Gecko) Chrome/91.0.4472.77 Safari/537.36"
80.120.5.131 - - [09/Jun/2021:14:16:21 +0200] "GET /reload?ser=1623240981338 HTTP/1.1" 200 28 "http://renault.activities.at/result?searchterm=true&search=steinschlag" "Mozilla/5.0 (Windows NT 10.0; Win64; x64) AppleWebKit/537.36 (KHTML, like Gecko) Chrome/91.0.4472.77 Safari/537.36"
193.194.132.24 - - [09/Jun/2021:14:16:24 +0200] "GET /reload?ser=1623240984596 HTTP/1.1" 200 28 "http://renault.2web.at/result?searchterm=true&search=rek100" "Mozilla/5.0 (Windows NT 10.0; Win64; x64) AppleWebKit/537.36 (KHTML, like Gecko) Chrome/91.0.4472.77 Safari/537.36"
62.47.32.253 - - [09/Jun/2021:14:17:03 +0200] "GET /reload?ser=1623241023155 HTTP/1.1" 200 1249 "http://renault.activities.at/result?searchterm=true&search=arkana" "Mozilla/5.0 (Windows NT 10.0; Win64; x64) AppleWebKit/537.36 (KHTML, like Gecko) Chrome/91.0.4472.77 Safari/537.36"
80.120.5.131 - - [09/Jun/2021:14:17:22 +0200] "GET /reload?ser=1623241042346 HTTP/1.1" 200 28 "http://renault.activities.at/result?searchterm=true&search=steinschlag" "Mozilla/5.0 (Windows NT 10.0; Win64; x64) AppleWebKit/537.36 (KHTML, like Gecko) Chrome/91.0.4472.77 Safari/537.36"
193.194.132.24 - - [09/Jun/2021:14:17:26 +0200] "GET /reload?ser=1623241046597 HTTP/1.1" 200 28 "http://renault.2web.at/result?searchterm=true&search=rek100" "Mozilla/5.0 (Windows NT 10.0; Win64; x64) AppleWebKit/537.36 (KHTML, like Gecko) Chrome/91.0.4472.77 Safari/537.36"
62.47.32.253 - - [09/Jun/2021:14:18:04 +0200] "GET /reload?ser=1623241084160 HTTP/1.1" 200 1254 "http://renault.activities.at/result?searchterm=true&search=arkana" "Mozilla/5.0 (Windows NT 10.0; Win64; x64) AppleWebKit/537.36 (KHTML, like Gecko) Chrome/91.0.4472.77 Safari/537.36"
80.120.5.131 - - [09/Jun/2021:14:18:23 +0200] "GET /reload?ser=1623241103336 HTTP/1.1" 200 28 "http://renault.activities.at/result?searchterm=true&search=steinschlag" "Mozilla/5.0 (Windows NT 10.0; Win64; x64) AppleWebKit/537.36 (KHTML, like Gecko) Chrome/91.0.4472.77 Safari/537.36"
193.194.132.24 - - [09/Jun/2021:14:18:28 +0200] "GET /reload?ser=1623241108598 HTTP/1.1" 200 28 "http://renault.2web.at/result?searchterm=true&search=rek100" "Mozilla/5.0 (Windows NT 10.0; Win64; x64) AppleWebKit/537.36 (KHTML, like Gecko) Chrome/91.0.4472.77 Safari/537.36"
62.47.32.253 - - [09/Jun/2021:14:19:05 +0200] "GET /reload?ser=1623241145160 HTTP/1.1" 200 1240 "http://renault.activities.at/result?searchterm=true&search=arkana" "Mozilla/5.0 (Windows NT 10.0; Win64; x64) AppleWebKit/537.36 (KHTML, like Gecko) Chrome/91.0.4472.77 Safari/537.36"
80.120.5.131 - - [09/Jun/2021:14:19:24 +0200] "GET /reload?ser=1623241164341 HTTP/1.1" 200 28 "http://renault.activities.at/result?searchterm=true&search=steinschlag" "Mozilla/5.0 (Windows NT 10.0; Win64; x64) AppleWebKit/537.36 (KHTML, like Gecko) Chrome/91.0.4472.77 Safari/537.36"
193.194.132.24 - - [09/Jun/2021:14:19:30 +0200] "GET /reload?ser=1623241170600 HTTP/1.1" 200 28 "http://renault.2web.at/result?searchterm=true&search=rek100" "Mozilla/5.0 (Windows NT 10.0; Win64; x64) AppleWebKit/537.36 (KHTML, like Gecko) Chrome/91.0.4472.77 Safari/537.36"
62.47.32.253 - - [09/Jun/2021:14:20:06 +0200] "GET /reload?ser=1623241206163 HTTP/1.1" 200 1241 "http://renault.activities.at/result?searchterm=true&search=arkana" "Mozilla/5.0 (Windows NT 10.0; Win64; x64) AppleWebKit/537.36 (KHTML, like Gecko) Chrome/91.0.4472.77 Safari/537.36"
80.120.5.131 - - [09/Jun/2021:14:20:25 +0200] "GET /reload?ser=1623241225351 HTTP/1.1" 200 28 "http://renault.activities.at/result?searchterm=true&search=steinschlag" "Mozilla/5.0 (Windows NT 10.0; Win64; x64) AppleWebKit/537.36 (KHTML, like Gecko) Chrome/91.0.4472.77 Safari/537.36"
193.194.132.24 - - [09/Jun/2021:14:20:32 +0200] "GET /reload?ser=1623241232601 HTTP/1.1" 200 28 "http://renault.2web.at/result?searchterm=true&search=rek100" "Mozilla/5.0 (Windows NT 10.0; Win64; x64) AppleWebKit/537.36 (KHTML, like Gecko) Chrome/91.0.4472.77 Safari/537.36"
62.47.32.253 - - [09/Jun/2021:14:21:07 +0200] "GET /reload?ser=1623241267155 HTTP/1.1" 200 1238 "http://renault.activities.at/result?searchterm=true&search=arkana" "Mozilla/5.0 (Windows NT 10.0; Win64; x64) AppleWebKit/537.36 (KHTML, like Gecko) Chrome/91.0.4472.77 Safari/537.36"
80.120.5.131 - - [09/Jun/2021:14:21:26 +0200] "GET /reload?ser=1623241286350 HTTP/1.1" 200 28 "http://renault.activities.at/result?searchterm=true&search=steinschlag" "Mozilla/5.0 (Windows NT 10.0; Win64; x64) AppleWebKit/537.36 (KHTML, like Gecko) Chrome/91.0.4472.77 Safari/537.36"
62.47.32.253 - - [09/Jun/2021:14:22:08 +0200] "GET /reload?ser=1623241328156 HTTP/1.1" 200 1230 "http://renault.activities.at/result?searchterm=true&search=arkana" "Mozilla/5.0 (Windows NT 10.0; Win64; x64) AppleWebKit/537.36 (KHTML, like Gecko) Chrome/91.0.4472.77 Safari/537.36"
80.120.5.131 - - [09/Jun/2021:14:22:27 +0200] "GET /reload?ser=1623241347341 HTTP/1.1" 200 28 "http://renault.activities.at/result?searchterm=true&search=steinschlag" "Mozilla/5.0 (Windows NT 10.0; Win64; x64) AppleWebKit/537.36 (KHTML, like Gecko) Chrome/91.0.4472.77 Safari/537.36"
62.47.32.253 - - [09/Jun/2021:14:23:09 +0200] "GET /reload?ser=1623241389156 HTTP/1.1" 200 1245 "http://renault.activities.at/result?searchterm=true&search=arkana" "Mozilla/5.0 (Windows NT 10.0; Win64; x64) AppleWebKit/537.36 (KHTML, like Gecko) Chrome/91.0.4472.77 Safari/537.36"
80.120.5.131 - - [09/Jun/2021:14:23:28 +0200] "GET /reload?ser=1623241408346 HTTP/1.1" 200 28 "http://renault.activities.at/result?searchterm=true&search=steinschlag" "Mozilla/5.0 (Windows NT 10.0; Win64; x64) AppleWebKit/537.36 (KHTML, like Gecko) Chrome/91.0.4472.77 Safari/537.36"
40.77.167.107 - - [09/Jun/2021:14:23:30 +0200] "GET /orders HTTP/1.1" 302 150 "-" "Mozilla/5.0 (compatible; bingbot/2.0; +http://www.bing.com/bingbot.htm)"
62.47.32.253 - - [09/Jun/2021:14:24:10 +0200] "GET /reload?ser=1623241450157 HTTP/1.1" 200 1250 "http://renault.activities.at/result?searchterm=true&search=arkana" "Mozilla/5.0 (Windows NT 10.0; Win64; x64) AppleWebKit/537.36 (KHTML, like Gecko) Chrome/91.0.4472.77 Safari/537.36"
80.120.5.131 - - [09/Jun/2021:14:24:29 +0200] "GET /reload?ser=1623241469338 HTTP/1.1" 200 28 "http://renault.activities.at/result?searchterm=true&search=steinschlag" "Mozilla/5.0 (Windows NT 10.0; Win64; x64) AppleWebKit/537.36 (KHTML, like Gecko) Chrome/91.0.4472.77 Safari/537.36"
62.47.32.253 - - [09/Jun/2021:14:25:11 +0200] "GET /reload?ser=1623241511156 HTTP/1.1" 200 1236 "http://renault.activities.at/result?searchterm=true&search=arkana" "Mozilla/5.0 (Windows NT 10.0; Win64; x64) AppleWebKit/537.36 (KHTML, like Gecko) Chrome/91.0.4472.77 Safari/537.36"
80.120.5.131 - - [09/Jun/2021:14:25:30 +0200] "GET /reload?ser=1623241530345 HTTP/1.1" 200 28 "http://renault.activities.at/result?searchterm=true&search=steinschlag" "Mozilla/5.0 (Windows NT 10.0; Win64; x64) AppleWebKit/537.36 (KHTML, like Gecko) Chrome/91.0.4472.77 Safari/537.36"
62.47.32.253 - - [09/Jun/2021:14:26:12 +0200] "GET /reload?ser=1623241572154 HTTP/1.1" 200 1232 "http://renault.activities.at/result?searchterm=true&search=arkana" "Mozilla/5.0 (Windows NT 10.0; Win64; x64) AppleWebKit/537.36 (KHTML, like Gecko) Chrome/91.0.4472.77 Safari/537.36"
80.120.5.131 - - [09/Jun/2021:14:26:31 +0200] "GET /reload?ser=1623241591336 HTTP/1.1" 200 28 "http://renault.activities.at/result?searchterm=true&search=steinschlag" "Mozilla/5.0 (Windows NT 10.0; Win64; x64) AppleWebKit/537.36 (KHTML, like Gecko) Chrome/91.0.4472.77 Safari/537.36"
62.47.32.253 - - [09/Jun/2021:14:27:13 +0200] "GET /reload?ser=1623241633252 HTTP/1.1" 200 1231 "http://renault.activities.at/result?searchterm=true&search=arkana" "Mozilla/5.0 (Windows NT 10.0; Win64; x64) AppleWebKit/537.36 (KHTML, like Gecko) Chrome/91.0.4472.77 Safari/537.36"
80.120.5.131 - - [09/Jun/2021:14:27:32 +0200] "GET /reload?ser=1623241652346 HTTP/1.1" 200 28 "http://renault.activities.at/result?searchterm=true&search=steinschlag" "Mozilla/5.0 (Windows NT 10.0; Win64; x64) AppleWebKit/537.36 (KHTML, like Gecko) Chrome/91.0.4472.77 Safari/537.36"
62.47.32.253 - - [09/Jun/2021:14:28:14 +0200] "GET /reload?ser=1623241694157 HTTP/1.1" 200 1240 "http://renault.activities.at/result?searchterm=true&search=arkana" "Mozilla/5.0 (Windows NT 10.0; Win64; x64) AppleWebKit/537.36 (KHTML, like Gecko) Chrome/91.0.4472.77 Safari/537.36"
80.120.5.131 - - [09/Jun/2021:14:28:33 +0200] "GET /reload?ser=1623241713339 HTTP/1.1" 200 28 "http://renault.activities.at/result?searchterm=true&search=steinschlag" "Mozilla/5.0 (Windows NT 10.0; Win64; x64) AppleWebKit/537.36 (KHTML, like Gecko) Chrome/91.0.4472.77 Safari/537.36"
62.47.32.253 - - [09/Jun/2021:14:29:15 +0200] "GET /reload?ser=1623241755155 HTTP/1.1" 200 1244 "http://renault.activities.at/result?searchterm=true&search=arkana" "Mozilla/5.0 (Windows NT 10.0; Win64; x64) AppleWebKit/537.36 (KHTML, like Gecko) Chrome/91.0.4472.77 Safari/537.36"
80.120.5.131 - - [09/Jun/2021:14:29:34 +0200] "GET /reload?ser=1623241774345 HTTP/1.1" 200 28 "http://renault.activities.at/result?searchterm=true&search=steinschlag" "Mozilla/5.0 (Windows NT 10.0; Win64; x64) AppleWebKit/537.36 (KHTML, like Gecko) Chrome/91.0.4472.77 Safari/537.36"
62.47.32.253 - - [09/Jun/2021:14:30:16 +0200] "GET /reload?ser=1623241816159 HTTP/1.1" 200 1249 "http://renault.activities.at/result?searchterm=true&search=arkana" "Mozilla/5.0 (Windows NT 10.0; Win64; x64) AppleWebKit/537.36 (KHTML, like Gecko) Chrome/91.0.4472.77 Safari/537.36"
80.120.5.131 - - [09/Jun/2021:14:30:35 +0200] "GET /reload?ser=1623241835338 HTTP/1.1" 200 28 "http://renault.activities.at/result?searchterm=true&search=steinschlag" "Mozilla/5.0 (Windows NT 10.0; Win64; x64) AppleWebKit/537.36 (KHTML, like Gecko) Chrome/91.0.4472.77 Safari/537.36"
62.47.32.253 - - [09/Jun/2021:14:31:17 +0200] "GET /reload?ser=1623241877159 HTTP/1.1" 200 1250 "http://renault.activities.at/result?searchterm=true&search=arkana" "Mozilla/5.0 (Windows NT 10.0; Win64; x64) AppleWebKit/537.36 (KHTML, like Gecko) Chrome/91.0.4472.77 Safari/537.36"
80.120.5.131 - - [09/Jun/2021:14:31:36 +0200] "GET /reload?ser=1623241896341 HTTP/1.1" 200 28 "http://renault.activities.at/result?searchterm=true&search=steinschlag" "Mozilla/5.0 (Windows NT 10.0; Win64; x64) AppleWebKit/537.36 (KHTML, like Gecko) Chrome/91.0.4472.77 Safari/537.36"
62.47.32.253 - - [09/Jun/2021:14:32:18 +0200] "GET /reload?ser=1623241938153 HTTP/1.1" 200 1248 "http://renault.activities.at/result?searchterm=true&search=arkana" "Mozilla/5.0 (Windows NT 10.0; Win64; x64) AppleWebKit/537.36 (KHTML, like Gecko) Chrome/91.0.4472.77 Safari/537.36"
80.120.5.131 - - [09/Jun/2021:14:32:37 +0200] "GET /reload?ser=1623241957343 HTTP/1.1" 200 28 "http://renault.activities.at/result?searchterm=true&search=steinschlag" "Mozilla/5.0 (Windows NT 10.0; Win64; x64) AppleWebKit/537.36 (KHTML, like Gecko) Chrome/91.0.4472.77 Safari/537.36"
62.47.32.253 - - [09/Jun/2021:14:33:19 +0200] "GET /reload?ser=1623241999157 HTTP/1.1" 200 1230 "http://renault.activities.at/result?searchterm=true&search=arkana" "Mozilla/5.0 (Windows NT 10.0; Win64; x64) AppleWebKit/537.36 (KHTML, like Gecko) Chrome/91.0.4472.77 Safari/537.36"
80.120.5.131 - - [09/Jun/2021:14:33:38 +0200] "GET /reload?ser=1623242018338 HTTP/1.1" 200 28 "http://renault.activities.at/result?searchterm=true&search=steinschlag" "Mozilla/5.0 (Windows NT 10.0; Win64; x64) AppleWebKit/537.36 (KHTML, like Gecko) Chrome/91.0.4472.77 Safari/537.36"
62.47.32.253 - - [09/Jun/2021:14:34:20 +0200] "GET /reload?ser=1623242060159 HTTP/1.1" 200 1233 "http://renault.activities.at/result?searchterm=true&search=arkana" "Mozilla/5.0 (Windows NT 10.0; Win64; x64) AppleWebKit/537.36 (KHTML, like Gecko) Chrome/91.0.4472.77 Safari/537.36"
80.120.5.131 - - [09/Jun/2021:14:34:39 +0200] "GET /reload?ser=1623242079335 HTTP/1.1" 200 28 "http://renault.activities.at/result?searchterm=true&search=steinschlag" "Mozilla/5.0 (Windows NT 10.0; Win64; x64) AppleWebKit/537.36 (KHTML, like Gecko) Chrome/91.0.4472.77 Safari/537.36"
62.47.32.253 - - [09/Jun/2021:14:35:21 +0200] "GET /reload?ser=1623242121157 HTTP/1.1" 200 1239 "http://renault.activities.at/result?searchterm=true&search=arkana" "Mozilla/5.0 (Windows NT 10.0; Win64; x64) AppleWebKit/537.36 (KHTML, like Gecko) Chrome/91.0.4472.77 Safari/537.36"
80.120.5.131 - - [09/Jun/2021:14:35:40 +0200] "GET /reload?ser=1623242140338 HTTP/1.1" 200 28 "http://renault.activities.at/result?searchterm=true&search=steinschlag" "Mozilla/5.0 (Windows NT 10.0; Win64; x64) AppleWebKit/537.36 (KHTML, like Gecko) Chrome/91.0.4472.77 Safari/537.36"
62.47.32.253 - - [09/Jun/2021:14:36:22 +0200] "GET /reload?ser=1623242182153 HTTP/1.1" 200 1239 "http://renault.activities.at/result?searchterm=true&search=arkana" "Mozilla/5.0 (Windows NT 10.0; Win64; x64) AppleWebKit/537.36 (KHTML, like Gecko) Chrome/91.0.4472.77 Safari/537.36"
80.120.5.131 - - [09/Jun/2021:14:36:41 +0200] "GET /reload?ser=1623242201346 HTTP/1.1" 200 28 "http://renault.activities.at/result?searchterm=true&search=steinschlag" "Mozilla/5.0 (Windows NT 10.0; Win64; x64) AppleWebKit/537.36 (KHTML, like Gecko) Chrome/91.0.4472.77 Safari/537.36"
62.47.32.253 - - [09/Jun/2021:14:37:23 +0200] "GET /reload?ser=1623242243158 HTTP/1.1" 200 1238 "http://renault.activities.at/result?searchterm=true&search=arkana" "Mozilla/5.0 (Windows NT 10.0; Win64; x64) AppleWebKit/537.36 (KHTML, like Gecko) Chrome/91.0.4472.77 Safari/537.36"
80.120.5.131 - - [09/Jun/2021:14:37:43 +0200] "GET /reload?ser=1623242263338 HTTP/1.1" 200 28 "http://renault.activities.at/result?searchterm=true&search=steinschlag" "Mozilla/5.0 (Windows NT 10.0; Win64; x64) AppleWebKit/537.36 (KHTML, like Gecko) Chrome/91.0.4472.77 Safari/537.36"
62.47.32.253 - - [09/Jun/2021:14:38:24 +0200] "GET /reload?ser=1623242304155 HTTP/1.1" 200 1238 "http://renault.activities.at/result?searchterm=true&search=arkana" "Mozilla/5.0 (Windows NT 10.0; Win64; x64) AppleWebKit/537.36 (KHTML, like Gecko) Chrome/91.0.4472.77 Safari/537.36"
80.120.5.131 - - [09/Jun/2021:14:38:44 +0200] "GET /reload?ser=1623242324335 HTTP/1.1" 200 28 "http://renault.activities.at/result?searchterm=true&search=steinschlag" "Mozilla/5.0 (Windows NT 10.0; Win64; x64) AppleWebKit/537.36 (KHTML, like Gecko) Chrome/91.0.4472.77 Safari/537.36"
62.47.32.253 - - [09/Jun/2021:14:39:25 +0200] "GET /reload?ser=1623242365156 HTTP/1.1" 200 1239 "http://renault.activities.at/result?searchterm=true&search=arkana" "Mozilla/5.0 (Windows NT 10.0; Win64; x64) AppleWebKit/537.36 (KHTML, like Gecko) Chrome/91.0.4472.77 Safari/537.36"
80.120.5.131 - - [09/Jun/2021:14:39:45 +0200] "GET /reload?ser=1623242385341 HTTP/1.1" 200 28 "http://renault.activities.at/result?searchterm=true&search=steinschlag" "Mozilla/5.0 (Windows NT 10.0; Win64; x64) AppleWebKit/537.36 (KHTML, like Gecko) Chrome/91.0.4472.77 Safari/537.36"
62.47.32.253 - - [09/Jun/2021:14:40:26 +0200] "GET /reload?ser=1623242426157 HTTP/1.1" 200 1238 "http://renault.activities.at/result?searchterm=true&search=arkana" "Mozilla/5.0 (Windows NT 10.0; Win64; x64) AppleWebKit/537.36 (KHTML, like Gecko) Chrome/91.0.4472.77 Safari/537.36"
80.120.5.131 - - [09/Jun/2021:14:40:46 +0200] "GET /reload?ser=1623242446340 HTTP/1.1" 200 28 "http://renault.activities.at/result?searchterm=true&search=steinschlag" "Mozilla/5.0 (Windows NT 10.0; Win64; x64) AppleWebKit/537.36 (KHTML, like Gecko) Chrome/91.0.4472.77 Safari/537.36"
62.47.32.253 - - [09/Jun/2021:14:41:27 +0200] "GET /reload?ser=1623242487152 HTTP/1.1" 200 1237 "http://renault.activities.at/result?searchterm=true&search=arkana" "Mozilla/5.0 (Windows NT 10.0; Win64; x64) AppleWebKit/537.36 (KHTML, like Gecko) Chrome/91.0.4472.77 Safari/537.36"
80.120.5.131 - - [09/Jun/2021:14:41:47 +0200] "GET /reload?ser=1623242507356 HTTP/1.1" 200 28 "http://renault.activities.at/result?searchterm=true&search=steinschlag" "Mozilla/5.0 (Windows NT 10.0; Win64; x64) AppleWebKit/537.36 (KHTML, like Gecko) Chrome/91.0.4472.77 Safari/537.36"
62.47.32.253 - - [09/Jun/2021:14:42:28 +0200] "GET /reload?ser=1623242548154 HTTP/1.1" 200 1235 "http://renault.activities.at/result?searchterm=true&search=arkana" "Mozilla/5.0 (Windows NT 10.0; Win64; x64) AppleWebKit/537.36 (KHTML, like Gecko) Chrome/91.0.4472.77 Safari/537.36"
80.120.5.131 - - [09/Jun/2021:14:42:49 +0200] "GET /reload?ser=1623242569336 HTTP/1.1" 200 28 "http://renault.activities.at/result?searchterm=true&search=steinschlag" "Mozilla/5.0 (Windows NT 10.0; Win64; x64) AppleWebKit/537.36 (KHTML, like Gecko) Chrome/91.0.4472.77 Safari/537.36"
62.47.32.253 - - [09/Jun/2021:14:43:29 +0200] "GET /reload?ser=1623242609152 HTTP/1.1" 200 1237 "http://renault.activities.at/result?searchterm=true&search=arkana" "Mozilla/5.0 (Windows NT 10.0; Win64; x64) AppleWebKit/537.36 (KHTML, like Gecko) Chrome/91.0.4472.77 Safari/537.36"
80.120.5.131 - - [09/Jun/2021:14:43:50 +0200] "GET /reload?ser=1623242630340 HTTP/1.1" 200 28 "http://renault.activities.at/result?searchterm=true&search=steinschlag" "Mozilla/5.0 (Windows NT 10.0; Win64; x64) AppleWebKit/537.36 (KHTML, like Gecko) Chrome/91.0.4472.77 Safari/537.36"
62.47.32.253 - - [09/Jun/2021:14:44:30 +0200] "GET /reload?ser=1623242670153 HTTP/1.1" 200 1240 "http://renault.activities.at/result?searchterm=true&search=arkana" "Mozilla/5.0 (Windows NT 10.0; Win64; x64) AppleWebKit/537.36 (KHTML, like Gecko) Chrome/91.0.4472.77 Safari/537.36"
80.120.5.131 - - [09/Jun/2021:14:44:51 +0200] "GET /reload?ser=1623242691337 HTTP/1.1" 200 28 "http://renault.activities.at/result?searchterm=true&search=steinschlag" "Mozilla/5.0 (Windows NT 10.0; Win64; x64) AppleWebKit/537.36 (KHTML, like Gecko) Chrome/91.0.4472.77 Safari/537.36"
62.47.32.253 - - [09/Jun/2021:14:45:31 +0200] "GET /reload?ser=1623242731153 HTTP/1.1" 200 1233 "http://renault.activities.at/result?searchterm=true&search=arkana" "Mozilla/5.0 (Windows NT 10.0; Win64; x64) AppleWebKit/537.36 (KHTML, like Gecko) Chrome/91.0.4472.77 Safari/537.36"
80.120.5.131 - - [09/Jun/2021:14:45:52 +0200] "GET /reload?ser=1623242752337 HTTP/1.1" 200 28 "http://renault.activities.at/result?searchterm=true&search=steinschlag" "Mozilla/5.0 (Windows NT 10.0; Win64; x64) AppleWebKit/537.36 (KHTML, like Gecko) Chrome/91.0.4472.77 Safari/537.36"
62.47.32.253 - - [09/Jun/2021:14:46:32 +0200] "GET /reload?ser=1623242792152 HTTP/1.1" 200 1241 "http://renault.activities.at/result?searchterm=true&search=arkana" "Mozilla/5.0 (Windows NT 10.0; Win64; x64) AppleWebKit/537.36 (KHTML, like Gecko) Chrome/91.0.4472.77 Safari/537.36"
80.120.5.131 - - [09/Jun/2021:14:46:53 +0200] "GET /reload?ser=1623242813338 HTTP/1.1" 200 28 "http://renault.activities.at/result?searchterm=true&search=steinschlag" "Mozilla/5.0 (Windows NT 10.0; Win64; x64) AppleWebKit/537.36 (KHTML, like Gecko) Chrome/91.0.4472.77 Safari/537.36"
62.47.32.253 - - [09/Jun/2021:14:47:33 +0200] "GET /reload?ser=1623242853154 HTTP/1.1" 200 1235 "http://renault.activities.at/result?searchterm=true&search=arkana" "Mozilla/5.0 (Windows NT 10.0; Win64; x64) AppleWebKit/537.36 (KHTML, like Gecko) Chrome/91.0.4472.77 Safari/537.36"
80.120.5.131 - - [09/Jun/2021:14:47:55 +0200] "GET /reload?ser=1623242875339 HTTP/1.1" 200 28 "http://renault.activities.at/result?searchterm=true&search=steinschlag" "Mozilla/5.0 (Windows NT 10.0; Win64; x64) AppleWebKit/537.36 (KHTML, like Gecko) Chrome/91.0.4472.77 Safari/537.36"
62.47.32.253 - - [09/Jun/2021:14:48:34 +0200] "GET /reload?ser=1623242914156 HTTP/1.1" 200 1229 "http://renault.activities.at/result?searchterm=true&search=arkana" "Mozilla/5.0 (Windows NT 10.0; Win64; x64) AppleWebKit/537.36 (KHTML, like Gecko) Chrome/91.0.4472.77 Safari/537.36"
80.120.5.131 - - [09/Jun/2021:14:48:56 +0200] "GET /reload?ser=1623242936347 HTTP/1.1" 200 28 "http://renault.activities.at/result?searchterm=true&search=steinschlag" "Mozilla/5.0 (Windows NT 10.0; Win64; x64) AppleWebKit/537.36 (KHTML, like Gecko) Chrome/91.0.4472.77 Safari/537.36"
62.47.32.253 - - [09/Jun/2021:14:49:35 +0200] "GET /reload?ser=1623242975154 HTTP/1.1" 200 1232 "http://renault.activities.at/result?searchterm=true&search=arkana" "Mozilla/5.0 (Windows NT 10.0; Win64; x64) AppleWebKit/537.36 (KHTML, like Gecko) Chrome/91.0.4472.77 Safari/537.36"
80.120.5.131 - - [09/Jun/2021:14:49:57 +0200] "GET /reload?ser=1623242997335 HTTP/1.1" 200 28 "http://renault.activities.at/result?searchterm=true&search=steinschlag" "Mozilla/5.0 (Windows NT 10.0; Win64; x64) AppleWebKit/537.36 (KHTML, like Gecko) Chrome/91.0.4472.77 Safari/537.36"
62.47.32.253 - - [09/Jun/2021:14:50:36 +0200] "GET /reload?ser=1623243036155 HTTP/1.1" 200 1235 "http://renault.activities.at/result?searchterm=true&search=arkana" "Mozilla/5.0 (Windows NT 10.0; Win64; x64) AppleWebKit/537.36 (KHTML, like Gecko) Chrome/91.0.4472.77 Safari/537.36"
80.120.5.131 - - [09/Jun/2021:14:50:58 +0200] "GET /reload?ser=1623243058341 HTTP/1.1" 200 28 "http://renault.activities.at/result?searchterm=true&search=steinschlag" "Mozilla/5.0 (Windows NT 10.0; Win64; x64) AppleWebKit/537.36 (KHTML, like Gecko) Chrome/91.0.4472.77 Safari/537.36"
62.47.32.253 - - [09/Jun/2021:14:51:37 +0200] "GET /reload?ser=1623243097148 HTTP/1.1" 200 1238 "http://renault.activities.at/result?searchterm=true&search=arkana" "Mozilla/5.0 (Windows NT 10.0; Win64; x64) AppleWebKit/537.36 (KHTML, like Gecko) Chrome/91.0.4472.77 Safari/537.36"
80.120.5.131 - - [09/Jun/2021:14:51:59 +0200] "GET /reload?ser=1623243119345 HTTP/1.1" 200 28 "http://renault.activities.at/result?searchterm=true&search=steinschlag" "Mozilla/5.0 (Windows NT 10.0; Win64; x64) AppleWebKit/537.36 (KHTML, like Gecko) Chrome/91.0.4472.77 Safari/537.36"
62.47.32.253 - - [09/Jun/2021:14:52:38 +0200] "GET /reload?ser=1623243158150 HTTP/1.1" 200 1238 "http://renault.activities.at/result?searchterm=true&search=arkana" "Mozilla/5.0 (Windows NT 10.0; Win64; x64) AppleWebKit/537.36 (KHTML, like Gecko) Chrome/91.0.4472.77 Safari/537.36"
