80.122.53.230 - - [11/Jun/2021:12:37:07 +0200] "GET /reload?ser=1623407827944 HTTP/1.1" 200 28 "http://renault.activities.at/result?searchterm=true&search=check" "Mozilla/5.0 (Windows NT 10.0; Win64; x64) AppleWebKit/537.36 (KHTML, like Gecko) Chrome/91.0.4472.77 Safari/537.36"
193.194.132.22 - - [11/Jun/2021:12:37:50 +0200] "GET /reload?ser=1623407870227 HTTP/1.1" 200 28 "http://renault.2web.at/account" "Mozilla/5.0 (Windows NT 10.0; Win64; x64) AppleWebKit/537.36 (KHTML, like Gecko) Chrome/91.0.4472.101 Safari/537.36"
93.83.167.130 - - [11/Jun/2021:12:38:03 +0200] "GET /reload?ser=1623407883206 HTTP/1.1" 200 28 "http://renault.activities.at/result?dir=DESC&mode=grid&order=name&limit=15&page=3&search=brosch%C3%BCre" "Mozilla/5.0 (Windows NT 10.0; Win64; x64) AppleWebKit/537.36 (KHTML, like Gecko) Chrome/91.0.4472.77 Safari/537.36"
80.122.53.230 - - [11/Jun/2021:12:38:08 +0200] "GET /reload?ser=1623407888949 HTTP/1.1" 200 28 "http://renault.activities.at/result?searchterm=true&search=check" "Mozilla/5.0 (Windows NT 10.0; Win64; x64) AppleWebKit/537.36 (KHTML, like Gecko) Chrome/91.0.4472.77 Safari/537.36"
193.194.132.22 - - [11/Jun/2021:12:38:52 +0200] "GET /reload?ser=1623407932228 HTTP/1.1" 200 28 "http://renault.2web.at/account" "Mozilla/5.0 (Windows NT 10.0; Win64; x64) AppleWebKit/537.36 (KHTML, like Gecko) Chrome/91.0.4472.101 Safari/537.36"
93.83.167.130 - - [11/Jun/2021:12:39:04 +0200] "GET /reload?ser=1623407944210 HTTP/1.1" 200 28 "http://renault.activities.at/result?dir=DESC&mode=grid&order=name&limit=15&page=3&search=brosch%C3%BCre" "Mozilla/5.0 (Windows NT 10.0; Win64; x64) AppleWebKit/537.36 (KHTML, like Gecko) Chrome/91.0.4472.77 Safari/537.36"
80.122.53.230 - - [11/Jun/2021:12:39:09 +0200] "GET /reload?ser=1623407949939 HTTP/1.1" 200 28 "http://renault.activities.at/result?searchterm=true&search=check" "Mozilla/5.0 (Windows NT 10.0; Win64; x64) AppleWebKit/537.36 (KHTML, like Gecko) Chrome/91.0.4472.77 Safari/537.36"
193.194.132.22 - - [11/Jun/2021:12:39:54 +0200] "GET /reload?ser=1623407994229 HTTP/1.1" 200 28 "http://renault.2web.at/account" "Mozilla/5.0 (Windows NT 10.0; Win64; x64) AppleWebKit/537.36 (KHTML, like Gecko) Chrome/91.0.4472.101 Safari/537.36"
93.83.167.130 - - [11/Jun/2021:12:40:05 +0200] "GET /reload?ser=1623408005206 HTTP/1.1" 200 28 "http://renault.activities.at/result?dir=DESC&mode=grid&order=name&limit=15&page=3&search=brosch%C3%BCre" "Mozilla/5.0 (Windows NT 10.0; Win64; x64) AppleWebKit/537.36 (KHTML, like Gecko) Chrome/91.0.4472.77 Safari/537.36"
80.122.53.230 - - [11/Jun/2021:12:40:10 +0200] "GET /reload?ser=1623408010943 HTTP/1.1" 200 28 "http://renault.activities.at/result?searchterm=true&search=check" "Mozilla/5.0 (Windows NT 10.0; Win64; x64) AppleWebKit/537.36 (KHTML, like Gecko) Chrome/91.0.4472.77 Safari/537.36"
193.194.132.22 - - [11/Jun/2021:12:40:56 +0200] "GET /reload?ser=1623408056230 HTTP/1.1" 200 28 "http://renault.2web.at/account" "Mozilla/5.0 (Windows NT 10.0; Win64; x64) AppleWebKit/537.36 (KHTML, like Gecko) Chrome/91.0.4472.101 Safari/537.36"
93.83.167.130 - - [11/Jun/2021:12:41:06 +0200] "GET /reload?ser=1623408066200 HTTP/1.1" 200 28 "http://renault.activities.at/result?dir=DESC&mode=grid&order=name&limit=15&page=3&search=brosch%C3%BCre" "Mozilla/5.0 (Windows NT 10.0; Win64; x64) AppleWebKit/537.36 (KHTML, like Gecko) Chrome/91.0.4472.77 Safari/537.36"
80.122.53.230 - - [11/Jun/2021:12:41:11 +0200] "GET /reload?ser=1623408071934 HTTP/1.1" 200 28 "http://renault.activities.at/result?searchterm=true&search=check" "Mozilla/5.0 (Windows NT 10.0; Win64; x64) AppleWebKit/537.36 (KHTML, like Gecko) Chrome/91.0.4472.77 Safari/537.36"
193.194.132.22 - - [11/Jun/2021:12:41:58 +0200] "GET /reload?ser=1623408118229 HTTP/1.1" 200 28 "http://renault.2web.at/account" "Mozilla/5.0 (Windows NT 10.0; Win64; x64) AppleWebKit/537.36 (KHTML, like Gecko) Chrome/91.0.4472.101 Safari/537.36"
93.83.167.130 - - [11/Jun/2021:12:42:07 +0200] "GET /reload?ser=1623408127212 HTTP/1.1" 200 28 "http://renault.activities.at/result?dir=DESC&mode=grid&order=name&limit=15&page=3&search=brosch%C3%BCre" "Mozilla/5.0 (Windows NT 10.0; Win64; x64) AppleWebKit/537.36 (KHTML, like Gecko) Chrome/91.0.4472.77 Safari/537.36"
80.122.53.230 - - [11/Jun/2021:12:42:12 +0200] "GET /reload?ser=1623408132945 HTTP/1.1" 200 28 "http://renault.activities.at/result?searchterm=true&search=check" "Mozilla/5.0 (Windows NT 10.0; Win64; x64) AppleWebKit/537.36 (KHTML, like Gecko) Chrome/91.0.4472.77 Safari/537.36"
193.194.132.22 - - [11/Jun/2021:12:43:00 +0200] "GET /reload?ser=1623408180231 HTTP/1.1" 200 28 "http://renault.2web.at/account" "Mozilla/5.0 (Windows NT 10.0; Win64; x64) AppleWebKit/537.36 (KHTML, like Gecko) Chrome/91.0.4472.101 Safari/537.36"
93.83.167.130 - - [11/Jun/2021:12:43:08 +0200] "GET /reload?ser=1623408188205 HTTP/1.1" 200 28 "http://renault.activities.at/result?dir=DESC&mode=grid&order=name&limit=15&page=3&search=brosch%C3%BCre" "Mozilla/5.0 (Windows NT 10.0; Win64; x64) AppleWebKit/537.36 (KHTML, like Gecko) Chrome/91.0.4472.77 Safari/537.36"
80.122.53.230 - - [11/Jun/2021:12:43:13 +0200] "GET /reload?ser=1623408193940 HTTP/1.1" 200 28 "http://renault.activities.at/result?searchterm=true&search=check" "Mozilla/5.0 (Windows NT 10.0; Win64; x64) AppleWebKit/537.36 (KHTML, like Gecko) Chrome/91.0.4472.77 Safari/537.36"
193.194.132.22 - - [11/Jun/2021:12:44:02 +0200] "GET /reload?ser=1623408242230 HTTP/1.1" 200 28 "http://renault.2web.at/account" "Mozilla/5.0 (Windows NT 10.0; Win64; x64) AppleWebKit/537.36 (KHTML, like Gecko) Chrome/91.0.4472.101 Safari/537.36"
93.83.167.130 - - [11/Jun/2021:12:44:09 +0200] "GET /reload?ser=1623408249207 HTTP/1.1" 200 28 "http://renault.activities.at/result?dir=DESC&mode=grid&order=name&limit=15&page=3&search=brosch%C3%BCre" "Mozilla/5.0 (Windows NT 10.0; Win64; x64) AppleWebKit/537.36 (KHTML, like Gecko) Chrome/91.0.4472.77 Safari/537.36"
80.122.53.230 - - [11/Jun/2021:12:44:14 +0200] "GET /reload?ser=1623408254938 HTTP/1.1" 200 28 "http://renault.activities.at/result?searchterm=true&search=check" "Mozilla/5.0 (Windows NT 10.0; Win64; x64) AppleWebKit/537.36 (KHTML, like Gecko) Chrome/91.0.4472.77 Safari/537.36"
66.249.66.215 - - [11/Jun/2021:12:44:54 +0200] "GET / HTTP/1.1" 200 3315 "-" "Mozilla/5.0 (Linux; Android 6.0.1; Nexus 5X Build/MMB29P) AppleWebKit/537.36 (KHTML, like Gecko) Chrome/91.0.4472.90 Mobile Safari/537.36 (compatible; Googlebot/2.1; +http://www.google.com/bot.html)"
66.249.66.211 - - [11/Jun/2021:12:44:58 +0200] "GET /js/flashdetection.js HTTP/1.1" 200 1059 "http://renault.activities.at/" "Mozilla/5.0 (Linux; Android 6.0.1; Nexus 5X Build/MMB29P) AppleWebKit/537.36 (KHTML, like Gecko) Chrome/91.0.4472.90 Mobile Safari/537.36 (compatible; Googlebot/2.1; +http://www.google.com/bot.html)"
66.249.66.211 - - [11/Jun/2021:12:44:59 +0200] "GET /css/styles.css HTTP/1.1" 200 14664 "http://renault.activities.at/" "Mozilla/5.0 (Linux; Android 6.0.1; Nexus 5X Build/MMB29P) AppleWebKit/537.36 (KHTML, like Gecko) Chrome/91.0.4472.90 Mobile Safari/537.36 (compatible; Googlebot/2.1; +http://www.google.com/bot.html)"
66.249.66.213 - - [11/Jun/2021:12:44:59 +0200] "GET /css/clears.css HTTP/1.1" 200 851 "http://renault.activities.at/" "Mozilla/5.0 (Linux; Android 6.0.1; Nexus 5X Build/MMB29P) AppleWebKit/537.36 (KHTML, like Gecko) Chrome/91.0.4472.90 Mobile Safari/537.36 (compatible; Googlebot/2.1; +http://www.google.com/bot.html)"
66.249.66.211 - - [11/Jun/2021:12:45:01 +0200] "GET /css/reset.css HTTP/1.1" 200 1356 "http://renault.activities.at/" "Mozilla/5.0 (Linux; Android 6.0.1; Nexus 5X Build/MMB29P) AppleWebKit/537.36 (KHTML, like Gecko) Chrome/91.0.4472.90 Mobile Safari/537.36 (compatible; Googlebot/2.1; +http://www.google.com/bot.html)"
66.249.66.213 - - [11/Jun/2021:12:45:02 +0200] "GET /js/checkout.css HTTP/1.1" 200 359 "http://renault.activities.at/" "Mozilla/5.0 (Linux; Android 6.0.1; Nexus 5X Build/MMB29P) AppleWebKit/537.36 (KHTML, like Gecko) Chrome/91.0.4472.90 Mobile Safari/537.36 (compatible; Googlebot/2.1; +http://www.google.com/bot.html)"
66.249.66.211 - - [11/Jun/2021:12:45:03 +0200] "GET /css/prototip.css HTTP/1.1" 200 968 "http://renault.activities.at/" "Mozilla/5.0 (Linux; Android 6.0.1; Nexus 5X Build/MMB29P) AppleWebKit/537.36 (KHTML, like Gecko) Chrome/91.0.4472.90 Mobile Safari/537.36 (compatible; Googlebot/2.1; +http://www.google.com/bot.html)"
66.249.66.211 - - [11/Jun/2021:12:45:04 +0200] "GET /css/print.css HTTP/1.1" 200 543 "http://renault.activities.at/" "Mozilla/5.0 (Linux; Android 6.0.1; Nexus 5X Build/MMB29P) AppleWebKit/537.36 (KHTML, like Gecko) Chrome/91.0.4472.90 Mobile Safari/537.36 (compatible; Googlebot/2.1; +http://www.google.com/bot.html)"
193.194.132.22 - - [11/Jun/2021:12:45:04 +0200] "GET /reload?ser=1623408304231 HTTP/1.1" 200 28 "http://renault.2web.at/account" "Mozilla/5.0 (Windows NT 10.0; Win64; x64) AppleWebKit/537.36 (KHTML, like Gecko) Chrome/91.0.4472.101 Safari/537.36"
93.83.167.130 - - [11/Jun/2021:12:45:10 +0200] "GET /reload?ser=1623408310200 HTTP/1.1" 200 28 "http://renault.activities.at/result?dir=DESC&mode=grid&order=name&limit=15&page=3&search=brosch%C3%BCre" "Mozilla/5.0 (Windows NT 10.0; Win64; x64) AppleWebKit/537.36 (KHTML, like Gecko) Chrome/91.0.4472.77 Safari/537.36"
80.122.53.230 - - [11/Jun/2021:12:45:15 +0200] "GET /reload?ser=1623408315944 HTTP/1.1" 200 28 "http://renault.activities.at/result?searchterm=true&search=check" "Mozilla/5.0 (Windows NT 10.0; Win64; x64) AppleWebKit/537.36 (KHTML, like Gecko) Chrome/91.0.4472.77 Safari/537.36"
193.194.132.22 - - [11/Jun/2021:12:46:06 +0200] "GET /reload?ser=1623408366232 HTTP/1.1" 200 28 "http://renault.2web.at/account" "Mozilla/5.0 (Windows NT 10.0; Win64; x64) AppleWebKit/537.36 (KHTML, like Gecko) Chrome/91.0.4472.101 Safari/537.36"
93.83.167.130 - - [11/Jun/2021:12:46:11 +0200] "GET /reload?ser=1623408371212 HTTP/1.1" 200 28 "http://renault.activities.at/result?dir=DESC&mode=grid&order=name&limit=15&page=3&search=brosch%C3%BCre" "Mozilla/5.0 (Windows NT 10.0; Win64; x64) AppleWebKit/537.36 (KHTML, like Gecko) Chrome/91.0.4472.77 Safari/537.36"
80.122.53.230 - - [11/Jun/2021:12:46:16 +0200] "GET /reload?ser=1623408376951 HTTP/1.1" 200 28 "http://renault.activities.at/result?searchterm=true&search=check" "Mozilla/5.0 (Windows NT 10.0; Win64; x64) AppleWebKit/537.36 (KHTML, like Gecko) Chrome/91.0.4472.77 Safari/537.36"
193.194.132.22 - - [11/Jun/2021:12:47:08 +0200] "GET /reload?ser=1623408428232 HTTP/1.1" 200 28 "http://renault.2web.at/account" "Mozilla/5.0 (Windows NT 10.0; Win64; x64) AppleWebKit/537.36 (KHTML, like Gecko) Chrome/91.0.4472.101 Safari/537.36"
93.83.167.130 - - [11/Jun/2021:12:47:12 +0200] "GET /reload?ser=1623408432207 HTTP/1.1" 200 28 "http://renault.activities.at/result?dir=DESC&mode=grid&order=name&limit=15&page=3&search=brosch%C3%BCre" "Mozilla/5.0 (Windows NT 10.0; Win64; x64) AppleWebKit/537.36 (KHTML, like Gecko) Chrome/91.0.4472.77 Safari/537.36"
80.122.53.230 - - [11/Jun/2021:12:47:17 +0200] "GET /reload?ser=1623408437938 HTTP/1.1" 200 28 "http://renault.activities.at/result?searchterm=true&search=check" "Mozilla/5.0 (Windows NT 10.0; Win64; x64) AppleWebKit/537.36 (KHTML, like Gecko) Chrome/91.0.4472.77 Safari/537.36"
193.194.132.22 - - [11/Jun/2021:12:48:10 +0200] "GET /reload?ser=1623408490231 HTTP/1.1" 200 28 "http://renault.2web.at/account" "Mozilla/5.0 (Windows NT 10.0; Win64; x64) AppleWebKit/537.36 (KHTML, like Gecko) Chrome/91.0.4472.101 Safari/537.36"
93.83.167.130 - - [11/Jun/2021:12:48:13 +0200] "GET /reload?ser=1623408493202 HTTP/1.1" 200 28 "http://renault.activities.at/result?dir=DESC&mode=grid&order=name&limit=15&page=3&search=brosch%C3%BCre" "Mozilla/5.0 (Windows NT 10.0; Win64; x64) AppleWebKit/537.36 (KHTML, like Gecko) Chrome/91.0.4472.77 Safari/537.36"
80.122.53.230 - - [11/Jun/2021:12:48:18 +0200] "GET /reload?ser=1623408498946 HTTP/1.1" 200 28 "http://renault.activities.at/result?searchterm=true&search=check" "Mozilla/5.0 (Windows NT 10.0; Win64; x64) AppleWebKit/537.36 (KHTML, like Gecko) Chrome/91.0.4472.77 Safari/537.36"
193.194.132.22 - - [11/Jun/2021:12:49:12 +0200] "GET /reload?ser=1623408552232 HTTP/1.1" 200 28 "http://renault.2web.at/account" "Mozilla/5.0 (Windows NT 10.0; Win64; x64) AppleWebKit/537.36 (KHTML, like Gecko) Chrome/91.0.4472.101 Safari/537.36"
93.83.167.130 - - [11/Jun/2021:12:49:14 +0200] "GET /reload?ser=1623408554211 HTTP/1.1" 200 28 "http://renault.activities.at/result?dir=DESC&mode=grid&order=name&limit=15&page=3&search=brosch%C3%BCre" "Mozilla/5.0 (Windows NT 10.0; Win64; x64) AppleWebKit/537.36 (KHTML, like Gecko) Chrome/91.0.4472.77 Safari/537.36"
80.122.53.230 - - [11/Jun/2021:12:49:19 +0200] "GET /reload?ser=1623408559936 HTTP/1.1" 200 28 "http://renault.activities.at/result?searchterm=true&search=check" "Mozilla/5.0 (Windows NT 10.0; Win64; x64) AppleWebKit/537.36 (KHTML, like Gecko) Chrome/91.0.4472.77 Safari/537.36"
193.194.132.22 - - [11/Jun/2021:12:50:14 +0200] "GET /reload?ser=1623408614233 HTTP/1.1" 200 28 "http://renault.2web.at/account" "Mozilla/5.0 (Windows NT 10.0; Win64; x64) AppleWebKit/537.36 (KHTML, like Gecko) Chrome/91.0.4472.101 Safari/537.36"
93.83.167.130 - - [11/Jun/2021:12:50:15 +0200] "GET /reload?ser=1623408615205 HTTP/1.1" 200 28 "http://renault.activities.at/result?dir=DESC&mode=grid&order=name&limit=15&page=3&search=brosch%C3%BCre" "Mozilla/5.0 (Windows NT 10.0; Win64; x64) AppleWebKit/537.36 (KHTML, like Gecko) Chrome/91.0.4472.77 Safari/537.36"
80.122.53.230 - - [11/Jun/2021:12:50:20 +0200] "GET /reload?ser=1623408620949 HTTP/1.1" 200 28 "http://renault.activities.at/result?searchterm=true&search=check" "Mozilla/5.0 (Windows NT 10.0; Win64; x64) AppleWebKit/537.36 (KHTML, like Gecko) Chrome/91.0.4472.77 Safari/537.36"
93.83.167.130 - - [11/Jun/2021:12:51:16 +0200] "GET /reload?ser=1623408676214 HTTP/1.1" 200 28 "http://renault.activities.at/result?dir=DESC&mode=grid&order=name&limit=15&page=3&search=brosch%C3%BCre" "Mozilla/5.0 (Windows NT 10.0; Win64; x64) AppleWebKit/537.36 (KHTML, like Gecko) Chrome/91.0.4472.77 Safari/537.36"
193.194.132.22 - - [11/Jun/2021:12:51:16 +0200] "GET /reload?ser=1623408676132 HTTP/1.1" 200 28 "http://renault.2web.at/account" "Mozilla/5.0 (Windows NT 10.0; Win64; x64) AppleWebKit/537.36 (KHTML, like Gecko) Chrome/91.0.4472.101 Safari/537.36"
80.122.53.230 - - [11/Jun/2021:12:51:21 +0200] "GET /reload?ser=1623408681935 HTTP/1.1" 200 28 "http://renault.activities.at/result?searchterm=true&search=check" "Mozilla/5.0 (Windows NT 10.0; Win64; x64) AppleWebKit/537.36 (KHTML, like Gecko) Chrome/91.0.4472.77 Safari/537.36"
93.83.167.130 - - [11/Jun/2021:12:52:17 +0200] "GET /reload?ser=1623408737209 HTTP/1.1" 200 28 "http://renault.activities.at/result?dir=DESC&mode=grid&order=name&limit=15&page=3&search=brosch%C3%BCre" "Mozilla/5.0 (Windows NT 10.0; Win64; x64) AppleWebKit/537.36 (KHTML, like Gecko) Chrome/91.0.4472.77 Safari/537.36"
80.122.53.230 - - [11/Jun/2021:12:52:22 +0200] "GET /reload?ser=1623408742945 HTTP/1.1" 200 28 "http://renault.activities.at/result?searchterm=true&search=check" "Mozilla/5.0 (Windows NT 10.0; Win64; x64) AppleWebKit/537.36 (KHTML, like Gecko) Chrome/91.0.4472.77 Safari/537.36"
93.83.167.130 - - [11/Jun/2021:12:53:18 +0200] "GET /reload?ser=1623408798205 HTTP/1.1" 200 28 "http://renault.activities.at/result?dir=DESC&mode=grid&order=name&limit=15&page=3&search=brosch%C3%BCre" "Mozilla/5.0 (Windows NT 10.0; Win64; x64) AppleWebKit/537.36 (KHTML, like Gecko) Chrome/91.0.4472.77 Safari/537.36"
80.122.53.230 - - [11/Jun/2021:12:53:23 +0200] "GET /reload?ser=1623408803945 HTTP/1.1" 200 28 "http://renault.activities.at/result?searchterm=true&search=check" "Mozilla/5.0 (Windows NT 10.0; Win64; x64) AppleWebKit/537.36 (KHTML, like Gecko) Chrome/91.0.4472.77 Safari/537.36"
93.83.167.130 - - [11/Jun/2021:12:54:19 +0200] "GET /reload?ser=1623408859204 HTTP/1.1" 200 28 "http://renault.activities.at/result?dir=DESC&mode=grid&order=name&limit=15&page=3&search=brosch%C3%BCre" "Mozilla/5.0 (Windows NT 10.0; Win64; x64) AppleWebKit/537.36 (KHTML, like Gecko) Chrome/91.0.4472.77 Safari/537.36"
80.122.53.230 - - [11/Jun/2021:12:54:24 +0200] "GET /reload?ser=1623408864936 HTTP/1.1" 200 28 "http://renault.activities.at/result?searchterm=true&search=check" "Mozilla/5.0 (Windows NT 10.0; Win64; x64) AppleWebKit/537.36 (KHTML, like Gecko) Chrome/91.0.4472.77 Safari/537.36"
80.122.53.230 - - [11/Jun/2021:12:54:36 +0200] "GET / HTTP/1.1" 200 3315 "-" "Mozilla/5.0 (Windows NT 10.0; Win64; x64) AppleWebKit/537.36 (KHTML, like Gecko) Chrome/91.0.4472.101 Safari/537.36"
80.122.53.230 - - [11/Jun/2021:12:54:37 +0200] "GET /loadthumbnail.php?id=11127982 HTTP/1.1" 200 399614 "http://renault.activities.at/" "Mozilla/5.0 (Windows NT 10.0; Win64; x64) AppleWebKit/537.36 (KHTML, like Gecko) Chrome/91.0.4472.101 Safari/537.36"
80.122.53.230 - - [11/Jun/2021:12:54:38 +0200] "GET /images/favicon.ico HTTP/1.1" 404 305 "http://renault.activities.at/" "Mozilla/5.0 (Windows NT 10.0; Win64; x64) AppleWebKit/537.36 (KHTML, like Gecko) Chrome/91.0.4472.101 Safari/537.36"
80.122.53.230 - - [11/Jun/2021:12:54:40 +0200] "GET /login HTTP/1.1" 200 2085 "http://renault.activities.at/" "Mozilla/5.0 (Windows NT 10.0; Win64; x64) AppleWebKit/537.36 (KHTML, like Gecko) Chrome/91.0.4472.101 Safari/537.36"
80.122.53.230 - - [11/Jun/2021:12:54:44 +0200] "POST /login HTTP/1.1" 302 140 "http://renault.activities.at/login" "Mozilla/5.0 (Windows NT 10.0; Win64; x64) AppleWebKit/537.36 (KHTML, like Gecko) Chrome/91.0.4472.101 Safari/537.36"
80.122.53.230 - - [11/Jun/2021:12:54:46 +0200] "GET /account HTTP/1.1" 200 6658 "http://renault.activities.at/login" "Mozilla/5.0 (Windows NT 10.0; Win64; x64) AppleWebKit/537.36 (KHTML, like Gecko) Chrome/91.0.4472.101 Safari/537.36"
80.122.53.230 - - [11/Jun/2021:12:54:49 +0200] "GET /loadthumbnail.php?id=11181226&width=50&height=50 HTTP/1.1" 200 1016 "http://renault.activities.at/account" "Mozilla/5.0 (Windows NT 10.0; Win64; x64) AppleWebKit/537.36 (KHTML, like Gecko) Chrome/91.0.4472.101 Safari/537.36"
80.122.53.230 - - [11/Jun/2021:12:55:09 +0200] "GET /result?searchterm=true&search=megane HTTP/1.1" 200 8536 "http://renault.activities.at/account" "Mozilla/5.0 (Windows NT 10.0; Win64; x64) AppleWebKit/537.36 (KHTML, like Gecko) Chrome/91.0.4472.101 Safari/537.36"
80.122.53.230 - - [11/Jun/2021:12:55:12 +0200] "GET /loadthumbnail.php?id=10203276 HTTP/1.1" 200 75 "http://renault.activities.at/result?searchterm=true&search=megane" "Mozilla/5.0 (Windows NT 10.0; Win64; x64) AppleWebKit/537.36 (KHTML, like Gecko) Chrome/91.0.4472.101 Safari/537.36"
80.122.53.230 - - [11/Jun/2021:12:55:12 +0200] "GET /loadthumbnail.php?id=11181185&width=113 HTTP/1.1" 200 1532 "http://renault.activities.at/result?searchterm=true&search=megane" "Mozilla/5.0 (Windows NT 10.0; Win64; x64) AppleWebKit/537.36 (KHTML, like Gecko) Chrome/91.0.4472.101 Safari/537.36"
80.122.53.230 - - [11/Jun/2021:12:55:12 +0200] "GET /loadthumbnail.php?id=10203255 HTTP/1.1" 200 137 "http://renault.activities.at/result?searchterm=true&search=megane" "Mozilla/5.0 (Windows NT 10.0; Win64; x64) AppleWebKit/537.36 (KHTML, like Gecko) Chrome/91.0.4472.101 Safari/537.36"
80.122.53.230 - - [11/Jun/2021:12:55:12 +0200] "GET /loadthumbnail.php?id=11181180&width=113 HTTP/1.1" 200 1834 "http://renault.activities.at/result?searchterm=true&search=megane" "Mozilla/5.0 (Windows NT 10.0; Win64; x64) AppleWebKit/537.36 (KHTML, like Gecko) Chrome/91.0.4472.101 Safari/537.36"
80.122.53.230 - - [11/Jun/2021:12:55:12 +0200] "GET /loadthumbnail.php?id=11181187&width=113 HTTP/1.1" 200 1532 "http://renault.activities.at/result?searchterm=true&search=megane" "Mozilla/5.0 (Windows NT 10.0; Win64; x64) AppleWebKit/537.36 (KHTML, like Gecko) Chrome/91.0.4472.101 Safari/537.36"
80.122.53.230 - - [11/Jun/2021:12:55:12 +0200] "GET /loadthumbnail.php?id=12328160&width=113 HTTP/1.1" 200 2784 "http://renault.activities.at/result?searchterm=true&search=megane" "Mozilla/5.0 (Windows NT 10.0; Win64; x64) AppleWebKit/537.36 (KHTML, like Gecko) Chrome/91.0.4472.101 Safari/537.36"
80.122.53.230 - - [11/Jun/2021:12:55:12 +0200] "GET /loadthumbnail.php?id=11181168&width=113 HTTP/1.1" 200 847 "http://renault.activities.at/result?searchterm=true&search=megane" "Mozilla/5.0 (Windows NT 10.0; Win64; x64) AppleWebKit/537.36 (KHTML, like Gecko) Chrome/91.0.4472.101 Safari/537.36"
80.122.53.230 - - [11/Jun/2021:12:55:12 +0200] "GET /loadthumbnail.php?id=11181178&width=113 HTTP/1.1" 200 1834 "http://renault.activities.at/result?searchterm=true&search=megane" "Mozilla/5.0 (Windows NT 10.0; Win64; x64) AppleWebKit/537.36 (KHTML, like Gecko) Chrome/91.0.4472.101 Safari/537.36"
80.122.53.230 - - [11/Jun/2021:12:55:12 +0200] "GET /loadthumbnail.php?id=11181199&width=113 HTTP/1.1" 200 1829 "http://renault.activities.at/result?searchterm=true&search=megane" "Mozilla/5.0 (Windows NT 10.0; Win64; x64) AppleWebKit/537.36 (KHTML, like Gecko) Chrome/91.0.4472.101 Safari/537.36"
80.122.53.230 - - [11/Jun/2021:12:55:12 +0200] "GET /loadthumbnail.php?id=11181166&width=113 HTTP/1.1" 200 847 "http://renault.activities.at/result?searchterm=true&search=megane" "Mozilla/5.0 (Windows NT 10.0; Win64; x64) AppleWebKit/537.36 (KHTML, like Gecko) Chrome/91.0.4472.101 Safari/537.36"
80.122.53.230 - - [11/Jun/2021:12:55:12 +0200] "GET /loadthumbnail.php?id=11194700&width=113 HTTP/1.1" 200 1829 "http://renault.activities.at/result?searchterm=true&search=megane" "Mozilla/5.0 (Windows NT 10.0; Win64; x64) AppleWebKit/537.36 (KHTML, like Gecko) Chrome/91.0.4472.101 Safari/537.36"
80.122.53.230 - - [11/Jun/2021:12:55:12 +0200] "GET /loadthumbnail.php?id=11181197&width=113 HTTP/1.1" 200 1829 "http://renault.activities.at/result?searchterm=true&search=megane" "Mozilla/5.0 (Windows NT 10.0; Win64; x64) AppleWebKit/537.36 (KHTML, like Gecko) Chrome/91.0.4472.101 Safari/537.36"
80.122.53.230 - - [11/Jun/2021:12:55:12 +0200] "GET /loadthumbnail.php?id=11181172&width=113 HTTP/1.1" 200 1576 "http://renault.activities.at/result?searchterm=true&search=megane" "Mozilla/5.0 (Windows NT 10.0; Win64; x64) AppleWebKit/537.36 (KHTML, like Gecko) Chrome/91.0.4472.101 Safari/537.36"
80.122.53.230 - - [11/Jun/2021:12:55:12 +0200] "GET /loadthumbnail.php?id=11181170&width=113 HTTP/1.1" 200 1576 "http://renault.activities.at/result?searchterm=true&search=megane" "Mozilla/5.0 (Windows NT 10.0; Win64; x64) AppleWebKit/537.36 (KHTML, like Gecko) Chrome/91.0.4472.101 Safari/537.36"
80.122.53.230 - - [11/Jun/2021:12:55:12 +0200] "GET /loadthumbnail.php?id=12255324&width=113 HTTP/1.1" 200 2018 "http://renault.activities.at/result?searchterm=true&search=megane" "Mozilla/5.0 (Windows NT 10.0; Win64; x64) AppleWebKit/537.36 (KHTML, like Gecko) Chrome/91.0.4472.101 Safari/537.36"
80.122.53.230 - - [11/Jun/2021:12:55:12 +0200] "GET /loadthumbnail.php?id=12255321&width=113 HTTP/1.1" 200 2018 "http://renault.activities.at/result?searchterm=true&search=megane" "Mozilla/5.0 (Windows NT 10.0; Win64; x64) AppleWebKit/537.36 (KHTML, like Gecko) Chrome/91.0.4472.101 Safari/537.36"
80.122.53.230 - - [11/Jun/2021:12:55:12 +0200] "GET /loadthumbnail.php?id=12255323&width=113 HTTP/1.1" 200 2018 "http://renault.activities.at/result?searchterm=true&search=megane" "Mozilla/5.0 (Windows NT 10.0; Win64; x64) AppleWebKit/537.36 (KHTML, like Gecko) Chrome/91.0.4472.101 Safari/537.36"
80.122.53.230 - - [11/Jun/2021:12:55:09 +0200] "POST /axjaxrequest?mode=suggest HTTP/1.1" 200 137 "http://renault.activities.at/account" "Mozilla/5.0 (Windows NT 10.0; Win64; x64) AppleWebKit/537.36 (KHTML, like Gecko) Chrome/91.0.4472.101 Safari/537.36"
93.83.167.130 - - [11/Jun/2021:12:55:20 +0200] "GET /reload?ser=1623408920210 HTTP/1.1" 200 28 "http://renault.activities.at/result?dir=DESC&mode=grid&order=name&limit=15&page=3&search=brosch%C3%BCre" "Mozilla/5.0 (Windows NT 10.0; Win64; x64) AppleWebKit/537.36 (KHTML, like Gecko) Chrome/91.0.4472.77 Safari/537.36"
80.122.53.230 - - [11/Jun/2021:12:55:20 +0200] "POST /result?searchterm=true&search=megane HTTP/1.1" 200 8729 "http://renault.activities.at/result?searchterm=true&search=megane" "Mozilla/5.0 (Windows NT 10.0; Win64; x64) AppleWebKit/537.36 (KHTML, like Gecko) Chrome/91.0.4472.101 Safari/537.36"
80.122.53.230 - - [11/Jun/2021:12:55:25 +0200] "GET /reload?ser=1623408925944 HTTP/1.1" 200 28 "http://renault.activities.at/result?searchterm=true&search=check" "Mozilla/5.0 (Windows NT 10.0; Win64; x64) AppleWebKit/537.36 (KHTML, like Gecko) Chrome/91.0.4472.77 Safari/537.36"
80.122.53.230 - - [11/Jun/2021:12:55:27 +0200] "GET /result?searchterm=true&search=arkana HTTP/1.1" 200 6449 "http://renault.activities.at/result?searchterm=true&search=megane" "Mozilla/5.0 (Windows NT 10.0; Win64; x64) AppleWebKit/537.36 (KHTML, like Gecko) Chrome/91.0.4472.101 Safari/537.36"
80.122.53.230 - - [11/Jun/2021:12:55:29 +0200] "GET /loadthumbnail.php?id=12358950&width=113 HTTP/1.1" 200 1680 "http://renault.activities.at/result?searchterm=true&search=arkana" "Mozilla/5.0 (Windows NT 10.0; Win64; x64) AppleWebKit/537.36 (KHTML, like Gecko) Chrome/91.0.4472.101 Safari/537.36"
80.122.53.230 - - [11/Jun/2021:12:55:29 +0200] "GET /loadthumbnail.php?id=12358949&width=113 HTTP/1.1" 200 2061 "http://renault.activities.at/result?searchterm=true&search=arkana" "Mozilla/5.0 (Windows NT 10.0; Win64; x64) AppleWebKit/537.36 (KHTML, like Gecko) Chrome/91.0.4472.101 Safari/537.36"
80.122.53.230 - - [11/Jun/2021:12:55:29 +0200] "GET /loadthumbnail.php?id=12414627&width=113 HTTP/1.1" 200 3273 "http://renault.activities.at/result?searchterm=true&search=arkana" "Mozilla/5.0 (Windows NT 10.0; Win64; x64) AppleWebKit/537.36 (KHTML, like Gecko) Chrome/91.0.4472.101 Safari/537.36"
80.122.53.230 - - [11/Jun/2021:12:55:27 +0200] "POST /axjaxrequest?mode=suggest HTTP/1.1" 200 111 "http://renault.activities.at/result?searchterm=true&search=megane" "Mozilla/5.0 (Windows NT 10.0; Win64; x64) AppleWebKit/537.36 (KHTML, like Gecko) Chrome/91.0.4472.101 Safari/537.36"
80.122.53.230 - - [11/Jun/2021:12:55:32 +0200] "GET /result?searchterm=true&search=scneic HTTP/1.1" 200 4814 "http://renault.activities.at/result?searchterm=true&search=arkana" "Mozilla/5.0 (Windows NT 10.0; Win64; x64) AppleWebKit/537.36 (KHTML, like Gecko) Chrome/91.0.4472.101 Safari/537.36"
80.122.53.230 - - [11/Jun/2021:12:55:33 +0200] "GET /images/note_msg_icon.gif HTTP/1.1" 200 1022 "http://renault.activities.at/css/styles.css" "Mozilla/5.0 (Windows NT 10.0; Win64; x64) AppleWebKit/537.36 (KHTML, like Gecko) Chrome/91.0.4472.101 Safari/537.36"
80.122.53.230 - - [11/Jun/2021:12:55:32 +0200] "POST /axjaxrequest?mode=suggest HTTP/1.1" 200 21 "http://renault.activities.at/result?searchterm=true&search=arkana" "Mozilla/5.0 (Windows NT 10.0; Win64; x64) AppleWebKit/537.36 (KHTML, like Gecko) Chrome/91.0.4472.101 Safari/537.36"
80.122.53.230 - - [11/Jun/2021:12:55:35 +0200] "GET /result?searchterm=true&search=scenic HTTP/1.1" 200 8611 "http://renault.activities.at/result?searchterm=true&search=scneic" "Mozilla/5.0 (Windows NT 10.0; Win64; x64) AppleWebKit/537.36 (KHTML, like Gecko) Chrome/91.0.4472.101 Safari/537.36"
80.122.53.230 - - [11/Jun/2021:12:55:38 +0200] "GET /loadthumbnail.php?id=11181227&width=113 HTTP/1.1" 200 1322 "http://renault.activities.at/result?searchterm=true&search=scenic" "Mozilla/5.0 (Windows NT 10.0; Win64; x64) AppleWebKit/537.36 (KHTML, like Gecko) Chrome/91.0.4472.101 Safari/537.36"
80.122.53.230 - - [11/Jun/2021:12:55:38 +0200] "GET /loadthumbnail.php?id=12122446&width=113 HTTP/1.1" 200 3706 "http://renault.activities.at/result?searchterm=true&search=scenic" "Mozilla/5.0 (Windows NT 10.0; Win64; x64) AppleWebKit/537.36 (KHTML, like Gecko) Chrome/91.0.4472.101 Safari/537.36"
80.122.53.230 - - [11/Jun/2021:12:55:38 +0200] "GET /loadthumbnail.php?id=11194725&width=113 HTTP/1.1" 200 1322 "http://renault.activities.at/result?searchterm=true&search=scenic" "Mozilla/5.0 (Windows NT 10.0; Win64; x64) AppleWebKit/537.36 (KHTML, like Gecko) Chrome/91.0.4472.101 Safari/537.36"
80.122.53.230 - - [11/Jun/2021:12:55:38 +0200] "GET /loadthumbnail.php?id=11181225&width=113 HTTP/1.1" 200 1322 "http://renault.activities.at/result?searchterm=true&search=scenic" "Mozilla/5.0 (Windows NT 10.0; Win64; x64) AppleWebKit/537.36 (KHTML, like Gecko) Chrome/91.0.4472.101 Safari/537.36"
80.122.53.230 - - [11/Jun/2021:12:55:38 +0200] "GET /loadthumbnail.php?id=11186495&width=113 HTTP/1.1" 200 1974 "http://renault.activities.at/result?searchterm=true&search=scenic" "Mozilla/5.0 (Windows NT 10.0; Win64; x64) AppleWebKit/537.36 (KHTML, like Gecko) Chrome/91.0.4472.101 Safari/537.36"
80.122.53.230 - - [11/Jun/2021:12:55:38 +0200] "GET /loadthumbnail.php?id=11186469&width=113 HTTP/1.1" 200 1278 "http://renault.activities.at/result?searchterm=true&search=scenic" "Mozilla/5.0 (Windows NT 10.0; Win64; x64) AppleWebKit/537.36 (KHTML, like Gecko) Chrome/91.0.4472.101 Safari/537.36"
80.122.53.230 - - [11/Jun/2021:12:55:39 +0200] "GET /loadthumbnail.php?id=10203650&width=113 HTTP/1.1" 200 2741 "http://renault.activities.at/result?searchterm=true&search=scenic" "Mozilla/5.0 (Windows NT 10.0; Win64; x64) AppleWebKit/537.36 (KHTML, like Gecko) Chrome/91.0.4472.101 Safari/537.36"
80.122.53.230 - - [11/Jun/2021:12:55:39 +0200] "GET /loadthumbnail.php?id=11186483&width=113 HTTP/1.1" 200 1974 "http://renault.activities.at/result?searchterm=true&search=scenic" "Mozilla/5.0 (Windows NT 10.0; Win64; x64) AppleWebKit/537.36 (KHTML, like Gecko) Chrome/91.0.4472.101 Safari/537.36"
80.122.53.230 - - [11/Jun/2021:12:55:36 +0200] "POST /axjaxrequest?mode=suggest HTTP/1.1" 200 111 "http://renault.activities.at/result?searchterm=true&search=scneic" "Mozilla/5.0 (Windows NT 10.0; Win64; x64) AppleWebKit/537.36 (KHTML, like Gecko) Chrome/91.0.4472.101 Safari/537.36"
80.122.53.230 - - [11/Jun/2021:12:55:42 +0200] "GET /result?dir=DESC&mode=grid&order=name&limit=15&page=2&search=scenic HTTP/1.1" 200 6451 "http://renault.activities.at/result?searchterm=true&search=scenic" "Mozilla/5.0 (Windows NT 10.0; Win64; x64) AppleWebKit/537.36 (KHTML, like Gecko) Chrome/91.0.4472.101 Safari/537.36"
80.122.53.230 - - [11/Jun/2021:12:55:44 +0200] "GET /loadthumbnail.php?id=10203275 HTTP/1.1" 200 85 "http://renault.activities.at/result?dir=DESC&mode=grid&order=name&limit=15&page=2&search=scenic" "Mozilla/5.0 (Windows NT 10.0; Win64; x64) AppleWebKit/537.36 (KHTML, like Gecko) Chrome/91.0.4472.101 Safari/537.36"
80.122.53.230 - - [11/Jun/2021:12:55:44 +0200] "GET /loadthumbnail.php?id=12421069&width=113 HTTP/1.1" 200 3330 "http://renault.activities.at/result?dir=DESC&mode=grid&order=name&limit=15&page=2&search=scenic" "Mozilla/5.0 (Windows NT 10.0; Win64; x64) AppleWebKit/537.36 (KHTML, like Gecko) Chrome/91.0.4472.101 Safari/537.36"
80.122.53.230 - - [11/Jun/2021:12:55:44 +0200] "GET /loadthumbnail.php?id=11255648&width=113 HTTP/1.1" 200 1285 "http://renault.activities.at/result?dir=DESC&mode=grid&order=name&limit=15&page=2&search=scenic" "Mozilla/5.0 (Windows NT 10.0; Win64; x64) AppleWebKit/537.36 (KHTML, like Gecko) Chrome/91.0.4472.101 Safari/537.36"
93.83.167.130 - - [11/Jun/2021:12:56:21 +0200] "GET /reload?ser=1623408981210 HTTP/1.1" 200 28 "http://renault.activities.at/result?dir=DESC&mode=grid&order=name&limit=15&page=3&search=brosch%C3%BCre" "Mozilla/5.0 (Windows NT 10.0; Win64; x64) AppleWebKit/537.36 (KHTML, like Gecko) Chrome/91.0.4472.77 Safari/537.36"
80.122.53.230 - - [11/Jun/2021:12:56:26 +0200] "GET /reload?ser=1623408986946 HTTP/1.1" 200 28 "http://renault.activities.at/result?searchterm=true&search=check" "Mozilla/5.0 (Windows NT 10.0; Win64; x64) AppleWebKit/537.36 (KHTML, like Gecko) Chrome/91.0.4472.77 Safari/537.36"
80.122.53.230 - - [11/Jun/2021:12:56:26 +0200] "GET /checkout HTTP/1.1" 200 20609 "http://renault.activities.at/result?dir=DESC&mode=grid&order=name&limit=15&page=2&search=scenic" "Mozilla/5.0 (Windows NT 10.0; Win64; x64) AppleWebKit/537.36 (KHTML, like Gecko) Chrome/91.0.4472.101 Safari/537.36"
80.122.53.230 - - [11/Jun/2021:12:56:31 +0200] "GET /loadthumbnail.php?id=10201939 HTTP/1.1" 200 201 "http://renault.activities.at/checkout" "Mozilla/5.0 (Windows NT 10.0; Win64; x64) AppleWebKit/537.36 (KHTML, like Gecko) Chrome/91.0.4472.101 Safari/537.36"
80.122.53.230 - - [11/Jun/2021:12:56:31 +0200] "GET /loadthumbnail.php?id=10202698 HTTP/1.1" 200 16686 "http://renault.activities.at/checkout" "Mozilla/5.0 (Windows NT 10.0; Win64; x64) AppleWebKit/537.36 (KHTML, like Gecko) Chrome/91.0.4472.101 Safari/537.36"
80.122.53.230 - - [11/Jun/2021:12:56:38 +0200] "POST /docheckout HTTP/1.1" 200 458 "http://renault.activities.at/checkout" "Mozilla/5.0 (Windows NT 10.0; Win64; x64) AppleWebKit/537.36 (KHTML, like Gecko) Chrome/91.0.4472.101 Safari/537.36"
80.122.53.230 - - [11/Jun/2021:12:56:42 +0200] "POST /docheckout HTTP/1.1" 200 632 "http://renault.activities.at/checkout" "Mozilla/5.0 (Windows NT 10.0; Win64; x64) AppleWebKit/537.36 (KHTML, like Gecko) Chrome/91.0.4472.101 Safari/537.36"
80.122.53.230 - - [11/Jun/2021:12:56:45 +0200] "POST /docheckout HTTP/1.1" 200 68 "http://renault.activities.at/checkout" "Mozilla/5.0 (Windows NT 10.0; Win64; x64) AppleWebKit/537.36 (KHTML, like Gecko) Chrome/91.0.4472.101 Safari/537.36"
80.122.53.230 - - [11/Jun/2021:12:56:48 +0200] "GET /success HTTP/1.1" 200 3944 "http://renault.activities.at/checkout" "Mozilla/5.0 (Windows NT 10.0; Win64; x64) AppleWebKit/537.36 (KHTML, like Gecko) Chrome/91.0.4472.101 Safari/537.36"
80.122.53.230 - - [11/Jun/2021:12:56:54 +0200] "GET /logout HTTP/1.1" 302 140 "http://renault.activities.at/success" "Mozilla/5.0 (Windows NT 10.0; Win64; x64) AppleWebKit/537.36 (KHTML, like Gecko) Chrome/91.0.4472.101 Safari/537.36"
80.122.53.230 - - [11/Jun/2021:12:56:55 +0200] "GET /logout HTTP/1.1" 200 1583 "http://renault.activities.at/success" "Mozilla/5.0 (Windows NT 10.0; Win64; x64) AppleWebKit/537.36 (KHTML, like Gecko) Chrome/91.0.4472.101 Safari/537.36"
93.83.167.130 - - [11/Jun/2021:12:57:22 +0200] "GET /reload?ser=1623409042207 HTTP/1.1" 200 28 "http://renault.activities.at/result?dir=DESC&mode=grid&order=name&limit=15&page=3&search=brosch%C3%BCre" "Mozilla/5.0 (Windows NT 10.0; Win64; x64) AppleWebKit/537.36 (KHTML, like Gecko) Chrome/91.0.4472.77 Safari/537.36"
80.122.53.230 - - [11/Jun/2021:12:57:27 +0200] "GET /reload?ser=1623409047934 HTTP/1.1" 200 28 "http://renault.activities.at/result?searchterm=true&search=check" "Mozilla/5.0 (Windows NT 10.0; Win64; x64) AppleWebKit/537.36 (KHTML, like Gecko) Chrome/91.0.4472.77 Safari/537.36"
93.83.167.130 - - [11/Jun/2021:12:58:23 +0200] "GET /reload?ser=1623409103202 HTTP/1.1" 200 28 "http://renault.activities.at/result?dir=DESC&mode=grid&order=name&limit=15&page=3&search=brosch%C3%BCre" "Mozilla/5.0 (Windows NT 10.0; Win64; x64) AppleWebKit/537.36 (KHTML, like Gecko) Chrome/91.0.4472.77 Safari/537.36"
80.122.53.230 - - [11/Jun/2021:12:58:28 +0200] "GET /reload?ser=1623409108936 HTTP/1.1" 200 28 "http://renault.activities.at/result?searchterm=true&search=check" "Mozilla/5.0 (Windows NT 10.0; Win64; x64) AppleWebKit/537.36 (KHTML, like Gecko) Chrome/91.0.4472.77 Safari/537.36"
93.83.167.130 - - [11/Jun/2021:12:59:24 +0200] "GET /reload?ser=1623409164206 HTTP/1.1" 200 28 "http://renault.activities.at/result?dir=DESC&mode=grid&order=name&limit=15&page=3&search=brosch%C3%BCre" "Mozilla/5.0 (Windows NT 10.0; Win64; x64) AppleWebKit/537.36 (KHTML, like Gecko) Chrome/91.0.4472.77 Safari/537.36"
80.122.53.230 - - [11/Jun/2021:12:59:29 +0200] "GET /reload?ser=1623409169947 HTTP/1.1" 200 28 "http://renault.activities.at/result?searchterm=true&search=check" "Mozilla/5.0 (Windows NT 10.0; Win64; x64) AppleWebKit/537.36 (KHTML, like Gecko) Chrome/91.0.4472.77 Safari/537.36"
93.83.167.130 - - [11/Jun/2021:13:00:25 +0200] "GET /reload?ser=1623409225201 HTTP/1.1" 200 28 "http://renault.activities.at/result?dir=DESC&mode=grid&order=name&limit=15&page=3&search=brosch%C3%BCre" "Mozilla/5.0 (Windows NT 10.0; Win64; x64) AppleWebKit/537.36 (KHTML, like Gecko) Chrome/91.0.4472.77 Safari/537.36"
80.122.53.230 - - [11/Jun/2021:13:00:30 +0200] "GET /reload?ser=1623409230939 HTTP/1.1" 200 28 "http://renault.activities.at/result?searchterm=true&search=check" "Mozilla/5.0 (Windows NT 10.0; Win64; x64) AppleWebKit/537.36 (KHTML, like Gecko) Chrome/91.0.4472.77 Safari/537.36"
93.83.167.130 - - [11/Jun/2021:13:01:26 +0200] "GET /reload?ser=1623409286206 HTTP/1.1" 200 28 "http://renault.activities.at/result?dir=DESC&mode=grid&order=name&limit=15&page=3&search=brosch%C3%BCre" "Mozilla/5.0 (Windows NT 10.0; Win64; x64) AppleWebKit/537.36 (KHTML, like Gecko) Chrome/91.0.4472.77 Safari/537.36"
80.122.53.230 - - [11/Jun/2021:13:01:31 +0200] "GET /reload?ser=1623409291944 HTTP/1.1" 200 28 "http://renault.activities.at/result?searchterm=true&search=check" "Mozilla/5.0 (Windows NT 10.0; Win64; x64) AppleWebKit/537.36 (KHTML, like Gecko) Chrome/91.0.4472.77 Safari/537.36"
93.83.167.130 - - [11/Jun/2021:13:02:27 +0200] "GET /reload?ser=1623409347210 HTTP/1.1" 200 28 "http://renault.activities.at/result?dir=DESC&mode=grid&order=name&limit=15&page=3&search=brosch%C3%BCre" "Mozilla/5.0 (Windows NT 10.0; Win64; x64) AppleWebKit/537.36 (KHTML, like Gecko) Chrome/91.0.4472.77 Safari/537.36"
80.122.53.230 - - [11/Jun/2021:13:02:33 +0200] "GET /reload?ser=1623409353944 HTTP/1.1" 200 28 "http://renault.activities.at/result?searchterm=true&search=check" "Mozilla/5.0 (Windows NT 10.0; Win64; x64) AppleWebKit/537.36 (KHTML, like Gecko) Chrome/91.0.4472.77 Safari/537.36"
93.83.167.130 - - [11/Jun/2021:13:03:28 +0200] "GET /reload?ser=1623409408213 HTTP/1.1" 200 28 "http://renault.activities.at/result?dir=DESC&mode=grid&order=name&limit=15&page=3&search=brosch%C3%BCre" "Mozilla/5.0 (Windows NT 10.0; Win64; x64) AppleWebKit/537.36 (KHTML, like Gecko) Chrome/91.0.4472.77 Safari/537.36"
80.122.53.230 - - [11/Jun/2021:13:03:35 +0200] "GET /reload?ser=1623409414952 HTTP/1.1" 200 28 "http://renault.activities.at/result?searchterm=true&search=check" "Mozilla/5.0 (Windows NT 10.0; Win64; x64) AppleWebKit/537.36 (KHTML, like Gecko) Chrome/91.0.4472.77 Safari/537.36"
93.83.167.130 - - [11/Jun/2021:13:04:29 +0200] "GET /reload?ser=1623409469212 HTTP/1.1" 200 28 "http://renault.activities.at/result?dir=DESC&mode=grid&order=name&limit=15&page=3&search=brosch%C3%BCre" "Mozilla/5.0 (Windows NT 10.0; Win64; x64) AppleWebKit/537.36 (KHTML, like Gecko) Chrome/91.0.4472.77 Safari/537.36"
80.122.53.230 - - [11/Jun/2021:13:04:35 +0200] "GET /reload?ser=1623409475938 HTTP/1.1" 200 28 "http://renault.activities.at/result?searchterm=true&search=check" "Mozilla/5.0 (Windows NT 10.0; Win64; x64) AppleWebKit/537.36 (KHTML, like Gecko) Chrome/91.0.4472.77 Safari/537.36"
93.83.167.130 - - [11/Jun/2021:13:05:30 +0200] "GET /reload?ser=1623409530214 HTTP/1.1" 200 28 "http://renault.activities.at/result?dir=DESC&mode=grid&order=name&limit=15&page=3&search=brosch%C3%BCre" "Mozilla/5.0 (Windows NT 10.0; Win64; x64) AppleWebKit/537.36 (KHTML, like Gecko) Chrome/91.0.4472.77 Safari/537.36"
80.122.53.230 - - [11/Jun/2021:13:05:36 +0200] "GET /reload?ser=1623409536949 HTTP/1.1" 200 28 "http://renault.activities.at/result?searchterm=true&search=check" "Mozilla/5.0 (Windows NT 10.0; Win64; x64) AppleWebKit/537.36 (KHTML, like Gecko) Chrome/91.0.4472.77 Safari/537.36"
93.83.167.130 - - [11/Jun/2021:13:06:31 +0200] "GET /reload?ser=1623409591211 HTTP/1.1" 200 28 "http://renault.activities.at/result?dir=DESC&mode=grid&order=name&limit=15&page=3&search=brosch%C3%BCre" "Mozilla/5.0 (Windows NT 10.0; Win64; x64) AppleWebKit/537.36 (KHTML, like Gecko) Chrome/91.0.4472.77 Safari/537.36"
80.122.53.230 - - [11/Jun/2021:13:06:37 +0200] "GET /reload?ser=1623409597948 HTTP/1.1" 200 28 "http://renault.activities.at/result?searchterm=true&search=check" "Mozilla/5.0 (Windows NT 10.0; Win64; x64) AppleWebKit/537.36 (KHTML, like Gecko) Chrome/91.0.4472.77 Safari/537.36"
193.194.132.28 - - [11/Jun/2021:13:06:41 +0200] "GET / HTTP/1.1" 200 3318 "-" "Mozilla/5.0 (Windows NT 10.0; Win64; x64) AppleWebKit/537.36 (KHTML, like Gecko) Chrome/91.0.4472.77 Safari/537.36"
193.194.132.28 - - [11/Jun/2021:13:06:43 +0200] "GET /images/favicon.ico HTTP/1.1" 404 300 "http://renault.2web.at/" "Mozilla/5.0 (Windows NT 10.0; Win64; x64) AppleWebKit/537.36 (KHTML, like Gecko) Chrome/91.0.4472.77 Safari/537.36"
193.194.132.28 - - [11/Jun/2021:13:06:52 +0200] "GET /login HTTP/1.1" 200 2095 "http://renault.2web.at/" "Mozilla/5.0 (Windows NT 10.0; Win64; x64) AppleWebKit/537.36 (KHTML, like Gecko) Chrome/91.0.4472.77 Safari/537.36"
93.83.167.130 - - [11/Jun/2021:13:07:32 +0200] "GET /reload?ser=1623409652204 HTTP/1.1" 200 28 "http://renault.activities.at/result?dir=DESC&mode=grid&order=name&limit=15&page=3&search=brosch%C3%BCre" "Mozilla/5.0 (Windows NT 10.0; Win64; x64) AppleWebKit/537.36 (KHTML, like Gecko) Chrome/91.0.4472.77 Safari/537.36"
80.122.53.230 - - [11/Jun/2021:13:07:39 +0200] "GET /reload?ser=1623409658950 HTTP/1.1" 200 28 "http://renault.activities.at/result?searchterm=true&search=check" "Mozilla/5.0 (Windows NT 10.0; Win64; x64) AppleWebKit/537.36 (KHTML, like Gecko) Chrome/91.0.4472.77 Safari/537.36"
193.194.132.28 - - [11/Jun/2021:13:07:53 +0200] "GET /reload?ser=1623409673142 HTTP/1.1" 200 28 "http://renault.2web.at/login" "Mozilla/5.0 (Windows NT 10.0; Win64; x64) AppleWebKit/537.36 (KHTML, like Gecko) Chrome/91.0.4472.77 Safari/537.36"
93.83.167.130 - - [11/Jun/2021:13:08:33 +0200] "GET /reload?ser=1623409713208 HTTP/1.1" 200 28 "http://renault.activities.at/result?dir=DESC&mode=grid&order=name&limit=15&page=3&search=brosch%C3%BCre" "Mozilla/5.0 (Windows NT 10.0; Win64; x64) AppleWebKit/537.36 (KHTML, like Gecko) Chrome/91.0.4472.77 Safari/537.36"
80.122.53.230 - - [11/Jun/2021:13:08:39 +0200] "GET /reload?ser=1623409719948 HTTP/1.1" 200 28 "http://renault.activities.at/result?searchterm=true&search=check" "Mozilla/5.0 (Windows NT 10.0; Win64; x64) AppleWebKit/537.36 (KHTML, like Gecko) Chrome/91.0.4472.77 Safari/537.36"
193.194.132.28 - - [11/Jun/2021:13:08:53 +0200] "GET /reload?ser=1623409733837 HTTP/1.1" 200 28 "http://renault.2web.at/login" "Mozilla/5.0 (Windows NT 10.0; Win64; x64) AppleWebKit/537.36 (KHTML, like Gecko) Chrome/91.0.4472.77 Safari/537.36"
93.83.167.130 - - [11/Jun/2021:13:09:34 +0200] "GET /reload?ser=1623409774201 HTTP/1.1" 200 28 "http://renault.activities.at/result?dir=DESC&mode=grid&order=name&limit=15&page=3&search=brosch%C3%BCre" "Mozilla/5.0 (Windows NT 10.0; Win64; x64) AppleWebKit/537.36 (KHTML, like Gecko) Chrome/91.0.4472.77 Safari/537.36"
80.122.53.230 - - [11/Jun/2021:13:09:40 +0200] "GET /reload?ser=1623409780939 HTTP/1.1" 200 28 "http://renault.activities.at/result?searchterm=true&search=check" "Mozilla/5.0 (Windows NT 10.0; Win64; x64) AppleWebKit/537.36 (KHTML, like Gecko) Chrome/91.0.4472.77 Safari/537.36"
193.194.132.28 - - [11/Jun/2021:13:09:54 +0200] "GET /reload?ser=1623409794544 HTTP/1.1" 200 28 "http://renault.2web.at/login" "Mozilla/5.0 (Windows NT 10.0; Win64; x64) AppleWebKit/537.36 (KHTML, like Gecko) Chrome/91.0.4472.77 Safari/537.36"
93.83.167.130 - - [11/Jun/2021:13:10:35 +0200] "GET /reload?ser=1623409835211 HTTP/1.1" 200 28 "http://renault.activities.at/result?dir=DESC&mode=grid&order=name&limit=15&page=3&search=brosch%C3%BCre" "Mozilla/5.0 (Windows NT 10.0; Win64; x64) AppleWebKit/537.36 (KHTML, like Gecko) Chrome/91.0.4472.77 Safari/537.36"
193.194.132.28 - - [11/Jun/2021:13:10:39 +0200] "POST /login HTTP/1.1" 302 137 "http://renault.2web.at/login" "Mozilla/5.0 (Windows NT 10.0; Win64; x64) AppleWebKit/537.36 (KHTML, like Gecko) Chrome/91.0.4472.77 Safari/537.36"
80.122.53.230 - - [11/Jun/2021:13:10:42 +0200] "GET /reload?ser=1623409841951 HTTP/1.1" 200 28 "http://renault.activities.at/result?searchterm=true&search=check" "Mozilla/5.0 (Windows NT 10.0; Win64; x64) AppleWebKit/537.36 (KHTML, like Gecko) Chrome/91.0.4472.77 Safari/537.36"
193.194.132.28 - - [11/Jun/2021:13:10:40 +0200] "GET /account HTTP/1.1" 200 8667 "http://renault.2web.at/login" "Mozilla/5.0 (Windows NT 10.0; Win64; x64) AppleWebKit/537.36 (KHTML, like Gecko) Chrome/91.0.4472.77 Safari/537.36"
93.83.167.130 - - [11/Jun/2021:13:11:36 +0200] "GET /reload?ser=1623409896205 HTTP/1.1" 200 28 "http://renault.activities.at/result?dir=DESC&mode=grid&order=name&limit=15&page=3&search=brosch%C3%BCre" "Mozilla/5.0 (Windows NT 10.0; Win64; x64) AppleWebKit/537.36 (KHTML, like Gecko) Chrome/91.0.4472.77 Safari/537.36"
80.122.53.230 - - [11/Jun/2021:13:11:43 +0200] "GET /reload?ser=1623409902952 HTTP/1.1" 200 28 "http://renault.activities.at/result?searchterm=true&search=check" "Mozilla/5.0 (Windows NT 10.0; Win64; x64) AppleWebKit/537.36 (KHTML, like Gecko) Chrome/91.0.4472.77 Safari/537.36"
193.194.132.28 - - [11/Jun/2021:13:11:45 +0200] "GET /reload?ser=1623409905106 HTTP/1.1" 200 28 "http://renault.2web.at/account" "Mozilla/5.0 (Windows NT 10.0; Win64; x64) AppleWebKit/537.36 (KHTML, like Gecko) Chrome/91.0.4472.77 Safari/537.36"
93.83.167.130 - - [11/Jun/2021:13:12:37 +0200] "GET /reload?ser=1623409957202 HTTP/1.1" 200 28 "http://renault.activities.at/result?dir=DESC&mode=grid&order=name&limit=15&page=3&search=brosch%C3%BCre" "Mozilla/5.0 (Windows NT 10.0; Win64; x64) AppleWebKit/537.36 (KHTML, like Gecko) Chrome/91.0.4472.77 Safari/537.36"
80.122.53.230 - - [11/Jun/2021:13:12:44 +0200] "GET /reload?ser=1623409963960 HTTP/1.1" 200 28 "http://renault.activities.at/result?searchterm=true&search=check" "Mozilla/5.0 (Windows NT 10.0; Win64; x64) AppleWebKit/537.36 (KHTML, like Gecko) Chrome/91.0.4472.77 Safari/537.36"
193.194.132.28 - - [11/Jun/2021:13:12:47 +0200] "GET /reload?ser=1623409967106 HTTP/1.1" 200 28 "http://renault.2web.at/account" "Mozilla/5.0 (Windows NT 10.0; Win64; x64) AppleWebKit/537.36 (KHTML, like Gecko) Chrome/91.0.4472.77 Safari/537.36"
93.83.167.130 - - [11/Jun/2021:13:13:38 +0200] "GET /reload?ser=1623410018211 HTTP/1.1" 200 28 "http://renault.activities.at/result?dir=DESC&mode=grid&order=name&limit=15&page=3&search=brosch%C3%BCre" "Mozilla/5.0 (Windows NT 10.0; Win64; x64) AppleWebKit/537.36 (KHTML, like Gecko) Chrome/91.0.4472.77 Safari/537.36"
80.122.53.230 - - [11/Jun/2021:13:13:44 +0200] "GET /reload?ser=1623410024945 HTTP/1.1" 200 28 "http://renault.activities.at/result?searchterm=true&search=check" "Mozilla/5.0 (Windows NT 10.0; Win64; x64) AppleWebKit/537.36 (KHTML, like Gecko) Chrome/91.0.4472.77 Safari/537.36"
193.194.132.28 - - [11/Jun/2021:13:13:49 +0200] "GET /reload?ser=1623410029105 HTTP/1.1" 200 28 "http://renault.2web.at/account" "Mozilla/5.0 (Windows NT 10.0; Win64; x64) AppleWebKit/537.36 (KHTML, like Gecko) Chrome/91.0.4472.77 Safari/537.36"
93.83.167.130 - - [11/Jun/2021:13:14:39 +0200] "GET /reload?ser=1623410079208 HTTP/1.1" 200 28 "http://renault.activities.at/result?dir=DESC&mode=grid&order=name&limit=15&page=3&search=brosch%C3%BCre" "Mozilla/5.0 (Windows NT 10.0; Win64; x64) AppleWebKit/537.36 (KHTML, like Gecko) Chrome/91.0.4472.77 Safari/537.36"
80.122.53.230 - - [11/Jun/2021:13:14:45 +0200] "GET /reload?ser=1623410085951 HTTP/1.1" 200 28 "http://renault.activities.at/result?searchterm=true&search=check" "Mozilla/5.0 (Windows NT 10.0; Win64; x64) AppleWebKit/537.36 (KHTML, like Gecko) Chrome/91.0.4472.77 Safari/537.36"
193.194.132.28 - - [11/Jun/2021:13:14:51 +0200] "GET /reload?ser=1623410091105 HTTP/1.1" 200 28 "http://renault.2web.at/account" "Mozilla/5.0 (Windows NT 10.0; Win64; x64) AppleWebKit/537.36 (KHTML, like Gecko) Chrome/91.0.4472.77 Safari/537.36"
93.83.167.130 - - [11/Jun/2021:13:15:40 +0200] "GET /reload?ser=1623410140208 HTTP/1.1" 200 28 "http://renault.activities.at/result?dir=DESC&mode=grid&order=name&limit=15&page=3&search=brosch%C3%BCre" "Mozilla/5.0 (Windows NT 10.0; Win64; x64) AppleWebKit/537.36 (KHTML, like Gecko) Chrome/91.0.4472.77 Safari/537.36"
80.122.53.230 - - [11/Jun/2021:13:15:46 +0200] "GET /reload?ser=1623410146955 HTTP/1.1" 200 28 "http://renault.activities.at/result?searchterm=true&search=check" "Mozilla/5.0 (Windows NT 10.0; Win64; x64) AppleWebKit/537.36 (KHTML, like Gecko) Chrome/91.0.4472.77 Safari/537.36"
193.194.132.28 - - [11/Jun/2021:13:15:53 +0200] "GET /reload?ser=1623410153106 HTTP/1.1" 200 28 "http://renault.2web.at/account" "Mozilla/5.0 (Windows NT 10.0; Win64; x64) AppleWebKit/537.36 (KHTML, like Gecko) Chrome/91.0.4472.77 Safari/537.36"
93.83.167.130 - - [11/Jun/2021:13:16:41 +0200] "GET /reload?ser=1623410201204 HTTP/1.1" 200 28 "http://renault.activities.at/result?dir=DESC&mode=grid&order=name&limit=15&page=3&search=brosch%C3%BCre" "Mozilla/5.0 (Windows NT 10.0; Win64; x64) AppleWebKit/537.36 (KHTML, like Gecko) Chrome/91.0.4472.77 Safari/537.36"
80.122.53.230 - - [11/Jun/2021:13:16:48 +0200] "GET /reload?ser=1623410207956 HTTP/1.1" 200 28 "http://renault.activities.at/result?searchterm=true&search=check" "Mozilla/5.0 (Windows NT 10.0; Win64; x64) AppleWebKit/537.36 (KHTML, like Gecko) Chrome/91.0.4472.77 Safari/537.36"
193.194.132.28 - - [11/Jun/2021:13:16:55 +0200] "GET /reload?ser=1623410215106 HTTP/1.1" 200 28 "http://renault.2web.at/account" "Mozilla/5.0 (Windows NT 10.0; Win64; x64) AppleWebKit/537.36 (KHTML, like Gecko) Chrome/91.0.4472.77 Safari/537.36"
80.122.53.230 - - [11/Jun/2021:13:17:48 +0200] "GET /reload?ser=1623410268948 HTTP/1.1" 200 28 "http://renault.activities.at/result?searchterm=true&search=check" "Mozilla/5.0 (Windows NT 10.0; Win64; x64) AppleWebKit/537.36 (KHTML, like Gecko) Chrome/91.0.4472.77 Safari/537.36"
193.194.132.28 - - [11/Jun/2021:13:17:57 +0200] "GET /reload?ser=1623410277105 HTTP/1.1" 200 28 "http://renault.2web.at/account" "Mozilla/5.0 (Windows NT 10.0; Win64; x64) AppleWebKit/537.36 (KHTML, like Gecko) Chrome/91.0.4472.77 Safari/537.36"
