80.120.210.179 - - [15/Jun/2021:11:44:10 +0200] "GET /css/styles.css HTTP/1.1" 200 14664 "http://renault.activities.at/" "Mozilla/5.0 (Windows NT 10.0; Win64; x64) AppleWebKit/537.36 (KHTML, like Gecko) Chrome/91.0.4472.101 Safari/537.36"
80.120.210.179 - - [15/Jun/2021:11:44:10 +0200] "GET /js/default.js HTTP/1.1" 200 14698 "http://renault.activities.at/" "Mozilla/5.0 (Windows NT 10.0; Win64; x64) AppleWebKit/537.36 (KHTML, like Gecko) Chrome/91.0.4472.101 Safari/537.36"
80.120.210.179 - - [15/Jun/2021:11:44:10 +0200] "GET /js/checkout.css HTTP/1.1" 200 359 "http://renault.activities.at/" "Mozilla/5.0 (Windows NT 10.0; Win64; x64) AppleWebKit/537.36 (KHTML, like Gecko) Chrome/91.0.4472.101 Safari/537.36"
80.120.210.179 - - [15/Jun/2021:11:44:10 +0200] "GET /css/prototip.css HTTP/1.1" 200 968 "http://renault.activities.at/" "Mozilla/5.0 (Windows NT 10.0; Win64; x64) AppleWebKit/537.36 (KHTML, like Gecko) Chrome/91.0.4472.101 Safari/537.36"
80.120.210.179 - - [15/Jun/2021:11:44:10 +0200] "GET /css/themes/default.css HTTP/1.1" 200 769 "http://renault.activities.at/" "Mozilla/5.0 (Windows NT 10.0; Win64; x64) AppleWebKit/537.36 (KHTML, like Gecko) Chrome/91.0.4472.101 Safari/537.36"
80.120.210.179 - - [15/Jun/2021:11:44:10 +0200] "GET /css/themes/alphacube.css HTTP/1.1" 200 743 "http://renault.activities.at/" "Mozilla/5.0 (Windows NT 10.0; Win64; x64) AppleWebKit/537.36 (KHTML, like Gecko) Chrome/91.0.4472.101 Safari/537.36"
80.120.210.179 - - [15/Jun/2021:11:44:10 +0200] "GET /js/index.php?c=auto&f=,prototype/prototype.js,prototype/validation.js,scriptaculous/builder.js,scriptaculous/effects.js,scriptaculous/dragdrop.js,scriptaculous/controls.js,scriptaculous/slider.js,varien/js.js,varien/form.js,varien/menu.js,mage/translate.js,mage/cookies.js,varien/product.js,spinner/SpinnerControl.jsmin.js,prototype/window.js,prototype/window_ext.js HTTP/1.1" 200 94182 "http://renault.activities.at/" "Mozilla/5.0 (Windows NT 10.0; Win64; x64) AppleWebKit/537.36 (KHTML, like Gecko) Chrome/91.0.4472.101 Safari/537.36"
193.194.132.23 - - [15/Jun/2021:11:44:38 +0200] "GET /reload?ser=1623750277989 HTTP/1.1" 200 28 "http://renault.2web.at/account" "Mozilla/5.0 (Windows NT 10.0; Win64; x64) AppleWebKit/537.36 (KHTML, like Gecko) Chrome/91.0.4472.101 Safari/537.36"
80.121.168.242 - - [15/Jun/2021:11:44:47 +0200] "GET /reload?ser=1623750287435 HTTP/1.1" 200 28 "http://renault.activities.at/account" "Mozilla/5.0 (Windows NT 10.0; Win64; x64) AppleWebKit/537.36 (KHTML, like Gecko) Chrome/91.0.4472.106 Safari/537.36"
212.152.158.195 - - [15/Jun/2021:11:44:50 +0200] "GET /reload?ser=1623750290482 HTTP/1.1" 200 28 "http://renault.activities.at/result?searchterm=true&search=plus+garantie" "Mozilla/5.0 (Windows NT 10.0; Win64; x64) AppleWebKit/537.36 (KHTML, like Gecko) Chrome/91.0.4472.106 Safari/537.36"
193.194.132.23 - - [15/Jun/2021:11:45:40 +0200] "GET /reload?ser=1623750339989 HTTP/1.1" 200 28 "http://renault.2web.at/account" "Mozilla/5.0 (Windows NT 10.0; Win64; x64) AppleWebKit/537.36 (KHTML, like Gecko) Chrome/91.0.4472.101 Safari/537.36"
80.121.168.242 - - [15/Jun/2021:11:45:49 +0200] "GET /reload?ser=1623750349435 HTTP/1.1" 200 28 "http://renault.activities.at/account" "Mozilla/5.0 (Windows NT 10.0; Win64; x64) AppleWebKit/537.36 (KHTML, like Gecko) Chrome/91.0.4472.106 Safari/537.36"
212.152.158.195 - - [15/Jun/2021:11:45:51 +0200] "GET /reload?ser=1623750351482 HTTP/1.1" 200 28 "http://renault.activities.at/result?searchterm=true&search=plus+garantie" "Mozilla/5.0 (Windows NT 10.0; Win64; x64) AppleWebKit/537.36 (KHTML, like Gecko) Chrome/91.0.4472.106 Safari/537.36"
94.16.80.117 - - [15/Jun/2021:11:45:57 +0200] "GET / HTTP/1.1" 200 3315 "https://www.google.com/" "Mozilla/5.0 (Windows NT 10.0; Win64; x64) AppleWebKit/537.36 (KHTML, like Gecko) Chrome/91.0.4472.106 Safari/537.36"
94.16.80.117 - - [15/Jun/2021:11:45:58 +0200] "GET /css/reset.css HTTP/1.1" 200 1356 "http://renault.activities.at/" "Mozilla/5.0 (Windows NT 10.0; Win64; x64) AppleWebKit/537.36 (KHTML, like Gecko) Chrome/91.0.4472.106 Safari/537.36"
94.16.80.117 - - [15/Jun/2021:11:45:58 +0200] "GET /js/flashdetection.js HTTP/1.1" 200 1059 "http://renault.activities.at/" "Mozilla/5.0 (Windows NT 10.0; Win64; x64) AppleWebKit/537.36 (KHTML, like Gecko) Chrome/91.0.4472.106 Safari/537.36"
94.16.80.117 - - [15/Jun/2021:11:45:58 +0200] "GET /css/clears.css HTTP/1.1" 200 851 "http://renault.activities.at/" "Mozilla/5.0 (Windows NT 10.0; Win64; x64) AppleWebKit/537.36 (KHTML, like Gecko) Chrome/91.0.4472.106 Safari/537.36"
94.16.80.117 - - [15/Jun/2021:11:45:58 +0200] "GET /css/styles.css HTTP/1.1" 200 14664 "http://renault.activities.at/" "Mozilla/5.0 (Windows NT 10.0; Win64; x64) AppleWebKit/537.36 (KHTML, like Gecko) Chrome/91.0.4472.106 Safari/537.36"
94.16.80.117 - - [15/Jun/2021:11:45:58 +0200] "GET /js/default.js HTTP/1.1" 200 14698 "http://renault.activities.at/" "Mozilla/5.0 (Windows NT 10.0; Win64; x64) AppleWebKit/537.36 (KHTML, like Gecko) Chrome/91.0.4472.106 Safari/537.36"
94.16.80.117 - - [15/Jun/2021:11:45:58 +0200] "GET /js/checkout.css HTTP/1.1" 200 359 "http://renault.activities.at/" "Mozilla/5.0 (Windows NT 10.0; Win64; x64) AppleWebKit/537.36 (KHTML, like Gecko) Chrome/91.0.4472.106 Safari/537.36"
94.16.80.117 - - [15/Jun/2021:11:45:58 +0200] "GET /css/prototip.css HTTP/1.1" 200 968 "http://renault.activities.at/" "Mozilla/5.0 (Windows NT 10.0; Win64; x64) AppleWebKit/537.36 (KHTML, like Gecko) Chrome/91.0.4472.106 Safari/537.36"
94.16.80.117 - - [15/Jun/2021:11:45:58 +0200] "GET /css/themes/default.css HTTP/1.1" 200 769 "http://renault.activities.at/" "Mozilla/5.0 (Windows NT 10.0; Win64; x64) AppleWebKit/537.36 (KHTML, like Gecko) Chrome/91.0.4472.106 Safari/537.36"
94.16.80.117 - - [15/Jun/2021:11:45:58 +0200] "GET /css/themes/alphacube.css HTTP/1.1" 200 743 "http://renault.activities.at/" "Mozilla/5.0 (Windows NT 10.0; Win64; x64) AppleWebKit/537.36 (KHTML, like Gecko) Chrome/91.0.4472.106 Safari/537.36"
94.16.80.117 - - [15/Jun/2021:11:45:58 +0200] "GET /js/index.php?c=auto&f=,prototype/prototype.js,prototype/validation.js,scriptaculous/builder.js,scriptaculous/effects.js,scriptaculous/dragdrop.js,scriptaculous/controls.js,scriptaculous/slider.js,varien/js.js,varien/form.js,varien/menu.js,mage/translate.js,mage/cookies.js,varien/product.js,spinner/SpinnerControl.jsmin.js,prototype/window.js,prototype/window_ext.js HTTP/1.1" 200 94182 "http://renault.activities.at/" "Mozilla/5.0 (Windows NT 10.0; Win64; x64) AppleWebKit/537.36 (KHTML, like Gecko) Chrome/91.0.4472.106 Safari/537.36"
193.194.132.23 - - [15/Jun/2021:11:46:42 +0200] "GET /reload?ser=1623750401989 HTTP/1.1" 200 28 "http://renault.2web.at/account" "Mozilla/5.0 (Windows NT 10.0; Win64; x64) AppleWebKit/537.36 (KHTML, like Gecko) Chrome/91.0.4472.101 Safari/537.36"
80.121.168.242 - - [15/Jun/2021:11:46:50 +0200] "GET /reload?ser=1623750410424 HTTP/1.1" 200 28 "http://renault.activities.at/account" "Mozilla/5.0 (Windows NT 10.0; Win64; x64) AppleWebKit/537.36 (KHTML, like Gecko) Chrome/91.0.4472.106 Safari/537.36"
212.152.158.195 - - [15/Jun/2021:11:46:52 +0200] "GET /reload?ser=1623750412482 HTTP/1.1" 200 28 "http://renault.activities.at/result?searchterm=true&search=plus+garantie" "Mozilla/5.0 (Windows NT 10.0; Win64; x64) AppleWebKit/537.36 (KHTML, like Gecko) Chrome/91.0.4472.106 Safari/537.36"
193.194.132.23 - - [15/Jun/2021:11:47:44 +0200] "GET /reload?ser=1623750463990 HTTP/1.1" 200 28 "http://renault.2web.at/account" "Mozilla/5.0 (Windows NT 10.0; Win64; x64) AppleWebKit/537.36 (KHTML, like Gecko) Chrome/91.0.4472.101 Safari/537.36"
80.121.168.242 - - [15/Jun/2021:11:47:51 +0200] "GET /reload?ser=1623750471429 HTTP/1.1" 200 28 "http://renault.activities.at/account" "Mozilla/5.0 (Windows NT 10.0; Win64; x64) AppleWebKit/537.36 (KHTML, like Gecko) Chrome/91.0.4472.106 Safari/537.36"
212.152.158.195 - - [15/Jun/2021:11:47:53 +0200] "GET /reload?ser=1623750473482 HTTP/1.1" 200 28 "http://renault.activities.at/result?searchterm=true&search=plus+garantie" "Mozilla/5.0 (Windows NT 10.0; Win64; x64) AppleWebKit/537.36 (KHTML, like Gecko) Chrome/91.0.4472.106 Safari/537.36"
193.194.132.23 - - [15/Jun/2021:11:48:46 +0200] "GET /reload?ser=1623750525989 HTTP/1.1" 200 28 "http://renault.2web.at/account" "Mozilla/5.0 (Windows NT 10.0; Win64; x64) AppleWebKit/537.36 (KHTML, like Gecko) Chrome/91.0.4472.101 Safari/537.36"
80.121.168.242 - - [15/Jun/2021:11:48:52 +0200] "GET /reload?ser=1623750532443 HTTP/1.1" 200 28 "http://renault.activities.at/account" "Mozilla/5.0 (Windows NT 10.0; Win64; x64) AppleWebKit/537.36 (KHTML, like Gecko) Chrome/91.0.4472.106 Safari/537.36"
212.152.158.195 - - [15/Jun/2021:11:48:54 +0200] "GET /reload?ser=1623750534482 HTTP/1.1" 200 28 "http://renault.activities.at/result?searchterm=true&search=plus+garantie" "Mozilla/5.0 (Windows NT 10.0; Win64; x64) AppleWebKit/537.36 (KHTML, like Gecko) Chrome/91.0.4472.106 Safari/537.36"
193.194.132.23 - - [15/Jun/2021:11:49:48 +0200] "GET /reload?ser=1623750587991 HTTP/1.1" 200 28 "http://renault.2web.at/account" "Mozilla/5.0 (Windows NT 10.0; Win64; x64) AppleWebKit/537.36 (KHTML, like Gecko) Chrome/91.0.4472.101 Safari/537.36"
80.121.168.242 - - [15/Jun/2021:11:49:54 +0200] "GET /reload?ser=1623750594424 HTTP/1.1" 200 28 "http://renault.activities.at/account" "Mozilla/5.0 (Windows NT 10.0; Win64; x64) AppleWebKit/537.36 (KHTML, like Gecko) Chrome/91.0.4472.106 Safari/537.36"
212.152.158.195 - - [15/Jun/2021:11:49:55 +0200] "GET /reload?ser=1623750595483 HTTP/1.1" 200 28 "http://renault.activities.at/result?searchterm=true&search=plus+garantie" "Mozilla/5.0 (Windows NT 10.0; Win64; x64) AppleWebKit/537.36 (KHTML, like Gecko) Chrome/91.0.4472.106 Safari/537.36"
193.194.132.23 - - [15/Jun/2021:11:50:50 +0200] "GET /reload?ser=1623750649991 HTTP/1.1" 200 28 "http://renault.2web.at/account" "Mozilla/5.0 (Windows NT 10.0; Win64; x64) AppleWebKit/537.36 (KHTML, like Gecko) Chrome/91.0.4472.101 Safari/537.36"
80.121.168.242 - - [15/Jun/2021:11:50:55 +0200] "GET /reload?ser=1623750655433 HTTP/1.1" 200 28 "http://renault.activities.at/account" "Mozilla/5.0 (Windows NT 10.0; Win64; x64) AppleWebKit/537.36 (KHTML, like Gecko) Chrome/91.0.4472.106 Safari/537.36"
212.152.158.195 - - [15/Jun/2021:11:50:56 +0200] "GET /reload?ser=1623750656483 HTTP/1.1" 200 28 "http://renault.activities.at/result?searchterm=true&search=plus+garantie" "Mozilla/5.0 (Windows NT 10.0; Win64; x64) AppleWebKit/537.36 (KHTML, like Gecko) Chrome/91.0.4472.106 Safari/537.36"
193.194.132.23 - - [15/Jun/2021:11:51:52 +0200] "GET /reload?ser=1623750711992 HTTP/1.1" 200 28 "http://renault.2web.at/account" "Mozilla/5.0 (Windows NT 10.0; Win64; x64) AppleWebKit/537.36 (KHTML, like Gecko) Chrome/91.0.4472.101 Safari/537.36"
80.121.168.242 - - [15/Jun/2021:11:51:56 +0200] "GET /reload?ser=1623750716431 HTTP/1.1" 200 28 "http://renault.activities.at/account" "Mozilla/5.0 (Windows NT 10.0; Win64; x64) AppleWebKit/537.36 (KHTML, like Gecko) Chrome/91.0.4472.106 Safari/537.36"
212.152.158.195 - - [15/Jun/2021:11:51:57 +0200] "GET /reload?ser=1623750717482 HTTP/1.1" 200 28 "http://renault.activities.at/result?searchterm=true&search=plus+garantie" "Mozilla/5.0 (Windows NT 10.0; Win64; x64) AppleWebKit/537.36 (KHTML, like Gecko) Chrome/91.0.4472.106 Safari/537.36"
193.194.132.23 - - [15/Jun/2021:11:52:54 +0200] "GET /reload?ser=1623750773992 HTTP/1.1" 200 28 "http://renault.2web.at/account" "Mozilla/5.0 (Windows NT 10.0; Win64; x64) AppleWebKit/537.36 (KHTML, like Gecko) Chrome/91.0.4472.101 Safari/537.36"
80.121.168.242 - - [15/Jun/2021:11:52:57 +0200] "GET /reload?ser=1623750777442 HTTP/1.1" 200 28 "http://renault.activities.at/account" "Mozilla/5.0 (Windows NT 10.0; Win64; x64) AppleWebKit/537.36 (KHTML, like Gecko) Chrome/91.0.4472.106 Safari/537.36"
212.152.158.195 - - [15/Jun/2021:11:52:58 +0200] "GET /reload?ser=1623750778483 HTTP/1.1" 200 28 "http://renault.activities.at/result?searchterm=true&search=plus+garantie" "Mozilla/5.0 (Windows NT 10.0; Win64; x64) AppleWebKit/537.36 (KHTML, like Gecko) Chrome/91.0.4472.106 Safari/537.36"
193.194.132.23 - - [15/Jun/2021:11:53:56 +0200] "GET /reload?ser=1623750835993 HTTP/1.1" 200 28 "http://renault.2web.at/account" "Mozilla/5.0 (Windows NT 10.0; Win64; x64) AppleWebKit/537.36 (KHTML, like Gecko) Chrome/91.0.4472.101 Safari/537.36"
80.121.168.242 - - [15/Jun/2021:11:53:58 +0200] "GET /reload?ser=1623750838433 HTTP/1.1" 200 28 "http://renault.activities.at/account" "Mozilla/5.0 (Windows NT 10.0; Win64; x64) AppleWebKit/537.36 (KHTML, like Gecko) Chrome/91.0.4472.106 Safari/537.36"
212.152.158.195 - - [15/Jun/2021:11:53:59 +0200] "GET /reload?ser=1623750839482 HTTP/1.1" 200 28 "http://renault.activities.at/result?searchterm=true&search=plus+garantie" "Mozilla/5.0 (Windows NT 10.0; Win64; x64) AppleWebKit/537.36 (KHTML, like Gecko) Chrome/91.0.4472.106 Safari/537.36"
193.194.132.23 - - [15/Jun/2021:11:54:58 +0200] "GET /reload?ser=1623750897993 HTTP/1.1" 200 28 "http://renault.2web.at/account" "Mozilla/5.0 (Windows NT 10.0; Win64; x64) AppleWebKit/537.36 (KHTML, like Gecko) Chrome/91.0.4472.101 Safari/537.36"
80.121.168.242 - - [15/Jun/2021:11:54:59 +0200] "GET /reload?ser=1623750899436 HTTP/1.1" 200 28 "http://renault.activities.at/account" "Mozilla/5.0 (Windows NT 10.0; Win64; x64) AppleWebKit/537.36 (KHTML, like Gecko) Chrome/91.0.4472.106 Safari/537.36"
212.152.158.195 - - [15/Jun/2021:11:55:01 +0200] "GET /reload?ser=1623750901482 HTTP/1.1" 200 28 "http://renault.activities.at/result?searchterm=true&search=plus+garantie" "Mozilla/5.0 (Windows NT 10.0; Win64; x64) AppleWebKit/537.36 (KHTML, like Gecko) Chrome/91.0.4472.106 Safari/537.36"
193.194.132.23 - - [15/Jun/2021:11:56:00 +0200] "GET /reload?ser=1623750959993 HTTP/1.1" 200 28 "http://renault.2web.at/account" "Mozilla/5.0 (Windows NT 10.0; Win64; x64) AppleWebKit/537.36 (KHTML, like Gecko) Chrome/91.0.4472.101 Safari/537.36"
80.121.168.242 - - [15/Jun/2021:11:56:00 +0200] "GET /reload?ser=1623750960432 HTTP/1.1" 200 28 "http://renault.activities.at/account" "Mozilla/5.0 (Windows NT 10.0; Win64; x64) AppleWebKit/537.36 (KHTML, like Gecko) Chrome/91.0.4472.106 Safari/537.36"
212.152.158.195 - - [15/Jun/2021:11:56:02 +0200] "GET /reload?ser=1623750962482 HTTP/1.1" 200 28 "http://renault.activities.at/result?searchterm=true&search=plus+garantie" "Mozilla/5.0 (Windows NT 10.0; Win64; x64) AppleWebKit/537.36 (KHTML, like Gecko) Chrome/91.0.4472.106 Safari/537.36"
157.97.68.62 - - [15/Jun/2021:11:56:48 +0200] "GET / HTTP/1.1" 200 3315 "-" "Mozilla/5.0 (Windows NT 6.1; Win64; x64; rv:89.0) Gecko/20100101 Firefox/89.0"
80.121.168.242 - - [15/Jun/2021:11:57:01 +0200] "GET /reload?ser=1623751021437 HTTP/1.1" 200 28 "http://renault.activities.at/account" "Mozilla/5.0 (Windows NT 10.0; Win64; x64) AppleWebKit/537.36 (KHTML, like Gecko) Chrome/91.0.4472.106 Safari/537.36"
193.194.132.23 - - [15/Jun/2021:11:57:02 +0200] "GET /reload?ser=1623751021992 HTTP/1.1" 200 28 "http://renault.2web.at/account" "Mozilla/5.0 (Windows NT 10.0; Win64; x64) AppleWebKit/537.36 (KHTML, like Gecko) Chrome/91.0.4472.101 Safari/537.36"
212.152.158.195 - - [15/Jun/2021:11:57:03 +0200] "GET /reload?ser=1623751023481 HTTP/1.1" 200 28 "http://renault.activities.at/result?searchterm=true&search=plus+garantie" "Mozilla/5.0 (Windows NT 10.0; Win64; x64) AppleWebKit/537.36 (KHTML, like Gecko) Chrome/91.0.4472.106 Safari/537.36"
80.121.168.242 - - [15/Jun/2021:11:58:02 +0200] "GET /reload?ser=1623751082431 HTTP/1.1" 200 28 "http://renault.activities.at/account" "Mozilla/5.0 (Windows NT 10.0; Win64; x64) AppleWebKit/537.36 (KHTML, like Gecko) Chrome/91.0.4472.106 Safari/537.36"
212.152.158.195 - - [15/Jun/2021:11:58:04 +0200] "GET /reload?ser=1623751084482 HTTP/1.1" 200 28 "http://renault.activities.at/result?searchterm=true&search=plus+garantie" "Mozilla/5.0 (Windows NT 10.0; Win64; x64) AppleWebKit/537.36 (KHTML, like Gecko) Chrome/91.0.4472.106 Safari/537.36"
193.194.132.23 - - [15/Jun/2021:11:58:04 +0200] "GET /reload?ser=1623751083993 HTTP/1.1" 200 28 "http://renault.2web.at/account" "Mozilla/5.0 (Windows NT 10.0; Win64; x64) AppleWebKit/537.36 (KHTML, like Gecko) Chrome/91.0.4472.101 Safari/537.36"
80.121.168.242 - - [15/Jun/2021:11:59:03 +0200] "GET /reload?ser=1623751143422 HTTP/1.1" 200 28 "http://renault.activities.at/account" "Mozilla/5.0 (Windows NT 10.0; Win64; x64) AppleWebKit/537.36 (KHTML, like Gecko) Chrome/91.0.4472.106 Safari/537.36"
212.152.158.195 - - [15/Jun/2021:11:59:05 +0200] "GET /reload?ser=1623751145481 HTTP/1.1" 200 28 "http://renault.activities.at/result?searchterm=true&search=plus+garantie" "Mozilla/5.0 (Windows NT 10.0; Win64; x64) AppleWebKit/537.36 (KHTML, like Gecko) Chrome/91.0.4472.106 Safari/537.36"
193.194.132.23 - - [15/Jun/2021:11:59:06 +0200] "GET /reload?ser=1623751145993 HTTP/1.1" 200 28 "http://renault.2web.at/account" "Mozilla/5.0 (Windows NT 10.0; Win64; x64) AppleWebKit/537.36 (KHTML, like Gecko) Chrome/91.0.4472.101 Safari/537.36"
80.121.168.242 - - [15/Jun/2021:12:00:04 +0200] "GET /reload?ser=1623751204431 HTTP/1.1" 200 28 "http://renault.activities.at/account" "Mozilla/5.0 (Windows NT 10.0; Win64; x64) AppleWebKit/537.36 (KHTML, like Gecko) Chrome/91.0.4472.106 Safari/537.36"
212.152.158.195 - - [15/Jun/2021:12:00:06 +0200] "GET /reload?ser=1623751206481 HTTP/1.1" 200 28 "http://renault.activities.at/result?searchterm=true&search=plus+garantie" "Mozilla/5.0 (Windows NT 10.0; Win64; x64) AppleWebKit/537.36 (KHTML, like Gecko) Chrome/91.0.4472.106 Safari/537.36"
193.194.132.23 - - [15/Jun/2021:12:00:08 +0200] "GET /reload?ser=1623751207993 HTTP/1.1" 200 28 "http://renault.2web.at/account" "Mozilla/5.0 (Windows NT 10.0; Win64; x64) AppleWebKit/537.36 (KHTML, like Gecko) Chrome/91.0.4472.101 Safari/537.36"
80.121.168.242 - - [15/Jun/2021:12:01:06 +0200] "GET /reload?ser=1623751266424 HTTP/1.1" 200 28 "http://renault.activities.at/account" "Mozilla/5.0 (Windows NT 10.0; Win64; x64) AppleWebKit/537.36 (KHTML, like Gecko) Chrome/91.0.4472.106 Safari/537.36"
212.152.158.195 - - [15/Jun/2021:12:01:07 +0200] "GET /reload?ser=1623751267481 HTTP/1.1" 200 28 "http://renault.activities.at/result?searchterm=true&search=plus+garantie" "Mozilla/5.0 (Windows NT 10.0; Win64; x64) AppleWebKit/537.36 (KHTML, like Gecko) Chrome/91.0.4472.106 Safari/537.36"
193.194.132.23 - - [15/Jun/2021:12:01:10 +0200] "GET /reload?ser=1623751269993 HTTP/1.1" 200 28 "http://renault.2web.at/account" "Mozilla/5.0 (Windows NT 10.0; Win64; x64) AppleWebKit/537.36 (KHTML, like Gecko) Chrome/91.0.4472.101 Safari/537.36"
80.121.168.242 - - [15/Jun/2021:12:02:07 +0200] "GET /reload?ser=1623751327429 HTTP/1.1" 200 28 "http://renault.activities.at/account" "Mozilla/5.0 (Windows NT 10.0; Win64; x64) AppleWebKit/537.36 (KHTML, like Gecko) Chrome/91.0.4472.106 Safari/537.36"
212.152.158.195 - - [15/Jun/2021:12:02:08 +0200] "GET /reload?ser=1623751328480 HTTP/1.1" 200 28 "http://renault.activities.at/result?searchterm=true&search=plus+garantie" "Mozilla/5.0 (Windows NT 10.0; Win64; x64) AppleWebKit/537.36 (KHTML, like Gecko) Chrome/91.0.4472.106 Safari/537.36"
193.194.132.23 - - [15/Jun/2021:12:02:12 +0200] "GET /reload?ser=1623751331994 HTTP/1.1" 200 28 "http://renault.2web.at/account" "Mozilla/5.0 (Windows NT 10.0; Win64; x64) AppleWebKit/537.36 (KHTML, like Gecko) Chrome/91.0.4472.101 Safari/537.36"
80.121.168.242 - - [15/Jun/2021:12:03:08 +0200] "GET /reload?ser=1623751388428 HTTP/1.1" 200 28 "http://renault.activities.at/account" "Mozilla/5.0 (Windows NT 10.0; Win64; x64) AppleWebKit/537.36 (KHTML, like Gecko) Chrome/91.0.4472.106 Safari/537.36"
212.152.158.195 - - [15/Jun/2021:12:03:09 +0200] "GET /reload?ser=1623751389480 HTTP/1.1" 200 28 "http://renault.activities.at/result?searchterm=true&search=plus+garantie" "Mozilla/5.0 (Windows NT 10.0; Win64; x64) AppleWebKit/537.36 (KHTML, like Gecko) Chrome/91.0.4472.106 Safari/537.36"
193.194.132.23 - - [15/Jun/2021:12:03:14 +0200] "GET /reload?ser=1623751393994 HTTP/1.1" 200 28 "http://renault.2web.at/account" "Mozilla/5.0 (Windows NT 10.0; Win64; x64) AppleWebKit/537.36 (KHTML, like Gecko) Chrome/91.0.4472.101 Safari/537.36"
80.121.168.242 - - [15/Jun/2021:12:04:09 +0200] "GET /reload?ser=1623751449425 HTTP/1.1" 200 28 "http://renault.activities.at/account" "Mozilla/5.0 (Windows NT 10.0; Win64; x64) AppleWebKit/537.36 (KHTML, like Gecko) Chrome/91.0.4472.106 Safari/537.36"
212.152.158.195 - - [15/Jun/2021:12:04:10 +0200] "GET /reload?ser=1623751450479 HTTP/1.1" 200 28 "http://renault.activities.at/result?searchterm=true&search=plus+garantie" "Mozilla/5.0 (Windows NT 10.0; Win64; x64) AppleWebKit/537.36 (KHTML, like Gecko) Chrome/91.0.4472.106 Safari/537.36"
193.194.132.23 - - [15/Jun/2021:12:04:16 +0200] "GET /reload?ser=1623751455994 HTTP/1.1" 200 28 "http://renault.2web.at/account" "Mozilla/5.0 (Windows NT 10.0; Win64; x64) AppleWebKit/537.36 (KHTML, like Gecko) Chrome/91.0.4472.101 Safari/537.36"
212.152.158.195 - - [15/Jun/2021:12:05:11 +0200] "GET /reload?ser=1623751511479 HTTP/1.1" 200 28 "http://renault.activities.at/result?searchterm=true&search=plus+garantie" "Mozilla/5.0 (Windows NT 10.0; Win64; x64) AppleWebKit/537.36 (KHTML, like Gecko) Chrome/91.0.4472.106 Safari/537.36"
80.121.168.242 - - [15/Jun/2021:12:05:11 +0200] "GET /reload?ser=1623751511433 HTTP/1.1" 200 28 "http://renault.activities.at/account" "Mozilla/5.0 (Windows NT 10.0; Win64; x64) AppleWebKit/537.36 (KHTML, like Gecko) Chrome/91.0.4472.106 Safari/537.36"
193.194.132.23 - - [15/Jun/2021:12:05:18 +0200] "GET /reload?ser=1623751517995 HTTP/1.1" 200 28 "http://renault.2web.at/account" "Mozilla/5.0 (Windows NT 10.0; Win64; x64) AppleWebKit/537.36 (KHTML, like Gecko) Chrome/91.0.4472.101 Safari/537.36"
212.152.158.195 - - [15/Jun/2021:12:06:12 +0200] "GET /reload?ser=1623751572479 HTTP/1.1" 200 28 "http://renault.activities.at/result?searchterm=true&search=plus+garantie" "Mozilla/5.0 (Windows NT 10.0; Win64; x64) AppleWebKit/537.36 (KHTML, like Gecko) Chrome/91.0.4472.106 Safari/537.36"
80.121.168.242 - - [15/Jun/2021:12:06:13 +0200] "GET /reload?ser=1623751573441 HTTP/1.1" 200 28 "http://renault.activities.at/account" "Mozilla/5.0 (Windows NT 10.0; Win64; x64) AppleWebKit/537.36 (KHTML, like Gecko) Chrome/91.0.4472.106 Safari/537.36"
193.194.132.23 - - [15/Jun/2021:12:06:20 +0200] "GET /reload?ser=1623751579995 HTTP/1.1" 200 28 "http://renault.2web.at/account" "Mozilla/5.0 (Windows NT 10.0; Win64; x64) AppleWebKit/537.36 (KHTML, like Gecko) Chrome/91.0.4472.101 Safari/537.36"
212.152.158.195 - - [15/Jun/2021:12:07:14 +0200] "GET /reload?ser=1623751634479 HTTP/1.1" 200 28 "http://renault.activities.at/result?searchterm=true&search=plus+garantie" "Mozilla/5.0 (Windows NT 10.0; Win64; x64) AppleWebKit/537.36 (KHTML, like Gecko) Chrome/91.0.4472.106 Safari/537.36"
80.121.168.242 - - [15/Jun/2021:12:07:14 +0200] "GET /reload?ser=1623751634436 HTTP/1.1" 200 28 "http://renault.activities.at/account" "Mozilla/5.0 (Windows NT 10.0; Win64; x64) AppleWebKit/537.36 (KHTML, like Gecko) Chrome/91.0.4472.106 Safari/537.36"
193.194.132.23 - - [15/Jun/2021:12:07:22 +0200] "GET /reload?ser=1623751641995 HTTP/1.1" 200 28 "http://renault.2web.at/account" "Mozilla/5.0 (Windows NT 10.0; Win64; x64) AppleWebKit/537.36 (KHTML, like Gecko) Chrome/91.0.4472.101 Safari/537.36"
212.152.158.195 - - [15/Jun/2021:12:08:15 +0200] "GET /reload?ser=1623751695480 HTTP/1.1" 200 28 "http://renault.activities.at/result?searchterm=true&search=plus+garantie" "Mozilla/5.0 (Windows NT 10.0; Win64; x64) AppleWebKit/537.36 (KHTML, like Gecko) Chrome/91.0.4472.106 Safari/537.36"
80.121.168.242 - - [15/Jun/2021:12:08:15 +0200] "GET /reload?ser=1623751695424 HTTP/1.1" 200 28 "http://renault.activities.at/account" "Mozilla/5.0 (Windows NT 10.0; Win64; x64) AppleWebKit/537.36 (KHTML, like Gecko) Chrome/91.0.4472.106 Safari/537.36"
193.194.132.23 - - [15/Jun/2021:12:08:24 +0200] "GET /reload?ser=1623751703994 HTTP/1.1" 200 28 "http://renault.2web.at/account" "Mozilla/5.0 (Windows NT 10.0; Win64; x64) AppleWebKit/537.36 (KHTML, like Gecko) Chrome/91.0.4472.101 Safari/537.36"
212.152.158.195 - - [15/Jun/2021:12:09:16 +0200] "GET /reload?ser=1623751756479 HTTP/1.1" 200 28 "http://renault.activities.at/result?searchterm=true&search=plus+garantie" "Mozilla/5.0 (Windows NT 10.0; Win64; x64) AppleWebKit/537.36 (KHTML, like Gecko) Chrome/91.0.4472.106 Safari/537.36"
80.121.168.242 - - [15/Jun/2021:12:09:16 +0200] "GET /reload?ser=1623751756432 HTTP/1.1" 200 28 "http://renault.activities.at/account" "Mozilla/5.0 (Windows NT 10.0; Win64; x64) AppleWebKit/537.36 (KHTML, like Gecko) Chrome/91.0.4472.106 Safari/537.36"
193.194.132.23 - - [15/Jun/2021:12:09:26 +0200] "GET /reload?ser=1623751765996 HTTP/1.1" 200 28 "http://renault.2web.at/account" "Mozilla/5.0 (Windows NT 10.0; Win64; x64) AppleWebKit/537.36 (KHTML, like Gecko) Chrome/91.0.4472.101 Safari/537.36"
212.152.158.195 - - [15/Jun/2021:12:10:17 +0200] "GET /reload?ser=1623751817480 HTTP/1.1" 200 28 "http://renault.activities.at/result?searchterm=true&search=plus+garantie" "Mozilla/5.0 (Windows NT 10.0; Win64; x64) AppleWebKit/537.36 (KHTML, like Gecko) Chrome/91.0.4472.106 Safari/537.36"
80.121.168.242 - - [15/Jun/2021:12:10:18 +0200] "GET /reload?ser=1623751818423 HTTP/1.1" 200 28 "http://renault.activities.at/account" "Mozilla/5.0 (Windows NT 10.0; Win64; x64) AppleWebKit/537.36 (KHTML, like Gecko) Chrome/91.0.4472.106 Safari/537.36"
193.194.132.23 - - [15/Jun/2021:12:10:28 +0200] "GET /reload?ser=1623751827995 HTTP/1.1" 200 28 "http://renault.2web.at/account" "Mozilla/5.0 (Windows NT 10.0; Win64; x64) AppleWebKit/537.36 (KHTML, like Gecko) Chrome/91.0.4472.101 Safari/537.36"
212.152.158.195 - - [15/Jun/2021:12:11:18 +0200] "GET /reload?ser=1623751878479 HTTP/1.1" 200 28 "http://renault.activities.at/result?searchterm=true&search=plus+garantie" "Mozilla/5.0 (Windows NT 10.0; Win64; x64) AppleWebKit/537.36 (KHTML, like Gecko) Chrome/91.0.4472.106 Safari/537.36"
80.121.168.242 - - [15/Jun/2021:12:11:19 +0200] "GET /reload?ser=1623751879432 HTTP/1.1" 200 28 "http://renault.activities.at/account" "Mozilla/5.0 (Windows NT 10.0; Win64; x64) AppleWebKit/537.36 (KHTML, like Gecko) Chrome/91.0.4472.106 Safari/537.36"
193.194.132.23 - - [15/Jun/2021:12:11:30 +0200] "GET /reload?ser=1623751889996 HTTP/1.1" 200 28 "http://renault.2web.at/account" "Mozilla/5.0 (Windows NT 10.0; Win64; x64) AppleWebKit/537.36 (KHTML, like Gecko) Chrome/91.0.4472.101 Safari/537.36"
80.121.168.242 - - [15/Jun/2021:12:12:20 +0200] "GET /reload?ser=1623751940429 HTTP/1.1" 200 28 "http://renault.activities.at/account" "Mozilla/5.0 (Windows NT 10.0; Win64; x64) AppleWebKit/537.36 (KHTML, like Gecko) Chrome/91.0.4472.106 Safari/537.36"
193.194.132.23 - - [15/Jun/2021:12:12:32 +0200] "GET /reload?ser=1623751951997 HTTP/1.1" 200 28 "http://renault.2web.at/account" "Mozilla/5.0 (Windows NT 10.0; Win64; x64) AppleWebKit/537.36 (KHTML, like Gecko) Chrome/91.0.4472.101 Safari/537.36"
80.121.168.242 - - [15/Jun/2021:12:13:21 +0200] "GET /reload?ser=1623752001435 HTTP/1.1" 200 28 "http://renault.activities.at/account" "Mozilla/5.0 (Windows NT 10.0; Win64; x64) AppleWebKit/537.36 (KHTML, like Gecko) Chrome/91.0.4472.106 Safari/537.36"
193.194.132.23 - - [15/Jun/2021:12:13:34 +0200] "GET /reload?ser=1623752013996 HTTP/1.1" 200 28 "http://renault.2web.at/account" "Mozilla/5.0 (Windows NT 10.0; Win64; x64) AppleWebKit/537.36 (KHTML, like Gecko) Chrome/91.0.4472.101 Safari/537.36"
80.121.168.242 - - [15/Jun/2021:12:14:23 +0200] "GET /reload?ser=1623752063438 HTTP/1.1" 200 28 "http://renault.activities.at/account" "Mozilla/5.0 (Windows NT 10.0; Win64; x64) AppleWebKit/537.36 (KHTML, like Gecko) Chrome/91.0.4472.106 Safari/537.36"
193.194.132.23 - - [15/Jun/2021:12:14:36 +0200] "GET /reload?ser=1623752075996 HTTP/1.1" 200 28 "http://renault.2web.at/account" "Mozilla/5.0 (Windows NT 10.0; Win64; x64) AppleWebKit/537.36 (KHTML, like Gecko) Chrome/91.0.4472.101 Safari/537.36"
80.121.168.242 - - [15/Jun/2021:12:15:25 +0200] "GET /reload?ser=1623752125429 HTTP/1.1" 200 28 "http://renault.activities.at/account" "Mozilla/5.0 (Windows NT 10.0; Win64; x64) AppleWebKit/537.36 (KHTML, like Gecko) Chrome/91.0.4472.106 Safari/537.36"
193.194.132.23 - - [15/Jun/2021:12:15:38 +0200] "GET /reload?ser=1623752137997 HTTP/1.1" 200 28 "http://renault.2web.at/account" "Mozilla/5.0 (Windows NT 10.0; Win64; x64) AppleWebKit/537.36 (KHTML, like Gecko) Chrome/91.0.4472.101 Safari/537.36"
80.121.168.242 - - [15/Jun/2021:12:16:26 +0200] "GET /reload?ser=1623752186435 HTTP/1.1" 200 28 "http://renault.activities.at/account" "Mozilla/5.0 (Windows NT 10.0; Win64; x64) AppleWebKit/537.36 (KHTML, like Gecko) Chrome/91.0.4472.106 Safari/537.36"
193.194.132.23 - - [15/Jun/2021:12:16:40 +0200] "GET /reload?ser=1623752199996 HTTP/1.1" 200 28 "http://renault.2web.at/account" "Mozilla/5.0 (Windows NT 10.0; Win64; x64) AppleWebKit/537.36 (KHTML, like Gecko) Chrome/91.0.4472.101 Safari/537.36"
80.121.168.242 - - [15/Jun/2021:12:17:27 +0200] "GET /reload?ser=1623752247427 HTTP/1.1" 200 28 "http://renault.activities.at/account" "Mozilla/5.0 (Windows NT 10.0; Win64; x64) AppleWebKit/537.36 (KHTML, like Gecko) Chrome/91.0.4472.106 Safari/537.36"
193.194.132.23 - - [15/Jun/2021:12:17:42 +0200] "GET /reload?ser=1623752261997 HTTP/1.1" 200 28 "http://renault.2web.at/account" "Mozilla/5.0 (Windows NT 10.0; Win64; x64) AppleWebKit/537.36 (KHTML, like Gecko) Chrome/91.0.4472.101 Safari/537.36"
80.121.168.242 - - [15/Jun/2021:12:18:28 +0200] "GET /reload?ser=1623752308437 HTTP/1.1" 200 28 "http://renault.activities.at/account" "Mozilla/5.0 (Windows NT 10.0; Win64; x64) AppleWebKit/537.36 (KHTML, like Gecko) Chrome/91.0.4472.106 Safari/537.36"
193.194.132.23 - - [15/Jun/2021:12:18:44 +0200] "GET /reload?ser=1623752323997 HTTP/1.1" 200 28 "http://renault.2web.at/account" "Mozilla/5.0 (Windows NT 10.0; Win64; x64) AppleWebKit/537.36 (KHTML, like Gecko) Chrome/91.0.4472.101 Safari/537.36"
80.121.168.242 - - [15/Jun/2021:12:19:29 +0200] "GET /reload?ser=1623752369438 HTTP/1.1" 200 28 "http://renault.activities.at/account" "Mozilla/5.0 (Windows NT 10.0; Win64; x64) AppleWebKit/537.36 (KHTML, like Gecko) Chrome/91.0.4472.106 Safari/537.36"
193.194.132.23 - - [15/Jun/2021:12:19:46 +0200] "GET /reload?ser=1623752385998 HTTP/1.1" 200 28 "http://renault.2web.at/account" "Mozilla/5.0 (Windows NT 10.0; Win64; x64) AppleWebKit/537.36 (KHTML, like Gecko) Chrome/91.0.4472.101 Safari/537.36"
80.121.168.242 - - [15/Jun/2021:12:20:31 +0200] "GET /reload?ser=1623752431429 HTTP/1.1" 200 28 "http://renault.activities.at/account" "Mozilla/5.0 (Windows NT 10.0; Win64; x64) AppleWebKit/537.36 (KHTML, like Gecko) Chrome/91.0.4472.106 Safari/537.36"
193.194.132.23 - - [15/Jun/2021:12:20:48 +0200] "GET /reload?ser=1623752447997 HTTP/1.1" 200 28 "http://renault.2web.at/account" "Mozilla/5.0 (Windows NT 10.0; Win64; x64) AppleWebKit/537.36 (KHTML, like Gecko) Chrome/91.0.4472.101 Safari/537.36"
80.121.168.242 - - [15/Jun/2021:12:21:32 +0200] "GET /reload?ser=1623752492426 HTTP/1.1" 200 28 "http://renault.activities.at/account" "Mozilla/5.0 (Windows NT 10.0; Win64; x64) AppleWebKit/537.36 (KHTML, like Gecko) Chrome/91.0.4472.106 Safari/537.36"
193.194.132.23 - - [15/Jun/2021:12:21:50 +0200] "GET /reload?ser=1623752509997 HTTP/1.1" 200 28 "http://renault.2web.at/account" "Mozilla/5.0 (Windows NT 10.0; Win64; x64) AppleWebKit/537.36 (KHTML, like Gecko) Chrome/91.0.4472.101 Safari/537.36"
80.121.168.242 - - [15/Jun/2021:12:22:33 +0200] "GET /reload?ser=1623752553438 HTTP/1.1" 200 28 "http://renault.activities.at/account" "Mozilla/5.0 (Windows NT 10.0; Win64; x64) AppleWebKit/537.36 (KHTML, like Gecko) Chrome/91.0.4472.106 Safari/537.36"
193.194.132.23 - - [15/Jun/2021:12:22:52 +0200] "GET /reload?ser=1623752572003 HTTP/1.1" 200 28 "http://renault.2web.at/account" "Mozilla/5.0 (Windows NT 10.0; Win64; x64) AppleWebKit/537.36 (KHTML, like Gecko) Chrome/91.0.4472.101 Safari/537.36"
80.121.168.242 - - [15/Jun/2021:12:23:35 +0200] "GET /reload?ser=1623752615429 HTTP/1.1" 200 28 "http://renault.activities.at/account" "Mozilla/5.0 (Windows NT 10.0; Win64; x64) AppleWebKit/537.36 (KHTML, like Gecko) Chrome/91.0.4472.106 Safari/537.36"
193.194.132.23 - - [15/Jun/2021:12:23:54 +0200] "GET /reload?ser=1623752634010 HTTP/1.1" 200 28 "http://renault.2web.at/account" "Mozilla/5.0 (Windows NT 10.0; Win64; x64) AppleWebKit/537.36 (KHTML, like Gecko) Chrome/91.0.4472.101 Safari/537.36"
80.121.168.242 - - [15/Jun/2021:12:24:36 +0200] "GET /reload?ser=1623752676433 HTTP/1.1" 200 28 "http://renault.activities.at/account" "Mozilla/5.0 (Windows NT 10.0; Win64; x64) AppleWebKit/537.36 (KHTML, like Gecko) Chrome/91.0.4472.106 Safari/537.36"
193.194.132.23 - - [15/Jun/2021:12:24:56 +0200] "GET /reload?ser=1623752696016 HTTP/1.1" 200 28 "http://renault.2web.at/account" "Mozilla/5.0 (Windows NT 10.0; Win64; x64) AppleWebKit/537.36 (KHTML, like Gecko) Chrome/91.0.4472.101 Safari/537.36"
80.121.168.242 - - [15/Jun/2021:12:25:37 +0200] "GET /reload?ser=1623752737429 HTTP/1.1" 200 28 "http://renault.activities.at/account" "Mozilla/5.0 (Windows NT 10.0; Win64; x64) AppleWebKit/537.36 (KHTML, like Gecko) Chrome/91.0.4472.106 Safari/537.36"
193.194.132.23 - - [15/Jun/2021:12:25:58 +0200] "GET /reload?ser=1623752758023 HTTP/1.1" 200 28 "http://renault.2web.at/account" "Mozilla/5.0 (Windows NT 10.0; Win64; x64) AppleWebKit/537.36 (KHTML, like Gecko) Chrome/91.0.4472.101 Safari/537.36"
80.121.168.242 - - [15/Jun/2021:12:26:39 +0200] "GET /reload?ser=1623752799428 HTTP/1.1" 200 28 "http://renault.activities.at/account" "Mozilla/5.0 (Windows NT 10.0; Win64; x64) AppleWebKit/537.36 (KHTML, like Gecko) Chrome/91.0.4472.106 Safari/537.36"
193.194.132.23 - - [15/Jun/2021:12:27:00 +0200] "GET /reload?ser=1623752820029 HTTP/1.1" 200 28 "http://renault.2web.at/account" "Mozilla/5.0 (Windows NT 10.0; Win64; x64) AppleWebKit/537.36 (KHTML, like Gecko) Chrome/91.0.4472.101 Safari/537.36"
80.121.168.242 - - [15/Jun/2021:12:27:40 +0200] "GET /reload?ser=1623752860424 HTTP/1.1" 200 28 "http://renault.activities.at/account" "Mozilla/5.0 (Windows NT 10.0; Win64; x64) AppleWebKit/537.36 (KHTML, like Gecko) Chrome/91.0.4472.106 Safari/537.36"
193.194.132.23 - - [15/Jun/2021:12:28:02 +0200] "GET /reload?ser=1623752882034 HTTP/1.1" 200 28 "http://renault.2web.at/account" "Mozilla/5.0 (Windows NT 10.0; Win64; x64) AppleWebKit/537.36 (KHTML, like Gecko) Chrome/91.0.4472.101 Safari/537.36"
80.121.168.242 - - [15/Jun/2021:12:28:41 +0200] "GET /reload?ser=1623752921427 HTTP/1.1" 200 28 "http://renault.activities.at/account" "Mozilla/5.0 (Windows NT 10.0; Win64; x64) AppleWebKit/537.36 (KHTML, like Gecko) Chrome/91.0.4472.106 Safari/537.36"
193.194.132.23 - - [15/Jun/2021:12:29:04 +0200] "GET /reload?ser=1623752944038 HTTP/1.1" 200 28 "http://renault.2web.at/account" "Mozilla/5.0 (Windows NT 10.0; Win64; x64) AppleWebKit/537.36 (KHTML, like Gecko) Chrome/91.0.4472.101 Safari/537.36"
80.121.168.242 - - [15/Jun/2021:12:29:42 +0200] "GET /reload?ser=1623752982433 HTTP/1.1" 200 28 "http://renault.activities.at/account" "Mozilla/5.0 (Windows NT 10.0; Win64; x64) AppleWebKit/537.36 (KHTML, like Gecko) Chrome/91.0.4472.106 Safari/537.36"
193.194.132.23 - - [15/Jun/2021:12:30:06 +0200] "GET /reload?ser=1623753006043 HTTP/1.1" 200 28 "http://renault.2web.at/account" "Mozilla/5.0 (Windows NT 10.0; Win64; x64) AppleWebKit/537.36 (KHTML, like Gecko) Chrome/91.0.4472.101 Safari/537.36"
80.121.168.242 - - [15/Jun/2021:12:30:44 +0200] "GET /reload?ser=1623753044437 HTTP/1.1" 200 28 "http://renault.activities.at/account" "Mozilla/5.0 (Windows NT 10.0; Win64; x64) AppleWebKit/537.36 (KHTML, like Gecko) Chrome/91.0.4472.106 Safari/537.36"
193.194.132.23 - - [15/Jun/2021:12:31:08 +0200] "GET /reload?ser=1623753068048 HTTP/1.1" 200 28 "http://renault.2web.at/account" "Mozilla/5.0 (Windows NT 10.0; Win64; x64) AppleWebKit/537.36 (KHTML, like Gecko) Chrome/91.0.4472.101 Safari/537.36"
80.121.168.242 - - [15/Jun/2021:12:31:45 +0200] "GET /reload?ser=1623753105398 HTTP/1.1" 200 28 "http://renault.activities.at/account" "Mozilla/5.0 (Windows NT 10.0; Win64; x64) AppleWebKit/537.36 (KHTML, like Gecko) Chrome/91.0.4472.106 Safari/537.36"
193.194.132.23 - - [15/Jun/2021:12:32:10 +0200] "GET /reload?ser=1623753130053 HTTP/1.1" 200 28 "http://renault.2web.at/account" "Mozilla/5.0 (Windows NT 10.0; Win64; x64) AppleWebKit/537.36 (KHTML, like Gecko) Chrome/91.0.4472.101 Safari/537.36"
80.121.168.242 - - [15/Jun/2021:12:32:46 +0200] "GET /reload?ser=1623753166401 HTTP/1.1" 200 28 "http://renault.activities.at/account" "Mozilla/5.0 (Windows NT 10.0; Win64; x64) AppleWebKit/537.36 (KHTML, like Gecko) Chrome/91.0.4472.106 Safari/537.36"
193.194.132.23 - - [15/Jun/2021:12:33:12 +0200] "GET /reload?ser=1623753192057 HTTP/1.1" 200 28 "http://renault.2web.at/account" "Mozilla/5.0 (Windows NT 10.0; Win64; x64) AppleWebKit/537.36 (KHTML, like Gecko) Chrome/91.0.4472.101 Safari/537.36"
80.121.168.242 - - [15/Jun/2021:12:33:47 +0200] "GET /reload?ser=1623753227389 HTTP/1.1" 200 28 "http://renault.activities.at/account" "Mozilla/5.0 (Windows NT 10.0; Win64; x64) AppleWebKit/537.36 (KHTML, like Gecko) Chrome/91.0.4472.106 Safari/537.36"
193.194.132.23 - - [15/Jun/2021:12:34:14 +0200] "GET /reload?ser=1623753254060 HTTP/1.1" 200 28 "http://renault.2web.at/account" "Mozilla/5.0 (Windows NT 10.0; Win64; x64) AppleWebKit/537.36 (KHTML, like Gecko) Chrome/91.0.4472.101 Safari/537.36"
80.121.168.242 - - [15/Jun/2021:12:34:48 +0200] "GET /reload?ser=1623753288425 HTTP/1.1" 200 28 "http://renault.activities.at/account" "Mozilla/5.0 (Windows NT 10.0; Win64; x64) AppleWebKit/537.36 (KHTML, like Gecko) Chrome/91.0.4472.106 Safari/537.36"
193.194.132.23 - - [15/Jun/2021:12:35:16 +0200] "GET /reload?ser=1623753316063 HTTP/1.1" 200 28 "http://renault.2web.at/account" "Mozilla/5.0 (Windows NT 10.0; Win64; x64) AppleWebKit/537.36 (KHTML, like Gecko) Chrome/91.0.4472.101 Safari/537.36"
80.121.168.242 - - [15/Jun/2021:12:35:50 +0200] "GET /reload?ser=1623753350428 HTTP/1.1" 200 28 "http://renault.activities.at/account" "Mozilla/5.0 (Windows NT 10.0; Win64; x64) AppleWebKit/537.36 (KHTML, like Gecko) Chrome/91.0.4472.106 Safari/537.36"
193.194.132.23 - - [15/Jun/2021:12:36:18 +0200] "GET /reload?ser=1623753378067 HTTP/1.1" 200 28 "http://renault.2web.at/account" "Mozilla/5.0 (Windows NT 10.0; Win64; x64) AppleWebKit/537.36 (KHTML, like Gecko) Chrome/91.0.4472.101 Safari/537.36"
80.121.168.242 - - [15/Jun/2021:12:36:52 +0200] "GET /reload?ser=1623753412430 HTTP/1.1" 200 28 "http://renault.activities.at/account" "Mozilla/5.0 (Windows NT 10.0; Win64; x64) AppleWebKit/537.36 (KHTML, like Gecko) Chrome/91.0.4472.106 Safari/537.36"
193.194.132.23 - - [15/Jun/2021:12:37:20 +0200] "GET /reload?ser=1623753440071 HTTP/1.1" 200 28 "http://renault.2web.at/account" "Mozilla/5.0 (Windows NT 10.0; Win64; x64) AppleWebKit/537.36 (KHTML, like Gecko) Chrome/91.0.4472.101 Safari/537.36"
80.121.168.242 - - [15/Jun/2021:12:37:53 +0200] "GET /reload?ser=1623753473437 HTTP/1.1" 200 28 "http://renault.activities.at/account" "Mozilla/5.0 (Windows NT 10.0; Win64; x64) AppleWebKit/537.36 (KHTML, like Gecko) Chrome/91.0.4472.106 Safari/537.36"
193.194.132.23 - - [15/Jun/2021:12:38:22 +0200] "GET /reload?ser=1623753502072 HTTP/1.1" 200 28 "http://renault.2web.at/account" "Mozilla/5.0 (Windows NT 10.0; Win64; x64) AppleWebKit/537.36 (KHTML, like Gecko) Chrome/91.0.4472.101 Safari/537.36"
80.121.168.242 - - [15/Jun/2021:12:38:55 +0200] "GET /reload?ser=1623753535425 HTTP/1.1" 200 28 "http://renault.activities.at/account" "Mozilla/5.0 (Windows NT 10.0; Win64; x64) AppleWebKit/537.36 (KHTML, like Gecko) Chrome/91.0.4472.106 Safari/537.36"
193.194.132.23 - - [15/Jun/2021:12:39:24 +0200] "GET /reload?ser=1623753564074 HTTP/1.1" 200 28 "http://renault.2web.at/account" "Mozilla/5.0 (Windows NT 10.0; Win64; x64) AppleWebKit/537.36 (KHTML, like Gecko) Chrome/91.0.4472.101 Safari/537.36"
80.121.168.242 - - [15/Jun/2021:12:39:56 +0200] "GET /reload?ser=1623753596435 HTTP/1.1" 200 28 "http://renault.activities.at/account" "Mozilla/5.0 (Windows NT 10.0; Win64; x64) AppleWebKit/537.36 (KHTML, like Gecko) Chrome/91.0.4472.106 Safari/537.36"
193.194.132.23 - - [15/Jun/2021:12:40:26 +0200] "GET /reload?ser=1623753626190 HTTP/1.1" 200 28 "http://renault.2web.at/account" "Mozilla/5.0 (Windows NT 10.0; Win64; x64) AppleWebKit/537.36 (KHTML, like Gecko) Chrome/91.0.4472.101 Safari/537.36"
80.121.168.242 - - [15/Jun/2021:12:40:58 +0200] "GET /reload?ser=1623753658426 HTTP/1.1" 200 28 "http://renault.activities.at/account" "Mozilla/5.0 (Windows NT 10.0; Win64; x64) AppleWebKit/537.36 (KHTML, like Gecko) Chrome/91.0.4472.106 Safari/537.36"
193.194.132.23 - - [15/Jun/2021:12:41:28 +0200] "GET /reload?ser=1623753688080 HTTP/1.1" 200 28 "http://renault.2web.at/account" "Mozilla/5.0 (Windows NT 10.0; Win64; x64) AppleWebKit/537.36 (KHTML, like Gecko) Chrome/91.0.4472.101 Safari/537.36"
80.121.168.242 - - [15/Jun/2021:12:41:59 +0200] "GET /reload?ser=1623753719424 HTTP/1.1" 200 28 "http://renault.activities.at/account" "Mozilla/5.0 (Windows NT 10.0; Win64; x64) AppleWebKit/537.36 (KHTML, like Gecko) Chrome/91.0.4472.106 Safari/537.36"
193.194.132.23 - - [15/Jun/2021:12:42:30 +0200] "GET /reload?ser=1623753750082 HTTP/1.1" 200 28 "http://renault.2web.at/account" "Mozilla/5.0 (Windows NT 10.0; Win64; x64) AppleWebKit/537.36 (KHTML, like Gecko) Chrome/91.0.4472.101 Safari/537.36"
80.121.168.242 - - [15/Jun/2021:12:43:01 +0200] "GET /reload?ser=1623753781429 HTTP/1.1" 200 28 "http://renault.activities.at/account" "Mozilla/5.0 (Windows NT 10.0; Win64; x64) AppleWebKit/537.36 (KHTML, like Gecko) Chrome/91.0.4472.106 Safari/537.36"
193.194.132.23 - - [15/Jun/2021:12:43:32 +0200] "GET /reload?ser=1623753812084 HTTP/1.1" 200 28 "http://renault.2web.at/account" "Mozilla/5.0 (Windows NT 10.0; Win64; x64) AppleWebKit/537.36 (KHTML, like Gecko) Chrome/91.0.4472.101 Safari/537.36"
80.121.168.242 - - [15/Jun/2021:12:44:02 +0200] "GET /reload?ser=1623753842429 HTTP/1.1" 200 28 "http://renault.activities.at/account" "Mozilla/5.0 (Windows NT 10.0; Win64; x64) AppleWebKit/537.36 (KHTML, like Gecko) Chrome/91.0.4472.106 Safari/537.36"
193.194.132.23 - - [15/Jun/2021:12:44:34 +0200] "GET /reload?ser=1623753874085 HTTP/1.1" 200 28 "http://renault.2web.at/account" "Mozilla/5.0 (Windows NT 10.0; Win64; x64) AppleWebKit/537.36 (KHTML, like Gecko) Chrome/91.0.4472.101 Safari/537.36"
80.121.168.242 - - [15/Jun/2021:12:45:03 +0200] "GET /reload?ser=1623753903425 HTTP/1.1" 200 28 "http://renault.activities.at/account" "Mozilla/5.0 (Windows NT 10.0; Win64; x64) AppleWebKit/537.36 (KHTML, like Gecko) Chrome/91.0.4472.106 Safari/537.36"
193.194.132.23 - - [15/Jun/2021:12:45:36 +0200] "GET /reload?ser=1623753936087 HTTP/1.1" 200 28 "http://renault.2web.at/account" "Mozilla/5.0 (Windows NT 10.0; Win64; x64) AppleWebKit/537.36 (KHTML, like Gecko) Chrome/91.0.4472.101 Safari/537.36"
80.121.168.242 - - [15/Jun/2021:12:46:05 +0200] "GET /reload?ser=1623753965434 HTTP/1.1" 200 28 "http://renault.activities.at/account" "Mozilla/5.0 (Windows NT 10.0; Win64; x64) AppleWebKit/537.36 (KHTML, like Gecko) Chrome/91.0.4472.106 Safari/537.36"
193.194.132.23 - - [15/Jun/2021:12:46:38 +0200] "GET /reload?ser=1623753998227 HTTP/1.1" 200 28 "http://renault.2web.at/account" "Mozilla/5.0 (Windows NT 10.0; Win64; x64) AppleWebKit/537.36 (KHTML, like Gecko) Chrome/91.0.4472.101 Safari/537.36"
80.121.168.242 - - [15/Jun/2021:12:47:06 +0200] "GET /reload?ser=1623754026431 HTTP/1.1" 200 28 "http://renault.activities.at/account" "Mozilla/5.0 (Windows NT 10.0; Win64; x64) AppleWebKit/537.36 (KHTML, like Gecko) Chrome/91.0.4472.106 Safari/537.36"
193.194.132.23 - - [15/Jun/2021:12:47:40 +0200] "GET /reload?ser=1623754060090 HTTP/1.1" 200 28 "http://renault.2web.at/account" "Mozilla/5.0 (Windows NT 10.0; Win64; x64) AppleWebKit/537.36 (KHTML, like Gecko) Chrome/91.0.4472.101 Safari/537.36"
80.121.168.242 - - [15/Jun/2021:12:48:07 +0200] "GET /reload?ser=1623754087424 HTTP/1.1" 200 28 "http://renault.activities.at/account" "Mozilla/5.0 (Windows NT 10.0; Win64; x64) AppleWebKit/537.36 (KHTML, like Gecko) Chrome/91.0.4472.106 Safari/537.36"
193.194.132.23 - - [15/Jun/2021:12:48:42 +0200] "GET /reload?ser=1623754122091 HTTP/1.1" 200 28 "http://renault.2web.at/account" "Mozilla/5.0 (Windows NT 10.0; Win64; x64) AppleWebKit/537.36 (KHTML, like Gecko) Chrome/91.0.4472.101 Safari/537.36"
80.121.168.242 - - [15/Jun/2021:12:49:08 +0200] "GET /reload?ser=1623754148423 HTTP/1.1" 200 28 "http://renault.activities.at/account" "Mozilla/5.0 (Windows NT 10.0; Win64; x64) AppleWebKit/537.36 (KHTML, like Gecko) Chrome/91.0.4472.106 Safari/537.36"
80.120.210.179 - - [15/Jun/2021:12:49:40 +0200] "GET / HTTP/1.1" 200 3315 "https://www.google.com/" "Mozilla/5.0 (Windows NT 10.0; Win64; x64) AppleWebKit/537.36 (KHTML, like Gecko) Chrome/91.0.4472.101 Safari/537.36"
80.120.210.179 - - [15/Jun/2021:12:49:41 +0200] "GET /css/print.css HTTP/1.1" 200 543 "http://renault.activities.at/" "Mozilla/5.0 (Windows NT 10.0; Win64; x64) AppleWebKit/537.36 (KHTML, like Gecko) Chrome/91.0.4472.101 Safari/537.36"
80.120.210.179 - - [15/Jun/2021:12:49:41 +0200] "GET /images/main_block_border.gif HTTP/1.1" 200 43 "http://renault.activities.at/css/styles.css" "Mozilla/5.0 (Windows NT 10.0; Win64; x64) AppleWebKit/537.36 (KHTML, like Gecko) Chrome/91.0.4472.101 Safari/537.36"
80.120.210.179 - - [15/Jun/2021:12:49:41 +0200] "GET /images/main_block_corner_left_bot.gif HTTP/1.1" 200 159 "http://renault.activities.at/css/styles.css" "Mozilla/5.0 (Windows NT 10.0; Win64; x64) AppleWebKit/537.36 (KHTML, like Gecko) Chrome/91.0.4472.101 Safari/537.36"
80.120.210.179 - - [15/Jun/2021:12:49:41 +0200] "GET /images/main_block_corner_right_bot.gif HTTP/1.1" 200 158 "http://renault.activities.at/css/styles.css" "Mozilla/5.0 (Windows NT 10.0; Win64; x64) AppleWebKit/537.36 (KHTML, like Gecko) Chrome/91.0.4472.101 Safari/537.36"
80.120.210.179 - - [15/Jun/2021:12:49:41 +0200] "GET /images/header_block_border.gif HTTP/1.1" 200 43 "http://renault.activities.at/css/styles.css" "Mozilla/5.0 (Windows NT 10.0; Win64; x64) AppleWebKit/537.36 (KHTML, like Gecko) Chrome/91.0.4472.101 Safari/537.36"
80.120.210.179 - - [15/Jun/2021:12:49:41 +0200] "GET /images/header_block_corner_left_top.gif HTTP/1.1" 200 160 "http://renault.activities.at/css/styles.css" "Mozilla/5.0 (Windows NT 10.0; Win64; x64) AppleWebKit/537.36 (KHTML, like Gecko) Chrome/91.0.4472.101 Safari/537.36"
80.120.210.179 - - [15/Jun/2021:12:49:41 +0200] "GET /images/header_block_corner_right_top.gif HTTP/1.1" 200 160 "http://renault.activities.at/css/styles.css" "Mozilla/5.0 (Windows NT 10.0; Win64; x64) AppleWebKit/537.36 (KHTML, like Gecko) Chrome/91.0.4472.101 Safari/537.36"
80.120.210.179 - - [15/Jun/2021:12:49:41 +0200] "GET /images/main_block_corner_left_top.gif HTTP/1.1" 200 159 "http://renault.activities.at/css/styles.css" "Mozilla/5.0 (Windows NT 10.0; Win64; x64) AppleWebKit/537.36 (KHTML, like Gecko) Chrome/91.0.4472.101 Safari/537.36"
80.120.210.179 - - [15/Jun/2021:12:49:41 +0200] "GET /images/main_block_corner_right_top.gif HTTP/1.1" 200 159 "http://renault.activities.at/css/styles.css" "Mozilla/5.0 (Windows NT 10.0; Win64; x64) AppleWebKit/537.36 (KHTML, like Gecko) Chrome/91.0.4472.101 Safari/537.36"
80.120.210.179 - - [15/Jun/2021:12:49:41 +0200] "GET /images/title_border.jpg HTTP/1.1" 200 304 "http://renault.activities.at/css/styles.css" "Mozilla/5.0 (Windows NT 10.0; Win64; x64) AppleWebKit/537.36 (KHTML, like Gecko) Chrome/91.0.4472.101 Safari/537.36"
80.120.210.179 - - [15/Jun/2021:12:49:41 +0200] "GET /images/title_border_top.jpg HTTP/1.1" 200 336 "http://renault.activities.at/css/styles.css" "Mozilla/5.0 (Windows NT 10.0; Win64; x64) AppleWebKit/537.36 (KHTML, like Gecko) Chrome/91.0.4472.101 Safari/537.36"
80.120.210.179 - - [15/Jun/2021:12:49:41 +0200] "GET /images/title_corner_left_top.jpg HTTP/1.1" 200 372 "http://renault.activities.at/css/styles.css" "Mozilla/5.0 (Windows NT 10.0; Win64; x64) AppleWebKit/537.36 (KHTML, like Gecko) Chrome/91.0.4472.101 Safari/537.36"
80.120.210.179 - - [15/Jun/2021:12:49:41 +0200] "GET /images/title_corner_right_top.jpg HTTP/1.1" 200 389 "http://renault.activities.at/css/styles.css" "Mozilla/5.0 (Windows NT 10.0; Win64; x64) AppleWebKit/537.36 (KHTML, like Gecko) Chrome/91.0.4472.101 Safari/537.36"
80.120.210.179 - - [15/Jun/2021:12:49:41 +0200] "GET /loadthumbnail.php?id=11127982 HTTP/1.1" 200 399614 "http://renault.activities.at/" "Mozilla/5.0 (Windows NT 10.0; Win64; x64) AppleWebKit/537.36 (KHTML, like Gecko) Chrome/91.0.4472.101 Safari/537.36"
80.120.210.179 - - [15/Jun/2021:12:49:42 +0200] "GET /images/favicon.ico HTTP/1.1" 404 305 "http://renault.activities.at/" "Mozilla/5.0 (Windows NT 10.0; Win64; x64) AppleWebKit/537.36 (KHTML, like Gecko) Chrome/91.0.4472.101 Safari/537.36"
193.194.132.23 - - [15/Jun/2021:12:49:44 +0200] "GET /reload?ser=1623754184093 HTTP/1.1" 200 28 "http://renault.2web.at/account" "Mozilla/5.0 (Windows NT 10.0; Win64; x64) AppleWebKit/537.36 (KHTML, like Gecko) Chrome/91.0.4472.101 Safari/537.36"
80.120.210.179 - - [15/Jun/2021:12:49:51 +0200] "GET /login HTTP/1.1" 200 2085 "http://renault.activities.at/" "Mozilla/5.0 (Windows NT 10.0; Win64; x64) AppleWebKit/537.36 (KHTML, like Gecko) Chrome/91.0.4472.101 Safari/537.36"
80.120.210.179 - - [15/Jun/2021:12:49:52 +0200] "GET /images/button_left_bg.gif HTTP/1.1" 200 564 "http://renault.activities.at/css/styles.css" "Mozilla/5.0 (Windows NT 10.0; Win64; x64) AppleWebKit/537.36 (KHTML, like Gecko) Chrome/91.0.4472.101 Safari/537.36"
80.120.210.179 - - [15/Jun/2021:12:49:52 +0200] "GET /images/button_right_bg.gif HTTP/1.1" 200 561 "http://renault.activities.at/css/styles.css" "Mozilla/5.0 (Windows NT 10.0; Win64; x64) AppleWebKit/537.36 (KHTML, like Gecko) Chrome/91.0.4472.101 Safari/537.36"
