195.202.147.234 - - [23/Jun/2021:11:36:25 +0200] "GET /images/checkout_border_top.gif HTTP/1.1" 200 156 "http://renault.activities.at/checkout" "Mozilla/5.0 (Windows NT 10.0; WOW64; Trident/7.0; rv:11.0) like Gecko"
195.202.147.234 - - [23/Jun/2021:11:36:25 +0200] "GET /images/button_left_bg.gif HTTP/1.1" 304 - "http://renault.activities.at/checkout" "Mozilla/5.0 (Windows NT 10.0; WOW64; Trident/7.0; rv:11.0) like Gecko"
195.202.147.234 - - [23/Jun/2021:11:36:25 +0200] "GET /images/checkout_border.gif HTTP/1.1" 200 43 "http://renault.activities.at/checkout" "Mozilla/5.0 (Windows NT 10.0; WOW64; Trident/7.0; rv:11.0) like Gecko"
195.202.147.234 - - [23/Jun/2021:11:36:32 +0200] "POST /docheckout HTTP/1.1" 200 437 "http://renault.activities.at/checkout" "Mozilla/5.0 (Windows NT 10.0; WOW64; Trident/7.0; rv:11.0) like Gecko"
195.202.147.234 - - [23/Jun/2021:11:36:35 +0200] "POST /docheckout HTTP/1.1" 200 615 "http://renault.activities.at/checkout" "Mozilla/5.0 (Windows NT 10.0; WOW64; Trident/7.0; rv:11.0) like Gecko"
195.202.147.234 - - [23/Jun/2021:11:36:37 +0200] "GET /images/error_msg_icon.gif HTTP/1.1" 200 1013 "http://renault.activities.at/checkout" "Mozilla/5.0 (Windows NT 10.0; WOW64; Trident/7.0; rv:11.0) like Gecko"
83.219.165.34 - - [23/Jun/2021:11:36:37 +0200] "GET /checkout HTTP/1.1" 200 20570 "http://renault.activities.at/cart" "Mozilla/5.0 (Windows NT 10.0; Win64; x64) AppleWebKit/537.36 (KHTML, like Gecko) Chrome/91.0.4472.106 Safari/537.36"
83.219.165.34 - - [23/Jun/2021:11:36:41 +0200] "GET /js/checkout2.js HTTP/1.1" 200 4122 "http://renault.activities.at/checkout" "Mozilla/5.0 (Windows NT 10.0; Win64; x64) AppleWebKit/537.36 (KHTML, like Gecko) Chrome/91.0.4472.106 Safari/537.36"
83.219.165.34 - - [23/Jun/2021:11:36:42 +0200] "GET /images/step_bg.jpg HTTP/1.1" 200 319 "http://renault.activities.at/css/styles.css" "Mozilla/5.0 (Windows NT 10.0; Win64; x64) AppleWebKit/537.36 (KHTML, like Gecko) Chrome/91.0.4472.106 Safari/537.36"
83.219.165.34 - - [23/Jun/2021:11:36:42 +0200] "GET /images/step_marker.gif HTTP/1.1" 200 650 "http://renault.activities.at/css/styles.css" "Mozilla/5.0 (Windows NT 10.0; Win64; x64) AppleWebKit/537.36 (KHTML, like Gecko) Chrome/91.0.4472.106 Safari/537.36"
83.219.165.34 - - [23/Jun/2021:11:36:42 +0200] "GET /images/checkout_border_top.gif HTTP/1.1" 200 156 "http://renault.activities.at/css/styles.css" "Mozilla/5.0 (Windows NT 10.0; Win64; x64) AppleWebKit/537.36 (KHTML, like Gecko) Chrome/91.0.4472.106 Safari/537.36"
83.219.165.34 - - [23/Jun/2021:11:36:42 +0200] "GET /images/checkout_border.gif HTTP/1.1" 200 43 "http://renault.activities.at/css/styles.css" "Mozilla/5.0 (Windows NT 10.0; Win64; x64) AppleWebKit/537.36 (KHTML, like Gecko) Chrome/91.0.4472.106 Safari/537.36"
83.219.165.34 - - [23/Jun/2021:11:36:41 +0200] "GET /loadthumbnail.php?id=10201939 HTTP/1.1" 200 201 "http://renault.activities.at/checkout" "Mozilla/5.0 (Windows NT 10.0; Win64; x64) AppleWebKit/537.36 (KHTML, like Gecko) Chrome/91.0.4472.106 Safari/537.36"
83.219.165.34 - - [23/Jun/2021:11:36:41 +0200] "GET /loadthumbnail.php?id=10202698 HTTP/1.1" 200 16686 "http://renault.activities.at/checkout" "Mozilla/5.0 (Windows NT 10.0; Win64; x64) AppleWebKit/537.36 (KHTML, like Gecko) Chrome/91.0.4472.106 Safari/537.36"
195.202.147.234 - - [23/Jun/2021:11:36:40 +0200] "POST /docheckout HTTP/1.1" 200 68 "http://renault.activities.at/checkout" "Mozilla/5.0 (Windows NT 10.0; WOW64; Trident/7.0; rv:11.0) like Gecko"
195.202.147.234 - - [23/Jun/2021:11:36:42 +0200] "GET /success HTTP/1.1" 200 3778 "http://renault.activities.at/checkout" "Mozilla/5.0 (Windows NT 10.0; WOW64; Trident/7.0; rv:11.0) like Gecko"
195.202.147.234 - - [23/Jun/2021:11:36:44 +0200] "GET /js/default.js HTTP/1.1" 304 - "http://renault.activities.at/success" "Mozilla/5.0 (Windows NT 10.0; WOW64; Trident/7.0; rv:11.0) like Gecko"
195.202.147.234 - - [23/Jun/2021:11:36:44 +0200] "GET /css/reset.css HTTP/1.1" 304 - "http://renault.activities.at/success" "Mozilla/5.0 (Windows NT 10.0; WOW64; Trident/7.0; rv:11.0) like Gecko"
195.202.147.234 - - [23/Jun/2021:11:36:44 +0200] "GET /css/styles.css HTTP/1.1" 304 - "http://renault.activities.at/success" "Mozilla/5.0 (Windows NT 10.0; WOW64; Trident/7.0; rv:11.0) like Gecko"
195.202.147.234 - - [23/Jun/2021:11:36:44 +0200] "GET /css/clears.css HTTP/1.1" 304 - "http://renault.activities.at/success" "Mozilla/5.0 (Windows NT 10.0; WOW64; Trident/7.0; rv:11.0) like Gecko"
195.202.147.234 - - [23/Jun/2021:11:36:44 +0200] "GET /css/print.css HTTP/1.1" 304 - "http://renault.activities.at/success" "Mozilla/5.0 (Windows NT 10.0; WOW64; Trident/7.0; rv:11.0) like Gecko"
195.202.147.234 - - [23/Jun/2021:11:36:44 +0200] "GET /js/checkout.css HTTP/1.1" 304 - "http://renault.activities.at/success" "Mozilla/5.0 (Windows NT 10.0; WOW64; Trident/7.0; rv:11.0) like Gecko"
195.202.147.234 - - [23/Jun/2021:11:36:44 +0200] "GET /css/prototip.css HTTP/1.1" 304 - "http://renault.activities.at/success" "Mozilla/5.0 (Windows NT 10.0; WOW64; Trident/7.0; rv:11.0) like Gecko"
195.202.147.234 - - [23/Jun/2021:11:36:44 +0200] "GET /css/themes/alphacube.css HTTP/1.1" 304 - "http://renault.activities.at/success" "Mozilla/5.0 (Windows NT 10.0; WOW64; Trident/7.0; rv:11.0) like Gecko"
195.202.147.234 - - [23/Jun/2021:11:36:44 +0200] "GET /css/themes/default.css HTTP/1.1" 304 - "http://renault.activities.at/success" "Mozilla/5.0 (Windows NT 10.0; WOW64; Trident/7.0; rv:11.0) like Gecko"
195.202.147.234 - - [23/Jun/2021:11:36:44 +0200] "GET /images/header_block_border.gif HTTP/1.1" 304 - "http://renault.activities.at/success" "Mozilla/5.0 (Windows NT 10.0; WOW64; Trident/7.0; rv:11.0) like Gecko"
195.202.147.234 - - [23/Jun/2021:11:36:44 +0200] "GET /images/header_block_corner_right_top.gif HTTP/1.1" 304 - "http://renault.activities.at/success" "Mozilla/5.0 (Windows NT 10.0; WOW64; Trident/7.0; rv:11.0) like Gecko"
195.202.147.234 - - [23/Jun/2021:11:36:44 +0200] "GET /images/header_block_corner_left_top.gif HTTP/1.1" 304 - "http://renault.activities.at/success" "Mozilla/5.0 (Windows NT 10.0; WOW64; Trident/7.0; rv:11.0) like Gecko"
195.202.147.234 - - [23/Jun/2021:11:36:44 +0200] "GET /images/search_bg.gif HTTP/1.1" 304 - "http://renault.activities.at/success" "Mozilla/5.0 (Windows NT 10.0; WOW64; Trident/7.0; rv:11.0) like Gecko"
195.202.147.234 - - [23/Jun/2021:11:36:45 +0200] "GET /images/top_links_divider.gif HTTP/1.1" 304 - "http://renault.activities.at/success" "Mozilla/5.0 (Windows NT 10.0; WOW64; Trident/7.0; rv:11.0) like Gecko"
195.202.147.234 - - [23/Jun/2021:11:36:45 +0200] "GET /images/menu_button_bg.jpg HTTP/1.1" 304 - "http://renault.activities.at/success" "Mozilla/5.0 (Windows NT 10.0; WOW64; Trident/7.0; rv:11.0) like Gecko"
195.202.147.234 - - [23/Jun/2021:11:36:45 +0200] "GET /images/title_corner_left_top.jpg HTTP/1.1" 304 - "http://renault.activities.at/success" "Mozilla/5.0 (Windows NT 10.0; WOW64; Trident/7.0; rv:11.0) like Gecko"
195.202.147.234 - - [23/Jun/2021:11:36:45 +0200] "GET /images/main_block_corner_right_bot.gif HTTP/1.1" 304 - "http://renault.activities.at/success" "Mozilla/5.0 (Windows NT 10.0; WOW64; Trident/7.0; rv:11.0) like Gecko"
195.202.147.234 - - [23/Jun/2021:11:36:45 +0200] "GET /images/main_block_corner_left_top.gif HTTP/1.1" 304 - "http://renault.activities.at/success" "Mozilla/5.0 (Windows NT 10.0; WOW64; Trident/7.0; rv:11.0) like Gecko"
195.202.147.234 - - [23/Jun/2021:11:36:45 +0200] "GET /images/main_block_corner_left_bot.gif HTTP/1.1" 304 - "http://renault.activities.at/success" "Mozilla/5.0 (Windows NT 10.0; WOW64; Trident/7.0; rv:11.0) like Gecko"
195.202.147.234 - - [23/Jun/2021:11:36:45 +0200] "GET /images/menu_divider.gif HTTP/1.1" 304 - "http://renault.activities.at/success" "Mozilla/5.0 (Windows NT 10.0; WOW64; Trident/7.0; rv:11.0) like Gecko"
195.202.147.234 - - [23/Jun/2021:11:36:45 +0200] "GET /images/nav_divider.gif HTTP/1.1" 304 - "http://renault.activities.at/success" "Mozilla/5.0 (Windows NT 10.0; WOW64; Trident/7.0; rv:11.0) like Gecko"
195.202.147.234 - - [23/Jun/2021:11:36:45 +0200] "GET /images/button_left_bg.gif HTTP/1.1" 304 - "http://renault.activities.at/success" "Mozilla/5.0 (Windows NT 10.0; WOW64; Trident/7.0; rv:11.0) like Gecko"
195.202.147.234 - - [23/Jun/2021:11:36:45 +0200] "GET /images/main_block_border.gif HTTP/1.1" 304 - "http://renault.activities.at/success" "Mozilla/5.0 (Windows NT 10.0; WOW64; Trident/7.0; rv:11.0) like Gecko"
195.202.147.234 - - [23/Jun/2021:11:36:45 +0200] "GET /images/title_border_top.jpg HTTP/1.1" 304 - "http://renault.activities.at/success" "Mozilla/5.0 (Windows NT 10.0; WOW64; Trident/7.0; rv:11.0) like Gecko"
195.202.147.234 - - [23/Jun/2021:11:36:45 +0200] "GET /images/title_border.jpg HTTP/1.1" 304 - "http://renault.activities.at/success" "Mozilla/5.0 (Windows NT 10.0; WOW64; Trident/7.0; rv:11.0) like Gecko"
195.202.147.234 - - [23/Jun/2021:11:36:45 +0200] "GET /images/footer_divider.gif HTTP/1.1" 304 - "http://renault.activities.at/success" "Mozilla/5.0 (Windows NT 10.0; WOW64; Trident/7.0; rv:11.0) like Gecko"
195.202.147.234 - - [23/Jun/2021:11:36:45 +0200] "GET /images/main_block_corner_right_top.gif HTTP/1.1" 304 - "http://renault.activities.at/success" "Mozilla/5.0 (Windows NT 10.0; WOW64; Trident/7.0; rv:11.0) like Gecko"
195.202.147.234 - - [23/Jun/2021:11:36:45 +0200] "GET /images/title_corner_right_top.jpg HTTP/1.1" 304 - "http://renault.activities.at/success" "Mozilla/5.0 (Windows NT 10.0; WOW64; Trident/7.0; rv:11.0) like Gecko"
83.219.165.34 - - [23/Jun/2021:11:36:45 +0200] "POST /docheckout HTTP/1.1" 200 455 "http://renault.activities.at/checkout" "Mozilla/5.0 (Windows NT 10.0; Win64; x64) AppleWebKit/537.36 (KHTML, like Gecko) Chrome/91.0.4472.106 Safari/537.36"
83.219.165.34 - - [23/Jun/2021:11:36:49 +0200] "POST /docheckout HTTP/1.1" 200 714 "http://renault.activities.at/checkout" "Mozilla/5.0 (Windows NT 10.0; Win64; x64) AppleWebKit/537.36 (KHTML, like Gecko) Chrome/91.0.4472.106 Safari/537.36"
83.219.165.34 - - [23/Jun/2021:11:36:51 +0200] "GET /images/error_msg_icon.gif HTTP/1.1" 200 1013 "http://renault.activities.at/checkout" "Mozilla/5.0 (Windows NT 10.0; Win64; x64) AppleWebKit/537.36 (KHTML, like Gecko) Chrome/91.0.4472.106 Safari/537.36"
138.21.12.22 - - [23/Jun/2021:11:37:21 +0200] "GET /reload?ser=1624441040725 HTTP/1.1" 200 28 "http://renault.2web.at/account" "Mozilla/5.0 (Windows NT 10.0; Win64; x64) AppleWebKit/537.36 (KHTML, like Gecko) Chrome/91.0.4472.106 Safari/537.36"
83.219.165.34 - - [23/Jun/2021:11:37:30 +0200] "POST /docheckout HTTP/1.1" 200 68 "http://renault.activities.at/checkout" "Mozilla/5.0 (Windows NT 10.0; Win64; x64) AppleWebKit/537.36 (KHTML, like Gecko) Chrome/91.0.4472.106 Safari/537.36"
83.219.165.34 - - [23/Jun/2021:11:37:33 +0200] "GET /success HTTP/1.1" 200 3943 "http://renault.activities.at/checkout" "Mozilla/5.0 (Windows NT 10.0; Win64; x64) AppleWebKit/537.36 (KHTML, like Gecko) Chrome/91.0.4472.106 Safari/537.36"
195.202.147.234 - - [23/Jun/2021:11:37:45 +0200] "GET /reload?ser=1624441065002 HTTP/1.1" 200 28 "http://renault.activities.at/success" "Mozilla/5.0 (Windows NT 10.0; WOW64; Trident/7.0; rv:11.0) like Gecko"
138.21.12.22 - - [23/Jun/2021:11:38:23 +0200] "GET /reload?ser=1624441102726 HTTP/1.1" 200 28 "http://renault.2web.at/account" "Mozilla/5.0 (Windows NT 10.0; Win64; x64) AppleWebKit/537.36 (KHTML, like Gecko) Chrome/91.0.4472.106 Safari/537.36"
195.202.147.234 - - [23/Jun/2021:11:38:46 +0200] "GET /reload?ser=1624441126137 HTTP/1.1" 200 28 "http://renault.activities.at/success" "Mozilla/5.0 (Windows NT 10.0; WOW64; Trident/7.0; rv:11.0) like Gecko"
138.21.12.22 - - [23/Jun/2021:11:39:25 +0200] "GET /reload?ser=1624441164727 HTTP/1.1" 200 28 "http://renault.2web.at/account" "Mozilla/5.0 (Windows NT 10.0; Win64; x64) AppleWebKit/537.36 (KHTML, like Gecko) Chrome/91.0.4472.106 Safari/537.36"
195.202.147.234 - - [23/Jun/2021:11:39:47 +0200] "GET /reload?ser=1624441187083 HTTP/1.1" 200 28 "http://renault.activities.at/success" "Mozilla/5.0 (Windows NT 10.0; WOW64; Trident/7.0; rv:11.0) like Gecko"
138.21.12.22 - - [23/Jun/2021:11:40:27 +0200] "GET /reload?ser=1624441226739 HTTP/1.1" 200 28 "http://renault.2web.at/account" "Mozilla/5.0 (Windows NT 10.0; Win64; x64) AppleWebKit/537.36 (KHTML, like Gecko) Chrome/91.0.4472.106 Safari/537.36"
195.202.147.234 - - [23/Jun/2021:11:40:48 +0200] "GET /reload?ser=1624441248012 HTTP/1.1" 200 28 "http://renault.activities.at/success" "Mozilla/5.0 (Windows NT 10.0; WOW64; Trident/7.0; rv:11.0) like Gecko"
138.21.12.22 - - [23/Jun/2021:11:41:29 +0200] "GET /reload?ser=1624441288729 HTTP/1.1" 200 28 "http://renault.2web.at/account" "Mozilla/5.0 (Windows NT 10.0; Win64; x64) AppleWebKit/537.36 (KHTML, like Gecko) Chrome/91.0.4472.106 Safari/537.36"
195.202.147.234 - - [23/Jun/2021:11:41:49 +0200] "GET /reload?ser=1624441308970 HTTP/1.1" 200 28 "http://renault.activities.at/success" "Mozilla/5.0 (Windows NT 10.0; WOW64; Trident/7.0; rv:11.0) like Gecko"
138.21.12.22 - - [23/Jun/2021:11:42:31 +0200] "GET /reload?ser=1624441350729 HTTP/1.1" 200 28 "http://renault.2web.at/account" "Mozilla/5.0 (Windows NT 10.0; Win64; x64) AppleWebKit/537.36 (KHTML, like Gecko) Chrome/91.0.4472.106 Safari/537.36"
195.202.147.234 - - [23/Jun/2021:11:42:49 +0200] "GET /reload?ser=1624441369885 HTTP/1.1" 200 28 "http://renault.activities.at/success" "Mozilla/5.0 (Windows NT 10.0; WOW64; Trident/7.0; rv:11.0) like Gecko"
138.21.12.22 - - [23/Jun/2021:11:43:33 +0200] "GET /reload?ser=1624441412732 HTTP/1.1" 200 28 "http://renault.2web.at/account" "Mozilla/5.0 (Windows NT 10.0; Win64; x64) AppleWebKit/537.36 (KHTML, like Gecko) Chrome/91.0.4472.106 Safari/537.36"
195.202.147.234 - - [23/Jun/2021:11:43:50 +0200] "GET /reload?ser=1624441430828 HTTP/1.1" 200 28 "http://renault.activities.at/success" "Mozilla/5.0 (Windows NT 10.0; WOW64; Trident/7.0; rv:11.0) like Gecko"
138.21.12.22 - - [23/Jun/2021:11:44:35 +0200] "GET /reload?ser=1624441474731 HTTP/1.1" 200 28 "http://renault.2web.at/account" "Mozilla/5.0 (Windows NT 10.0; Win64; x64) AppleWebKit/537.36 (KHTML, like Gecko) Chrome/91.0.4472.106 Safari/537.36"
195.202.147.234 - - [23/Jun/2021:11:44:51 +0200] "GET /reload?ser=1624441491773 HTTP/1.1" 200 28 "http://renault.activities.at/success" "Mozilla/5.0 (Windows NT 10.0; WOW64; Trident/7.0; rv:11.0) like Gecko"
138.21.12.22 - - [23/Jun/2021:11:45:37 +0200] "GET /reload?ser=1624441536732 HTTP/1.1" 200 28 "http://renault.2web.at/account" "Mozilla/5.0 (Windows NT 10.0; Win64; x64) AppleWebKit/537.36 (KHTML, like Gecko) Chrome/91.0.4472.106 Safari/537.36"
195.202.147.234 - - [23/Jun/2021:11:45:52 +0200] "GET /reload?ser=1624441552737 HTTP/1.1" 200 28 "http://renault.activities.at/success" "Mozilla/5.0 (Windows NT 10.0; WOW64; Trident/7.0; rv:11.0) like Gecko"
138.21.12.22 - - [23/Jun/2021:11:46:39 +0200] "GET /reload?ser=1624441598733 HTTP/1.1" 200 28 "http://renault.2web.at/account" "Mozilla/5.0 (Windows NT 10.0; Win64; x64) AppleWebKit/537.36 (KHTML, like Gecko) Chrome/91.0.4472.106 Safari/537.36"
195.202.147.234 - - [23/Jun/2021:11:46:53 +0200] "GET /reload?ser=1624441613649 HTTP/1.1" 200 28 "http://renault.activities.at/success" "Mozilla/5.0 (Windows NT 10.0; WOW64; Trident/7.0; rv:11.0) like Gecko"
138.21.12.22 - - [23/Jun/2021:11:47:41 +0200] "GET /reload?ser=1624441660734 HTTP/1.1" 200 28 "http://renault.2web.at/account" "Mozilla/5.0 (Windows NT 10.0; Win64; x64) AppleWebKit/537.36 (KHTML, like Gecko) Chrome/91.0.4472.106 Safari/537.36"
195.202.147.234 - - [23/Jun/2021:11:47:54 +0200] "GET /reload?ser=1624441674572 HTTP/1.1" 200 28 "http://renault.activities.at/success" "Mozilla/5.0 (Windows NT 10.0; WOW64; Trident/7.0; rv:11.0) like Gecko"
138.21.12.22 - - [23/Jun/2021:11:48:43 +0200] "GET /reload?ser=1624441722734 HTTP/1.1" 200 28 "http://renault.2web.at/account" "Mozilla/5.0 (Windows NT 10.0; Win64; x64) AppleWebKit/537.36 (KHTML, like Gecko) Chrome/91.0.4472.106 Safari/537.36"
195.202.147.234 - - [23/Jun/2021:11:48:55 +0200] "GET /reload?ser=1624441735509 HTTP/1.1" 200 28 "http://renault.activities.at/success" "Mozilla/5.0 (Windows NT 10.0; WOW64; Trident/7.0; rv:11.0) like Gecko"
138.21.12.22 - - [23/Jun/2021:11:49:45 +0200] "GET /reload?ser=1624441784735 HTTP/1.1" 200 28 "http://renault.2web.at/account" "Mozilla/5.0 (Windows NT 10.0; Win64; x64) AppleWebKit/537.36 (KHTML, like Gecko) Chrome/91.0.4472.106 Safari/537.36"
195.202.147.234 - - [23/Jun/2021:11:49:56 +0200] "GET /reload?ser=1624441796449 HTTP/1.1" 200 28 "http://renault.activities.at/success" "Mozilla/5.0 (Windows NT 10.0; WOW64; Trident/7.0; rv:11.0) like Gecko"
138.21.12.22 - - [23/Jun/2021:11:50:47 +0200] "GET /reload?ser=1624441846735 HTTP/1.1" 200 28 "http://renault.2web.at/account" "Mozilla/5.0 (Windows NT 10.0; Win64; x64) AppleWebKit/537.36 (KHTML, like Gecko) Chrome/91.0.4472.106 Safari/537.36"
195.202.147.234 - - [23/Jun/2021:11:50:57 +0200] "GET /reload?ser=1624441857384 HTTP/1.1" 200 28 "http://renault.activities.at/success" "Mozilla/5.0 (Windows NT 10.0; WOW64; Trident/7.0; rv:11.0) like Gecko"
83.219.165.34 - - [23/Jun/2021:11:51:17 +0200] "GET / HTTP/1.1" 200 3315 "-" "Mozilla/5.0 (Windows NT 10.0; Win64; x64) AppleWebKit/537.36 (KHTML, like Gecko) Chrome/91.0.4472.114 Safari/537.36 Edg/91.0.864.54"
83.219.165.34 - - [23/Jun/2021:11:51:18 +0200] "GET /css/reset.css HTTP/1.1" 200 1356 "http://renault.activities.at/" "Mozilla/5.0 (Windows NT 10.0; Win64; x64) AppleWebKit/537.36 (KHTML, like Gecko) Chrome/91.0.4472.114 Safari/537.36 Edg/91.0.864.54"
83.219.165.34 - - [23/Jun/2021:11:51:18 +0200] "GET /js/default.js HTTP/1.1" 200 14698 "http://renault.activities.at/" "Mozilla/5.0 (Windows NT 10.0; Win64; x64) AppleWebKit/537.36 (KHTML, like Gecko) Chrome/91.0.4472.114 Safari/537.36 Edg/91.0.864.54"
83.219.165.34 - - [23/Jun/2021:11:51:18 +0200] "GET /css/clears.css HTTP/1.1" 200 851 "http://renault.activities.at/" "Mozilla/5.0 (Windows NT 10.0; Win64; x64) AppleWebKit/537.36 (KHTML, like Gecko) Chrome/91.0.4472.114 Safari/537.36 Edg/91.0.864.54"
83.219.165.34 - - [23/Jun/2021:11:51:18 +0200] "GET /css/styles.css HTTP/1.1" 200 14664 "http://renault.activities.at/" "Mozilla/5.0 (Windows NT 10.0; Win64; x64) AppleWebKit/537.36 (KHTML, like Gecko) Chrome/91.0.4472.114 Safari/537.36 Edg/91.0.864.54"
83.219.165.34 - - [23/Jun/2021:11:51:18 +0200] "GET /js/checkout.css HTTP/1.1" 200 359 "http://renault.activities.at/" "Mozilla/5.0 (Windows NT 10.0; Win64; x64) AppleWebKit/537.36 (KHTML, like Gecko) Chrome/91.0.4472.114 Safari/537.36 Edg/91.0.864.54"
83.219.165.34 - - [23/Jun/2021:11:51:18 +0200] "GET /css/prototip.css HTTP/1.1" 200 968 "http://renault.activities.at/" "Mozilla/5.0 (Windows NT 10.0; Win64; x64) AppleWebKit/537.36 (KHTML, like Gecko) Chrome/91.0.4472.114 Safari/537.36 Edg/91.0.864.54"
83.219.165.34 - - [23/Jun/2021:11:51:18 +0200] "GET /css/themes/default.css HTTP/1.1" 200 769 "http://renault.activities.at/" "Mozilla/5.0 (Windows NT 10.0; Win64; x64) AppleWebKit/537.36 (KHTML, like Gecko) Chrome/91.0.4472.114 Safari/537.36 Edg/91.0.864.54"
83.219.165.34 - - [23/Jun/2021:11:51:18 +0200] "GET /css/themes/alphacube.css HTTP/1.1" 200 743 "http://renault.activities.at/" "Mozilla/5.0 (Windows NT 10.0; Win64; x64) AppleWebKit/537.36 (KHTML, like Gecko) Chrome/91.0.4472.114 Safari/537.36 Edg/91.0.864.54"
83.219.165.34 - - [23/Jun/2021:11:51:18 +0200] "GET /js/flashdetection.js HTTP/1.1" 200 1059 "http://renault.activities.at/" "Mozilla/5.0 (Windows NT 10.0; Win64; x64) AppleWebKit/537.36 (KHTML, like Gecko) Chrome/91.0.4472.114 Safari/537.36 Edg/91.0.864.54"
83.219.165.34 - - [23/Jun/2021:11:51:18 +0200] "GET /js/index.php?c=auto&f=,prototype/prototype.js,prototype/validation.js,scriptaculous/builder.js,scriptaculous/effects.js,scriptaculous/dragdrop.js,scriptaculous/controls.js,scriptaculous/slider.js,varien/js.js,varien/form.js,varien/menu.js,mage/translate.js,mage/cookies.js,varien/product.js,spinner/SpinnerControl.jsmin.js,prototype/window.js,prototype/window_ext.js HTTP/1.1" 200 94182 "http://renault.activities.at/" "Mozilla/5.0 (Windows NT 10.0; Win64; x64) AppleWebKit/537.36 (KHTML, like Gecko) Chrome/91.0.4472.114 Safari/537.36 Edg/91.0.864.54"
83.219.165.34 - - [23/Jun/2021:11:51:18 +0200] "GET /images/main_block_border.gif HTTP/1.1" 200 43 "http://renault.activities.at/css/styles.css" "Mozilla/5.0 (Windows NT 10.0; Win64; x64) AppleWebKit/537.36 (KHTML, like Gecko) Chrome/91.0.4472.114 Safari/537.36 Edg/91.0.864.54"
83.219.165.34 - - [23/Jun/2021:11:51:18 +0200] "GET /images/main_block_corner_right_bot.gif HTTP/1.1" 200 158 "http://renault.activities.at/css/styles.css" "Mozilla/5.0 (Windows NT 10.0; Win64; x64) AppleWebKit/537.36 (KHTML, like Gecko) Chrome/91.0.4472.114 Safari/537.36 Edg/91.0.864.54"
83.219.165.34 - - [23/Jun/2021:11:51:18 +0200] "GET /images/main_block_corner_left_bot.gif HTTP/1.1" 200 159 "http://renault.activities.at/css/styles.css" "Mozilla/5.0 (Windows NT 10.0; Win64; x64) AppleWebKit/537.36 (KHTML, like Gecko) Chrome/91.0.4472.114 Safari/537.36 Edg/91.0.864.54"
83.219.165.34 - - [23/Jun/2021:11:51:18 +0200] "GET /images/header_block_border.gif HTTP/1.1" 200 43 "http://renault.activities.at/css/styles.css" "Mozilla/5.0 (Windows NT 10.0; Win64; x64) AppleWebKit/537.36 (KHTML, like Gecko) Chrome/91.0.4472.114 Safari/537.36 Edg/91.0.864.54"
83.219.165.34 - - [23/Jun/2021:11:51:18 +0200] "GET /images/header_block_corner_left_top.gif HTTP/1.1" 200 160 "http://renault.activities.at/css/styles.css" "Mozilla/5.0 (Windows NT 10.0; Win64; x64) AppleWebKit/537.36 (KHTML, like Gecko) Chrome/91.0.4472.114 Safari/537.36 Edg/91.0.864.54"
83.219.165.34 - - [23/Jun/2021:11:51:18 +0200] "GET /css/print.css HTTP/1.1" 200 543 "http://renault.activities.at/" "Mozilla/5.0 (Windows NT 10.0; Win64; x64) AppleWebKit/537.36 (KHTML, like Gecko) Chrome/91.0.4472.114 Safari/537.36 Edg/91.0.864.54"
83.219.165.34 - - [23/Jun/2021:11:51:18 +0200] "GET /images/header_block_corner_right_top.gif HTTP/1.1" 200 160 "http://renault.activities.at/css/styles.css" "Mozilla/5.0 (Windows NT 10.0; Win64; x64) AppleWebKit/537.36 (KHTML, like Gecko) Chrome/91.0.4472.114 Safari/537.36 Edg/91.0.864.54"
83.219.165.34 - - [23/Jun/2021:11:51:18 +0200] "GET /images/main_block_corner_left_top.gif HTTP/1.1" 200 159 "http://renault.activities.at/css/styles.css" "Mozilla/5.0 (Windows NT 10.0; Win64; x64) AppleWebKit/537.36 (KHTML, like Gecko) Chrome/91.0.4472.114 Safari/537.36 Edg/91.0.864.54"
83.219.165.34 - - [23/Jun/2021:11:51:18 +0200] "GET /images/main_block_corner_right_top.gif HTTP/1.1" 200 159 "http://renault.activities.at/css/styles.css" "Mozilla/5.0 (Windows NT 10.0; Win64; x64) AppleWebKit/537.36 (KHTML, like Gecko) Chrome/91.0.4472.114 Safari/537.36 Edg/91.0.864.54"
83.219.165.34 - - [23/Jun/2021:11:51:18 +0200] "GET /images/title_border.jpg HTTP/1.1" 200 304 "http://renault.activities.at/css/styles.css" "Mozilla/5.0 (Windows NT 10.0; Win64; x64) AppleWebKit/537.36 (KHTML, like Gecko) Chrome/91.0.4472.114 Safari/537.36 Edg/91.0.864.54"
83.219.165.34 - - [23/Jun/2021:11:51:18 +0200] "GET /images/title_border_top.jpg HTTP/1.1" 200 336 "http://renault.activities.at/css/styles.css" "Mozilla/5.0 (Windows NT 10.0; Win64; x64) AppleWebKit/537.36 (KHTML, like Gecko) Chrome/91.0.4472.114 Safari/537.36 Edg/91.0.864.54"
83.219.165.34 - - [23/Jun/2021:11:51:18 +0200] "GET /images/title_corner_left_top.jpg HTTP/1.1" 200 372 "http://renault.activities.at/css/styles.css" "Mozilla/5.0 (Windows NT 10.0; Win64; x64) AppleWebKit/537.36 (KHTML, like Gecko) Chrome/91.0.4472.114 Safari/537.36 Edg/91.0.864.54"
83.219.165.34 - - [23/Jun/2021:11:51:18 +0200] "GET /images/title_corner_right_top.jpg HTTP/1.1" 200 389 "http://renault.activities.at/css/styles.css" "Mozilla/5.0 (Windows NT 10.0; Win64; x64) AppleWebKit/537.36 (KHTML, like Gecko) Chrome/91.0.4472.114 Safari/537.36 Edg/91.0.864.54"
83.219.165.34 - - [23/Jun/2021:11:51:18 +0200] "GET /loadthumbnail.php?id=11127982 HTTP/1.1" 200 399614 "http://renault.activities.at/" "Mozilla/5.0 (Windows NT 10.0; Win64; x64) AppleWebKit/537.36 (KHTML, like Gecko) Chrome/91.0.4472.114 Safari/537.36 Edg/91.0.864.54"
83.219.165.34 - - [23/Jun/2021:11:51:18 +0200] "GET /images/favicon.ico HTTP/1.1" 404 305 "http://renault.activities.at/" "Mozilla/5.0 (Windows NT 10.0; Win64; x64) AppleWebKit/537.36 (KHTML, like Gecko) Chrome/91.0.4472.114 Safari/537.36 Edg/91.0.864.54"
83.219.165.34 - - [23/Jun/2021:11:51:21 +0200] "GET /login HTTP/1.1" 200 2085 "http://renault.activities.at/" "Mozilla/5.0 (Windows NT 10.0; Win64; x64) AppleWebKit/537.36 (KHTML, like Gecko) Chrome/91.0.4472.114 Safari/537.36 Edg/91.0.864.54"
83.219.165.34 - - [23/Jun/2021:11:51:22 +0200] "GET /images/button_left_bg.gif HTTP/1.1" 200 564 "http://renault.activities.at/css/styles.css" "Mozilla/5.0 (Windows NT 10.0; Win64; x64) AppleWebKit/537.36 (KHTML, like Gecko) Chrome/91.0.4472.114 Safari/537.36 Edg/91.0.864.54"
83.219.165.34 - - [23/Jun/2021:11:51:22 +0200] "GET /images/button_right_bg.gif HTTP/1.1" 200 561 "http://renault.activities.at/css/styles.css" "Mozilla/5.0 (Windows NT 10.0; Win64; x64) AppleWebKit/537.36 (KHTML, like Gecko) Chrome/91.0.4472.114 Safari/537.36 Edg/91.0.864.54"
83.219.165.34 - - [23/Jun/2021:11:51:22 +0200] "GET /images/button_bg.gif HTTP/1.1" 200 151 "http://renault.activities.at/css/styles.css" "Mozilla/5.0 (Windows NT 10.0; Win64; x64) AppleWebKit/537.36 (KHTML, like Gecko) Chrome/91.0.4472.114 Safari/537.36 Edg/91.0.864.54"
83.219.165.34 - - [23/Jun/2021:11:51:30 +0200] "POST /login HTTP/1.1" 302 140 "http://renault.activities.at/login" "Mozilla/5.0 (Windows NT 10.0; Win64; x64) AppleWebKit/537.36 (KHTML, like Gecko) Chrome/91.0.4472.114 Safari/537.36 Edg/91.0.864.54"
83.219.165.34 - - [23/Jun/2021:11:51:32 +0200] "GET /account HTTP/1.1" 200 6555 "http://renault.activities.at/login" "Mozilla/5.0 (Windows NT 10.0; Win64; x64) AppleWebKit/537.36 (KHTML, like Gecko) Chrome/91.0.4472.114 Safari/537.36 Edg/91.0.864.54"
83.219.165.34 - - [23/Jun/2021:11:51:35 +0200] "GET /js/account.js HTTP/1.1" 200 953 "http://renault.activities.at/account" "Mozilla/5.0 (Windows NT 10.0; Win64; x64) AppleWebKit/537.36 (KHTML, like Gecko) Chrome/91.0.4472.114 Safari/537.36 Edg/91.0.864.54"
83.219.165.34 - - [23/Jun/2021:11:51:35 +0200] "GET /loadthumbnail.php?id=11181238&width=50&height=50 HTTP/1.1" 200 1066 "http://renault.activities.at/account" "Mozilla/5.0 (Windows NT 10.0; Win64; x64) AppleWebKit/537.36 (KHTML, like Gecko) Chrome/91.0.4472.114 Safari/537.36 Edg/91.0.864.54"
83.219.165.34 - - [23/Jun/2021:11:51:35 +0200] "GET /loadthumbnail.php?id=12094699&width=50&height=50 HTTP/1.1" 200 991 "http://renault.activities.at/account" "Mozilla/5.0 (Windows NT 10.0; Win64; x64) AppleWebKit/537.36 (KHTML, like Gecko) Chrome/91.0.4472.114 Safari/537.36 Edg/91.0.864.54"
83.219.165.34 - - [23/Jun/2021:11:51:35 +0200] "GET /loadthumbnail.php?id=11186484&width=50&height=50 HTTP/1.1" 200 978 "http://renault.activities.at/account" "Mozilla/5.0 (Windows NT 10.0; Win64; x64) AppleWebKit/537.36 (KHTML, like Gecko) Chrome/91.0.4472.114 Safari/537.36 Edg/91.0.864.54"
83.219.165.34 - - [23/Jun/2021:11:51:35 +0200] "GET /images/menu_button_bg.jpg HTTP/1.1" 200 322 "http://renault.activities.at/css/styles.css" "Mozilla/5.0 (Windows NT 10.0; Win64; x64) AppleWebKit/537.36 (KHTML, like Gecko) Chrome/91.0.4472.114 Safari/537.36 Edg/91.0.864.54"
83.219.165.34 - - [23/Jun/2021:11:51:35 +0200] "GET /loadthumbnail.php?id=11555219&width=50&height=50 HTTP/1.1" 200 996 "http://renault.activities.at/account" "Mozilla/5.0 (Windows NT 10.0; Win64; x64) AppleWebKit/537.36 (KHTML, like Gecko) Chrome/91.0.4472.114 Safari/537.36 Edg/91.0.864.54"
83.219.165.34 - - [23/Jun/2021:11:51:35 +0200] "GET /loadthumbnail.php?id=11186504&width=50&height=50 HTTP/1.1" 200 988 "http://renault.activities.at/account" "Mozilla/5.0 (Windows NT 10.0; Win64; x64) AppleWebKit/537.36 (KHTML, like Gecko) Chrome/91.0.4472.114 Safari/537.36 Edg/91.0.864.54"
83.219.165.34 - - [23/Jun/2021:11:51:35 +0200] "GET /images/search_bg.gif HTTP/1.1" 200 1726 "http://renault.activities.at/css/styles.css" "Mozilla/5.0 (Windows NT 10.0; Win64; x64) AppleWebKit/537.36 (KHTML, like Gecko) Chrome/91.0.4472.114 Safari/537.36 Edg/91.0.864.54"
83.219.165.34 - - [23/Jun/2021:11:51:35 +0200] "GET /images/menu_divider.gif HTTP/1.1" 200 176 "http://renault.activities.at/css/styles.css" "Mozilla/5.0 (Windows NT 10.0; Win64; x64) AppleWebKit/537.36 (KHTML, like Gecko) Chrome/91.0.4472.114 Safari/537.36 Edg/91.0.864.54"
83.219.165.34 - - [23/Jun/2021:11:51:35 +0200] "GET /loadthumbnail.php?id=12333878&width=50&height=50 HTTP/1.1" 200 1005 "http://renault.activities.at/account" "Mozilla/5.0 (Windows NT 10.0; Win64; x64) AppleWebKit/537.36 (KHTML, like Gecko) Chrome/91.0.4472.114 Safari/537.36 Edg/91.0.864.54"
83.219.165.34 - - [23/Jun/2021:11:51:35 +0200] "GET /images/sidebar_title_border.gif HTTP/1.1" 200 43 "http://renault.activities.at/css/styles.css" "Mozilla/5.0 (Windows NT 10.0; Win64; x64) AppleWebKit/537.36 (KHTML, like Gecko) Chrome/91.0.4472.114 Safari/537.36 Edg/91.0.864.54"
83.219.165.34 - - [23/Jun/2021:11:51:35 +0200] "GET /images/sidebar_title_corner_left_top.gif HTTP/1.1" 200 1124 "http://renault.activities.at/css/styles.css" "Mozilla/5.0 (Windows NT 10.0; Win64; x64) AppleWebKit/537.36 (KHTML, like Gecko) Chrome/91.0.4472.114 Safari/537.36 Edg/91.0.864.54"
83.219.165.34 - - [23/Jun/2021:11:51:35 +0200] "GET /images/sidebar_title_border_top.gif HTTP/1.1" 200 155 "http://renault.activities.at/css/styles.css" "Mozilla/5.0 (Windows NT 10.0; Win64; x64) AppleWebKit/537.36 (KHTML, like Gecko) Chrome/91.0.4472.114 Safari/537.36 Edg/91.0.864.54"
83.219.165.34 - - [23/Jun/2021:11:51:35 +0200] "GET /images/sidebar_title_corner_right_top.gif HTTP/1.1" 200 383 "http://renault.activities.at/css/styles.css" "Mozilla/5.0 (Windows NT 10.0; Win64; x64) AppleWebKit/537.36 (KHTML, like Gecko) Chrome/91.0.4472.114 Safari/537.36 Edg/91.0.864.54"
83.219.165.34 - - [23/Jun/2021:11:51:36 +0200] "GET /images/top_links_divider.gif HTTP/1.1" 200 44 "http://renault.activities.at/css/styles.css" "Mozilla/5.0 (Windows NT 10.0; Win64; x64) AppleWebKit/537.36 (KHTML, like Gecko) Chrome/91.0.4472.114 Safari/537.36 Edg/91.0.864.54"
83.219.165.34 - - [23/Jun/2021:11:51:36 +0200] "GET /images/nav_divider.gif HTTP/1.1" 200 43 "http://renault.activities.at/css/styles.css" "Mozilla/5.0 (Windows NT 10.0; Win64; x64) AppleWebKit/537.36 (KHTML, like Gecko) Chrome/91.0.4472.114 Safari/537.36 Edg/91.0.864.54"
83.219.165.34 - - [23/Jun/2021:11:51:36 +0200] "GET /images/footer_divider.gif HTTP/1.1" 200 44 "http://renault.activities.at/css/styles.css" "Mozilla/5.0 (Windows NT 10.0; Win64; x64) AppleWebKit/537.36 (KHTML, like Gecko) Chrome/91.0.4472.114 Safari/537.36 Edg/91.0.864.54"
83.219.165.34 - - [23/Jun/2021:11:51:35 +0200] "GET /loadthumbnail.php?id=12255326&width=50&height=50 HTTP/1.1" 200 1029 "http://renault.activities.at/account" "Mozilla/5.0 (Windows NT 10.0; Win64; x64) AppleWebKit/537.36 (KHTML, like Gecko) Chrome/91.0.4472.114 Safari/537.36 Edg/91.0.864.54"
83.219.165.34 - - [23/Jun/2021:11:51:35 +0200] "GET /loadthumbnail.php?id=11181177&width=50&height=50 HTTP/1.1" 200 988 "http://renault.activities.at/account" "Mozilla/5.0 (Windows NT 10.0; Win64; x64) AppleWebKit/537.36 (KHTML, like Gecko) Chrome/91.0.4472.114 Safari/537.36 Edg/91.0.864.54"
83.219.165.34 - - [23/Jun/2021:11:51:36 +0200] "GET /loadthumbnail.php?id=11181171&width=50&height=50 HTTP/1.1" 200 982 "http://renault.activities.at/account" "Mozilla/5.0 (Windows NT 10.0; Win64; x64) AppleWebKit/537.36 (KHTML, like Gecko) Chrome/91.0.4472.114 Safari/537.36 Edg/91.0.864.54"
83.219.165.34 - - [23/Jun/2021:11:51:36 +0200] "GET /loadthumbnail.php?id=11181175&width=50&height=50 HTTP/1.1" 200 988 "http://renault.activities.at/account" "Mozilla/5.0 (Windows NT 10.0; Win64; x64) AppleWebKit/537.36 (KHTML, like Gecko) Chrome/91.0.4472.114 Safari/537.36 Edg/91.0.864.54"
83.219.165.34 - - [23/Jun/2021:11:51:36 +0200] "GET /loadthumbnail.php?id=11181173&width=50&height=50 HTTP/1.1" 200 982 "http://renault.activities.at/account" "Mozilla/5.0 (Windows NT 10.0; Win64; x64) AppleWebKit/537.36 (KHTML, like Gecko) Chrome/91.0.4472.114 Safari/537.36 Edg/91.0.864.54"
83.219.165.34 - - [23/Jun/2021:11:51:40 +0200] "GET /10260282 HTTP/1.1" 200 9143 "http://renault.activities.at/account" "Mozilla/5.0 (Windows NT 10.0; Win64; x64) AppleWebKit/537.36 (KHTML, like Gecko) Chrome/91.0.4472.114 Safari/537.36 Edg/91.0.864.54"
83.219.165.34 - - [23/Jun/2021:11:51:43 +0200] "GET /js/prototip.js HTTP/1.1" 200 4588 "http://renault.activities.at/10260282" "Mozilla/5.0 (Windows NT 10.0; Win64; x64) AppleWebKit/537.36 (KHTML, like Gecko) Chrome/91.0.4472.114 Safari/537.36 Edg/91.0.864.54"
83.219.165.34 - - [23/Jun/2021:11:51:43 +0200] "GET /js/ProduktGrp.js HTTP/1.1" 200 1569 "http://renault.activities.at/10260282" "Mozilla/5.0 (Windows NT 10.0; Win64; x64) AppleWebKit/537.36 (KHTML, like Gecko) Chrome/91.0.4472.114 Safari/537.36 Edg/91.0.864.54"
83.219.165.34 - - [23/Jun/2021:11:51:43 +0200] "GET /images/loading.gif HTTP/1.1" 200 3208 "http://renault.activities.at/10260282" "Mozilla/5.0 (Windows NT 10.0; Win64; x64) AppleWebKit/537.36 (KHTML, like Gecko) Chrome/91.0.4472.114 Safari/537.36 Edg/91.0.864.54"
83.219.165.34 - - [23/Jun/2021:11:51:43 +0200] "GET /loadthumbnail.php?id=10203276 HTTP/1.1" 200 75 "http://renault.activities.at/10260282" "Mozilla/5.0 (Windows NT 10.0; Win64; x64) AppleWebKit/537.36 (KHTML, like Gecko) Chrome/91.0.4472.114 Safari/537.36 Edg/91.0.864.54"
83.219.165.34 - - [23/Jun/2021:11:51:43 +0200] "GET /loadthumbnail.php?id=10203255 HTTP/1.1" 200 137 "http://renault.activities.at/10260282" "Mozilla/5.0 (Windows NT 10.0; Win64; x64) AppleWebKit/537.36 (KHTML, like Gecko) Chrome/91.0.4472.114 Safari/537.36 Edg/91.0.864.54"
83.219.165.34 - - [23/Jun/2021:11:51:43 +0200] "GET /loadthumbnail.php?id=12198629&width=113 HTTP/1.1" 200 1975 "http://renault.activities.at/10260282" "Mozilla/5.0 (Windows NT 10.0; Win64; x64) AppleWebKit/537.36 (KHTML, like Gecko) Chrome/91.0.4472.114 Safari/537.36 Edg/91.0.864.54"
83.219.165.34 - - [23/Jun/2021:11:51:43 +0200] "GET /loadthumbnail.php?id=12198625&width=113 HTTP/1.1" 200 1975 "http://renault.activities.at/10260282" "Mozilla/5.0 (Windows NT 10.0; Win64; x64) AppleWebKit/537.36 (KHTML, like Gecko) Chrome/91.0.4472.114 Safari/537.36 Edg/91.0.864.54"
83.219.165.34 - - [23/Jun/2021:11:51:43 +0200] "GET /loadthumbnail.php?id=12198633&width=113 HTTP/1.1" 200 1975 "http://renault.activities.at/10260282" "Mozilla/5.0 (Windows NT 10.0; Win64; x64) AppleWebKit/537.36 (KHTML, like Gecko) Chrome/91.0.4472.114 Safari/537.36 Edg/91.0.864.54"
83.219.165.34 - - [23/Jun/2021:11:51:43 +0200] "GET /images/vista-up.gif HTTP/1.1" 200 131 "http://renault.activities.at/css/styles.css" "Mozilla/5.0 (Windows NT 10.0; Win64; x64) AppleWebKit/537.36 (KHTML, like Gecko) Chrome/91.0.4472.114 Safari/537.36 Edg/91.0.864.54"
83.219.165.34 - - [23/Jun/2021:11:51:43 +0200] "GET /loadthumbnail.php?id=12273155&width=113 HTTP/1.1" 200 1895 "http://renault.activities.at/10260282" "Mozilla/5.0 (Windows NT 10.0; Win64; x64) AppleWebKit/537.36 (KHTML, like Gecko) Chrome/91.0.4472.114 Safari/537.36 Edg/91.0.864.54"
83.219.165.34 - - [23/Jun/2021:11:51:43 +0200] "GET /images/vista-dn.gif HTTP/1.1" 200 128 "http://renault.activities.at/css/styles.css" "Mozilla/5.0 (Windows NT 10.0; Win64; x64) AppleWebKit/537.36 (KHTML, like Gecko) Chrome/91.0.4472.114 Safari/537.36 Edg/91.0.864.54"
83.219.165.34 - - [23/Jun/2021:11:51:43 +0200] "GET /images/pager_bg.gif HTTP/1.1" 200 150 "http://renault.activities.at/css/styles.css" "Mozilla/5.0 (Windows NT 10.0; Win64; x64) AppleWebKit/537.36 (KHTML, like Gecko) Chrome/91.0.4472.114 Safari/537.36 Edg/91.0.864.54"
83.219.165.34 - - [23/Jun/2021:11:51:43 +0200] "GET /loadthumbnail.php?id=12273142&width=113 HTTP/1.1" 200 1895 "http://renault.activities.at/10260282" "Mozilla/5.0 (Windows NT 10.0; Win64; x64) AppleWebKit/537.36 (KHTML, like Gecko) Chrome/91.0.4472.114 Safari/537.36 Edg/91.0.864.54"
83.219.165.34 - - [23/Jun/2021:11:51:43 +0200] "GET /loadthumbnail.php?id=12273156&width=113 HTTP/1.1" 200 1895 "http://renault.activities.at/10260282" "Mozilla/5.0 (Windows NT 10.0; Win64; x64) AppleWebKit/537.36 (KHTML, like Gecko) Chrome/91.0.4472.114 Safari/537.36 Edg/91.0.864.54"
83.219.165.34 - - [23/Jun/2021:11:51:43 +0200] "GET /loadthumbnail.php?id=11181187&width=113 HTTP/1.1" 200 1532 "http://renault.activities.at/10260282" "Mozilla/5.0 (Windows NT 10.0; Win64; x64) AppleWebKit/537.36 (KHTML, like Gecko) Chrome/91.0.4472.114 Safari/537.36 Edg/91.0.864.54"
83.219.165.34 - - [23/Jun/2021:11:51:43 +0200] "GET /loadthumbnail.php?id=11181185&width=113 HTTP/1.1" 200 1532 "http://renault.activities.at/10260282" "Mozilla/5.0 (Windows NT 10.0; Win64; x64) AppleWebKit/537.36 (KHTML, like Gecko) Chrome/91.0.4472.114 Safari/537.36 Edg/91.0.864.54"
83.219.165.34 - - [23/Jun/2021:11:51:43 +0200] "GET /loadthumbnail.php?id=11181180&width=113 HTTP/1.1" 200 1834 "http://renault.activities.at/10260282" "Mozilla/5.0 (Windows NT 10.0; Win64; x64) AppleWebKit/537.36 (KHTML, like Gecko) Chrome/91.0.4472.114 Safari/537.36 Edg/91.0.864.54"
83.219.165.34 - - [23/Jun/2021:11:51:43 +0200] "GET /loadthumbnail.php?id=11181178&width=113 HTTP/1.1" 200 1834 "http://renault.activities.at/10260282" "Mozilla/5.0 (Windows NT 10.0; Win64; x64) AppleWebKit/537.36 (KHTML, like Gecko) Chrome/91.0.4472.114 Safari/537.36 Edg/91.0.864.54"
83.219.165.34 - - [23/Jun/2021:11:51:43 +0200] "GET /loadthumbnail.php?id=11186502&width=113 HTTP/1.1" 200 2016 "http://renault.activities.at/10260282" "Mozilla/5.0 (Windows NT 10.0; Win64; x64) AppleWebKit/537.36 (KHTML, like Gecko) Chrome/91.0.4472.114 Safari/537.36 Edg/91.0.864.54"
83.219.165.34 - - [23/Jun/2021:11:51:43 +0200] "GET /loadthumbnail.php?id=11195848&width=113 HTTP/1.1" 200 2016 "http://renault.activities.at/10260282" "Mozilla/5.0 (Windows NT 10.0; Win64; x64) AppleWebKit/537.36 (KHTML, like Gecko) Chrome/91.0.4472.114 Safari/537.36 Edg/91.0.864.54"
83.219.165.34 - - [23/Jun/2021:11:51:43 +0200] "GET /loadthumbnail.php?id=11186498&width=113 HTTP/1.1" 200 2016 "http://renault.activities.at/10260282" "Mozilla/5.0 (Windows NT 10.0; Win64; x64) AppleWebKit/537.36 (KHTML, like Gecko) Chrome/91.0.4472.114 Safari/537.36 Edg/91.0.864.54"
83.219.165.34 - - [23/Jun/2021:11:51:43 +0200] "GET /loadthumbnail.php?id=10203650&width=113 HTTP/1.1" 200 2741 "http://renault.activities.at/10260282" "Mozilla/5.0 (Windows NT 10.0; Win64; x64) AppleWebKit/537.36 (KHTML, like Gecko) Chrome/91.0.4472.114 Safari/537.36 Edg/91.0.864.54"
83.219.165.34 - - [23/Jun/2021:11:51:43 +0200] "GET /loadthumbnail.php?id=11186518&width=113 HTTP/1.1" 200 1516 "http://renault.activities.at/10260282" "Mozilla/5.0 (Windows NT 10.0; Win64; x64) AppleWebKit/537.36 (KHTML, like Gecko) Chrome/91.0.4472.114 Safari/537.36 Edg/91.0.864.54"
138.21.12.22 - - [23/Jun/2021:11:51:49 +0200] "GET /reload?ser=1624441908736 HTTP/1.1" 200 28 "http://renault.2web.at/account" "Mozilla/5.0 (Windows NT 10.0; Win64; x64) AppleWebKit/537.36 (KHTML, like Gecko) Chrome/91.0.4472.106 Safari/537.36"
83.219.165.34 - - [23/Jun/2021:11:51:53 +0200] "GET /10260282?dir=DESC&mode=grid&order=name&limit=15&page=2 HTTP/1.1" 200 9199 "http://renault.activities.at/10260282" "Mozilla/5.0 (Windows NT 10.0; Win64; x64) AppleWebKit/537.36 (KHTML, like Gecko) Chrome/91.0.4472.114 Safari/537.36 Edg/91.0.864.54"
83.219.165.34 - - [23/Jun/2021:11:51:56 +0200] "GET /loadthumbnail.php?id=10203275 HTTP/1.1" 200 85 "http://renault.activities.at/10260282?dir=DESC&mode=grid&order=name&limit=15&page=2" "Mozilla/5.0 (Windows NT 10.0; Win64; x64) AppleWebKit/537.36 (KHTML, like Gecko) Chrome/91.0.4472.114 Safari/537.36 Edg/91.0.864.54"
83.219.165.34 - - [23/Jun/2021:11:51:56 +0200] "GET /loadthumbnail.php?id=11186505&width=113 HTTP/1.1" 200 1516 "http://renault.activities.at/10260282?dir=DESC&mode=grid&order=name&limit=15&page=2" "Mozilla/5.0 (Windows NT 10.0; Win64; x64) AppleWebKit/537.36 (KHTML, like Gecko) Chrome/91.0.4472.114 Safari/537.36 Edg/91.0.864.54"
83.219.165.34 - - [23/Jun/2021:11:51:56 +0200] "GET /loadthumbnail.php?id=11183285&width=113 HTTP/1.1" 200 1898 "http://renault.activities.at/10260282?dir=DESC&mode=grid&order=name&limit=15&page=2" "Mozilla/5.0 (Windows NT 10.0; Win64; x64) AppleWebKit/537.36 (KHTML, like Gecko) Chrome/91.0.4472.114 Safari/537.36 Edg/91.0.864.54"
83.219.165.34 - - [23/Jun/2021:11:51:56 +0200] "GET /loadthumbnail.php?id=11339764&width=113 HTTP/1.1" 200 2128 "http://renault.activities.at/10260282?dir=DESC&mode=grid&order=name&limit=15&page=2" "Mozilla/5.0 (Windows NT 10.0; Win64; x64) AppleWebKit/537.36 (KHTML, like Gecko) Chrome/91.0.4472.114 Safari/537.36 Edg/91.0.864.54"
83.219.165.34 - - [23/Jun/2021:11:51:56 +0200] "GET /loadthumbnail.php?id=11339768&width=113 HTTP/1.1" 200 2128 "http://renault.activities.at/10260282?dir=DESC&mode=grid&order=name&limit=15&page=2" "Mozilla/5.0 (Windows NT 10.0; Win64; x64) AppleWebKit/537.36 (KHTML, like Gecko) Chrome/91.0.4472.114 Safari/537.36 Edg/91.0.864.54"
83.219.165.34 - - [23/Jun/2021:11:51:56 +0200] "GET /loadthumbnail.php?id=11137061&width=113 HTTP/1.1" 200 2095 "http://renault.activities.at/10260282?dir=DESC&mode=grid&order=name&limit=15&page=2" "Mozilla/5.0 (Windows NT 10.0; Win64; x64) AppleWebKit/537.36 (KHTML, like Gecko) Chrome/91.0.4472.114 Safari/537.36 Edg/91.0.864.54"
83.219.165.34 - - [23/Jun/2021:11:51:57 +0200] "GET /loadthumbnail.php?id=11181207&width=113 HTTP/1.1" 200 1279 "http://renault.activities.at/10260282?dir=DESC&mode=grid&order=name&limit=15&page=2" "Mozilla/5.0 (Windows NT 10.0; Win64; x64) AppleWebKit/537.36 (KHTML, like Gecko) Chrome/91.0.4472.114 Safari/537.36 Edg/91.0.864.54"
83.219.165.34 - - [23/Jun/2021:11:51:57 +0200] "GET /loadthumbnail.php?id=11195908&width=113 HTTP/1.1" 200 1279 "http://renault.activities.at/10260282?dir=DESC&mode=grid&order=name&limit=15&page=2" "Mozilla/5.0 (Windows NT 10.0; Win64; x64) AppleWebKit/537.36 (KHTML, like Gecko) Chrome/91.0.4472.114 Safari/537.36 Edg/91.0.864.54"
83.219.165.34 - - [23/Jun/2021:11:51:57 +0200] "GET /loadthumbnail.php?id=11181201&width=113 HTTP/1.1" 200 1279 "http://renault.activities.at/10260282?dir=DESC&mode=grid&order=name&limit=15&page=2" "Mozilla/5.0 (Windows NT 10.0; Win64; x64) AppleWebKit/537.36 (KHTML, like Gecko) Chrome/91.0.4472.114 Safari/537.36 Edg/91.0.864.54"
83.219.165.34 - - [23/Jun/2021:11:51:57 +0200] "GET /loadthumbnail.php?id=11194725&width=113 HTTP/1.1" 200 1322 "http://renault.activities.at/10260282?dir=DESC&mode=grid&order=name&limit=15&page=2" "Mozilla/5.0 (Windows NT 10.0; Win64; x64) AppleWebKit/537.36 (KHTML, like Gecko) Chrome/91.0.4472.114 Safari/537.36 Edg/91.0.864.54"
83.219.165.34 - - [23/Jun/2021:11:51:57 +0200] "GET /loadthumbnail.php?id=11181225&width=113 HTTP/1.1" 200 1322 "http://renault.activities.at/10260282?dir=DESC&mode=grid&order=name&limit=15&page=2" "Mozilla/5.0 (Windows NT 10.0; Win64; x64) AppleWebKit/537.36 (KHTML, like Gecko) Chrome/91.0.4472.114 Safari/537.36 Edg/91.0.864.54"
83.219.165.34 - - [23/Jun/2021:11:51:57 +0200] "GET /loadthumbnail.php?id=11181227&width=113 HTTP/1.1" 200 1322 "http://renault.activities.at/10260282?dir=DESC&mode=grid&order=name&limit=15&page=2" "Mozilla/5.0 (Windows NT 10.0; Win64; x64) AppleWebKit/537.36 (KHTML, like Gecko) Chrome/91.0.4472.114 Safari/537.36 Edg/91.0.864.54"
83.219.165.34 - - [23/Jun/2021:11:51:57 +0200] "GET /loadthumbnail.php?id=11181199&width=113 HTTP/1.1" 200 1829 "http://renault.activities.at/10260282?dir=DESC&mode=grid&order=name&limit=15&page=2" "Mozilla/5.0 (Windows NT 10.0; Win64; x64) AppleWebKit/537.36 (KHTML, like Gecko) Chrome/91.0.4472.114 Safari/537.36 Edg/91.0.864.54"
83.219.165.34 - - [23/Jun/2021:11:51:57 +0200] "GET /loadthumbnail.php?id=11194700&width=113 HTTP/1.1" 200 1829 "http://renault.activities.at/10260282?dir=DESC&mode=grid&order=name&limit=15&page=2" "Mozilla/5.0 (Windows NT 10.0; Win64; x64) AppleWebKit/537.36 (KHTML, like Gecko) Chrome/91.0.4472.114 Safari/537.36 Edg/91.0.864.54"
83.219.165.34 - - [23/Jun/2021:11:51:57 +0200] "GET /loadthumbnail.php?id=11181197&width=113 HTTP/1.1" 200 1829 "http://renault.activities.at/10260282?dir=DESC&mode=grid&order=name&limit=15&page=2" "Mozilla/5.0 (Windows NT 10.0; Win64; x64) AppleWebKit/537.36 (KHTML, like Gecko) Chrome/91.0.4472.114 Safari/537.36 Edg/91.0.864.54"
195.202.147.234 - - [23/Jun/2021:11:51:58 +0200] "GET /reload?ser=1624441918330 HTTP/1.1" 200 28 "http://renault.activities.at/success" "Mozilla/5.0 (Windows NT 10.0; WOW64; Trident/7.0; rv:11.0) like Gecko"
83.219.165.34 - - [23/Jun/2021:11:52:04 +0200] "GET /images/vista-up-hover.gif HTTP/1.1" 200 130 "http://renault.activities.at/css/styles.css" "Mozilla/5.0 (Windows NT 10.0; Win64; x64) AppleWebKit/537.36 (KHTML, like Gecko) Chrome/91.0.4472.114 Safari/537.36 Edg/91.0.864.54"
83.219.165.34 - - [23/Jun/2021:11:52:03 +0200] "GET /10260282?dir=DESC&mode=grid&order=name&limit=15&page=3 HTTP/1.1" 200 9103 "http://renault.activities.at/10260282?dir=DESC&mode=grid&order=name&limit=15&page=2" "Mozilla/5.0 (Windows NT 10.0; Win64; x64) AppleWebKit/537.36 (KHTML, like Gecko) Chrome/91.0.4472.114 Safari/537.36 Edg/91.0.864.54"
83.219.165.34 - - [23/Jun/2021:11:52:06 +0200] "GET /loadthumbnail.php?id=11186469&width=113 HTTP/1.1" 200 1278 "http://renault.activities.at/10260282?dir=DESC&mode=grid&order=name&limit=15&page=3" "Mozilla/5.0 (Windows NT 10.0; Win64; x64) AppleWebKit/537.36 (KHTML, like Gecko) Chrome/91.0.4472.114 Safari/537.36 Edg/91.0.864.54"
83.219.165.34 - - [23/Jun/2021:11:52:06 +0200] "GET /loadthumbnail.php?id=11194717&width=113 HTTP/1.1" 200 1278 "http://renault.activities.at/10260282?dir=DESC&mode=grid&order=name&limit=15&page=3" "Mozilla/5.0 (Windows NT 10.0; Win64; x64) AppleWebKit/537.36 (KHTML, like Gecko) Chrome/91.0.4472.114 Safari/537.36 Edg/91.0.864.54"
83.219.165.34 - - [23/Jun/2021:11:52:06 +0200] "GET /loadthumbnail.php?id=11181235&width=113 HTTP/1.1" 200 1156 "http://renault.activities.at/10260282?dir=DESC&mode=grid&order=name&limit=15&page=3" "Mozilla/5.0 (Windows NT 10.0; Win64; x64) AppleWebKit/537.36 (KHTML, like Gecko) Chrome/91.0.4472.114 Safari/537.36 Edg/91.0.864.54"
83.219.165.34 - - [23/Jun/2021:11:52:06 +0200] "GET /loadthumbnail.php?id=11181237&width=113 HTTP/1.1" 200 1156 "http://renault.activities.at/10260282?dir=DESC&mode=grid&order=name&limit=15&page=3" "Mozilla/5.0 (Windows NT 10.0; Win64; x64) AppleWebKit/537.36 (KHTML, like Gecko) Chrome/91.0.4472.114 Safari/537.36 Edg/91.0.864.54"
83.219.165.34 - - [23/Jun/2021:11:52:06 +0200] "GET /loadthumbnail.php?id=11195851&width=113 HTTP/1.1" 200 1156 "http://renault.activities.at/10260282?dir=DESC&mode=grid&order=name&limit=15&page=3" "Mozilla/5.0 (Windows NT 10.0; Win64; x64) AppleWebKit/537.36 (KHTML, like Gecko) Chrome/91.0.4472.114 Safari/537.36 Edg/91.0.864.54"
83.219.165.34 - - [23/Jun/2021:11:52:06 +0200] "GET /loadthumbnail.php?id=11186457&width=113 HTTP/1.1" 200 1278 "http://renault.activities.at/10260282?dir=DESC&mode=grid&order=name&limit=15&page=3" "Mozilla/5.0 (Windows NT 10.0; Win64; x64) AppleWebKit/537.36 (KHTML, like Gecko) Chrome/91.0.4472.114 Safari/537.36 Edg/91.0.864.54"
83.219.165.34 - - [23/Jun/2021:11:52:06 +0200] "GET /loadthumbnail.php?id=11186495&width=113 HTTP/1.1" 200 1974 "http://renault.activities.at/10260282?dir=DESC&mode=grid&order=name&limit=15&page=3" "Mozilla/5.0 (Windows NT 10.0; Win64; x64) AppleWebKit/537.36 (KHTML, like Gecko) Chrome/91.0.4472.114 Safari/537.36 Edg/91.0.864.54"
83.219.165.34 - - [23/Jun/2021:11:52:06 +0200] "GET /loadthumbnail.php?id=11186483&width=113 HTTP/1.1" 200 1974 "http://renault.activities.at/10260282?dir=DESC&mode=grid&order=name&limit=15&page=3" "Mozilla/5.0 (Windows NT 10.0; Win64; x64) AppleWebKit/537.36 (KHTML, like Gecko) Chrome/91.0.4472.114 Safari/537.36 Edg/91.0.864.54"
83.219.165.34 - - [23/Jun/2021:11:52:06 +0200] "GET /loadthumbnail.php?id=11181233&width=113 HTTP/1.1" 200 1353 "http://renault.activities.at/10260282?dir=DESC&mode=grid&order=name&limit=15&page=3" "Mozilla/5.0 (Windows NT 10.0; Win64; x64) AppleWebKit/537.36 (KHTML, like Gecko) Chrome/91.0.4472.114 Safari/537.36 Edg/91.0.864.54"
83.219.165.34 - - [23/Jun/2021:11:52:06 +0200] "GET /loadthumbnail.php?id=11181230&width=113 HTTP/1.1" 200 1353 "http://renault.activities.at/10260282?dir=DESC&mode=grid&order=name&limit=15&page=3" "Mozilla/5.0 (Windows NT 10.0; Win64; x64) AppleWebKit/537.36 (KHTML, like Gecko) Chrome/91.0.4472.114 Safari/537.36 Edg/91.0.864.54"
83.219.165.34 - - [23/Jun/2021:11:52:06 +0200] "GET /loadthumbnail.php?id=11194732&width=113 HTTP/1.1" 200 1353 "http://renault.activities.at/10260282?dir=DESC&mode=grid&order=name&limit=15&page=3" "Mozilla/5.0 (Windows NT 10.0; Win64; x64) AppleWebKit/537.36 (KHTML, like Gecko) Chrome/91.0.4472.114 Safari/537.36 Edg/91.0.864.54"
83.219.165.34 - - [23/Jun/2021:11:52:06 +0200] "GET /loadthumbnail.php?id=12094699&width=113 HTTP/1.1" 200 1921 "http://renault.activities.at/10260282?dir=DESC&mode=grid&order=name&limit=15&page=3" "Mozilla/5.0 (Windows NT 10.0; Win64; x64) AppleWebKit/537.36 (KHTML, like Gecko) Chrome/91.0.4472.114 Safari/537.36 Edg/91.0.864.54"
83.219.165.34 - - [23/Jun/2021:11:52:06 +0200] "GET /loadthumbnail.php?id=12094698&width=113 HTTP/1.1" 200 1921 "http://renault.activities.at/10260282?dir=DESC&mode=grid&order=name&limit=15&page=3" "Mozilla/5.0 (Windows NT 10.0; Win64; x64) AppleWebKit/537.36 (KHTML, like Gecko) Chrome/91.0.4472.114 Safari/537.36 Edg/91.0.864.54"
83.219.165.34 - - [23/Jun/2021:11:52:12 +0200] "GET /10260282?dir=DESC&mode=grid&order=name&limit=15&page=4 HTTP/1.1" 200 9214 "http://renault.activities.at/10260282?dir=DESC&mode=grid&order=name&limit=15&page=3" "Mozilla/5.0 (Windows NT 10.0; Win64; x64) AppleWebKit/537.36 (KHTML, like Gecko) Chrome/91.0.4472.114 Safari/537.36 Edg/91.0.864.54"
