80.120.210.179 - - [24/Jun/2021:11:50:01 +0200] "GET /js/default.js HTTP/1.1" 304 - "http://renault.activities.at/result?searchterm=true&search=schriftfarbe" "Mozilla/5.0 (Windows NT 10.0; WOW64; Trident/7.0; rv:11.0) like Gecko"
80.120.210.179 - - [24/Jun/2021:11:50:01 +0200] "GET /js/prototip.js HTTP/1.1" 304 - "http://renault.activities.at/result?searchterm=true&search=schriftfarbe" "Mozilla/5.0 (Windows NT 10.0; WOW64; Trident/7.0; rv:11.0) like Gecko"
80.120.210.179 - - [24/Jun/2021:11:50:01 +0200] "GET /css/reset.css HTTP/1.1" 304 - "http://renault.activities.at/result?searchterm=true&search=schriftfarbe" "Mozilla/5.0 (Windows NT 10.0; WOW64; Trident/7.0; rv:11.0) like Gecko"
80.120.210.179 - - [24/Jun/2021:11:50:01 +0200] "GET /css/styles.css HTTP/1.1" 304 - "http://renault.activities.at/result?searchterm=true&search=schriftfarbe" "Mozilla/5.0 (Windows NT 10.0; WOW64; Trident/7.0; rv:11.0) like Gecko"
80.120.210.179 - - [24/Jun/2021:11:50:01 +0200] "GET /css/clears.css HTTP/1.1" 304 - "http://renault.activities.at/result?searchterm=true&search=schriftfarbe" "Mozilla/5.0 (Windows NT 10.0; WOW64; Trident/7.0; rv:11.0) like Gecko"
80.120.210.179 - - [24/Jun/2021:11:50:01 +0200] "GET /css/print.css HTTP/1.1" 304 - "http://renault.activities.at/result?searchterm=true&search=schriftfarbe" "Mozilla/5.0 (Windows NT 10.0; WOW64; Trident/7.0; rv:11.0) like Gecko"
80.120.210.179 - - [24/Jun/2021:11:50:01 +0200] "GET /js/checkout.css HTTP/1.1" 304 - "http://renault.activities.at/result?searchterm=true&search=schriftfarbe" "Mozilla/5.0 (Windows NT 10.0; WOW64; Trident/7.0; rv:11.0) like Gecko"
80.120.210.179 - - [24/Jun/2021:11:50:01 +0200] "GET /css/prototip.css HTTP/1.1" 304 - "http://renault.activities.at/result?searchterm=true&search=schriftfarbe" "Mozilla/5.0 (Windows NT 10.0; WOW64; Trident/7.0; rv:11.0) like Gecko"
80.120.210.179 - - [24/Jun/2021:11:50:01 +0200] "GET /css/themes/default.css HTTP/1.1" 304 - "http://renault.activities.at/result?searchterm=true&search=schriftfarbe" "Mozilla/5.0 (Windows NT 10.0; WOW64; Trident/7.0; rv:11.0) like Gecko"
80.120.210.179 - - [24/Jun/2021:11:50:01 +0200] "GET /css/themes/alphacube.css HTTP/1.1" 304 - "http://renault.activities.at/result?searchterm=true&search=schriftfarbe" "Mozilla/5.0 (Windows NT 10.0; WOW64; Trident/7.0; rv:11.0) like Gecko"
80.120.210.179 - - [24/Jun/2021:11:50:01 +0200] "GET /js/ProduktGrp.js HTTP/1.1" 304 - "http://renault.activities.at/result?searchterm=true&search=schriftfarbe" "Mozilla/5.0 (Windows NT 10.0; WOW64; Trident/7.0; rv:11.0) like Gecko"
80.120.210.179 - - [24/Jun/2021:11:50:01 +0200] "GET /images/loading.gif HTTP/1.1" 304 - "http://renault.activities.at/result?searchterm=true&search=schriftfarbe" "Mozilla/5.0 (Windows NT 10.0; WOW64; Trident/7.0; rv:11.0) like Gecko"
80.120.210.179 - - [24/Jun/2021:11:50:01 +0200] "GET /images/main_block_corner_left_bot.gif HTTP/1.1" 304 - "http://renault.activities.at/result?searchterm=true&search=schriftfarbe" "Mozilla/5.0 (Windows NT 10.0; WOW64; Trident/7.0; rv:11.0) like Gecko"
80.120.210.179 - - [24/Jun/2021:11:50:01 +0200] "GET /images/header_block_corner_left_top.gif HTTP/1.1" 304 - "http://renault.activities.at/result?searchterm=true&search=schriftfarbe" "Mozilla/5.0 (Windows NT 10.0; WOW64; Trident/7.0; rv:11.0) like Gecko"
80.120.210.179 - - [24/Jun/2021:11:50:01 +0200] "GET /images/main_block_corner_right_bot.gif HTTP/1.1" 304 - "http://renault.activities.at/result?searchterm=true&search=schriftfarbe" "Mozilla/5.0 (Windows NT 10.0; WOW64; Trident/7.0; rv:11.0) like Gecko"
80.120.210.179 - - [24/Jun/2021:11:50:01 +0200] "GET /images/search_bg.gif HTTP/1.1" 304 - "http://renault.activities.at/result?searchterm=true&search=schriftfarbe" "Mozilla/5.0 (Windows NT 10.0; WOW64; Trident/7.0; rv:11.0) like Gecko"
80.120.210.179 - - [24/Jun/2021:11:50:01 +0200] "GET /images/main_block_border.gif HTTP/1.1" 304 - "http://renault.activities.at/result?searchterm=true&search=schriftfarbe" "Mozilla/5.0 (Windows NT 10.0; WOW64; Trident/7.0; rv:11.0) like Gecko"
80.120.210.179 - - [24/Jun/2021:11:50:01 +0200] "GET /images/main_block_corner_left_top.gif HTTP/1.1" 304 - "http://renault.activities.at/result?searchterm=true&search=schriftfarbe" "Mozilla/5.0 (Windows NT 10.0; WOW64; Trident/7.0; rv:11.0) like Gecko"
80.120.210.179 - - [24/Jun/2021:11:50:01 +0200] "GET /images/main_block_corner_right_top.gif HTTP/1.1" 304 - "http://renault.activities.at/result?searchterm=true&search=schriftfarbe" "Mozilla/5.0 (Windows NT 10.0; WOW64; Trident/7.0; rv:11.0) like Gecko"
80.120.210.179 - - [24/Jun/2021:11:50:01 +0200] "GET /images/header_block_corner_right_top.gif HTTP/1.1" 304 - "http://renault.activities.at/result?searchterm=true&search=schriftfarbe" "Mozilla/5.0 (Windows NT 10.0; WOW64; Trident/7.0; rv:11.0) like Gecko"
80.120.210.179 - - [24/Jun/2021:11:50:01 +0200] "GET /images/header_block_border.gif HTTP/1.1" 304 - "http://renault.activities.at/result?searchterm=true&search=schriftfarbe" "Mozilla/5.0 (Windows NT 10.0; WOW64; Trident/7.0; rv:11.0) like Gecko"
80.120.210.179 - - [24/Jun/2021:11:50:01 +0200] "GET /images/menu_divider.gif HTTP/1.1" 304 - "http://renault.activities.at/result?searchterm=true&search=schriftfarbe" "Mozilla/5.0 (Windows NT 10.0; WOW64; Trident/7.0; rv:11.0) like Gecko"
80.120.210.179 - - [24/Jun/2021:11:50:01 +0200] "GET /images/sidebar_title_border_top.gif HTTP/1.1" 304 - "http://renault.activities.at/result?searchterm=true&search=schriftfarbe" "Mozilla/5.0 (Windows NT 10.0; WOW64; Trident/7.0; rv:11.0) like Gecko"
80.120.210.179 - - [24/Jun/2021:11:50:01 +0200] "GET /images/menu_button_bg.jpg HTTP/1.1" 304 - "http://renault.activities.at/result?searchterm=true&search=schriftfarbe" "Mozilla/5.0 (Windows NT 10.0; WOW64; Trident/7.0; rv:11.0) like Gecko"
80.120.210.179 - - [24/Jun/2021:11:50:01 +0200] "GET /images/sidebar_title_border.gif HTTP/1.1" 304 - "http://renault.activities.at/result?searchterm=true&search=schriftfarbe" "Mozilla/5.0 (Windows NT 10.0; WOW64; Trident/7.0; rv:11.0) like Gecko"
80.120.210.179 - - [24/Jun/2021:11:50:01 +0200] "GET /images/nav_divider.gif HTTP/1.1" 304 - "http://renault.activities.at/result?searchterm=true&search=schriftfarbe" "Mozilla/5.0 (Windows NT 10.0; WOW64; Trident/7.0; rv:11.0) like Gecko"
80.120.210.179 - - [24/Jun/2021:11:50:01 +0200] "GET /images/top_links_divider.gif HTTP/1.1" 304 - "http://renault.activities.at/result?searchterm=true&search=schriftfarbe" "Mozilla/5.0 (Windows NT 10.0; WOW64; Trident/7.0; rv:11.0) like Gecko"
80.120.210.179 - - [24/Jun/2021:11:50:01 +0200] "GET /images/button_left_bg.gif HTTP/1.1" 304 - "http://renault.activities.at/result?searchterm=true&search=schriftfarbe" "Mozilla/5.0 (Windows NT 10.0; WOW64; Trident/7.0; rv:11.0) like Gecko"
80.120.210.179 - - [24/Jun/2021:11:50:01 +0200] "GET /images/title_corner_left_top.jpg HTTP/1.1" 304 - "http://renault.activities.at/result?searchterm=true&search=schriftfarbe" "Mozilla/5.0 (Windows NT 10.0; WOW64; Trident/7.0; rv:11.0) like Gecko"
80.120.210.179 - - [24/Jun/2021:11:50:01 +0200] "GET /images/title_corner_right_top.jpg HTTP/1.1" 304 - "http://renault.activities.at/result?searchterm=true&search=schriftfarbe" "Mozilla/5.0 (Windows NT 10.0; WOW64; Trident/7.0; rv:11.0) like Gecko"
80.120.210.179 - - [24/Jun/2021:11:50:01 +0200] "GET /images/title_border_top.jpg HTTP/1.1" 304 - "http://renault.activities.at/result?searchterm=true&search=schriftfarbe" "Mozilla/5.0 (Windows NT 10.0; WOW64; Trident/7.0; rv:11.0) like Gecko"
80.120.210.179 - - [24/Jun/2021:11:50:01 +0200] "GET /images/button_bg.gif HTTP/1.1" 304 - "http://renault.activities.at/result?searchterm=true&search=schriftfarbe" "Mozilla/5.0 (Windows NT 10.0; WOW64; Trident/7.0; rv:11.0) like Gecko"
80.120.210.179 - - [24/Jun/2021:11:50:01 +0200] "GET /images/sidebar_title_corner_left_top.gif HTTP/1.1" 304 - "http://renault.activities.at/result?searchterm=true&search=schriftfarbe" "Mozilla/5.0 (Windows NT 10.0; WOW64; Trident/7.0; rv:11.0) like Gecko"
80.120.210.179 - - [24/Jun/2021:11:50:01 +0200] "GET /images/button_right_bg.gif HTTP/1.1" 304 - "http://renault.activities.at/result?searchterm=true&search=schriftfarbe" "Mozilla/5.0 (Windows NT 10.0; WOW64; Trident/7.0; rv:11.0) like Gecko"
80.120.210.179 - - [24/Jun/2021:11:50:01 +0200] "GET /images/sidebar_title_corner_right_top.gif HTTP/1.1" 304 - "http://renault.activities.at/result?searchterm=true&search=schriftfarbe" "Mozilla/5.0 (Windows NT 10.0; WOW64; Trident/7.0; rv:11.0) like Gecko"
80.120.210.179 - - [24/Jun/2021:11:50:01 +0200] "GET /images/title_border.jpg HTTP/1.1" 304 - "http://renault.activities.at/result?searchterm=true&search=schriftfarbe" "Mozilla/5.0 (Windows NT 10.0; WOW64; Trident/7.0; rv:11.0) like Gecko"
80.120.210.179 - - [24/Jun/2021:11:50:01 +0200] "GET /images/note_msg_icon.gif HTTP/1.1" 304 - "http://renault.activities.at/result?searchterm=true&search=schriftfarbe" "Mozilla/5.0 (Windows NT 10.0; WOW64; Trident/7.0; rv:11.0) like Gecko"
80.120.210.179 - - [24/Jun/2021:11:50:01 +0200] "GET /images/footer_divider.gif HTTP/1.1" 304 - "http://renault.activities.at/result?searchterm=true&search=schriftfarbe" "Mozilla/5.0 (Windows NT 10.0; WOW64; Trident/7.0; rv:11.0) like Gecko"
157.97.71.85 - - [24/Jun/2021:11:50:03 +0200] "GET /reload?ser=1624528203526 HTTP/1.1" 200 28 "http://renault.activities.at/cart" "Mozilla/5.0 (Windows NT 10.0; Win64; x64) AppleWebKit/537.36 (KHTML, like Gecko) Chrome/91.0.4472.114 Safari/537.36"
80.120.210.179 - - [24/Jun/2021:11:50:13 +0200] "GET /result?searchterm=true&search=arkana HTTP/1.1" 200 6913 "http://renault.activities.at/action" "Mozilla/5.0 (Windows NT 10.0; WOW64; Trident/7.0; rv:11.0) like Gecko"
80.120.210.179 - - [24/Jun/2021:11:50:15 +0200] "GET /js/default.js HTTP/1.1" 304 - "http://renault.activities.at/result?searchterm=true&search=arkana" "Mozilla/5.0 (Windows NT 10.0; WOW64; Trident/7.0; rv:11.0) like Gecko"
80.120.210.179 - - [24/Jun/2021:11:50:15 +0200] "GET /js/prototip.js HTTP/1.1" 304 - "http://renault.activities.at/result?searchterm=true&search=arkana" "Mozilla/5.0 (Windows NT 10.0; WOW64; Trident/7.0; rv:11.0) like Gecko"
80.120.210.179 - - [24/Jun/2021:11:50:15 +0200] "GET /css/reset.css HTTP/1.1" 304 - "http://renault.activities.at/result?searchterm=true&search=arkana" "Mozilla/5.0 (Windows NT 10.0; WOW64; Trident/7.0; rv:11.0) like Gecko"
80.120.210.179 - - [24/Jun/2021:11:50:15 +0200] "GET /css/styles.css HTTP/1.1" 304 - "http://renault.activities.at/result?searchterm=true&search=arkana" "Mozilla/5.0 (Windows NT 10.0; WOW64; Trident/7.0; rv:11.0) like Gecko"
80.120.210.179 - - [24/Jun/2021:11:50:15 +0200] "GET /css/clears.css HTTP/1.1" 304 - "http://renault.activities.at/result?searchterm=true&search=arkana" "Mozilla/5.0 (Windows NT 10.0; WOW64; Trident/7.0; rv:11.0) like Gecko"
80.120.210.179 - - [24/Jun/2021:11:50:15 +0200] "GET /css/print.css HTTP/1.1" 304 - "http://renault.activities.at/result?searchterm=true&search=arkana" "Mozilla/5.0 (Windows NT 10.0; WOW64; Trident/7.0; rv:11.0) like Gecko"
80.120.210.179 - - [24/Jun/2021:11:50:15 +0200] "GET /js/checkout.css HTTP/1.1" 304 - "http://renault.activities.at/result?searchterm=true&search=arkana" "Mozilla/5.0 (Windows NT 10.0; WOW64; Trident/7.0; rv:11.0) like Gecko"
80.120.210.179 - - [24/Jun/2021:11:50:15 +0200] "GET /css/prototip.css HTTP/1.1" 304 - "http://renault.activities.at/result?searchterm=true&search=arkana" "Mozilla/5.0 (Windows NT 10.0; WOW64; Trident/7.0; rv:11.0) like Gecko"
80.120.210.179 - - [24/Jun/2021:11:50:15 +0200] "GET /css/themes/default.css HTTP/1.1" 304 - "http://renault.activities.at/result?searchterm=true&search=arkana" "Mozilla/5.0 (Windows NT 10.0; WOW64; Trident/7.0; rv:11.0) like Gecko"
80.120.210.179 - - [24/Jun/2021:11:50:15 +0200] "GET /css/themes/alphacube.css HTTP/1.1" 304 - "http://renault.activities.at/result?searchterm=true&search=arkana" "Mozilla/5.0 (Windows NT 10.0; WOW64; Trident/7.0; rv:11.0) like Gecko"
80.120.210.179 - - [24/Jun/2021:11:50:15 +0200] "GET /js/ProduktGrp.js HTTP/1.1" 304 - "http://renault.activities.at/result?searchterm=true&search=arkana" "Mozilla/5.0 (Windows NT 10.0; WOW64; Trident/7.0; rv:11.0) like Gecko"
80.120.210.179 - - [24/Jun/2021:11:50:15 +0200] "GET /images/loading.gif HTTP/1.1" 304 - "http://renault.activities.at/result?searchterm=true&search=arkana" "Mozilla/5.0 (Windows NT 10.0; WOW64; Trident/7.0; rv:11.0) like Gecko"
80.120.210.179 - - [24/Jun/2021:11:50:15 +0200] "GET /images/menu_divider.gif HTTP/1.1" 304 - "http://renault.activities.at/result?searchterm=true&search=arkana" "Mozilla/5.0 (Windows NT 10.0; WOW64; Trident/7.0; rv:11.0) like Gecko"
80.120.210.179 - - [24/Jun/2021:11:50:15 +0200] "GET /images/main_block_corner_left_bot.gif HTTP/1.1" 304 - "http://renault.activities.at/result?searchterm=true&search=arkana" "Mozilla/5.0 (Windows NT 10.0; WOW64; Trident/7.0; rv:11.0) like Gecko"
80.120.210.179 - - [24/Jun/2021:11:50:15 +0200] "GET /images/header_block_corner_right_top.gif HTTP/1.1" 304 - "http://renault.activities.at/result?searchterm=true&search=arkana" "Mozilla/5.0 (Windows NT 10.0; WOW64; Trident/7.0; rv:11.0) like Gecko"
80.120.210.179 - - [24/Jun/2021:11:50:15 +0200] "GET /images/main_block_corner_right_bot.gif HTTP/1.1" 304 - "http://renault.activities.at/result?searchterm=true&search=arkana" "Mozilla/5.0 (Windows NT 10.0; WOW64; Trident/7.0; rv:11.0) like Gecko"
80.120.210.179 - - [24/Jun/2021:11:50:15 +0200] "GET /images/header_block_border.gif HTTP/1.1" 304 - "http://renault.activities.at/result?searchterm=true&search=arkana" "Mozilla/5.0 (Windows NT 10.0; WOW64; Trident/7.0; rv:11.0) like Gecko"
80.120.210.179 - - [24/Jun/2021:11:50:15 +0200] "GET /images/header_block_corner_left_top.gif HTTP/1.1" 304 - "http://renault.activities.at/result?searchterm=true&search=arkana" "Mozilla/5.0 (Windows NT 10.0; WOW64; Trident/7.0; rv:11.0) like Gecko"
80.120.210.179 - - [24/Jun/2021:11:50:15 +0200] "GET /images/main_block_corner_left_top.gif HTTP/1.1" 304 - "http://renault.activities.at/result?searchterm=true&search=arkana" "Mozilla/5.0 (Windows NT 10.0; WOW64; Trident/7.0; rv:11.0) like Gecko"
80.120.210.179 - - [24/Jun/2021:11:50:15 +0200] "GET /images/main_block_corner_right_top.gif HTTP/1.1" 304 - "http://renault.activities.at/result?searchterm=true&search=arkana" "Mozilla/5.0 (Windows NT 10.0; WOW64; Trident/7.0; rv:11.0) like Gecko"
80.120.210.179 - - [24/Jun/2021:11:50:15 +0200] "GET /images/menu_button_bg.jpg HTTP/1.1" 304 - "http://renault.activities.at/result?searchterm=true&search=arkana" "Mozilla/5.0 (Windows NT 10.0; WOW64; Trident/7.0; rv:11.0) like Gecko"
80.120.210.179 - - [24/Jun/2021:11:50:15 +0200] "GET /images/nav_divider.gif HTTP/1.1" 304 - "http://renault.activities.at/result?searchterm=true&search=arkana" "Mozilla/5.0 (Windows NT 10.0; WOW64; Trident/7.0; rv:11.0) like Gecko"
80.120.210.179 - - [24/Jun/2021:11:50:15 +0200] "GET /images/top_links_divider.gif HTTP/1.1" 304 - "http://renault.activities.at/result?searchterm=true&search=arkana" "Mozilla/5.0 (Windows NT 10.0; WOW64; Trident/7.0; rv:11.0) like Gecko"
80.120.210.179 - - [24/Jun/2021:11:50:15 +0200] "GET /images/main_block_border.gif HTTP/1.1" 304 - "http://renault.activities.at/result?searchterm=true&search=arkana" "Mozilla/5.0 (Windows NT 10.0; WOW64; Trident/7.0; rv:11.0) like Gecko"
80.120.210.179 - - [24/Jun/2021:11:50:15 +0200] "GET /images/search_bg.gif HTTP/1.1" 304 - "http://renault.activities.at/result?searchterm=true&search=arkana" "Mozilla/5.0 (Windows NT 10.0; WOW64; Trident/7.0; rv:11.0) like Gecko"
80.120.210.179 - - [24/Jun/2021:11:50:15 +0200] "GET /images/sidebar_title_border.gif HTTP/1.1" 304 - "http://renault.activities.at/result?searchterm=true&search=arkana" "Mozilla/5.0 (Windows NT 10.0; WOW64; Trident/7.0; rv:11.0) like Gecko"
80.120.210.179 - - [24/Jun/2021:11:50:15 +0200] "GET /images/vista-up.gif HTTP/1.1" 304 - "http://renault.activities.at/result?searchterm=true&search=arkana" "Mozilla/5.0 (Windows NT 10.0; WOW64; Trident/7.0; rv:11.0) like Gecko"
80.120.210.179 - - [24/Jun/2021:11:50:15 +0200] "GET /images/pager_bg.gif HTTP/1.1" 304 - "http://renault.activities.at/result?searchterm=true&search=arkana" "Mozilla/5.0 (Windows NT 10.0; WOW64; Trident/7.0; rv:11.0) like Gecko"
80.120.210.179 - - [24/Jun/2021:11:50:15 +0200] "GET /images/footer_divider.gif HTTP/1.1" 304 - "http://renault.activities.at/result?searchterm=true&search=arkana" "Mozilla/5.0 (Windows NT 10.0; WOW64; Trident/7.0; rv:11.0) like Gecko"
80.120.210.179 - - [24/Jun/2021:11:50:15 +0200] "GET /images/sidebar_title_border_top.gif HTTP/1.1" 304 - "http://renault.activities.at/result?searchterm=true&search=arkana" "Mozilla/5.0 (Windows NT 10.0; WOW64; Trident/7.0; rv:11.0) like Gecko"
80.120.210.179 - - [24/Jun/2021:11:50:15 +0200] "GET /images/title_border_top.jpg HTTP/1.1" 304 - "http://renault.activities.at/result?searchterm=true&search=arkana" "Mozilla/5.0 (Windows NT 10.0; WOW64; Trident/7.0; rv:11.0) like Gecko"
80.120.210.179 - - [24/Jun/2021:11:50:15 +0200] "GET /images/button_bg.gif HTTP/1.1" 304 - "http://renault.activities.at/result?searchterm=true&search=arkana" "Mozilla/5.0 (Windows NT 10.0; WOW64; Trident/7.0; rv:11.0) like Gecko"
80.120.210.179 - - [24/Jun/2021:11:50:15 +0200] "GET /images/title_border.jpg HTTP/1.1" 304 - "http://renault.activities.at/result?searchterm=true&search=arkana" "Mozilla/5.0 (Windows NT 10.0; WOW64; Trident/7.0; rv:11.0) like Gecko"
80.120.210.179 - - [24/Jun/2021:11:50:15 +0200] "GET /images/button_left_bg.gif HTTP/1.1" 304 - "http://renault.activities.at/result?searchterm=true&search=arkana" "Mozilla/5.0 (Windows NT 10.0; WOW64; Trident/7.0; rv:11.0) like Gecko"
80.120.210.179 - - [24/Jun/2021:11:50:15 +0200] "GET /images/button_right_bg.gif HTTP/1.1" 304 - "http://renault.activities.at/result?searchterm=true&search=arkana" "Mozilla/5.0 (Windows NT 10.0; WOW64; Trident/7.0; rv:11.0) like Gecko"
80.120.210.179 - - [24/Jun/2021:11:50:15 +0200] "GET /images/title_corner_right_top.jpg HTTP/1.1" 304 - "http://renault.activities.at/result?searchterm=true&search=arkana" "Mozilla/5.0 (Windows NT 10.0; WOW64; Trident/7.0; rv:11.0) like Gecko"
80.120.210.179 - - [24/Jun/2021:11:50:16 +0200] "GET /images/vista-dn.gif HTTP/1.1" 304 - "http://renault.activities.at/result?searchterm=true&search=arkana" "Mozilla/5.0 (Windows NT 10.0; WOW64; Trident/7.0; rv:11.0) like Gecko"
80.120.210.179 - - [24/Jun/2021:11:50:16 +0200] "GET /images/title_corner_left_top.jpg HTTP/1.1" 304 - "http://renault.activities.at/result?searchterm=true&search=arkana" "Mozilla/5.0 (Windows NT 10.0; WOW64; Trident/7.0; rv:11.0) like Gecko"
80.120.210.179 - - [24/Jun/2021:11:50:16 +0200] "GET /images/validation_advice_bg.gif HTTP/1.1" 304 - "http://renault.activities.at/result?searchterm=true&search=arkana" "Mozilla/5.0 (Windows NT 10.0; WOW64; Trident/7.0; rv:11.0) like Gecko"
80.120.210.179 - - [24/Jun/2021:11:50:16 +0200] "GET /images/sidebar_title_corner_right_top.gif HTTP/1.1" 304 - "http://renault.activities.at/result?searchterm=true&search=arkana" "Mozilla/5.0 (Windows NT 10.0; WOW64; Trident/7.0; rv:11.0) like Gecko"
80.120.210.179 - - [24/Jun/2021:11:50:16 +0200] "GET /images/sidebar_title_corner_left_top.gif HTTP/1.1" 304 - "http://renault.activities.at/result?searchterm=true&search=arkana" "Mozilla/5.0 (Windows NT 10.0; WOW64; Trident/7.0; rv:11.0) like Gecko"
185.58.53.32 - - [24/Jun/2021:11:50:21 +0200] "GET /reload?ser=1624528221670 HTTP/1.1" 200 28 "http://renault.activities.at/" "Mozilla/5.0 (Windows NT 10.0; Win64; x64) AppleWebKit/537.36 (KHTML, like Gecko) Chrome/91.0.4472.114 Safari/537.36"
80.120.210.179 - - [24/Jun/2021:11:50:20 +0200] "POST /axjaxrequest?mode=suggest HTTP/1.1" 200 722 "http://renault.activities.at/result?searchterm=true&search=arkana" "Mozilla/5.0 (Windows NT 10.0; WOW64; Trident/7.0; rv:11.0) like Gecko"
80.120.210.179 - - [24/Jun/2021:11:50:21 +0200] "POST /axjaxrequest?mode=suggest HTTP/1.1" 200 678 "http://renault.activities.at/result?searchterm=true&search=arkana" "Mozilla/5.0 (Windows NT 10.0; WOW64; Trident/7.0; rv:11.0) like Gecko"
80.120.210.179 - - [24/Jun/2021:11:50:27 +0200] "POST /axjaxrequest?mode=suggest HTTP/1.1" 200 190 "http://renault.activities.at/result?searchterm=true&search=arkana" "Mozilla/5.0 (Windows NT 10.0; WOW64; Trident/7.0; rv:11.0) like Gecko"
212.95.8.225 - - [24/Jun/2021:11:50:28 +0200] "GET /reload?ser=1624528228290 HTTP/1.1" 200 28 "http://renault.2web.at/result?searchterm=true&search=steinschlag" "Mozilla/5.0 (Windows NT 10.0; Win64; x64) AppleWebKit/537.36 (KHTML, like Gecko) Chrome/91.0.4472.114 Safari/537.36 Edg/91.0.864.54"
80.120.210.179 - - [24/Jun/2021:11:50:28 +0200] "POST /axjaxrequest?mode=suggest HTTP/1.1" 200 21 "http://renault.activities.at/result?searchterm=true&search=arkana" "Mozilla/5.0 (Windows NT 10.0; WOW64; Trident/7.0; rv:11.0) like Gecko"
80.120.210.179 - - [24/Jun/2021:11:50:29 +0200] "GET /result?searchterm=true&search=POS2082 HTTP/1.1" 200 5762 "http://renault.activities.at/result?searchterm=true&search=arkana" "Mozilla/5.0 (Windows NT 10.0; WOW64; Trident/7.0; rv:11.0) like Gecko"
80.120.210.179 - - [24/Jun/2021:11:50:31 +0200] "GET /js/default.js HTTP/1.1" 304 - "http://renault.activities.at/result?searchterm=true&search=POS2082" "Mozilla/5.0 (Windows NT 10.0; WOW64; Trident/7.0; rv:11.0) like Gecko"
80.120.210.179 - - [24/Jun/2021:11:50:31 +0200] "GET /js/prototip.js HTTP/1.1" 304 - "http://renault.activities.at/result?searchterm=true&search=POS2082" "Mozilla/5.0 (Windows NT 10.0; WOW64; Trident/7.0; rv:11.0) like Gecko"
80.120.210.179 - - [24/Jun/2021:11:50:31 +0200] "GET /css/reset.css HTTP/1.1" 304 - "http://renault.activities.at/result?searchterm=true&search=POS2082" "Mozilla/5.0 (Windows NT 10.0; WOW64; Trident/7.0; rv:11.0) like Gecko"
80.120.210.179 - - [24/Jun/2021:11:50:31 +0200] "GET /css/styles.css HTTP/1.1" 304 - "http://renault.activities.at/result?searchterm=true&search=POS2082" "Mozilla/5.0 (Windows NT 10.0; WOW64; Trident/7.0; rv:11.0) like Gecko"
80.120.210.179 - - [24/Jun/2021:11:50:31 +0200] "GET /css/clears.css HTTP/1.1" 304 - "http://renault.activities.at/result?searchterm=true&search=POS2082" "Mozilla/5.0 (Windows NT 10.0; WOW64; Trident/7.0; rv:11.0) like Gecko"
80.120.210.179 - - [24/Jun/2021:11:50:31 +0200] "GET /css/print.css HTTP/1.1" 304 - "http://renault.activities.at/result?searchterm=true&search=POS2082" "Mozilla/5.0 (Windows NT 10.0; WOW64; Trident/7.0; rv:11.0) like Gecko"
80.120.210.179 - - [24/Jun/2021:11:50:31 +0200] "GET /js/checkout.css HTTP/1.1" 304 - "http://renault.activities.at/result?searchterm=true&search=POS2082" "Mozilla/5.0 (Windows NT 10.0; WOW64; Trident/7.0; rv:11.0) like Gecko"
80.120.210.179 - - [24/Jun/2021:11:50:31 +0200] "GET /css/prototip.css HTTP/1.1" 304 - "http://renault.activities.at/result?searchterm=true&search=POS2082" "Mozilla/5.0 (Windows NT 10.0; WOW64; Trident/7.0; rv:11.0) like Gecko"
80.120.210.179 - - [24/Jun/2021:11:50:31 +0200] "GET /css/themes/default.css HTTP/1.1" 304 - "http://renault.activities.at/result?searchterm=true&search=POS2082" "Mozilla/5.0 (Windows NT 10.0; WOW64; Trident/7.0; rv:11.0) like Gecko"
80.120.210.179 - - [24/Jun/2021:11:50:31 +0200] "GET /css/themes/alphacube.css HTTP/1.1" 304 - "http://renault.activities.at/result?searchterm=true&search=POS2082" "Mozilla/5.0 (Windows NT 10.0; WOW64; Trident/7.0; rv:11.0) like Gecko"
80.120.210.179 - - [24/Jun/2021:11:50:31 +0200] "GET /js/ProduktGrp.js HTTP/1.1" 304 - "http://renault.activities.at/result?searchterm=true&search=POS2082" "Mozilla/5.0 (Windows NT 10.0; WOW64; Trident/7.0; rv:11.0) like Gecko"
80.120.210.179 - - [24/Jun/2021:11:50:31 +0200] "GET /images/loading.gif HTTP/1.1" 304 - "http://renault.activities.at/result?searchterm=true&search=POS2082" "Mozilla/5.0 (Windows NT 10.0; WOW64; Trident/7.0; rv:11.0) like Gecko"
80.120.210.179 - - [24/Jun/2021:11:50:31 +0200] "GET /images/header_block_corner_right_top.gif HTTP/1.1" 304 - "http://renault.activities.at/result?searchterm=true&search=POS2082" "Mozilla/5.0 (Windows NT 10.0; WOW64; Trident/7.0; rv:11.0) like Gecko"
80.120.210.179 - - [24/Jun/2021:11:50:31 +0200] "GET /images/main_block_corner_left_bot.gif HTTP/1.1" 304 - "http://renault.activities.at/result?searchterm=true&search=POS2082" "Mozilla/5.0 (Windows NT 10.0; WOW64; Trident/7.0; rv:11.0) like Gecko"
80.120.210.179 - - [24/Jun/2021:11:50:31 +0200] "GET /images/header_block_corner_left_top.gif HTTP/1.1" 304 - "http://renault.activities.at/result?searchterm=true&search=POS2082" "Mozilla/5.0 (Windows NT 10.0; WOW64; Trident/7.0; rv:11.0) like Gecko"
80.120.210.179 - - [24/Jun/2021:11:50:31 +0200] "GET /images/main_block_corner_left_top.gif HTTP/1.1" 304 - "http://renault.activities.at/result?searchterm=true&search=POS2082" "Mozilla/5.0 (Windows NT 10.0; WOW64; Trident/7.0; rv:11.0) like Gecko"
80.120.210.179 - - [24/Jun/2021:11:50:31 +0200] "GET /images/search_bg.gif HTTP/1.1" 304 - "http://renault.activities.at/result?searchterm=true&search=POS2082" "Mozilla/5.0 (Windows NT 10.0; WOW64; Trident/7.0; rv:11.0) like Gecko"
80.120.210.179 - - [24/Jun/2021:11:50:31 +0200] "GET /images/main_block_border.gif HTTP/1.1" 304 - "http://renault.activities.at/result?searchterm=true&search=POS2082" "Mozilla/5.0 (Windows NT 10.0; WOW64; Trident/7.0; rv:11.0) like Gecko"
80.120.210.179 - - [24/Jun/2021:11:50:31 +0200] "GET /images/header_block_border.gif HTTP/1.1" 304 - "http://renault.activities.at/result?searchterm=true&search=POS2082" "Mozilla/5.0 (Windows NT 10.0; WOW64; Trident/7.0; rv:11.0) like Gecko"
80.120.210.179 - - [24/Jun/2021:11:50:31 +0200] "GET /images/main_block_corner_right_bot.gif HTTP/1.1" 304 - "http://renault.activities.at/result?searchterm=true&search=POS2082" "Mozilla/5.0 (Windows NT 10.0; WOW64; Trident/7.0; rv:11.0) like Gecko"
80.120.210.179 - - [24/Jun/2021:11:50:31 +0200] "GET /images/main_block_corner_right_top.gif HTTP/1.1" 304 - "http://renault.activities.at/result?searchterm=true&search=POS2082" "Mozilla/5.0 (Windows NT 10.0; WOW64; Trident/7.0; rv:11.0) like Gecko"
80.120.210.179 - - [24/Jun/2021:11:50:31 +0200] "GET /images/title_corner_left_top.jpg HTTP/1.1" 304 - "http://renault.activities.at/result?searchterm=true&search=POS2082" "Mozilla/5.0 (Windows NT 10.0; WOW64; Trident/7.0; rv:11.0) like Gecko"
80.120.210.179 - - [24/Jun/2021:11:50:31 +0200] "GET /images/title_corner_right_top.jpg HTTP/1.1" 304 - "http://renault.activities.at/result?searchterm=true&search=POS2082" "Mozilla/5.0 (Windows NT 10.0; WOW64; Trident/7.0; rv:11.0) like Gecko"
80.120.210.179 - - [24/Jun/2021:11:50:31 +0200] "GET /images/title_border_top.jpg HTTP/1.1" 304 - "http://renault.activities.at/result?searchterm=true&search=POS2082" "Mozilla/5.0 (Windows NT 10.0; WOW64; Trident/7.0; rv:11.0) like Gecko"
80.120.210.179 - - [24/Jun/2021:11:50:32 +0200] "GET /images/pager_bg.gif HTTP/1.1" 304 - "http://renault.activities.at/result?searchterm=true&search=POS2082" "Mozilla/5.0 (Windows NT 10.0; WOW64; Trident/7.0; rv:11.0) like Gecko"
80.120.210.179 - - [24/Jun/2021:11:50:32 +0200] "GET /images/vista-up.gif HTTP/1.1" 304 - "http://renault.activities.at/result?searchterm=true&search=POS2082" "Mozilla/5.0 (Windows NT 10.0; WOW64; Trident/7.0; rv:11.0) like Gecko"
80.120.210.179 - - [24/Jun/2021:11:50:32 +0200] "GET /images/title_border.jpg HTTP/1.1" 304 - "http://renault.activities.at/result?searchterm=true&search=POS2082" "Mozilla/5.0 (Windows NT 10.0; WOW64; Trident/7.0; rv:11.0) like Gecko"
80.120.210.179 - - [24/Jun/2021:11:50:32 +0200] "GET /images/sidebar_title_corner_right_top.gif HTTP/1.1" 304 - "http://renault.activities.at/result?searchterm=true&search=POS2082" "Mozilla/5.0 (Windows NT 10.0; WOW64; Trident/7.0; rv:11.0) like Gecko"
80.120.210.179 - - [24/Jun/2021:11:50:32 +0200] "GET /images/button_bg.gif HTTP/1.1" 304 - "http://renault.activities.at/result?searchterm=true&search=POS2082" "Mozilla/5.0 (Windows NT 10.0; WOW64; Trident/7.0; rv:11.0) like Gecko"
80.120.210.179 - - [24/Jun/2021:11:50:32 +0200] "GET /images/menu_divider.gif HTTP/1.1" 304 - "http://renault.activities.at/result?searchterm=true&search=POS2082" "Mozilla/5.0 (Windows NT 10.0; WOW64; Trident/7.0; rv:11.0) like Gecko"
80.120.210.179 - - [24/Jun/2021:11:50:32 +0200] "GET /images/sidebar_title_corner_left_top.gif HTTP/1.1" 304 - "http://renault.activities.at/result?searchterm=true&search=POS2082" "Mozilla/5.0 (Windows NT 10.0; WOW64; Trident/7.0; rv:11.0) like Gecko"
80.120.210.179 - - [24/Jun/2021:11:50:32 +0200] "GET /images/nav_divider.gif HTTP/1.1" 304 - "http://renault.activities.at/result?searchterm=true&search=POS2082" "Mozilla/5.0 (Windows NT 10.0; WOW64; Trident/7.0; rv:11.0) like Gecko"
80.120.210.179 - - [24/Jun/2021:11:50:32 +0200] "GET /images/menu_button_bg.jpg HTTP/1.1" 304 - "http://renault.activities.at/result?searchterm=true&search=POS2082" "Mozilla/5.0 (Windows NT 10.0; WOW64; Trident/7.0; rv:11.0) like Gecko"
80.120.210.179 - - [24/Jun/2021:11:50:32 +0200] "GET /images/top_links_divider.gif HTTP/1.1" 304 - "http://renault.activities.at/result?searchterm=true&search=POS2082" "Mozilla/5.0 (Windows NT 10.0; WOW64; Trident/7.0; rv:11.0) like Gecko"
80.120.210.179 - - [24/Jun/2021:11:50:32 +0200] "GET /images/button_right_bg.gif HTTP/1.1" 304 - "http://renault.activities.at/result?searchterm=true&search=POS2082" "Mozilla/5.0 (Windows NT 10.0; WOW64; Trident/7.0; rv:11.0) like Gecko"
80.120.210.179 - - [24/Jun/2021:11:50:32 +0200] "GET /images/button_left_bg.gif HTTP/1.1" 304 - "http://renault.activities.at/result?searchterm=true&search=POS2082" "Mozilla/5.0 (Windows NT 10.0; WOW64; Trident/7.0; rv:11.0) like Gecko"
80.120.210.179 - - [24/Jun/2021:11:50:32 +0200] "GET /images/sidebar_title_border.gif HTTP/1.1" 304 - "http://renault.activities.at/result?searchterm=true&search=POS2082" "Mozilla/5.0 (Windows NT 10.0; WOW64; Trident/7.0; rv:11.0) like Gecko"
80.120.210.179 - - [24/Jun/2021:11:50:32 +0200] "GET /images/sidebar_title_border_top.gif HTTP/1.1" 304 - "http://renault.activities.at/result?searchterm=true&search=POS2082" "Mozilla/5.0 (Windows NT 10.0; WOW64; Trident/7.0; rv:11.0) like Gecko"
80.120.210.179 - - [24/Jun/2021:11:50:32 +0200] "GET /images/vista-dn.gif HTTP/1.1" 304 - "http://renault.activities.at/result?searchterm=true&search=POS2082" "Mozilla/5.0 (Windows NT 10.0; WOW64; Trident/7.0; rv:11.0) like Gecko"
80.120.210.179 - - [24/Jun/2021:11:50:32 +0200] "GET /images/validation_advice_bg.gif HTTP/1.1" 304 - "http://renault.activities.at/result?searchterm=true&search=POS2082" "Mozilla/5.0 (Windows NT 10.0; WOW64; Trident/7.0; rv:11.0) like Gecko"
80.120.210.179 - - [24/Jun/2021:11:50:32 +0200] "GET /images/footer_divider.gif HTTP/1.1" 304 - "http://renault.activities.at/result?searchterm=true&search=POS2082" "Mozilla/5.0 (Windows NT 10.0; WOW64; Trident/7.0; rv:11.0) like Gecko"
138.21.12.29 - - [24/Jun/2021:11:50:35 +0200] "GET /reload?ser=1624528234721 HTTP/1.1" 200 28 "http://renault.2web.at/result?searchterm=true&search=arkana" "Mozilla/5.0 (Windows NT 10.0; Win64; x64) AppleWebKit/537.36 (KHTML, like Gecko) Chrome/91.0.4472.114 Safari/537.36"
91.113.165.162 - - [24/Jun/2021:11:50:38 +0200] "GET /reload?ser=1624528238035 HTTP/1.1" 200 28 "http://renault.activities.at/success" "Mozilla/5.0 (Windows NT 10.0; Win64; x64) AppleWebKit/537.36 (KHTML, like Gecko) Chrome/91.0.4472.114 Safari/537.36 Edg/91.0.864.54"
157.97.71.85 - - [24/Jun/2021:11:51:04 +0200] "GET /reload?ser=1624528264526 HTTP/1.1" 200 28 "http://renault.activities.at/cart" "Mozilla/5.0 (Windows NT 10.0; Win64; x64) AppleWebKit/537.36 (KHTML, like Gecko) Chrome/91.0.4472.114 Safari/537.36"
3.81.63.182 - - [24/Jun/2021:11:51:23 +0200] "GET /reload?ser=1624528141527 HTTP/1.1" 200 10166 "-" "Mozilla/5.0 (Windows NT 6.1; Win64; x64) AppleWebKit/537.36 (KHTML, like Gecko) Chrome/72.0.3626.109 Safari/537.36"
185.58.53.32 - - [24/Jun/2021:11:51:22 +0200] "GET /reload?ser=1624528282676 HTTP/1.1" 200 28 "http://renault.activities.at/" "Mozilla/5.0 (Windows NT 10.0; Win64; x64) AppleWebKit/537.36 (KHTML, like Gecko) Chrome/91.0.4472.114 Safari/537.36"
212.95.8.225 - - [24/Jun/2021:11:51:30 +0200] "GET /reload?ser=1624528290283 HTTP/1.1" 200 28 "http://renault.2web.at/result?searchterm=true&search=steinschlag" "Mozilla/5.0 (Windows NT 10.0; Win64; x64) AppleWebKit/537.36 (KHTML, like Gecko) Chrome/91.0.4472.114 Safari/537.36 Edg/91.0.864.54"
138.21.12.29 - - [24/Jun/2021:11:51:37 +0200] "GET /reload?ser=1624528296784 HTTP/1.1" 200 28 "http://renault.2web.at/result?searchterm=true&search=arkana" "Mozilla/5.0 (Windows NT 10.0; Win64; x64) AppleWebKit/537.36 (KHTML, like Gecko) Chrome/91.0.4472.114 Safari/537.36"
91.113.165.162 - - [24/Jun/2021:11:51:39 +0200] "GET /reload?ser=1624528298985 HTTP/1.1" 200 28 "http://renault.activities.at/success" "Mozilla/5.0 (Windows NT 10.0; Win64; x64) AppleWebKit/537.36 (KHTML, like Gecko) Chrome/91.0.4472.114 Safari/537.36 Edg/91.0.864.54"
157.97.71.85 - - [24/Jun/2021:11:52:05 +0200] "GET /reload?ser=1624528325526 HTTP/1.1" 200 28 "http://renault.activities.at/cart" "Mozilla/5.0 (Windows NT 10.0; Win64; x64) AppleWebKit/537.36 (KHTML, like Gecko) Chrome/91.0.4472.114 Safari/537.36"
185.58.53.32 - - [24/Jun/2021:11:52:23 +0200] "GET /reload?ser=1624528343663 HTTP/1.1" 200 28 "http://renault.activities.at/" "Mozilla/5.0 (Windows NT 10.0; Win64; x64) AppleWebKit/537.36 (KHTML, like Gecko) Chrome/91.0.4472.114 Safari/537.36"
212.95.8.225 - - [24/Jun/2021:11:52:33 +0200] "GET /reload?ser=1624528353285 HTTP/1.1" 200 28 "http://renault.2web.at/result?searchterm=true&search=steinschlag" "Mozilla/5.0 (Windows NT 10.0; Win64; x64) AppleWebKit/537.36 (KHTML, like Gecko) Chrome/91.0.4472.114 Safari/537.36 Edg/91.0.864.54"
138.21.12.29 - - [24/Jun/2021:11:52:39 +0200] "GET /reload?ser=1624528358723 HTTP/1.1" 200 28 "http://renault.2web.at/result?searchterm=true&search=arkana" "Mozilla/5.0 (Windows NT 10.0; Win64; x64) AppleWebKit/537.36 (KHTML, like Gecko) Chrome/91.0.4472.114 Safari/537.36"
91.113.165.162 - - [24/Jun/2021:11:52:39 +0200] "GET /reload?ser=1624528359930 HTTP/1.1" 200 28 "http://renault.activities.at/success" "Mozilla/5.0 (Windows NT 10.0; Win64; x64) AppleWebKit/537.36 (KHTML, like Gecko) Chrome/91.0.4472.114 Safari/537.36 Edg/91.0.864.54"
157.97.71.85 - - [24/Jun/2021:11:53:06 +0200] "GET /reload?ser=1624528386526 HTTP/1.1" 200 28 "http://renault.activities.at/cart" "Mozilla/5.0 (Windows NT 10.0; Win64; x64) AppleWebKit/537.36 (KHTML, like Gecko) Chrome/91.0.4472.114 Safari/537.36"
185.58.53.32 - - [24/Jun/2021:11:53:24 +0200] "GET /reload?ser=1624528404672 HTTP/1.1" 200 28 "http://renault.activities.at/" "Mozilla/5.0 (Windows NT 10.0; Win64; x64) AppleWebKit/537.36 (KHTML, like Gecko) Chrome/91.0.4472.114 Safari/537.36"
212.95.8.225 - - [24/Jun/2021:11:53:35 +0200] "GET /reload?ser=1624528415276 HTTP/1.1" 200 28 "http://renault.2web.at/result?searchterm=true&search=steinschlag" "Mozilla/5.0 (Windows NT 10.0; Win64; x64) AppleWebKit/537.36 (KHTML, like Gecko) Chrome/91.0.4472.114 Safari/537.36 Edg/91.0.864.54"
91.113.165.162 - - [24/Jun/2021:11:53:40 +0200] "GET /reload?ser=1624528420869 HTTP/1.1" 200 28 "http://renault.activities.at/success" "Mozilla/5.0 (Windows NT 10.0; Win64; x64) AppleWebKit/537.36 (KHTML, like Gecko) Chrome/91.0.4472.114 Safari/537.36 Edg/91.0.864.54"
138.21.12.29 - - [24/Jun/2021:11:53:41 +0200] "GET /reload?ser=1624528420723 HTTP/1.1" 200 28 "http://renault.2web.at/result?searchterm=true&search=arkana" "Mozilla/5.0 (Windows NT 10.0; Win64; x64) AppleWebKit/537.36 (KHTML, like Gecko) Chrome/91.0.4472.114 Safari/537.36"
157.97.71.85 - - [24/Jun/2021:11:54:07 +0200] "GET /reload?ser=1624528447526 HTTP/1.1" 200 28 "http://renault.activities.at/cart" "Mozilla/5.0 (Windows NT 10.0; Win64; x64) AppleWebKit/537.36 (KHTML, like Gecko) Chrome/91.0.4472.114 Safari/537.36"
185.58.53.32 - - [24/Jun/2021:11:54:25 +0200] "GET /reload?ser=1624528465677 HTTP/1.1" 200 28 "http://renault.activities.at/" "Mozilla/5.0 (Windows NT 10.0; Win64; x64) AppleWebKit/537.36 (KHTML, like Gecko) Chrome/91.0.4472.114 Safari/537.36"
212.95.8.225 - - [24/Jun/2021:11:54:37 +0200] "GET /reload?ser=1624528477276 HTTP/1.1" 200 28 "http://renault.2web.at/result?searchterm=true&search=steinschlag" "Mozilla/5.0 (Windows NT 10.0; Win64; x64) AppleWebKit/537.36 (KHTML, like Gecko) Chrome/91.0.4472.114 Safari/537.36 Edg/91.0.864.54"
91.113.165.162 - - [24/Jun/2021:11:54:41 +0200] "GET /reload?ser=1624528481839 HTTP/1.1" 200 28 "http://renault.activities.at/success" "Mozilla/5.0 (Windows NT 10.0; Win64; x64) AppleWebKit/537.36 (KHTML, like Gecko) Chrome/91.0.4472.114 Safari/537.36 Edg/91.0.864.54"
138.21.12.29 - - [24/Jun/2021:11:54:43 +0200] "GET /reload?ser=1624528482724 HTTP/1.1" 200 28 "http://renault.2web.at/result?searchterm=true&search=arkana" "Mozilla/5.0 (Windows NT 10.0; Win64; x64) AppleWebKit/537.36 (KHTML, like Gecko) Chrome/91.0.4472.114 Safari/537.36"
157.97.71.85 - - [24/Jun/2021:11:55:08 +0200] "GET /reload?ser=1624528508525 HTTP/1.1" 200 28 "http://renault.activities.at/cart" "Mozilla/5.0 (Windows NT 10.0; Win64; x64) AppleWebKit/537.36 (KHTML, like Gecko) Chrome/91.0.4472.114 Safari/537.36"
185.58.53.32 - - [24/Jun/2021:11:55:26 +0200] "GET /reload?ser=1624528526672 HTTP/1.1" 200 28 "http://renault.activities.at/" "Mozilla/5.0 (Windows NT 10.0; Win64; x64) AppleWebKit/537.36 (KHTML, like Gecko) Chrome/91.0.4472.114 Safari/537.36"
212.95.8.225 - - [24/Jun/2021:11:55:39 +0200] "GET /reload?ser=1624528539276 HTTP/1.1" 200 28 "http://renault.2web.at/result?searchterm=true&search=steinschlag" "Mozilla/5.0 (Windows NT 10.0; Win64; x64) AppleWebKit/537.36 (KHTML, like Gecko) Chrome/91.0.4472.114 Safari/537.36 Edg/91.0.864.54"
91.113.165.162 - - [24/Jun/2021:11:55:42 +0200] "GET /reload?ser=1624528542783 HTTP/1.1" 200 28 "http://renault.activities.at/success" "Mozilla/5.0 (Windows NT 10.0; Win64; x64) AppleWebKit/537.36 (KHTML, like Gecko) Chrome/91.0.4472.114 Safari/537.36 Edg/91.0.864.54"
138.21.12.29 - - [24/Jun/2021:11:55:45 +0200] "GET /reload?ser=1624528544726 HTTP/1.1" 200 28 "http://renault.2web.at/result?searchterm=true&search=arkana" "Mozilla/5.0 (Windows NT 10.0; Win64; x64) AppleWebKit/537.36 (KHTML, like Gecko) Chrome/91.0.4472.114 Safari/537.36"
157.97.71.85 - - [24/Jun/2021:11:56:10 +0200] "GET /reload?ser=1624528570526 HTTP/1.1" 200 28 "http://renault.activities.at/cart" "Mozilla/5.0 (Windows NT 10.0; Win64; x64) AppleWebKit/537.36 (KHTML, like Gecko) Chrome/91.0.4472.114 Safari/537.36"
185.58.53.32 - - [24/Jun/2021:11:56:27 +0200] "GET /reload?ser=1624528587668 HTTP/1.1" 200 28 "http://renault.activities.at/" "Mozilla/5.0 (Windows NT 10.0; Win64; x64) AppleWebKit/537.36 (KHTML, like Gecko) Chrome/91.0.4472.114 Safari/537.36"
212.95.8.225 - - [24/Jun/2021:11:56:41 +0200] "GET /reload?ser=1624528601275 HTTP/1.1" 200 28 "http://renault.2web.at/result?searchterm=true&search=steinschlag" "Mozilla/5.0 (Windows NT 10.0; Win64; x64) AppleWebKit/537.36 (KHTML, like Gecko) Chrome/91.0.4472.114 Safari/537.36 Edg/91.0.864.54"
91.113.165.162 - - [24/Jun/2021:11:56:43 +0200] "GET /reload?ser=1624528603740 HTTP/1.1" 200 28 "http://renault.activities.at/success" "Mozilla/5.0 (Windows NT 10.0; Win64; x64) AppleWebKit/537.36 (KHTML, like Gecko) Chrome/91.0.4472.114 Safari/537.36 Edg/91.0.864.54"
138.21.12.29 - - [24/Jun/2021:11:56:47 +0200] "GET /reload?ser=1624528606727 HTTP/1.1" 200 28 "http://renault.2web.at/result?searchterm=true&search=arkana" "Mozilla/5.0 (Windows NT 10.0; Win64; x64) AppleWebKit/537.36 (KHTML, like Gecko) Chrome/91.0.4472.114 Safari/537.36"
157.97.71.85 - - [24/Jun/2021:11:57:11 +0200] "GET /reload?ser=1624528631525 HTTP/1.1" 200 28 "http://renault.activities.at/cart" "Mozilla/5.0 (Windows NT 10.0; Win64; x64) AppleWebKit/537.36 (KHTML, like Gecko) Chrome/91.0.4472.114 Safari/537.36"
185.58.53.32 - - [24/Jun/2021:11:57:28 +0200] "GET /reload?ser=1624528648678 HTTP/1.1" 200 28 "http://renault.activities.at/" "Mozilla/5.0 (Windows NT 10.0; Win64; x64) AppleWebKit/537.36 (KHTML, like Gecko) Chrome/91.0.4472.114 Safari/537.36"
212.95.8.225 - - [24/Jun/2021:11:57:42 +0200] "GET /reload?ser=1624528662287 HTTP/1.1" 200 28 "http://renault.2web.at/result?searchterm=true&search=steinschlag" "Mozilla/5.0 (Windows NT 10.0; Win64; x64) AppleWebKit/537.36 (KHTML, like Gecko) Chrome/91.0.4472.114 Safari/537.36 Edg/91.0.864.54"
91.113.165.162 - - [24/Jun/2021:11:57:44 +0200] "GET /reload?ser=1624528664676 HTTP/1.1" 200 28 "http://renault.activities.at/success" "Mozilla/5.0 (Windows NT 10.0; Win64; x64) AppleWebKit/537.36 (KHTML, like Gecko) Chrome/91.0.4472.114 Safari/537.36 Edg/91.0.864.54"
138.21.12.29 - - [24/Jun/2021:11:57:49 +0200] "GET /reload?ser=1624528668726 HTTP/1.1" 200 28 "http://renault.2web.at/result?searchterm=true&search=arkana" "Mozilla/5.0 (Windows NT 10.0; Win64; x64) AppleWebKit/537.36 (KHTML, like Gecko) Chrome/91.0.4472.114 Safari/537.36"
157.97.71.85 - - [24/Jun/2021:11:58:12 +0200] "GET /reload?ser=1624528692526 HTTP/1.1" 200 28 "http://renault.activities.at/cart" "Mozilla/5.0 (Windows NT 10.0; Win64; x64) AppleWebKit/537.36 (KHTML, like Gecko) Chrome/91.0.4472.114 Safari/537.36"
185.58.53.32 - - [24/Jun/2021:11:58:29 +0200] "GET /reload?ser=1624528709670 HTTP/1.1" 200 28 "http://renault.activities.at/" "Mozilla/5.0 (Windows NT 10.0; Win64; x64) AppleWebKit/537.36 (KHTML, like Gecko) Chrome/91.0.4472.114 Safari/537.36"
212.95.8.225 - - [24/Jun/2021:11:58:44 +0200] "GET /reload?ser=1624528724290 HTTP/1.1" 200 28 "http://renault.2web.at/result?searchterm=true&search=steinschlag" "Mozilla/5.0 (Windows NT 10.0; Win64; x64) AppleWebKit/537.36 (KHTML, like Gecko) Chrome/91.0.4472.114 Safari/537.36 Edg/91.0.864.54"
91.113.165.162 - - [24/Jun/2021:11:58:45 +0200] "GET /reload?ser=1624528725636 HTTP/1.1" 200 28 "http://renault.activities.at/success" "Mozilla/5.0 (Windows NT 10.0; Win64; x64) AppleWebKit/537.36 (KHTML, like Gecko) Chrome/91.0.4472.114 Safari/537.36 Edg/91.0.864.54"
138.21.12.29 - - [24/Jun/2021:11:58:51 +0200] "GET /reload?ser=1624528730727 HTTP/1.1" 200 28 "http://renault.2web.at/result?searchterm=true&search=arkana" "Mozilla/5.0 (Windows NT 10.0; Win64; x64) AppleWebKit/537.36 (KHTML, like Gecko) Chrome/91.0.4472.114 Safari/537.36"
157.97.71.85 - - [24/Jun/2021:11:59:13 +0200] "GET /reload?ser=1624528753526 HTTP/1.1" 200 28 "http://renault.activities.at/cart" "Mozilla/5.0 (Windows NT 10.0; Win64; x64) AppleWebKit/537.36 (KHTML, like Gecko) Chrome/91.0.4472.114 Safari/537.36"
185.58.53.32 - - [24/Jun/2021:11:59:30 +0200] "GET /reload?ser=1624528770670 HTTP/1.1" 200 28 "http://renault.activities.at/" "Mozilla/5.0 (Windows NT 10.0; Win64; x64) AppleWebKit/537.36 (KHTML, like Gecko) Chrome/91.0.4472.114 Safari/537.36"
212.95.8.225 - - [24/Jun/2021:11:59:46 +0200] "GET /reload?ser=1624528786283 HTTP/1.1" 200 28 "http://renault.2web.at/result?searchterm=true&search=steinschlag" "Mozilla/5.0 (Windows NT 10.0; Win64; x64) AppleWebKit/537.36 (KHTML, like Gecko) Chrome/91.0.4472.114 Safari/537.36 Edg/91.0.864.54"
91.113.165.162 - - [24/Jun/2021:11:59:46 +0200] "GET /reload?ser=1624528786590 HTTP/1.1" 200 28 "http://renault.activities.at/success" "Mozilla/5.0 (Windows NT 10.0; Win64; x64) AppleWebKit/537.36 (KHTML, like Gecko) Chrome/91.0.4472.114 Safari/537.36 Edg/91.0.864.54"
138.21.12.29 - - [24/Jun/2021:11:59:53 +0200] "GET /reload?ser=1624528792728 HTTP/1.1" 200 28 "http://renault.2web.at/result?searchterm=true&search=arkana" "Mozilla/5.0 (Windows NT 10.0; Win64; x64) AppleWebKit/537.36 (KHTML, like Gecko) Chrome/91.0.4472.114 Safari/537.36"
157.97.71.85 - - [24/Jun/2021:12:00:14 +0200] "GET /reload?ser=1624528814526 HTTP/1.1" 200 28 "http://renault.activities.at/cart" "Mozilla/5.0 (Windows NT 10.0; Win64; x64) AppleWebKit/537.36 (KHTML, like Gecko) Chrome/91.0.4472.114 Safari/537.36"
185.58.53.32 - - [24/Jun/2021:12:00:31 +0200] "GET /reload?ser=1624528831667 HTTP/1.1" 200 28 "http://renault.activities.at/" "Mozilla/5.0 (Windows NT 10.0; Win64; x64) AppleWebKit/537.36 (KHTML, like Gecko) Chrome/91.0.4472.114 Safari/537.36"
91.113.165.162 - - [24/Jun/2021:12:00:47 +0200] "GET /reload?ser=1624528847575 HTTP/1.1" 200 28 "http://renault.activities.at/success" "Mozilla/5.0 (Windows NT 10.0; Win64; x64) AppleWebKit/537.36 (KHTML, like Gecko) Chrome/91.0.4472.114 Safari/537.36 Edg/91.0.864.54"
212.95.8.225 - - [24/Jun/2021:12:00:48 +0200] "GET /reload?ser=1624528848287 HTTP/1.1" 200 28 "http://renault.2web.at/result?searchterm=true&search=steinschlag" "Mozilla/5.0 (Windows NT 10.0; Win64; x64) AppleWebKit/537.36 (KHTML, like Gecko) Chrome/91.0.4472.114 Safari/537.36 Edg/91.0.864.54"
138.21.12.29 - - [24/Jun/2021:12:00:55 +0200] "GET /reload?ser=1624528854730 HTTP/1.1" 200 28 "http://renault.2web.at/result?searchterm=true&search=arkana" "Mozilla/5.0 (Windows NT 10.0; Win64; x64) AppleWebKit/537.36 (KHTML, like Gecko) Chrome/91.0.4472.114 Safari/537.36"
157.97.71.85 - - [24/Jun/2021:12:01:15 +0200] "GET /reload?ser=1624528875527 HTTP/1.1" 200 28 "http://renault.activities.at/cart" "Mozilla/5.0 (Windows NT 10.0; Win64; x64) AppleWebKit/537.36 (KHTML, like Gecko) Chrome/91.0.4472.114 Safari/537.36"
185.58.53.32 - - [24/Jun/2021:12:01:32 +0200] "GET /reload?ser=1624528892674 HTTP/1.1" 200 28 "http://renault.activities.at/" "Mozilla/5.0 (Windows NT 10.0; Win64; x64) AppleWebKit/537.36 (KHTML, like Gecko) Chrome/91.0.4472.114 Safari/537.36"
91.113.165.162 - - [24/Jun/2021:12:01:48 +0200] "GET /reload?ser=1624528908502 HTTP/1.1" 200 28 "http://renault.activities.at/success" "Mozilla/5.0 (Windows NT 10.0; Win64; x64) AppleWebKit/537.36 (KHTML, like Gecko) Chrome/91.0.4472.114 Safari/537.36 Edg/91.0.864.54"
212.95.8.225 - - [24/Jun/2021:12:01:50 +0200] "GET /reload?ser=1624528910284 HTTP/1.1" 200 28 "http://renault.2web.at/result?searchterm=true&search=steinschlag" "Mozilla/5.0 (Windows NT 10.0; Win64; x64) AppleWebKit/537.36 (KHTML, like Gecko) Chrome/91.0.4472.114 Safari/537.36 Edg/91.0.864.54"
138.21.12.29 - - [24/Jun/2021:12:01:57 +0200] "GET /reload?ser=1624528916730 HTTP/1.1" 200 28 "http://renault.2web.at/result?searchterm=true&search=arkana" "Mozilla/5.0 (Windows NT 10.0; Win64; x64) AppleWebKit/537.36 (KHTML, like Gecko) Chrome/91.0.4472.114 Safari/537.36"
157.97.71.85 - - [24/Jun/2021:12:02:16 +0200] "GET /reload?ser=1624528936526 HTTP/1.1" 200 28 "http://renault.activities.at/cart" "Mozilla/5.0 (Windows NT 10.0; Win64; x64) AppleWebKit/537.36 (KHTML, like Gecko) Chrome/91.0.4472.114 Safari/537.36"
185.58.53.32 - - [24/Jun/2021:12:02:33 +0200] "GET /reload?ser=1624528953684 HTTP/1.1" 200 28 "http://renault.activities.at/" "Mozilla/5.0 (Windows NT 10.0; Win64; x64) AppleWebKit/537.36 (KHTML, like Gecko) Chrome/91.0.4472.114 Safari/537.36"
91.113.165.162 - - [24/Jun/2021:12:02:49 +0200] "GET /reload?ser=1624528969468 HTTP/1.1" 200 28 "http://renault.activities.at/success" "Mozilla/5.0 (Windows NT 10.0; Win64; x64) AppleWebKit/537.36 (KHTML, like Gecko) Chrome/91.0.4472.114 Safari/537.36 Edg/91.0.864.54"
212.95.8.225 - - [24/Jun/2021:12:02:51 +0200] "GET /reload?ser=1624528971282 HTTP/1.1" 200 28 "http://renault.2web.at/result?searchterm=true&search=steinschlag" "Mozilla/5.0 (Windows NT 10.0; Win64; x64) AppleWebKit/537.36 (KHTML, like Gecko) Chrome/91.0.4472.114 Safari/537.36 Edg/91.0.864.54"
138.21.12.29 - - [24/Jun/2021:12:02:59 +0200] "GET /reload?ser=1624528978729 HTTP/1.1" 200 28 "http://renault.2web.at/result?searchterm=true&search=arkana" "Mozilla/5.0 (Windows NT 10.0; Win64; x64) AppleWebKit/537.36 (KHTML, like Gecko) Chrome/91.0.4472.114 Safari/537.36"
157.97.71.85 - - [24/Jun/2021:12:03:17 +0200] "GET /reload?ser=1624528997526 HTTP/1.1" 200 28 "http://renault.activities.at/cart" "Mozilla/5.0 (Windows NT 10.0; Win64; x64) AppleWebKit/537.36 (KHTML, like Gecko) Chrome/91.0.4472.114 Safari/537.36"
185.58.53.32 - - [24/Jun/2021:12:03:34 +0200] "GET /reload?ser=1624529014680 HTTP/1.1" 200 28 "http://renault.activities.at/" "Mozilla/5.0 (Windows NT 10.0; Win64; x64) AppleWebKit/537.36 (KHTML, like Gecko) Chrome/91.0.4472.114 Safari/537.36"
91.113.165.162 - - [24/Jun/2021:12:03:50 +0200] "GET /reload?ser=1624529030439 HTTP/1.1" 200 28 "http://renault.activities.at/success" "Mozilla/5.0 (Windows NT 10.0; Win64; x64) AppleWebKit/537.36 (KHTML, like Gecko) Chrome/91.0.4472.114 Safari/537.36 Edg/91.0.864.54"
212.95.8.225 - - [24/Jun/2021:12:03:56 +0200] "GET /reload?ser=1624529036287 HTTP/1.1" 200 28 "http://renault.2web.at/result?searchterm=true&search=steinschlag" "Mozilla/5.0 (Windows NT 10.0; Win64; x64) AppleWebKit/537.36 (KHTML, like Gecko) Chrome/91.0.4472.114 Safari/537.36 Edg/91.0.864.54"
138.21.12.29 - - [24/Jun/2021:12:04:01 +0200] "GET /reload?ser=1624529040731 HTTP/1.1" 200 28 "http://renault.2web.at/result?searchterm=true&search=arkana" "Mozilla/5.0 (Windows NT 10.0; Win64; x64) AppleWebKit/537.36 (KHTML, like Gecko) Chrome/91.0.4472.114 Safari/537.36"
157.97.71.85 - - [24/Jun/2021:12:04:18 +0200] "GET /reload?ser=1624529058526 HTTP/1.1" 200 28 "http://renault.activities.at/cart" "Mozilla/5.0 (Windows NT 10.0; Win64; x64) AppleWebKit/537.36 (KHTML, like Gecko) Chrome/91.0.4472.114 Safari/537.36"
185.58.53.32 - - [24/Jun/2021:12:04:35 +0200] "GET /reload?ser=1624529075686 HTTP/1.1" 200 28 "http://renault.activities.at/" "Mozilla/5.0 (Windows NT 10.0; Win64; x64) AppleWebKit/537.36 (KHTML, like Gecko) Chrome/91.0.4472.114 Safari/537.36"
91.113.165.162 - - [24/Jun/2021:12:04:51 +0200] "GET /reload?ser=1624529091400 HTTP/1.1" 200 28 "http://renault.activities.at/success" "Mozilla/5.0 (Windows NT 10.0; Win64; x64) AppleWebKit/537.36 (KHTML, like Gecko) Chrome/91.0.4472.114 Safari/537.36 Edg/91.0.864.54"
212.95.8.225 - - [24/Jun/2021:12:04:59 +0200] "GET /reload?ser=1624529098282 HTTP/1.1" 200 28 "http://renault.2web.at/result?searchterm=true&search=steinschlag" "Mozilla/5.0 (Windows NT 10.0; Win64; x64) AppleWebKit/537.36 (KHTML, like Gecko) Chrome/91.0.4472.114 Safari/537.36 Edg/91.0.864.54"
