188.20.206.252 - - [24/Jun/2021:09:48:07 +0200] "POST /axjaxrequest?mode=suggest HTTP/1.1" 200 113 "http://renault.activities.at/orders" "Mozilla/5.0 (Windows NT 10.0; Win64; x64) AppleWebKit/537.36 (KHTML, like Gecko) Chrome/91.0.4472.114 Safari/537.36"
188.20.206.252 - - [24/Jun/2021:09:48:08 +0200] "POST /axjaxrequest?mode=suggest HTTP/1.1" 200 113 "http://renault.activities.at/orders" "Mozilla/5.0 (Windows NT 10.0; Win64; x64) AppleWebKit/537.36 (KHTML, like Gecko) Chrome/91.0.4472.114 Safari/537.36"
188.20.206.252 - - [24/Jun/2021:09:48:09 +0200] "POST /axjaxrequest?mode=suggest HTTP/1.1" 200 113 "http://renault.activities.at/orders" "Mozilla/5.0 (Windows NT 10.0; Win64; x64) AppleWebKit/537.36 (KHTML, like Gecko) Chrome/91.0.4472.114 Safari/537.36"
188.20.206.252 - - [24/Jun/2021:09:48:10 +0200] "GET /result?searchterm=true&search=RGA013_1 HTTP/1.1" 200 6093 "http://renault.activities.at/orders" "Mozilla/5.0 (Windows NT 10.0; Win64; x64) AppleWebKit/537.36 (KHTML, like Gecko) Chrome/91.0.4472.114 Safari/537.36"
188.20.206.252 - - [24/Jun/2021:09:48:13 +0200] "GET /js/prototip.js HTTP/1.1" 200 4588 "http://renault.activities.at/result?searchterm=true&search=RGA013_1" "Mozilla/5.0 (Windows NT 10.0; Win64; x64) AppleWebKit/537.36 (KHTML, like Gecko) Chrome/91.0.4472.114 Safari/537.36"
188.20.206.252 - - [24/Jun/2021:09:48:13 +0200] "GET /loadthumbnail.php?id=10203255 HTTP/1.1" 200 137 "http://renault.activities.at/result?searchterm=true&search=RGA013_1" "Mozilla/5.0 (Windows NT 10.0; Win64; x64) AppleWebKit/537.36 (KHTML, like Gecko) Chrome/91.0.4472.114 Safari/537.36"
188.20.206.252 - - [24/Jun/2021:09:48:13 +0200] "GET /loadthumbnail.php?id=12230577&width=113 HTTP/1.1" 200 1374 "http://renault.activities.at/result?searchterm=true&search=RGA013_1" "Mozilla/5.0 (Windows NT 10.0; Win64; x64) AppleWebKit/537.36 (KHTML, like Gecko) Chrome/91.0.4472.114 Safari/537.36"
138.21.12.29 - - [24/Jun/2021:09:48:15 +0200] "GET /reload?ser=1624520894580 HTTP/1.1" 200 28 "http://renault.2web.at/result?searchterm=true&search=give" "Mozilla/5.0 (Windows NT 10.0; Win64; x64) AppleWebKit/537.36 (KHTML, like Gecko) Chrome/91.0.4472.114 Safari/537.36"
80.122.53.230 - - [24/Jun/2021:09:48:22 +0200] "GET /reload?ser=1624520902303 HTTP/1.1" 200 28 "http://renault.activities.at/result?dir=DESC&mode=grid&order=name&limit=15&page=1&search=kangoo" "Mozilla/5.0 (Windows NT 10.0; Win64; x64) AppleWebKit/537.36 (KHTML, like Gecko) Chrome/91.0.4472.114 Safari/537.36"
188.20.206.252 - - [24/Jun/2021:09:48:22 +0200] "GET /cart HTTP/1.1" 200 5204 "http://renault.activities.at/result?searchterm=true&search=RGA013_1" "Mozilla/5.0 (Windows NT 10.0; Win64; x64) AppleWebKit/537.36 (KHTML, like Gecko) Chrome/91.0.4472.114 Safari/537.36"
212.95.8.225 - - [24/Jun/2021:09:48:43 +0200] "GET /reload?ser=1624520923271 HTTP/1.1" 200 28 "http://renault.2web.at/result?searchterm=true&search=steinschlag" "Mozilla/5.0 (Windows NT 10.0; Win64; x64) AppleWebKit/537.36 (KHTML, like Gecko) Chrome/91.0.4472.114 Safari/537.36 Edg/91.0.864.54"
188.20.206.252 - - [24/Jun/2021:09:48:46 +0200] "POST /cart HTTP/1.1" 200 5261 "http://renault.activities.at/cart" "Mozilla/5.0 (Windows NT 10.0; Win64; x64) AppleWebKit/537.36 (KHTML, like Gecko) Chrome/91.0.4472.114 Safari/537.36"
188.20.206.252 - - [24/Jun/2021:09:48:51 +0200] "GET /checkout HTTP/1.1" 200 10287 "http://renault.activities.at/cart" "Mozilla/5.0 (Windows NT 10.0; Win64; x64) AppleWebKit/537.36 (KHTML, like Gecko) Chrome/91.0.4472.114 Safari/537.36"
188.20.206.252 - - [24/Jun/2021:09:48:55 +0200] "GET /js/checkout2.js HTTP/1.1" 200 4122 "http://renault.activities.at/checkout" "Mozilla/5.0 (Windows NT 10.0; Win64; x64) AppleWebKit/537.36 (KHTML, like Gecko) Chrome/91.0.4472.114 Safari/537.36"
188.20.206.252 - - [24/Jun/2021:09:48:55 +0200] "GET /images/ajax_loading.gif HTTP/1.1" 200 1542 "http://renault.activities.at/checkout" "Mozilla/5.0 (Windows NT 10.0; Win64; x64) AppleWebKit/537.36 (KHTML, like Gecko) Chrome/91.0.4472.114 Safari/537.36"
188.20.206.252 - - [24/Jun/2021:09:48:55 +0200] "GET /images/step_bg.jpg HTTP/1.1" 200 319 "http://renault.activities.at/css/styles.css" "Mozilla/5.0 (Windows NT 10.0; Win64; x64) AppleWebKit/537.36 (KHTML, like Gecko) Chrome/91.0.4472.114 Safari/537.36"
188.20.206.252 - - [24/Jun/2021:09:48:55 +0200] "GET /images/step_marker.gif HTTP/1.1" 200 650 "http://renault.activities.at/css/styles.css" "Mozilla/5.0 (Windows NT 10.0; Win64; x64) AppleWebKit/537.36 (KHTML, like Gecko) Chrome/91.0.4472.114 Safari/537.36"
188.20.206.252 - - [24/Jun/2021:09:48:55 +0200] "GET /images/checkout_border_top.gif HTTP/1.1" 200 156 "http://renault.activities.at/css/styles.css" "Mozilla/5.0 (Windows NT 10.0; Win64; x64) AppleWebKit/537.36 (KHTML, like Gecko) Chrome/91.0.4472.114 Safari/537.36"
188.20.206.252 - - [24/Jun/2021:09:48:55 +0200] "GET /images/checkout_border.gif HTTP/1.1" 200 43 "http://renault.activities.at/css/styles.css" "Mozilla/5.0 (Windows NT 10.0; Win64; x64) AppleWebKit/537.36 (KHTML, like Gecko) Chrome/91.0.4472.114 Safari/537.36"
188.20.206.252 - - [24/Jun/2021:09:48:55 +0200] "GET /loadthumbnail.php?id=10201939 HTTP/1.1" 200 201 "http://renault.activities.at/checkout" "Mozilla/5.0 (Windows NT 10.0; Win64; x64) AppleWebKit/537.36 (KHTML, like Gecko) Chrome/91.0.4472.114 Safari/537.36"
188.20.206.252 - - [24/Jun/2021:09:48:55 +0200] "GET /loadthumbnail.php?id=10202698 HTTP/1.1" 200 16686 "http://renault.activities.at/checkout" "Mozilla/5.0 (Windows NT 10.0; Win64; x64) AppleWebKit/537.36 (KHTML, like Gecko) Chrome/91.0.4472.114 Safari/537.36"
138.21.12.29 - - [24/Jun/2021:09:49:17 +0200] "GET /reload?ser=1624520956583 HTTP/1.1" 200 28 "http://renault.2web.at/result?searchterm=true&search=give" "Mozilla/5.0 (Windows NT 10.0; Win64; x64) AppleWebKit/537.36 (KHTML, like Gecko) Chrome/91.0.4472.114 Safari/537.36"
80.122.53.230 - - [24/Jun/2021:09:49:23 +0200] "GET /reload?ser=1624520963248 HTTP/1.1" 200 28 "http://renault.activities.at/result?dir=DESC&mode=grid&order=name&limit=15&page=1&search=kangoo" "Mozilla/5.0 (Windows NT 10.0; Win64; x64) AppleWebKit/537.36 (KHTML, like Gecko) Chrome/91.0.4472.114 Safari/537.36"
188.20.206.252 - - [24/Jun/2021:09:49:31 +0200] "POST /docheckout HTTP/1.1" 200 452 "http://renault.activities.at/checkout" "Mozilla/5.0 (Windows NT 10.0; Win64; x64) AppleWebKit/537.36 (KHTML, like Gecko) Chrome/91.0.4472.114 Safari/537.36"
188.20.206.252 - - [24/Jun/2021:09:49:35 +0200] "POST /docheckout HTTP/1.1" 200 626 "http://renault.activities.at/checkout" "Mozilla/5.0 (Windows NT 10.0; Win64; x64) AppleWebKit/537.36 (KHTML, like Gecko) Chrome/91.0.4472.114 Safari/537.36"
188.20.206.252 - - [24/Jun/2021:09:49:37 +0200] "GET /images/error_msg_icon.gif HTTP/1.1" 200 1013 "http://renault.activities.at/checkout" "Mozilla/5.0 (Windows NT 10.0; Win64; x64) AppleWebKit/537.36 (KHTML, like Gecko) Chrome/91.0.4472.114 Safari/537.36"
188.20.206.252 - - [24/Jun/2021:09:49:41 +0200] "POST /docheckout HTTP/1.1" 200 68 "http://renault.activities.at/checkout" "Mozilla/5.0 (Windows NT 10.0; Win64; x64) AppleWebKit/537.36 (KHTML, like Gecko) Chrome/91.0.4472.114 Safari/537.36"
212.95.8.225 - - [24/Jun/2021:09:49:45 +0200] "GET /reload?ser=1624520985272 HTTP/1.1" 200 28 "http://renault.2web.at/result?searchterm=true&search=steinschlag" "Mozilla/5.0 (Windows NT 10.0; Win64; x64) AppleWebKit/537.36 (KHTML, like Gecko) Chrome/91.0.4472.114 Safari/537.36 Edg/91.0.864.54"
188.20.206.252 - - [24/Jun/2021:09:49:44 +0200] "GET /success HTTP/1.1" 200 3784 "http://renault.activities.at/checkout" "Mozilla/5.0 (Windows NT 10.0; Win64; x64) AppleWebKit/537.36 (KHTML, like Gecko) Chrome/91.0.4472.114 Safari/537.36"
138.21.12.29 - - [24/Jun/2021:09:50:19 +0200] "GET /reload?ser=1624521018584 HTTP/1.1" 200 28 "http://renault.2web.at/result?searchterm=true&search=give" "Mozilla/5.0 (Windows NT 10.0; Win64; x64) AppleWebKit/537.36 (KHTML, like Gecko) Chrome/91.0.4472.114 Safari/537.36"
80.122.53.230 - - [24/Jun/2021:09:50:24 +0200] "GET /reload?ser=1624521024176 HTTP/1.1" 200 28 "http://renault.activities.at/result?dir=DESC&mode=grid&order=name&limit=15&page=1&search=kangoo" "Mozilla/5.0 (Windows NT 10.0; Win64; x64) AppleWebKit/537.36 (KHTML, like Gecko) Chrome/91.0.4472.114 Safari/537.36"
188.20.206.252 - - [24/Jun/2021:09:50:46 +0200] "GET /reload?ser=1624521047159 HTTP/1.1" 200 28 "http://renault.activities.at/success" "Mozilla/5.0 (Windows NT 10.0; Win64; x64) AppleWebKit/537.36 (KHTML, like Gecko) Chrome/91.0.4472.114 Safari/537.36"
212.95.8.225 - - [24/Jun/2021:09:50:47 +0200] "GET /reload?ser=1624521047273 HTTP/1.1" 200 28 "http://renault.2web.at/result?searchterm=true&search=steinschlag" "Mozilla/5.0 (Windows NT 10.0; Win64; x64) AppleWebKit/537.36 (KHTML, like Gecko) Chrome/91.0.4472.114 Safari/537.36 Edg/91.0.864.54"
138.21.12.29 - - [24/Jun/2021:09:51:20 +0200] "GET /reload?ser=1624521080587 HTTP/1.1" 200 28 "http://renault.2web.at/result?searchterm=true&search=give" "Mozilla/5.0 (Windows NT 10.0; Win64; x64) AppleWebKit/537.36 (KHTML, like Gecko) Chrome/91.0.4472.114 Safari/537.36"
80.122.53.230 - - [24/Jun/2021:09:51:25 +0200] "GET /reload?ser=1624521085099 HTTP/1.1" 200 28 "http://renault.activities.at/result?dir=DESC&mode=grid&order=name&limit=15&page=1&search=kangoo" "Mozilla/5.0 (Windows NT 10.0; Win64; x64) AppleWebKit/537.36 (KHTML, like Gecko) Chrome/91.0.4472.114 Safari/537.36"
212.95.8.225 - - [24/Jun/2021:09:51:49 +0200] "GET /reload?ser=1624521109279 HTTP/1.1" 200 28 "http://renault.2web.at/result?searchterm=true&search=steinschlag" "Mozilla/5.0 (Windows NT 10.0; Win64; x64) AppleWebKit/537.36 (KHTML, like Gecko) Chrome/91.0.4472.114 Safari/537.36 Edg/91.0.864.54"
138.21.12.29 - - [24/Jun/2021:09:52:22 +0200] "GET /reload?ser=1624521142589 HTTP/1.1" 200 28 "http://renault.2web.at/result?searchterm=true&search=give" "Mozilla/5.0 (Windows NT 10.0; Win64; x64) AppleWebKit/537.36 (KHTML, like Gecko) Chrome/91.0.4472.114 Safari/537.36"
80.122.53.230 - - [24/Jun/2021:09:52:26 +0200] "GET /reload?ser=1624521146026 HTTP/1.1" 200 28 "http://renault.activities.at/result?dir=DESC&mode=grid&order=name&limit=15&page=1&search=kangoo" "Mozilla/5.0 (Windows NT 10.0; Win64; x64) AppleWebKit/537.36 (KHTML, like Gecko) Chrome/91.0.4472.114 Safari/537.36"
212.95.8.225 - - [24/Jun/2021:09:52:54 +0200] "GET /reload?ser=1624521174285 HTTP/1.1" 200 28 "http://renault.2web.at/result?searchterm=true&search=steinschlag" "Mozilla/5.0 (Windows NT 10.0; Win64; x64) AppleWebKit/537.36 (KHTML, like Gecko) Chrome/91.0.4472.114 Safari/537.36 Edg/91.0.864.54"
138.21.12.29 - - [24/Jun/2021:09:53:24 +0200] "GET /reload?ser=1624521204590 HTTP/1.1" 200 28 "http://renault.2web.at/result?searchterm=true&search=give" "Mozilla/5.0 (Windows NT 10.0; Win64; x64) AppleWebKit/537.36 (KHTML, like Gecko) Chrome/91.0.4472.114 Safari/537.36"
80.122.53.230 - - [24/Jun/2021:09:53:27 +0200] "GET /reload?ser=1624521206972 HTTP/1.1" 200 28 "http://renault.activities.at/result?dir=DESC&mode=grid&order=name&limit=15&page=1&search=kangoo" "Mozilla/5.0 (Windows NT 10.0; Win64; x64) AppleWebKit/537.36 (KHTML, like Gecko) Chrome/91.0.4472.114 Safari/537.36"
212.95.8.225 - - [24/Jun/2021:09:53:56 +0200] "GET /reload?ser=1624521236273 HTTP/1.1" 200 28 "http://renault.2web.at/result?searchterm=true&search=steinschlag" "Mozilla/5.0 (Windows NT 10.0; Win64; x64) AppleWebKit/537.36 (KHTML, like Gecko) Chrome/91.0.4472.114 Safari/537.36 Edg/91.0.864.54"
138.21.12.29 - - [24/Jun/2021:09:54:26 +0200] "GET /reload?ser=1624521266591 HTTP/1.1" 200 28 "http://renault.2web.at/result?searchterm=true&search=give" "Mozilla/5.0 (Windows NT 10.0; Win64; x64) AppleWebKit/537.36 (KHTML, like Gecko) Chrome/91.0.4472.114 Safari/537.36"
80.122.53.230 - - [24/Jun/2021:09:54:27 +0200] "GET /reload?ser=1624521267891 HTTP/1.1" 200 28 "http://renault.activities.at/result?dir=DESC&mode=grid&order=name&limit=15&page=1&search=kangoo" "Mozilla/5.0 (Windows NT 10.0; Win64; x64) AppleWebKit/537.36 (KHTML, like Gecko) Chrome/91.0.4472.114 Safari/537.36"
212.95.8.225 - - [24/Jun/2021:09:54:58 +0200] "GET /reload?ser=1624521298272 HTTP/1.1" 200 28 "http://renault.2web.at/result?searchterm=true&search=steinschlag" "Mozilla/5.0 (Windows NT 10.0; Win64; x64) AppleWebKit/537.36 (KHTML, like Gecko) Chrome/91.0.4472.114 Safari/537.36 Edg/91.0.864.54"
80.122.53.230 - - [24/Jun/2021:09:55:28 +0200] "GET /reload?ser=1624521328856 HTTP/1.1" 200 28 "http://renault.activities.at/result?dir=DESC&mode=grid&order=name&limit=15&page=1&search=kangoo" "Mozilla/5.0 (Windows NT 10.0; Win64; x64) AppleWebKit/537.36 (KHTML, like Gecko) Chrome/91.0.4472.114 Safari/537.36"
138.21.12.29 - - [24/Jun/2021:09:55:28 +0200] "GET /reload?ser=1624521328592 HTTP/1.1" 200 28 "http://renault.2web.at/result?searchterm=true&search=give" "Mozilla/5.0 (Windows NT 10.0; Win64; x64) AppleWebKit/537.36 (KHTML, like Gecko) Chrome/91.0.4472.114 Safari/537.36"
212.95.8.225 - - [24/Jun/2021:09:56:00 +0200] "GET /reload?ser=1624521360272 HTTP/1.1" 200 28 "http://renault.2web.at/result?searchterm=true&search=steinschlag" "Mozilla/5.0 (Windows NT 10.0; Win64; x64) AppleWebKit/537.36 (KHTML, like Gecko) Chrome/91.0.4472.114 Safari/537.36 Edg/91.0.864.54"
80.122.53.230 - - [24/Jun/2021:09:56:29 +0200] "GET /reload?ser=1624521389853 HTTP/1.1" 200 28 "http://renault.activities.at/result?dir=DESC&mode=grid&order=name&limit=15&page=1&search=kangoo" "Mozilla/5.0 (Windows NT 10.0; Win64; x64) AppleWebKit/537.36 (KHTML, like Gecko) Chrome/91.0.4472.114 Safari/537.36"
138.21.12.29 - - [24/Jun/2021:09:56:30 +0200] "GET /reload?ser=1624521390593 HTTP/1.1" 200 28 "http://renault.2web.at/result?searchterm=true&search=give" "Mozilla/5.0 (Windows NT 10.0; Win64; x64) AppleWebKit/537.36 (KHTML, like Gecko) Chrome/91.0.4472.114 Safari/537.36"
212.95.8.225 - - [24/Jun/2021:09:57:02 +0200] "GET /reload?ser=1624521422272 HTTP/1.1" 200 28 "http://renault.2web.at/result?searchterm=true&search=steinschlag" "Mozilla/5.0 (Windows NT 10.0; Win64; x64) AppleWebKit/537.36 (KHTML, like Gecko) Chrome/91.0.4472.114 Safari/537.36 Edg/91.0.864.54"
80.122.53.230 - - [24/Jun/2021:09:57:30 +0200] "GET /reload?ser=1624521450836 HTTP/1.1" 200 28 "http://renault.activities.at/result?dir=DESC&mode=grid&order=name&limit=15&page=1&search=kangoo" "Mozilla/5.0 (Windows NT 10.0; Win64; x64) AppleWebKit/537.36 (KHTML, like Gecko) Chrome/91.0.4472.114 Safari/537.36"
138.21.12.29 - - [24/Jun/2021:09:57:32 +0200] "GET /reload?ser=1624521452594 HTTP/1.1" 200 28 "http://renault.2web.at/result?searchterm=true&search=give" "Mozilla/5.0 (Windows NT 10.0; Win64; x64) AppleWebKit/537.36 (KHTML, like Gecko) Chrome/91.0.4472.114 Safari/537.36"
212.95.8.225 - - [24/Jun/2021:09:58:04 +0200] "GET /reload?ser=1624521484271 HTTP/1.1" 200 28 "http://renault.2web.at/result?searchterm=true&search=steinschlag" "Mozilla/5.0 (Windows NT 10.0; Win64; x64) AppleWebKit/537.36 (KHTML, like Gecko) Chrome/91.0.4472.114 Safari/537.36 Edg/91.0.864.54"
80.122.53.230 - - [24/Jun/2021:09:58:31 +0200] "GET /reload?ser=1624521511809 HTTP/1.1" 200 28 "http://renault.activities.at/result?dir=DESC&mode=grid&order=name&limit=15&page=1&search=kangoo" "Mozilla/5.0 (Windows NT 10.0; Win64; x64) AppleWebKit/537.36 (KHTML, like Gecko) Chrome/91.0.4472.114 Safari/537.36"
138.21.12.29 - - [24/Jun/2021:09:58:34 +0200] "GET /reload?ser=1624521514594 HTTP/1.1" 200 28 "http://renault.2web.at/result?searchterm=true&search=give" "Mozilla/5.0 (Windows NT 10.0; Win64; x64) AppleWebKit/537.36 (KHTML, like Gecko) Chrome/91.0.4472.114 Safari/537.36"
212.95.8.225 - - [24/Jun/2021:09:59:05 +0200] "GET /reload?ser=1624521545271 HTTP/1.1" 200 28 "http://renault.2web.at/result?searchterm=true&search=steinschlag" "Mozilla/5.0 (Windows NT 10.0; Win64; x64) AppleWebKit/537.36 (KHTML, like Gecko) Chrome/91.0.4472.114 Safari/537.36 Edg/91.0.864.54"
80.122.53.230 - - [24/Jun/2021:09:59:32 +0200] "GET /reload?ser=1624521572743 HTTP/1.1" 200 28 "http://renault.activities.at/result?dir=DESC&mode=grid&order=name&limit=15&page=1&search=kangoo" "Mozilla/5.0 (Windows NT 10.0; Win64; x64) AppleWebKit/537.36 (KHTML, like Gecko) Chrome/91.0.4472.114 Safari/537.36"
138.21.12.29 - - [24/Jun/2021:09:59:36 +0200] "GET /reload?ser=1624521576594 HTTP/1.1" 200 28 "http://renault.2web.at/result?searchterm=true&search=give" "Mozilla/5.0 (Windows NT 10.0; Win64; x64) AppleWebKit/537.36 (KHTML, like Gecko) Chrome/91.0.4472.114 Safari/537.36"
212.95.8.225 - - [24/Jun/2021:10:00:07 +0200] "GET /reload?ser=1624521607277 HTTP/1.1" 200 28 "http://renault.2web.at/result?searchterm=true&search=steinschlag" "Mozilla/5.0 (Windows NT 10.0; Win64; x64) AppleWebKit/537.36 (KHTML, like Gecko) Chrome/91.0.4472.114 Safari/537.36 Edg/91.0.864.54"
80.122.53.230 - - [24/Jun/2021:10:00:33 +0200] "GET /reload?ser=1624521633708 HTTP/1.1" 200 28 "http://renault.activities.at/result?dir=DESC&mode=grid&order=name&limit=15&page=1&search=kangoo" "Mozilla/5.0 (Windows NT 10.0; Win64; x64) AppleWebKit/537.36 (KHTML, like Gecko) Chrome/91.0.4472.114 Safari/537.36"
138.21.12.29 - - [24/Jun/2021:10:00:38 +0200] "GET /reload?ser=1624521638595 HTTP/1.1" 200 28 "http://renault.2web.at/result?searchterm=true&search=give" "Mozilla/5.0 (Windows NT 10.0; Win64; x64) AppleWebKit/537.36 (KHTML, like Gecko) Chrome/91.0.4472.114 Safari/537.36"
212.95.8.225 - - [24/Jun/2021:10:01:09 +0200] "GET /reload?ser=1624521669272 HTTP/1.1" 200 28 "http://renault.2web.at/result?searchterm=true&search=steinschlag" "Mozilla/5.0 (Windows NT 10.0; Win64; x64) AppleWebKit/537.36 (KHTML, like Gecko) Chrome/91.0.4472.114 Safari/537.36 Edg/91.0.864.54"
80.122.53.230 - - [24/Jun/2021:10:01:34 +0200] "GET /reload?ser=1624521694681 HTTP/1.1" 200 28 "http://renault.activities.at/result?dir=DESC&mode=grid&order=name&limit=15&page=1&search=kangoo" "Mozilla/5.0 (Windows NT 10.0; Win64; x64) AppleWebKit/537.36 (KHTML, like Gecko) Chrome/91.0.4472.114 Safari/537.36"
138.21.12.29 - - [24/Jun/2021:10:01:40 +0200] "GET /reload?ser=1624521700596 HTTP/1.1" 200 28 "http://renault.2web.at/result?searchterm=true&search=give" "Mozilla/5.0 (Windows NT 10.0; Win64; x64) AppleWebKit/537.36 (KHTML, like Gecko) Chrome/91.0.4472.114 Safari/537.36"
212.95.8.225 - - [24/Jun/2021:10:02:11 +0200] "GET /reload?ser=1624521731272 HTTP/1.1" 200 28 "http://renault.2web.at/result?searchterm=true&search=steinschlag" "Mozilla/5.0 (Windows NT 10.0; Win64; x64) AppleWebKit/537.36 (KHTML, like Gecko) Chrome/91.0.4472.114 Safari/537.36 Edg/91.0.864.54"
80.122.53.230 - - [24/Jun/2021:10:02:36 +0200] "GET /reload?ser=1624521755967 HTTP/1.1" 200 28 "http://renault.activities.at/result?dir=DESC&mode=grid&order=name&limit=15&page=1&search=kangoo" "Mozilla/5.0 (Windows NT 10.0; Win64; x64) AppleWebKit/537.36 (KHTML, like Gecko) Chrome/91.0.4472.114 Safari/537.36"
138.21.12.29 - - [24/Jun/2021:10:02:42 +0200] "GET /reload?ser=1624521762597 HTTP/1.1" 200 28 "http://renault.2web.at/result?searchterm=true&search=give" "Mozilla/5.0 (Windows NT 10.0; Win64; x64) AppleWebKit/537.36 (KHTML, like Gecko) Chrome/91.0.4472.114 Safari/537.36"
212.95.8.225 - - [24/Jun/2021:10:03:12 +0200] "GET /reload?ser=1624521792272 HTTP/1.1" 200 28 "http://renault.2web.at/result?searchterm=true&search=steinschlag" "Mozilla/5.0 (Windows NT 10.0; Win64; x64) AppleWebKit/537.36 (KHTML, like Gecko) Chrome/91.0.4472.114 Safari/537.36 Edg/91.0.864.54"
80.122.53.230 - - [24/Jun/2021:10:03:37 +0200] "GET /reload?ser=1624521816971 HTTP/1.1" 200 28 "http://renault.activities.at/result?dir=DESC&mode=grid&order=name&limit=15&page=1&search=kangoo" "Mozilla/5.0 (Windows NT 10.0; Win64; x64) AppleWebKit/537.36 (KHTML, like Gecko) Chrome/91.0.4472.114 Safari/537.36"
138.21.12.29 - - [24/Jun/2021:10:03:44 +0200] "GET /reload?ser=1624521824596 HTTP/1.1" 200 28 "http://renault.2web.at/result?searchterm=true&search=give" "Mozilla/5.0 (Windows NT 10.0; Win64; x64) AppleWebKit/537.36 (KHTML, like Gecko) Chrome/91.0.4472.114 Safari/537.36"
212.95.8.225 - - [24/Jun/2021:10:04:14 +0200] "GET /reload?ser=1624521854271 HTTP/1.1" 200 28 "http://renault.2web.at/result?searchterm=true&search=steinschlag" "Mozilla/5.0 (Windows NT 10.0; Win64; x64) AppleWebKit/537.36 (KHTML, like Gecko) Chrome/91.0.4472.114 Safari/537.36 Edg/91.0.864.54"
80.122.53.230 - - [24/Jun/2021:10:04:13 +0200] "GET /orders HTTP/1.1" 200 5587 "http://renault.activities.at/result?dir=DESC&mode=grid&order=name&limit=15&page=1&search=kangoo" "Mozilla/5.0 (Windows NT 10.0; Win64; x64) AppleWebKit/537.36 (KHTML, like Gecko) Chrome/91.0.4472.114 Safari/537.36"
80.122.53.230 - - [24/Jun/2021:10:04:33 +0200] "GET /logout HTTP/1.1" 302 140 "http://renault.activities.at/orders" "Mozilla/5.0 (Windows NT 10.0; Win64; x64) AppleWebKit/537.36 (KHTML, like Gecko) Chrome/91.0.4472.114 Safari/537.36"
80.122.53.230 - - [24/Jun/2021:10:04:34 +0200] "GET /logout HTTP/1.1" 200 1583 "http://renault.activities.at/orders" "Mozilla/5.0 (Windows NT 10.0; Win64; x64) AppleWebKit/537.36 (KHTML, like Gecko) Chrome/91.0.4472.114 Safari/537.36"
138.21.12.29 - - [24/Jun/2021:10:04:46 +0200] "GET /reload?ser=1624521886597 HTTP/1.1" 200 28 "http://renault.2web.at/result?searchterm=true&search=give" "Mozilla/5.0 (Windows NT 10.0; Win64; x64) AppleWebKit/537.36 (KHTML, like Gecko) Chrome/91.0.4472.114 Safari/537.36"
212.95.8.225 - - [24/Jun/2021:10:05:19 +0200] "GET /reload?ser=1624521919272 HTTP/1.1" 200 28 "http://renault.2web.at/result?searchterm=true&search=steinschlag" "Mozilla/5.0 (Windows NT 10.0; Win64; x64) AppleWebKit/537.36 (KHTML, like Gecko) Chrome/91.0.4472.114 Safari/537.36 Edg/91.0.864.54"
138.21.12.29 - - [24/Jun/2021:10:05:48 +0200] "GET /reload?ser=1624521948598 HTTP/1.1" 200 28 "http://renault.2web.at/result?searchterm=true&search=give" "Mozilla/5.0 (Windows NT 10.0; Win64; x64) AppleWebKit/537.36 (KHTML, like Gecko) Chrome/91.0.4472.114 Safari/537.36"
212.95.8.225 - - [24/Jun/2021:10:06:21 +0200] "GET /reload?ser=1624521981272 HTTP/1.1" 200 28 "http://renault.2web.at/result?searchterm=true&search=steinschlag" "Mozilla/5.0 (Windows NT 10.0; Win64; x64) AppleWebKit/537.36 (KHTML, like Gecko) Chrome/91.0.4472.114 Safari/537.36 Edg/91.0.864.54"
138.21.12.29 - - [24/Jun/2021:10:06:51 +0200] "GET /reload?ser=1624522010598 HTTP/1.1" 200 28 "http://renault.2web.at/result?searchterm=true&search=give" "Mozilla/5.0 (Windows NT 10.0; Win64; x64) AppleWebKit/537.36 (KHTML, like Gecko) Chrome/91.0.4472.114 Safari/537.36"
212.95.8.225 - - [24/Jun/2021:10:07:22 +0200] "GET /reload?ser=1624522042271 HTTP/1.1" 200 28 "http://renault.2web.at/result?searchterm=true&search=steinschlag" "Mozilla/5.0 (Windows NT 10.0; Win64; x64) AppleWebKit/537.36 (KHTML, like Gecko) Chrome/91.0.4472.114 Safari/537.36 Edg/91.0.864.54"
138.21.12.29 - - [24/Jun/2021:10:07:53 +0200] "GET /reload?ser=1624522072598 HTTP/1.1" 200 28 "http://renault.2web.at/result?searchterm=true&search=give" "Mozilla/5.0 (Windows NT 10.0; Win64; x64) AppleWebKit/537.36 (KHTML, like Gecko) Chrome/91.0.4472.114 Safari/537.36"
207.46.13.22 - - [24/Jun/2021:10:08:01 +0200] "GET /10260003?dir=ASC&mode=grid&order=name&limit=15&page=3&cat=10260300 HTTP/1.1" 200 5145 "-" "Mozilla/5.0 (compatible; bingbot/2.0; +http://www.bing.com/bingbot.htm)"
212.95.8.225 - - [24/Jun/2021:10:08:23 +0200] "GET /reload?ser=1624522103271 HTTP/1.1" 200 28 "http://renault.2web.at/result?searchterm=true&search=steinschlag" "Mozilla/5.0 (Windows NT 10.0; Win64; x64) AppleWebKit/537.36 (KHTML, like Gecko) Chrome/91.0.4472.114 Safari/537.36 Edg/91.0.864.54"
138.21.12.29 - - [24/Jun/2021:10:08:55 +0200] "GET /reload?ser=1624522134598 HTTP/1.1" 200 28 "http://renault.2web.at/result?searchterm=true&search=give" "Mozilla/5.0 (Windows NT 10.0; Win64; x64) AppleWebKit/537.36 (KHTML, like Gecko) Chrome/91.0.4472.114 Safari/537.36"
212.95.8.225 - - [24/Jun/2021:10:09:24 +0200] "GET /reload?ser=1624522164271 HTTP/1.1" 200 28 "http://renault.2web.at/result?searchterm=true&search=steinschlag" "Mozilla/5.0 (Windows NT 10.0; Win64; x64) AppleWebKit/537.36 (KHTML, like Gecko) Chrome/91.0.4472.114 Safari/537.36 Edg/91.0.864.54"
138.21.12.29 - - [24/Jun/2021:10:09:57 +0200] "GET /reload?ser=1624522196604 HTTP/1.1" 200 28 "http://renault.2web.at/result?searchterm=true&search=give" "Mozilla/5.0 (Windows NT 10.0; Win64; x64) AppleWebKit/537.36 (KHTML, like Gecko) Chrome/91.0.4472.114 Safari/537.36"
212.95.8.225 - - [24/Jun/2021:10:10:26 +0200] "GET /reload?ser=1624522226272 HTTP/1.1" 200 28 "http://renault.2web.at/result?searchterm=true&search=steinschlag" "Mozilla/5.0 (Windows NT 10.0; Win64; x64) AppleWebKit/537.36 (KHTML, like Gecko) Chrome/91.0.4472.114 Safari/537.36 Edg/91.0.864.54"
138.21.12.29 - - [24/Jun/2021:10:10:59 +0200] "GET /reload?ser=1624522258599 HTTP/1.1" 200 28 "http://renault.2web.at/result?searchterm=true&search=give" "Mozilla/5.0 (Windows NT 10.0; Win64; x64) AppleWebKit/537.36 (KHTML, like Gecko) Chrome/91.0.4472.114 Safari/537.36"
212.95.8.225 - - [24/Jun/2021:10:11:28 +0200] "GET /reload?ser=1624522288271 HTTP/1.1" 200 28 "http://renault.2web.at/result?searchterm=true&search=steinschlag" "Mozilla/5.0 (Windows NT 10.0; Win64; x64) AppleWebKit/537.36 (KHTML, like Gecko) Chrome/91.0.4472.114 Safari/537.36 Edg/91.0.864.54"
138.21.12.29 - - [24/Jun/2021:10:12:01 +0200] "GET /reload?ser=1624522320598 HTTP/1.1" 200 28 "http://renault.2web.at/result?searchterm=true&search=give" "Mozilla/5.0 (Windows NT 10.0; Win64; x64) AppleWebKit/537.36 (KHTML, like Gecko) Chrome/91.0.4472.114 Safari/537.36"
212.95.8.225 - - [24/Jun/2021:10:12:30 +0200] "GET /reload?ser=1624522350271 HTTP/1.1" 200 28 "http://renault.2web.at/result?searchterm=true&search=steinschlag" "Mozilla/5.0 (Windows NT 10.0; Win64; x64) AppleWebKit/537.36 (KHTML, like Gecko) Chrome/91.0.4472.114 Safari/537.36 Edg/91.0.864.54"
138.21.12.29 - - [24/Jun/2021:10:13:03 +0200] "GET /reload?ser=1624522382598 HTTP/1.1" 200 28 "http://renault.2web.at/result?searchterm=true&search=give" "Mozilla/5.0 (Windows NT 10.0; Win64; x64) AppleWebKit/537.36 (KHTML, like Gecko) Chrome/91.0.4472.114 Safari/537.36"
212.95.8.225 - - [24/Jun/2021:10:13:31 +0200] "GET /reload?ser=1624522411272 HTTP/1.1" 200 28 "http://renault.2web.at/result?searchterm=true&search=steinschlag" "Mozilla/5.0 (Windows NT 10.0; Win64; x64) AppleWebKit/537.36 (KHTML, like Gecko) Chrome/91.0.4472.114 Safari/537.36 Edg/91.0.864.54"
138.21.12.29 - - [24/Jun/2021:10:14:05 +0200] "GET /reload?ser=1624522444599 HTTP/1.1" 200 28 "http://renault.2web.at/result?searchterm=true&search=give" "Mozilla/5.0 (Windows NT 10.0; Win64; x64) AppleWebKit/537.36 (KHTML, like Gecko) Chrome/91.0.4472.114 Safari/537.36"
212.95.8.225 - - [24/Jun/2021:10:14:33 +0200] "GET /reload?ser=1624522473272 HTTP/1.1" 200 28 "http://renault.2web.at/result?searchterm=true&search=steinschlag" "Mozilla/5.0 (Windows NT 10.0; Win64; x64) AppleWebKit/537.36 (KHTML, like Gecko) Chrome/91.0.4472.114 Safari/537.36 Edg/91.0.864.54"
138.21.12.29 - - [24/Jun/2021:10:15:07 +0200] "GET /reload?ser=1624522506599 HTTP/1.1" 200 28 "http://renault.2web.at/result?searchterm=true&search=give" "Mozilla/5.0 (Windows NT 10.0; Win64; x64) AppleWebKit/537.36 (KHTML, like Gecko) Chrome/91.0.4472.114 Safari/537.36"
212.95.8.225 - - [24/Jun/2021:10:15:35 +0200] "GET /reload?ser=1624522535272 HTTP/1.1" 200 28 "http://renault.2web.at/result?searchterm=true&search=steinschlag" "Mozilla/5.0 (Windows NT 10.0; Win64; x64) AppleWebKit/537.36 (KHTML, like Gecko) Chrome/91.0.4472.114 Safari/537.36 Edg/91.0.864.54"
138.21.12.29 - - [24/Jun/2021:10:16:09 +0200] "GET /reload?ser=1624522568599 HTTP/1.1" 200 28 "http://renault.2web.at/result?searchterm=true&search=give" "Mozilla/5.0 (Windows NT 10.0; Win64; x64) AppleWebKit/537.36 (KHTML, like Gecko) Chrome/91.0.4472.114 Safari/537.36"
212.95.8.225 - - [24/Jun/2021:10:16:37 +0200] "GET /reload?ser=1624522597272 HTTP/1.1" 200 28 "http://renault.2web.at/result?searchterm=true&search=steinschlag" "Mozilla/5.0 (Windows NT 10.0; Win64; x64) AppleWebKit/537.36 (KHTML, like Gecko) Chrome/91.0.4472.114 Safari/537.36 Edg/91.0.864.54"
138.21.12.29 - - [24/Jun/2021:10:17:11 +0200] "GET /reload?ser=1624522630600 HTTP/1.1" 200 28 "http://renault.2web.at/result?searchterm=true&search=give" "Mozilla/5.0 (Windows NT 10.0; Win64; x64) AppleWebKit/537.36 (KHTML, like Gecko) Chrome/91.0.4472.114 Safari/537.36"
212.95.8.225 - - [24/Jun/2021:10:17:39 +0200] "GET /reload?ser=1624522659272 HTTP/1.1" 200 28 "http://renault.2web.at/result?searchterm=true&search=steinschlag" "Mozilla/5.0 (Windows NT 10.0; Win64; x64) AppleWebKit/537.36 (KHTML, like Gecko) Chrome/91.0.4472.114 Safari/537.36 Edg/91.0.864.54"
138.21.12.29 - - [24/Jun/2021:10:18:13 +0200] "GET /reload?ser=1624522692603 HTTP/1.1" 200 28 "http://renault.2web.at/result?searchterm=true&search=give" "Mozilla/5.0 (Windows NT 10.0; Win64; x64) AppleWebKit/537.36 (KHTML, like Gecko) Chrome/91.0.4472.114 Safari/537.36"
212.95.8.225 - - [24/Jun/2021:10:18:41 +0200] "GET /reload?ser=1624522721271 HTTP/1.1" 200 28 "http://renault.2web.at/result?searchterm=true&search=steinschlag" "Mozilla/5.0 (Windows NT 10.0; Win64; x64) AppleWebKit/537.36 (KHTML, like Gecko) Chrome/91.0.4472.114 Safari/537.36 Edg/91.0.864.54"
138.21.12.29 - - [24/Jun/2021:10:19:15 +0200] "GET /reload?ser=1624522754610 HTTP/1.1" 200 28 "http://renault.2web.at/result?searchterm=true&search=give" "Mozilla/5.0 (Windows NT 10.0; Win64; x64) AppleWebKit/537.36 (KHTML, like Gecko) Chrome/91.0.4472.114 Safari/537.36"
212.95.8.225 - - [24/Jun/2021:10:19:43 +0200] "GET /reload?ser=1624522783272 HTTP/1.1" 200 28 "http://renault.2web.at/result?searchterm=true&search=steinschlag" "Mozilla/5.0 (Windows NT 10.0; Win64; x64) AppleWebKit/537.36 (KHTML, like Gecko) Chrome/91.0.4472.114 Safari/537.36 Edg/91.0.864.54"
138.21.12.29 - - [24/Jun/2021:10:20:17 +0200] "GET /reload?ser=1624522816609 HTTP/1.1" 200 28 "http://renault.2web.at/result?searchterm=true&search=give" "Mozilla/5.0 (Windows NT 10.0; Win64; x64) AppleWebKit/537.36 (KHTML, like Gecko) Chrome/91.0.4472.114 Safari/537.36"
212.95.8.225 - - [24/Jun/2021:10:20:44 +0200] "GET /reload?ser=1624522844271 HTTP/1.1" 200 28 "http://renault.2web.at/result?searchterm=true&search=steinschlag" "Mozilla/5.0 (Windows NT 10.0; Win64; x64) AppleWebKit/537.36 (KHTML, like Gecko) Chrome/91.0.4472.114 Safari/537.36 Edg/91.0.864.54"
138.21.12.29 - - [24/Jun/2021:10:21:19 +0200] "GET /reload?ser=1624522878620 HTTP/1.1" 200 28 "http://renault.2web.at/result?searchterm=true&search=give" "Mozilla/5.0 (Windows NT 10.0; Win64; x64) AppleWebKit/537.36 (KHTML, like Gecko) Chrome/91.0.4472.114 Safari/537.36"
212.95.8.225 - - [24/Jun/2021:10:21:46 +0200] "GET /reload?ser=1624522906272 HTTP/1.1" 200 28 "http://renault.2web.at/result?searchterm=true&search=steinschlag" "Mozilla/5.0 (Windows NT 10.0; Win64; x64) AppleWebKit/537.36 (KHTML, like Gecko) Chrome/91.0.4472.114 Safari/537.36 Edg/91.0.864.54"
138.21.12.29 - - [24/Jun/2021:10:22:21 +0200] "GET /reload?ser=1624522940616 HTTP/1.1" 200 28 "http://renault.2web.at/result?searchterm=true&search=give" "Mozilla/5.0 (Windows NT 10.0; Win64; x64) AppleWebKit/537.36 (KHTML, like Gecko) Chrome/91.0.4472.114 Safari/537.36"
212.95.8.225 - - [24/Jun/2021:10:22:48 +0200] "GET /reload?ser=1624522968271 HTTP/1.1" 200 28 "http://renault.2web.at/result?searchterm=true&search=steinschlag" "Mozilla/5.0 (Windows NT 10.0; Win64; x64) AppleWebKit/537.36 (KHTML, like Gecko) Chrome/91.0.4472.114 Safari/537.36 Edg/91.0.864.54"
138.21.12.29 - - [24/Jun/2021:10:23:23 +0200] "GET /reload?ser=1624523002618 HTTP/1.1" 200 28 "http://renault.2web.at/result?searchterm=true&search=give" "Mozilla/5.0 (Windows NT 10.0; Win64; x64) AppleWebKit/537.36 (KHTML, like Gecko) Chrome/91.0.4472.114 Safari/537.36"
212.95.8.225 - - [24/Jun/2021:10:23:50 +0200] "GET /reload?ser=1624523030271 HTTP/1.1" 200 28 "http://renault.2web.at/result?searchterm=true&search=steinschlag" "Mozilla/5.0 (Windows NT 10.0; Win64; x64) AppleWebKit/537.36 (KHTML, like Gecko) Chrome/91.0.4472.114 Safari/537.36 Edg/91.0.864.54"
138.21.12.29 - - [24/Jun/2021:10:24:25 +0200] "GET /reload?ser=1624523064620 HTTP/1.1" 200 28 "http://renault.2web.at/result?searchterm=true&search=give" "Mozilla/5.0 (Windows NT 10.0; Win64; x64) AppleWebKit/537.36 (KHTML, like Gecko) Chrome/91.0.4472.114 Safari/537.36"
212.95.8.225 - - [24/Jun/2021:10:24:52 +0200] "GET /reload?ser=1624523092272 HTTP/1.1" 200 28 "http://renault.2web.at/result?searchterm=true&search=steinschlag" "Mozilla/5.0 (Windows NT 10.0; Win64; x64) AppleWebKit/537.36 (KHTML, like Gecko) Chrome/91.0.4472.114 Safari/537.36 Edg/91.0.864.54"
138.21.12.29 - - [24/Jun/2021:10:25:27 +0200] "GET /reload?ser=1624523126622 HTTP/1.1" 200 28 "http://renault.2web.at/result?searchterm=true&search=give" "Mozilla/5.0 (Windows NT 10.0; Win64; x64) AppleWebKit/537.36 (KHTML, like Gecko) Chrome/91.0.4472.114 Safari/537.36"
212.95.8.225 - - [24/Jun/2021:10:25:53 +0200] "GET /reload?ser=1624523153271 HTTP/1.1" 200 28 "http://renault.2web.at/result?searchterm=true&search=steinschlag" "Mozilla/5.0 (Windows NT 10.0; Win64; x64) AppleWebKit/537.36 (KHTML, like Gecko) Chrome/91.0.4472.114 Safari/537.36 Edg/91.0.864.54"
138.21.12.29 - - [24/Jun/2021:10:26:28 +0200] "GET /reload?ser=1624523188625 HTTP/1.1" 200 28 "http://renault.2web.at/result?searchterm=true&search=give" "Mozilla/5.0 (Windows NT 10.0; Win64; x64) AppleWebKit/537.36 (KHTML, like Gecko) Chrome/91.0.4472.114 Safari/537.36"
212.95.8.225 - - [24/Jun/2021:10:26:55 +0200] "GET /reload?ser=1624523215271 HTTP/1.1" 200 28 "http://renault.2web.at/result?searchterm=true&search=steinschlag" "Mozilla/5.0 (Windows NT 10.0; Win64; x64) AppleWebKit/537.36 (KHTML, like Gecko) Chrome/91.0.4472.114 Safari/537.36 Edg/91.0.864.54"
91.112.95.54 - - [24/Jun/2021:10:27:02 +0200] "GET /10201634 HTTP/1.1" 302 150 "-" "Mozilla/5.0 (Windows NT 10.0; WOW64; Trident/7.0; rv:11.0) like Gecko"
91.112.95.54 - - [24/Jun/2021:10:27:05 +0200] "GET /login?required=true HTTP/1.1" 200 2085 "-" "Mozilla/5.0 (Windows NT 10.0; WOW64; Trident/7.0; rv:11.0) like Gecko"
91.112.95.54 - - [24/Jun/2021:10:27:06 +0200] "GET /css/styles.css HTTP/1.1" 200 14664 "http://renault.activities.at/login?required=true" "Mozilla/5.0 (Windows NT 10.0; WOW64; Trident/7.0; rv:11.0) like Gecko"
91.112.95.54 - - [24/Jun/2021:10:27:06 +0200] "GET /js/default.js HTTP/1.1" 200 14698 "http://renault.activities.at/login?required=true" "Mozilla/5.0 (Windows NT 10.0; WOW64; Trident/7.0; rv:11.0) like Gecko"
91.112.95.54 - - [24/Jun/2021:10:27:06 +0200] "GET /css/clears.css HTTP/1.1" 200 851 "http://renault.activities.at/login?required=true" "Mozilla/5.0 (Windows NT 10.0; WOW64; Trident/7.0; rv:11.0) like Gecko"
91.112.95.54 - - [24/Jun/2021:10:27:06 +0200] "GET /css/reset.css HTTP/1.1" 200 1356 "http://renault.activities.at/login?required=true" "Mozilla/5.0 (Windows NT 10.0; WOW64; Trident/7.0; rv:11.0) like Gecko"
91.112.95.54 - - [24/Jun/2021:10:27:06 +0200] "GET /js/index.php?c=auto&f=,prototype/prototype.js,prototype/validation.js,scriptaculous/builder.js,scriptaculous/effects.js,scriptaculous/dragdrop.js,scriptaculous/controls.js,scriptaculous/slider.js,varien/js.js,varien/form.js,varien/menu.js,mage/translate.js,mage/cookies.js,varien/product.js,spinner/SpinnerControl.jsmin.js,prototype/window.js,prototype/window_ext.js HTTP/1.1" 200 94182 "http://renault.activities.at/login?required=true" "Mozilla/5.0 (Windows NT 10.0; WOW64; Trident/7.0; rv:11.0) like Gecko"
91.112.95.54 - - [24/Jun/2021:10:27:06 +0200] "GET /css/themes/default.css HTTP/1.1" 200 769 "http://renault.activities.at/login?required=true" "Mozilla/5.0 (Windows NT 10.0; WOW64; Trident/7.0; rv:11.0) like Gecko"
91.112.95.54 - - [24/Jun/2021:10:27:06 +0200] "GET /js/checkout.css HTTP/1.1" 200 359 "http://renault.activities.at/login?required=true" "Mozilla/5.0 (Windows NT 10.0; WOW64; Trident/7.0; rv:11.0) like Gecko"
91.112.95.54 - - [24/Jun/2021:10:27:06 +0200] "GET /css/print.css HTTP/1.1" 200 543 "http://renault.activities.at/login?required=true" "Mozilla/5.0 (Windows NT 10.0; WOW64; Trident/7.0; rv:11.0) like Gecko"
91.112.95.54 - - [24/Jun/2021:10:27:06 +0200] "GET /css/themes/alphacube.css HTTP/1.1" 200 743 "http://renault.activities.at/login?required=true" "Mozilla/5.0 (Windows NT 10.0; WOW64; Trident/7.0; rv:11.0) like Gecko"
91.112.95.54 - - [24/Jun/2021:10:27:06 +0200] "GET /css/prototip.css HTTP/1.1" 200 968 "http://renault.activities.at/login?required=true" "Mozilla/5.0 (Windows NT 10.0; WOW64; Trident/7.0; rv:11.0) like Gecko"
91.112.95.54 - - [24/Jun/2021:10:27:07 +0200] "GET /images/main_block_corner_left_top.gif HTTP/1.1" 200 159 "http://renault.activities.at/login?required=true" "Mozilla/5.0 (Windows NT 10.0; WOW64; Trident/7.0; rv:11.0) like Gecko"
91.112.95.54 - - [24/Jun/2021:10:27:07 +0200] "GET /images/main_block_border.gif HTTP/1.1" 200 43 "http://renault.activities.at/login?required=true" "Mozilla/5.0 (Windows NT 10.0; WOW64; Trident/7.0; rv:11.0) like Gecko"
91.112.95.54 - - [24/Jun/2021:10:27:07 +0200] "GET /images/main_block_corner_right_top.gif HTTP/1.1" 200 159 "http://renault.activities.at/login?required=true" "Mozilla/5.0 (Windows NT 10.0; WOW64; Trident/7.0; rv:11.0) like Gecko"
91.112.95.54 - - [24/Jun/2021:10:27:07 +0200] "GET /images/main_block_corner_left_bot.gif HTTP/1.1" 200 159 "http://renault.activities.at/login?required=true" "Mozilla/5.0 (Windows NT 10.0; WOW64; Trident/7.0; rv:11.0) like Gecko"
91.112.95.54 - - [24/Jun/2021:10:27:07 +0200] "GET /images/header_block_corner_right_top.gif HTTP/1.1" 200 160 "http://renault.activities.at/login?required=true" "Mozilla/5.0 (Windows NT 10.0; WOW64; Trident/7.0; rv:11.0) like Gecko"
91.112.95.54 - - [24/Jun/2021:10:27:07 +0200] "GET /images/header_block_border.gif HTTP/1.1" 200 43 "http://renault.activities.at/login?required=true" "Mozilla/5.0 (Windows NT 10.0; WOW64; Trident/7.0; rv:11.0) like Gecko"
91.112.95.54 - - [24/Jun/2021:10:27:07 +0200] "GET /images/main_block_corner_right_bot.gif HTTP/1.1" 200 158 "http://renault.activities.at/login?required=true" "Mozilla/5.0 (Windows NT 10.0; WOW64; Trident/7.0; rv:11.0) like Gecko"
91.112.95.54 - - [24/Jun/2021:10:27:07 +0200] "GET /images/header_block_corner_left_top.gif HTTP/1.1" 200 160 "http://renault.activities.at/login?required=true" "Mozilla/5.0 (Windows NT 10.0; WOW64; Trident/7.0; rv:11.0) like Gecko"
91.112.95.54 - - [24/Jun/2021:10:27:07 +0200] "GET /images/title_border.jpg HTTP/1.1" 200 304 "http://renault.activities.at/login?required=true" "Mozilla/5.0 (Windows NT 10.0; WOW64; Trident/7.0; rv:11.0) like Gecko"
91.112.95.54 - - [24/Jun/2021:10:27:07 +0200] "GET /images/title_border_top.jpg HTTP/1.1" 200 336 "http://renault.activities.at/login?required=true" "Mozilla/5.0 (Windows NT 10.0; WOW64; Trident/7.0; rv:11.0) like Gecko"
91.112.95.54 - - [24/Jun/2021:10:27:07 +0200] "GET /images/title_corner_right_top.jpg HTTP/1.1" 200 389 "http://renault.activities.at/login?required=true" "Mozilla/5.0 (Windows NT 10.0; WOW64; Trident/7.0; rv:11.0) like Gecko"
91.112.95.54 - - [24/Jun/2021:10:27:07 +0200] "GET /images/button_left_bg.gif HTTP/1.1" 200 564 "http://renault.activities.at/login?required=true" "Mozilla/5.0 (Windows NT 10.0; WOW64; Trident/7.0; rv:11.0) like Gecko"
91.112.95.54 - - [24/Jun/2021:10:27:07 +0200] "GET /images/title_corner_left_top.jpg HTTP/1.1" 200 372 "http://renault.activities.at/login?required=true" "Mozilla/5.0 (Windows NT 10.0; WOW64; Trident/7.0; rv:11.0) like Gecko"
91.112.95.54 - - [24/Jun/2021:10:27:07 +0200] "GET /images/button_right_bg.gif HTTP/1.1" 200 561 "http://renault.activities.at/login?required=true" "Mozilla/5.0 (Windows NT 10.0; WOW64; Trident/7.0; rv:11.0) like Gecko"
91.112.95.54 - - [24/Jun/2021:10:27:07 +0200] "GET /images/button_bg.gif HTTP/1.1" 200 151 "http://renault.activities.at/login?required=true" "Mozilla/5.0 (Windows NT 10.0; WOW64; Trident/7.0; rv:11.0) like Gecko"
91.112.95.54 - - [24/Jun/2021:10:27:07 +0200] "GET /loadthumbnail.php?id=11127982 HTTP/1.1" 200 399614 "http://renault.activities.at/login?required=true" "Mozilla/5.0 (Windows NT 10.0; WOW64; Trident/7.0; rv:11.0) like Gecko"
91.112.95.54 - - [24/Jun/2021:10:27:08 +0200] "GET /images/favicon.ico HTTP/1.1" 404 305 "-" "Mozilla/5.0 (Windows NT 10.0; Win64; x64; Trident/7.0; rv:11.0) like Gecko"
91.112.95.54 - - [24/Jun/2021:10:27:25 +0200] "POST /login HTTP/1.1" 302 156 "http://renault.activities.at/login?required=true" "Mozilla/5.0 (Windows NT 10.0; WOW64; Trident/7.0; rv:11.0) like Gecko"
138.21.12.29 - - [24/Jun/2021:10:27:31 +0200] "GET /reload?ser=1624523250632 HTTP/1.1" 200 28 "http://renault.2web.at/result?searchterm=true&search=give" "Mozilla/5.0 (Windows NT 10.0; Win64; x64) AppleWebKit/537.36 (KHTML, like Gecko) Chrome/91.0.4472.114 Safari/537.36"
91.112.95.54 - - [24/Jun/2021:10:27:27 +0200] "GET /10201634?loadrequest=true HTTP/1.1" 200 8837 "http://renault.activities.at/login?required=true" "Mozilla/5.0 (Windows NT 10.0; WOW64; Trident/7.0; rv:11.0) like Gecko"
91.112.95.54 - - [24/Jun/2021:10:27:32 +0200] "GET /js/default.js HTTP/1.1" 304 - "http://renault.activities.at/10201634?loadrequest=true" "Mozilla/5.0 (Windows NT 10.0; WOW64; Trident/7.0; rv:11.0) like Gecko"
91.112.95.54 - - [24/Jun/2021:10:27:32 +0200] "GET /css/reset.css HTTP/1.1" 304 - "http://renault.activities.at/10201634?loadrequest=true" "Mozilla/5.0 (Windows NT 10.0; WOW64; Trident/7.0; rv:11.0) like Gecko"
91.112.95.54 - - [24/Jun/2021:10:27:32 +0200] "GET /css/styles.css HTTP/1.1" 304 - "http://renault.activities.at/10201634?loadrequest=true" "Mozilla/5.0 (Windows NT 10.0; WOW64; Trident/7.0; rv:11.0) like Gecko"
91.112.95.54 - - [24/Jun/2021:10:27:32 +0200] "GET /css/clears.css HTTP/1.1" 304 - "http://renault.activities.at/10201634?loadrequest=true" "Mozilla/5.0 (Windows NT 10.0; WOW64; Trident/7.0; rv:11.0) like Gecko"
91.112.95.54 - - [24/Jun/2021:10:27:32 +0200] "GET /css/print.css HTTP/1.1" 304 - "http://renault.activities.at/10201634?loadrequest=true" "Mozilla/5.0 (Windows NT 10.0; WOW64; Trident/7.0; rv:11.0) like Gecko"
91.112.95.54 - - [24/Jun/2021:10:27:32 +0200] "GET /js/checkout.css HTTP/1.1" 304 - "http://renault.activities.at/10201634?loadrequest=true" "Mozilla/5.0 (Windows NT 10.0; WOW64; Trident/7.0; rv:11.0) like Gecko"
91.112.95.54 - - [24/Jun/2021:10:27:32 +0200] "GET /css/themes/default.css HTTP/1.1" 304 - "http://renault.activities.at/10201634?loadrequest=true" "Mozilla/5.0 (Windows NT 10.0; WOW64; Trident/7.0; rv:11.0) like Gecko"
91.112.95.54 - - [24/Jun/2021:10:27:32 +0200] "GET /css/prototip.css HTTP/1.1" 304 - "http://renault.activities.at/10201634?loadrequest=true" "Mozilla/5.0 (Windows NT 10.0; WOW64; Trident/7.0; rv:11.0) like Gecko"
91.112.95.54 - - [24/Jun/2021:10:27:32 +0200] "GET /css/themes/alphacube.css HTTP/1.1" 304 - "http://renault.activities.at/10201634?loadrequest=true" "Mozilla/5.0 (Windows NT 10.0; WOW64; Trident/7.0; rv:11.0) like Gecko"
91.112.95.54 - - [24/Jun/2021:10:27:32 +0200] "GET /js/prototip.js HTTP/1.1" 200 4588 "http://renault.activities.at/10201634?loadrequest=true" "Mozilla/5.0 (Windows NT 10.0; WOW64; Trident/7.0; rv:11.0) like Gecko"
91.112.95.54 - - [24/Jun/2021:10:27:32 +0200] "GET /js/ProduktGrp.js HTTP/1.1" 200 1569 "http://renault.activities.at/10201634?loadrequest=true" "Mozilla/5.0 (Windows NT 10.0; WOW64; Trident/7.0; rv:11.0) like Gecko"
91.112.95.54 - - [24/Jun/2021:10:27:32 +0200] "GET /images/header_block_corner_left_top.gif HTTP/1.1" 304 - "http://renault.activities.at/10201634?loadrequest=true" "Mozilla/5.0 (Windows NT 10.0; WOW64; Trident/7.0; rv:11.0) like Gecko"
91.112.95.54 - - [24/Jun/2021:10:27:32 +0200] "GET /images/loading.gif HTTP/1.1" 200 3208 "http://renault.activities.at/10201634?loadrequest=true" "Mozilla/5.0 (Windows NT 10.0; WOW64; Trident/7.0; rv:11.0) like Gecko"
91.112.95.54 - - [24/Jun/2021:10:27:32 +0200] "GET /images/header_block_corner_right_top.gif HTTP/1.1" 304 - "http://renault.activities.at/10201634?loadrequest=true" "Mozilla/5.0 (Windows NT 10.0; WOW64; Trident/7.0; rv:11.0) like Gecko"
91.112.95.54 - - [24/Jun/2021:10:27:32 +0200] "GET /loadthumbnail.php?id=10203276 HTTP/1.1" 200 75 "http://renault.activities.at/10201634?loadrequest=true" "Mozilla/5.0 (Windows NT 10.0; WOW64; Trident/7.0; rv:11.0) like Gecko"
91.112.95.54 - - [24/Jun/2021:10:27:32 +0200] "GET /loadthumbnail.php?id=10203255 HTTP/1.1" 200 137 "http://renault.activities.at/10201634?loadrequest=true" "Mozilla/5.0 (Windows NT 10.0; WOW64; Trident/7.0; rv:11.0) like Gecko"
91.112.95.54 - - [24/Jun/2021:10:27:32 +0200] "GET /images/main_block_corner_left_top.gif HTTP/1.1" 304 - "http://renault.activities.at/10201634?loadrequest=true" "Mozilla/5.0 (Windows NT 10.0; WOW64; Trident/7.0; rv:11.0) like Gecko"
91.112.95.54 - - [24/Jun/2021:10:27:32 +0200] "GET /images/search_bg.gif HTTP/1.1" 200 1726 "http://renault.activities.at/10201634?loadrequest=true" "Mozilla/5.0 (Windows NT 10.0; WOW64; Trident/7.0; rv:11.0) like Gecko"
91.112.95.54 - - [24/Jun/2021:10:27:32 +0200] "GET /images/main_block_border.gif HTTP/1.1" 304 - "http://renault.activities.at/10201634?loadrequest=true" "Mozilla/5.0 (Windows NT 10.0; WOW64; Trident/7.0; rv:11.0) like Gecko"
91.112.95.54 - - [24/Jun/2021:10:27:32 +0200] "GET /images/header_block_border.gif HTTP/1.1" 304 - "http://renault.activities.at/10201634?loadrequest=true" "Mozilla/5.0 (Windows NT 10.0; WOW64; Trident/7.0; rv:11.0) like Gecko"
91.112.95.54 - - [24/Jun/2021:10:27:32 +0200] "GET /loadthumbnail.php?id=12243600&width=50&height=50 HTTP/1.1" 200 1393 "http://renault.activities.at/10201634?loadrequest=true" "Mozilla/5.0 (Windows NT 10.0; WOW64; Trident/7.0; rv:11.0) like Gecko"
91.112.95.54 - - [24/Jun/2021:10:27:32 +0200] "GET /loadthumbnail.php?id=12243596&width=50&height=50 HTTP/1.1" 200 1200 "http://renault.activities.at/10201634?loadrequest=true" "Mozilla/5.0 (Windows NT 10.0; WOW64; Trident/7.0; rv:11.0) like Gecko"
91.112.95.54 - - [24/Jun/2021:10:27:32 +0200] "GET /images/main_block_corner_right_top.gif HTTP/1.1" 304 - "http://renault.activities.at/10201634?loadrequest=true" "Mozilla/5.0 (Windows NT 10.0; WOW64; Trident/7.0; rv:11.0) like Gecko"
91.112.95.54 - - [24/Jun/2021:10:27:32 +0200] "GET /images/main_block_corner_right_bot.gif HTTP/1.1" 304 - "http://renault.activities.at/10201634?loadrequest=true" "Mozilla/5.0 (Windows NT 10.0; WOW64; Trident/7.0; rv:11.0) like Gecko"
91.112.95.54 - - [24/Jun/2021:10:27:32 +0200] "GET /images/main_block_corner_left_bot.gif HTTP/1.1" 304 - "http://renault.activities.at/10201634?loadrequest=true" "Mozilla/5.0 (Windows NT 10.0; WOW64; Trident/7.0; rv:11.0) like Gecko"
91.112.95.54 - - [24/Jun/2021:10:27:32 +0200] "GET /images/button_right_bg.gif HTTP/1.1" 304 - "http://renault.activities.at/10201634?loadrequest=true" "Mozilla/5.0 (Windows NT 10.0; WOW64; Trident/7.0; rv:11.0) like Gecko"
91.112.95.54 - - [24/Jun/2021:10:27:32 +0200] "GET /images/button_bg.gif HTTP/1.1" 304 - "http://renault.activities.at/10201634?loadrequest=true" "Mozilla/5.0 (Windows NT 10.0; WOW64; Trident/7.0; rv:11.0) like Gecko"
91.112.95.54 - - [24/Jun/2021:10:27:32 +0200] "GET /images/sub_title_bg.jpg HTTP/1.1" 200 314 "http://renault.activities.at/10201634?loadrequest=true" "Mozilla/5.0 (Windows NT 10.0; WOW64; Trident/7.0; rv:11.0) like Gecko"
91.112.95.54 - - [24/Jun/2021:10:27:32 +0200] "GET /images/sidebar_title_corner_right_top.gif HTTP/1.1" 200 383 "http://renault.activities.at/10201634?loadrequest=true" "Mozilla/5.0 (Windows NT 10.0; WOW64; Trident/7.0; rv:11.0) like Gecko"
91.112.95.54 - - [24/Jun/2021:10:27:32 +0200] "GET /images/sidebar_title_border.gif HTTP/1.1" 200 43 "http://renault.activities.at/10201634?loadrequest=true" "Mozilla/5.0 (Windows NT 10.0; WOW64; Trident/7.0; rv:11.0) like Gecko"
91.112.95.54 - - [24/Jun/2021:10:27:32 +0200] "GET /images/sidebar_title_border_top.gif HTTP/1.1" 200 155 "http://renault.activities.at/10201634?loadrequest=true" "Mozilla/5.0 (Windows NT 10.0; WOW64; Trident/7.0; rv:11.0) like Gecko"
91.112.95.54 - - [24/Jun/2021:10:27:32 +0200] "GET /images/menu_divider.gif HTTP/1.1" 200 176 "http://renault.activities.at/10201634?loadrequest=true" "Mozilla/5.0 (Windows NT 10.0; WOW64; Trident/7.0; rv:11.0) like Gecko"
91.112.95.54 - - [24/Jun/2021:10:27:32 +0200] "GET /images/button_left_bg.gif HTTP/1.1" 304 - "http://renault.activities.at/10201634?loadrequest=true" "Mozilla/5.0 (Windows NT 10.0; WOW64; Trident/7.0; rv:11.0) like Gecko"
91.112.95.54 - - [24/Jun/2021:10:27:32 +0200] "GET /images/top_links_divider.gif HTTP/1.1" 200 44 "http://renault.activities.at/10201634?loadrequest=true" "Mozilla/5.0 (Windows NT 10.0; WOW64; Trident/7.0; rv:11.0) like Gecko"
91.112.95.54 - - [24/Jun/2021:10:27:32 +0200] "GET /images/sidebar_title_corner_left_top.gif HTTP/1.1" 200 1124 "http://renault.activities.at/10201634?loadrequest=true" "Mozilla/5.0 (Windows NT 10.0; WOW64; Trident/7.0; rv:11.0) like Gecko"
91.112.95.54 - - [24/Jun/2021:10:27:32 +0200] "GET /images/title_border.jpg HTTP/1.1" 304 - "http://renault.activities.at/10201634?loadrequest=true" "Mozilla/5.0 (Windows NT 10.0; WOW64; Trident/7.0; rv:11.0) like Gecko"
91.112.95.54 - - [24/Jun/2021:10:27:33 +0200] "GET /images/menu_button_bg.jpg HTTP/1.1" 200 322 "http://renault.activities.at/10201634?loadrequest=true" "Mozilla/5.0 (Windows NT 10.0; WOW64; Trident/7.0; rv:11.0) like Gecko"
91.112.95.54 - - [24/Jun/2021:10:27:33 +0200] "GET /images/vista-up.gif HTTP/1.1" 200 131 "http://renault.activities.at/10201634?loadrequest=true" "Mozilla/5.0 (Windows NT 10.0; WOW64; Trident/7.0; rv:11.0) like Gecko"
91.112.95.54 - - [24/Jun/2021:10:27:33 +0200] "GET /images/title_corner_right_top.jpg HTTP/1.1" 304 - "http://renault.activities.at/10201634?loadrequest=true" "Mozilla/5.0 (Windows NT 10.0; WOW64; Trident/7.0; rv:11.0) like Gecko"
91.112.95.54 - - [24/Jun/2021:10:27:33 +0200] "GET /images/title_border_top.jpg HTTP/1.1" 304 - "http://renault.activities.at/10201634?loadrequest=true" "Mozilla/5.0 (Windows NT 10.0; WOW64; Trident/7.0; rv:11.0) like Gecko"
