212.95.8.225 - - [24/Jun/2021:11:01:04 +0200] "GET /reload?ser=1624525264292 HTTP/1.1" 200 28 "http://renault.2web.at/result?searchterm=true&search=steinschlag" "Mozilla/5.0 (Windows NT 10.0; Win64; x64) AppleWebKit/537.36 (KHTML, like Gecko) Chrome/91.0.4472.114 Safari/537.36 Edg/91.0.864.54"
157.97.71.85 - - [24/Jun/2021:11:01:05 +0200] "GET /reload?ser=1624525265541 HTTP/1.1" 200 28 "http://renault.activities.at/cart" "Mozilla/5.0 (Windows NT 10.0; Win64; x64) AppleWebKit/537.36 (KHTML, like Gecko) Chrome/91.0.4472.114 Safari/537.36"
138.21.12.29 - - [24/Jun/2021:11:01:37 +0200] "GET /reload?ser=1624525296655 HTTP/1.1" 200 28 "http://renault.2web.at/result?searchterm=true&search=give" "Mozilla/5.0 (Windows NT 10.0; Win64; x64) AppleWebKit/537.36 (KHTML, like Gecko) Chrome/91.0.4472.114 Safari/537.36"
212.95.8.225 - - [24/Jun/2021:11:02:06 +0200] "GET /reload?ser=1624525326288 HTTP/1.1" 200 28 "http://renault.2web.at/result?searchterm=true&search=steinschlag" "Mozilla/5.0 (Windows NT 10.0; Win64; x64) AppleWebKit/537.36 (KHTML, like Gecko) Chrome/91.0.4472.114 Safari/537.36 Edg/91.0.864.54"
157.97.71.85 - - [24/Jun/2021:11:02:06 +0200] "GET /reload?ser=1624525326539 HTTP/1.1" 200 28 "http://renault.activities.at/cart" "Mozilla/5.0 (Windows NT 10.0; Win64; x64) AppleWebKit/537.36 (KHTML, like Gecko) Chrome/91.0.4472.114 Safari/537.36"
138.21.12.29 - - [24/Jun/2021:11:02:39 +0200] "GET /reload?ser=1624525358656 HTTP/1.1" 200 28 "http://renault.2web.at/result?searchterm=true&search=give" "Mozilla/5.0 (Windows NT 10.0; Win64; x64) AppleWebKit/537.36 (KHTML, like Gecko) Chrome/91.0.4472.114 Safari/537.36"
212.95.8.225 - - [24/Jun/2021:11:03:08 +0200] "GET /reload?ser=1624525388279 HTTP/1.1" 200 28 "http://renault.2web.at/result?searchterm=true&search=steinschlag" "Mozilla/5.0 (Windows NT 10.0; Win64; x64) AppleWebKit/537.36 (KHTML, like Gecko) Chrome/91.0.4472.114 Safari/537.36 Edg/91.0.864.54"
157.97.71.85 - - [24/Jun/2021:11:03:08 +0200] "GET /reload?ser=1624525388532 HTTP/1.1" 200 28 "http://renault.activities.at/cart" "Mozilla/5.0 (Windows NT 10.0; Win64; x64) AppleWebKit/537.36 (KHTML, like Gecko) Chrome/91.0.4472.114 Safari/537.36"
138.21.12.29 - - [24/Jun/2021:11:03:41 +0200] "GET /reload?ser=1624525420656 HTTP/1.1" 200 28 "http://renault.2web.at/result?searchterm=true&search=give" "Mozilla/5.0 (Windows NT 10.0; Win64; x64) AppleWebKit/537.36 (KHTML, like Gecko) Chrome/91.0.4472.114 Safari/537.36"
157.97.71.85 - - [24/Jun/2021:11:04:09 +0200] "GET /reload?ser=1624525449537 HTTP/1.1" 200 28 "http://renault.activities.at/cart" "Mozilla/5.0 (Windows NT 10.0; Win64; x64) AppleWebKit/537.36 (KHTML, like Gecko) Chrome/91.0.4472.114 Safari/537.36"
212.95.8.225 - - [24/Jun/2021:11:04:10 +0200] "GET /reload?ser=1624525450271 HTTP/1.1" 200 28 "http://renault.2web.at/result?searchterm=true&search=steinschlag" "Mozilla/5.0 (Windows NT 10.0; Win64; x64) AppleWebKit/537.36 (KHTML, like Gecko) Chrome/91.0.4472.114 Safari/537.36 Edg/91.0.864.54"
138.21.12.29 - - [24/Jun/2021:11:04:43 +0200] "GET /reload?ser=1624525482655 HTTP/1.1" 200 28 "http://renault.2web.at/result?searchterm=true&search=give" "Mozilla/5.0 (Windows NT 10.0; Win64; x64) AppleWebKit/537.36 (KHTML, like Gecko) Chrome/91.0.4472.114 Safari/537.36"
157.97.71.85 - - [24/Jun/2021:11:05:10 +0200] "GET /reload?ser=1624525510537 HTTP/1.1" 200 28 "http://renault.activities.at/cart" "Mozilla/5.0 (Windows NT 10.0; Win64; x64) AppleWebKit/537.36 (KHTML, like Gecko) Chrome/91.0.4472.114 Safari/537.36"
212.95.8.225 - - [24/Jun/2021:11:05:12 +0200] "GET /reload?ser=1624525512271 HTTP/1.1" 200 28 "http://renault.2web.at/result?searchterm=true&search=steinschlag" "Mozilla/5.0 (Windows NT 10.0; Win64; x64) AppleWebKit/537.36 (KHTML, like Gecko) Chrome/91.0.4472.114 Safari/537.36 Edg/91.0.864.54"
138.21.12.29 - - [24/Jun/2021:11:05:45 +0200] "GET /reload?ser=1624525544656 HTTP/1.1" 200 28 "http://renault.2web.at/result?searchterm=true&search=give" "Mozilla/5.0 (Windows NT 10.0; Win64; x64) AppleWebKit/537.36 (KHTML, like Gecko) Chrome/91.0.4472.114 Safari/537.36"
157.97.71.85 - - [24/Jun/2021:11:06:12 +0200] "GET /reload?ser=1624525572544 HTTP/1.1" 200 28 "http://renault.activities.at/cart" "Mozilla/5.0 (Windows NT 10.0; Win64; x64) AppleWebKit/537.36 (KHTML, like Gecko) Chrome/91.0.4472.114 Safari/537.36"
212.95.8.225 - - [24/Jun/2021:11:06:14 +0200] "GET /reload?ser=1624525574272 HTTP/1.1" 200 28 "http://renault.2web.at/result?searchterm=true&search=steinschlag" "Mozilla/5.0 (Windows NT 10.0; Win64; x64) AppleWebKit/537.36 (KHTML, like Gecko) Chrome/91.0.4472.114 Safari/537.36 Edg/91.0.864.54"
138.21.12.29 - - [24/Jun/2021:11:06:47 +0200] "GET /reload?ser=1624525606656 HTTP/1.1" 200 28 "http://renault.2web.at/result?searchterm=true&search=give" "Mozilla/5.0 (Windows NT 10.0; Win64; x64) AppleWebKit/537.36 (KHTML, like Gecko) Chrome/91.0.4472.114 Safari/537.36"
157.97.71.85 - - [24/Jun/2021:11:07:13 +0200] "GET /reload?ser=1624525633529 HTTP/1.1" 200 28 "http://renault.activities.at/cart" "Mozilla/5.0 (Windows NT 10.0; Win64; x64) AppleWebKit/537.36 (KHTML, like Gecko) Chrome/91.0.4472.114 Safari/537.36"
212.95.8.225 - - [24/Jun/2021:11:07:16 +0200] "GET /reload?ser=1624525636271 HTTP/1.1" 200 28 "http://renault.2web.at/result?searchterm=true&search=steinschlag" "Mozilla/5.0 (Windows NT 10.0; Win64; x64) AppleWebKit/537.36 (KHTML, like Gecko) Chrome/91.0.4472.114 Safari/537.36 Edg/91.0.864.54"
138.21.12.29 - - [24/Jun/2021:11:07:49 +0200] "GET /reload?ser=1624525668657 HTTP/1.1" 200 28 "http://renault.2web.at/result?searchterm=true&search=give" "Mozilla/5.0 (Windows NT 10.0; Win64; x64) AppleWebKit/537.36 (KHTML, like Gecko) Chrome/91.0.4472.114 Safari/537.36"
157.97.71.85 - - [24/Jun/2021:11:08:14 +0200] "GET /reload?ser=1624525694536 HTTP/1.1" 200 28 "http://renault.activities.at/cart" "Mozilla/5.0 (Windows NT 10.0; Win64; x64) AppleWebKit/537.36 (KHTML, like Gecko) Chrome/91.0.4472.114 Safari/537.36"
212.95.8.225 - - [24/Jun/2021:11:08:18 +0200] "GET /reload?ser=1624525698272 HTTP/1.1" 200 28 "http://renault.2web.at/result?searchterm=true&search=steinschlag" "Mozilla/5.0 (Windows NT 10.0; Win64; x64) AppleWebKit/537.36 (KHTML, like Gecko) Chrome/91.0.4472.114 Safari/537.36 Edg/91.0.864.54"
138.21.12.29 - - [24/Jun/2021:11:08:51 +0200] "GET /reload?ser=1624525730657 HTTP/1.1" 200 28 "http://renault.2web.at/result?searchterm=true&search=give" "Mozilla/5.0 (Windows NT 10.0; Win64; x64) AppleWebKit/537.36 (KHTML, like Gecko) Chrome/91.0.4472.114 Safari/537.36"
157.97.71.85 - - [24/Jun/2021:11:09:15 +0200] "GET /reload?ser=1624525755537 HTTP/1.1" 200 28 "http://renault.activities.at/cart" "Mozilla/5.0 (Windows NT 10.0; Win64; x64) AppleWebKit/537.36 (KHTML, like Gecko) Chrome/91.0.4472.114 Safari/537.36"
212.95.8.225 - - [24/Jun/2021:11:09:20 +0200] "GET /reload?ser=1624525760286 HTTP/1.1" 200 28 "http://renault.2web.at/result?searchterm=true&search=steinschlag" "Mozilla/5.0 (Windows NT 10.0; Win64; x64) AppleWebKit/537.36 (KHTML, like Gecko) Chrome/91.0.4472.114 Safari/537.36 Edg/91.0.864.54"
138.21.12.29 - - [24/Jun/2021:11:09:53 +0200] "GET /reload?ser=1624525792657 HTTP/1.1" 200 28 "http://renault.2web.at/result?searchterm=true&search=give" "Mozilla/5.0 (Windows NT 10.0; Win64; x64) AppleWebKit/537.36 (KHTML, like Gecko) Chrome/91.0.4472.114 Safari/537.36"
157.97.71.85 - - [24/Jun/2021:11:10:16 +0200] "GET /reload?ser=1624525816542 HTTP/1.1" 200 28 "http://renault.activities.at/cart" "Mozilla/5.0 (Windows NT 10.0; Win64; x64) AppleWebKit/537.36 (KHTML, like Gecko) Chrome/91.0.4472.114 Safari/537.36"
212.95.8.225 - - [24/Jun/2021:11:10:23 +0200] "GET /reload?ser=1624525822271 HTTP/1.1" 200 28 "http://renault.2web.at/result?searchterm=true&search=steinschlag" "Mozilla/5.0 (Windows NT 10.0; Win64; x64) AppleWebKit/537.36 (KHTML, like Gecko) Chrome/91.0.4472.114 Safari/537.36 Edg/91.0.864.54"
138.21.12.29 - - [24/Jun/2021:11:10:55 +0200] "GET /reload?ser=1624525854657 HTTP/1.1" 200 28 "http://renault.2web.at/result?searchterm=true&search=give" "Mozilla/5.0 (Windows NT 10.0; Win64; x64) AppleWebKit/537.36 (KHTML, like Gecko) Chrome/91.0.4472.114 Safari/537.36"
157.97.71.85 - - [24/Jun/2021:11:11:17 +0200] "GET /reload?ser=1624525877530 HTTP/1.1" 200 28 "http://renault.activities.at/cart" "Mozilla/5.0 (Windows NT 10.0; Win64; x64) AppleWebKit/537.36 (KHTML, like Gecko) Chrome/91.0.4472.114 Safari/537.36"
212.95.8.225 - - [24/Jun/2021:11:11:24 +0200] "GET /reload?ser=1624525884277 HTTP/1.1" 200 28 "http://renault.2web.at/result?searchterm=true&search=steinschlag" "Mozilla/5.0 (Windows NT 10.0; Win64; x64) AppleWebKit/537.36 (KHTML, like Gecko) Chrome/91.0.4472.114 Safari/537.36 Edg/91.0.864.54"
138.21.12.29 - - [24/Jun/2021:11:11:57 +0200] "GET /reload?ser=1624525916662 HTTP/1.1" 200 28 "http://renault.2web.at/result?searchterm=true&search=give" "Mozilla/5.0 (Windows NT 10.0; Win64; x64) AppleWebKit/537.36 (KHTML, like Gecko) Chrome/91.0.4472.114 Safari/537.36"
157.97.71.85 - - [24/Jun/2021:11:12:18 +0200] "GET /reload?ser=1624525938535 HTTP/1.1" 200 28 "http://renault.activities.at/cart" "Mozilla/5.0 (Windows NT 10.0; Win64; x64) AppleWebKit/537.36 (KHTML, like Gecko) Chrome/91.0.4472.114 Safari/537.36"
212.95.8.225 - - [24/Jun/2021:11:12:26 +0200] "GET /reload?ser=1624525946278 HTTP/1.1" 200 28 "http://renault.2web.at/result?searchterm=true&search=steinschlag" "Mozilla/5.0 (Windows NT 10.0; Win64; x64) AppleWebKit/537.36 (KHTML, like Gecko) Chrome/91.0.4472.114 Safari/537.36 Edg/91.0.864.54"
138.21.12.29 - - [24/Jun/2021:11:12:59 +0200] "GET /reload?ser=1624525978658 HTTP/1.1" 200 28 "http://renault.2web.at/result?searchterm=true&search=give" "Mozilla/5.0 (Windows NT 10.0; Win64; x64) AppleWebKit/537.36 (KHTML, like Gecko) Chrome/91.0.4472.114 Safari/537.36"
157.97.71.85 - - [24/Jun/2021:11:13:19 +0200] "GET /reload?ser=1624525999531 HTTP/1.1" 200 28 "http://renault.activities.at/cart" "Mozilla/5.0 (Windows NT 10.0; Win64; x64) AppleWebKit/537.36 (KHTML, like Gecko) Chrome/91.0.4472.114 Safari/537.36"
212.95.8.225 - - [24/Jun/2021:11:13:28 +0200] "GET /reload?ser=1624526008286 HTTP/1.1" 200 28 "http://renault.2web.at/result?searchterm=true&search=steinschlag" "Mozilla/5.0 (Windows NT 10.0; Win64; x64) AppleWebKit/537.36 (KHTML, like Gecko) Chrome/91.0.4472.114 Safari/537.36 Edg/91.0.864.54"
138.21.12.29 - - [24/Jun/2021:11:14:01 +0200] "GET /reload?ser=1624526040658 HTTP/1.1" 200 28 "http://renault.2web.at/result?searchterm=true&search=give" "Mozilla/5.0 (Windows NT 10.0; Win64; x64) AppleWebKit/537.36 (KHTML, like Gecko) Chrome/91.0.4472.114 Safari/537.36"
157.97.71.85 - - [24/Jun/2021:11:14:20 +0200] "GET /reload?ser=1624526060542 HTTP/1.1" 200 28 "http://renault.activities.at/cart" "Mozilla/5.0 (Windows NT 10.0; Win64; x64) AppleWebKit/537.36 (KHTML, like Gecko) Chrome/91.0.4472.114 Safari/537.36"
212.95.8.225 - - [24/Jun/2021:11:14:30 +0200] "GET /reload?ser=1624526070272 HTTP/1.1" 200 28 "http://renault.2web.at/result?searchterm=true&search=steinschlag" "Mozilla/5.0 (Windows NT 10.0; Win64; x64) AppleWebKit/537.36 (KHTML, like Gecko) Chrome/91.0.4472.114 Safari/537.36 Edg/91.0.864.54"
138.21.12.29 - - [24/Jun/2021:11:15:03 +0200] "GET /reload?ser=1624526102658 HTTP/1.1" 200 28 "http://renault.2web.at/result?searchterm=true&search=give" "Mozilla/5.0 (Windows NT 10.0; Win64; x64) AppleWebKit/537.36 (KHTML, like Gecko) Chrome/91.0.4472.114 Safari/537.36"
157.97.71.85 - - [24/Jun/2021:11:15:21 +0200] "GET /reload?ser=1624526121533 HTTP/1.1" 200 28 "http://renault.activities.at/cart" "Mozilla/5.0 (Windows NT 10.0; Win64; x64) AppleWebKit/537.36 (KHTML, like Gecko) Chrome/91.0.4472.114 Safari/537.36"
212.95.8.225 - - [24/Jun/2021:11:15:32 +0200] "GET /reload?ser=1624526132284 HTTP/1.1" 200 28 "http://renault.2web.at/result?searchterm=true&search=steinschlag" "Mozilla/5.0 (Windows NT 10.0; Win64; x64) AppleWebKit/537.36 (KHTML, like Gecko) Chrome/91.0.4472.114 Safari/537.36 Edg/91.0.864.54"
138.21.12.29 - - [24/Jun/2021:11:16:05 +0200] "GET /reload?ser=1624526164658 HTTP/1.1" 200 28 "http://renault.2web.at/result?searchterm=true&search=give" "Mozilla/5.0 (Windows NT 10.0; Win64; x64) AppleWebKit/537.36 (KHTML, like Gecko) Chrome/91.0.4472.114 Safari/537.36"
157.97.71.85 - - [24/Jun/2021:11:16:22 +0200] "GET /reload?ser=1624526182544 HTTP/1.1" 200 28 "http://renault.activities.at/cart" "Mozilla/5.0 (Windows NT 10.0; Win64; x64) AppleWebKit/537.36 (KHTML, like Gecko) Chrome/91.0.4472.114 Safari/537.36"
212.95.8.225 - - [24/Jun/2021:11:16:34 +0200] "GET /reload?ser=1624526194271 HTTP/1.1" 200 28 "http://renault.2web.at/result?searchterm=true&search=steinschlag" "Mozilla/5.0 (Windows NT 10.0; Win64; x64) AppleWebKit/537.36 (KHTML, like Gecko) Chrome/91.0.4472.114 Safari/537.36 Edg/91.0.864.54"
138.21.12.29 - - [24/Jun/2021:11:17:07 +0200] "GET /reload?ser=1624526226659 HTTP/1.1" 200 28 "http://renault.2web.at/result?searchterm=true&search=give" "Mozilla/5.0 (Windows NT 10.0; Win64; x64) AppleWebKit/537.36 (KHTML, like Gecko) Chrome/91.0.4472.114 Safari/537.36"
157.97.71.85 - - [24/Jun/2021:11:17:23 +0200] "GET /reload?ser=1624526243540 HTTP/1.1" 200 28 "http://renault.activities.at/cart" "Mozilla/5.0 (Windows NT 10.0; Win64; x64) AppleWebKit/537.36 (KHTML, like Gecko) Chrome/91.0.4472.114 Safari/537.36"
212.95.8.225 - - [24/Jun/2021:11:17:35 +0200] "GET /reload?ser=1624526255272 HTTP/1.1" 200 28 "http://renault.2web.at/result?searchterm=true&search=steinschlag" "Mozilla/5.0 (Windows NT 10.0; Win64; x64) AppleWebKit/537.36 (KHTML, like Gecko) Chrome/91.0.4472.114 Safari/537.36 Edg/91.0.864.54"
138.21.12.29 - - [24/Jun/2021:11:18:09 +0200] "GET /reload?ser=1624526288659 HTTP/1.1" 200 28 "http://renault.2web.at/result?searchterm=true&search=give" "Mozilla/5.0 (Windows NT 10.0; Win64; x64) AppleWebKit/537.36 (KHTML, like Gecko) Chrome/91.0.4472.114 Safari/537.36"
157.97.71.85 - - [24/Jun/2021:11:18:24 +0200] "GET /reload?ser=1624526304529 HTTP/1.1" 200 28 "http://renault.activities.at/cart" "Mozilla/5.0 (Windows NT 10.0; Win64; x64) AppleWebKit/537.36 (KHTML, like Gecko) Chrome/91.0.4472.114 Safari/537.36"
212.95.8.225 - - [24/Jun/2021:11:18:37 +0200] "GET /reload?ser=1624526317275 HTTP/1.1" 200 28 "http://renault.2web.at/result?searchterm=true&search=steinschlag" "Mozilla/5.0 (Windows NT 10.0; Win64; x64) AppleWebKit/537.36 (KHTML, like Gecko) Chrome/91.0.4472.114 Safari/537.36 Edg/91.0.864.54"
138.21.12.29 - - [24/Jun/2021:11:19:11 +0200] "GET /reload?ser=1624526350659 HTTP/1.1" 200 28 "http://renault.2web.at/result?searchterm=true&search=give" "Mozilla/5.0 (Windows NT 10.0; Win64; x64) AppleWebKit/537.36 (KHTML, like Gecko) Chrome/91.0.4472.114 Safari/537.36"
157.97.71.85 - - [24/Jun/2021:11:19:26 +0200] "GET /reload?ser=1624526366538 HTTP/1.1" 200 28 "http://renault.activities.at/cart" "Mozilla/5.0 (Windows NT 10.0; Win64; x64) AppleWebKit/537.36 (KHTML, like Gecko) Chrome/91.0.4472.114 Safari/537.36"
212.95.8.225 - - [24/Jun/2021:11:19:39 +0200] "GET /reload?ser=1624526379281 HTTP/1.1" 200 28 "http://renault.2web.at/result?searchterm=true&search=steinschlag" "Mozilla/5.0 (Windows NT 10.0; Win64; x64) AppleWebKit/537.36 (KHTML, like Gecko) Chrome/91.0.4472.114 Safari/537.36 Edg/91.0.864.54"
138.21.12.29 - - [24/Jun/2021:11:20:13 +0200] "GET /reload?ser=1624526412659 HTTP/1.1" 200 28 "http://renault.2web.at/result?searchterm=true&search=give" "Mozilla/5.0 (Windows NT 10.0; Win64; x64) AppleWebKit/537.36 (KHTML, like Gecko) Chrome/91.0.4472.114 Safari/537.36"
185.58.53.32 - - [24/Jun/2021:11:20:27 +0200] "GET /login HTTP/1.1" 200 2085 "-" "Mozilla/5.0 (Windows NT 10.0; Win64; x64) AppleWebKit/537.36 (KHTML, like Gecko) Chrome/91.0.4472.114 Safari/537.36"
157.97.71.85 - - [24/Jun/2021:11:20:27 +0200] "GET /reload?ser=1624526427542 HTTP/1.1" 200 28 "http://renault.activities.at/cart" "Mozilla/5.0 (Windows NT 10.0; Win64; x64) AppleWebKit/537.36 (KHTML, like Gecko) Chrome/91.0.4472.114 Safari/537.36"
185.58.53.32 - - [24/Jun/2021:11:20:28 +0200] "GET /loadthumbnail.php?id=11127982 HTTP/1.1" 200 399614 "http://renault.activities.at/login" "Mozilla/5.0 (Windows NT 10.0; Win64; x64) AppleWebKit/537.36 (KHTML, like Gecko) Chrome/91.0.4472.114 Safari/537.36"
185.58.53.32 - - [24/Jun/2021:11:20:28 +0200] "GET /images/favicon.ico HTTP/1.1" 404 305 "http://renault.activities.at/login" "Mozilla/5.0 (Windows NT 10.0; Win64; x64) AppleWebKit/537.36 (KHTML, like Gecko) Chrome/91.0.4472.114 Safari/537.36"
212.95.8.225 - - [24/Jun/2021:11:20:40 +0200] "GET /reload?ser=1624526440277 HTTP/1.1" 200 28 "http://renault.2web.at/result?searchterm=true&search=steinschlag" "Mozilla/5.0 (Windows NT 10.0; Win64; x64) AppleWebKit/537.36 (KHTML, like Gecko) Chrome/91.0.4472.114 Safari/537.36 Edg/91.0.864.54"
138.21.12.29 - - [24/Jun/2021:11:21:15 +0200] "GET /reload?ser=1624526474659 HTTP/1.1" 200 28 "http://renault.2web.at/result?searchterm=true&search=give" "Mozilla/5.0 (Windows NT 10.0; Win64; x64) AppleWebKit/537.36 (KHTML, like Gecko) Chrome/91.0.4472.114 Safari/537.36"
185.58.53.32 - - [24/Jun/2021:11:21:28 +0200] "GET /reload?ser=1624526488643 HTTP/1.1" 200 28 "http://renault.activities.at/login" "Mozilla/5.0 (Windows NT 10.0; Win64; x64) AppleWebKit/537.36 (KHTML, like Gecko) Chrome/91.0.4472.114 Safari/537.36"
157.97.71.85 - - [24/Jun/2021:11:21:29 +0200] "GET /reload?ser=1624526489543 HTTP/1.1" 200 28 "http://renault.activities.at/cart" "Mozilla/5.0 (Windows NT 10.0; Win64; x64) AppleWebKit/537.36 (KHTML, like Gecko) Chrome/91.0.4472.114 Safari/537.36"
212.95.8.225 - - [24/Jun/2021:11:21:42 +0200] "GET /reload?ser=1624526502281 HTTP/1.1" 200 28 "http://renault.2web.at/result?searchterm=true&search=steinschlag" "Mozilla/5.0 (Windows NT 10.0; Win64; x64) AppleWebKit/537.36 (KHTML, like Gecko) Chrome/91.0.4472.114 Safari/537.36 Edg/91.0.864.54"
185.58.53.32 - - [24/Jun/2021:11:21:47 +0200] "POST /login HTTP/1.1" 302 140 "http://renault.activities.at/login" "Mozilla/5.0 (Windows NT 10.0; Win64; x64) AppleWebKit/537.36 (KHTML, like Gecko) Chrome/91.0.4472.114 Safari/537.36"
185.58.53.32 - - [24/Jun/2021:11:21:48 +0200] "GET /account HTTP/1.1" 200 5948 "http://renault.activities.at/login" "Mozilla/5.0 (Windows NT 10.0; Win64; x64) AppleWebKit/537.36 (KHTML, like Gecko) Chrome/91.0.4472.114 Safari/537.36"
185.58.53.32 - - [24/Jun/2021:11:21:51 +0200] "GET /loadthumbnail.php?id=11730239&width=50&height=50 HTTP/1.1" 200 947 "http://renault.activities.at/account" "Mozilla/5.0 (Windows NT 10.0; Win64; x64) AppleWebKit/537.36 (KHTML, like Gecko) Chrome/91.0.4472.114 Safari/537.36"
185.58.53.32 - - [24/Jun/2021:11:21:51 +0200] "GET /loadthumbnail.php?id=10260174&width=50&height=50 HTTP/1.1" 200 1024 "http://renault.activities.at/account" "Mozilla/5.0 (Windows NT 10.0; Win64; x64) AppleWebKit/537.36 (KHTML, like Gecko) Chrome/91.0.4472.114 Safari/537.36"
138.21.12.29 - - [24/Jun/2021:11:22:17 +0200] "GET /reload?ser=1624526536659 HTTP/1.1" 200 28 "http://renault.2web.at/result?searchterm=true&search=give" "Mozilla/5.0 (Windows NT 10.0; Win64; x64) AppleWebKit/537.36 (KHTML, like Gecko) Chrome/91.0.4472.114 Safari/537.36"
157.97.71.85 - - [24/Jun/2021:11:22:31 +0200] "GET /reload?ser=1624526551530 HTTP/1.1" 200 28 "http://renault.activities.at/cart" "Mozilla/5.0 (Windows NT 10.0; Win64; x64) AppleWebKit/537.36 (KHTML, like Gecko) Chrome/91.0.4472.114 Safari/537.36"
212.95.8.225 - - [24/Jun/2021:11:22:43 +0200] "GET /reload?ser=1624526563282 HTTP/1.1" 200 28 "http://renault.2web.at/result?searchterm=true&search=steinschlag" "Mozilla/5.0 (Windows NT 10.0; Win64; x64) AppleWebKit/537.36 (KHTML, like Gecko) Chrome/91.0.4472.114 Safari/537.36 Edg/91.0.864.54"
185.58.53.32 - - [24/Jun/2021:11:22:51 +0200] "GET /reload?ser=1624526571888 HTTP/1.1" 200 28 "http://renault.activities.at/account" "Mozilla/5.0 (Windows NT 10.0; Win64; x64) AppleWebKit/537.36 (KHTML, like Gecko) Chrome/91.0.4472.114 Safari/537.36"
138.21.12.29 - - [24/Jun/2021:11:23:19 +0200] "GET /reload?ser=1624526598660 HTTP/1.1" 200 28 "http://renault.2web.at/result?searchterm=true&search=give" "Mozilla/5.0 (Windows NT 10.0; Win64; x64) AppleWebKit/537.36 (KHTML, like Gecko) Chrome/91.0.4472.114 Safari/537.36"
185.58.53.32 - - [24/Jun/2021:11:23:28 +0200] "POST /axjaxrequest?mode=suggest HTTP/1.1" 200 142 "http://renault.activities.at/account" "Mozilla/5.0 (Windows NT 10.0; Win64; x64) AppleWebKit/537.36 (KHTML, like Gecko) Chrome/91.0.4472.114 Safari/537.36"
185.58.53.32 - - [24/Jun/2021:11:23:29 +0200] "POST /axjaxrequest?mode=suggest HTTP/1.1" 200 142 "http://renault.activities.at/account" "Mozilla/5.0 (Windows NT 10.0; Win64; x64) AppleWebKit/537.36 (KHTML, like Gecko) Chrome/91.0.4472.114 Safari/537.36"
157.97.71.85 - - [24/Jun/2021:11:23:32 +0200] "GET /reload?ser=1624526612533 HTTP/1.1" 200 28 "http://renault.activities.at/cart" "Mozilla/5.0 (Windows NT 10.0; Win64; x64) AppleWebKit/537.36 (KHTML, like Gecko) Chrome/91.0.4472.114 Safari/537.36"
185.58.53.32 - - [24/Jun/2021:11:23:33 +0200] "GET /result?searchterm=true&search=Vorf%FChrwagen HTTP/1.1" 200 8490 "http://renault.activities.at/account" "Mozilla/5.0 (Windows NT 10.0; Win64; x64) AppleWebKit/537.36 (KHTML, like Gecko) Chrome/91.0.4472.114 Safari/537.36"
185.58.53.32 - - [24/Jun/2021:11:23:36 +0200] "GET /loadthumbnail.php?id=10203276 HTTP/1.1" 200 75 "http://renault.activities.at/result?searchterm=true&search=Vorf%FChrwagen" "Mozilla/5.0 (Windows NT 10.0; Win64; x64) AppleWebKit/537.36 (KHTML, like Gecko) Chrome/91.0.4472.114 Safari/537.36"
185.58.53.32 - - [24/Jun/2021:11:23:36 +0200] "GET /loadthumbnail.php?id=10203650&width=113 HTTP/1.1" 200 2741 "http://renault.activities.at/result?searchterm=true&search=Vorf%FChrwagen" "Mozilla/5.0 (Windows NT 10.0; Win64; x64) AppleWebKit/537.36 (KHTML, like Gecko) Chrome/91.0.4472.114 Safari/537.36"
185.58.53.32 - - [24/Jun/2021:11:23:36 +0200] "GET /loadthumbnail.php?id=10203255 HTTP/1.1" 200 137 "http://renault.activities.at/result?searchterm=true&search=Vorf%FChrwagen" "Mozilla/5.0 (Windows NT 10.0; Win64; x64) AppleWebKit/537.36 (KHTML, like Gecko) Chrome/91.0.4472.114 Safari/537.36"
185.58.53.32 - - [24/Jun/2021:11:23:36 +0200] "GET /loadthumbnail.php?id=12198633&width=113 HTTP/1.1" 200 1975 "http://renault.activities.at/result?searchterm=true&search=Vorf%FChrwagen" "Mozilla/5.0 (Windows NT 10.0; Win64; x64) AppleWebKit/537.36 (KHTML, like Gecko) Chrome/91.0.4472.114 Safari/537.36"
185.58.53.32 - - [24/Jun/2021:11:23:36 +0200] "GET /loadthumbnail.php?id=12198625&width=113 HTTP/1.1" 200 1975 "http://renault.activities.at/result?searchterm=true&search=Vorf%FChrwagen" "Mozilla/5.0 (Windows NT 10.0; Win64; x64) AppleWebKit/537.36 (KHTML, like Gecko) Chrome/91.0.4472.114 Safari/537.36"
185.58.53.32 - - [24/Jun/2021:11:23:36 +0200] "GET /loadthumbnail.php?id=12198629&width=113 HTTP/1.1" 200 1975 "http://renault.activities.at/result?searchterm=true&search=Vorf%FChrwagen" "Mozilla/5.0 (Windows NT 10.0; Win64; x64) AppleWebKit/537.36 (KHTML, like Gecko) Chrome/91.0.4472.114 Safari/537.36"
185.58.53.32 - - [24/Jun/2021:11:23:36 +0200] "GET /loadthumbnail.php?id=11181187&width=113 HTTP/1.1" 200 1532 "http://renault.activities.at/result?searchterm=true&search=Vorf%FChrwagen" "Mozilla/5.0 (Windows NT 10.0; Win64; x64) AppleWebKit/537.36 (KHTML, like Gecko) Chrome/91.0.4472.114 Safari/537.36"
185.58.53.32 - - [24/Jun/2021:11:23:36 +0200] "GET /loadthumbnail.php?id=12273155&width=113 HTTP/1.1" 200 1895 "http://renault.activities.at/result?searchterm=true&search=Vorf%FChrwagen" "Mozilla/5.0 (Windows NT 10.0; Win64; x64) AppleWebKit/537.36 (KHTML, like Gecko) Chrome/91.0.4472.114 Safari/537.36"
185.58.53.32 - - [24/Jun/2021:11:23:36 +0200] "GET /loadthumbnail.php?id=12273156&width=113 HTTP/1.1" 200 1895 "http://renault.activities.at/result?searchterm=true&search=Vorf%FChrwagen" "Mozilla/5.0 (Windows NT 10.0; Win64; x64) AppleWebKit/537.36 (KHTML, like Gecko) Chrome/91.0.4472.114 Safari/537.36"
185.58.53.32 - - [24/Jun/2021:11:23:36 +0200] "GET /loadthumbnail.php?id=11181185&width=113 HTTP/1.1" 200 1532 "http://renault.activities.at/result?searchterm=true&search=Vorf%FChrwagen" "Mozilla/5.0 (Windows NT 10.0; Win64; x64) AppleWebKit/537.36 (KHTML, like Gecko) Chrome/91.0.4472.114 Safari/537.36"
185.58.53.32 - - [24/Jun/2021:11:23:36 +0200] "GET /loadthumbnail.php?id=11181180&width=113 HTTP/1.1" 200 1834 "http://renault.activities.at/result?searchterm=true&search=Vorf%FChrwagen" "Mozilla/5.0 (Windows NT 10.0; Win64; x64) AppleWebKit/537.36 (KHTML, like Gecko) Chrome/91.0.4472.114 Safari/537.36"
185.58.53.32 - - [24/Jun/2021:11:23:36 +0200] "GET /loadthumbnail.php?id=12273142&width=113 HTTP/1.1" 200 1895 "http://renault.activities.at/result?searchterm=true&search=Vorf%FChrwagen" "Mozilla/5.0 (Windows NT 10.0; Win64; x64) AppleWebKit/537.36 (KHTML, like Gecko) Chrome/91.0.4472.114 Safari/537.36"
185.58.53.32 - - [24/Jun/2021:11:23:36 +0200] "GET /loadthumbnail.php?id=11181178&width=113 HTTP/1.1" 200 1834 "http://renault.activities.at/result?searchterm=true&search=Vorf%FChrwagen" "Mozilla/5.0 (Windows NT 10.0; Win64; x64) AppleWebKit/537.36 (KHTML, like Gecko) Chrome/91.0.4472.114 Safari/537.36"
185.58.53.32 - - [24/Jun/2021:11:23:36 +0200] "GET /loadthumbnail.php?id=11186502&width=113 HTTP/1.1" 200 2016 "http://renault.activities.at/result?searchterm=true&search=Vorf%FChrwagen" "Mozilla/5.0 (Windows NT 10.0; Win64; x64) AppleWebKit/537.36 (KHTML, like Gecko) Chrome/91.0.4472.114 Safari/537.36"
185.58.53.32 - - [24/Jun/2021:11:23:36 +0200] "GET /loadthumbnail.php?id=11195848&width=113 HTTP/1.1" 200 2016 "http://renault.activities.at/result?searchterm=true&search=Vorf%FChrwagen" "Mozilla/5.0 (Windows NT 10.0; Win64; x64) AppleWebKit/537.36 (KHTML, like Gecko) Chrome/91.0.4472.114 Safari/537.36"
185.58.53.32 - - [24/Jun/2021:11:23:36 +0200] "GET /loadthumbnail.php?id=11186498&width=113 HTTP/1.1" 200 2016 "http://renault.activities.at/result?searchterm=true&search=Vorf%FChrwagen" "Mozilla/5.0 (Windows NT 10.0; Win64; x64) AppleWebKit/537.36 (KHTML, like Gecko) Chrome/91.0.4472.114 Safari/537.36"
212.95.8.225 - - [24/Jun/2021:11:23:45 +0200] "GET /reload?ser=1624526625287 HTTP/1.1" 200 28 "http://renault.2web.at/result?searchterm=true&search=steinschlag" "Mozilla/5.0 (Windows NT 10.0; Win64; x64) AppleWebKit/537.36 (KHTML, like Gecko) Chrome/91.0.4472.114 Safari/537.36 Edg/91.0.864.54"
185.58.53.32 - - [24/Jun/2021:11:23:49 +0200] "GET /result?dir=DESC&mode=grid&order=name&limit=15&page=2&search=Vorf%C3%BChrwagen HTTP/1.1" 200 8533 "http://renault.activities.at/result?searchterm=true&search=Vorf%FChrwagen" "Mozilla/5.0 (Windows NT 10.0; Win64; x64) AppleWebKit/537.36 (KHTML, like Gecko) Chrome/91.0.4472.114 Safari/537.36"
185.58.53.32 - - [24/Jun/2021:11:23:52 +0200] "GET /loadthumbnail.php?id=10203275 HTTP/1.1" 200 85 "http://renault.activities.at/result?dir=DESC&mode=grid&order=name&limit=15&page=2&search=Vorf%C3%BChrwagen" "Mozilla/5.0 (Windows NT 10.0; Win64; x64) AppleWebKit/537.36 (KHTML, like Gecko) Chrome/91.0.4472.114 Safari/537.36"
185.58.53.32 - - [24/Jun/2021:11:23:52 +0200] "GET /loadthumbnail.php?id=11186518&width=113 HTTP/1.1" 200 1516 "http://renault.activities.at/result?dir=DESC&mode=grid&order=name&limit=15&page=2&search=Vorf%C3%BChrwagen" "Mozilla/5.0 (Windows NT 10.0; Win64; x64) AppleWebKit/537.36 (KHTML, like Gecko) Chrome/91.0.4472.114 Safari/537.36"
185.58.53.32 - - [24/Jun/2021:11:23:52 +0200] "GET /loadthumbnail.php?id=11339764&width=113 HTTP/1.1" 200 2128 "http://renault.activities.at/result?dir=DESC&mode=grid&order=name&limit=15&page=2&search=Vorf%C3%BChrwagen" "Mozilla/5.0 (Windows NT 10.0; Win64; x64) AppleWebKit/537.36 (KHTML, like Gecko) Chrome/91.0.4472.114 Safari/537.36"
185.58.53.32 - - [24/Jun/2021:11:23:52 +0200] "GET /loadthumbnail.php?id=11186505&width=113 HTTP/1.1" 200 1516 "http://renault.activities.at/result?dir=DESC&mode=grid&order=name&limit=15&page=2&search=Vorf%C3%BChrwagen" "Mozilla/5.0 (Windows NT 10.0; Win64; x64) AppleWebKit/537.36 (KHTML, like Gecko) Chrome/91.0.4472.114 Safari/537.36"
185.58.53.32 - - [24/Jun/2021:11:23:52 +0200] "GET /loadthumbnail.php?id=11183285&width=113 HTTP/1.1" 200 1898 "http://renault.activities.at/result?dir=DESC&mode=grid&order=name&limit=15&page=2&search=Vorf%C3%BChrwagen" "Mozilla/5.0 (Windows NT 10.0; Win64; x64) AppleWebKit/537.36 (KHTML, like Gecko) Chrome/91.0.4472.114 Safari/537.36"
185.58.53.32 - - [24/Jun/2021:11:23:52 +0200] "GET /loadthumbnail.php?id=11137061&width=113 HTTP/1.1" 200 2095 "http://renault.activities.at/result?dir=DESC&mode=grid&order=name&limit=15&page=2&search=Vorf%C3%BChrwagen" "Mozilla/5.0 (Windows NT 10.0; Win64; x64) AppleWebKit/537.36 (KHTML, like Gecko) Chrome/91.0.4472.114 Safari/537.36"
185.58.53.32 - - [24/Jun/2021:11:23:52 +0200] "GET /loadthumbnail.php?id=11181207&width=113 HTTP/1.1" 200 1279 "http://renault.activities.at/result?dir=DESC&mode=grid&order=name&limit=15&page=2&search=Vorf%C3%BChrwagen" "Mozilla/5.0 (Windows NT 10.0; Win64; x64) AppleWebKit/537.36 (KHTML, like Gecko) Chrome/91.0.4472.114 Safari/537.36"
185.58.53.32 - - [24/Jun/2021:11:23:52 +0200] "GET /loadthumbnail.php?id=11181201&width=113 HTTP/1.1" 200 1279 "http://renault.activities.at/result?dir=DESC&mode=grid&order=name&limit=15&page=2&search=Vorf%C3%BChrwagen" "Mozilla/5.0 (Windows NT 10.0; Win64; x64) AppleWebKit/537.36 (KHTML, like Gecko) Chrome/91.0.4472.114 Safari/537.36"
185.58.53.32 - - [24/Jun/2021:11:23:52 +0200] "GET /loadthumbnail.php?id=11195908&width=113 HTTP/1.1" 200 1279 "http://renault.activities.at/result?dir=DESC&mode=grid&order=name&limit=15&page=2&search=Vorf%C3%BChrwagen" "Mozilla/5.0 (Windows NT 10.0; Win64; x64) AppleWebKit/537.36 (KHTML, like Gecko) Chrome/91.0.4472.114 Safari/537.36"
185.58.53.32 - - [24/Jun/2021:11:23:52 +0200] "GET /loadthumbnail.php?id=11339768&width=113 HTTP/1.1" 200 2128 "http://renault.activities.at/result?dir=DESC&mode=grid&order=name&limit=15&page=2&search=Vorf%C3%BChrwagen" "Mozilla/5.0 (Windows NT 10.0; Win64; x64) AppleWebKit/537.36 (KHTML, like Gecko) Chrome/91.0.4472.114 Safari/537.36"
185.58.53.32 - - [24/Jun/2021:11:23:52 +0200] "GET /loadthumbnail.php?id=11181227&width=113 HTTP/1.1" 200 1322 "http://renault.activities.at/result?dir=DESC&mode=grid&order=name&limit=15&page=2&search=Vorf%C3%BChrwagen" "Mozilla/5.0 (Windows NT 10.0; Win64; x64) AppleWebKit/537.36 (KHTML, like Gecko) Chrome/91.0.4472.114 Safari/537.36"
185.58.53.32 - - [24/Jun/2021:11:23:52 +0200] "GET /loadthumbnail.php?id=11194725&width=113 HTTP/1.1" 200 1322 "http://renault.activities.at/result?dir=DESC&mode=grid&order=name&limit=15&page=2&search=Vorf%C3%BChrwagen" "Mozilla/5.0 (Windows NT 10.0; Win64; x64) AppleWebKit/537.36 (KHTML, like Gecko) Chrome/91.0.4472.114 Safari/537.36"
185.58.53.32 - - [24/Jun/2021:11:23:52 +0200] "GET /loadthumbnail.php?id=11181225&width=113 HTTP/1.1" 200 1322 "http://renault.activities.at/result?dir=DESC&mode=grid&order=name&limit=15&page=2&search=Vorf%C3%BChrwagen" "Mozilla/5.0 (Windows NT 10.0; Win64; x64) AppleWebKit/537.36 (KHTML, like Gecko) Chrome/91.0.4472.114 Safari/537.36"
185.58.53.32 - - [24/Jun/2021:11:23:52 +0200] "GET /loadthumbnail.php?id=11181199&width=113 HTTP/1.1" 200 1829 "http://renault.activities.at/result?dir=DESC&mode=grid&order=name&limit=15&page=2&search=Vorf%C3%BChrwagen" "Mozilla/5.0 (Windows NT 10.0; Win64; x64) AppleWebKit/537.36 (KHTML, like Gecko) Chrome/91.0.4472.114 Safari/537.36"
185.58.53.32 - - [24/Jun/2021:11:24:00 +0200] "GET /result?dir=DESC&mode=grid&order=name&limit=15&page=3&search=Vorf%C3%BChrwagen HTTP/1.1" 200 8483 "http://renault.activities.at/result?dir=DESC&mode=grid&order=name&limit=15&page=2&search=Vorf%C3%BChrwagen" "Mozilla/5.0 (Windows NT 10.0; Win64; x64) AppleWebKit/537.36 (KHTML, like Gecko) Chrome/91.0.4472.114 Safari/537.36"
185.58.53.32 - - [24/Jun/2021:11:24:03 +0200] "GET /loadthumbnail.php?id=11186469&width=113 HTTP/1.1" 200 1278 "http://renault.activities.at/result?dir=DESC&mode=grid&order=name&limit=15&page=3&search=Vorf%C3%BChrwagen" "Mozilla/5.0 (Windows NT 10.0; Win64; x64) AppleWebKit/537.36 (KHTML, like Gecko) Chrome/91.0.4472.114 Safari/537.36"
185.58.53.32 - - [24/Jun/2021:11:24:03 +0200] "GET /loadthumbnail.php?id=11194717&width=113 HTTP/1.1" 200 1278 "http://renault.activities.at/result?dir=DESC&mode=grid&order=name&limit=15&page=3&search=Vorf%C3%BChrwagen" "Mozilla/5.0 (Windows NT 10.0; Win64; x64) AppleWebKit/537.36 (KHTML, like Gecko) Chrome/91.0.4472.114 Safari/537.36"
185.58.53.32 - - [24/Jun/2021:11:24:03 +0200] "GET /loadthumbnail.php?id=11194700&width=113 HTTP/1.1" 200 1829 "http://renault.activities.at/result?dir=DESC&mode=grid&order=name&limit=15&page=3&search=Vorf%C3%BChrwagen" "Mozilla/5.0 (Windows NT 10.0; Win64; x64) AppleWebKit/537.36 (KHTML, like Gecko) Chrome/91.0.4472.114 Safari/537.36"
185.58.53.32 - - [24/Jun/2021:11:24:03 +0200] "GET /loadthumbnail.php?id=11186457&width=113 HTTP/1.1" 200 1278 "http://renault.activities.at/result?dir=DESC&mode=grid&order=name&limit=15&page=3&search=Vorf%C3%BChrwagen" "Mozilla/5.0 (Windows NT 10.0; Win64; x64) AppleWebKit/537.36 (KHTML, like Gecko) Chrome/91.0.4472.114 Safari/537.36"
185.58.53.32 - - [24/Jun/2021:11:24:03 +0200] "GET /loadthumbnail.php?id=11181197&width=113 HTTP/1.1" 200 1829 "http://renault.activities.at/result?dir=DESC&mode=grid&order=name&limit=15&page=3&search=Vorf%C3%BChrwagen" "Mozilla/5.0 (Windows NT 10.0; Win64; x64) AppleWebKit/537.36 (KHTML, like Gecko) Chrome/91.0.4472.114 Safari/537.36"
185.58.53.32 - - [24/Jun/2021:11:24:03 +0200] "GET /loadthumbnail.php?id=11181237&width=113 HTTP/1.1" 200 1156 "http://renault.activities.at/result?dir=DESC&mode=grid&order=name&limit=15&page=3&search=Vorf%C3%BChrwagen" "Mozilla/5.0 (Windows NT 10.0; Win64; x64) AppleWebKit/537.36 (KHTML, like Gecko) Chrome/91.0.4472.114 Safari/537.36"
185.58.53.32 - - [24/Jun/2021:11:24:04 +0200] "GET /loadthumbnail.php?id=11195851&width=113 HTTP/1.1" 200 1156 "http://renault.activities.at/result?dir=DESC&mode=grid&order=name&limit=15&page=3&search=Vorf%C3%BChrwagen" "Mozilla/5.0 (Windows NT 10.0; Win64; x64) AppleWebKit/537.36 (KHTML, like Gecko) Chrome/91.0.4472.114 Safari/537.36"
185.58.53.32 - - [24/Jun/2021:11:24:04 +0200] "GET /loadthumbnail.php?id=11181235&width=113 HTTP/1.1" 200 1156 "http://renault.activities.at/result?dir=DESC&mode=grid&order=name&limit=15&page=3&search=Vorf%C3%BChrwagen" "Mozilla/5.0 (Windows NT 10.0; Win64; x64) AppleWebKit/537.36 (KHTML, like Gecko) Chrome/91.0.4472.114 Safari/537.36"
185.58.53.32 - - [24/Jun/2021:11:24:04 +0200] "GET /loadthumbnail.php?id=11186495&width=113 HTTP/1.1" 200 1974 "http://renault.activities.at/result?dir=DESC&mode=grid&order=name&limit=15&page=3&search=Vorf%C3%BChrwagen" "Mozilla/5.0 (Windows NT 10.0; Win64; x64) AppleWebKit/537.36 (KHTML, like Gecko) Chrome/91.0.4472.114 Safari/537.36"
185.58.53.32 - - [24/Jun/2021:11:24:04 +0200] "GET /loadthumbnail.php?id=11186483&width=113 HTTP/1.1" 200 1974 "http://renault.activities.at/result?dir=DESC&mode=grid&order=name&limit=15&page=3&search=Vorf%C3%BChrwagen" "Mozilla/5.0 (Windows NT 10.0; Win64; x64) AppleWebKit/537.36 (KHTML, like Gecko) Chrome/91.0.4472.114 Safari/537.36"
185.58.53.32 - - [24/Jun/2021:11:24:04 +0200] "GET /loadthumbnail.php?id=11181233&width=113 HTTP/1.1" 200 1353 "http://renault.activities.at/result?dir=DESC&mode=grid&order=name&limit=15&page=3&search=Vorf%C3%BChrwagen" "Mozilla/5.0 (Windows NT 10.0; Win64; x64) AppleWebKit/537.36 (KHTML, like Gecko) Chrome/91.0.4472.114 Safari/537.36"
185.58.53.32 - - [24/Jun/2021:11:24:04 +0200] "GET /loadthumbnail.php?id=11194732&width=113 HTTP/1.1" 200 1353 "http://renault.activities.at/result?dir=DESC&mode=grid&order=name&limit=15&page=3&search=Vorf%C3%BChrwagen" "Mozilla/5.0 (Windows NT 10.0; Win64; x64) AppleWebKit/537.36 (KHTML, like Gecko) Chrome/91.0.4472.114 Safari/537.36"
185.58.53.32 - - [24/Jun/2021:11:24:04 +0200] "GET /loadthumbnail.php?id=11181230&width=113 HTTP/1.1" 200 1353 "http://renault.activities.at/result?dir=DESC&mode=grid&order=name&limit=15&page=3&search=Vorf%C3%BChrwagen" "Mozilla/5.0 (Windows NT 10.0; Win64; x64) AppleWebKit/537.36 (KHTML, like Gecko) Chrome/91.0.4472.114 Safari/537.36"
185.58.53.32 - - [24/Jun/2021:11:24:04 +0200] "GET /loadthumbnail.php?id=12094699&width=113 HTTP/1.1" 200 1921 "http://renault.activities.at/result?dir=DESC&mode=grid&order=name&limit=15&page=3&search=Vorf%C3%BChrwagen" "Mozilla/5.0 (Windows NT 10.0; Win64; x64) AppleWebKit/537.36 (KHTML, like Gecko) Chrome/91.0.4472.114 Safari/537.36"
185.58.53.32 - - [24/Jun/2021:11:24:13 +0200] "GET /result?dir=DESC&mode=grid&order=name&limit=15&page=4&search=Vorf%C3%BChrwagen HTTP/1.1" 200 8558 "http://renault.activities.at/result?dir=DESC&mode=grid&order=name&limit=15&page=3&search=Vorf%C3%BChrwagen" "Mozilla/5.0 (Windows NT 10.0; Win64; x64) AppleWebKit/537.36 (KHTML, like Gecko) Chrome/91.0.4472.114 Safari/537.36"
185.58.53.32 - - [24/Jun/2021:11:24:16 +0200] "GET /loadthumbnail.php?id=12094698&width=113 HTTP/1.1" 200 1921 "http://renault.activities.at/result?dir=DESC&mode=grid&order=name&limit=15&page=4&search=Vorf%C3%BChrwagen" "Mozilla/5.0 (Windows NT 10.0; Win64; x64) AppleWebKit/537.36 (KHTML, like Gecko) Chrome/91.0.4472.114 Safari/537.36"
185.58.53.32 - - [24/Jun/2021:11:24:16 +0200] "GET /loadthumbnail.php?id=11181223&width=113 HTTP/1.1" 200 1171 "http://renault.activities.at/result?dir=DESC&mode=grid&order=name&limit=15&page=4&search=Vorf%C3%BChrwagen" "Mozilla/5.0 (Windows NT 10.0; Win64; x64) AppleWebKit/537.36 (KHTML, like Gecko) Chrome/91.0.4472.114 Safari/537.36"
185.58.53.32 - - [24/Jun/2021:11:24:16 +0200] "GET /loadthumbnail.php?id=11194713&width=113 HTTP/1.1" 200 1171 "http://renault.activities.at/result?dir=DESC&mode=grid&order=name&limit=15&page=4&search=Vorf%C3%BChrwagen" "Mozilla/5.0 (Windows NT 10.0; Win64; x64) AppleWebKit/537.36 (KHTML, like Gecko) Chrome/91.0.4472.114 Safari/537.36"
185.58.53.32 - - [24/Jun/2021:11:24:16 +0200] "GET /loadthumbnail.php?id=11181221&width=113 HTTP/1.1" 200 1171 "http://renault.activities.at/result?dir=DESC&mode=grid&order=name&limit=15&page=4&search=Vorf%C3%BChrwagen" "Mozilla/5.0 (Windows NT 10.0; Win64; x64) AppleWebKit/537.36 (KHTML, like Gecko) Chrome/91.0.4472.114 Safari/537.36"
185.58.53.32 - - [24/Jun/2021:11:24:16 +0200] "GET /loadthumbnail.php?id=11181213&width=113 HTTP/1.1" 200 2121 "http://renault.activities.at/result?dir=DESC&mode=grid&order=name&limit=15&page=4&search=Vorf%C3%BChrwagen" "Mozilla/5.0 (Windows NT 10.0; Win64; x64) AppleWebKit/537.36 (KHTML, like Gecko) Chrome/91.0.4472.114 Safari/537.36"
185.58.53.32 - - [24/Jun/2021:11:24:16 +0200] "GET /loadthumbnail.php?id=11181219&width=113 HTTP/1.1" 200 2121 "http://renault.activities.at/result?dir=DESC&mode=grid&order=name&limit=15&page=4&search=Vorf%C3%BChrwagen" "Mozilla/5.0 (Windows NT 10.0; Win64; x64) AppleWebKit/537.36 (KHTML, like Gecko) Chrome/91.0.4472.114 Safari/537.36"
185.58.53.32 - - [24/Jun/2021:11:24:16 +0200] "GET /loadthumbnail.php?id=11181166&width=113 HTTP/1.1" 200 847 "http://renault.activities.at/result?dir=DESC&mode=grid&order=name&limit=15&page=4&search=Vorf%C3%BChrwagen" "Mozilla/5.0 (Windows NT 10.0; Win64; x64) AppleWebKit/537.36 (KHTML, like Gecko) Chrome/91.0.4472.114 Safari/537.36"
185.58.53.32 - - [24/Jun/2021:11:24:16 +0200] "GET /loadthumbnail.php?id=11181168&width=113 HTTP/1.1" 200 847 "http://renault.activities.at/result?dir=DESC&mode=grid&order=name&limit=15&page=4&search=Vorf%C3%BChrwagen" "Mozilla/5.0 (Windows NT 10.0; Win64; x64) AppleWebKit/537.36 (KHTML, like Gecko) Chrome/91.0.4472.114 Safari/537.36"
185.58.53.32 - - [24/Jun/2021:11:24:16 +0200] "GET /loadthumbnail.php?id=11555219&width=113 HTTP/1.1" 200 2237 "http://renault.activities.at/result?dir=DESC&mode=grid&order=name&limit=15&page=4&search=Vorf%C3%BChrwagen" "Mozilla/5.0 (Windows NT 10.0; Win64; x64) AppleWebKit/537.36 (KHTML, like Gecko) Chrome/91.0.4472.114 Safari/537.36"
185.58.53.32 - - [24/Jun/2021:11:24:16 +0200] "GET /loadthumbnail.php?id=12255321&width=113 HTTP/1.1" 200 2018 "http://renault.activities.at/result?dir=DESC&mode=grid&order=name&limit=15&page=4&search=Vorf%C3%BChrwagen" "Mozilla/5.0 (Windows NT 10.0; Win64; x64) AppleWebKit/537.36 (KHTML, like Gecko) Chrome/91.0.4472.114 Safari/537.36"
185.58.53.32 - - [24/Jun/2021:11:24:16 +0200] "GET /loadthumbnail.php?id=12255323&width=113 HTTP/1.1" 200 2018 "http://renault.activities.at/result?dir=DESC&mode=grid&order=name&limit=15&page=4&search=Vorf%C3%BChrwagen" "Mozilla/5.0 (Windows NT 10.0; Win64; x64) AppleWebKit/537.36 (KHTML, like Gecko) Chrome/91.0.4472.114 Safari/537.36"
185.58.53.32 - - [24/Jun/2021:11:24:16 +0200] "GET /loadthumbnail.php?id=12255324&width=113 HTTP/1.1" 200 2018 "http://renault.activities.at/result?dir=DESC&mode=grid&order=name&limit=15&page=4&search=Vorf%C3%BChrwagen" "Mozilla/5.0 (Windows NT 10.0; Win64; x64) AppleWebKit/537.36 (KHTML, like Gecko) Chrome/91.0.4472.114 Safari/537.36"
185.58.53.32 - - [24/Jun/2021:11:24:17 +0200] "GET /loadthumbnail.php?id=11555218&width=113 HTTP/1.1" 200 2237 "http://renault.activities.at/result?dir=DESC&mode=grid&order=name&limit=15&page=4&search=Vorf%C3%BChrwagen" "Mozilla/5.0 (Windows NT 10.0; Win64; x64) AppleWebKit/537.36 (KHTML, like Gecko) Chrome/91.0.4472.114 Safari/537.36"
91.113.165.162 - - [24/Jun/2021:11:24:17 +0200] "GET / HTTP/1.1" 200 3315 "-" "Mozilla/5.0 (Windows NT 10.0; Win64; x64) AppleWebKit/537.36 (KHTML, like Gecko) Chrome/91.0.4472.114 Safari/537.36 Edg/91.0.864.54"
91.113.165.162 - - [24/Jun/2021:11:24:18 +0200] "GET /js/default.js HTTP/1.1" 200 14698 "http://renault.activities.at/" "Mozilla/5.0 (Windows NT 10.0; Win64; x64) AppleWebKit/537.36 (KHTML, like Gecko) Chrome/91.0.4472.114 Safari/537.36 Edg/91.0.864.54"
91.113.165.162 - - [24/Jun/2021:11:24:18 +0200] "GET /css/clears.css HTTP/1.1" 200 851 "http://renault.activities.at/" "Mozilla/5.0 (Windows NT 10.0; Win64; x64) AppleWebKit/537.36 (KHTML, like Gecko) Chrome/91.0.4472.114 Safari/537.36 Edg/91.0.864.54"
91.113.165.162 - - [24/Jun/2021:11:24:18 +0200] "GET /js/checkout.css HTTP/1.1" 200 359 "http://renault.activities.at/" "Mozilla/5.0 (Windows NT 10.0; Win64; x64) AppleWebKit/537.36 (KHTML, like Gecko) Chrome/91.0.4472.114 Safari/537.36 Edg/91.0.864.54"
91.113.165.162 - - [24/Jun/2021:11:24:18 +0200] "GET /css/prototip.css HTTP/1.1" 200 968 "http://renault.activities.at/" "Mozilla/5.0 (Windows NT 10.0; Win64; x64) AppleWebKit/537.36 (KHTML, like Gecko) Chrome/91.0.4472.114 Safari/537.36 Edg/91.0.864.54"
91.113.165.162 - - [24/Jun/2021:11:24:18 +0200] "GET /css/styles.css HTTP/1.1" 200 14664 "http://renault.activities.at/" "Mozilla/5.0 (Windows NT 10.0; Win64; x64) AppleWebKit/537.36 (KHTML, like Gecko) Chrome/91.0.4472.114 Safari/537.36 Edg/91.0.864.54"
91.113.165.162 - - [24/Jun/2021:11:24:18 +0200] "GET /css/reset.css HTTP/1.1" 200 1356 "http://renault.activities.at/" "Mozilla/5.0 (Windows NT 10.0; Win64; x64) AppleWebKit/537.36 (KHTML, like Gecko) Chrome/91.0.4472.114 Safari/537.36 Edg/91.0.864.54"
91.113.165.162 - - [24/Jun/2021:11:24:18 +0200] "GET /css/themes/default.css HTTP/1.1" 200 769 "http://renault.activities.at/" "Mozilla/5.0 (Windows NT 10.0; Win64; x64) AppleWebKit/537.36 (KHTML, like Gecko) Chrome/91.0.4472.114 Safari/537.36 Edg/91.0.864.54"
91.113.165.162 - - [24/Jun/2021:11:24:18 +0200] "GET /css/themes/alphacube.css HTTP/1.1" 200 743 "http://renault.activities.at/" "Mozilla/5.0 (Windows NT 10.0; Win64; x64) AppleWebKit/537.36 (KHTML, like Gecko) Chrome/91.0.4472.114 Safari/537.36 Edg/91.0.864.54"
91.113.165.162 - - [24/Jun/2021:11:24:18 +0200] "GET /js/flashdetection.js HTTP/1.1" 200 1059 "http://renault.activities.at/" "Mozilla/5.0 (Windows NT 10.0; Win64; x64) AppleWebKit/537.36 (KHTML, like Gecko) Chrome/91.0.4472.114 Safari/537.36 Edg/91.0.864.54"
91.113.165.162 - - [24/Jun/2021:11:24:18 +0200] "GET /js/index.php?c=auto&f=,prototype/prototype.js,prototype/validation.js,scriptaculous/builder.js,scriptaculous/effects.js,scriptaculous/dragdrop.js,scriptaculous/controls.js,scriptaculous/slider.js,varien/js.js,varien/form.js,varien/menu.js,mage/translate.js,mage/cookies.js,varien/product.js,spinner/SpinnerControl.jsmin.js,prototype/window.js,prototype/window_ext.js HTTP/1.1" 200 94182 "http://renault.activities.at/" "Mozilla/5.0 (Windows NT 10.0; Win64; x64) AppleWebKit/537.36 (KHTML, like Gecko) Chrome/91.0.4472.114 Safari/537.36 Edg/91.0.864.54"
91.113.165.162 - - [24/Jun/2021:11:24:19 +0200] "GET /images/main_block_corner_right_bot.gif HTTP/1.1" 200 158 "http://renault.activities.at/css/styles.css" "Mozilla/5.0 (Windows NT 10.0; Win64; x64) AppleWebKit/537.36 (KHTML, like Gecko) Chrome/91.0.4472.114 Safari/537.36 Edg/91.0.864.54"
91.113.165.162 - - [24/Jun/2021:11:24:19 +0200] "GET /images/main_block_border.gif HTTP/1.1" 200 43 "http://renault.activities.at/css/styles.css" "Mozilla/5.0 (Windows NT 10.0; Win64; x64) AppleWebKit/537.36 (KHTML, like Gecko) Chrome/91.0.4472.114 Safari/537.36 Edg/91.0.864.54"
91.113.165.162 - - [24/Jun/2021:11:24:19 +0200] "GET /images/header_block_border.gif HTTP/1.1" 200 43 "http://renault.activities.at/css/styles.css" "Mozilla/5.0 (Windows NT 10.0; Win64; x64) AppleWebKit/537.36 (KHTML, like Gecko) Chrome/91.0.4472.114 Safari/537.36 Edg/91.0.864.54"
91.113.165.162 - - [24/Jun/2021:11:24:19 +0200] "GET /css/print.css HTTP/1.1" 200 543 "http://renault.activities.at/" "Mozilla/5.0 (Windows NT 10.0; Win64; x64) AppleWebKit/537.36 (KHTML, like Gecko) Chrome/91.0.4472.114 Safari/537.36 Edg/91.0.864.54"
91.113.165.162 - - [24/Jun/2021:11:24:19 +0200] "GET /images/main_block_corner_left_bot.gif HTTP/1.1" 200 159 "http://renault.activities.at/css/styles.css" "Mozilla/5.0 (Windows NT 10.0; Win64; x64) AppleWebKit/537.36 (KHTML, like Gecko) Chrome/91.0.4472.114 Safari/537.36 Edg/91.0.864.54"
91.113.165.162 - - [24/Jun/2021:11:24:19 +0200] "GET /images/header_block_corner_left_top.gif HTTP/1.1" 200 160 "http://renault.activities.at/css/styles.css" "Mozilla/5.0 (Windows NT 10.0; Win64; x64) AppleWebKit/537.36 (KHTML, like Gecko) Chrome/91.0.4472.114 Safari/537.36 Edg/91.0.864.54"
91.113.165.162 - - [24/Jun/2021:11:24:19 +0200] "GET /images/main_block_corner_right_top.gif HTTP/1.1" 200 159 "http://renault.activities.at/css/styles.css" "Mozilla/5.0 (Windows NT 10.0; Win64; x64) AppleWebKit/537.36 (KHTML, like Gecko) Chrome/91.0.4472.114 Safari/537.36 Edg/91.0.864.54"
91.113.165.162 - - [24/Jun/2021:11:24:19 +0200] "GET /images/header_block_corner_right_top.gif HTTP/1.1" 200 160 "http://renault.activities.at/css/styles.css" "Mozilla/5.0 (Windows NT 10.0; Win64; x64) AppleWebKit/537.36 (KHTML, like Gecko) Chrome/91.0.4472.114 Safari/537.36 Edg/91.0.864.54"
91.113.165.162 - - [24/Jun/2021:11:24:19 +0200] "GET /images/title_border_top.jpg HTTP/1.1" 200 336 "http://renault.activities.at/css/styles.css" "Mozilla/5.0 (Windows NT 10.0; Win64; x64) AppleWebKit/537.36 (KHTML, like Gecko) Chrome/91.0.4472.114 Safari/537.36 Edg/91.0.864.54"
91.113.165.162 - - [24/Jun/2021:11:24:19 +0200] "GET /images/title_corner_left_top.jpg HTTP/1.1" 200 372 "http://renault.activities.at/css/styles.css" "Mozilla/5.0 (Windows NT 10.0; Win64; x64) AppleWebKit/537.36 (KHTML, like Gecko) Chrome/91.0.4472.114 Safari/537.36 Edg/91.0.864.54"
91.113.165.162 - - [24/Jun/2021:11:24:19 +0200] "GET /images/title_border.jpg HTTP/1.1" 200 304 "http://renault.activities.at/css/styles.css" "Mozilla/5.0 (Windows NT 10.0; Win64; x64) AppleWebKit/537.36 (KHTML, like Gecko) Chrome/91.0.4472.114 Safari/537.36 Edg/91.0.864.54"
91.113.165.162 - - [24/Jun/2021:11:24:19 +0200] "GET /images/main_block_corner_left_top.gif HTTP/1.1" 200 159 "http://renault.activities.at/css/styles.css" "Mozilla/5.0 (Windows NT 10.0; Win64; x64) AppleWebKit/537.36 (KHTML, like Gecko) Chrome/91.0.4472.114 Safari/537.36 Edg/91.0.864.54"
91.113.165.162 - - [24/Jun/2021:11:24:19 +0200] "GET /images/title_corner_right_top.jpg HTTP/1.1" 200 389 "http://renault.activities.at/css/styles.css" "Mozilla/5.0 (Windows NT 10.0; Win64; x64) AppleWebKit/537.36 (KHTML, like Gecko) Chrome/91.0.4472.114 Safari/537.36 Edg/91.0.864.54"
91.113.165.162 - - [24/Jun/2021:11:24:19 +0200] "GET /loadthumbnail.php?id=11127982 HTTP/1.1" 200 399614 "http://renault.activities.at/" "Mozilla/5.0 (Windows NT 10.0; Win64; x64) AppleWebKit/537.36 (KHTML, like Gecko) Chrome/91.0.4472.114 Safari/537.36 Edg/91.0.864.54"
91.113.165.162 - - [24/Jun/2021:11:24:20 +0200] "GET /images/favicon.ico HTTP/1.1" 404 305 "http://renault.activities.at/" "Mozilla/5.0 (Windows NT 10.0; Win64; x64) AppleWebKit/537.36 (KHTML, like Gecko) Chrome/91.0.4472.114 Safari/537.36 Edg/91.0.864.54"
138.21.12.29 - - [24/Jun/2021:11:24:21 +0200] "GET /reload?ser=1624526660661 HTTP/1.1" 200 28 "http://renault.2web.at/result?searchterm=true&search=give" "Mozilla/5.0 (Windows NT 10.0; Win64; x64) AppleWebKit/537.36 (KHTML, like Gecko) Chrome/91.0.4472.114 Safari/537.36"
91.113.165.162 - - [24/Jun/2021:11:24:21 +0200] "GET /login HTTP/1.1" 200 2085 "http://renault.activities.at/" "Mozilla/5.0 (Windows NT 10.0; Win64; x64) AppleWebKit/537.36 (KHTML, like Gecko) Chrome/91.0.4472.114 Safari/537.36 Edg/91.0.864.54"
91.113.165.162 - - [24/Jun/2021:11:24:22 +0200] "GET /images/button_left_bg.gif HTTP/1.1" 200 564 "http://renault.activities.at/css/styles.css" "Mozilla/5.0 (Windows NT 10.0; Win64; x64) AppleWebKit/537.36 (KHTML, like Gecko) Chrome/91.0.4472.114 Safari/537.36 Edg/91.0.864.54"
91.113.165.162 - - [24/Jun/2021:11:24:22 +0200] "GET /images/button_bg.gif HTTP/1.1" 200 151 "http://renault.activities.at/css/styles.css" "Mozilla/5.0 (Windows NT 10.0; Win64; x64) AppleWebKit/537.36 (KHTML, like Gecko) Chrome/91.0.4472.114 Safari/537.36 Edg/91.0.864.54"
91.113.165.162 - - [24/Jun/2021:11:24:22 +0200] "GET /images/button_right_bg.gif HTTP/1.1" 200 561 "http://renault.activities.at/css/styles.css" "Mozilla/5.0 (Windows NT 10.0; Win64; x64) AppleWebKit/537.36 (KHTML, like Gecko) Chrome/91.0.4472.114 Safari/537.36 Edg/91.0.864.54"
