212.152.158.195 - - [30/Jun/2021:11:58:22 +0200] "GET /checkout HTTP/1.1" 200 20861 "http://renault.activities.at/cart" "Mozilla/5.0 (Windows NT 10.0; Win64; x64) AppleWebKit/537.36 (KHTML, like Gecko) Chrome/91.0.4472.114 Safari/537.36"
212.152.158.195 - - [30/Jun/2021:11:58:35 +0200] "POST /docheckout HTTP/1.1" 200 466 "http://renault.activities.at/checkout" "Mozilla/5.0 (Windows NT 10.0; Win64; x64) AppleWebKit/537.36 (KHTML, like Gecko) Chrome/91.0.4472.114 Safari/537.36"
212.152.158.195 - - [30/Jun/2021:11:58:39 +0200] "POST /docheckout HTTP/1.1" 200 624 "http://renault.activities.at/checkout" "Mozilla/5.0 (Windows NT 10.0; Win64; x64) AppleWebKit/537.36 (KHTML, like Gecko) Chrome/91.0.4472.114 Safari/537.36"
212.152.158.195 - - [30/Jun/2021:11:58:44 +0200] "POST /docheckout HTTP/1.1" 200 68 "http://renault.activities.at/checkout" "Mozilla/5.0 (Windows NT 10.0; Win64; x64) AppleWebKit/537.36 (KHTML, like Gecko) Chrome/91.0.4472.114 Safari/537.36"
212.152.158.195 - - [30/Jun/2021:11:58:48 +0200] "GET /success HTTP/1.1" 200 4233 "http://renault.activities.at/checkout" "Mozilla/5.0 (Windows NT 10.0; Win64; x64) AppleWebKit/537.36 (KHTML, like Gecko) Chrome/91.0.4472.114 Safari/537.36"
80.123.225.38 - - [30/Jun/2021:11:58:58 +0200] "GET /reload?ser=1625047138724 HTTP/1.1" 200 28 "http://renault.activities.at/result?searchterm=true&search=poster+" "Mozilla/5.0 (Windows NT 10.0; Win64; x64; rv:89.0) Gecko/20100101 Firefox/89.0"
138.21.12.25 - - [30/Jun/2021:11:59:22 +0200] "GET /reload?ser=1625047162552 HTTP/1.1" 200 28 "http://renault.2web.at/result?dir=DESC&mode=grid&order=name&limit=15&page=1&search=twingo" "Mozilla/5.0 (Windows NT 10.0; Win64; x64) AppleWebKit/537.36 (KHTML, like Gecko) Chrome/91.0.4472.114 Safari/537.36"
212.152.158.195 - - [30/Jun/2021:11:59:50 +0200] "GET /reload?ser=1625047190532 HTTP/1.1" 200 28 "http://renault.activities.at/success" "Mozilla/5.0 (Windows NT 10.0; Win64; x64) AppleWebKit/537.36 (KHTML, like Gecko) Chrome/91.0.4472.114 Safari/537.36"
80.123.225.38 - - [30/Jun/2021:11:59:59 +0200] "GET /reload?ser=1625047199708 HTTP/1.1" 200 28 "http://renault.activities.at/result?searchterm=true&search=poster+" "Mozilla/5.0 (Windows NT 10.0; Win64; x64; rv:89.0) Gecko/20100101 Firefox/89.0"
138.21.12.25 - - [30/Jun/2021:12:00:25 +0200] "GET /reload?ser=1625047224552 HTTP/1.1" 200 28 "http://renault.2web.at/result?dir=DESC&mode=grid&order=name&limit=15&page=1&search=twingo" "Mozilla/5.0 (Windows NT 10.0; Win64; x64) AppleWebKit/537.36 (KHTML, like Gecko) Chrome/91.0.4472.114 Safari/537.36"
212.152.158.195 - - [30/Jun/2021:12:00:51 +0200] "GET /reload?ser=1625047251528 HTTP/1.1" 200 28 "http://renault.activities.at/success" "Mozilla/5.0 (Windows NT 10.0; Win64; x64) AppleWebKit/537.36 (KHTML, like Gecko) Chrome/91.0.4472.114 Safari/537.36"
80.123.225.38 - - [30/Jun/2021:12:01:00 +0200] "GET /reload?ser=1625047260689 HTTP/1.1" 200 28 "http://renault.activities.at/result?searchterm=true&search=poster+" "Mozilla/5.0 (Windows NT 10.0; Win64; x64; rv:89.0) Gecko/20100101 Firefox/89.0"
138.21.12.25 - - [30/Jun/2021:12:01:26 +0200] "GET /reload?ser=1625047286552 HTTP/1.1" 200 28 "http://renault.2web.at/result?dir=DESC&mode=grid&order=name&limit=15&page=1&search=twingo" "Mozilla/5.0 (Windows NT 10.0; Win64; x64) AppleWebKit/537.36 (KHTML, like Gecko) Chrome/91.0.4472.114 Safari/537.36"
212.152.158.195 - - [30/Jun/2021:12:01:52 +0200] "GET /reload?ser=1625047312532 HTTP/1.1" 200 28 "http://renault.activities.at/success" "Mozilla/5.0 (Windows NT 10.0; Win64; x64) AppleWebKit/537.36 (KHTML, like Gecko) Chrome/91.0.4472.114 Safari/537.36"
80.123.225.38 - - [30/Jun/2021:12:02:01 +0200] "GET /reload?ser=1625047321676 HTTP/1.1" 200 28 "http://renault.activities.at/result?searchterm=true&search=poster+" "Mozilla/5.0 (Windows NT 10.0; Win64; x64; rv:89.0) Gecko/20100101 Firefox/89.0"
138.21.12.25 - - [30/Jun/2021:12:02:29 +0200] "GET /reload?ser=1625047348553 HTTP/1.1" 200 28 "http://renault.2web.at/result?dir=DESC&mode=grid&order=name&limit=15&page=1&search=twingo" "Mozilla/5.0 (Windows NT 10.0; Win64; x64) AppleWebKit/537.36 (KHTML, like Gecko) Chrome/91.0.4472.114 Safari/537.36"
212.152.158.195 - - [30/Jun/2021:12:02:53 +0200] "GET /reload?ser=1625047373539 HTTP/1.1" 200 28 "http://renault.activities.at/success" "Mozilla/5.0 (Windows NT 10.0; Win64; x64) AppleWebKit/537.36 (KHTML, like Gecko) Chrome/91.0.4472.114 Safari/537.36"
80.123.225.38 - - [30/Jun/2021:12:03:02 +0200] "GET /reload?ser=1625047382640 HTTP/1.1" 200 28 "http://renault.activities.at/result?searchterm=true&search=poster+" "Mozilla/5.0 (Windows NT 10.0; Win64; x64; rv:89.0) Gecko/20100101 Firefox/89.0"
138.21.12.25 - - [30/Jun/2021:12:03:31 +0200] "GET /reload?ser=1625047410553 HTTP/1.1" 200 28 "http://renault.2web.at/result?dir=DESC&mode=grid&order=name&limit=15&page=1&search=twingo" "Mozilla/5.0 (Windows NT 10.0; Win64; x64) AppleWebKit/537.36 (KHTML, like Gecko) Chrome/91.0.4472.114 Safari/537.36"
212.152.158.195 - - [30/Jun/2021:12:03:54 +0200] "GET /reload?ser=1625047434538 HTTP/1.1" 200 28 "http://renault.activities.at/success" "Mozilla/5.0 (Windows NT 10.0; Win64; x64) AppleWebKit/537.36 (KHTML, like Gecko) Chrome/91.0.4472.114 Safari/537.36"
80.123.225.38 - - [30/Jun/2021:12:04:03 +0200] "GET /reload?ser=1625047443599 HTTP/1.1" 200 28 "http://renault.activities.at/result?searchterm=true&search=poster+" "Mozilla/5.0 (Windows NT 10.0; Win64; x64; rv:89.0) Gecko/20100101 Firefox/89.0"
138.21.12.25 - - [30/Jun/2021:12:04:33 +0200] "GET /reload?ser=1625047472553 HTTP/1.1" 200 28 "http://renault.2web.at/result?dir=DESC&mode=grid&order=name&limit=15&page=1&search=twingo" "Mozilla/5.0 (Windows NT 10.0; Win64; x64) AppleWebKit/537.36 (KHTML, like Gecko) Chrome/91.0.4472.114 Safari/537.36"
212.152.158.195 - - [30/Jun/2021:12:04:55 +0200] "GET /reload?ser=1625047495529 HTTP/1.1" 200 28 "http://renault.activities.at/success" "Mozilla/5.0 (Windows NT 10.0; Win64; x64) AppleWebKit/537.36 (KHTML, like Gecko) Chrome/91.0.4472.114 Safari/537.36"
80.123.225.38 - - [30/Jun/2021:12:05:04 +0200] "GET /reload?ser=1625047504575 HTTP/1.1" 200 28 "http://renault.activities.at/result?searchterm=true&search=poster+" "Mozilla/5.0 (Windows NT 10.0; Win64; x64; rv:89.0) Gecko/20100101 Firefox/89.0"
138.21.12.25 - - [30/Jun/2021:12:05:35 +0200] "GET /reload?ser=1625047534553 HTTP/1.1" 200 28 "http://renault.2web.at/result?dir=DESC&mode=grid&order=name&limit=15&page=1&search=twingo" "Mozilla/5.0 (Windows NT 10.0; Win64; x64) AppleWebKit/537.36 (KHTML, like Gecko) Chrome/91.0.4472.114 Safari/537.36"
212.152.158.195 - - [30/Jun/2021:12:05:56 +0200] "GET /reload?ser=1625047556533 HTTP/1.1" 200 28 "http://renault.activities.at/success" "Mozilla/5.0 (Windows NT 10.0; Win64; x64) AppleWebKit/537.36 (KHTML, like Gecko) Chrome/91.0.4472.114 Safari/537.36"
80.123.225.38 - - [30/Jun/2021:12:06:05 +0200] "GET /reload?ser=1625047565560 HTTP/1.1" 200 28 "http://renault.activities.at/result?searchterm=true&search=poster+" "Mozilla/5.0 (Windows NT 10.0; Win64; x64; rv:89.0) Gecko/20100101 Firefox/89.0"
138.21.12.25 - - [30/Jun/2021:12:06:37 +0200] "GET /reload?ser=1625047596553 HTTP/1.1" 200 28 "http://renault.2web.at/result?dir=DESC&mode=grid&order=name&limit=15&page=1&search=twingo" "Mozilla/5.0 (Windows NT 10.0; Win64; x64) AppleWebKit/537.36 (KHTML, like Gecko) Chrome/91.0.4472.114 Safari/537.36"
212.152.158.195 - - [30/Jun/2021:12:06:57 +0200] "GET /reload?ser=1625047617540 HTTP/1.1" 200 28 "http://renault.activities.at/success" "Mozilla/5.0 (Windows NT 10.0; Win64; x64) AppleWebKit/537.36 (KHTML, like Gecko) Chrome/91.0.4472.114 Safari/537.36"
80.123.225.38 - - [30/Jun/2021:12:07:06 +0200] "GET /reload?ser=1625047626528 HTTP/1.1" 200 28 "http://renault.activities.at/result?searchterm=true&search=poster+" "Mozilla/5.0 (Windows NT 10.0; Win64; x64; rv:89.0) Gecko/20100101 Firefox/89.0"
138.21.12.25 - - [30/Jun/2021:12:07:39 +0200] "GET /reload?ser=1625047658553 HTTP/1.1" 200 28 "http://renault.2web.at/result?dir=DESC&mode=grid&order=name&limit=15&page=1&search=twingo" "Mozilla/5.0 (Windows NT 10.0; Win64; x64) AppleWebKit/537.36 (KHTML, like Gecko) Chrome/91.0.4472.114 Safari/537.36"
212.152.158.195 - - [30/Jun/2021:12:07:58 +0200] "GET /reload?ser=1625047678542 HTTP/1.1" 200 28 "http://renault.activities.at/success" "Mozilla/5.0 (Windows NT 10.0; Win64; x64) AppleWebKit/537.36 (KHTML, like Gecko) Chrome/91.0.4472.114 Safari/537.36"
80.123.225.38 - - [30/Jun/2021:12:08:07 +0200] "GET /reload?ser=1625047687493 HTTP/1.1" 200 28 "http://renault.activities.at/result?searchterm=true&search=poster+" "Mozilla/5.0 (Windows NT 10.0; Win64; x64; rv:89.0) Gecko/20100101 Firefox/89.0"
138.21.12.25 - - [30/Jun/2021:12:08:41 +0200] "GET /reload?ser=1625047720554 HTTP/1.1" 200 28 "http://renault.2web.at/result?dir=DESC&mode=grid&order=name&limit=15&page=1&search=twingo" "Mozilla/5.0 (Windows NT 10.0; Win64; x64) AppleWebKit/537.36 (KHTML, like Gecko) Chrome/91.0.4472.114 Safari/537.36"
212.152.158.195 - - [30/Jun/2021:12:08:59 +0200] "GET /reload?ser=1625047739545 HTTP/1.1" 200 28 "http://renault.activities.at/success" "Mozilla/5.0 (Windows NT 10.0; Win64; x64) AppleWebKit/537.36 (KHTML, like Gecko) Chrome/91.0.4472.114 Safari/537.36"
80.123.225.38 - - [30/Jun/2021:12:09:08 +0200] "GET /reload?ser=1625047748461 HTTP/1.1" 200 28 "http://renault.activities.at/result?searchterm=true&search=poster+" "Mozilla/5.0 (Windows NT 10.0; Win64; x64; rv:89.0) Gecko/20100101 Firefox/89.0"
138.21.12.25 - - [30/Jun/2021:12:09:43 +0200] "GET /reload?ser=1625047782554 HTTP/1.1" 200 28 "http://renault.2web.at/result?dir=DESC&mode=grid&order=name&limit=15&page=1&search=twingo" "Mozilla/5.0 (Windows NT 10.0; Win64; x64) AppleWebKit/537.36 (KHTML, like Gecko) Chrome/91.0.4472.114 Safari/537.36"
212.152.158.195 - - [30/Jun/2021:12:10:00 +0200] "GET /reload?ser=1625047800544 HTTP/1.1" 200 28 "http://renault.activities.at/success" "Mozilla/5.0 (Windows NT 10.0; Win64; x64) AppleWebKit/537.36 (KHTML, like Gecko) Chrome/91.0.4472.114 Safari/537.36"
80.123.225.38 - - [30/Jun/2021:12:10:09 +0200] "GET /reload?ser=1625047809443 HTTP/1.1" 200 28 "http://renault.activities.at/result?searchterm=true&search=poster+" "Mozilla/5.0 (Windows NT 10.0; Win64; x64; rv:89.0) Gecko/20100101 Firefox/89.0"
138.21.12.25 - - [30/Jun/2021:12:10:45 +0200] "GET /reload?ser=1625047844554 HTTP/1.1" 200 28 "http://renault.2web.at/result?dir=DESC&mode=grid&order=name&limit=15&page=1&search=twingo" "Mozilla/5.0 (Windows NT 10.0; Win64; x64) AppleWebKit/537.36 (KHTML, like Gecko) Chrome/91.0.4472.114 Safari/537.36"
212.152.158.195 - - [30/Jun/2021:12:11:01 +0200] "GET /reload?ser=1625047861540 HTTP/1.1" 200 28 "http://renault.activities.at/success" "Mozilla/5.0 (Windows NT 10.0; Win64; x64) AppleWebKit/537.36 (KHTML, like Gecko) Chrome/91.0.4472.114 Safari/537.36"
80.123.225.38 - - [30/Jun/2021:12:11:10 +0200] "GET /reload?ser=1625047870434 HTTP/1.1" 200 28 "http://renault.activities.at/result?searchterm=true&search=poster+" "Mozilla/5.0 (Windows NT 10.0; Win64; x64; rv:89.0) Gecko/20100101 Firefox/89.0"
138.21.12.25 - - [30/Jun/2021:12:11:47 +0200] "GET /reload?ser=1625047906554 HTTP/1.1" 200 28 "http://renault.2web.at/result?dir=DESC&mode=grid&order=name&limit=15&page=1&search=twingo" "Mozilla/5.0 (Windows NT 10.0; Win64; x64) AppleWebKit/537.36 (KHTML, like Gecko) Chrome/91.0.4472.114 Safari/537.36"
212.152.158.195 - - [30/Jun/2021:12:12:02 +0200] "GET /reload?ser=1625047922536 HTTP/1.1" 200 28 "http://renault.activities.at/success" "Mozilla/5.0 (Windows NT 10.0; Win64; x64) AppleWebKit/537.36 (KHTML, like Gecko) Chrome/91.0.4472.114 Safari/537.36"
80.123.225.38 - - [30/Jun/2021:12:12:11 +0200] "GET /reload?ser=1625047931390 HTTP/1.1" 200 28 "http://renault.activities.at/result?searchterm=true&search=poster+" "Mozilla/5.0 (Windows NT 10.0; Win64; x64; rv:89.0) Gecko/20100101 Firefox/89.0"
138.21.12.25 - - [30/Jun/2021:12:12:49 +0200] "GET /reload?ser=1625047968555 HTTP/1.1" 200 28 "http://renault.2web.at/result?dir=DESC&mode=grid&order=name&limit=15&page=1&search=twingo" "Mozilla/5.0 (Windows NT 10.0; Win64; x64) AppleWebKit/537.36 (KHTML, like Gecko) Chrome/91.0.4472.114 Safari/537.36"
212.152.158.195 - - [30/Jun/2021:12:13:03 +0200] "GET /reload?ser=1625047983536 HTTP/1.1" 200 28 "http://renault.activities.at/success" "Mozilla/5.0 (Windows NT 10.0; Win64; x64) AppleWebKit/537.36 (KHTML, like Gecko) Chrome/91.0.4472.114 Safari/537.36"
80.123.225.38 - - [30/Jun/2021:12:13:12 +0200] "GET /reload?ser=1625047992386 HTTP/1.1" 200 28 "http://renault.activities.at/result?searchterm=true&search=poster+" "Mozilla/5.0 (Windows NT 10.0; Win64; x64; rv:89.0) Gecko/20100101 Firefox/89.0"
138.21.12.25 - - [30/Jun/2021:12:13:51 +0200] "GET /reload?ser=1625048030554 HTTP/1.1" 200 28 "http://renault.2web.at/result?dir=DESC&mode=grid&order=name&limit=15&page=1&search=twingo" "Mozilla/5.0 (Windows NT 10.0; Win64; x64) AppleWebKit/537.36 (KHTML, like Gecko) Chrome/91.0.4472.114 Safari/537.36"
212.152.158.195 - - [30/Jun/2021:12:14:04 +0200] "GET /reload?ser=1625048044536 HTTP/1.1" 200 28 "http://renault.activities.at/success" "Mozilla/5.0 (Windows NT 10.0; Win64; x64) AppleWebKit/537.36 (KHTML, like Gecko) Chrome/91.0.4472.114 Safari/537.36"
80.123.225.38 - - [30/Jun/2021:12:14:13 +0200] "GET /reload?ser=1625048053346 HTTP/1.1" 200 28 "http://renault.activities.at/result?searchterm=true&search=poster+" "Mozilla/5.0 (Windows NT 10.0; Win64; x64; rv:89.0) Gecko/20100101 Firefox/89.0"
138.21.12.25 - - [30/Jun/2021:12:14:53 +0200] "GET /reload?ser=1625048092555 HTTP/1.1" 200 28 "http://renault.2web.at/result?dir=DESC&mode=grid&order=name&limit=15&page=1&search=twingo" "Mozilla/5.0 (Windows NT 10.0; Win64; x64) AppleWebKit/537.36 (KHTML, like Gecko) Chrome/91.0.4472.114 Safari/537.36"
212.152.158.195 - - [30/Jun/2021:12:15:06 +0200] "GET /reload?ser=1625048106541 HTTP/1.1" 200 28 "http://renault.activities.at/success" "Mozilla/5.0 (Windows NT 10.0; Win64; x64) AppleWebKit/537.36 (KHTML, like Gecko) Chrome/91.0.4472.114 Safari/537.36"
80.123.225.38 - - [30/Jun/2021:12:15:14 +0200] "GET /reload?ser=1625048114289 HTTP/1.1" 200 28 "http://renault.activities.at/result?searchterm=true&search=poster+" "Mozilla/5.0 (Windows NT 10.0; Win64; x64; rv:89.0) Gecko/20100101 Firefox/89.0"
138.21.12.25 - - [30/Jun/2021:12:15:55 +0200] "GET /reload?ser=1625048154555 HTTP/1.1" 200 28 "http://renault.2web.at/result?dir=DESC&mode=grid&order=name&limit=15&page=1&search=twingo" "Mozilla/5.0 (Windows NT 10.0; Win64; x64) AppleWebKit/537.36 (KHTML, like Gecko) Chrome/91.0.4472.114 Safari/537.36"
212.152.158.195 - - [30/Jun/2021:12:16:07 +0200] "GET /reload?ser=1625048167536 HTTP/1.1" 200 28 "http://renault.activities.at/success" "Mozilla/5.0 (Windows NT 10.0; Win64; x64) AppleWebKit/537.36 (KHTML, like Gecko) Chrome/91.0.4472.114 Safari/537.36"
80.123.225.38 - - [30/Jun/2021:12:16:15 +0200] "GET /reload?ser=1625048175251 HTTP/1.1" 200 28 "http://renault.activities.at/result?searchterm=true&search=poster+" "Mozilla/5.0 (Windows NT 10.0; Win64; x64; rv:89.0) Gecko/20100101 Firefox/89.0"
138.21.12.25 - - [30/Jun/2021:12:16:57 +0200] "GET /reload?ser=1625048216555 HTTP/1.1" 200 28 "http://renault.2web.at/result?dir=DESC&mode=grid&order=name&limit=15&page=1&search=twingo" "Mozilla/5.0 (Windows NT 10.0; Win64; x64) AppleWebKit/537.36 (KHTML, like Gecko) Chrome/91.0.4472.114 Safari/537.36"
212.152.158.195 - - [30/Jun/2021:12:17:08 +0200] "GET /reload?ser=1625048228541 HTTP/1.1" 200 28 "http://renault.activities.at/success" "Mozilla/5.0 (Windows NT 10.0; Win64; x64) AppleWebKit/537.36 (KHTML, like Gecko) Chrome/91.0.4472.114 Safari/537.36"
80.123.225.38 - - [30/Jun/2021:12:17:16 +0200] "GET /reload?ser=1625048236211 HTTP/1.1" 200 28 "http://renault.activities.at/result?searchterm=true&search=poster+" "Mozilla/5.0 (Windows NT 10.0; Win64; x64; rv:89.0) Gecko/20100101 Firefox/89.0"
138.21.12.25 - - [30/Jun/2021:12:17:59 +0200] "GET /reload?ser=1625048278555 HTTP/1.1" 200 28 "http://renault.2web.at/result?dir=DESC&mode=grid&order=name&limit=15&page=1&search=twingo" "Mozilla/5.0 (Windows NT 10.0; Win64; x64) AppleWebKit/537.36 (KHTML, like Gecko) Chrome/91.0.4472.114 Safari/537.36"
212.152.158.195 - - [30/Jun/2021:12:18:09 +0200] "GET /reload?ser=1625048289502 HTTP/1.1" 200 28 "http://renault.activities.at/success" "Mozilla/5.0 (Windows NT 10.0; Win64; x64) AppleWebKit/537.36 (KHTML, like Gecko) Chrome/91.0.4472.114 Safari/537.36"
80.123.225.38 - - [30/Jun/2021:12:18:17 +0200] "GET /reload?ser=1625048297191 HTTP/1.1" 200 28 "http://renault.activities.at/result?searchterm=true&search=poster+" "Mozilla/5.0 (Windows NT 10.0; Win64; x64; rv:89.0) Gecko/20100101 Firefox/89.0"
138.21.12.25 - - [30/Jun/2021:12:19:01 +0200] "GET /reload?ser=1625048340555 HTTP/1.1" 200 28 "http://renault.2web.at/result?dir=DESC&mode=grid&order=name&limit=15&page=1&search=twingo" "Mozilla/5.0 (Windows NT 10.0; Win64; x64) AppleWebKit/537.36 (KHTML, like Gecko) Chrome/91.0.4472.114 Safari/537.36"
212.152.158.195 - - [30/Jun/2021:12:19:10 +0200] "GET /reload?ser=1625048350542 HTTP/1.1" 200 28 "http://renault.activities.at/success" "Mozilla/5.0 (Windows NT 10.0; Win64; x64) AppleWebKit/537.36 (KHTML, like Gecko) Chrome/91.0.4472.114 Safari/537.36"
80.123.225.38 - - [30/Jun/2021:12:19:18 +0200] "GET /reload?ser=1625048358177 HTTP/1.1" 200 28 "http://renault.activities.at/result?searchterm=true&search=poster+" "Mozilla/5.0 (Windows NT 10.0; Win64; x64; rv:89.0) Gecko/20100101 Firefox/89.0"
138.21.12.25 - - [30/Jun/2021:12:20:03 +0200] "GET /reload?ser=1625048402556 HTTP/1.1" 200 28 "http://renault.2web.at/result?dir=DESC&mode=grid&order=name&limit=15&page=1&search=twingo" "Mozilla/5.0 (Windows NT 10.0; Win64; x64) AppleWebKit/537.36 (KHTML, like Gecko) Chrome/91.0.4472.114 Safari/537.36"
212.152.158.195 - - [30/Jun/2021:12:20:11 +0200] "GET /reload?ser=1625048411543 HTTP/1.1" 200 28 "http://renault.activities.at/success" "Mozilla/5.0 (Windows NT 10.0; Win64; x64) AppleWebKit/537.36 (KHTML, like Gecko) Chrome/91.0.4472.114 Safari/537.36"
80.123.225.38 - - [30/Jun/2021:12:20:19 +0200] "GET /reload?ser=1625048419193 HTTP/1.1" 200 28 "http://renault.activities.at/result?searchterm=true&search=poster+" "Mozilla/5.0 (Windows NT 10.0; Win64; x64; rv:89.0) Gecko/20100101 Firefox/89.0"
138.21.12.25 - - [30/Jun/2021:12:21:05 +0200] "GET /reload?ser=1625048464556 HTTP/1.1" 200 28 "http://renault.2web.at/result?dir=DESC&mode=grid&order=name&limit=15&page=1&search=twingo" "Mozilla/5.0 (Windows NT 10.0; Win64; x64) AppleWebKit/537.36 (KHTML, like Gecko) Chrome/91.0.4472.114 Safari/537.36"
212.152.158.195 - - [30/Jun/2021:12:21:12 +0200] "GET /reload?ser=1625048472541 HTTP/1.1" 200 28 "http://renault.activities.at/success" "Mozilla/5.0 (Windows NT 10.0; Win64; x64) AppleWebKit/537.36 (KHTML, like Gecko) Chrome/91.0.4472.114 Safari/537.36"
80.123.225.38 - - [30/Jun/2021:12:21:20 +0200] "GET /reload?ser=1625048480150 HTTP/1.1" 200 28 "http://renault.activities.at/result?searchterm=true&search=poster+" "Mozilla/5.0 (Windows NT 10.0; Win64; x64; rv:89.0) Gecko/20100101 Firefox/89.0"
138.21.12.25 - - [30/Jun/2021:12:22:07 +0200] "GET /reload?ser=1625048526556 HTTP/1.1" 200 28 "http://renault.2web.at/result?dir=DESC&mode=grid&order=name&limit=15&page=1&search=twingo" "Mozilla/5.0 (Windows NT 10.0; Win64; x64) AppleWebKit/537.36 (KHTML, like Gecko) Chrome/91.0.4472.114 Safari/537.36"
212.152.158.195 - - [30/Jun/2021:12:22:13 +0200] "GET /reload?ser=1625048533542 HTTP/1.1" 200 28 "http://renault.activities.at/success" "Mozilla/5.0 (Windows NT 10.0; Win64; x64) AppleWebKit/537.36 (KHTML, like Gecko) Chrome/91.0.4472.114 Safari/537.36"
80.123.225.38 - - [30/Jun/2021:12:22:21 +0200] "GET /reload?ser=1625048541122 HTTP/1.1" 200 28 "http://renault.activities.at/result?searchterm=true&search=poster+" "Mozilla/5.0 (Windows NT 10.0; Win64; x64; rv:89.0) Gecko/20100101 Firefox/89.0"
138.21.12.25 - - [30/Jun/2021:12:23:09 +0200] "GET /reload?ser=1625048588555 HTTP/1.1" 200 28 "http://renault.2web.at/result?dir=DESC&mode=grid&order=name&limit=15&page=1&search=twingo" "Mozilla/5.0 (Windows NT 10.0; Win64; x64) AppleWebKit/537.36 (KHTML, like Gecko) Chrome/91.0.4472.114 Safari/537.36"
212.152.158.195 - - [30/Jun/2021:12:23:14 +0200] "GET /reload?ser=1625048594533 HTTP/1.1" 200 28 "http://renault.activities.at/success" "Mozilla/5.0 (Windows NT 10.0; Win64; x64) AppleWebKit/537.36 (KHTML, like Gecko) Chrome/91.0.4472.114 Safari/537.36"
80.123.225.38 - - [30/Jun/2021:12:23:22 +0200] "GET /reload?ser=1625048602087 HTTP/1.1" 200 28 "http://renault.activities.at/result?searchterm=true&search=poster+" "Mozilla/5.0 (Windows NT 10.0; Win64; x64; rv:89.0) Gecko/20100101 Firefox/89.0"
138.21.12.25 - - [30/Jun/2021:12:24:11 +0200] "GET /reload?ser=1625048650555 HTTP/1.1" 200 28 "http://renault.2web.at/result?dir=DESC&mode=grid&order=name&limit=15&page=1&search=twingo" "Mozilla/5.0 (Windows NT 10.0; Win64; x64) AppleWebKit/537.36 (KHTML, like Gecko) Chrome/91.0.4472.114 Safari/537.36"
80.123.225.38 - - [30/Jun/2021:12:24:23 +0200] "GET /reload?ser=1625048663076 HTTP/1.1" 200 28 "http://renault.activities.at/result?searchterm=true&search=poster+" "Mozilla/5.0 (Windows NT 10.0; Win64; x64; rv:89.0) Gecko/20100101 Firefox/89.0"
138.21.12.25 - - [30/Jun/2021:12:25:14 +0200] "GET /reload?ser=1625048712559 HTTP/1.1" 200 28 "http://renault.2web.at/result?dir=DESC&mode=grid&order=name&limit=15&page=1&search=twingo" "Mozilla/5.0 (Windows NT 10.0; Win64; x64) AppleWebKit/537.36 (KHTML, like Gecko) Chrome/91.0.4472.114 Safari/537.36"
80.123.225.38 - - [30/Jun/2021:12:25:24 +0200] "GET /reload?ser=1625048724036 HTTP/1.1" 200 28 "http://renault.activities.at/result?searchterm=true&search=poster+" "Mozilla/5.0 (Windows NT 10.0; Win64; x64; rv:89.0) Gecko/20100101 Firefox/89.0"
138.21.12.25 - - [30/Jun/2021:12:26:16 +0200] "GET /reload?ser=1625048775568 HTTP/1.1" 200 28 "http://renault.2web.at/result?dir=DESC&mode=grid&order=name&limit=15&page=1&search=twingo" "Mozilla/5.0 (Windows NT 10.0; Win64; x64) AppleWebKit/537.36 (KHTML, like Gecko) Chrome/91.0.4472.114 Safari/537.36"
80.123.225.38 - - [30/Jun/2021:12:26:25 +0200] "GET /reload?ser=1625048785031 HTTP/1.1" 200 28 "http://renault.activities.at/result?searchterm=true&search=poster+" "Mozilla/5.0 (Windows NT 10.0; Win64; x64; rv:89.0) Gecko/20100101 Firefox/89.0"
138.21.12.25 - - [30/Jun/2021:12:27:18 +0200] "GET /reload?ser=1625048837576 HTTP/1.1" 200 28 "http://renault.2web.at/result?dir=DESC&mode=grid&order=name&limit=15&page=1&search=twingo" "Mozilla/5.0 (Windows NT 10.0; Win64; x64) AppleWebKit/537.36 (KHTML, like Gecko) Chrome/91.0.4472.114 Safari/537.36"
80.123.225.38 - - [30/Jun/2021:12:27:26 +0200] "GET /reload?ser=1625048846007 HTTP/1.1" 200 28 "http://renault.activities.at/result?searchterm=true&search=poster+" "Mozilla/5.0 (Windows NT 10.0; Win64; x64; rv:89.0) Gecko/20100101 Firefox/89.0"
138.21.12.25 - - [30/Jun/2021:12:28:20 +0200] "GET /reload?ser=1625048899585 HTTP/1.1" 200 28 "http://renault.2web.at/result?dir=DESC&mode=grid&order=name&limit=15&page=1&search=twingo" "Mozilla/5.0 (Windows NT 10.0; Win64; x64) AppleWebKit/537.36 (KHTML, like Gecko) Chrome/91.0.4472.114 Safari/537.36"
80.123.225.38 - - [30/Jun/2021:12:28:26 +0200] "GET /reload?ser=1625048906968 HTTP/1.1" 200 28 "http://renault.activities.at/result?searchterm=true&search=poster+" "Mozilla/5.0 (Windows NT 10.0; Win64; x64; rv:89.0) Gecko/20100101 Firefox/89.0"
138.21.12.25 - - [30/Jun/2021:12:29:22 +0200] "GET /reload?ser=1625048961594 HTTP/1.1" 200 28 "http://renault.2web.at/result?dir=DESC&mode=grid&order=name&limit=15&page=1&search=twingo" "Mozilla/5.0 (Windows NT 10.0; Win64; x64) AppleWebKit/537.36 (KHTML, like Gecko) Chrome/91.0.4472.114 Safari/537.36"
80.123.225.38 - - [30/Jun/2021:12:29:27 +0200] "GET /reload?ser=1625048967975 HTTP/1.1" 200 28 "http://renault.activities.at/result?searchterm=true&search=poster+" "Mozilla/5.0 (Windows NT 10.0; Win64; x64; rv:89.0) Gecko/20100101 Firefox/89.0"
138.21.12.25 - - [30/Jun/2021:12:30:24 +0200] "GET /reload?ser=1625049023600 HTTP/1.1" 200 28 "http://renault.2web.at/result?dir=DESC&mode=grid&order=name&limit=15&page=1&search=twingo" "Mozilla/5.0 (Windows NT 10.0; Win64; x64) AppleWebKit/537.36 (KHTML, like Gecko) Chrome/91.0.4472.114 Safari/537.36"
80.123.225.38 - - [30/Jun/2021:12:30:28 +0200] "GET /reload?ser=1625049028971 HTTP/1.1" 200 28 "http://renault.activities.at/result?searchterm=true&search=poster+" "Mozilla/5.0 (Windows NT 10.0; Win64; x64; rv:89.0) Gecko/20100101 Firefox/89.0"
138.21.12.25 - - [30/Jun/2021:12:31:26 +0200] "GET /reload?ser=1625049085606 HTTP/1.1" 200 28 "http://renault.2web.at/result?dir=DESC&mode=grid&order=name&limit=15&page=1&search=twingo" "Mozilla/5.0 (Windows NT 10.0; Win64; x64) AppleWebKit/537.36 (KHTML, like Gecko) Chrome/91.0.4472.114 Safari/537.36"
80.123.225.38 - - [30/Jun/2021:12:31:29 +0200] "GET /reload?ser=1625049089943 HTTP/1.1" 200 28 "http://renault.activities.at/result?searchterm=true&search=poster+" "Mozilla/5.0 (Windows NT 10.0; Win64; x64; rv:89.0) Gecko/20100101 Firefox/89.0"
138.21.12.25 - - [30/Jun/2021:12:32:28 +0200] "GET /reload?ser=1625049147613 HTTP/1.1" 200 28 "http://renault.2web.at/result?dir=DESC&mode=grid&order=name&limit=15&page=1&search=twingo" "Mozilla/5.0 (Windows NT 10.0; Win64; x64) AppleWebKit/537.36 (KHTML, like Gecko) Chrome/91.0.4472.114 Safari/537.36"
80.123.225.38 - - [30/Jun/2021:12:32:30 +0200] "GET /reload?ser=1625049150957 HTTP/1.1" 200 28 "http://renault.activities.at/result?searchterm=true&search=poster+" "Mozilla/5.0 (Windows NT 10.0; Win64; x64; rv:89.0) Gecko/20100101 Firefox/89.0"
138.21.12.25 - - [30/Jun/2021:12:33:30 +0200] "GET /reload?ser=1625049209618 HTTP/1.1" 200 28 "http://renault.2web.at/result?dir=DESC&mode=grid&order=name&limit=15&page=1&search=twingo" "Mozilla/5.0 (Windows NT 10.0; Win64; x64) AppleWebKit/537.36 (KHTML, like Gecko) Chrome/91.0.4472.114 Safari/537.36"
80.123.225.38 - - [30/Jun/2021:12:33:31 +0200] "GET /reload?ser=1625049211940 HTTP/1.1" 200 28 "http://renault.activities.at/result?searchterm=true&search=poster+" "Mozilla/5.0 (Windows NT 10.0; Win64; x64; rv:89.0) Gecko/20100101 Firefox/89.0"
138.21.12.25 - - [30/Jun/2021:12:34:32 +0200] "GET /reload?ser=1625049271625 HTTP/1.1" 200 28 "http://renault.2web.at/result?dir=DESC&mode=grid&order=name&limit=15&page=1&search=twingo" "Mozilla/5.0 (Windows NT 10.0; Win64; x64) AppleWebKit/537.36 (KHTML, like Gecko) Chrome/91.0.4472.114 Safari/537.36"
80.123.225.38 - - [30/Jun/2021:12:34:32 +0200] "GET /reload?ser=1625049272936 HTTP/1.1" 200 28 "http://renault.activities.at/result?searchterm=true&search=poster+" "Mozilla/5.0 (Windows NT 10.0; Win64; x64; rv:89.0) Gecko/20100101 Firefox/89.0"
80.123.225.38 - - [30/Jun/2021:12:35:33 +0200] "GET /reload?ser=1625049333953 HTTP/1.1" 200 28 "http://renault.activities.at/result?searchterm=true&search=poster+" "Mozilla/5.0 (Windows NT 10.0; Win64; x64; rv:89.0) Gecko/20100101 Firefox/89.0"
138.21.12.25 - - [30/Jun/2021:12:35:34 +0200] "GET /reload?ser=1625049333629 HTTP/1.1" 200 28 "http://renault.2web.at/result?dir=DESC&mode=grid&order=name&limit=15&page=1&search=twingo" "Mozilla/5.0 (Windows NT 10.0; Win64; x64) AppleWebKit/537.36 (KHTML, like Gecko) Chrome/91.0.4472.114 Safari/537.36"
80.123.225.38 - - [30/Jun/2021:12:36:34 +0200] "GET /reload?ser=1625049394959 HTTP/1.1" 200 28 "http://renault.activities.at/result?searchterm=true&search=poster+" "Mozilla/5.0 (Windows NT 10.0; Win64; x64; rv:89.0) Gecko/20100101 Firefox/89.0"
138.21.12.25 - - [30/Jun/2021:12:36:36 +0200] "GET /reload?ser=1625049395633 HTTP/1.1" 200 28 "http://renault.2web.at/result?dir=DESC&mode=grid&order=name&limit=15&page=1&search=twingo" "Mozilla/5.0 (Windows NT 10.0; Win64; x64) AppleWebKit/537.36 (KHTML, like Gecko) Chrome/91.0.4472.114 Safari/537.36"
80.123.225.38 - - [30/Jun/2021:12:37:35 +0200] "GET /reload?ser=1625049455933 HTTP/1.1" 200 28 "http://renault.activities.at/result?searchterm=true&search=poster+" "Mozilla/5.0 (Windows NT 10.0; Win64; x64; rv:89.0) Gecko/20100101 Firefox/89.0"
138.21.12.25 - - [30/Jun/2021:12:37:38 +0200] "GET /reload?ser=1625049457637 HTTP/1.1" 200 28 "http://renault.2web.at/result?dir=DESC&mode=grid&order=name&limit=15&page=1&search=twingo" "Mozilla/5.0 (Windows NT 10.0; Win64; x64) AppleWebKit/537.36 (KHTML, like Gecko) Chrome/91.0.4472.114 Safari/537.36"
80.123.225.38 - - [30/Jun/2021:12:38:36 +0200] "GET /reload?ser=1625049516904 HTTP/1.1" 200 28 "http://renault.activities.at/result?searchterm=true&search=poster+" "Mozilla/5.0 (Windows NT 10.0; Win64; x64; rv:89.0) Gecko/20100101 Firefox/89.0"
138.21.12.25 - - [30/Jun/2021:12:38:40 +0200] "GET /reload?ser=1625049519641 HTTP/1.1" 200 28 "http://renault.2web.at/result?dir=DESC&mode=grid&order=name&limit=15&page=1&search=twingo" "Mozilla/5.0 (Windows NT 10.0; Win64; x64) AppleWebKit/537.36 (KHTML, like Gecko) Chrome/91.0.4472.114 Safari/537.36"
80.123.225.38 - - [30/Jun/2021:12:39:37 +0200] "GET /reload?ser=1625049577894 HTTP/1.1" 200 28 "http://renault.activities.at/result?searchterm=true&search=poster+" "Mozilla/5.0 (Windows NT 10.0; Win64; x64; rv:89.0) Gecko/20100101 Firefox/89.0"
138.21.12.25 - - [30/Jun/2021:12:39:42 +0200] "GET /reload?ser=1625049581646 HTTP/1.1" 200 28 "http://renault.2web.at/result?dir=DESC&mode=grid&order=name&limit=15&page=1&search=twingo" "Mozilla/5.0 (Windows NT 10.0; Win64; x64) AppleWebKit/537.36 (KHTML, like Gecko) Chrome/91.0.4472.114 Safari/537.36"
80.123.225.38 - - [30/Jun/2021:12:40:38 +0200] "GET /reload?ser=1625049638884 HTTP/1.1" 200 28 "http://renault.activities.at/result?searchterm=true&search=poster+" "Mozilla/5.0 (Windows NT 10.0; Win64; x64; rv:89.0) Gecko/20100101 Firefox/89.0"
138.21.12.25 - - [30/Jun/2021:12:40:44 +0200] "GET /reload?ser=1625049643649 HTTP/1.1" 200 28 "http://renault.2web.at/result?dir=DESC&mode=grid&order=name&limit=15&page=1&search=twingo" "Mozilla/5.0 (Windows NT 10.0; Win64; x64) AppleWebKit/537.36 (KHTML, like Gecko) Chrome/91.0.4472.114 Safari/537.36"
80.123.225.38 - - [30/Jun/2021:12:41:39 +0200] "GET /reload?ser=1625049699878 HTTP/1.1" 200 28 "http://renault.activities.at/result?searchterm=true&search=poster+" "Mozilla/5.0 (Windows NT 10.0; Win64; x64; rv:89.0) Gecko/20100101 Firefox/89.0"
138.21.12.25 - - [30/Jun/2021:12:41:46 +0200] "GET /reload?ser=1625049705652 HTTP/1.1" 200 28 "http://renault.2web.at/result?dir=DESC&mode=grid&order=name&limit=15&page=1&search=twingo" "Mozilla/5.0 (Windows NT 10.0; Win64; x64) AppleWebKit/537.36 (KHTML, like Gecko) Chrome/91.0.4472.114 Safari/537.36"
80.123.225.38 - - [30/Jun/2021:12:42:40 +0200] "GET /reload?ser=1625049760826 HTTP/1.1" 200 28 "http://renault.activities.at/result?searchterm=true&search=poster+" "Mozilla/5.0 (Windows NT 10.0; Win64; x64; rv:89.0) Gecko/20100101 Firefox/89.0"
138.21.12.25 - - [30/Jun/2021:12:42:48 +0200] "GET /reload?ser=1625049767655 HTTP/1.1" 200 28 "http://renault.2web.at/result?dir=DESC&mode=grid&order=name&limit=15&page=1&search=twingo" "Mozilla/5.0 (Windows NT 10.0; Win64; x64) AppleWebKit/537.36 (KHTML, like Gecko) Chrome/91.0.4472.114 Safari/537.36"
80.123.225.38 - - [30/Jun/2021:12:43:41 +0200] "GET /reload?ser=1625049821799 HTTP/1.1" 200 28 "http://renault.activities.at/result?searchterm=true&search=poster+" "Mozilla/5.0 (Windows NT 10.0; Win64; x64; rv:89.0) Gecko/20100101 Firefox/89.0"
138.21.12.25 - - [30/Jun/2021:12:43:50 +0200] "GET /reload?ser=1625049829658 HTTP/1.1" 200 28 "http://renault.2web.at/result?dir=DESC&mode=grid&order=name&limit=15&page=1&search=twingo" "Mozilla/5.0 (Windows NT 10.0; Win64; x64) AppleWebKit/537.36 (KHTML, like Gecko) Chrome/91.0.4472.114 Safari/537.36"
80.123.225.38 - - [30/Jun/2021:12:44:42 +0200] "GET /reload?ser=1625049882791 HTTP/1.1" 200 28 "http://renault.activities.at/result?searchterm=true&search=poster+" "Mozilla/5.0 (Windows NT 10.0; Win64; x64; rv:89.0) Gecko/20100101 Firefox/89.0"
138.21.12.25 - - [30/Jun/2021:12:44:52 +0200] "GET /reload?ser=1625049891661 HTTP/1.1" 200 28 "http://renault.2web.at/result?dir=DESC&mode=grid&order=name&limit=15&page=1&search=twingo" "Mozilla/5.0 (Windows NT 10.0; Win64; x64) AppleWebKit/537.36 (KHTML, like Gecko) Chrome/91.0.4472.114 Safari/537.36"
80.123.225.38 - - [30/Jun/2021:12:45:43 +0200] "GET /reload?ser=1625049943764 HTTP/1.1" 200 28 "http://renault.activities.at/result?searchterm=true&search=poster+" "Mozilla/5.0 (Windows NT 10.0; Win64; x64; rv:89.0) Gecko/20100101 Firefox/89.0"
138.21.12.25 - - [30/Jun/2021:12:45:54 +0200] "GET /reload?ser=1625049953663 HTTP/1.1" 200 28 "http://renault.2web.at/result?dir=DESC&mode=grid&order=name&limit=15&page=1&search=twingo" "Mozilla/5.0 (Windows NT 10.0; Win64; x64) AppleWebKit/537.36 (KHTML, like Gecko) Chrome/91.0.4472.114 Safari/537.36"
80.123.225.38 - - [30/Jun/2021:12:46:44 +0200] "GET /reload?ser=1625050004791 HTTP/1.1" 200 28 "http://renault.activities.at/result?searchterm=true&search=poster+" "Mozilla/5.0 (Windows NT 10.0; Win64; x64; rv:89.0) Gecko/20100101 Firefox/89.0"
138.21.12.25 - - [30/Jun/2021:12:46:56 +0200] "GET /reload?ser=1625050015666 HTTP/1.1" 200 28 "http://renault.2web.at/result?dir=DESC&mode=grid&order=name&limit=15&page=1&search=twingo" "Mozilla/5.0 (Windows NT 10.0; Win64; x64) AppleWebKit/537.36 (KHTML, like Gecko) Chrome/91.0.4472.114 Safari/537.36"
80.123.225.38 - - [30/Jun/2021:12:47:45 +0200] "GET /reload?ser=1625050065816 HTTP/1.1" 200 28 "http://renault.activities.at/result?searchterm=true&search=poster+" "Mozilla/5.0 (Windows NT 10.0; Win64; x64; rv:89.0) Gecko/20100101 Firefox/89.0"
138.21.12.25 - - [30/Jun/2021:12:47:58 +0200] "GET /reload?ser=1625050077668 HTTP/1.1" 200 28 "http://renault.2web.at/result?dir=DESC&mode=grid&order=name&limit=15&page=1&search=twingo" "Mozilla/5.0 (Windows NT 10.0; Win64; x64) AppleWebKit/537.36 (KHTML, like Gecko) Chrome/91.0.4472.114 Safari/537.36"
80.123.225.38 - - [30/Jun/2021:12:48:46 +0200] "GET /reload?ser=1625050126795 HTTP/1.1" 200 28 "http://renault.activities.at/result?searchterm=true&search=poster+" "Mozilla/5.0 (Windows NT 10.0; Win64; x64; rv:89.0) Gecko/20100101 Firefox/89.0"
138.21.12.25 - - [30/Jun/2021:12:49:00 +0200] "GET /reload?ser=1625050139670 HTTP/1.1" 200 28 "http://renault.2web.at/result?dir=DESC&mode=grid&order=name&limit=15&page=1&search=twingo" "Mozilla/5.0 (Windows NT 10.0; Win64; x64) AppleWebKit/537.36 (KHTML, like Gecko) Chrome/91.0.4472.114 Safari/537.36"
80.123.225.38 - - [30/Jun/2021:12:49:47 +0200] "GET /reload?ser=1625050187778 HTTP/1.1" 200 28 "http://renault.activities.at/result?searchterm=true&search=poster+" "Mozilla/5.0 (Windows NT 10.0; Win64; x64; rv:89.0) Gecko/20100101 Firefox/89.0"
138.21.12.25 - - [30/Jun/2021:12:50:02 +0200] "GET /reload?ser=1625050201672 HTTP/1.1" 200 28 "http://renault.2web.at/result?dir=DESC&mode=grid&order=name&limit=15&page=1&search=twingo" "Mozilla/5.0 (Windows NT 10.0; Win64; x64) AppleWebKit/537.36 (KHTML, like Gecko) Chrome/91.0.4472.114 Safari/537.36"
80.123.225.38 - - [30/Jun/2021:12:50:48 +0200] "GET /reload?ser=1625050248767 HTTP/1.1" 200 28 "http://renault.activities.at/result?searchterm=true&search=poster+" "Mozilla/5.0 (Windows NT 10.0; Win64; x64; rv:89.0) Gecko/20100101 Firefox/89.0"
138.21.12.25 - - [30/Jun/2021:12:51:04 +0200] "GET /reload?ser=1625050263674 HTTP/1.1" 200 28 "http://renault.2web.at/result?dir=DESC&mode=grid&order=name&limit=15&page=1&search=twingo" "Mozilla/5.0 (Windows NT 10.0; Win64; x64) AppleWebKit/537.36 (KHTML, like Gecko) Chrome/91.0.4472.114 Safari/537.36"
80.123.225.38 - - [30/Jun/2021:12:51:49 +0200] "GET /reload?ser=1625050309729 HTTP/1.1" 200 28 "http://renault.activities.at/result?searchterm=true&search=poster+" "Mozilla/5.0 (Windows NT 10.0; Win64; x64; rv:89.0) Gecko/20100101 Firefox/89.0"
138.21.12.25 - - [30/Jun/2021:12:52:06 +0200] "GET /reload?ser=1625050325676 HTTP/1.1" 200 28 "http://renault.2web.at/result?dir=DESC&mode=grid&order=name&limit=15&page=1&search=twingo" "Mozilla/5.0 (Windows NT 10.0; Win64; x64) AppleWebKit/537.36 (KHTML, like Gecko) Chrome/91.0.4472.114 Safari/537.36"
80.123.225.38 - - [30/Jun/2021:12:52:50 +0200] "GET /reload?ser=1625050370682 HTTP/1.1" 200 28 "http://renault.activities.at/result?searchterm=true&search=poster+" "Mozilla/5.0 (Windows NT 10.0; Win64; x64; rv:89.0) Gecko/20100101 Firefox/89.0"
138.21.12.25 - - [30/Jun/2021:12:53:08 +0200] "GET /reload?ser=1625050387677 HTTP/1.1" 200 28 "http://renault.2web.at/result?dir=DESC&mode=grid&order=name&limit=15&page=1&search=twingo" "Mozilla/5.0 (Windows NT 10.0; Win64; x64) AppleWebKit/537.36 (KHTML, like Gecko) Chrome/91.0.4472.114 Safari/537.36"
80.123.225.38 - - [30/Jun/2021:12:53:51 +0200] "GET /reload?ser=1625050431679 HTTP/1.1" 200 28 "http://renault.activities.at/result?searchterm=true&search=poster+" "Mozilla/5.0 (Windows NT 10.0; Win64; x64; rv:89.0) Gecko/20100101 Firefox/89.0"
138.21.12.25 - - [30/Jun/2021:12:54:10 +0200] "GET /reload?ser=1625050449678 HTTP/1.1" 200 28 "http://renault.2web.at/result?dir=DESC&mode=grid&order=name&limit=15&page=1&search=twingo" "Mozilla/5.0 (Windows NT 10.0; Win64; x64) AppleWebKit/537.36 (KHTML, like Gecko) Chrome/91.0.4472.114 Safari/537.36"
80.123.225.38 - - [30/Jun/2021:12:54:52 +0200] "GET /reload?ser=1625050492661 HTTP/1.1" 200 28 "http://renault.activities.at/result?searchterm=true&search=poster+" "Mozilla/5.0 (Windows NT 10.0; Win64; x64; rv:89.0) Gecko/20100101 Firefox/89.0"
138.21.12.25 - - [30/Jun/2021:12:55:12 +0200] "GET /reload?ser=1625050511680 HTTP/1.1" 200 28 "http://renault.2web.at/result?dir=DESC&mode=grid&order=name&limit=15&page=1&search=twingo" "Mozilla/5.0 (Windows NT 10.0; Win64; x64) AppleWebKit/537.36 (KHTML, like Gecko) Chrome/91.0.4472.114 Safari/537.36"
80.123.225.38 - - [30/Jun/2021:12:55:53 +0200] "GET /reload?ser=1625050553634 HTTP/1.1" 200 28 "http://renault.activities.at/result?searchterm=true&search=poster+" "Mozilla/5.0 (Windows NT 10.0; Win64; x64; rv:89.0) Gecko/20100101 Firefox/89.0"
138.21.12.25 - - [30/Jun/2021:12:56:14 +0200] "GET /reload?ser=1625050573681 HTTP/1.1" 200 28 "http://renault.2web.at/result?dir=DESC&mode=grid&order=name&limit=15&page=1&search=twingo" "Mozilla/5.0 (Windows NT 10.0; Win64; x64) AppleWebKit/537.36 (KHTML, like Gecko) Chrome/91.0.4472.114 Safari/537.36"
93.83.167.130 - - [30/Jun/2021:12:56:50 +0200] "GET /account HTTP/1.1" 302 150 "-" "Mozilla/5.0 (Windows NT 10.0; Win64; x64) AppleWebKit/537.36 (KHTML, like Gecko) Chrome/91.0.4472.114 Safari/537.36"
93.83.167.130 - - [30/Jun/2021:12:56:51 +0200] "GET /login?required=true HTTP/1.1" 200 2085 "-" "Mozilla/5.0 (Windows NT 10.0; Win64; x64) AppleWebKit/537.36 (KHTML, like Gecko) Chrome/91.0.4472.114 Safari/537.36"
93.83.167.130 - - [30/Jun/2021:12:56:52 +0200] "GET /js/index.php?c=auto&f=,prototype/prototype.js,prototype/validation.js,scriptaculous/builder.js,scriptaculous/effects.js,scriptaculous/dragdrop.js,scriptaculous/controls.js,scriptaculous/slider.js,varien/js.js,varien/form.js,varien/menu.js,mage/translate.js,mage/cookies.js,varien/product.js,spinner/SpinnerControl.jsmin.js,prototype/window.js,prototype/window_ext.js HTTP/1.1" 200 94182 "http://renault.activities.at/login?required=true" "Mozilla/5.0 (Windows NT 10.0; Win64; x64) AppleWebKit/537.36 (KHTML, like Gecko) Chrome/91.0.4472.114 Safari/537.36"
93.83.167.130 - - [30/Jun/2021:12:56:52 +0200] "GET /js/default.js HTTP/1.1" 200 14698 "http://renault.activities.at/login?required=true" "Mozilla/5.0 (Windows NT 10.0; Win64; x64) AppleWebKit/537.36 (KHTML, like Gecko) Chrome/91.0.4472.114 Safari/537.36"
93.83.167.130 - - [30/Jun/2021:12:56:52 +0200] "GET /images/main_block_border.gif HTTP/1.1" 200 43 "http://renault.activities.at/css/styles.css" "Mozilla/5.0 (Windows NT 10.0; Win64; x64) AppleWebKit/537.36 (KHTML, like Gecko) Chrome/91.0.4472.114 Safari/537.36"
93.83.167.130 - - [30/Jun/2021:12:56:52 +0200] "GET /images/main_block_corner_left_bot.gif HTTP/1.1" 200 159 "http://renault.activities.at/css/styles.css" "Mozilla/5.0 (Windows NT 10.0; Win64; x64) AppleWebKit/537.36 (KHTML, like Gecko) Chrome/91.0.4472.114 Safari/537.36"
93.83.167.130 - - [30/Jun/2021:12:56:52 +0200] "GET /images/header_block_corner_left_top.gif HTTP/1.1" 200 160 "http://renault.activities.at/css/styles.css" "Mozilla/5.0 (Windows NT 10.0; Win64; x64) AppleWebKit/537.36 (KHTML, like Gecko) Chrome/91.0.4472.114 Safari/537.36"
93.83.167.130 - - [30/Jun/2021:12:56:52 +0200] "GET /images/main_block_corner_right_bot.gif HTTP/1.1" 200 158 "http://renault.activities.at/css/styles.css" "Mozilla/5.0 (Windows NT 10.0; Win64; x64) AppleWebKit/537.36 (KHTML, like Gecko) Chrome/91.0.4472.114 Safari/537.36"
93.83.167.130 - - [30/Jun/2021:12:56:52 +0200] "GET /images/header_block_border.gif HTTP/1.1" 200 43 "http://renault.activities.at/css/styles.css" "Mozilla/5.0 (Windows NT 10.0; Win64; x64) AppleWebKit/537.36 (KHTML, like Gecko) Chrome/91.0.4472.114 Safari/537.36"
93.83.167.130 - - [30/Jun/2021:12:56:52 +0200] "GET /images/header_block_corner_right_top.gif HTTP/1.1" 200 160 "http://renault.activities.at/css/styles.css" "Mozilla/5.0 (Windows NT 10.0; Win64; x64) AppleWebKit/537.36 (KHTML, like Gecko) Chrome/91.0.4472.114 Safari/537.36"
93.83.167.130 - - [30/Jun/2021:12:56:52 +0200] "GET /images/title_corner_left_top.jpg HTTP/1.1" 200 372 "http://renault.activities.at/css/styles.css" "Mozilla/5.0 (Windows NT 10.0; Win64; x64) AppleWebKit/537.36 (KHTML, like Gecko) Chrome/91.0.4472.114 Safari/537.36"
93.83.167.130 - - [30/Jun/2021:12:56:52 +0200] "GET /images/button_right_bg.gif HTTP/1.1" 200 561 "http://renault.activities.at/css/styles.css" "Mozilla/5.0 (Windows NT 10.0; Win64; x64) AppleWebKit/537.36 (KHTML, like Gecko) Chrome/91.0.4472.114 Safari/537.36"
93.83.167.130 - - [30/Jun/2021:12:56:52 +0200] "GET /images/title_border_top.jpg HTTP/1.1" 200 336 "http://renault.activities.at/css/styles.css" "Mozilla/5.0 (Windows NT 10.0; Win64; x64) AppleWebKit/537.36 (KHTML, like Gecko) Chrome/91.0.4472.114 Safari/537.36"
93.83.167.130 - - [30/Jun/2021:12:56:53 +0200] "GET /images/main_block_corner_right_top.gif HTTP/1.1" 200 159 "http://renault.activities.at/css/styles.css" "Mozilla/5.0 (Windows NT 10.0; Win64; x64) AppleWebKit/537.36 (KHTML, like Gecko) Chrome/91.0.4472.114 Safari/537.36"
93.83.167.130 - - [30/Jun/2021:12:56:53 +0200] "GET /images/title_corner_right_top.jpg HTTP/1.1" 200 389 "http://renault.activities.at/css/styles.css" "Mozilla/5.0 (Windows NT 10.0; Win64; x64) AppleWebKit/537.36 (KHTML, like Gecko) Chrome/91.0.4472.114 Safari/537.36"
93.83.167.130 - - [30/Jun/2021:12:56:53 +0200] "GET /images/button_left_bg.gif HTTP/1.1" 200 564 "http://renault.activities.at/css/styles.css" "Mozilla/5.0 (Windows NT 10.0; Win64; x64) AppleWebKit/537.36 (KHTML, like Gecko) Chrome/91.0.4472.114 Safari/537.36"
93.83.167.130 - - [30/Jun/2021:12:56:53 +0200] "GET /images/main_block_corner_left_top.gif HTTP/1.1" 200 159 "http://renault.activities.at/css/styles.css" "Mozilla/5.0 (Windows NT 10.0; Win64; x64) AppleWebKit/537.36 (KHTML, like Gecko) Chrome/91.0.4472.114 Safari/537.36"
93.83.167.130 - - [30/Jun/2021:12:56:53 +0200] "GET /images/button_bg.gif HTTP/1.1" 200 151 "http://renault.activities.at/css/styles.css" "Mozilla/5.0 (Windows NT 10.0; Win64; x64) AppleWebKit/537.36 (KHTML, like Gecko) Chrome/91.0.4472.114 Safari/537.36"
93.83.167.130 - - [30/Jun/2021:12:56:53 +0200] "GET /images/title_border.jpg HTTP/1.1" 200 304 "http://renault.activities.at/css/styles.css" "Mozilla/5.0 (Windows NT 10.0; Win64; x64) AppleWebKit/537.36 (KHTML, like Gecko) Chrome/91.0.4472.114 Safari/537.36"
93.83.167.130 - - [30/Jun/2021:12:56:52 +0200] "GET /loadthumbnail.php?id=11127982 HTTP/1.1" 200 399614 "http://renault.activities.at/login?required=true" "Mozilla/5.0 (Windows NT 10.0; Win64; x64) AppleWebKit/537.36 (KHTML, like Gecko) Chrome/91.0.4472.114 Safari/537.36"
93.83.167.130 - - [30/Jun/2021:12:56:53 +0200] "GET /images/favicon.ico HTTP/1.1" 404 305 "http://renault.activities.at/login?required=true" "Mozilla/5.0 (Windows NT 10.0; Win64; x64) AppleWebKit/537.36 (KHTML, like Gecko) Chrome/91.0.4472.114 Safari/537.36"
80.123.225.38 - - [30/Jun/2021:12:56:54 +0200] "GET /reload?ser=1625050614580 HTTP/1.1" 200 28 "http://renault.activities.at/result?searchterm=true&search=poster+" "Mozilla/5.0 (Windows NT 10.0; Win64; x64; rv:89.0) Gecko/20100101 Firefox/89.0"
93.83.167.130 - - [30/Jun/2021:12:56:56 +0200] "POST /login HTTP/1.1" 302 152 "http://renault.activities.at/login?required=true" "Mozilla/5.0 (Windows NT 10.0; Win64; x64) AppleWebKit/537.36 (KHTML, like Gecko) Chrome/91.0.4472.114 Safari/537.36"
93.83.167.130 - - [30/Jun/2021:12:56:58 +0200] "GET /account?loadrequest=true HTTP/1.1" 200 6012 "http://renault.activities.at/login?required=true" "Mozilla/5.0 (Windows NT 10.0; Win64; x64) AppleWebKit/537.36 (KHTML, like Gecko) Chrome/91.0.4472.114 Safari/537.36"
93.83.167.130 - - [30/Jun/2021:12:57:01 +0200] "GET /js/account.js HTTP/1.1" 200 953 "http://renault.activities.at/account?loadrequest=true" "Mozilla/5.0 (Windows NT 10.0; Win64; x64) AppleWebKit/537.36 (KHTML, like Gecko) Chrome/91.0.4472.114 Safari/537.36"
93.83.167.130 - - [30/Jun/2021:12:57:01 +0200] "GET /loadthumbnail.php?id=12414625&width=50&height=50 HTTP/1.1" 200 1303 "http://renault.activities.at/account?loadrequest=true" "Mozilla/5.0 (Windows NT 10.0; Win64; x64) AppleWebKit/537.36 (KHTML, like Gecko) Chrome/91.0.4472.114 Safari/537.36"
93.83.167.130 - - [30/Jun/2021:12:57:01 +0200] "GET /images/top_links_divider.gif HTTP/1.1" 200 44 "http://renault.activities.at/css/styles.css" "Mozilla/5.0 (Windows NT 10.0; Win64; x64) AppleWebKit/537.36 (KHTML, like Gecko) Chrome/91.0.4472.114 Safari/537.36"
93.83.167.130 - - [30/Jun/2021:12:57:01 +0200] "GET /images/menu_button_bg.jpg HTTP/1.1" 200 322 "http://renault.activities.at/css/styles.css" "Mozilla/5.0 (Windows NT 10.0; Win64; x64) AppleWebKit/537.36 (KHTML, like Gecko) Chrome/91.0.4472.114 Safari/537.36"
93.83.167.130 - - [30/Jun/2021:12:57:01 +0200] "GET /loadthumbnail.php?id=12094749&width=50&height=50 HTTP/1.1" 200 3578 "http://renault.activities.at/account?loadrequest=true" "Mozilla/5.0 (Windows NT 10.0; Win64; x64) AppleWebKit/537.36 (KHTML, like Gecko) Chrome/91.0.4472.114 Safari/537.36"
93.83.167.130 - - [30/Jun/2021:12:57:01 +0200] "GET /images/nav_divider.gif HTTP/1.1" 200 43 "http://renault.activities.at/css/styles.css" "Mozilla/5.0 (Windows NT 10.0; Win64; x64) AppleWebKit/537.36 (KHTML, like Gecko) Chrome/91.0.4472.114 Safari/537.36"
93.83.167.130 - - [30/Jun/2021:12:57:01 +0200] "GET /images/search_bg.gif HTTP/1.1" 200 1726 "http://renault.activities.at/css/styles.css" "Mozilla/5.0 (Windows NT 10.0; Win64; x64) AppleWebKit/537.36 (KHTML, like Gecko) Chrome/91.0.4472.114 Safari/537.36"
93.83.167.130 - - [30/Jun/2021:12:57:01 +0200] "GET /images/menu_divider.gif HTTP/1.1" 200 176 "http://renault.activities.at/css/styles.css" "Mozilla/5.0 (Windows NT 10.0; Win64; x64) AppleWebKit/537.36 (KHTML, like Gecko) Chrome/91.0.4472.114 Safari/537.36"
93.83.167.130 - - [30/Jun/2021:12:57:01 +0200] "GET /images/sidebar_title_border.gif HTTP/1.1" 200 43 "http://renault.activities.at/css/styles.css" "Mozilla/5.0 (Windows NT 10.0; Win64; x64) AppleWebKit/537.36 (KHTML, like Gecko) Chrome/91.0.4472.114 Safari/537.36"
93.83.167.130 - - [30/Jun/2021:12:57:02 +0200] "GET /images/sidebar_title_border_top.gif HTTP/1.1" 200 155 "http://renault.activities.at/css/styles.css" "Mozilla/5.0 (Windows NT 10.0; Win64; x64) AppleWebKit/537.36 (KHTML, like Gecko) Chrome/91.0.4472.114 Safari/537.36"
93.83.167.130 - - [30/Jun/2021:12:57:02 +0200] "GET /images/footer_divider.gif HTTP/1.1" 200 44 "http://renault.activities.at/css/styles.css" "Mozilla/5.0 (Windows NT 10.0; Win64; x64) AppleWebKit/537.36 (KHTML, like Gecko) Chrome/91.0.4472.114 Safari/537.36"
93.83.167.130 - - [30/Jun/2021:12:57:02 +0200] "GET /images/sidebar_title_corner_right_top.gif HTTP/1.1" 200 383 "http://renault.activities.at/css/styles.css" "Mozilla/5.0 (Windows NT 10.0; Win64; x64) AppleWebKit/537.36 (KHTML, like Gecko) Chrome/91.0.4472.114 Safari/537.36"
93.83.167.130 - - [30/Jun/2021:12:57:02 +0200] "GET /images/sidebar_title_corner_left_top.gif HTTP/1.1" 200 1124 "http://renault.activities.at/css/styles.css" "Mozilla/5.0 (Windows NT 10.0; Win64; x64) AppleWebKit/537.36 (KHTML, like Gecko) Chrome/91.0.4472.114 Safari/537.36"
93.83.167.130 - - [30/Jun/2021:12:57:10 +0200] "GET /result?searchterm=true&search=typenschilder HTTP/1.1" 200 4663 "http://renault.activities.at/account?loadrequest=true" "Mozilla/5.0 (Windows NT 10.0; Win64; x64) AppleWebKit/537.36 (KHTML, like Gecko) Chrome/91.0.4472.114 Safari/537.36"
93.83.167.130 - - [30/Jun/2021:12:57:10 +0200] "POST /axjaxrequest?mode=suggest HTTP/1.1" 200 21 "http://renault.activities.at/account?loadrequest=true" "Mozilla/5.0 (Windows NT 10.0; Win64; x64) AppleWebKit/537.36 (KHTML, like Gecko) Chrome/91.0.4472.114 Safari/537.36"
93.83.167.130 - - [30/Jun/2021:12:57:11 +0200] "GET /result?searchterm=true&search=typenschilder HTTP/1.1" 200 4663 "http://renault.activities.at/account?loadrequest=true" "Mozilla/5.0 (Windows NT 10.0; Win64; x64) AppleWebKit/537.36 (KHTML, like Gecko) Chrome/91.0.4472.114 Safari/537.36"
93.83.167.130 - - [30/Jun/2021:12:57:14 +0200] "GET /js/prototip.js HTTP/1.1" 200 4588 "http://renault.activities.at/result?searchterm=true&search=typenschilder" "Mozilla/5.0 (Windows NT 10.0; Win64; x64) AppleWebKit/537.36 (KHTML, like Gecko) Chrome/91.0.4472.114 Safari/537.36"
93.83.167.130 - - [30/Jun/2021:12:57:14 +0200] "GET /js/ProduktGrp.js HTTP/1.1" 200 1569 "http://renault.activities.at/result?searchterm=true&search=typenschilder" "Mozilla/5.0 (Windows NT 10.0; Win64; x64) AppleWebKit/537.36 (KHTML, like Gecko) Chrome/91.0.4472.114 Safari/537.36"
