80.123.225.38 - - [30/Jun/2021:09:47:06 +0200] "GET /loadthumbnail.php?id=11127982 HTTP/1.1" 200 399614 "http://renault.activities.at/10260249" "Mozilla/5.0 (Windows NT 10.0; Win64; x64; rv:89.0) Gecko/20100101 Firefox/89.0"
80.123.225.38 - - [30/Jun/2021:09:47:34 +0200] "GET /10260249?dir=DESC&mode=grid&order=name&limit=15&page=2 HTTP/1.1" 200 9140 "http://renault.activities.at/10260249" "Mozilla/5.0 (Windows NT 10.0; Win64; x64; rv:89.0) Gecko/20100101 Firefox/89.0"
80.123.225.38 - - [30/Jun/2021:09:47:37 +0200] "GET /loadthumbnail.php?id=10203275 HTTP/1.1" 200 85 "http://renault.activities.at/10260249?dir=DESC&mode=grid&order=name&limit=15&page=2" "Mozilla/5.0 (Windows NT 10.0; Win64; x64; rv:89.0) Gecko/20100101 Firefox/89.0"
80.123.225.38 - - [30/Jun/2021:09:47:37 +0200] "GET /loadthumbnail.php?id=11342066&width=113 HTTP/1.1" 200 28015 "http://renault.activities.at/10260249?dir=DESC&mode=grid&order=name&limit=15&page=2" "Mozilla/5.0 (Windows NT 10.0; Win64; x64; rv:89.0) Gecko/20100101 Firefox/89.0"
80.123.225.38 - - [30/Jun/2021:09:47:37 +0200] "GET /loadthumbnail.php?id=11342067&width=113 HTTP/1.1" 200 21913 "http://renault.activities.at/10260249?dir=DESC&mode=grid&order=name&limit=15&page=2" "Mozilla/5.0 (Windows NT 10.0; Win64; x64; rv:89.0) Gecko/20100101 Firefox/89.0"
80.123.225.38 - - [30/Jun/2021:09:47:37 +0200] "GET /loadthumbnail.php?id=12034916&width=113 HTTP/1.1" 200 5915 "http://renault.activities.at/10260249?dir=DESC&mode=grid&order=name&limit=15&page=2" "Mozilla/5.0 (Windows NT 10.0; Win64; x64; rv:89.0) Gecko/20100101 Firefox/89.0"
80.123.225.38 - - [30/Jun/2021:09:47:37 +0200] "GET /loadthumbnail.php?id=12017023&width=113 HTTP/1.1" 200 34650 "http://renault.activities.at/10260249?dir=DESC&mode=grid&order=name&limit=15&page=2" "Mozilla/5.0 (Windows NT 10.0; Win64; x64; rv:89.0) Gecko/20100101 Firefox/89.0"
80.123.225.38 - - [30/Jun/2021:09:47:37 +0200] "GET /loadthumbnail.php?id=11877757&width=113 HTTP/1.1" 200 32396 "http://renault.activities.at/10260249?dir=DESC&mode=grid&order=name&limit=15&page=2" "Mozilla/5.0 (Windows NT 10.0; Win64; x64; rv:89.0) Gecko/20100101 Firefox/89.0"
80.123.225.38 - - [30/Jun/2021:09:47:38 +0200] "GET /loadthumbnail.php?id=11164747&width=113 HTTP/1.1" 200 26121 "http://renault.activities.at/10260249?dir=DESC&mode=grid&order=name&limit=15&page=2" "Mozilla/5.0 (Windows NT 10.0; Win64; x64; rv:89.0) Gecko/20100101 Firefox/89.0"
80.123.225.38 - - [30/Jun/2021:09:47:38 +0200] "GET /loadthumbnail.php?id=11319961&width=113 HTTP/1.1" 200 27077 "http://renault.activities.at/10260249?dir=DESC&mode=grid&order=name&limit=15&page=2" "Mozilla/5.0 (Windows NT 10.0; Win64; x64; rv:89.0) Gecko/20100101 Firefox/89.0"
80.123.225.38 - - [30/Jun/2021:09:47:38 +0200] "GET /loadthumbnail.php?id=12139706&width=113 HTTP/1.1" 200 28671 "http://renault.activities.at/10260249?dir=DESC&mode=grid&order=name&limit=15&page=2" "Mozilla/5.0 (Windows NT 10.0; Win64; x64; rv:89.0) Gecko/20100101 Firefox/89.0"
80.123.225.38 - - [30/Jun/2021:09:47:38 +0200] "GET /loadthumbnail.php?id=11715005&width=113 HTTP/1.1" 200 30128 "http://renault.activities.at/10260249?dir=DESC&mode=grid&order=name&limit=15&page=2" "Mozilla/5.0 (Windows NT 10.0; Win64; x64; rv:89.0) Gecko/20100101 Firefox/89.0"
80.123.225.38 - - [30/Jun/2021:09:47:38 +0200] "GET /loadthumbnail.php?id=11577924&width=113 HTTP/1.1" 200 28282 "http://renault.activities.at/10260249?dir=DESC&mode=grid&order=name&limit=15&page=2" "Mozilla/5.0 (Windows NT 10.0; Win64; x64; rv:89.0) Gecko/20100101 Firefox/89.0"
80.123.225.38 - - [30/Jun/2021:09:47:38 +0200] "GET /loadthumbnail.php?id=11877811&width=113 HTTP/1.1" 200 27053 "http://renault.activities.at/10260249?dir=DESC&mode=grid&order=name&limit=15&page=2" "Mozilla/5.0 (Windows NT 10.0; Win64; x64; rv:89.0) Gecko/20100101 Firefox/89.0"
80.123.225.38 - - [30/Jun/2021:09:47:38 +0200] "GET /loadthumbnail.php?id=11715009&width=113 HTTP/1.1" 200 22295 "http://renault.activities.at/10260249?dir=DESC&mode=grid&order=name&limit=15&page=2" "Mozilla/5.0 (Windows NT 10.0; Win64; x64; rv:89.0) Gecko/20100101 Firefox/89.0"
80.123.225.38 - - [30/Jun/2021:09:47:38 +0200] "GET /loadthumbnail.php?id=12250778&width=113 HTTP/1.1" 200 1538 "http://renault.activities.at/10260249?dir=DESC&mode=grid&order=name&limit=15&page=2" "Mozilla/5.0 (Windows NT 10.0; Win64; x64; rv:89.0) Gecko/20100101 Firefox/89.0"
80.123.225.38 - - [30/Jun/2021:09:47:38 +0200] "GET /loadthumbnail.php?id=12250795&width=113 HTTP/1.1" 200 1501 "http://renault.activities.at/10260249?dir=DESC&mode=grid&order=name&limit=15&page=2" "Mozilla/5.0 (Windows NT 10.0; Win64; x64; rv:89.0) Gecko/20100101 Firefox/89.0"
80.123.225.38 - - [30/Jun/2021:09:47:38 +0200] "GET /loadthumbnail.php?id=12250803&width=113 HTTP/1.1" 200 1475 "http://renault.activities.at/10260249?dir=DESC&mode=grid&order=name&limit=15&page=2" "Mozilla/5.0 (Windows NT 10.0; Win64; x64; rv:89.0) Gecko/20100101 Firefox/89.0"
80.123.225.38 - - [30/Jun/2021:09:47:38 +0200] "GET /loadthumbnail.php?id=12333882&width=50&height=50 HTTP/1.1" 200 1113 "http://renault.activities.at/10260249?dir=DESC&mode=grid&order=name&limit=15&page=2" "Mozilla/5.0 (Windows NT 10.0; Win64; x64; rv:89.0) Gecko/20100101 Firefox/89.0"
80.123.225.38 - - [30/Jun/2021:09:47:38 +0200] "GET /loadthumbnail.php?id=12414629&width=50&height=50 HTTP/1.1" 200 1238 "http://renault.activities.at/10260249?dir=DESC&mode=grid&order=name&limit=15&page=2" "Mozilla/5.0 (Windows NT 10.0; Win64; x64; rv:89.0) Gecko/20100101 Firefox/89.0"
80.123.225.38 - - [30/Jun/2021:09:47:38 +0200] "GET /loadthumbnail.php?id=12414627&width=50&height=50 HTTP/1.1" 200 1221 "http://renault.activities.at/10260249?dir=DESC&mode=grid&order=name&limit=15&page=2" "Mozilla/5.0 (Windows NT 10.0; Win64; x64; rv:89.0) Gecko/20100101 Firefox/89.0"
80.123.225.38 - - [30/Jun/2021:09:47:38 +0200] "GET /loadthumbnail.php?id=12237270&width=50&height=50 HTTP/1.1" 200 1115 "http://renault.activities.at/10260249?dir=DESC&mode=grid&order=name&limit=15&page=2" "Mozilla/5.0 (Windows NT 10.0; Win64; x64; rv:89.0) Gecko/20100101 Firefox/89.0"
80.123.225.38 - - [30/Jun/2021:09:47:38 +0200] "GET /loadthumbnail.php?id=12234960&width=50&height=50 HTTP/1.1" 200 1200 "http://renault.activities.at/10260249?dir=DESC&mode=grid&order=name&limit=15&page=2" "Mozilla/5.0 (Windows NT 10.0; Win64; x64; rv:89.0) Gecko/20100101 Firefox/89.0"
80.123.225.38 - - [30/Jun/2021:09:47:38 +0200] "GET /loadthumbnail.php?id=12428314&width=50&height=50 HTTP/1.1" 200 1324 "http://renault.activities.at/10260249?dir=DESC&mode=grid&order=name&limit=15&page=2" "Mozilla/5.0 (Windows NT 10.0; Win64; x64; rv:89.0) Gecko/20100101 Firefox/89.0"
80.123.225.38 - - [30/Jun/2021:09:47:38 +0200] "GET /loadthumbnail.php?id=12421078&width=50&height=50 HTTP/1.1" 200 929 "http://renault.activities.at/10260249?dir=DESC&mode=grid&order=name&limit=15&page=2" "Mozilla/5.0 (Windows NT 10.0; Win64; x64; rv:89.0) Gecko/20100101 Firefox/89.0"
80.123.225.38 - - [30/Jun/2021:09:47:38 +0200] "GET /loadthumbnail.php?id=10203651&width=50&height=50 HTTP/1.1" 200 1234 "http://renault.activities.at/10260249?dir=DESC&mode=grid&order=name&limit=15&page=2" "Mozilla/5.0 (Windows NT 10.0; Win64; x64; rv:89.0) Gecko/20100101 Firefox/89.0"
80.123.225.38 - - [30/Jun/2021:09:47:38 +0200] "GET /loadthumbnail.php?id=10203276 HTTP/1.1" 200 75 "http://renault.activities.at/10260249?dir=DESC&mode=grid&order=name&limit=15&page=2" "Mozilla/5.0 (Windows NT 10.0; Win64; x64; rv:89.0) Gecko/20100101 Firefox/89.0"
80.123.225.38 - - [30/Jun/2021:09:47:38 +0200] "GET /loadthumbnail.php?id=10203255 HTTP/1.1" 200 137 "http://renault.activities.at/10260249?dir=DESC&mode=grid&order=name&limit=15&page=2" "Mozilla/5.0 (Windows NT 10.0; Win64; x64; rv:89.0) Gecko/20100101 Firefox/89.0"
80.123.225.38 - - [30/Jun/2021:09:47:38 +0200] "GET /loadthumbnail.php?id=11127982 HTTP/1.1" 200 399614 "http://renault.activities.at/10260249?dir=DESC&mode=grid&order=name&limit=15&page=2" "Mozilla/5.0 (Windows NT 10.0; Win64; x64; rv:89.0) Gecko/20100101 Firefox/89.0"
80.123.225.38 - - [30/Jun/2021:09:47:50 +0200] "GET /10260249?dir=DESC&mode=grid&order=name&limit=15&page=3 HTTP/1.1" 200 7071 "http://renault.activities.at/10260249?dir=DESC&mode=grid&order=name&limit=15&page=2" "Mozilla/5.0 (Windows NT 10.0; Win64; x64; rv:89.0) Gecko/20100101 Firefox/89.0"
80.123.225.38 - - [30/Jun/2021:09:47:52 +0200] "GET /loadthumbnail.php?id=12250799&width=113 HTTP/1.1" 200 1152 "http://renault.activities.at/10260249?dir=DESC&mode=grid&order=name&limit=15&page=3" "Mozilla/5.0 (Windows NT 10.0; Win64; x64; rv:89.0) Gecko/20100101 Firefox/89.0"
80.123.225.38 - - [30/Jun/2021:09:47:52 +0200] "GET /loadthumbnail.php?id=12333882&width=50&height=50 HTTP/1.1" 200 1113 "http://renault.activities.at/10260249?dir=DESC&mode=grid&order=name&limit=15&page=3" "Mozilla/5.0 (Windows NT 10.0; Win64; x64; rv:89.0) Gecko/20100101 Firefox/89.0"
80.123.225.38 - - [30/Jun/2021:09:47:52 +0200] "GET /loadthumbnail.php?id=10633817&width=113 HTTP/1.1" 200 2614 "http://renault.activities.at/10260249?dir=DESC&mode=grid&order=name&limit=15&page=3" "Mozilla/5.0 (Windows NT 10.0; Win64; x64; rv:89.0) Gecko/20100101 Firefox/89.0"
80.123.225.38 - - [30/Jun/2021:09:47:52 +0200] "GET /loadthumbnail.php?id=12363384&width=113 HTTP/1.1" 200 20801 "http://renault.activities.at/10260249?dir=DESC&mode=grid&order=name&limit=15&page=3" "Mozilla/5.0 (Windows NT 10.0; Win64; x64; rv:89.0) Gecko/20100101 Firefox/89.0"
80.123.225.38 - - [30/Jun/2021:09:47:52 +0200] "GET /loadthumbnail.php?id=12204968&width=113 HTTP/1.1" 200 4284 "http://renault.activities.at/10260249?dir=DESC&mode=grid&order=name&limit=15&page=3" "Mozilla/5.0 (Windows NT 10.0; Win64; x64; rv:89.0) Gecko/20100101 Firefox/89.0"
80.123.225.38 - - [30/Jun/2021:09:47:52 +0200] "GET /loadthumbnail.php?id=12414629&width=50&height=50 HTTP/1.1" 200 1238 "http://renault.activities.at/10260249?dir=DESC&mode=grid&order=name&limit=15&page=3" "Mozilla/5.0 (Windows NT 10.0; Win64; x64; rv:89.0) Gecko/20100101 Firefox/89.0"
80.123.225.38 - - [30/Jun/2021:09:47:52 +0200] "GET /loadthumbnail.php?id=12428314&width=50&height=50 HTTP/1.1" 200 1324 "http://renault.activities.at/10260249?dir=DESC&mode=grid&order=name&limit=15&page=3" "Mozilla/5.0 (Windows NT 10.0; Win64; x64; rv:89.0) Gecko/20100101 Firefox/89.0"
80.123.225.38 - - [30/Jun/2021:09:47:52 +0200] "GET /loadthumbnail.php?id=12237270&width=50&height=50 HTTP/1.1" 200 1115 "http://renault.activities.at/10260249?dir=DESC&mode=grid&order=name&limit=15&page=3" "Mozilla/5.0 (Windows NT 10.0; Win64; x64; rv:89.0) Gecko/20100101 Firefox/89.0"
80.123.225.38 - - [30/Jun/2021:09:47:52 +0200] "GET /loadthumbnail.php?id=12414627&width=50&height=50 HTTP/1.1" 200 1221 "http://renault.activities.at/10260249?dir=DESC&mode=grid&order=name&limit=15&page=3" "Mozilla/5.0 (Windows NT 10.0; Win64; x64; rv:89.0) Gecko/20100101 Firefox/89.0"
80.123.225.38 - - [30/Jun/2021:09:47:52 +0200] "GET /loadthumbnail.php?id=12234960&width=50&height=50 HTTP/1.1" 200 1200 "http://renault.activities.at/10260249?dir=DESC&mode=grid&order=name&limit=15&page=3" "Mozilla/5.0 (Windows NT 10.0; Win64; x64; rv:89.0) Gecko/20100101 Firefox/89.0"
80.123.225.38 - - [30/Jun/2021:09:47:52 +0200] "GET /loadthumbnail.php?id=12421078&width=50&height=50 HTTP/1.1" 200 929 "http://renault.activities.at/10260249?dir=DESC&mode=grid&order=name&limit=15&page=3" "Mozilla/5.0 (Windows NT 10.0; Win64; x64; rv:89.0) Gecko/20100101 Firefox/89.0"
80.123.225.38 - - [30/Jun/2021:09:47:52 +0200] "GET /loadthumbnail.php?id=10203651&width=50&height=50 HTTP/1.1" 200 1234 "http://renault.activities.at/10260249?dir=DESC&mode=grid&order=name&limit=15&page=3" "Mozilla/5.0 (Windows NT 10.0; Win64; x64; rv:89.0) Gecko/20100101 Firefox/89.0"
80.123.225.38 - - [30/Jun/2021:09:47:52 +0200] "GET /loadthumbnail.php?id=10203255 HTTP/1.1" 200 137 "http://renault.activities.at/10260249?dir=DESC&mode=grid&order=name&limit=15&page=3" "Mozilla/5.0 (Windows NT 10.0; Win64; x64; rv:89.0) Gecko/20100101 Firefox/89.0"
80.123.225.38 - - [30/Jun/2021:09:47:52 +0200] "GET /loadthumbnail.php?id=10203275 HTTP/1.1" 200 85 "http://renault.activities.at/10260249?dir=DESC&mode=grid&order=name&limit=15&page=3" "Mozilla/5.0 (Windows NT 10.0; Win64; x64; rv:89.0) Gecko/20100101 Firefox/89.0"
80.123.225.38 - - [30/Jun/2021:09:47:52 +0200] "GET /loadthumbnail.php?id=11127982 HTTP/1.1" 200 399614 "http://renault.activities.at/10260249?dir=DESC&mode=grid&order=name&limit=15&page=3" "Mozilla/5.0 (Windows NT 10.0; Win64; x64; rv:89.0) Gecko/20100101 Firefox/89.0"
138.21.12.25 - - [30/Jun/2021:09:48:04 +0200] "GET /reload?ser=1625039284398 HTTP/1.1" 200 28 "http://renault.2web.at/result?dir=DESC&mode=grid&order=name&limit=15&page=1&search=twingo" "Mozilla/5.0 (Windows NT 10.0; Win64; x64) AppleWebKit/537.36 (KHTML, like Gecko) Chrome/91.0.4472.114 Safari/537.36"
114.119.157.43 - - [30/Jun/2021:09:48:11 +0200] "GET /robots.txt HTTP/1.1" 404 300 "-" "Mozilla/5.0 (compatible;PetalBot;+https://webmaster.petalsearch.com/site/petalbot)"
80.123.225.38 - - [30/Jun/2021:09:48:25 +0200] "POST /axjaxrequest?mode=suggest HTTP/1.1" 200 21 "http://renault.activities.at/10260249?dir=DESC&mode=grid&order=name&limit=15&page=3" "Mozilla/5.0 (Windows NT 10.0; Win64; x64; rv:89.0) Gecko/20100101 Firefox/89.0"
80.123.225.38 - - [30/Jun/2021:09:48:25 +0200] "POST /axjaxrequest?mode=suggest HTTP/1.1" 200 21 "http://renault.activities.at/10260249?dir=DESC&mode=grid&order=name&limit=15&page=3" "Mozilla/5.0 (Windows NT 10.0; Win64; x64; rv:89.0) Gecko/20100101 Firefox/89.0"
80.123.225.38 - - [30/Jun/2021:09:48:25 +0200] "GET /result?searchterm=true&search=sommer HTTP/1.1" 200 5029 "http://renault.activities.at/10260249?dir=DESC&mode=grid&order=name&limit=15&page=3" "Mozilla/5.0 (Windows NT 10.0; Win64; x64; rv:89.0) Gecko/20100101 Firefox/89.0"
80.123.225.38 - - [30/Jun/2021:09:48:29 +0200] "GET /loadthumbnail.php?id=12333882&width=50&height=50 HTTP/1.1" 200 1113 "http://renault.activities.at/result?searchterm=true&search=sommer" "Mozilla/5.0 (Windows NT 10.0; Win64; x64; rv:89.0) Gecko/20100101 Firefox/89.0"
80.123.225.38 - - [30/Jun/2021:09:48:29 +0200] "GET /loadthumbnail.php?id=12234960&width=50&height=50 HTTP/1.1" 200 1200 "http://renault.activities.at/result?searchterm=true&search=sommer" "Mozilla/5.0 (Windows NT 10.0; Win64; x64; rv:89.0) Gecko/20100101 Firefox/89.0"
80.123.225.38 - - [30/Jun/2021:09:48:29 +0200] "GET /loadthumbnail.php?id=12428314&width=50&height=50 HTTP/1.1" 200 1324 "http://renault.activities.at/result?searchterm=true&search=sommer" "Mozilla/5.0 (Windows NT 10.0; Win64; x64; rv:89.0) Gecko/20100101 Firefox/89.0"
80.123.225.38 - - [30/Jun/2021:09:48:29 +0200] "GET /loadthumbnail.php?id=12414629&width=50&height=50 HTTP/1.1" 200 1238 "http://renault.activities.at/result?searchterm=true&search=sommer" "Mozilla/5.0 (Windows NT 10.0; Win64; x64; rv:89.0) Gecko/20100101 Firefox/89.0"
80.123.225.38 - - [30/Jun/2021:09:48:29 +0200] "GET /loadthumbnail.php?id=12237270&width=50&height=50 HTTP/1.1" 200 1115 "http://renault.activities.at/result?searchterm=true&search=sommer" "Mozilla/5.0 (Windows NT 10.0; Win64; x64; rv:89.0) Gecko/20100101 Firefox/89.0"
80.123.225.38 - - [30/Jun/2021:09:48:29 +0200] "GET /loadthumbnail.php?id=12414627&width=50&height=50 HTTP/1.1" 200 1221 "http://renault.activities.at/result?searchterm=true&search=sommer" "Mozilla/5.0 (Windows NT 10.0; Win64; x64; rv:89.0) Gecko/20100101 Firefox/89.0"
80.123.225.38 - - [30/Jun/2021:09:48:29 +0200] "GET /loadthumbnail.php?id=12421078&width=50&height=50 HTTP/1.1" 200 929 "http://renault.activities.at/result?searchterm=true&search=sommer" "Mozilla/5.0 (Windows NT 10.0; Win64; x64; rv:89.0) Gecko/20100101 Firefox/89.0"
80.123.225.38 - - [30/Jun/2021:09:48:29 +0200] "GET /loadthumbnail.php?id=10203651&width=50&height=50 HTTP/1.1" 200 1234 "http://renault.activities.at/result?searchterm=true&search=sommer" "Mozilla/5.0 (Windows NT 10.0; Win64; x64; rv:89.0) Gecko/20100101 Firefox/89.0"
80.123.225.38 - - [30/Jun/2021:09:48:29 +0200] "GET /loadthumbnail.php?id=11127982 HTTP/1.1" 200 399614 "http://renault.activities.at/result?searchterm=true&search=sommer" "Mozilla/5.0 (Windows NT 10.0; Win64; x64; rv:89.0) Gecko/20100101 Firefox/89.0"
80.123.225.38 - - [30/Jun/2021:09:48:36 +0200] "POST /axjaxrequest?mode=suggest HTTP/1.1" 200 186 "http://renault.activities.at/result?searchterm=true&search=sommer" "Mozilla/5.0 (Windows NT 10.0; Win64; x64; rv:89.0) Gecko/20100101 Firefox/89.0"
80.123.225.38 - - [30/Jun/2021:09:48:37 +0200] "POST /axjaxrequest?mode=suggest HTTP/1.1" 200 186 "http://renault.activities.at/result?searchterm=true&search=sommer" "Mozilla/5.0 (Windows NT 10.0; Win64; x64; rv:89.0) Gecko/20100101 Firefox/89.0"
80.123.225.38 - - [30/Jun/2021:09:48:38 +0200] "POST /axjaxrequest?mode=suggest HTTP/1.1" 200 186 "http://renault.activities.at/result?searchterm=true&search=sommer" "Mozilla/5.0 (Windows NT 10.0; Win64; x64; rv:89.0) Gecko/20100101 Firefox/89.0"
80.123.225.38 - - [30/Jun/2021:09:48:40 +0200] "GET /result?searchterm=true&search=poster+sommer HTTP/1.1" 200 5032 "http://renault.activities.at/result?searchterm=true&search=sommer" "Mozilla/5.0 (Windows NT 10.0; Win64; x64; rv:89.0) Gecko/20100101 Firefox/89.0"
80.123.225.38 - - [30/Jun/2021:09:48:42 +0200] "GET /loadthumbnail.php?id=12414627&width=50&height=50 HTTP/1.1" 200 1221 "http://renault.activities.at/result?searchterm=true&search=poster+sommer" "Mozilla/5.0 (Windows NT 10.0; Win64; x64; rv:89.0) Gecko/20100101 Firefox/89.0"
80.123.225.38 - - [30/Jun/2021:09:48:42 +0200] "GET /loadthumbnail.php?id=12414629&width=50&height=50 HTTP/1.1" 200 1238 "http://renault.activities.at/result?searchterm=true&search=poster+sommer" "Mozilla/5.0 (Windows NT 10.0; Win64; x64; rv:89.0) Gecko/20100101 Firefox/89.0"
80.123.225.38 - - [30/Jun/2021:09:48:42 +0200] "GET /loadthumbnail.php?id=12333882&width=50&height=50 HTTP/1.1" 200 1113 "http://renault.activities.at/result?searchterm=true&search=poster+sommer" "Mozilla/5.0 (Windows NT 10.0; Win64; x64; rv:89.0) Gecko/20100101 Firefox/89.0"
80.123.225.38 - - [30/Jun/2021:09:48:42 +0200] "GET /loadthumbnail.php?id=12237270&width=50&height=50 HTTP/1.1" 200 1115 "http://renault.activities.at/result?searchterm=true&search=poster+sommer" "Mozilla/5.0 (Windows NT 10.0; Win64; x64; rv:89.0) Gecko/20100101 Firefox/89.0"
80.123.225.38 - - [30/Jun/2021:09:48:42 +0200] "GET /loadthumbnail.php?id=12428314&width=50&height=50 HTTP/1.1" 200 1324 "http://renault.activities.at/result?searchterm=true&search=poster+sommer" "Mozilla/5.0 (Windows NT 10.0; Win64; x64; rv:89.0) Gecko/20100101 Firefox/89.0"
80.123.225.38 - - [30/Jun/2021:09:48:42 +0200] "GET /loadthumbnail.php?id=12234960&width=50&height=50 HTTP/1.1" 200 1200 "http://renault.activities.at/result?searchterm=true&search=poster+sommer" "Mozilla/5.0 (Windows NT 10.0; Win64; x64; rv:89.0) Gecko/20100101 Firefox/89.0"
80.123.225.38 - - [30/Jun/2021:09:48:42 +0200] "GET /loadthumbnail.php?id=12421078&width=50&height=50 HTTP/1.1" 200 929 "http://renault.activities.at/result?searchterm=true&search=poster+sommer" "Mozilla/5.0 (Windows NT 10.0; Win64; x64; rv:89.0) Gecko/20100101 Firefox/89.0"
80.123.225.38 - - [30/Jun/2021:09:48:42 +0200] "GET /loadthumbnail.php?id=10203651&width=50&height=50 HTTP/1.1" 200 1234 "http://renault.activities.at/result?searchterm=true&search=poster+sommer" "Mozilla/5.0 (Windows NT 10.0; Win64; x64; rv:89.0) Gecko/20100101 Firefox/89.0"
80.123.225.38 - - [30/Jun/2021:09:48:42 +0200] "GET /loadthumbnail.php?id=11127982 HTTP/1.1" 200 399614 "http://renault.activities.at/result?searchterm=true&search=poster+sommer" "Mozilla/5.0 (Windows NT 10.0; Win64; x64; rv:89.0) Gecko/20100101 Firefox/89.0"
80.123.225.38 - - [30/Jun/2021:09:48:40 +0200] "POST /axjaxrequest?mode=suggest HTTP/1.1" 200 21 "http://renault.activities.at/result?searchterm=true&search=sommer" "Mozilla/5.0 (Windows NT 10.0; Win64; x64; rv:89.0) Gecko/20100101 Firefox/89.0"
80.123.225.38 - - [30/Jun/2021:09:48:49 +0200] "GET /result?searchterm=true&search=poster+ HTTP/1.1" 200 8941 "http://renault.activities.at/result?searchterm=true&search=poster+sommer" "Mozilla/5.0 (Windows NT 10.0; Win64; x64; rv:89.0) Gecko/20100101 Firefox/89.0"
80.123.225.38 - - [30/Jun/2021:09:48:52 +0200] "GET /loadthumbnail.php?id=10203276 HTTP/1.1" 200 75 "http://renault.activities.at/result?searchterm=true&search=poster+" "Mozilla/5.0 (Windows NT 10.0; Win64; x64; rv:89.0) Gecko/20100101 Firefox/89.0"
80.123.225.38 - - [30/Jun/2021:09:48:52 +0200] "GET /loadthumbnail.php?id=11586948&width=113 HTTP/1.1" 200 5839 "http://renault.activities.at/result?searchterm=true&search=poster+" "Mozilla/5.0 (Windows NT 10.0; Win64; x64; rv:89.0) Gecko/20100101 Firefox/89.0"
80.123.225.38 - - [30/Jun/2021:09:48:52 +0200] "GET /loadthumbnail.php?id=12364069&width=113 HTTP/1.1" 200 19275 "http://renault.activities.at/result?searchterm=true&search=poster+" "Mozilla/5.0 (Windows NT 10.0; Win64; x64; rv:89.0) Gecko/20100101 Firefox/89.0"
80.123.225.38 - - [30/Jun/2021:09:48:52 +0200] "GET /loadthumbnail.php?id=11461719&width=113 HTTP/1.1" 200 32753 "http://renault.activities.at/result?searchterm=true&search=poster+" "Mozilla/5.0 (Windows NT 10.0; Win64; x64; rv:89.0) Gecko/20100101 Firefox/89.0"
80.123.225.38 - - [30/Jun/2021:09:48:52 +0200] "GET /loadthumbnail.php?id=12294747&width=113 HTTP/1.1" 200 20271 "http://renault.activities.at/result?searchterm=true&search=poster+" "Mozilla/5.0 (Windows NT 10.0; Win64; x64; rv:89.0) Gecko/20100101 Firefox/89.0"
80.123.225.38 - - [30/Jun/2021:09:48:52 +0200] "GET /loadthumbnail.php?id=12208107&width=113 HTTP/1.1" 200 2203 "http://renault.activities.at/result?searchterm=true&search=poster+" "Mozilla/5.0 (Windows NT 10.0; Win64; x64; rv:89.0) Gecko/20100101 Firefox/89.0"
80.123.225.38 - - [30/Jun/2021:09:48:52 +0200] "GET /loadthumbnail.php?id=12397075&width=113 HTTP/1.1" 200 3619 "http://renault.activities.at/result?searchterm=true&search=poster+" "Mozilla/5.0 (Windows NT 10.0; Win64; x64; rv:89.0) Gecko/20100101 Firefox/89.0"
80.123.225.38 - - [30/Jun/2021:09:48:52 +0200] "GET /loadthumbnail.php?id=10259680&width=113 HTTP/1.1" 200 1966 "http://renault.activities.at/result?searchterm=true&search=poster+" "Mozilla/5.0 (Windows NT 10.0; Win64; x64; rv:89.0) Gecko/20100101 Firefox/89.0"
80.123.225.38 - - [30/Jun/2021:09:48:52 +0200] "GET /loadthumbnail.php?id=12040651&width=113 HTTP/1.1" 200 3124 "http://renault.activities.at/result?searchterm=true&search=poster+" "Mozilla/5.0 (Windows NT 10.0; Win64; x64; rv:89.0) Gecko/20100101 Firefox/89.0"
80.123.225.38 - - [30/Jun/2021:09:48:52 +0200] "GET /loadthumbnail.php?id=12040662&width=113 HTTP/1.1" 200 4115 "http://renault.activities.at/result?searchterm=true&search=poster+" "Mozilla/5.0 (Windows NT 10.0; Win64; x64; rv:89.0) Gecko/20100101 Firefox/89.0"
80.123.225.38 - - [30/Jun/2021:09:48:52 +0200] "GET /loadthumbnail.php?id=12341634&width=113 HTTP/1.1" 200 3389 "http://renault.activities.at/result?searchterm=true&search=poster+" "Mozilla/5.0 (Windows NT 10.0; Win64; x64; rv:89.0) Gecko/20100101 Firefox/89.0"
80.123.225.38 - - [30/Jun/2021:09:48:52 +0200] "GET /loadthumbnail.php?id=12101538&width=113 HTTP/1.1" 200 2597 "http://renault.activities.at/result?searchterm=true&search=poster+" "Mozilla/5.0 (Windows NT 10.0; Win64; x64; rv:89.0) Gecko/20100101 Firefox/89.0"
80.123.225.38 - - [30/Jun/2021:09:48:53 +0200] "GET /loadthumbnail.php?id=11927086&width=113 HTTP/1.1" 200 2978 "http://renault.activities.at/result?searchterm=true&search=poster+" "Mozilla/5.0 (Windows NT 10.0; Win64; x64; rv:89.0) Gecko/20100101 Firefox/89.0"
80.123.225.38 - - [30/Jun/2021:09:48:53 +0200] "GET /loadthumbnail.php?id=12341633&width=113 HTTP/1.1" 200 3367 "http://renault.activities.at/result?searchterm=true&search=poster+" "Mozilla/5.0 (Windows NT 10.0; Win64; x64; rv:89.0) Gecko/20100101 Firefox/89.0"
80.123.225.38 - - [30/Jun/2021:09:48:53 +0200] "GET /loadthumbnail.php?id=12341631&width=113 HTTP/1.1" 200 2854 "http://renault.activities.at/result?searchterm=true&search=poster+" "Mozilla/5.0 (Windows NT 10.0; Win64; x64; rv:89.0) Gecko/20100101 Firefox/89.0"
80.123.225.38 - - [30/Jun/2021:09:48:53 +0200] "GET /loadthumbnail.php?id=12088624&width=113 HTTP/1.1" 200 2886 "http://renault.activities.at/result?searchterm=true&search=poster+" "Mozilla/5.0 (Windows NT 10.0; Win64; x64; rv:89.0) Gecko/20100101 Firefox/89.0"
80.123.225.38 - - [30/Jun/2021:09:48:53 +0200] "GET /loadthumbnail.php?id=12333882&width=50&height=50 HTTP/1.1" 200 1113 "http://renault.activities.at/result?searchterm=true&search=poster+" "Mozilla/5.0 (Windows NT 10.0; Win64; x64; rv:89.0) Gecko/20100101 Firefox/89.0"
80.123.225.38 - - [30/Jun/2021:09:48:53 +0200] "GET /loadthumbnail.php?id=12414629&width=50&height=50 HTTP/1.1" 200 1238 "http://renault.activities.at/result?searchterm=true&search=poster+" "Mozilla/5.0 (Windows NT 10.0; Win64; x64; rv:89.0) Gecko/20100101 Firefox/89.0"
80.123.225.38 - - [30/Jun/2021:09:48:53 +0200] "GET /loadthumbnail.php?id=12414627&width=50&height=50 HTTP/1.1" 200 1221 "http://renault.activities.at/result?searchterm=true&search=poster+" "Mozilla/5.0 (Windows NT 10.0; Win64; x64; rv:89.0) Gecko/20100101 Firefox/89.0"
80.123.225.38 - - [30/Jun/2021:09:48:53 +0200] "GET /loadthumbnail.php?id=12237270&width=50&height=50 HTTP/1.1" 200 1115 "http://renault.activities.at/result?searchterm=true&search=poster+" "Mozilla/5.0 (Windows NT 10.0; Win64; x64; rv:89.0) Gecko/20100101 Firefox/89.0"
80.123.225.38 - - [30/Jun/2021:09:48:53 +0200] "GET /loadthumbnail.php?id=12234960&width=50&height=50 HTTP/1.1" 200 1200 "http://renault.activities.at/result?searchterm=true&search=poster+" "Mozilla/5.0 (Windows NT 10.0; Win64; x64; rv:89.0) Gecko/20100101 Firefox/89.0"
80.123.225.38 - - [30/Jun/2021:09:48:53 +0200] "GET /loadthumbnail.php?id=12428314&width=50&height=50 HTTP/1.1" 200 1324 "http://renault.activities.at/result?searchterm=true&search=poster+" "Mozilla/5.0 (Windows NT 10.0; Win64; x64; rv:89.0) Gecko/20100101 Firefox/89.0"
80.123.225.38 - - [30/Jun/2021:09:48:53 +0200] "GET /loadthumbnail.php?id=12421078&width=50&height=50 HTTP/1.1" 200 929 "http://renault.activities.at/result?searchterm=true&search=poster+" "Mozilla/5.0 (Windows NT 10.0; Win64; x64; rv:89.0) Gecko/20100101 Firefox/89.0"
80.123.225.38 - - [30/Jun/2021:09:48:53 +0200] "GET /loadthumbnail.php?id=10203651&width=50&height=50 HTTP/1.1" 200 1234 "http://renault.activities.at/result?searchterm=true&search=poster+" "Mozilla/5.0 (Windows NT 10.0; Win64; x64; rv:89.0) Gecko/20100101 Firefox/89.0"
80.123.225.38 - - [30/Jun/2021:09:48:53 +0200] "GET /loadthumbnail.php?id=10203255 HTTP/1.1" 200 137 "http://renault.activities.at/result?searchterm=true&search=poster+" "Mozilla/5.0 (Windows NT 10.0; Win64; x64; rv:89.0) Gecko/20100101 Firefox/89.0"
80.123.225.38 - - [30/Jun/2021:09:48:53 +0200] "GET /loadthumbnail.php?id=11127982 HTTP/1.1" 200 399614 "http://renault.activities.at/result?searchterm=true&search=poster+" "Mozilla/5.0 (Windows NT 10.0; Win64; x64; rv:89.0) Gecko/20100101 Firefox/89.0"
138.21.12.25 - - [30/Jun/2021:09:49:06 +0200] "GET /reload?ser=1625039346399 HTTP/1.1" 200 28 "http://renault.2web.at/result?dir=DESC&mode=grid&order=name&limit=15&page=1&search=twingo" "Mozilla/5.0 (Windows NT 10.0; Win64; x64) AppleWebKit/537.36 (KHTML, like Gecko) Chrome/91.0.4472.114 Safari/537.36"
80.123.225.38 - - [30/Jun/2021:09:49:54 +0200] "GET /reload?ser=1625039394018 HTTP/1.1" 200 28 "http://renault.activities.at/result?searchterm=true&search=poster+" "Mozilla/5.0 (Windows NT 10.0; Win64; x64; rv:89.0) Gecko/20100101 Firefox/89.0"
138.21.12.25 - - [30/Jun/2021:09:50:08 +0200] "GET /reload?ser=1625039408400 HTTP/1.1" 200 28 "http://renault.2web.at/result?dir=DESC&mode=grid&order=name&limit=15&page=1&search=twingo" "Mozilla/5.0 (Windows NT 10.0; Win64; x64) AppleWebKit/537.36 (KHTML, like Gecko) Chrome/91.0.4472.114 Safari/537.36"
80.123.225.38 - - [30/Jun/2021:09:50:55 +0200] "GET /reload?ser=1625039455020 HTTP/1.1" 200 28 "http://renault.activities.at/result?searchterm=true&search=poster+" "Mozilla/5.0 (Windows NT 10.0; Win64; x64; rv:89.0) Gecko/20100101 Firefox/89.0"
138.21.12.25 - - [30/Jun/2021:09:51:10 +0200] "GET /reload?ser=1625039470400 HTTP/1.1" 200 28 "http://renault.2web.at/result?dir=DESC&mode=grid&order=name&limit=15&page=1&search=twingo" "Mozilla/5.0 (Windows NT 10.0; Win64; x64) AppleWebKit/537.36 (KHTML, like Gecko) Chrome/91.0.4472.114 Safari/537.36"
80.123.225.38 - - [30/Jun/2021:09:51:56 +0200] "GET /reload?ser=1625039516002 HTTP/1.1" 200 28 "http://renault.activities.at/result?searchterm=true&search=poster+" "Mozilla/5.0 (Windows NT 10.0; Win64; x64; rv:89.0) Gecko/20100101 Firefox/89.0"
138.21.12.25 - - [30/Jun/2021:09:52:12 +0200] "GET /reload?ser=1625039532405 HTTP/1.1" 200 28 "http://renault.2web.at/result?dir=DESC&mode=grid&order=name&limit=15&page=1&search=twingo" "Mozilla/5.0 (Windows NT 10.0; Win64; x64) AppleWebKit/537.36 (KHTML, like Gecko) Chrome/91.0.4472.114 Safari/537.36"
80.123.225.38 - - [30/Jun/2021:09:52:56 +0200] "GET /reload?ser=1625039576967 HTTP/1.1" 200 28 "http://renault.activities.at/result?searchterm=true&search=poster+" "Mozilla/5.0 (Windows NT 10.0; Win64; x64; rv:89.0) Gecko/20100101 Firefox/89.0"
138.21.12.25 - - [30/Jun/2021:09:53:14 +0200] "GET /reload?ser=1625039594409 HTTP/1.1" 200 28 "http://renault.2web.at/result?dir=DESC&mode=grid&order=name&limit=15&page=1&search=twingo" "Mozilla/5.0 (Windows NT 10.0; Win64; x64) AppleWebKit/537.36 (KHTML, like Gecko) Chrome/91.0.4472.114 Safari/537.36"
80.123.225.38 - - [30/Jun/2021:09:53:57 +0200] "GET /reload?ser=1625039637952 HTTP/1.1" 200 28 "http://renault.activities.at/result?searchterm=true&search=poster+" "Mozilla/5.0 (Windows NT 10.0; Win64; x64; rv:89.0) Gecko/20100101 Firefox/89.0"
138.21.12.25 - - [30/Jun/2021:09:54:17 +0200] "GET /reload?ser=1625039656413 HTTP/1.1" 200 28 "http://renault.2web.at/result?dir=DESC&mode=grid&order=name&limit=15&page=1&search=twingo" "Mozilla/5.0 (Windows NT 10.0; Win64; x64) AppleWebKit/537.36 (KHTML, like Gecko) Chrome/91.0.4472.114 Safari/537.36"
80.123.225.38 - - [30/Jun/2021:09:54:58 +0200] "GET /reload?ser=1625039698933 HTTP/1.1" 200 28 "http://renault.activities.at/result?searchterm=true&search=poster+" "Mozilla/5.0 (Windows NT 10.0; Win64; x64; rv:89.0) Gecko/20100101 Firefox/89.0"
138.21.12.25 - - [30/Jun/2021:09:55:18 +0200] "GET /reload?ser=1625039718418 HTTP/1.1" 200 28 "http://renault.2web.at/result?dir=DESC&mode=grid&order=name&limit=15&page=1&search=twingo" "Mozilla/5.0 (Windows NT 10.0; Win64; x64) AppleWebKit/537.36 (KHTML, like Gecko) Chrome/91.0.4472.114 Safari/537.36"
80.123.225.38 - - [30/Jun/2021:09:55:59 +0200] "GET /reload?ser=1625039759917 HTTP/1.1" 200 28 "http://renault.activities.at/result?searchterm=true&search=poster+" "Mozilla/5.0 (Windows NT 10.0; Win64; x64; rv:89.0) Gecko/20100101 Firefox/89.0"
138.21.12.25 - - [30/Jun/2021:09:56:20 +0200] "GET /reload?ser=1625039780423 HTTP/1.1" 200 28 "http://renault.2web.at/result?dir=DESC&mode=grid&order=name&limit=15&page=1&search=twingo" "Mozilla/5.0 (Windows NT 10.0; Win64; x64) AppleWebKit/537.36 (KHTML, like Gecko) Chrome/91.0.4472.114 Safari/537.36"
80.123.225.38 - - [30/Jun/2021:09:57:00 +0200] "GET /reload?ser=1625039820890 HTTP/1.1" 200 28 "http://renault.activities.at/result?searchterm=true&search=poster+" "Mozilla/5.0 (Windows NT 10.0; Win64; x64; rv:89.0) Gecko/20100101 Firefox/89.0"
138.21.12.25 - - [30/Jun/2021:09:57:22 +0200] "GET /reload?ser=1625039842423 HTTP/1.1" 200 28 "http://renault.2web.at/result?dir=DESC&mode=grid&order=name&limit=15&page=1&search=twingo" "Mozilla/5.0 (Windows NT 10.0; Win64; x64) AppleWebKit/537.36 (KHTML, like Gecko) Chrome/91.0.4472.114 Safari/537.36"
80.123.225.38 - - [30/Jun/2021:09:58:01 +0200] "GET /reload?ser=1625039881866 HTTP/1.1" 200 28 "http://renault.activities.at/result?searchterm=true&search=poster+" "Mozilla/5.0 (Windows NT 10.0; Win64; x64; rv:89.0) Gecko/20100101 Firefox/89.0"
138.21.12.25 - - [30/Jun/2021:09:58:24 +0200] "GET /reload?ser=1625039904426 HTTP/1.1" 200 28 "http://renault.2web.at/result?dir=DESC&mode=grid&order=name&limit=15&page=1&search=twingo" "Mozilla/5.0 (Windows NT 10.0; Win64; x64) AppleWebKit/537.36 (KHTML, like Gecko) Chrome/91.0.4472.114 Safari/537.36"
80.123.225.38 - - [30/Jun/2021:09:59:02 +0200] "GET /reload?ser=1625039942852 HTTP/1.1" 200 28 "http://renault.activities.at/result?searchterm=true&search=poster+" "Mozilla/5.0 (Windows NT 10.0; Win64; x64; rv:89.0) Gecko/20100101 Firefox/89.0"
138.21.12.25 - - [30/Jun/2021:09:59:26 +0200] "GET /reload?ser=1625039966428 HTTP/1.1" 200 28 "http://renault.2web.at/result?dir=DESC&mode=grid&order=name&limit=15&page=1&search=twingo" "Mozilla/5.0 (Windows NT 10.0; Win64; x64) AppleWebKit/537.36 (KHTML, like Gecko) Chrome/91.0.4472.114 Safari/537.36"
80.123.225.38 - - [30/Jun/2021:10:00:03 +0200] "GET /reload?ser=1625040003856 HTTP/1.1" 200 28 "http://renault.activities.at/result?searchterm=true&search=poster+" "Mozilla/5.0 (Windows NT 10.0; Win64; x64; rv:89.0) Gecko/20100101 Firefox/89.0"
138.21.12.25 - - [30/Jun/2021:10:00:28 +0200] "GET /reload?ser=1625040028429 HTTP/1.1" 200 28 "http://renault.2web.at/result?dir=DESC&mode=grid&order=name&limit=15&page=1&search=twingo" "Mozilla/5.0 (Windows NT 10.0; Win64; x64) AppleWebKit/537.36 (KHTML, like Gecko) Chrome/91.0.4472.114 Safari/537.36"
93.82.180.122 - - [30/Jun/2021:10:01:03 +0200] "GET / HTTP/1.1" 200 3315 "-" "Mozilla/5.0 (Windows NT 10.0; Win64; x64) AppleWebKit/537.36 (KHTML, like Gecko) Chrome/91.0.4472.114 Safari/537.36"
93.82.180.122 - - [30/Jun/2021:10:01:04 +0200] "GET /css/reset.css HTTP/1.1" 200 1356 "http://renault.activities.at/" "Mozilla/5.0 (Windows NT 10.0; Win64; x64) AppleWebKit/537.36 (KHTML, like Gecko) Chrome/91.0.4472.114 Safari/537.36"
93.82.180.122 - - [30/Jun/2021:10:01:04 +0200] "GET /css/clears.css HTTP/1.1" 200 851 "http://renault.activities.at/" "Mozilla/5.0 (Windows NT 10.0; Win64; x64) AppleWebKit/537.36 (KHTML, like Gecko) Chrome/91.0.4472.114 Safari/537.36"
93.82.180.122 - - [30/Jun/2021:10:01:04 +0200] "GET /js/checkout.css HTTP/1.1" 200 359 "http://renault.activities.at/" "Mozilla/5.0 (Windows NT 10.0; Win64; x64) AppleWebKit/537.36 (KHTML, like Gecko) Chrome/91.0.4472.114 Safari/537.36"
93.82.180.122 - - [30/Jun/2021:10:01:04 +0200] "GET /css/prototip.css HTTP/1.1" 200 968 "http://renault.activities.at/" "Mozilla/5.0 (Windows NT 10.0; Win64; x64) AppleWebKit/537.36 (KHTML, like Gecko) Chrome/91.0.4472.114 Safari/537.36"
93.82.180.122 - - [30/Jun/2021:10:01:04 +0200] "GET /js/default.js HTTP/1.1" 200 14698 "http://renault.activities.at/" "Mozilla/5.0 (Windows NT 10.0; Win64; x64) AppleWebKit/537.36 (KHTML, like Gecko) Chrome/91.0.4472.114 Safari/537.36"
93.82.180.122 - - [30/Jun/2021:10:01:04 +0200] "GET /css/styles.css HTTP/1.1" 200 14664 "http://renault.activities.at/" "Mozilla/5.0 (Windows NT 10.0; Win64; x64) AppleWebKit/537.36 (KHTML, like Gecko) Chrome/91.0.4472.114 Safari/537.36"
93.82.180.122 - - [30/Jun/2021:10:01:04 +0200] "GET /css/themes/default.css HTTP/1.1" 200 769 "http://renault.activities.at/" "Mozilla/5.0 (Windows NT 10.0; Win64; x64) AppleWebKit/537.36 (KHTML, like Gecko) Chrome/91.0.4472.114 Safari/537.36"
93.82.180.122 - - [30/Jun/2021:10:01:04 +0200] "GET /css/themes/alphacube.css HTTP/1.1" 200 743 "http://renault.activities.at/" "Mozilla/5.0 (Windows NT 10.0; Win64; x64) AppleWebKit/537.36 (KHTML, like Gecko) Chrome/91.0.4472.114 Safari/537.36"
93.82.180.122 - - [30/Jun/2021:10:01:04 +0200] "GET /js/flashdetection.js HTTP/1.1" 200 1059 "http://renault.activities.at/" "Mozilla/5.0 (Windows NT 10.0; Win64; x64) AppleWebKit/537.36 (KHTML, like Gecko) Chrome/91.0.4472.114 Safari/537.36"
93.82.180.122 - - [30/Jun/2021:10:01:04 +0200] "GET /js/index.php?c=auto&f=,prototype/prototype.js,prototype/validation.js,scriptaculous/builder.js,scriptaculous/effects.js,scriptaculous/dragdrop.js,scriptaculous/controls.js,scriptaculous/slider.js,varien/js.js,varien/form.js,varien/menu.js,mage/translate.js,mage/cookies.js,varien/product.js,spinner/SpinnerControl.jsmin.js,prototype/window.js,prototype/window_ext.js HTTP/1.1" 200 94182 "http://renault.activities.at/" "Mozilla/5.0 (Windows NT 10.0; Win64; x64) AppleWebKit/537.36 (KHTML, like Gecko) Chrome/91.0.4472.114 Safari/537.36"
93.82.180.122 - - [30/Jun/2021:10:01:04 +0200] "GET /images/main_block_border.gif HTTP/1.1" 200 43 "http://renault.activities.at/css/styles.css" "Mozilla/5.0 (Windows NT 10.0; Win64; x64) AppleWebKit/537.36 (KHTML, like Gecko) Chrome/91.0.4472.114 Safari/537.36"
93.82.180.122 - - [30/Jun/2021:10:01:04 +0200] "GET /images/main_block_corner_left_bot.gif HTTP/1.1" 200 159 "http://renault.activities.at/css/styles.css" "Mozilla/5.0 (Windows NT 10.0; Win64; x64) AppleWebKit/537.36 (KHTML, like Gecko) Chrome/91.0.4472.114 Safari/537.36"
93.82.180.122 - - [30/Jun/2021:10:01:04 +0200] "GET /images/main_block_corner_right_bot.gif HTTP/1.1" 200 158 "http://renault.activities.at/css/styles.css" "Mozilla/5.0 (Windows NT 10.0; Win64; x64) AppleWebKit/537.36 (KHTML, like Gecko) Chrome/91.0.4472.114 Safari/537.36"
93.82.180.122 - - [30/Jun/2021:10:01:04 +0200] "GET /images/header_block_corner_left_top.gif HTTP/1.1" 200 160 "http://renault.activities.at/css/styles.css" "Mozilla/5.0 (Windows NT 10.0; Win64; x64) AppleWebKit/537.36 (KHTML, like Gecko) Chrome/91.0.4472.114 Safari/537.36"
93.82.180.122 - - [30/Jun/2021:10:01:04 +0200] "GET /images/header_block_border.gif HTTP/1.1" 200 43 "http://renault.activities.at/css/styles.css" "Mozilla/5.0 (Windows NT 10.0; Win64; x64) AppleWebKit/537.36 (KHTML, like Gecko) Chrome/91.0.4472.114 Safari/537.36"
93.82.180.122 - - [30/Jun/2021:10:01:04 +0200] "GET /css/print.css HTTP/1.1" 200 543 "http://renault.activities.at/" "Mozilla/5.0 (Windows NT 10.0; Win64; x64) AppleWebKit/537.36 (KHTML, like Gecko) Chrome/91.0.4472.114 Safari/537.36"
93.82.180.122 - - [30/Jun/2021:10:01:04 +0200] "GET /images/header_block_corner_right_top.gif HTTP/1.1" 200 160 "http://renault.activities.at/css/styles.css" "Mozilla/5.0 (Windows NT 10.0; Win64; x64) AppleWebKit/537.36 (KHTML, like Gecko) Chrome/91.0.4472.114 Safari/537.36"
93.82.180.122 - - [30/Jun/2021:10:01:04 +0200] "GET /images/main_block_corner_left_top.gif HTTP/1.1" 200 159 "http://renault.activities.at/css/styles.css" "Mozilla/5.0 (Windows NT 10.0; Win64; x64) AppleWebKit/537.36 (KHTML, like Gecko) Chrome/91.0.4472.114 Safari/537.36"
93.82.180.122 - - [30/Jun/2021:10:01:04 +0200] "GET /images/title_border.jpg HTTP/1.1" 200 304 "http://renault.activities.at/css/styles.css" "Mozilla/5.0 (Windows NT 10.0; Win64; x64) AppleWebKit/537.36 (KHTML, like Gecko) Chrome/91.0.4472.114 Safari/537.36"
93.82.180.122 - - [30/Jun/2021:10:01:04 +0200] "GET /images/title_border_top.jpg HTTP/1.1" 200 336 "http://renault.activities.at/css/styles.css" "Mozilla/5.0 (Windows NT 10.0; Win64; x64) AppleWebKit/537.36 (KHTML, like Gecko) Chrome/91.0.4472.114 Safari/537.36"
93.82.180.122 - - [30/Jun/2021:10:01:04 +0200] "GET /images/main_block_corner_right_top.gif HTTP/1.1" 200 159 "http://renault.activities.at/css/styles.css" "Mozilla/5.0 (Windows NT 10.0; Win64; x64) AppleWebKit/537.36 (KHTML, like Gecko) Chrome/91.0.4472.114 Safari/537.36"
93.82.180.122 - - [30/Jun/2021:10:01:04 +0200] "GET /images/title_corner_left_top.jpg HTTP/1.1" 200 372 "http://renault.activities.at/css/styles.css" "Mozilla/5.0 (Windows NT 10.0; Win64; x64) AppleWebKit/537.36 (KHTML, like Gecko) Chrome/91.0.4472.114 Safari/537.36"
93.82.180.122 - - [30/Jun/2021:10:01:04 +0200] "GET /images/title_corner_right_top.jpg HTTP/1.1" 200 389 "http://renault.activities.at/css/styles.css" "Mozilla/5.0 (Windows NT 10.0; Win64; x64) AppleWebKit/537.36 (KHTML, like Gecko) Chrome/91.0.4472.114 Safari/537.36"
93.82.180.122 - - [30/Jun/2021:10:01:04 +0200] "GET /loadthumbnail.php?id=11127982 HTTP/1.1" 200 399614 "http://renault.activities.at/" "Mozilla/5.0 (Windows NT 10.0; Win64; x64) AppleWebKit/537.36 (KHTML, like Gecko) Chrome/91.0.4472.114 Safari/537.36"
93.82.180.122 - - [30/Jun/2021:10:01:04 +0200] "GET /images/favicon.ico HTTP/1.1" 404 305 "http://renault.activities.at/" "Mozilla/5.0 (Windows NT 10.0; Win64; x64) AppleWebKit/537.36 (KHTML, like Gecko) Chrome/91.0.4472.114 Safari/537.36"
80.123.225.38 - - [30/Jun/2021:10:01:04 +0200] "GET /reload?ser=1625040064847 HTTP/1.1" 200 28 "http://renault.activities.at/result?searchterm=true&search=poster+" "Mozilla/5.0 (Windows NT 10.0; Win64; x64; rv:89.0) Gecko/20100101 Firefox/89.0"
93.82.180.122 - - [30/Jun/2021:10:01:06 +0200] "GET /login HTTP/1.1" 200 2085 "http://renault.activities.at/" "Mozilla/5.0 (Windows NT 10.0; Win64; x64) AppleWebKit/537.36 (KHTML, like Gecko) Chrome/91.0.4472.114 Safari/537.36"
93.82.180.122 - - [30/Jun/2021:10:01:07 +0200] "GET /images/button_left_bg.gif HTTP/1.1" 200 564 "http://renault.activities.at/css/styles.css" "Mozilla/5.0 (Windows NT 10.0; Win64; x64) AppleWebKit/537.36 (KHTML, like Gecko) Chrome/91.0.4472.114 Safari/537.36"
93.82.180.122 - - [30/Jun/2021:10:01:07 +0200] "GET /images/button_right_bg.gif HTTP/1.1" 200 561 "http://renault.activities.at/css/styles.css" "Mozilla/5.0 (Windows NT 10.0; Win64; x64) AppleWebKit/537.36 (KHTML, like Gecko) Chrome/91.0.4472.114 Safari/537.36"
93.82.180.122 - - [30/Jun/2021:10:01:07 +0200] "GET /images/button_bg.gif HTTP/1.1" 200 151 "http://renault.activities.at/css/styles.css" "Mozilla/5.0 (Windows NT 10.0; Win64; x64) AppleWebKit/537.36 (KHTML, like Gecko) Chrome/91.0.4472.114 Safari/537.36"
93.82.180.122 - - [30/Jun/2021:10:01:12 +0200] "POST /login HTTP/1.1" 302 140 "http://renault.activities.at/login" "Mozilla/5.0 (Windows NT 10.0; Win64; x64) AppleWebKit/537.36 (KHTML, like Gecko) Chrome/91.0.4472.114 Safari/537.36"
93.82.180.122 - - [30/Jun/2021:10:01:13 +0200] "GET /account HTTP/1.1" 200 6038 "http://renault.activities.at/login" "Mozilla/5.0 (Windows NT 10.0; Win64; x64) AppleWebKit/537.36 (KHTML, like Gecko) Chrome/91.0.4472.114 Safari/537.36"
93.82.180.122 - - [30/Jun/2021:10:01:17 +0200] "GET /js/account.js HTTP/1.1" 200 953 "http://renault.activities.at/account" "Mozilla/5.0 (Windows NT 10.0; Win64; x64) AppleWebKit/537.36 (KHTML, like Gecko) Chrome/91.0.4472.114 Safari/537.36"
93.82.180.122 - - [30/Jun/2021:10:01:17 +0200] "GET /images/menu_button_bg.jpg HTTP/1.1" 200 322 "http://renault.activities.at/css/styles.css" "Mozilla/5.0 (Windows NT 10.0; Win64; x64) AppleWebKit/537.36 (KHTML, like Gecko) Chrome/91.0.4472.114 Safari/537.36"
93.82.180.122 - - [30/Jun/2021:10:01:17 +0200] "GET /images/top_links_divider.gif HTTP/1.1" 200 44 "http://renault.activities.at/css/styles.css" "Mozilla/5.0 (Windows NT 10.0; Win64; x64) AppleWebKit/537.36 (KHTML, like Gecko) Chrome/91.0.4472.114 Safari/537.36"
93.82.180.122 - - [30/Jun/2021:10:01:17 +0200] "GET /images/nav_divider.gif HTTP/1.1" 200 43 "http://renault.activities.at/css/styles.css" "Mozilla/5.0 (Windows NT 10.0; Win64; x64) AppleWebKit/537.36 (KHTML, like Gecko) Chrome/91.0.4472.114 Safari/537.36"
93.82.180.122 - - [30/Jun/2021:10:01:17 +0200] "GET /images/menu_divider.gif HTTP/1.1" 200 176 "http://renault.activities.at/css/styles.css" "Mozilla/5.0 (Windows NT 10.0; Win64; x64) AppleWebKit/537.36 (KHTML, like Gecko) Chrome/91.0.4472.114 Safari/537.36"
93.82.180.122 - - [30/Jun/2021:10:01:17 +0200] "GET /images/search_bg.gif HTTP/1.1" 200 1726 "http://renault.activities.at/css/styles.css" "Mozilla/5.0 (Windows NT 10.0; Win64; x64) AppleWebKit/537.36 (KHTML, like Gecko) Chrome/91.0.4472.114 Safari/537.36"
93.82.180.122 - - [30/Jun/2021:10:01:17 +0200] "GET /images/sidebar_title_corner_right_top.gif HTTP/1.1" 200 383 "http://renault.activities.at/css/styles.css" "Mozilla/5.0 (Windows NT 10.0; Win64; x64) AppleWebKit/537.36 (KHTML, like Gecko) Chrome/91.0.4472.114 Safari/537.36"
93.82.180.122 - - [30/Jun/2021:10:01:17 +0200] "GET /images/sidebar_title_border_top.gif HTTP/1.1" 200 155 "http://renault.activities.at/css/styles.css" "Mozilla/5.0 (Windows NT 10.0; Win64; x64) AppleWebKit/537.36 (KHTML, like Gecko) Chrome/91.0.4472.114 Safari/537.36"
93.82.180.122 - - [30/Jun/2021:10:01:17 +0200] "GET /images/sidebar_title_corner_left_top.gif HTTP/1.1" 200 1124 "http://renault.activities.at/css/styles.css" "Mozilla/5.0 (Windows NT 10.0; Win64; x64) AppleWebKit/537.36 (KHTML, like Gecko) Chrome/91.0.4472.114 Safari/537.36"
93.82.180.122 - - [30/Jun/2021:10:01:17 +0200] "GET /images/sidebar_title_border.gif HTTP/1.1" 200 43 "http://renault.activities.at/css/styles.css" "Mozilla/5.0 (Windows NT 10.0; Win64; x64) AppleWebKit/537.36 (KHTML, like Gecko) Chrome/91.0.4472.114 Safari/537.36"
93.82.180.122 - - [30/Jun/2021:10:01:17 +0200] "GET /images/footer_divider.gif HTTP/1.1" 200 44 "http://renault.activities.at/css/styles.css" "Mozilla/5.0 (Windows NT 10.0; Win64; x64) AppleWebKit/537.36 (KHTML, like Gecko) Chrome/91.0.4472.114 Safari/537.36"
93.82.180.122 - - [30/Jun/2021:10:01:17 +0200] "GET /loadthumbnail.php?id=12421086&width=50&height=50 HTTP/1.1" 200 929 "http://renault.activities.at/account" "Mozilla/5.0 (Windows NT 10.0; Win64; x64) AppleWebKit/537.36 (KHTML, like Gecko) Chrome/91.0.4472.114 Safari/537.36"
93.82.180.122 - - [30/Jun/2021:10:01:17 +0200] "GET /loadthumbnail.php?id=12421074&width=50&height=50 HTTP/1.1" 200 929 "http://renault.activities.at/account" "Mozilla/5.0 (Windows NT 10.0; Win64; x64) AppleWebKit/537.36 (KHTML, like Gecko) Chrome/91.0.4472.114 Safari/537.36"
93.82.180.122 - - [30/Jun/2021:10:01:17 +0200] "GET /loadthumbnail.php?id=12421078&width=50&height=50 HTTP/1.1" 200 929 "http://renault.activities.at/account" "Mozilla/5.0 (Windows NT 10.0; Win64; x64) AppleWebKit/537.36 (KHTML, like Gecko) Chrome/91.0.4472.114 Safari/537.36"
93.82.180.122 - - [30/Jun/2021:10:01:28 +0200] "POST /axjaxrequest?mode=suggest HTTP/1.1" 200 363 "http://renault.activities.at/account" "Mozilla/5.0 (Windows NT 10.0; Win64; x64) AppleWebKit/537.36 (KHTML, like Gecko) Chrome/91.0.4472.114 Safari/537.36"
93.82.180.122 - - [30/Jun/2021:10:01:29 +0200] "POST /axjaxrequest?mode=suggest HTTP/1.1" 200 112 "http://renault.activities.at/account" "Mozilla/5.0 (Windows NT 10.0; Win64; x64) AppleWebKit/537.36 (KHTML, like Gecko) Chrome/91.0.4472.114 Safari/537.36"
138.21.12.25 - - [30/Jun/2021:10:01:30 +0200] "GET /reload?ser=1625040090431 HTTP/1.1" 200 28 "http://renault.2web.at/result?dir=DESC&mode=grid&order=name&limit=15&page=1&search=twingo" "Mozilla/5.0 (Windows NT 10.0; Win64; x64) AppleWebKit/537.36 (KHTML, like Gecko) Chrome/91.0.4472.114 Safari/537.36"
93.82.180.122 - - [30/Jun/2021:10:01:31 +0200] "GET /result?searchterm=true&search=kangoo HTTP/1.1" 200 8561 "http://renault.activities.at/account" "Mozilla/5.0 (Windows NT 10.0; Win64; x64) AppleWebKit/537.36 (KHTML, like Gecko) Chrome/91.0.4472.114 Safari/537.36"
93.82.180.122 - - [30/Jun/2021:10:01:34 +0200] "GET /js/prototip.js HTTP/1.1" 200 4588 "http://renault.activities.at/result?searchterm=true&search=kangoo" "Mozilla/5.0 (Windows NT 10.0; Win64; x64) AppleWebKit/537.36 (KHTML, like Gecko) Chrome/91.0.4472.114 Safari/537.36"
93.82.180.122 - - [30/Jun/2021:10:01:34 +0200] "GET /js/ProduktGrp.js HTTP/1.1" 200 1569 "http://renault.activities.at/result?searchterm=true&search=kangoo" "Mozilla/5.0 (Windows NT 10.0; Win64; x64) AppleWebKit/537.36 (KHTML, like Gecko) Chrome/91.0.4472.114 Safari/537.36"
93.82.180.122 - - [30/Jun/2021:10:01:34 +0200] "GET /images/loading.gif HTTP/1.1" 200 3208 "http://renault.activities.at/result?searchterm=true&search=kangoo" "Mozilla/5.0 (Windows NT 10.0; Win64; x64) AppleWebKit/537.36 (KHTML, like Gecko) Chrome/91.0.4472.114 Safari/537.36"
93.82.180.122 - - [30/Jun/2021:10:01:34 +0200] "GET /loadthumbnail.php?id=10203276 HTTP/1.1" 200 75 "http://renault.activities.at/result?searchterm=true&search=kangoo" "Mozilla/5.0 (Windows NT 10.0; Win64; x64) AppleWebKit/537.36 (KHTML, like Gecko) Chrome/91.0.4472.114 Safari/537.36"
93.82.180.122 - - [30/Jun/2021:10:01:34 +0200] "GET /loadthumbnail.php?id=11181187&width=113 HTTP/1.1" 200 1532 "http://renault.activities.at/result?searchterm=true&search=kangoo" "Mozilla/5.0 (Windows NT 10.0; Win64; x64) AppleWebKit/537.36 (KHTML, like Gecko) Chrome/91.0.4472.114 Safari/537.36"
93.82.180.122 - - [30/Jun/2021:10:01:34 +0200] "GET /loadthumbnail.php?id=11564187&width=113 HTTP/1.1" 200 22491 "http://renault.activities.at/result?searchterm=true&search=kangoo" "Mozilla/5.0 (Windows NT 10.0; Win64; x64) AppleWebKit/537.36 (KHTML, like Gecko) Chrome/91.0.4472.114 Safari/537.36"
93.82.180.122 - - [30/Jun/2021:10:01:34 +0200] "GET /loadthumbnail.php?id=11181185&width=113 HTTP/1.1" 200 1532 "http://renault.activities.at/result?searchterm=true&search=kangoo" "Mozilla/5.0 (Windows NT 10.0; Win64; x64) AppleWebKit/537.36 (KHTML, like Gecko) Chrome/91.0.4472.114 Safari/537.36"
93.82.180.122 - - [30/Jun/2021:10:01:34 +0200] "GET /loadthumbnail.php?id=12428351&width=113 HTTP/1.1" 200 5484 "http://renault.activities.at/result?searchterm=true&search=kangoo" "Mozilla/5.0 (Windows NT 10.0; Win64; x64) AppleWebKit/537.36 (KHTML, like Gecko) Chrome/91.0.4472.114 Safari/537.36"
93.82.180.122 - - [30/Jun/2021:10:01:34 +0200] "GET /loadthumbnail.php?id=10203255 HTTP/1.1" 200 137 "http://renault.activities.at/result?searchterm=true&search=kangoo" "Mozilla/5.0 (Windows NT 10.0; Win64; x64) AppleWebKit/537.36 (KHTML, like Gecko) Chrome/91.0.4472.114 Safari/537.36"
93.82.180.122 - - [30/Jun/2021:10:01:34 +0200] "GET /images/pager_bg.gif HTTP/1.1" 200 150 "http://renault.activities.at/css/styles.css" "Mozilla/5.0 (Windows NT 10.0; Win64; x64) AppleWebKit/537.36 (KHTML, like Gecko) Chrome/91.0.4472.114 Safari/537.36"
93.82.180.122 - - [30/Jun/2021:10:01:34 +0200] "GET /images/vista-up.gif HTTP/1.1" 200 131 "http://renault.activities.at/css/styles.css" "Mozilla/5.0 (Windows NT 10.0; Win64; x64) AppleWebKit/537.36 (KHTML, like Gecko) Chrome/91.0.4472.114 Safari/537.36"
