91.114.96.114 - - [01/Jul/2021:10:00:36 +0200] "GET /reload?ser=1625126434846 HTTP/1.1" 200 28 "http://renault.activities.at/result?searchterm=true&search=coc" "Mozilla/5.0 (Windows NT 10.0; Win64; x64) AppleWebKit/537.36 (KHTML, like Gecko) Chrome/91.0.4472.114 Safari/537.36 Edg/91.0.864.59"
138.21.12.21 - - [01/Jul/2021:10:00:53 +0200] "GET /reload?ser=1625126453229 HTTP/1.1" 200 28 "http://renault.2web.at/account" "Mozilla/5.0 (Windows NT 10.0; Win64; x64) AppleWebKit/537.36 (KHTML, like Gecko) Chrome/91.0.4472.114 Safari/537.36"
91.114.96.114 - - [01/Jul/2021:10:01:37 +0200] "GET /reload?ser=1625126495841 HTTP/1.1" 200 28 "http://renault.activities.at/result?searchterm=true&search=coc" "Mozilla/5.0 (Windows NT 10.0; Win64; x64) AppleWebKit/537.36 (KHTML, like Gecko) Chrome/91.0.4472.114 Safari/537.36 Edg/91.0.864.59"
138.21.12.21 - - [01/Jul/2021:10:01:55 +0200] "GET /reload?ser=1625126515230 HTTP/1.1" 200 28 "http://renault.2web.at/account" "Mozilla/5.0 (Windows NT 10.0; Win64; x64) AppleWebKit/537.36 (KHTML, like Gecko) Chrome/91.0.4472.114 Safari/537.36"
91.114.96.114 - - [01/Jul/2021:10:02:38 +0200] "GET /reload?ser=1625126556838 HTTP/1.1" 200 28 "http://renault.activities.at/result?searchterm=true&search=coc" "Mozilla/5.0 (Windows NT 10.0; Win64; x64) AppleWebKit/537.36 (KHTML, like Gecko) Chrome/91.0.4472.114 Safari/537.36 Edg/91.0.864.59"
138.21.12.21 - - [01/Jul/2021:10:02:57 +0200] "GET /reload?ser=1625126577232 HTTP/1.1" 200 28 "http://renault.2web.at/account" "Mozilla/5.0 (Windows NT 10.0; Win64; x64) AppleWebKit/537.36 (KHTML, like Gecko) Chrome/91.0.4472.114 Safari/537.36"
91.114.96.114 - - [01/Jul/2021:10:03:39 +0200] "GET /reload?ser=1625126617844 HTTP/1.1" 200 28 "http://renault.activities.at/result?searchterm=true&search=coc" "Mozilla/5.0 (Windows NT 10.0; Win64; x64) AppleWebKit/537.36 (KHTML, like Gecko) Chrome/91.0.4472.114 Safari/537.36 Edg/91.0.864.59"
138.21.12.21 - - [01/Jul/2021:10:03:59 +0200] "GET /reload?ser=1625126639232 HTTP/1.1" 200 28 "http://renault.2web.at/account" "Mozilla/5.0 (Windows NT 10.0; Win64; x64) AppleWebKit/537.36 (KHTML, like Gecko) Chrome/91.0.4472.114 Safari/537.36"
91.114.96.114 - - [01/Jul/2021:10:04:42 +0200] "GET /reload?ser=1625126679835 HTTP/1.1" 200 28 "http://renault.activities.at/result?searchterm=true&search=coc" "Mozilla/5.0 (Windows NT 10.0; Win64; x64) AppleWebKit/537.36 (KHTML, like Gecko) Chrome/91.0.4472.114 Safari/537.36 Edg/91.0.864.59"
138.21.12.21 - - [01/Jul/2021:10:05:01 +0200] "GET /reload?ser=1625126701232 HTTP/1.1" 200 28 "http://renault.2web.at/account" "Mozilla/5.0 (Windows NT 10.0; Win64; x64) AppleWebKit/537.36 (KHTML, like Gecko) Chrome/91.0.4472.114 Safari/537.36"
91.114.96.114 - - [01/Jul/2021:10:05:43 +0200] "GET /reload?ser=1625126741832 HTTP/1.1" 200 28 "http://renault.activities.at/result?searchterm=true&search=coc" "Mozilla/5.0 (Windows NT 10.0; Win64; x64) AppleWebKit/537.36 (KHTML, like Gecko) Chrome/91.0.4472.114 Safari/537.36 Edg/91.0.864.59"
138.21.12.21 - - [01/Jul/2021:10:06:03 +0200] "GET /reload?ser=1625126763241 HTTP/1.1" 200 28 "http://renault.2web.at/account" "Mozilla/5.0 (Windows NT 10.0; Win64; x64) AppleWebKit/537.36 (KHTML, like Gecko) Chrome/91.0.4472.114 Safari/537.36"
91.114.96.114 - - [01/Jul/2021:10:06:45 +0200] "GET /reload?ser=1625126803834 HTTP/1.1" 200 28 "http://renault.activities.at/result?searchterm=true&search=coc" "Mozilla/5.0 (Windows NT 10.0; Win64; x64) AppleWebKit/537.36 (KHTML, like Gecko) Chrome/91.0.4472.114 Safari/537.36 Edg/91.0.864.59"
138.21.12.21 - - [01/Jul/2021:10:07:05 +0200] "GET /reload?ser=1625126825238 HTTP/1.1" 200 28 "http://renault.2web.at/account" "Mozilla/5.0 (Windows NT 10.0; Win64; x64) AppleWebKit/537.36 (KHTML, like Gecko) Chrome/91.0.4472.114 Safari/537.36"
91.114.96.114 - - [01/Jul/2021:10:07:47 +0200] "GET /reload?ser=1625126865839 HTTP/1.1" 200 28 "http://renault.activities.at/result?searchterm=true&search=coc" "Mozilla/5.0 (Windows NT 10.0; Win64; x64) AppleWebKit/537.36 (KHTML, like Gecko) Chrome/91.0.4472.114 Safari/537.36 Edg/91.0.864.59"
138.21.12.21 - - [01/Jul/2021:10:08:07 +0200] "GET /reload?ser=1625126887240 HTTP/1.1" 200 28 "http://renault.2web.at/account" "Mozilla/5.0 (Windows NT 10.0; Win64; x64) AppleWebKit/537.36 (KHTML, like Gecko) Chrome/91.0.4472.114 Safari/537.36"
91.114.96.114 - - [01/Jul/2021:10:08:48 +0200] "GET /reload?ser=1625126926834 HTTP/1.1" 200 28 "http://renault.activities.at/result?searchterm=true&search=coc" "Mozilla/5.0 (Windows NT 10.0; Win64; x64) AppleWebKit/537.36 (KHTML, like Gecko) Chrome/91.0.4472.114 Safari/537.36 Edg/91.0.864.59"
138.21.12.21 - - [01/Jul/2021:10:09:09 +0200] "GET /reload?ser=1625126949262 HTTP/1.1" 200 28 "http://renault.2web.at/account" "Mozilla/5.0 (Windows NT 10.0; Win64; x64) AppleWebKit/537.36 (KHTML, like Gecko) Chrome/91.0.4472.114 Safari/537.36"
91.114.96.114 - - [01/Jul/2021:10:09:49 +0200] "GET /reload?ser=1625126987835 HTTP/1.1" 200 28 "http://renault.activities.at/result?searchterm=true&search=coc" "Mozilla/5.0 (Windows NT 10.0; Win64; x64) AppleWebKit/537.36 (KHTML, like Gecko) Chrome/91.0.4472.114 Safari/537.36 Edg/91.0.864.59"
138.21.12.21 - - [01/Jul/2021:10:10:11 +0200] "GET /reload?ser=1625127011252 HTTP/1.1" 200 28 "http://renault.2web.at/account" "Mozilla/5.0 (Windows NT 10.0; Win64; x64) AppleWebKit/537.36 (KHTML, like Gecko) Chrome/91.0.4472.114 Safari/537.36"
91.114.96.114 - - [01/Jul/2021:10:10:51 +0200] "GET /reload?ser=1625127049827 HTTP/1.1" 200 28 "http://renault.activities.at/result?searchterm=true&search=coc" "Mozilla/5.0 (Windows NT 10.0; Win64; x64) AppleWebKit/537.36 (KHTML, like Gecko) Chrome/91.0.4472.114 Safari/537.36 Edg/91.0.864.59"
138.21.12.21 - - [01/Jul/2021:10:11:13 +0200] "GET /reload?ser=1625127073250 HTTP/1.1" 200 28 "http://renault.2web.at/account" "Mozilla/5.0 (Windows NT 10.0; Win64; x64) AppleWebKit/537.36 (KHTML, like Gecko) Chrome/91.0.4472.114 Safari/537.36"
91.114.96.114 - - [01/Jul/2021:10:11:53 +0200] "GET /reload?ser=1625127111837 HTTP/1.1" 200 28 "http://renault.activities.at/result?searchterm=true&search=coc" "Mozilla/5.0 (Windows NT 10.0; Win64; x64) AppleWebKit/537.36 (KHTML, like Gecko) Chrome/91.0.4472.114 Safari/537.36 Edg/91.0.864.59"
138.21.12.21 - - [01/Jul/2021:10:12:15 +0200] "GET /reload?ser=1625127135252 HTTP/1.1" 200 28 "http://renault.2web.at/account" "Mozilla/5.0 (Windows NT 10.0; Win64; x64) AppleWebKit/537.36 (KHTML, like Gecko) Chrome/91.0.4472.114 Safari/537.36"
91.114.96.114 - - [01/Jul/2021:10:12:54 +0200] "GET /reload?ser=1625127172823 HTTP/1.1" 200 28 "http://renault.activities.at/result?searchterm=true&search=coc" "Mozilla/5.0 (Windows NT 10.0; Win64; x64) AppleWebKit/537.36 (KHTML, like Gecko) Chrome/91.0.4472.114 Safari/537.36 Edg/91.0.864.59"
54.196.34.47 - - [01/Jul/2021:10:13:13 +0200] "GET /reload?ser=1625126741832 HTTP/1.1" 200 10166 "-" "Mozilla/5.0 (Windows NT 6.1; Win64; x64) AppleWebKit/537.36 (KHTML, like Gecko) Chrome/72.0.3626.109 Safari/537.36"
138.21.12.21 - - [01/Jul/2021:10:13:17 +0200] "GET /reload?ser=1625127197252 HTTP/1.1" 200 28 "http://renault.2web.at/account" "Mozilla/5.0 (Windows NT 10.0; Win64; x64) AppleWebKit/537.36 (KHTML, like Gecko) Chrome/91.0.4472.114 Safari/537.36"
91.114.96.114 - - [01/Jul/2021:10:13:55 +0200] "GET /reload?ser=1625127233826 HTTP/1.1" 200 28 "http://renault.activities.at/result?searchterm=true&search=coc" "Mozilla/5.0 (Windows NT 10.0; Win64; x64) AppleWebKit/537.36 (KHTML, like Gecko) Chrome/91.0.4472.114 Safari/537.36 Edg/91.0.864.59"
138.21.12.21 - - [01/Jul/2021:10:14:19 +0200] "GET /reload?ser=1625127259256 HTTP/1.1" 200 28 "http://renault.2web.at/account" "Mozilla/5.0 (Windows NT 10.0; Win64; x64) AppleWebKit/537.36 (KHTML, like Gecko) Chrome/91.0.4472.114 Safari/537.36"
91.114.96.114 - - [01/Jul/2021:10:14:56 +0200] "GET /reload?ser=1625127294832 HTTP/1.1" 200 28 "http://renault.activities.at/result?searchterm=true&search=coc" "Mozilla/5.0 (Windows NT 10.0; Win64; x64) AppleWebKit/537.36 (KHTML, like Gecko) Chrome/91.0.4472.114 Safari/537.36 Edg/91.0.864.59"
138.21.12.21 - - [01/Jul/2021:10:15:21 +0200] "GET /reload?ser=1625127321255 HTTP/1.1" 200 28 "http://renault.2web.at/account" "Mozilla/5.0 (Windows NT 10.0; Win64; x64) AppleWebKit/537.36 (KHTML, like Gecko) Chrome/91.0.4472.114 Safari/537.36"
91.114.96.114 - - [01/Jul/2021:10:15:50 +0200] "GET / HTTP/1.1" 200 3315 "-" "Mozilla/5.0 (Windows NT 10.0; WOW64) AppleWebKit/537.36 (KHTML, like Gecko) Chrome/91.0.4472.114 Safari/537.36"
91.114.96.114 - - [01/Jul/2021:10:15:51 +0200] "GET /js/default.js HTTP/1.1" 200 14698 "http://renault.activities.at/" "Mozilla/5.0 (Windows NT 10.0; WOW64) AppleWebKit/537.36 (KHTML, like Gecko) Chrome/91.0.4472.114 Safari/537.36"
91.114.96.114 - - [01/Jul/2021:10:15:51 +0200] "GET /css/reset.css HTTP/1.1" 200 1356 "http://renault.activities.at/" "Mozilla/5.0 (Windows NT 10.0; WOW64) AppleWebKit/537.36 (KHTML, like Gecko) Chrome/91.0.4472.114 Safari/537.36"
91.114.96.114 - - [01/Jul/2021:10:15:51 +0200] "GET /css/clears.css HTTP/1.1" 200 851 "http://renault.activities.at/" "Mozilla/5.0 (Windows NT 10.0; WOW64) AppleWebKit/537.36 (KHTML, like Gecko) Chrome/91.0.4472.114 Safari/537.36"
91.114.96.114 - - [01/Jul/2021:10:15:51 +0200] "GET /js/checkout.css HTTP/1.1" 200 359 "http://renault.activities.at/" "Mozilla/5.0 (Windows NT 10.0; WOW64) AppleWebKit/537.36 (KHTML, like Gecko) Chrome/91.0.4472.114 Safari/537.36"
91.114.96.114 - - [01/Jul/2021:10:15:51 +0200] "GET /css/prototip.css HTTP/1.1" 200 968 "http://renault.activities.at/" "Mozilla/5.0 (Windows NT 10.0; WOW64) AppleWebKit/537.36 (KHTML, like Gecko) Chrome/91.0.4472.114 Safari/537.36"
91.114.96.114 - - [01/Jul/2021:10:15:51 +0200] "GET /css/styles.css HTTP/1.1" 200 14664 "http://renault.activities.at/" "Mozilla/5.0 (Windows NT 10.0; WOW64) AppleWebKit/537.36 (KHTML, like Gecko) Chrome/91.0.4472.114 Safari/537.36"
91.114.96.114 - - [01/Jul/2021:10:15:51 +0200] "GET /css/themes/default.css HTTP/1.1" 200 769 "http://renault.activities.at/" "Mozilla/5.0 (Windows NT 10.0; WOW64) AppleWebKit/537.36 (KHTML, like Gecko) Chrome/91.0.4472.114 Safari/537.36"
91.114.96.114 - - [01/Jul/2021:10:15:51 +0200] "GET /css/themes/alphacube.css HTTP/1.1" 200 743 "http://renault.activities.at/" "Mozilla/5.0 (Windows NT 10.0; WOW64) AppleWebKit/537.36 (KHTML, like Gecko) Chrome/91.0.4472.114 Safari/537.36"
91.114.96.114 - - [01/Jul/2021:10:15:51 +0200] "GET /js/flashdetection.js HTTP/1.1" 200 1059 "http://renault.activities.at/" "Mozilla/5.0 (Windows NT 10.0; WOW64) AppleWebKit/537.36 (KHTML, like Gecko) Chrome/91.0.4472.114 Safari/537.36"
91.114.96.114 - - [01/Jul/2021:10:15:51 +0200] "GET /js/index.php?c=auto&f=,prototype/prototype.js,prototype/validation.js,scriptaculous/builder.js,scriptaculous/effects.js,scriptaculous/dragdrop.js,scriptaculous/controls.js,scriptaculous/slider.js,varien/js.js,varien/form.js,varien/menu.js,mage/translate.js,mage/cookies.js,varien/product.js,spinner/SpinnerControl.jsmin.js,prototype/window.js,prototype/window_ext.js HTTP/1.1" 200 94182 "http://renault.activities.at/" "Mozilla/5.0 (Windows NT 10.0; WOW64) AppleWebKit/537.36 (KHTML, like Gecko) Chrome/91.0.4472.114 Safari/537.36"
91.114.96.114 - - [01/Jul/2021:10:15:52 +0200] "GET /images/main_block_border.gif HTTP/1.1" 200 43 "http://renault.activities.at/css/styles.css" "Mozilla/5.0 (Windows NT 10.0; WOW64) AppleWebKit/537.36 (KHTML, like Gecko) Chrome/91.0.4472.114 Safari/537.36"
91.114.96.114 - - [01/Jul/2021:10:15:52 +0200] "GET /images/main_block_corner_left_bot.gif HTTP/1.1" 200 159 "http://renault.activities.at/css/styles.css" "Mozilla/5.0 (Windows NT 10.0; WOW64) AppleWebKit/537.36 (KHTML, like Gecko) Chrome/91.0.4472.114 Safari/537.36"
91.114.96.114 - - [01/Jul/2021:10:15:52 +0200] "GET /images/main_block_corner_right_bot.gif HTTP/1.1" 200 158 "http://renault.activities.at/css/styles.css" "Mozilla/5.0 (Windows NT 10.0; WOW64) AppleWebKit/537.36 (KHTML, like Gecko) Chrome/91.0.4472.114 Safari/537.36"
91.114.96.114 - - [01/Jul/2021:10:15:52 +0200] "GET /images/header_block_border.gif HTTP/1.1" 200 43 "http://renault.activities.at/css/styles.css" "Mozilla/5.0 (Windows NT 10.0; WOW64) AppleWebKit/537.36 (KHTML, like Gecko) Chrome/91.0.4472.114 Safari/537.36"
91.114.96.114 - - [01/Jul/2021:10:15:52 +0200] "GET /images/header_block_corner_left_top.gif HTTP/1.1" 200 160 "http://renault.activities.at/css/styles.css" "Mozilla/5.0 (Windows NT 10.0; WOW64) AppleWebKit/537.36 (KHTML, like Gecko) Chrome/91.0.4472.114 Safari/537.36"
91.114.96.114 - - [01/Jul/2021:10:15:52 +0200] "GET /css/print.css HTTP/1.1" 200 543 "http://renault.activities.at/" "Mozilla/5.0 (Windows NT 10.0; WOW64) AppleWebKit/537.36 (KHTML, like Gecko) Chrome/91.0.4472.114 Safari/537.36"
91.114.96.114 - - [01/Jul/2021:10:15:52 +0200] "GET /images/header_block_corner_right_top.gif HTTP/1.1" 200 160 "http://renault.activities.at/css/styles.css" "Mozilla/5.0 (Windows NT 10.0; WOW64) AppleWebKit/537.36 (KHTML, like Gecko) Chrome/91.0.4472.114 Safari/537.36"
91.114.96.114 - - [01/Jul/2021:10:15:52 +0200] "GET /images/main_block_corner_left_top.gif HTTP/1.1" 200 159 "http://renault.activities.at/css/styles.css" "Mozilla/5.0 (Windows NT 10.0; WOW64) AppleWebKit/537.36 (KHTML, like Gecko) Chrome/91.0.4472.114 Safari/537.36"
91.114.96.114 - - [01/Jul/2021:10:15:52 +0200] "GET /images/main_block_corner_right_top.gif HTTP/1.1" 200 159 "http://renault.activities.at/css/styles.css" "Mozilla/5.0 (Windows NT 10.0; WOW64) AppleWebKit/537.36 (KHTML, like Gecko) Chrome/91.0.4472.114 Safari/537.36"
91.114.96.114 - - [01/Jul/2021:10:15:52 +0200] "GET /images/title_border.jpg HTTP/1.1" 200 304 "http://renault.activities.at/css/styles.css" "Mozilla/5.0 (Windows NT 10.0; WOW64) AppleWebKit/537.36 (KHTML, like Gecko) Chrome/91.0.4472.114 Safari/537.36"
91.114.96.114 - - [01/Jul/2021:10:15:52 +0200] "GET /images/title_border_top.jpg HTTP/1.1" 200 336 "http://renault.activities.at/css/styles.css" "Mozilla/5.0 (Windows NT 10.0; WOW64) AppleWebKit/537.36 (KHTML, like Gecko) Chrome/91.0.4472.114 Safari/537.36"
91.114.96.114 - - [01/Jul/2021:10:15:52 +0200] "GET /images/title_corner_left_top.jpg HTTP/1.1" 200 372 "http://renault.activities.at/css/styles.css" "Mozilla/5.0 (Windows NT 10.0; WOW64) AppleWebKit/537.36 (KHTML, like Gecko) Chrome/91.0.4472.114 Safari/537.36"
91.114.96.114 - - [01/Jul/2021:10:15:52 +0200] "GET /images/title_corner_right_top.jpg HTTP/1.1" 200 389 "http://renault.activities.at/css/styles.css" "Mozilla/5.0 (Windows NT 10.0; WOW64) AppleWebKit/537.36 (KHTML, like Gecko) Chrome/91.0.4472.114 Safari/537.36"
91.114.96.114 - - [01/Jul/2021:10:15:52 +0200] "GET /loadthumbnail.php?id=11127982 HTTP/1.1" 200 399614 "http://renault.activities.at/" "Mozilla/5.0 (Windows NT 10.0; WOW64) AppleWebKit/537.36 (KHTML, like Gecko) Chrome/91.0.4472.114 Safari/537.36"
91.114.96.114 - - [01/Jul/2021:10:15:53 +0200] "GET /images/favicon.ico HTTP/1.1" 404 305 "http://renault.activities.at/" "Mozilla/5.0 (Windows NT 10.0; WOW64) AppleWebKit/537.36 (KHTML, like Gecko) Chrome/91.0.4472.114 Safari/537.36"
91.114.96.114 - - [01/Jul/2021:10:15:57 +0200] "GET /reload?ser=1625127355829 HTTP/1.1" 200 28 "http://renault.activities.at/result?searchterm=true&search=coc" "Mozilla/5.0 (Windows NT 10.0; Win64; x64) AppleWebKit/537.36 (KHTML, like Gecko) Chrome/91.0.4472.114 Safari/537.36 Edg/91.0.864.59"
138.21.12.21 - - [01/Jul/2021:10:16:23 +0200] "GET /reload?ser=1625127383254 HTTP/1.1" 200 28 "http://renault.2web.at/account" "Mozilla/5.0 (Windows NT 10.0; Win64; x64) AppleWebKit/537.36 (KHTML, like Gecko) Chrome/91.0.4472.114 Safari/537.36"
91.114.96.114 - - [01/Jul/2021:10:16:59 +0200] "GET /reload?ser=1625127417828 HTTP/1.1" 200 28 "http://renault.activities.at/result?searchterm=true&search=coc" "Mozilla/5.0 (Windows NT 10.0; Win64; x64) AppleWebKit/537.36 (KHTML, like Gecko) Chrome/91.0.4472.114 Safari/537.36 Edg/91.0.864.59"
138.21.12.21 - - [01/Jul/2021:10:17:25 +0200] "GET /reload?ser=1625127445257 HTTP/1.1" 200 28 "http://renault.2web.at/account" "Mozilla/5.0 (Windows NT 10.0; Win64; x64) AppleWebKit/537.36 (KHTML, like Gecko) Chrome/91.0.4472.114 Safari/537.36"
91.114.96.114 - - [01/Jul/2021:10:18:00 +0200] "GET /reload?ser=1625127478822 HTTP/1.1" 200 28 "http://renault.activities.at/result?searchterm=true&search=coc" "Mozilla/5.0 (Windows NT 10.0; Win64; x64) AppleWebKit/537.36 (KHTML, like Gecko) Chrome/91.0.4472.114 Safari/537.36 Edg/91.0.864.59"
138.21.12.21 - - [01/Jul/2021:10:18:27 +0200] "GET /reload?ser=1625127507256 HTTP/1.1" 200 28 "http://renault.2web.at/account" "Mozilla/5.0 (Windows NT 10.0; Win64; x64) AppleWebKit/537.36 (KHTML, like Gecko) Chrome/91.0.4472.114 Safari/537.36"
91.114.96.114 - - [01/Jul/2021:10:19:02 +0200] "GET /reload?ser=1625127540811 HTTP/1.1" 200 28 "http://renault.activities.at/result?searchterm=true&search=coc" "Mozilla/5.0 (Windows NT 10.0; Win64; x64) AppleWebKit/537.36 (KHTML, like Gecko) Chrome/91.0.4472.114 Safari/537.36 Edg/91.0.864.59"
138.21.12.21 - - [01/Jul/2021:10:19:29 +0200] "GET /reload?ser=1625127569256 HTTP/1.1" 200 28 "http://renault.2web.at/account" "Mozilla/5.0 (Windows NT 10.0; Win64; x64) AppleWebKit/537.36 (KHTML, like Gecko) Chrome/91.0.4472.114 Safari/537.36"
91.114.96.114 - - [01/Jul/2021:10:20:03 +0200] "GET /reload?ser=1625127601813 HTTP/1.1" 200 28 "http://renault.activities.at/result?searchterm=true&search=coc" "Mozilla/5.0 (Windows NT 10.0; Win64; x64) AppleWebKit/537.36 (KHTML, like Gecko) Chrome/91.0.4472.114 Safari/537.36 Edg/91.0.864.59"
138.21.12.21 - - [01/Jul/2021:10:20:31 +0200] "GET /reload?ser=1625127631257 HTTP/1.1" 200 28 "http://renault.2web.at/account" "Mozilla/5.0 (Windows NT 10.0; Win64; x64) AppleWebKit/537.36 (KHTML, like Gecko) Chrome/91.0.4472.114 Safari/537.36"
91.114.96.114 - - [01/Jul/2021:10:21:04 +0200] "GET /reload?ser=1625127662811 HTTP/1.1" 200 28 "http://renault.activities.at/result?searchterm=true&search=coc" "Mozilla/5.0 (Windows NT 10.0; Win64; x64) AppleWebKit/537.36 (KHTML, like Gecko) Chrome/91.0.4472.114 Safari/537.36 Edg/91.0.864.59"
138.21.12.21 - - [01/Jul/2021:10:21:33 +0200] "GET /reload?ser=1625127693258 HTTP/1.1" 200 28 "http://renault.2web.at/account" "Mozilla/5.0 (Windows NT 10.0; Win64; x64) AppleWebKit/537.36 (KHTML, like Gecko) Chrome/91.0.4472.114 Safari/537.36"
91.114.96.114 - - [01/Jul/2021:10:22:05 +0200] "GET /reload?ser=1625127723802 HTTP/1.1" 200 28 "http://renault.activities.at/result?searchterm=true&search=coc" "Mozilla/5.0 (Windows NT 10.0; Win64; x64) AppleWebKit/537.36 (KHTML, like Gecko) Chrome/91.0.4472.114 Safari/537.36 Edg/91.0.864.59"
52.91.204.209 - - [01/Jul/2021:10:22:32 +0200] "GET / HTTP/1.1" 200 13180 "-" "Mozilla/5.0 (Windows NT 6.1; Win64; x64) AppleWebKit/537.36 (KHTML, like Gecko) Chrome/72.0.3626.109 Safari/537.36"
138.21.12.21 - - [01/Jul/2021:10:22:35 +0200] "GET /reload?ser=1625127755259 HTTP/1.1" 200 28 "http://renault.2web.at/account" "Mozilla/5.0 (Windows NT 10.0; Win64; x64) AppleWebKit/537.36 (KHTML, like Gecko) Chrome/91.0.4472.114 Safari/537.36"
91.114.96.114 - - [01/Jul/2021:10:23:06 +0200] "GET /reload?ser=1625127784805 HTTP/1.1" 200 28 "http://renault.activities.at/result?searchterm=true&search=coc" "Mozilla/5.0 (Windows NT 10.0; Win64; x64) AppleWebKit/537.36 (KHTML, like Gecko) Chrome/91.0.4472.114 Safari/537.36 Edg/91.0.864.59"
157.97.71.85 - - [01/Jul/2021:10:23:27 +0200] "GET /login HTTP/1.1" 200 2085 "-" "Mozilla/5.0 (Windows NT 10.0; Win64; x64) AppleWebKit/537.36 (KHTML, like Gecko) Chrome/91.0.4472.114 Safari/537.36"
157.97.71.85 - - [01/Jul/2021:10:23:28 +0200] "GET /loadthumbnail.php?id=11127982 HTTP/1.1" 200 399614 "http://renault.activities.at/login" "Mozilla/5.0 (Windows NT 10.0; Win64; x64) AppleWebKit/537.36 (KHTML, like Gecko) Chrome/91.0.4472.114 Safari/537.36"
157.97.71.85 - - [01/Jul/2021:10:23:28 +0200] "GET /images/favicon.ico HTTP/1.1" 404 305 "http://renault.activities.at/login" "Mozilla/5.0 (Windows NT 10.0; Win64; x64) AppleWebKit/537.36 (KHTML, like Gecko) Chrome/91.0.4472.114 Safari/537.36"
138.21.12.21 - - [01/Jul/2021:10:23:37 +0200] "GET /reload?ser=1625127817259 HTTP/1.1" 200 28 "http://renault.2web.at/account" "Mozilla/5.0 (Windows NT 10.0; Win64; x64) AppleWebKit/537.36 (KHTML, like Gecko) Chrome/91.0.4472.114 Safari/537.36"
157.97.71.85 - - [01/Jul/2021:10:23:38 +0200] "POST /login HTTP/1.1" 302 140 "http://renault.activities.at/login" "Mozilla/5.0 (Windows NT 10.0; Win64; x64) AppleWebKit/537.36 (KHTML, like Gecko) Chrome/91.0.4472.114 Safari/537.36"
157.97.71.85 - - [01/Jul/2021:10:23:40 +0200] "GET /account HTTP/1.1" 200 5992 "http://renault.activities.at/login" "Mozilla/5.0 (Windows NT 10.0; Win64; x64) AppleWebKit/537.36 (KHTML, like Gecko) Chrome/91.0.4472.114 Safari/537.36"
157.97.71.85 - - [01/Jul/2021:10:23:43 +0200] "GET /loadthumbnail.php?id=10986339&width=50&height=50 HTTP/1.1" 200 1295 "http://renault.activities.at/account" "Mozilla/5.0 (Windows NT 10.0; Win64; x64) AppleWebKit/537.36 (KHTML, like Gecko) Chrome/91.0.4472.114 Safari/537.36"
157.97.71.85 - - [01/Jul/2021:10:23:43 +0200] "GET /loadthumbnail.php?id=11776453&width=50&height=50 HTTP/1.1" 200 767 "http://renault.activities.at/account" "Mozilla/5.0 (Windows NT 10.0; Win64; x64) AppleWebKit/537.36 (KHTML, like Gecko) Chrome/91.0.4472.114 Safari/537.36"
157.97.71.85 - - [01/Jul/2021:10:23:49 +0200] "GET /result?searchterm=true&search=coc HTTP/1.1" 200 6086 "http://renault.activities.at/account" "Mozilla/5.0 (Windows NT 10.0; Win64; x64) AppleWebKit/537.36 (KHTML, like Gecko) Chrome/91.0.4472.114 Safari/537.36"
157.97.71.85 - - [01/Jul/2021:10:23:51 +0200] "GET /loadthumbnail.php?id=11776453&width=113 HTTP/1.1" 200 1248 "http://renault.activities.at/result?searchterm=true&search=coc" "Mozilla/5.0 (Windows NT 10.0; Win64; x64) AppleWebKit/537.36 (KHTML, like Gecko) Chrome/91.0.4472.114 Safari/537.36"
157.97.71.85 - - [01/Jul/2021:10:23:51 +0200] "GET /loadthumbnail.php?id=11146700&width=113 HTTP/1.1" 200 1415 "http://renault.activities.at/result?searchterm=true&search=coc" "Mozilla/5.0 (Windows NT 10.0; Win64; x64) AppleWebKit/537.36 (KHTML, like Gecko) Chrome/91.0.4472.114 Safari/537.36"
157.97.71.85 - - [01/Jul/2021:10:23:51 +0200] "GET /loadthumbnail.php?id=10203255 HTTP/1.1" 200 137 "http://renault.activities.at/result?searchterm=true&search=coc" "Mozilla/5.0 (Windows NT 10.0; Win64; x64) AppleWebKit/537.36 (KHTML, like Gecko) Chrome/91.0.4472.114 Safari/537.36"
157.97.71.85 - - [01/Jul/2021:10:23:49 +0200] "POST /axjaxrequest?mode=suggest HTTP/1.1" 200 153 "http://renault.activities.at/account" "Mozilla/5.0 (Windows NT 10.0; Win64; x64) AppleWebKit/537.36 (KHTML, like Gecko) Chrome/91.0.4472.114 Safari/537.36"
157.97.71.85 - - [01/Jul/2021:10:23:59 +0200] "GET /logout HTTP/1.1" 302 140 "http://renault.activities.at/result?searchterm=true&search=coc" "Mozilla/5.0 (Windows NT 10.0; Win64; x64) AppleWebKit/537.36 (KHTML, like Gecko) Chrome/91.0.4472.114 Safari/537.36"
157.97.71.85 - - [01/Jul/2021:10:24:00 +0200] "GET /logout HTTP/1.1" 200 1583 "http://renault.activities.at/result?searchterm=true&search=coc" "Mozilla/5.0 (Windows NT 10.0; Win64; x64) AppleWebKit/537.36 (KHTML, like Gecko) Chrome/91.0.4472.114 Safari/537.36"
91.114.96.114 - - [01/Jul/2021:10:24:08 +0200] "GET /reload?ser=1625127846802 HTTP/1.1" 200 28 "http://renault.activities.at/result?searchterm=true&search=coc" "Mozilla/5.0 (Windows NT 10.0; Win64; x64) AppleWebKit/537.36 (KHTML, like Gecko) Chrome/91.0.4472.114 Safari/537.36 Edg/91.0.864.59"
138.21.12.21 - - [01/Jul/2021:10:24:39 +0200] "GET /reload?ser=1625127879375 HTTP/1.1" 200 28 "http://renault.2web.at/account" "Mozilla/5.0 (Windows NT 10.0; Win64; x64) AppleWebKit/537.36 (KHTML, like Gecko) Chrome/91.0.4472.114 Safari/537.36"
91.114.96.114 - - [01/Jul/2021:10:25:09 +0200] "GET /reload?ser=1625127907801 HTTP/1.1" 200 28 "http://renault.activities.at/result?searchterm=true&search=coc" "Mozilla/5.0 (Windows NT 10.0; Win64; x64) AppleWebKit/537.36 (KHTML, like Gecko) Chrome/91.0.4472.114 Safari/537.36 Edg/91.0.864.59"
138.21.12.21 - - [01/Jul/2021:10:25:41 +0200] "GET /reload?ser=1625127941259 HTTP/1.1" 200 28 "http://renault.2web.at/account" "Mozilla/5.0 (Windows NT 10.0; Win64; x64) AppleWebKit/537.36 (KHTML, like Gecko) Chrome/91.0.4472.114 Safari/537.36"
35.173.203.4 - - [01/Jul/2021:10:25:49 +0200] "GET /login HTTP/1.1" 200 7269 "-" "Mozilla/5.0 (Windows NT 6.1; Win64; x64) AppleWebKit/537.36 (KHTML, like Gecko) Chrome/72.0.3626.109 Safari/537.36"
91.114.96.114 - - [01/Jul/2021:10:26:10 +0200] "GET /reload?ser=1625127968799 HTTP/1.1" 200 28 "http://renault.activities.at/result?searchterm=true&search=coc" "Mozilla/5.0 (Windows NT 10.0; Win64; x64) AppleWebKit/537.36 (KHTML, like Gecko) Chrome/91.0.4472.114 Safari/537.36 Edg/91.0.864.59"
138.21.12.21 - - [01/Jul/2021:10:26:43 +0200] "GET /reload?ser=1625128003261 HTTP/1.1" 200 28 "http://renault.2web.at/account" "Mozilla/5.0 (Windows NT 10.0; Win64; x64) AppleWebKit/537.36 (KHTML, like Gecko) Chrome/91.0.4472.114 Safari/537.36"
91.114.96.114 - - [01/Jul/2021:10:27:11 +0200] "GET /reload?ser=1625128029791 HTTP/1.1" 200 28 "http://renault.activities.at/result?searchterm=true&search=coc" "Mozilla/5.0 (Windows NT 10.0; Win64; x64) AppleWebKit/537.36 (KHTML, like Gecko) Chrome/91.0.4472.114 Safari/537.36 Edg/91.0.864.59"
138.21.12.21 - - [01/Jul/2021:10:27:45 +0200] "GET /reload?ser=1625128065416 HTTP/1.1" 200 28 "http://renault.2web.at/account" "Mozilla/5.0 (Windows NT 10.0; Win64; x64) AppleWebKit/537.36 (KHTML, like Gecko) Chrome/91.0.4472.114 Safari/537.36"
91.114.96.114 - - [01/Jul/2021:10:28:12 +0200] "GET /reload?ser=1625128090786 HTTP/1.1" 200 28 "http://renault.activities.at/result?searchterm=true&search=coc" "Mozilla/5.0 (Windows NT 10.0; Win64; x64) AppleWebKit/537.36 (KHTML, like Gecko) Chrome/91.0.4472.114 Safari/537.36 Edg/91.0.864.59"
138.21.12.21 - - [01/Jul/2021:10:28:47 +0200] "GET /reload?ser=1625128127260 HTTP/1.1" 200 28 "http://renault.2web.at/account" "Mozilla/5.0 (Windows NT 10.0; Win64; x64) AppleWebKit/537.36 (KHTML, like Gecko) Chrome/91.0.4472.114 Safari/537.36"
83.175.105.140 - - [01/Jul/2021:10:28:50 +0200] "GET / HTTP/1.1" 200 3315 "-" "Mozilla/5.0 (Windows NT 10.0; Win64; x64) AppleWebKit/537.36 (KHTML, like Gecko) Chrome/91.0.4472.124 Safari/537.36"
83.175.105.140 - - [01/Jul/2021:10:28:51 +0200] "GET /js/default.js HTTP/1.1" 200 14698 "http://renault.activities.at/" "Mozilla/5.0 (Windows NT 10.0; Win64; x64) AppleWebKit/537.36 (KHTML, like Gecko) Chrome/91.0.4472.124 Safari/537.36"
83.175.105.140 - - [01/Jul/2021:10:28:51 +0200] "GET /css/reset.css HTTP/1.1" 200 1356 "http://renault.activities.at/" "Mozilla/5.0 (Windows NT 10.0; Win64; x64) AppleWebKit/537.36 (KHTML, like Gecko) Chrome/91.0.4472.124 Safari/537.36"
83.175.105.140 - - [01/Jul/2021:10:28:51 +0200] "GET /js/checkout.css HTTP/1.1" 200 359 "http://renault.activities.at/" "Mozilla/5.0 (Windows NT 10.0; Win64; x64) AppleWebKit/537.36 (KHTML, like Gecko) Chrome/91.0.4472.124 Safari/537.36"
83.175.105.140 - - [01/Jul/2021:10:28:52 +0200] "GET /css/prototip.css HTTP/1.1" 200 968 "http://renault.activities.at/" "Mozilla/5.0 (Windows NT 10.0; Win64; x64) AppleWebKit/537.36 (KHTML, like Gecko) Chrome/91.0.4472.124 Safari/537.36"
83.175.105.140 - - [01/Jul/2021:10:28:52 +0200] "GET /css/clears.css HTTP/1.1" 200 851 "http://renault.activities.at/" "Mozilla/5.0 (Windows NT 10.0; Win64; x64) AppleWebKit/537.36 (KHTML, like Gecko) Chrome/91.0.4472.124 Safari/537.36"
83.175.105.140 - - [01/Jul/2021:10:28:52 +0200] "GET /css/styles.css HTTP/1.1" 200 14664 "http://renault.activities.at/" "Mozilla/5.0 (Windows NT 10.0; Win64; x64) AppleWebKit/537.36 (KHTML, like Gecko) Chrome/91.0.4472.124 Safari/537.36"
83.175.105.140 - - [01/Jul/2021:10:28:52 +0200] "GET /css/themes/alphacube.css HTTP/1.1" 200 743 "http://renault.activities.at/" "Mozilla/5.0 (Windows NT 10.0; Win64; x64) AppleWebKit/537.36 (KHTML, like Gecko) Chrome/91.0.4472.124 Safari/537.36"
83.175.105.140 - - [01/Jul/2021:10:28:52 +0200] "GET /css/themes/default.css HTTP/1.1" 200 769 "http://renault.activities.at/" "Mozilla/5.0 (Windows NT 10.0; Win64; x64) AppleWebKit/537.36 (KHTML, like Gecko) Chrome/91.0.4472.124 Safari/537.36"
83.175.105.140 - - [01/Jul/2021:10:28:52 +0200] "GET /js/flashdetection.js HTTP/1.1" 200 1059 "http://renault.activities.at/" "Mozilla/5.0 (Windows NT 10.0; Win64; x64) AppleWebKit/537.36 (KHTML, like Gecko) Chrome/91.0.4472.124 Safari/537.36"
83.175.105.140 - - [01/Jul/2021:10:28:52 +0200] "GET /js/index.php?c=auto&f=,prototype/prototype.js,prototype/validation.js,scriptaculous/builder.js,scriptaculous/effects.js,scriptaculous/dragdrop.js,scriptaculous/controls.js,scriptaculous/slider.js,varien/js.js,varien/form.js,varien/menu.js,mage/translate.js,mage/cookies.js,varien/product.js,spinner/SpinnerControl.jsmin.js,prototype/window.js,prototype/window_ext.js HTTP/1.1" 200 94182 "http://renault.activities.at/" "Mozilla/5.0 (Windows NT 10.0; Win64; x64) AppleWebKit/537.36 (KHTML, like Gecko) Chrome/91.0.4472.124 Safari/537.36"
83.175.105.140 - - [01/Jul/2021:10:28:52 +0200] "GET /images/main_block_border.gif HTTP/1.1" 200 43 "http://renault.activities.at/css/styles.css" "Mozilla/5.0 (Windows NT 10.0; Win64; x64) AppleWebKit/537.36 (KHTML, like Gecko) Chrome/91.0.4472.124 Safari/537.36"
83.175.105.140 - - [01/Jul/2021:10:28:52 +0200] "GET /images/main_block_corner_left_bot.gif HTTP/1.1" 200 159 "http://renault.activities.at/css/styles.css" "Mozilla/5.0 (Windows NT 10.0; Win64; x64) AppleWebKit/537.36 (KHTML, like Gecko) Chrome/91.0.4472.124 Safari/537.36"
83.175.105.140 - - [01/Jul/2021:10:28:52 +0200] "GET /images/main_block_corner_right_bot.gif HTTP/1.1" 200 158 "http://renault.activities.at/css/styles.css" "Mozilla/5.0 (Windows NT 10.0; Win64; x64) AppleWebKit/537.36 (KHTML, like Gecko) Chrome/91.0.4472.124 Safari/537.36"
91.114.96.114 - - [01/Jul/2021:10:29:14 +0200] "GET /reload?ser=1625128152784 HTTP/1.1" 200 28 "http://renault.activities.at/result?searchterm=true&search=coc" "Mozilla/5.0 (Windows NT 10.0; Win64; x64) AppleWebKit/537.36 (KHTML, like Gecko) Chrome/91.0.4472.114 Safari/537.36 Edg/91.0.864.59"
138.21.12.21 - - [01/Jul/2021:10:29:49 +0200] "GET /reload?ser=1625128189266 HTTP/1.1" 200 28 "http://renault.2web.at/account" "Mozilla/5.0 (Windows NT 10.0; Win64; x64) AppleWebKit/537.36 (KHTML, like Gecko) Chrome/91.0.4472.114 Safari/537.36"
91.114.96.114 - - [01/Jul/2021:10:30:15 +0200] "GET /reload?ser=1625128213785 HTTP/1.1" 200 28 "http://renault.activities.at/result?searchterm=true&search=coc" "Mozilla/5.0 (Windows NT 10.0; Win64; x64) AppleWebKit/537.36 (KHTML, like Gecko) Chrome/91.0.4472.114 Safari/537.36 Edg/91.0.864.59"
138.21.12.21 - - [01/Jul/2021:10:30:51 +0200] "GET /reload?ser=1625128251262 HTTP/1.1" 200 28 "http://renault.2web.at/account" "Mozilla/5.0 (Windows NT 10.0; Win64; x64) AppleWebKit/537.36 (KHTML, like Gecko) Chrome/91.0.4472.114 Safari/537.36"
91.114.96.114 - - [01/Jul/2021:10:31:16 +0200] "GET /reload?ser=1625128274783 HTTP/1.1" 200 28 "http://renault.activities.at/result?searchterm=true&search=coc" "Mozilla/5.0 (Windows NT 10.0; Win64; x64) AppleWebKit/537.36 (KHTML, like Gecko) Chrome/91.0.4472.114 Safari/537.36 Edg/91.0.864.59"
138.21.12.21 - - [01/Jul/2021:10:31:53 +0200] "GET /reload?ser=1625128313263 HTTP/1.1" 200 28 "http://renault.2web.at/account" "Mozilla/5.0 (Windows NT 10.0; Win64; x64) AppleWebKit/537.36 (KHTML, like Gecko) Chrome/91.0.4472.114 Safari/537.36"
91.114.96.114 - - [01/Jul/2021:10:32:17 +0200] "GET /reload?ser=1625128335788 HTTP/1.1" 200 28 "http://renault.activities.at/result?searchterm=true&search=coc" "Mozilla/5.0 (Windows NT 10.0; Win64; x64) AppleWebKit/537.36 (KHTML, like Gecko) Chrome/91.0.4472.114 Safari/537.36 Edg/91.0.864.59"
138.21.12.21 - - [01/Jul/2021:10:32:55 +0200] "GET /reload?ser=1625128375263 HTTP/1.1" 200 28 "http://renault.2web.at/account" "Mozilla/5.0 (Windows NT 10.0; Win64; x64) AppleWebKit/537.36 (KHTML, like Gecko) Chrome/91.0.4472.114 Safari/537.36"
91.114.96.114 - - [01/Jul/2021:10:33:19 +0200] "GET /reload?ser=1625128397793 HTTP/1.1" 200 28 "http://renault.activities.at/result?searchterm=true&search=coc" "Mozilla/5.0 (Windows NT 10.0; Win64; x64) AppleWebKit/537.36 (KHTML, like Gecko) Chrome/91.0.4472.114 Safari/537.36 Edg/91.0.864.59"
138.21.12.21 - - [01/Jul/2021:10:33:57 +0200] "GET /reload?ser=1625128437376 HTTP/1.1" 200 28 "http://renault.2web.at/account" "Mozilla/5.0 (Windows NT 10.0; Win64; x64) AppleWebKit/537.36 (KHTML, like Gecko) Chrome/91.0.4472.114 Safari/537.36"
91.114.96.114 - - [01/Jul/2021:10:34:20 +0200] "GET /reload?ser=1625128458770 HTTP/1.1" 200 28 "http://renault.activities.at/result?searchterm=true&search=coc" "Mozilla/5.0 (Windows NT 10.0; Win64; x64) AppleWebKit/537.36 (KHTML, like Gecko) Chrome/91.0.4472.114 Safari/537.36 Edg/91.0.864.59"
138.21.12.21 - - [01/Jul/2021:10:34:59 +0200] "GET /reload?ser=1625128499262 HTTP/1.1" 200 28 "http://renault.2web.at/account" "Mozilla/5.0 (Windows NT 10.0; Win64; x64) AppleWebKit/537.36 (KHTML, like Gecko) Chrome/91.0.4472.114 Safari/537.36"
91.114.96.114 - - [01/Jul/2021:10:35:21 +0200] "GET /reload?ser=1625128519775 HTTP/1.1" 200 28 "http://renault.activities.at/result?searchterm=true&search=coc" "Mozilla/5.0 (Windows NT 10.0; Win64; x64) AppleWebKit/537.36 (KHTML, like Gecko) Chrome/91.0.4472.114 Safari/537.36 Edg/91.0.864.59"
138.21.12.21 - - [01/Jul/2021:10:36:01 +0200] "GET /reload?ser=1625128561262 HTTP/1.1" 200 28 "http://renault.2web.at/account" "Mozilla/5.0 (Windows NT 10.0; Win64; x64) AppleWebKit/537.36 (KHTML, like Gecko) Chrome/91.0.4472.114 Safari/537.36"
91.114.96.114 - - [01/Jul/2021:10:36:22 +0200] "GET /reload?ser=1625128580780 HTTP/1.1" 200 28 "http://renault.activities.at/result?searchterm=true&search=coc" "Mozilla/5.0 (Windows NT 10.0; Win64; x64) AppleWebKit/537.36 (KHTML, like Gecko) Chrome/91.0.4472.114 Safari/537.36 Edg/91.0.864.59"
138.21.12.21 - - [01/Jul/2021:10:37:03 +0200] "GET /reload?ser=1625128623263 HTTP/1.1" 200 28 "http://renault.2web.at/account" "Mozilla/5.0 (Windows NT 10.0; Win64; x64) AppleWebKit/537.36 (KHTML, like Gecko) Chrome/91.0.4472.114 Safari/537.36"
91.114.96.114 - - [01/Jul/2021:10:37:23 +0200] "GET /reload?ser=1625128641779 HTTP/1.1" 200 28 "http://renault.activities.at/result?searchterm=true&search=coc" "Mozilla/5.0 (Windows NT 10.0; Win64; x64) AppleWebKit/537.36 (KHTML, like Gecko) Chrome/91.0.4472.114 Safari/537.36 Edg/91.0.864.59"
138.21.12.21 - - [01/Jul/2021:10:38:05 +0200] "GET /reload?ser=1625128685262 HTTP/1.1" 200 28 "http://renault.2web.at/account" "Mozilla/5.0 (Windows NT 10.0; Win64; x64) AppleWebKit/537.36 (KHTML, like Gecko) Chrome/91.0.4472.114 Safari/537.36"
91.114.96.114 - - [01/Jul/2021:10:38:25 +0200] "GET /reload?ser=1625128703772 HTTP/1.1" 200 28 "http://renault.activities.at/result?searchterm=true&search=coc" "Mozilla/5.0 (Windows NT 10.0; Win64; x64) AppleWebKit/537.36 (KHTML, like Gecko) Chrome/91.0.4472.114 Safari/537.36 Edg/91.0.864.59"
138.21.12.21 - - [01/Jul/2021:10:39:07 +0200] "GET /reload?ser=1625128747264 HTTP/1.1" 200 28 "http://renault.2web.at/account" "Mozilla/5.0 (Windows NT 10.0; Win64; x64) AppleWebKit/537.36 (KHTML, like Gecko) Chrome/91.0.4472.114 Safari/537.36"
91.114.96.114 - - [01/Jul/2021:10:39:26 +0200] "GET /reload?ser=1625128764768 HTTP/1.1" 200 28 "http://renault.activities.at/result?searchterm=true&search=coc" "Mozilla/5.0 (Windows NT 10.0; Win64; x64) AppleWebKit/537.36 (KHTML, like Gecko) Chrome/91.0.4472.114 Safari/537.36 Edg/91.0.864.59"
138.21.12.21 - - [01/Jul/2021:10:40:09 +0200] "GET /reload?ser=1625128809263 HTTP/1.1" 200 28 "http://renault.2web.at/account" "Mozilla/5.0 (Windows NT 10.0; Win64; x64) AppleWebKit/537.36 (KHTML, like Gecko) Chrome/91.0.4472.114 Safari/537.36"
91.114.96.114 - - [01/Jul/2021:10:40:27 +0200] "GET /reload?ser=1625128825772 HTTP/1.1" 200 28 "http://renault.activities.at/result?searchterm=true&search=coc" "Mozilla/5.0 (Windows NT 10.0; Win64; x64) AppleWebKit/537.36 (KHTML, like Gecko) Chrome/91.0.4472.114 Safari/537.36 Edg/91.0.864.59"
138.21.12.21 - - [01/Jul/2021:10:41:11 +0200] "GET /reload?ser=1625128871266 HTTP/1.1" 200 28 "http://renault.2web.at/account" "Mozilla/5.0 (Windows NT 10.0; Win64; x64) AppleWebKit/537.36 (KHTML, like Gecko) Chrome/91.0.4472.114 Safari/537.36"
91.114.96.114 - - [01/Jul/2021:10:41:28 +0200] "GET /reload?ser=1625128886779 HTTP/1.1" 200 28 "http://renault.activities.at/result?searchterm=true&search=coc" "Mozilla/5.0 (Windows NT 10.0; Win64; x64) AppleWebKit/537.36 (KHTML, like Gecko) Chrome/91.0.4472.114 Safari/537.36 Edg/91.0.864.59"
138.21.12.21 - - [01/Jul/2021:10:42:13 +0200] "GET /reload?ser=1625128933270 HTTP/1.1" 200 28 "http://renault.2web.at/account" "Mozilla/5.0 (Windows NT 10.0; Win64; x64) AppleWebKit/537.36 (KHTML, like Gecko) Chrome/91.0.4472.114 Safari/537.36"
91.114.96.114 - - [01/Jul/2021:10:42:30 +0200] "GET /reload?ser=1625128948771 HTTP/1.1" 200 28 "http://renault.activities.at/result?searchterm=true&search=coc" "Mozilla/5.0 (Windows NT 10.0; Win64; x64) AppleWebKit/537.36 (KHTML, like Gecko) Chrome/91.0.4472.114 Safari/537.36 Edg/91.0.864.59"
138.21.12.21 - - [01/Jul/2021:10:43:15 +0200] "GET /reload?ser=1625128995272 HTTP/1.1" 200 28 "http://renault.2web.at/account" "Mozilla/5.0 (Windows NT 10.0; Win64; x64) AppleWebKit/537.36 (KHTML, like Gecko) Chrome/91.0.4472.114 Safari/537.36"
91.114.96.114 - - [01/Jul/2021:10:43:31 +0200] "GET /reload?ser=1625129009759 HTTP/1.1" 200 28 "http://renault.activities.at/result?searchterm=true&search=coc" "Mozilla/5.0 (Windows NT 10.0; Win64; x64) AppleWebKit/537.36 (KHTML, like Gecko) Chrome/91.0.4472.114 Safari/537.36 Edg/91.0.864.59"
138.21.12.21 - - [01/Jul/2021:10:44:17 +0200] "GET /reload?ser=1625129057275 HTTP/1.1" 200 28 "http://renault.2web.at/account" "Mozilla/5.0 (Windows NT 10.0; Win64; x64) AppleWebKit/537.36 (KHTML, like Gecko) Chrome/91.0.4472.114 Safari/537.36"
91.114.96.114 - - [01/Jul/2021:10:44:32 +0200] "GET /reload?ser=1625129070769 HTTP/1.1" 200 28 "http://renault.activities.at/result?searchterm=true&search=coc" "Mozilla/5.0 (Windows NT 10.0; Win64; x64) AppleWebKit/537.36 (KHTML, like Gecko) Chrome/91.0.4472.114 Safari/537.36 Edg/91.0.864.59"
138.21.12.21 - - [01/Jul/2021:10:45:19 +0200] "GET /reload?ser=1625129119279 HTTP/1.1" 200 28 "http://renault.2web.at/account" "Mozilla/5.0 (Windows NT 10.0; Win64; x64) AppleWebKit/537.36 (KHTML, like Gecko) Chrome/91.0.4472.114 Safari/537.36"
91.114.96.114 - - [01/Jul/2021:10:45:34 +0200] "GET /reload?ser=1625129132770 HTTP/1.1" 200 28 "http://renault.activities.at/result?searchterm=true&search=coc" "Mozilla/5.0 (Windows NT 10.0; Win64; x64) AppleWebKit/537.36 (KHTML, like Gecko) Chrome/91.0.4472.114 Safari/537.36 Edg/91.0.864.59"
138.21.12.21 - - [01/Jul/2021:10:46:21 +0200] "GET /reload?ser=1625129181279 HTTP/1.1" 200 28 "http://renault.2web.at/account" "Mozilla/5.0 (Windows NT 10.0; Win64; x64) AppleWebKit/537.36 (KHTML, like Gecko) Chrome/91.0.4472.114 Safari/537.36"
91.114.96.114 - - [01/Jul/2021:10:46:35 +0200] "GET /reload?ser=1625129193771 HTTP/1.1" 200 28 "http://renault.activities.at/result?searchterm=true&search=coc" "Mozilla/5.0 (Windows NT 10.0; Win64; x64) AppleWebKit/537.36 (KHTML, like Gecko) Chrome/91.0.4472.114 Safari/537.36 Edg/91.0.864.59"
138.21.12.21 - - [01/Jul/2021:10:47:23 +0200] "GET /reload?ser=1625129243282 HTTP/1.1" 200 28 "http://renault.2web.at/account" "Mozilla/5.0 (Windows NT 10.0; Win64; x64) AppleWebKit/537.36 (KHTML, like Gecko) Chrome/91.0.4472.114 Safari/537.36"
93.83.167.218 - - [01/Jul/2021:10:47:30 +0200] "GET / HTTP/1.1" 200 3315 "-" "Mozilla/5.0 (Windows NT 6.3; Win64; x64) AppleWebKit/537.36 (KHTML, like Gecko) Chrome/91.0.4472.124 Safari/537.36"
93.83.167.218 - - [01/Jul/2021:10:47:31 +0200] "GET /loadthumbnail.php?id=11127982 HTTP/1.1" 200 399614 "http://renault.activities.at/" "Mozilla/5.0 (Windows NT 6.3; Win64; x64) AppleWebKit/537.36 (KHTML, like Gecko) Chrome/91.0.4472.124 Safari/537.36"
93.83.167.218 - - [01/Jul/2021:10:47:31 +0200] "GET /images/favicon.ico HTTP/1.1" 404 305 "http://renault.activities.at/" "Mozilla/5.0 (Windows NT 6.3; Win64; x64) AppleWebKit/537.36 (KHTML, like Gecko) Chrome/91.0.4472.124 Safari/537.36"
93.83.167.218 - - [01/Jul/2021:10:47:34 +0200] "GET /login HTTP/1.1" 200 2085 "http://renault.activities.at/" "Mozilla/5.0 (Windows NT 6.3; Win64; x64) AppleWebKit/537.36 (KHTML, like Gecko) Chrome/91.0.4472.124 Safari/537.36"
91.114.96.114 - - [01/Jul/2021:10:47:37 +0200] "GET /reload?ser=1625129255766 HTTP/1.1" 200 28 "http://renault.activities.at/result?searchterm=true&search=coc" "Mozilla/5.0 (Windows NT 10.0; Win64; x64) AppleWebKit/537.36 (KHTML, like Gecko) Chrome/91.0.4472.114 Safari/537.36 Edg/91.0.864.59"
93.83.167.218 - - [01/Jul/2021:10:47:39 +0200] "POST /login HTTP/1.1" 302 140 "http://renault.activities.at/login" "Mozilla/5.0 (Windows NT 6.3; Win64; x64) AppleWebKit/537.36 (KHTML, like Gecko) Chrome/91.0.4472.124 Safari/537.36"
93.83.167.218 - - [01/Jul/2021:10:47:41 +0200] "GET /account HTTP/1.1" 200 5943 "http://renault.activities.at/login" "Mozilla/5.0 (Windows NT 6.3; Win64; x64) AppleWebKit/537.36 (KHTML, like Gecko) Chrome/91.0.4472.124 Safari/537.36"
93.83.167.218 - - [01/Jul/2021:10:47:45 +0200] "GET /loadthumbnail.php?id=12176979&width=50&height=50 HTTP/1.1" 200 1021 "http://renault.activities.at/account" "Mozilla/5.0 (Windows NT 6.3; Win64; x64) AppleWebKit/537.36 (KHTML, like Gecko) Chrome/91.0.4472.124 Safari/537.36"
93.83.167.218 - - [01/Jul/2021:10:48:04 +0200] "GET /result?searchterm=true&search=service HTTP/1.1" 200 8550 "http://renault.activities.at/account" "Mozilla/5.0 (Windows NT 6.3; Win64; x64) AppleWebKit/537.36 (KHTML, like Gecko) Chrome/91.0.4472.124 Safari/537.36"
93.83.167.218 - - [01/Jul/2021:10:48:08 +0200] "GET /loadthumbnail.php?id=12230337&width=113 HTTP/1.1" 200 2209 "http://renault.activities.at/result?searchterm=true&search=service" "Mozilla/5.0 (Windows NT 6.3; Win64; x64) AppleWebKit/537.36 (KHTML, like Gecko) Chrome/91.0.4472.124 Safari/537.36"
93.83.167.218 - - [01/Jul/2021:10:48:08 +0200] "GET /loadthumbnail.php?id=12230318&width=113 HTTP/1.1" 200 2255 "http://renault.activities.at/result?searchterm=true&search=service" "Mozilla/5.0 (Windows NT 6.3; Win64; x64) AppleWebKit/537.36 (KHTML, like Gecko) Chrome/91.0.4472.124 Safari/537.36"
93.83.167.218 - - [01/Jul/2021:10:48:08 +0200] "GET /loadthumbnail.php?id=12094749&width=113 HTTP/1.1" 200 15117 "http://renault.activities.at/result?searchterm=true&search=service" "Mozilla/5.0 (Windows NT 6.3; Win64; x64) AppleWebKit/537.36 (KHTML, like Gecko) Chrome/91.0.4472.124 Safari/537.36"
93.83.167.218 - - [01/Jul/2021:10:48:08 +0200] "GET /loadthumbnail.php?id=10203255 HTTP/1.1" 200 137 "http://renault.activities.at/result?searchterm=true&search=service" "Mozilla/5.0 (Windows NT 6.3; Win64; x64) AppleWebKit/537.36 (KHTML, like Gecko) Chrome/91.0.4472.124 Safari/537.36"
93.83.167.218 - - [01/Jul/2021:10:48:08 +0200] "GET /loadthumbnail.php?id=11075492&width=113 HTTP/1.1" 200 2349 "http://renault.activities.at/result?searchterm=true&search=service" "Mozilla/5.0 (Windows NT 6.3; Win64; x64) AppleWebKit/537.36 (KHTML, like Gecko) Chrome/91.0.4472.124 Safari/537.36"
93.83.167.218 - - [01/Jul/2021:10:48:08 +0200] "GET /loadthumbnail.php?id=11461719&width=113 HTTP/1.1" 200 32753 "http://renault.activities.at/result?searchterm=true&search=service" "Mozilla/5.0 (Windows NT 6.3; Win64; x64) AppleWebKit/537.36 (KHTML, like Gecko) Chrome/91.0.4472.124 Safari/537.36"
93.83.167.218 - - [01/Jul/2021:10:48:08 +0200] "GET /loadthumbnail.php?id=12088443&width=113 HTTP/1.1" 200 7201 "http://renault.activities.at/result?searchterm=true&search=service" "Mozilla/5.0 (Windows NT 6.3; Win64; x64) AppleWebKit/537.36 (KHTML, like Gecko) Chrome/91.0.4472.124 Safari/537.36"
93.83.167.218 - - [01/Jul/2021:10:48:08 +0200] "GET /loadthumbnail.php?id=12094811&width=113 HTTP/1.1" 200 27912 "http://renault.activities.at/result?searchterm=true&search=service" "Mozilla/5.0 (Windows NT 6.3; Win64; x64) AppleWebKit/537.36 (KHTML, like Gecko) Chrome/91.0.4472.124 Safari/537.36"
93.83.167.218 - - [01/Jul/2021:10:48:08 +0200] "GET /loadthumbnail.php?id=12230577&width=113 HTTP/1.1" 200 1374 "http://renault.activities.at/result?searchterm=true&search=service" "Mozilla/5.0 (Windows NT 6.3; Win64; x64) AppleWebKit/537.36 (KHTML, like Gecko) Chrome/91.0.4472.124 Safari/537.36"
93.83.167.218 - - [01/Jul/2021:10:48:08 +0200] "GET /loadthumbnail.php?id=12010095&width=113 HTTP/1.1" 200 20832 "http://renault.activities.at/result?searchterm=true&search=service" "Mozilla/5.0 (Windows NT 6.3; Win64; x64) AppleWebKit/537.36 (KHTML, like Gecko) Chrome/91.0.4472.124 Safari/537.36"
93.83.167.218 - - [01/Jul/2021:10:48:08 +0200] "GET /loadthumbnail.php?id=12388135&width=113 HTTP/1.1" 200 1381 "http://renault.activities.at/result?searchterm=true&search=service" "Mozilla/5.0 (Windows NT 6.3; Win64; x64) AppleWebKit/537.36 (KHTML, like Gecko) Chrome/91.0.4472.124 Safari/537.36"
93.83.167.218 - - [01/Jul/2021:10:48:08 +0200] "GET /loadthumbnail.php?id=12388134&width=113 HTTP/1.1" 200 1524 "http://renault.activities.at/result?searchterm=true&search=service" "Mozilla/5.0 (Windows NT 6.3; Win64; x64) AppleWebKit/537.36 (KHTML, like Gecko) Chrome/91.0.4472.124 Safari/537.36"
93.83.167.218 - - [01/Jul/2021:10:48:09 +0200] "GET /loadthumbnail.php?id=11730248&width=113 HTTP/1.1" 200 4910 "http://renault.activities.at/result?searchterm=true&search=service" "Mozilla/5.0 (Windows NT 6.3; Win64; x64) AppleWebKit/537.36 (KHTML, like Gecko) Chrome/91.0.4472.124 Safari/537.36"
93.83.167.218 - - [01/Jul/2021:10:48:09 +0200] "GET /loadthumbnail.php?id=10633817&width=113 HTTP/1.1" 200 2614 "http://renault.activities.at/result?searchterm=true&search=service" "Mozilla/5.0 (Windows NT 6.3; Win64; x64) AppleWebKit/537.36 (KHTML, like Gecko) Chrome/91.0.4472.124 Safari/537.36"
93.83.167.218 - - [01/Jul/2021:10:48:09 +0200] "GET /loadthumbnail.php?id=12250803&width=113 HTTP/1.1" 200 1475 "http://renault.activities.at/result?searchterm=true&search=service" "Mozilla/5.0 (Windows NT 6.3; Win64; x64) AppleWebKit/537.36 (KHTML, like Gecko) Chrome/91.0.4472.124 Safari/537.36"
93.83.167.218 - - [01/Jul/2021:10:48:09 +0200] "GET /loadthumbnail.php?id=12250795&width=113 HTTP/1.1" 200 1501 "http://renault.activities.at/result?searchterm=true&search=service" "Mozilla/5.0 (Windows NT 6.3; Win64; x64) AppleWebKit/537.36 (KHTML, like Gecko) Chrome/91.0.4472.124 Safari/537.36"
93.83.167.218 - - [01/Jul/2021:10:48:04 +0200] "POST /axjaxrequest?mode=suggest HTTP/1.1" 200 228 "http://renault.activities.at/account" "Mozilla/5.0 (Windows NT 6.3; Win64; x64) AppleWebKit/537.36 (KHTML, like Gecko) Chrome/91.0.4472.124 Safari/537.36"
93.83.167.218 - - [01/Jul/2021:10:48:18 +0200] "GET /images/vista-dn-hover.gif HTTP/1.1" 200 127 "http://renault.activities.at/css/styles.css" "Mozilla/5.0 (Windows NT 6.3; Win64; x64) AppleWebKit/537.36 (KHTML, like Gecko) Chrome/91.0.4472.124 Safari/537.36"
138.21.12.21 - - [01/Jul/2021:10:48:25 +0200] "GET /reload?ser=1625129305284 HTTP/1.1" 200 28 "http://renault.2web.at/account" "Mozilla/5.0 (Windows NT 10.0; Win64; x64) AppleWebKit/537.36 (KHTML, like Gecko) Chrome/91.0.4472.114 Safari/537.36"
93.83.167.218 - - [01/Jul/2021:10:48:28 +0200] "POST /result?searchterm=true&search=service HTTP/1.1" 200 8743 "http://renault.activities.at/result?searchterm=true&search=service" "Mozilla/5.0 (Windows NT 6.3; Win64; x64) AppleWebKit/537.36 (KHTML, like Gecko) Chrome/91.0.4472.124 Safari/537.36"
93.83.167.218 - - [01/Jul/2021:10:48:29 +0200] "POST /result?searchterm=true&search=service HTTP/1.1" 200 8742 "http://renault.activities.at/result?searchterm=true&search=service" "Mozilla/5.0 (Windows NT 6.3; Win64; x64) AppleWebKit/537.36 (KHTML, like Gecko) Chrome/91.0.4472.124 Safari/537.36"
93.83.167.218 - - [01/Jul/2021:10:48:36 +0200] "GET /images/success_msg_icon.gif HTTP/1.1" 200 1024 "http://renault.activities.at/css/styles.css" "Mozilla/5.0 (Windows NT 6.3; Win64; x64) AppleWebKit/537.36 (KHTML, like Gecko) Chrome/91.0.4472.124 Safari/537.36"
91.114.96.114 - - [01/Jul/2021:10:48:38 +0200] "GET /reload?ser=1625129316761 HTTP/1.1" 200 28 "http://renault.activities.at/result?searchterm=true&search=coc" "Mozilla/5.0 (Windows NT 10.0; Win64; x64) AppleWebKit/537.36 (KHTML, like Gecko) Chrome/91.0.4472.114 Safari/537.36 Edg/91.0.864.59"
93.83.167.218 - - [01/Jul/2021:10:48:47 +0200] "POST /result?searchterm=true&search=service HTTP/1.1" 200 8751 "http://renault.activities.at/result?searchterm=true&search=service" "Mozilla/5.0 (Windows NT 6.3; Win64; x64) AppleWebKit/537.36 (KHTML, like Gecko) Chrome/91.0.4472.124 Safari/537.36"
93.83.167.218 - - [01/Jul/2021:10:48:56 +0200] "GET /cart HTTP/1.1" 200 5207 "http://renault.activities.at/result?searchterm=true&search=service" "Mozilla/5.0 (Windows NT 6.3; Win64; x64) AppleWebKit/537.36 (KHTML, like Gecko) Chrome/91.0.4472.124 Safari/537.36"
93.83.167.218 - - [01/Jul/2021:10:48:58 +0200] "GET /loadthumbnail.php?id=10232009&width=16&height=16 HTTP/1.1" 200 700 "http://renault.activities.at/cart" "Mozilla/5.0 (Windows NT 6.3; Win64; x64) AppleWebKit/537.36 (KHTML, like Gecko) Chrome/91.0.4472.124 Safari/537.36"
93.83.167.218 - - [01/Jul/2021:10:48:58 +0200] "GET /loadthumbnail.php?id=11075492&width=100 HTTP/1.1" 200 2117 "http://renault.activities.at/cart" "Mozilla/5.0 (Windows NT 6.3; Win64; x64) AppleWebKit/537.36 (KHTML, like Gecko) Chrome/91.0.4472.124 Safari/537.36"
93.83.167.218 - - [01/Jul/2021:10:48:58 +0200] "GET /loadthumbnail.php?id=12094749&width=100 HTTP/1.1" 200 11995 "http://renault.activities.at/cart" "Mozilla/5.0 (Windows NT 6.3; Win64; x64) AppleWebKit/537.36 (KHTML, like Gecko) Chrome/91.0.4472.124 Safari/537.36"
