80.123.225.38 - - [02/Jul/2021:11:43:00 +0200] "GET /loadthumbnail.php?id=11137061&width=113 HTTP/1.1" 200 2095 "http://renault.activities.at/result?dir=DESC&mode=grid&order=name&limit=15&page=2&search=vorf%C3%BChrwagenkleber" "Mozilla/5.0 (Windows NT 10.0; Win64; x64) AppleWebKit/537.36 (KHTML, like Gecko) Chrome/91.0.4472.124 Safari/537.36"
80.123.225.38 - - [02/Jul/2021:11:43:00 +0200] "GET /loadthumbnail.php?id=11181207&width=113 HTTP/1.1" 200 1279 "http://renault.activities.at/result?dir=DESC&mode=grid&order=name&limit=15&page=2&search=vorf%C3%BChrwagenkleber" "Mozilla/5.0 (Windows NT 10.0; Win64; x64) AppleWebKit/537.36 (KHTML, like Gecko) Chrome/91.0.4472.124 Safari/537.36"
80.123.225.38 - - [02/Jul/2021:11:43:00 +0200] "GET /loadthumbnail.php?id=11195908&width=113 HTTP/1.1" 200 1279 "http://renault.activities.at/result?dir=DESC&mode=grid&order=name&limit=15&page=2&search=vorf%C3%BChrwagenkleber" "Mozilla/5.0 (Windows NT 10.0; Win64; x64) AppleWebKit/537.36 (KHTML, like Gecko) Chrome/91.0.4472.124 Safari/537.36"
80.123.225.38 - - [02/Jul/2021:11:43:01 +0200] "GET /loadthumbnail.php?id=11181201&width=113 HTTP/1.1" 200 1279 "http://renault.activities.at/result?dir=DESC&mode=grid&order=name&limit=15&page=2&search=vorf%C3%BChrwagenkleber" "Mozilla/5.0 (Windows NT 10.0; Win64; x64) AppleWebKit/537.36 (KHTML, like Gecko) Chrome/91.0.4472.124 Safari/537.36"
80.123.225.38 - - [02/Jul/2021:11:43:01 +0200] "GET /loadthumbnail.php?id=11194725&width=113 HTTP/1.1" 200 1322 "http://renault.activities.at/result?dir=DESC&mode=grid&order=name&limit=15&page=2&search=vorf%C3%BChrwagenkleber" "Mozilla/5.0 (Windows NT 10.0; Win64; x64) AppleWebKit/537.36 (KHTML, like Gecko) Chrome/91.0.4472.124 Safari/537.36"
80.123.225.38 - - [02/Jul/2021:11:43:01 +0200] "GET /loadthumbnail.php?id=11181227&width=113 HTTP/1.1" 200 1322 "http://renault.activities.at/result?dir=DESC&mode=grid&order=name&limit=15&page=2&search=vorf%C3%BChrwagenkleber" "Mozilla/5.0 (Windows NT 10.0; Win64; x64) AppleWebKit/537.36 (KHTML, like Gecko) Chrome/91.0.4472.124 Safari/537.36"
80.123.225.38 - - [02/Jul/2021:11:43:01 +0200] "GET /loadthumbnail.php?id=11181225&width=113 HTTP/1.1" 200 1322 "http://renault.activities.at/result?dir=DESC&mode=grid&order=name&limit=15&page=2&search=vorf%C3%BChrwagenkleber" "Mozilla/5.0 (Windows NT 10.0; Win64; x64) AppleWebKit/537.36 (KHTML, like Gecko) Chrome/91.0.4472.124 Safari/537.36"
80.123.225.38 - - [02/Jul/2021:11:43:01 +0200] "GET /loadthumbnail.php?id=11181199&width=113 HTTP/1.1" 200 1829 "http://renault.activities.at/result?dir=DESC&mode=grid&order=name&limit=15&page=2&search=vorf%C3%BChrwagenkleber" "Mozilla/5.0 (Windows NT 10.0; Win64; x64) AppleWebKit/537.36 (KHTML, like Gecko) Chrome/91.0.4472.124 Safari/537.36"
80.123.225.38 - - [02/Jul/2021:11:43:01 +0200] "GET /loadthumbnail.php?id=11194700&width=113 HTTP/1.1" 200 1829 "http://renault.activities.at/result?dir=DESC&mode=grid&order=name&limit=15&page=2&search=vorf%C3%BChrwagenkleber" "Mozilla/5.0 (Windows NT 10.0; Win64; x64) AppleWebKit/537.36 (KHTML, like Gecko) Chrome/91.0.4472.124 Safari/537.36"
193.194.132.28 - - [02/Jul/2021:11:43:03 +0200] "GET /reload?ser=1625218983098 HTTP/1.1" 200 28 "http://renault.2web.at/account" "Mozilla/5.0 (Windows NT 10.0; Win64; x64) AppleWebKit/537.36 (KHTML, like Gecko) Chrome/91.0.4472.114 Safari/537.36"
80.123.225.38 - - [02/Jul/2021:11:43:06 +0200] "GET /css/themes/alphacube/top_mid.gif HTTP/1.1" 200 833 "http://renault.activities.at/css/themes/alphacube.css" "Mozilla/5.0 (Windows NT 10.0; Win64; x64) AppleWebKit/537.36 (KHTML, like Gecko) Chrome/91.0.4472.124 Safari/537.36"
80.123.225.38 - - [02/Jul/2021:11:43:06 +0200] "GET /css/themes/alphacube/bottom_middle.gif HTTP/1.1" 200 44 "http://renault.activities.at/css/themes/alphacube.css" "Mozilla/5.0 (Windows NT 10.0; Win64; x64) AppleWebKit/537.36 (KHTML, like Gecko) Chrome/91.0.4472.124 Safari/537.36"
80.123.225.38 - - [02/Jul/2021:11:43:06 +0200] "GET /css/themes/alphacube/frame_right.gif HTTP/1.1" 200 64 "http://renault.activities.at/css/themes/alphacube.css" "Mozilla/5.0 (Windows NT 10.0; Win64; x64) AppleWebKit/537.36 (KHTML, like Gecko) Chrome/91.0.4472.124 Safari/537.36"
80.123.225.38 - - [02/Jul/2021:11:43:06 +0200] "GET /css/themes/alphacube/frame_left.gif HTTP/1.1" 200 64 "http://renault.activities.at/css/themes/alphacube.css" "Mozilla/5.0 (Windows NT 10.0; Win64; x64) AppleWebKit/537.36 (KHTML, like Gecko) Chrome/91.0.4472.124 Safari/537.36"
80.123.225.38 - - [02/Jul/2021:11:43:06 +0200] "GET /css/themes/alphacube/button-close-focus.gif HTTP/1.1" 200 699 "http://renault.activities.at/css/themes/alphacube.css" "Mozilla/5.0 (Windows NT 10.0; Win64; x64) AppleWebKit/537.36 (KHTML, like Gecko) Chrome/91.0.4472.124 Safari/537.36"
80.123.225.38 - - [02/Jul/2021:11:43:06 +0200] "GET /css/themes/alphacube/top_left.gif HTTP/1.1" 200 973 "http://renault.activities.at/css/themes/alphacube.css" "Mozilla/5.0 (Windows NT 10.0; Win64; x64) AppleWebKit/537.36 (KHTML, like Gecko) Chrome/91.0.4472.124 Safari/537.36"
80.123.225.38 - - [02/Jul/2021:11:43:06 +0200] "GET /css/themes/alphacube/top_right.gif HTTP/1.1" 200 972 "http://renault.activities.at/css/themes/alphacube.css" "Mozilla/5.0 (Windows NT 10.0; Win64; x64) AppleWebKit/537.36 (KHTML, like Gecko) Chrome/91.0.4472.124 Safari/537.36"
80.123.225.38 - - [02/Jul/2021:11:43:06 +0200] "GET /css/themes/alphacube/bottom_right-c.gif HTTP/1.1" 200 62 "http://renault.activities.at/css/themes/alphacube.css" "Mozilla/5.0 (Windows NT 10.0; Win64; x64) AppleWebKit/537.36 (KHTML, like Gecko) Chrome/91.0.4472.124 Safari/537.36"
80.123.225.38 - - [02/Jul/2021:11:43:06 +0200] "GET /css/themes/alphacube/bottom_left-c.gif HTTP/1.1" 200 62 "http://renault.activities.at/css/themes/alphacube.css" "Mozilla/5.0 (Windows NT 10.0; Win64; x64) AppleWebKit/537.36 (KHTML, like Gecko) Chrome/91.0.4472.124 Safari/537.36"
80.123.225.38 - - [02/Jul/2021:11:43:06 +0200] "GET /11339761?print=true HTTP/1.1" 200 2646 "http://renault.activities.at/result?dir=DESC&mode=grid&order=name&limit=15&page=2&search=vorf%C3%BChrwagenkleber" "Mozilla/5.0 (Windows NT 10.0; Win64; x64) AppleWebKit/537.36 (KHTML, like Gecko) Chrome/91.0.4472.124 Safari/537.36"
80.123.225.38 - - [02/Jul/2021:11:43:10 +0200] "GET /js/magiczoom/magiczoom.css HTTP/1.1" 200 1210 "http://renault.activities.at/11339761?print=true" "Mozilla/5.0 (Windows NT 10.0; Win64; x64) AppleWebKit/537.36 (KHTML, like Gecko) Chrome/91.0.4472.124 Safari/537.36"
80.123.225.38 - - [02/Jul/2021:11:43:10 +0200] "GET /js/Produkt.js HTTP/1.1" 200 852 "http://renault.activities.at/11339761?print=true" "Mozilla/5.0 (Windows NT 10.0; Win64; x64) AppleWebKit/537.36 (KHTML, like Gecko) Chrome/91.0.4472.124 Safari/537.36"
80.123.225.38 - - [02/Jul/2021:11:43:10 +0200] "GET /js/magiczoom/magiczoom.js HTTP/1.1" 200 26397 "http://renault.activities.at/11339761?print=true" "Mozilla/5.0 (Windows NT 10.0; Win64; x64) AppleWebKit/537.36 (KHTML, like Gecko) Chrome/91.0.4472.124 Safari/537.36"
80.123.225.38 - - [02/Jul/2021:11:43:10 +0200] "GET /loadthumbnail.php?id=11339764&width=250 HTTP/1.1" 200 6036 "http://renault.activities.at/11339761?print=true" "Mozilla/5.0 (Windows NT 10.0; Win64; x64) AppleWebKit/537.36 (KHTML, like Gecko) Chrome/91.0.4472.124 Safari/537.36"
80.123.225.38 - - [02/Jul/2021:11:43:10 +0200] "GET /loadthumbnail.php?id=11339764&width=900&height=900 HTTP/1.1" 200 38606 "http://renault.activities.at/11339761?print=true" "Mozilla/5.0 (Windows NT 10.0; Win64; x64) AppleWebKit/537.36 (KHTML, like Gecko) Chrome/91.0.4472.124 Safari/537.36"
80.123.225.38 - - [02/Jul/2021:11:43:10 +0200] "GET /js/magiczoom/graphics/hint.gif HTTP/1.1" 200 73 "http://renault.activities.at/js/magiczoom/magiczoom.css" "Mozilla/5.0 (Windows NT 10.0; Win64; x64) AppleWebKit/537.36 (KHTML, like Gecko) Chrome/91.0.4472.124 Safari/537.36"
80.123.225.38 - - [02/Jul/2021:11:43:11 +0200] "GET /js/magiczoom/graphics/zoomin.cur HTTP/1.1" 200 326 "http://renault.activities.at/js/magiczoom/magiczoom.css" "Mozilla/5.0 (Windows NT 10.0; Win64; x64) AppleWebKit/537.36 (KHTML, like Gecko) Chrome/91.0.4472.124 Safari/537.36"
80.123.225.38 - - [02/Jul/2021:11:43:28 +0200] "GET /result?dir=DESC&mode=grid&order=name&limit=15&page=3&search=vorf%C3%BChrwagenkleber HTTP/1.1" 200 8649 "http://renault.activities.at/result?dir=DESC&mode=grid&order=name&limit=15&page=2&search=vorf%C3%BChrwagenkleber" "Mozilla/5.0 (Windows NT 10.0; Win64; x64) AppleWebKit/537.36 (KHTML, like Gecko) Chrome/91.0.4472.124 Safari/537.36"
138.21.12.25 - - [02/Jul/2021:11:43:30 +0200] "GET /reload?ser=1625219010240 HTTP/1.1" 200 28 "http://renault.2web.at/result?searchterm=true&search=twingo" "Mozilla/5.0 (Windows NT 10.0; Win64; x64) AppleWebKit/537.36 (KHTML, like Gecko) Chrome/91.0.4472.114 Safari/537.36"
80.123.225.38 - - [02/Jul/2021:11:43:31 +0200] "GET /loadthumbnail.php?id=11181197&width=113 HTTP/1.1" 200 1829 "http://renault.activities.at/result?dir=DESC&mode=grid&order=name&limit=15&page=3&search=vorf%C3%BChrwagenkleber" "Mozilla/5.0 (Windows NT 10.0; Win64; x64) AppleWebKit/537.36 (KHTML, like Gecko) Chrome/91.0.4472.124 Safari/537.36"
80.123.225.38 - - [02/Jul/2021:11:43:31 +0200] "GET /loadthumbnail.php?id=11186469&width=113 HTTP/1.1" 200 1278 "http://renault.activities.at/result?dir=DESC&mode=grid&order=name&limit=15&page=3&search=vorf%C3%BChrwagenkleber" "Mozilla/5.0 (Windows NT 10.0; Win64; x64) AppleWebKit/537.36 (KHTML, like Gecko) Chrome/91.0.4472.124 Safari/537.36"
80.123.225.38 - - [02/Jul/2021:11:43:31 +0200] "GET /loadthumbnail.php?id=11194717&width=113 HTTP/1.1" 200 1278 "http://renault.activities.at/result?dir=DESC&mode=grid&order=name&limit=15&page=3&search=vorf%C3%BChrwagenkleber" "Mozilla/5.0 (Windows NT 10.0; Win64; x64) AppleWebKit/537.36 (KHTML, like Gecko) Chrome/91.0.4472.124 Safari/537.36"
80.123.225.38 - - [02/Jul/2021:11:43:31 +0200] "GET /loadthumbnail.php?id=11195851&width=113 HTTP/1.1" 200 1156 "http://renault.activities.at/result?dir=DESC&mode=grid&order=name&limit=15&page=3&search=vorf%C3%BChrwagenkleber" "Mozilla/5.0 (Windows NT 10.0; Win64; x64) AppleWebKit/537.36 (KHTML, like Gecko) Chrome/91.0.4472.124 Safari/537.36"
80.123.225.38 - - [02/Jul/2021:11:43:31 +0200] "GET /loadthumbnail.php?id=11181237&width=113 HTTP/1.1" 200 1156 "http://renault.activities.at/result?dir=DESC&mode=grid&order=name&limit=15&page=3&search=vorf%C3%BChrwagenkleber" "Mozilla/5.0 (Windows NT 10.0; Win64; x64) AppleWebKit/537.36 (KHTML, like Gecko) Chrome/91.0.4472.124 Safari/537.36"
80.123.225.38 - - [02/Jul/2021:11:43:31 +0200] "GET /loadthumbnail.php?id=11186457&width=113 HTTP/1.1" 200 1278 "http://renault.activities.at/result?dir=DESC&mode=grid&order=name&limit=15&page=3&search=vorf%C3%BChrwagenkleber" "Mozilla/5.0 (Windows NT 10.0; Win64; x64) AppleWebKit/537.36 (KHTML, like Gecko) Chrome/91.0.4472.124 Safari/537.36"
80.123.225.38 - - [02/Jul/2021:11:43:31 +0200] "GET /loadthumbnail.php?id=11181235&width=113 HTTP/1.1" 200 1156 "http://renault.activities.at/result?dir=DESC&mode=grid&order=name&limit=15&page=3&search=vorf%C3%BChrwagenkleber" "Mozilla/5.0 (Windows NT 10.0; Win64; x64) AppleWebKit/537.36 (KHTML, like Gecko) Chrome/91.0.4472.124 Safari/537.36"
80.123.225.38 - - [02/Jul/2021:11:43:31 +0200] "GET /loadthumbnail.php?id=11186495&width=113 HTTP/1.1" 200 1974 "http://renault.activities.at/result?dir=DESC&mode=grid&order=name&limit=15&page=3&search=vorf%C3%BChrwagenkleber" "Mozilla/5.0 (Windows NT 10.0; Win64; x64) AppleWebKit/537.36 (KHTML, like Gecko) Chrome/91.0.4472.124 Safari/537.36"
80.123.225.38 - - [02/Jul/2021:11:43:31 +0200] "GET /loadthumbnail.php?id=11186483&width=113 HTTP/1.1" 200 1974 "http://renault.activities.at/result?dir=DESC&mode=grid&order=name&limit=15&page=3&search=vorf%C3%BChrwagenkleber" "Mozilla/5.0 (Windows NT 10.0; Win64; x64) AppleWebKit/537.36 (KHTML, like Gecko) Chrome/91.0.4472.124 Safari/537.36"
80.123.225.38 - - [02/Jul/2021:11:43:32 +0200] "GET /loadthumbnail.php?id=11181233&width=113 HTTP/1.1" 200 1353 "http://renault.activities.at/result?dir=DESC&mode=grid&order=name&limit=15&page=3&search=vorf%C3%BChrwagenkleber" "Mozilla/5.0 (Windows NT 10.0; Win64; x64) AppleWebKit/537.36 (KHTML, like Gecko) Chrome/91.0.4472.124 Safari/537.36"
80.123.225.38 - - [02/Jul/2021:11:43:32 +0200] "GET /loadthumbnail.php?id=11194732&width=113 HTTP/1.1" 200 1353 "http://renault.activities.at/result?dir=DESC&mode=grid&order=name&limit=15&page=3&search=vorf%C3%BChrwagenkleber" "Mozilla/5.0 (Windows NT 10.0; Win64; x64) AppleWebKit/537.36 (KHTML, like Gecko) Chrome/91.0.4472.124 Safari/537.36"
80.123.225.38 - - [02/Jul/2021:11:43:32 +0200] "GET /loadthumbnail.php?id=11181230&width=113 HTTP/1.1" 200 1353 "http://renault.activities.at/result?dir=DESC&mode=grid&order=name&limit=15&page=3&search=vorf%C3%BChrwagenkleber" "Mozilla/5.0 (Windows NT 10.0; Win64; x64) AppleWebKit/537.36 (KHTML, like Gecko) Chrome/91.0.4472.124 Safari/537.36"
80.123.225.38 - - [02/Jul/2021:11:43:32 +0200] "GET /loadthumbnail.php?id=12094699&width=113 HTTP/1.1" 200 1921 "http://renault.activities.at/result?dir=DESC&mode=grid&order=name&limit=15&page=3&search=vorf%C3%BChrwagenkleber" "Mozilla/5.0 (Windows NT 10.0; Win64; x64) AppleWebKit/537.36 (KHTML, like Gecko) Chrome/91.0.4472.124 Safari/537.36"
212.152.229.244 - - [02/Jul/2021:11:43:43 +0200] "GET /reload?ser=1625219023377 HTTP/1.1" 200 28 "http://renault.activities.at/" "Mozilla/5.0 (Windows NT 10.0; Win64; x64) AppleWebKit/537.36 (KHTML, like Gecko) Chrome/91.0.4472.124 Safari/537.36"
80.123.225.38 - - [02/Jul/2021:11:43:42 +0200] "GET /result?dir=DESC&mode=grid&order=name&limit=15&page=4&search=vorf%C3%BChrwagenkleber HTTP/1.1" 200 8758 "http://renault.activities.at/result?dir=DESC&mode=grid&order=name&limit=15&page=3&search=vorf%C3%BChrwagenkleber" "Mozilla/5.0 (Windows NT 10.0; Win64; x64) AppleWebKit/537.36 (KHTML, like Gecko) Chrome/91.0.4472.124 Safari/537.36"
80.123.225.38 - - [02/Jul/2021:11:43:45 +0200] "GET /loadthumbnail.php?id=12094698&width=113 HTTP/1.1" 200 1921 "http://renault.activities.at/result?dir=DESC&mode=grid&order=name&limit=15&page=4&search=vorf%C3%BChrwagenkleber" "Mozilla/5.0 (Windows NT 10.0; Win64; x64) AppleWebKit/537.36 (KHTML, like Gecko) Chrome/91.0.4472.124 Safari/537.36"
80.123.225.38 - - [02/Jul/2021:11:43:45 +0200] "GET /loadthumbnail.php?id=11181219&width=113 HTTP/1.1" 200 2121 "http://renault.activities.at/result?dir=DESC&mode=grid&order=name&limit=15&page=4&search=vorf%C3%BChrwagenkleber" "Mozilla/5.0 (Windows NT 10.0; Win64; x64) AppleWebKit/537.36 (KHTML, like Gecko) Chrome/91.0.4472.124 Safari/537.36"
80.123.225.38 - - [02/Jul/2021:11:43:45 +0200] "GET /loadthumbnail.php?id=11181213&width=113 HTTP/1.1" 200 2121 "http://renault.activities.at/result?dir=DESC&mode=grid&order=name&limit=15&page=4&search=vorf%C3%BChrwagenkleber" "Mozilla/5.0 (Windows NT 10.0; Win64; x64) AppleWebKit/537.36 (KHTML, like Gecko) Chrome/91.0.4472.124 Safari/537.36"
80.123.225.38 - - [02/Jul/2021:11:43:45 +0200] "GET /loadthumbnail.php?id=11194713&width=113 HTTP/1.1" 200 1171 "http://renault.activities.at/result?dir=DESC&mode=grid&order=name&limit=15&page=4&search=vorf%C3%BChrwagenkleber" "Mozilla/5.0 (Windows NT 10.0; Win64; x64) AppleWebKit/537.36 (KHTML, like Gecko) Chrome/91.0.4472.124 Safari/537.36"
80.123.225.38 - - [02/Jul/2021:11:43:45 +0200] "GET /loadthumbnail.php?id=11181223&width=113 HTTP/1.1" 200 1171 "http://renault.activities.at/result?dir=DESC&mode=grid&order=name&limit=15&page=4&search=vorf%C3%BChrwagenkleber" "Mozilla/5.0 (Windows NT 10.0; Win64; x64) AppleWebKit/537.36 (KHTML, like Gecko) Chrome/91.0.4472.124 Safari/537.36"
80.123.225.38 - - [02/Jul/2021:11:43:45 +0200] "GET /loadthumbnail.php?id=11181221&width=113 HTTP/1.1" 200 1171 "http://renault.activities.at/result?dir=DESC&mode=grid&order=name&limit=15&page=4&search=vorf%C3%BChrwagenkleber" "Mozilla/5.0 (Windows NT 10.0; Win64; x64) AppleWebKit/537.36 (KHTML, like Gecko) Chrome/91.0.4472.124 Safari/537.36"
80.123.225.38 - - [02/Jul/2021:11:43:46 +0200] "GET /loadthumbnail.php?id=11181168&width=113 HTTP/1.1" 200 847 "http://renault.activities.at/result?dir=DESC&mode=grid&order=name&limit=15&page=4&search=vorf%C3%BChrwagenkleber" "Mozilla/5.0 (Windows NT 10.0; Win64; x64) AppleWebKit/537.36 (KHTML, like Gecko) Chrome/91.0.4472.124 Safari/537.36"
80.123.225.38 - - [02/Jul/2021:11:43:46 +0200] "GET /loadthumbnail.php?id=11181166&width=113 HTTP/1.1" 200 847 "http://renault.activities.at/result?dir=DESC&mode=grid&order=name&limit=15&page=4&search=vorf%C3%BChrwagenkleber" "Mozilla/5.0 (Windows NT 10.0; Win64; x64) AppleWebKit/537.36 (KHTML, like Gecko) Chrome/91.0.4472.124 Safari/537.36"
80.123.225.38 - - [02/Jul/2021:11:43:46 +0200] "GET /loadthumbnail.php?id=12255323&width=113 HTTP/1.1" 200 2018 "http://renault.activities.at/result?dir=DESC&mode=grid&order=name&limit=15&page=4&search=vorf%C3%BChrwagenkleber" "Mozilla/5.0 (Windows NT 10.0; Win64; x64) AppleWebKit/537.36 (KHTML, like Gecko) Chrome/91.0.4472.124 Safari/537.36"
80.123.225.38 - - [02/Jul/2021:11:43:46 +0200] "GET /loadthumbnail.php?id=12255324&width=113 HTTP/1.1" 200 2018 "http://renault.activities.at/result?dir=DESC&mode=grid&order=name&limit=15&page=4&search=vorf%C3%BChrwagenkleber" "Mozilla/5.0 (Windows NT 10.0; Win64; x64) AppleWebKit/537.36 (KHTML, like Gecko) Chrome/91.0.4472.124 Safari/537.36"
80.123.225.38 - - [02/Jul/2021:11:43:46 +0200] "GET /loadthumbnail.php?id=11555219&width=113 HTTP/1.1" 200 2237 "http://renault.activities.at/result?dir=DESC&mode=grid&order=name&limit=15&page=4&search=vorf%C3%BChrwagenkleber" "Mozilla/5.0 (Windows NT 10.0; Win64; x64) AppleWebKit/537.36 (KHTML, like Gecko) Chrome/91.0.4472.124 Safari/537.36"
80.123.225.38 - - [02/Jul/2021:11:43:46 +0200] "GET /loadthumbnail.php?id=12255321&width=113 HTTP/1.1" 200 2018 "http://renault.activities.at/result?dir=DESC&mode=grid&order=name&limit=15&page=4&search=vorf%C3%BChrwagenkleber" "Mozilla/5.0 (Windows NT 10.0; Win64; x64) AppleWebKit/537.36 (KHTML, like Gecko) Chrome/91.0.4472.124 Safari/537.36"
80.123.225.38 - - [02/Jul/2021:11:43:46 +0200] "GET /loadthumbnail.php?id=11555218&width=113 HTTP/1.1" 200 2237 "http://renault.activities.at/result?dir=DESC&mode=grid&order=name&limit=15&page=4&search=vorf%C3%BChrwagenkleber" "Mozilla/5.0 (Windows NT 10.0; Win64; x64) AppleWebKit/537.36 (KHTML, like Gecko) Chrome/91.0.4472.124 Safari/537.36"
80.123.225.38 - - [02/Jul/2021:11:43:46 +0200] "GET /loadthumbnail.php?id=11181172&width=113 HTTP/1.1" 200 1576 "http://renault.activities.at/result?dir=DESC&mode=grid&order=name&limit=15&page=4&search=vorf%C3%BChrwagenkleber" "Mozilla/5.0 (Windows NT 10.0; Win64; x64) AppleWebKit/537.36 (KHTML, like Gecko) Chrome/91.0.4472.124 Safari/537.36"
80.123.225.38 - - [02/Jul/2021:11:43:54 +0200] "GET /result?dir=DESC&mode=grid&order=name&limit=15&page=5&search=vorf%C3%BChrwagenkleber HTTP/1.1" 200 8655 "http://renault.activities.at/result?dir=DESC&mode=grid&order=name&limit=15&page=4&search=vorf%C3%BChrwagenkleber" "Mozilla/5.0 (Windows NT 10.0; Win64; x64) AppleWebKit/537.36 (KHTML, like Gecko) Chrome/91.0.4472.124 Safari/537.36"
80.123.225.38 - - [02/Jul/2021:11:43:57 +0200] "GET /loadthumbnail.php?id=11181170&width=113 HTTP/1.1" 200 1576 "http://renault.activities.at/result?dir=DESC&mode=grid&order=name&limit=15&page=5&search=vorf%C3%BChrwagenkleber" "Mozilla/5.0 (Windows NT 10.0; Win64; x64) AppleWebKit/537.36 (KHTML, like Gecko) Chrome/91.0.4472.124 Safari/537.36"
80.123.225.38 - - [02/Jul/2021:11:43:57 +0200] "GET /loadthumbnail.php?id=12358272&width=113 HTTP/1.1" 200 2569 "http://renault.activities.at/result?dir=DESC&mode=grid&order=name&limit=15&page=5&search=vorf%C3%BChrwagenkleber" "Mozilla/5.0 (Windows NT 10.0; Win64; x64) AppleWebKit/537.36 (KHTML, like Gecko) Chrome/91.0.4472.124 Safari/537.36"
80.123.225.38 - - [02/Jul/2021:11:43:57 +0200] "GET /loadthumbnail.php?id=12333874&width=113 HTTP/1.1" 200 1957 "http://renault.activities.at/result?dir=DESC&mode=grid&order=name&limit=15&page=5&search=vorf%C3%BChrwagenkleber" "Mozilla/5.0 (Windows NT 10.0; Win64; x64) AppleWebKit/537.36 (KHTML, like Gecko) Chrome/91.0.4472.124 Safari/537.36"
80.123.225.38 - - [02/Jul/2021:11:43:57 +0200] "GET /loadthumbnail.php?id=12333878&width=113 HTTP/1.1" 200 1913 "http://renault.activities.at/result?dir=DESC&mode=grid&order=name&limit=15&page=5&search=vorf%C3%BChrwagenkleber" "Mozilla/5.0 (Windows NT 10.0; Win64; x64) AppleWebKit/537.36 (KHTML, like Gecko) Chrome/91.0.4472.124 Safari/537.36"
80.123.225.38 - - [02/Jul/2021:11:43:57 +0200] "GET /loadthumbnail.php?id=12358273&width=113 HTTP/1.1" 200 2569 "http://renault.activities.at/result?dir=DESC&mode=grid&order=name&limit=15&page=5&search=vorf%C3%BChrwagenkleber" "Mozilla/5.0 (Windows NT 10.0; Win64; x64) AppleWebKit/537.36 (KHTML, like Gecko) Chrome/91.0.4472.124 Safari/537.36"
80.123.225.38 - - [02/Jul/2021:11:43:58 +0200] "GET /loadthumbnail.php?id=12421086&width=113 HTTP/1.1" 200 1910 "http://renault.activities.at/result?dir=DESC&mode=grid&order=name&limit=15&page=5&search=vorf%C3%BChrwagenkleber" "Mozilla/5.0 (Windows NT 10.0; Win64; x64) AppleWebKit/537.36 (KHTML, like Gecko) Chrome/91.0.4472.124 Safari/537.36"
80.123.225.38 - - [02/Jul/2021:11:43:58 +0200] "GET /loadthumbnail.php?id=12421082&width=113 HTTP/1.1" 200 1910 "http://renault.activities.at/result?dir=DESC&mode=grid&order=name&limit=15&page=5&search=vorf%C3%BChrwagenkleber" "Mozilla/5.0 (Windows NT 10.0; Win64; x64) AppleWebKit/537.36 (KHTML, like Gecko) Chrome/91.0.4472.124 Safari/537.36"
80.123.225.38 - - [02/Jul/2021:11:43:58 +0200] "GET /loadthumbnail.php?id=12421074&width=113 HTTP/1.1" 200 1888 "http://renault.activities.at/result?dir=DESC&mode=grid&order=name&limit=15&page=5&search=vorf%C3%BChrwagenkleber" "Mozilla/5.0 (Windows NT 10.0; Win64; x64) AppleWebKit/537.36 (KHTML, like Gecko) Chrome/91.0.4472.124 Safari/537.36"
80.123.225.38 - - [02/Jul/2021:11:43:58 +0200] "GET /loadthumbnail.php?id=12421078&width=113 HTTP/1.1" 200 1888 "http://renault.activities.at/result?dir=DESC&mode=grid&order=name&limit=15&page=5&search=vorf%C3%BChrwagenkleber" "Mozilla/5.0 (Windows NT 10.0; Win64; x64) AppleWebKit/537.36 (KHTML, like Gecko) Chrome/91.0.4472.124 Safari/537.36"
80.123.225.38 - - [02/Jul/2021:11:43:58 +0200] "GET /loadthumbnail.php?id=11181176&width=113 HTTP/1.1" 200 1860 "http://renault.activities.at/result?dir=DESC&mode=grid&order=name&limit=15&page=5&search=vorf%C3%BChrwagenkleber" "Mozilla/5.0 (Windows NT 10.0; Win64; x64) AppleWebKit/537.36 (KHTML, like Gecko) Chrome/91.0.4472.124 Safari/537.36"
80.123.225.38 - - [02/Jul/2021:11:43:58 +0200] "GET /loadthumbnail.php?id=11181174&width=113 HTTP/1.1" 200 1860 "http://renault.activities.at/result?dir=DESC&mode=grid&order=name&limit=15&page=5&search=vorf%C3%BChrwagenkleber" "Mozilla/5.0 (Windows NT 10.0; Win64; x64) AppleWebKit/537.36 (KHTML, like Gecko) Chrome/91.0.4472.124 Safari/537.36"
80.123.225.38 - - [02/Jul/2021:11:43:58 +0200] "GET /loadthumbnail.php?id=12255329&width=113 HTTP/1.1" 200 1827 "http://renault.activities.at/result?dir=DESC&mode=grid&order=name&limit=15&page=5&search=vorf%C3%BChrwagenkleber" "Mozilla/5.0 (Windows NT 10.0; Win64; x64) AppleWebKit/537.36 (KHTML, like Gecko) Chrome/91.0.4472.124 Safari/537.36"
80.123.225.38 - - [02/Jul/2021:11:43:58 +0200] "GET /loadthumbnail.php?id=12255330&width=113 HTTP/1.1" 200 1827 "http://renault.activities.at/result?dir=DESC&mode=grid&order=name&limit=15&page=5&search=vorf%C3%BChrwagenkleber" "Mozilla/5.0 (Windows NT 10.0; Win64; x64) AppleWebKit/537.36 (KHTML, like Gecko) Chrome/91.0.4472.124 Safari/537.36"
80.123.225.38 - - [02/Jul/2021:11:43:59 +0200] "GET /loadthumbnail.php?id=12255328&width=113 HTTP/1.1" 200 1827 "http://renault.activities.at/result?dir=DESC&mode=grid&order=name&limit=15&page=5&search=vorf%C3%BChrwagenkleber" "Mozilla/5.0 (Windows NT 10.0; Win64; x64) AppleWebKit/537.36 (KHTML, like Gecko) Chrome/91.0.4472.124 Safari/537.36"
193.194.132.28 - - [02/Jul/2021:11:44:05 +0200] "GET /reload?ser=1625219045099 HTTP/1.1" 200 28 "http://renault.2web.at/account" "Mozilla/5.0 (Windows NT 10.0; Win64; x64) AppleWebKit/537.36 (KHTML, like Gecko) Chrome/91.0.4472.114 Safari/537.36"
80.123.225.38 - - [02/Jul/2021:11:44:03 +0200] "GET /result?dir=DESC&mode=grid&order=name&limit=15&page=6&search=vorf%C3%BChrwagenkleber HTTP/1.1" 200 8771 "http://renault.activities.at/result?dir=DESC&mode=grid&order=name&limit=15&page=5&search=vorf%C3%BChrwagenkleber" "Mozilla/5.0 (Windows NT 10.0; Win64; x64) AppleWebKit/537.36 (KHTML, like Gecko) Chrome/91.0.4472.124 Safari/537.36"
80.123.225.38 - - [02/Jul/2021:11:44:06 +0200] "GET /loadthumbnail.php?id=12255326&width=113 HTTP/1.1" 200 2186 "http://renault.activities.at/result?dir=DESC&mode=grid&order=name&limit=15&page=6&search=vorf%C3%BChrwagenkleber" "Mozilla/5.0 (Windows NT 10.0; Win64; x64) AppleWebKit/537.36 (KHTML, like Gecko) Chrome/91.0.4472.124 Safari/537.36"
80.123.225.38 - - [02/Jul/2021:11:44:06 +0200] "GET /loadthumbnail.php?id=12255327&width=113 HTTP/1.1" 200 2186 "http://renault.activities.at/result?dir=DESC&mode=grid&order=name&limit=15&page=6&search=vorf%C3%BChrwagenkleber" "Mozilla/5.0 (Windows NT 10.0; Win64; x64) AppleWebKit/537.36 (KHTML, like Gecko) Chrome/91.0.4472.124 Safari/537.36"
80.123.225.38 - - [02/Jul/2021:11:44:06 +0200] "GET /loadthumbnail.php?id=12255325&width=113 HTTP/1.1" 200 2186 "http://renault.activities.at/result?dir=DESC&mode=grid&order=name&limit=15&page=6&search=vorf%C3%BChrwagenkleber" "Mozilla/5.0 (Windows NT 10.0; Win64; x64) AppleWebKit/537.36 (KHTML, like Gecko) Chrome/91.0.4472.124 Safari/537.36"
80.123.225.38 - - [02/Jul/2021:11:44:06 +0200] "GET /loadthumbnail.php?id=11181195&width=113 HTTP/1.1" 200 1448 "http://renault.activities.at/result?dir=DESC&mode=grid&order=name&limit=15&page=6&search=vorf%C3%BChrwagenkleber" "Mozilla/5.0 (Windows NT 10.0; Win64; x64) AppleWebKit/537.36 (KHTML, like Gecko) Chrome/91.0.4472.124 Safari/537.36"
80.123.225.38 - - [02/Jul/2021:11:44:06 +0200] "GET /loadthumbnail.php?id=11181193&width=113 HTTP/1.1" 200 1448 "http://renault.activities.at/result?dir=DESC&mode=grid&order=name&limit=15&page=6&search=vorf%C3%BChrwagenkleber" "Mozilla/5.0 (Windows NT 10.0; Win64; x64) AppleWebKit/537.36 (KHTML, like Gecko) Chrome/91.0.4472.124 Safari/537.36"
80.123.225.38 - - [02/Jul/2021:11:44:06 +0200] "GET /loadthumbnail.php?id=11228491&width=113 HTTP/1.1" 200 1007 "http://renault.activities.at/result?dir=DESC&mode=grid&order=name&limit=15&page=6&search=vorf%C3%BChrwagenkleber" "Mozilla/5.0 (Windows NT 10.0; Win64; x64) AppleWebKit/537.36 (KHTML, like Gecko) Chrome/91.0.4472.124 Safari/537.36"
80.123.225.38 - - [02/Jul/2021:11:44:07 +0200] "GET /loadthumbnail.php?id=11228494&width=113 HTTP/1.1" 200 1149 "http://renault.activities.at/result?dir=DESC&mode=grid&order=name&limit=15&page=6&search=vorf%C3%BChrwagenkleber" "Mozilla/5.0 (Windows NT 10.0; Win64; x64) AppleWebKit/537.36 (KHTML, like Gecko) Chrome/91.0.4472.124 Safari/537.36"
80.123.225.38 - - [02/Jul/2021:11:44:07 +0200] "GET /loadthumbnail.php?id=11228492&width=113 HTTP/1.1" 200 1071 "http://renault.activities.at/result?dir=DESC&mode=grid&order=name&limit=15&page=6&search=vorf%C3%BChrwagenkleber" "Mozilla/5.0 (Windows NT 10.0; Win64; x64) AppleWebKit/537.36 (KHTML, like Gecko) Chrome/91.0.4472.124 Safari/537.36"
80.123.225.38 - - [02/Jul/2021:11:44:07 +0200] "GET /loadthumbnail.php?id=11228493&width=113 HTTP/1.1" 200 1094 "http://renault.activities.at/result?dir=DESC&mode=grid&order=name&limit=15&page=6&search=vorf%C3%BChrwagenkleber" "Mozilla/5.0 (Windows NT 10.0; Win64; x64) AppleWebKit/537.36 (KHTML, like Gecko) Chrome/91.0.4472.124 Safari/537.36"
80.123.225.38 - - [02/Jul/2021:11:44:07 +0200] "GET /loadthumbnail.php?id=12427346&width=113 HTTP/1.1" 200 1875 "http://renault.activities.at/result?dir=DESC&mode=grid&order=name&limit=15&page=6&search=vorf%C3%BChrwagenkleber" "Mozilla/5.0 (Windows NT 10.0; Win64; x64) AppleWebKit/537.36 (KHTML, like Gecko) Chrome/91.0.4472.124 Safari/537.36"
80.123.225.38 - - [02/Jul/2021:11:44:07 +0200] "GET /loadthumbnail.php?id=11722649&width=113 HTTP/1.1" 200 1687 "http://renault.activities.at/result?dir=DESC&mode=grid&order=name&limit=15&page=6&search=vorf%C3%BChrwagenkleber" "Mozilla/5.0 (Windows NT 10.0; Win64; x64) AppleWebKit/537.36 (KHTML, like Gecko) Chrome/91.0.4472.124 Safari/537.36"
80.123.225.38 - - [02/Jul/2021:11:44:07 +0200] "GET /loadthumbnail.php?id=12427345&width=113 HTTP/1.1" 200 1875 "http://renault.activities.at/result?dir=DESC&mode=grid&order=name&limit=15&page=6&search=vorf%C3%BChrwagenkleber" "Mozilla/5.0 (Windows NT 10.0; Win64; x64) AppleWebKit/537.36 (KHTML, like Gecko) Chrome/91.0.4472.124 Safari/537.36"
80.123.225.38 - - [02/Jul/2021:11:44:07 +0200] "GET /loadthumbnail.php?id=11722648&width=113 HTTP/1.1" 200 1687 "http://renault.activities.at/result?dir=DESC&mode=grid&order=name&limit=15&page=6&search=vorf%C3%BChrwagenkleber" "Mozilla/5.0 (Windows NT 10.0; Win64; x64) AppleWebKit/537.36 (KHTML, like Gecko) Chrome/91.0.4472.124 Safari/537.36"
80.123.225.38 - - [02/Jul/2021:11:44:07 +0200] "GET /loadthumbnail.php?id=11825616&width=113 HTTP/1.1" 200 2367 "http://renault.activities.at/result?dir=DESC&mode=grid&order=name&limit=15&page=6&search=vorf%C3%BChrwagenkleber" "Mozilla/5.0 (Windows NT 10.0; Win64; x64) AppleWebKit/537.36 (KHTML, like Gecko) Chrome/91.0.4472.124 Safari/537.36"
80.123.225.38 - - [02/Jul/2021:11:44:07 +0200] "GET /loadthumbnail.php?id=11825615&width=113 HTTP/1.1" 200 2408 "http://renault.activities.at/result?dir=DESC&mode=grid&order=name&limit=15&page=6&search=vorf%C3%BChrwagenkleber" "Mozilla/5.0 (Windows NT 10.0; Win64; x64) AppleWebKit/537.36 (KHTML, like Gecko) Chrome/91.0.4472.124 Safari/537.36"
80.123.225.38 - - [02/Jul/2021:11:44:17 +0200] "GET /result?dir=DESC&mode=grid&order=name&limit=15&page=3&search=vorf%C3%BChrwagenkleber HTTP/1.1" 200 8649 "http://renault.activities.at/result?dir=DESC&mode=grid&order=name&limit=15&page=6&search=vorf%C3%BChrwagenkleber" "Mozilla/5.0 (Windows NT 10.0; Win64; x64) AppleWebKit/537.36 (KHTML, like Gecko) Chrome/91.0.4472.124 Safari/537.36"
80.123.225.38 - - [02/Jul/2021:11:44:26 +0200] "GET /images/vista-dn-hover.gif HTTP/1.1" 200 127 "http://renault.activities.at/css/styles.css" "Mozilla/5.0 (Windows NT 10.0; Win64; x64) AppleWebKit/537.36 (KHTML, like Gecko) Chrome/91.0.4472.124 Safari/537.36"
80.123.225.38 - - [02/Jul/2021:11:44:28 +0200] "GET /result?dir=DESC&mode=grid&order=name&limit=15&page=2&search=vorf%C3%BChrwagenkleber HTTP/1.1" 200 8719 "http://renault.activities.at/result?dir=DESC&mode=grid&order=name&limit=15&page=3&search=vorf%C3%BChrwagenkleber" "Mozilla/5.0 (Windows NT 10.0; Win64; x64) AppleWebKit/537.36 (KHTML, like Gecko) Chrome/91.0.4472.124 Safari/537.36"
138.21.12.25 - - [02/Jul/2021:11:44:32 +0200] "GET /reload?ser=1625219072240 HTTP/1.1" 200 28 "http://renault.2web.at/result?searchterm=true&search=twingo" "Mozilla/5.0 (Windows NT 10.0; Win64; x64) AppleWebKit/537.36 (KHTML, like Gecko) Chrome/91.0.4472.114 Safari/537.36"
80.123.225.38 - - [02/Jul/2021:11:44:34 +0200] "GET /11339765?print=true HTTP/1.1" 200 2676 "http://renault.activities.at/result?dir=DESC&mode=grid&order=name&limit=15&page=2&search=vorf%C3%BChrwagenkleber" "Mozilla/5.0 (Windows NT 10.0; Win64; x64) AppleWebKit/537.36 (KHTML, like Gecko) Chrome/91.0.4472.124 Safari/537.36"
80.123.225.38 - - [02/Jul/2021:11:44:37 +0200] "GET /loadthumbnail.php?id=11339768&width=250 HTTP/1.1" 200 6036 "http://renault.activities.at/11339765?print=true" "Mozilla/5.0 (Windows NT 10.0; Win64; x64) AppleWebKit/537.36 (KHTML, like Gecko) Chrome/91.0.4472.124 Safari/537.36"
80.123.225.38 - - [02/Jul/2021:11:44:37 +0200] "GET /loadthumbnail.php?id=11339768&width=900&height=900 HTTP/1.1" 200 38606 "http://renault.activities.at/11339765?print=true" "Mozilla/5.0 (Windows NT 10.0; Win64; x64) AppleWebKit/537.36 (KHTML, like Gecko) Chrome/91.0.4472.124 Safari/537.36"
212.152.229.244 - - [02/Jul/2021:11:44:44 +0200] "GET /reload?ser=1625219084367 HTTP/1.1" 200 28 "http://renault.activities.at/" "Mozilla/5.0 (Windows NT 10.0; Win64; x64) AppleWebKit/537.36 (KHTML, like Gecko) Chrome/91.0.4472.124 Safari/537.36"
193.194.132.28 - - [02/Jul/2021:11:45:07 +0200] "GET /reload?ser=1625219107100 HTTP/1.1" 200 28 "http://renault.2web.at/account" "Mozilla/5.0 (Windows NT 10.0; Win64; x64) AppleWebKit/537.36 (KHTML, like Gecko) Chrome/91.0.4472.114 Safari/537.36"
80.123.225.38 - - [02/Jul/2021:11:45:10 +0200] "GET /11136654?print=true HTTP/1.1" 200 2935 "http://renault.activities.at/result?dir=DESC&mode=grid&order=name&limit=15&page=2&search=vorf%C3%BChrwagenkleber" "Mozilla/5.0 (Windows NT 10.0; Win64; x64) AppleWebKit/537.36 (KHTML, like Gecko) Chrome/91.0.4472.124 Safari/537.36"
80.123.225.38 - - [02/Jul/2021:11:45:13 +0200] "GET /js/tabs.js HTTP/1.1" 200 519 "http://renault.activities.at/11136654?print=true" "Mozilla/5.0 (Windows NT 10.0; Win64; x64) AppleWebKit/537.36 (KHTML, like Gecko) Chrome/91.0.4472.124 Safari/537.36"
80.123.225.38 - - [02/Jul/2021:11:45:13 +0200] "GET /images/tabs_button_corner_right_top_active.gif HTTP/1.1" 200 136 "http://renault.activities.at/css/styles.css" "Mozilla/5.0 (Windows NT 10.0; Win64; x64) AppleWebKit/537.36 (KHTML, like Gecko) Chrome/91.0.4472.124 Safari/537.36"
80.123.225.38 - - [02/Jul/2021:11:45:13 +0200] "GET /images/tabs_button_corner_left_top_active.gif HTTP/1.1" 200 138 "http://renault.activities.at/css/styles.css" "Mozilla/5.0 (Windows NT 10.0; Win64; x64) AppleWebKit/537.36 (KHTML, like Gecko) Chrome/91.0.4472.124 Safari/537.36"
80.123.225.38 - - [02/Jul/2021:11:45:13 +0200] "GET /images/tabs_border.gif HTTP/1.1" 200 43 "http://renault.activities.at/css/styles.css" "Mozilla/5.0 (Windows NT 10.0; Win64; x64) AppleWebKit/537.36 (KHTML, like Gecko) Chrome/91.0.4472.124 Safari/537.36"
80.123.225.38 - - [02/Jul/2021:11:45:13 +0200] "GET /images/tabs_corner_left_top.gif HTTP/1.1" 200 99 "http://renault.activities.at/css/styles.css" "Mozilla/5.0 (Windows NT 10.0; Win64; x64) AppleWebKit/537.36 (KHTML, like Gecko) Chrome/91.0.4472.124 Safari/537.36"
80.123.225.38 - - [02/Jul/2021:11:45:13 +0200] "GET /images/tabs_corner_right_top.gif HTTP/1.1" 200 98 "http://renault.activities.at/css/styles.css" "Mozilla/5.0 (Windows NT 10.0; Win64; x64) AppleWebKit/537.36 (KHTML, like Gecko) Chrome/91.0.4472.124 Safari/537.36"
80.123.225.38 - - [02/Jul/2021:11:45:13 +0200] "GET /images/tabs_corner_left_bot.gif HTTP/1.1" 200 98 "http://renault.activities.at/css/styles.css" "Mozilla/5.0 (Windows NT 10.0; Win64; x64) AppleWebKit/537.36 (KHTML, like Gecko) Chrome/91.0.4472.124 Safari/537.36"
80.123.225.38 - - [02/Jul/2021:11:45:13 +0200] "GET /images/tabs_corner_right_bot.gif HTTP/1.1" 200 99 "http://renault.activities.at/css/styles.css" "Mozilla/5.0 (Windows NT 10.0; Win64; x64) AppleWebKit/537.36 (KHTML, like Gecko) Chrome/91.0.4472.124 Safari/537.36"
80.123.225.38 - - [02/Jul/2021:11:45:13 +0200] "GET /loadthumbnail.php?id=11137061&width=250 HTTP/1.1" 200 6003 "http://renault.activities.at/11136654?print=true" "Mozilla/5.0 (Windows NT 10.0; Win64; x64) AppleWebKit/537.36 (KHTML, like Gecko) Chrome/91.0.4472.124 Safari/537.36"
80.123.225.38 - - [02/Jul/2021:11:45:13 +0200] "GET /loadthumbnail.php?id=11137061&width=900&height=900 HTTP/1.1" 200 42008 "http://renault.activities.at/11136654?print=true" "Mozilla/5.0 (Windows NT 10.0; Win64; x64) AppleWebKit/537.36 (KHTML, like Gecko) Chrome/91.0.4472.124 Safari/537.36"
80.123.225.38 - - [02/Jul/2021:11:45:25 +0200] "POST /axjaxrequest?mode=suggest HTTP/1.1" 200 270 "http://renault.activities.at/result?dir=DESC&mode=grid&order=name&limit=15&page=2&search=vorf%C3%BChrwagenkleber" "Mozilla/5.0 (Windows NT 10.0; Win64; x64) AppleWebKit/537.36 (KHTML, like Gecko) Chrome/91.0.4472.124 Safari/537.36"
80.123.225.38 - - [02/Jul/2021:11:45:26 +0200] "GET /result?searchterm=true&search=pro%2B HTTP/1.1" 200 6467 "http://renault.activities.at/result?dir=DESC&mode=grid&order=name&limit=15&page=2&search=vorf%C3%BChrwagenkleber" "Mozilla/5.0 (Windows NT 10.0; Win64; x64) AppleWebKit/537.36 (KHTML, like Gecko) Chrome/91.0.4472.124 Safari/537.36"
80.123.225.38 - - [02/Jul/2021:11:45:29 +0200] "GET /loadthumbnail.php?id=11111495&width=113 HTTP/1.1" 200 1788 "http://renault.activities.at/result?searchterm=true&search=pro%2B" "Mozilla/5.0 (Windows NT 10.0; Win64; x64) AppleWebKit/537.36 (KHTML, like Gecko) Chrome/91.0.4472.124 Safari/537.36"
80.123.225.38 - - [02/Jul/2021:11:45:29 +0200] "GET /loadthumbnail.php?id=11111497&width=113 HTTP/1.1" 200 1788 "http://renault.activities.at/result?searchterm=true&search=pro%2B" "Mozilla/5.0 (Windows NT 10.0; Win64; x64) AppleWebKit/537.36 (KHTML, like Gecko) Chrome/91.0.4472.124 Safari/537.36"
80.123.225.38 - - [02/Jul/2021:11:45:29 +0200] "GET /loadthumbnail.php?id=11111496&width=113 HTTP/1.1" 200 1791 "http://renault.activities.at/result?searchterm=true&search=pro%2B" "Mozilla/5.0 (Windows NT 10.0; Win64; x64) AppleWebKit/537.36 (KHTML, like Gecko) Chrome/91.0.4472.124 Safari/537.36"
80.123.225.38 - - [02/Jul/2021:11:45:29 +0200] "GET /loadthumbnail.php?id=11111498&width=113 HTTP/1.1" 200 1791 "http://renault.activities.at/result?searchterm=true&search=pro%2B" "Mozilla/5.0 (Windows NT 10.0; Win64; x64) AppleWebKit/537.36 (KHTML, like Gecko) Chrome/91.0.4472.124 Safari/537.36"
80.123.225.38 - - [02/Jul/2021:11:45:26 +0200] "POST /axjaxrequest?mode=suggest HTTP/1.1" 200 21 "http://renault.activities.at/result?dir=DESC&mode=grid&order=name&limit=15&page=2&search=vorf%C3%BChrwagenkleber" "Mozilla/5.0 (Windows NT 10.0; Win64; x64) AppleWebKit/537.36 (KHTML, like Gecko) Chrome/91.0.4472.124 Safari/537.36"
80.123.225.38 - - [02/Jul/2021:11:45:29 +0200] "GET /result?searchterm=true&search=pro%2B HTTP/1.1" 200 6467 "http://renault.activities.at/result?searchterm=true&search=pro%2B" "Mozilla/5.0 (Windows NT 10.0; Win64; x64) AppleWebKit/537.36 (KHTML, like Gecko) Chrome/91.0.4472.124 Safari/537.36"
138.21.12.25 - - [02/Jul/2021:11:45:34 +0200] "GET /reload?ser=1625219134241 HTTP/1.1" 200 28 "http://renault.2web.at/result?searchterm=true&search=twingo" "Mozilla/5.0 (Windows NT 10.0; Win64; x64) AppleWebKit/537.36 (KHTML, like Gecko) Chrome/91.0.4472.114 Safari/537.36"
212.152.229.244 - - [02/Jul/2021:11:45:45 +0200] "GET /reload?ser=1625219145368 HTTP/1.1" 200 28 "http://renault.activities.at/" "Mozilla/5.0 (Windows NT 10.0; Win64; x64) AppleWebKit/537.36 (KHTML, like Gecko) Chrome/91.0.4472.124 Safari/537.36"
193.194.132.28 - - [02/Jul/2021:11:46:09 +0200] "GET /reload?ser=1625219169102 HTTP/1.1" 200 28 "http://renault.2web.at/account" "Mozilla/5.0 (Windows NT 10.0; Win64; x64) AppleWebKit/537.36 (KHTML, like Gecko) Chrome/91.0.4472.114 Safari/537.36"
80.123.225.38 - - [02/Jul/2021:11:46:23 +0200] "GET /logout HTTP/1.1" 302 140 "http://renault.activities.at/result?searchterm=true&search=pro%2B" "Mozilla/5.0 (Windows NT 10.0; Win64; x64) AppleWebKit/537.36 (KHTML, like Gecko) Chrome/91.0.4472.124 Safari/537.36"
80.123.225.38 - - [02/Jul/2021:11:46:24 +0200] "GET /logout HTTP/1.1" 200 1583 "http://renault.activities.at/result?searchterm=true&search=pro%2B" "Mozilla/5.0 (Windows NT 10.0; Win64; x64) AppleWebKit/537.36 (KHTML, like Gecko) Chrome/91.0.4472.124 Safari/537.36"
80.123.225.38 - - [02/Jul/2021:11:46:27 +0200] "GET /result?searchterm=true&search=pro%2B HTTP/1.1" 302 150 "http://renault.activities.at/result?searchterm=true&search=pro%2B" "Mozilla/5.0 (Windows NT 10.0; Win64; x64) AppleWebKit/537.36 (KHTML, like Gecko) Chrome/91.0.4472.124 Safari/537.36"
80.123.225.38 - - [02/Jul/2021:11:46:28 +0200] "GET /login?required=true HTTP/1.1" 200 2085 "http://renault.activities.at/result?searchterm=true&search=pro%2B" "Mozilla/5.0 (Windows NT 10.0; Win64; x64) AppleWebKit/537.36 (KHTML, like Gecko) Chrome/91.0.4472.124 Safari/537.36"
80.123.225.38 - - [02/Jul/2021:11:46:29 +0200] "GET /result?dir=DESC&mode=grid&order=name&limit=15&page=2&search=vorf%C3%BChrwagenkleber HTTP/1.1" 302 150 "http://renault.activities.at/result?dir=DESC&mode=grid&order=name&limit=15&page=3&search=vorf%C3%BChrwagenkleber" "Mozilla/5.0 (Windows NT 10.0; Win64; x64) AppleWebKit/537.36 (KHTML, like Gecko) Chrome/91.0.4472.124 Safari/537.36"
80.123.225.38 - - [02/Jul/2021:11:46:29 +0200] "GET /result?dir=DESC&mode=grid&order=name&limit=15&page=3&search=vorf%C3%BChrwagenkleber HTTP/1.1" 302 150 "http://renault.activities.at/result?dir=DESC&mode=grid&order=name&limit=15&page=6&search=vorf%C3%BChrwagenkleber" "Mozilla/5.0 (Windows NT 10.0; Win64; x64) AppleWebKit/537.36 (KHTML, like Gecko) Chrome/91.0.4472.124 Safari/537.36"
80.123.225.38 - - [02/Jul/2021:11:46:31 +0200] "GET /login?required=true HTTP/1.1" 200 2085 "http://renault.activities.at/result?dir=DESC&mode=grid&order=name&limit=15&page=6&search=vorf%C3%BChrwagenkleber" "Mozilla/5.0 (Windows NT 10.0; Win64; x64) AppleWebKit/537.36 (KHTML, like Gecko) Chrome/91.0.4472.124 Safari/537.36"
138.21.12.25 - - [02/Jul/2021:11:46:36 +0200] "GET /reload?ser=1625219196241 HTTP/1.1" 200 28 "http://renault.2web.at/result?searchterm=true&search=twingo" "Mozilla/5.0 (Windows NT 10.0; Win64; x64) AppleWebKit/537.36 (KHTML, like Gecko) Chrome/91.0.4472.114 Safari/537.36"
212.152.229.244 - - [02/Jul/2021:11:46:46 +0200] "GET /reload?ser=1625219206371 HTTP/1.1" 200 28 "http://renault.activities.at/" "Mozilla/5.0 (Windows NT 10.0; Win64; x64) AppleWebKit/537.36 (KHTML, like Gecko) Chrome/91.0.4472.124 Safari/537.36"
193.194.132.28 - - [02/Jul/2021:11:47:11 +0200] "GET /reload?ser=1625219231103 HTTP/1.1" 200 28 "http://renault.2web.at/account" "Mozilla/5.0 (Windows NT 10.0; Win64; x64) AppleWebKit/537.36 (KHTML, like Gecko) Chrome/91.0.4472.114 Safari/537.36"
138.21.12.25 - - [02/Jul/2021:11:47:38 +0200] "GET /reload?ser=1625219258241 HTTP/1.1" 200 28 "http://renault.2web.at/result?searchterm=true&search=twingo" "Mozilla/5.0 (Windows NT 10.0; Win64; x64) AppleWebKit/537.36 (KHTML, like Gecko) Chrome/91.0.4472.114 Safari/537.36"
212.152.229.244 - - [02/Jul/2021:11:47:47 +0200] "GET /reload?ser=1625219267368 HTTP/1.1" 200 28 "http://renault.activities.at/" "Mozilla/5.0 (Windows NT 10.0; Win64; x64) AppleWebKit/537.36 (KHTML, like Gecko) Chrome/91.0.4472.124 Safari/537.36"
193.194.132.28 - - [02/Jul/2021:11:48:13 +0200] "GET /reload?ser=1625219293104 HTTP/1.1" 200 28 "http://renault.2web.at/account" "Mozilla/5.0 (Windows NT 10.0; Win64; x64) AppleWebKit/537.36 (KHTML, like Gecko) Chrome/91.0.4472.114 Safari/537.36"
138.21.12.25 - - [02/Jul/2021:11:48:40 +0200] "GET /reload?ser=1625219320241 HTTP/1.1" 200 28 "http://renault.2web.at/result?searchterm=true&search=twingo" "Mozilla/5.0 (Windows NT 10.0; Win64; x64) AppleWebKit/537.36 (KHTML, like Gecko) Chrome/91.0.4472.114 Safari/537.36"
212.152.229.244 - - [02/Jul/2021:11:48:48 +0200] "GET /reload?ser=1625219328380 HTTP/1.1" 200 28 "http://renault.activities.at/" "Mozilla/5.0 (Windows NT 10.0; Win64; x64) AppleWebKit/537.36 (KHTML, like Gecko) Chrome/91.0.4472.124 Safari/537.36"
193.194.132.28 - - [02/Jul/2021:11:49:15 +0200] "GET /reload?ser=1625219355105 HTTP/1.1" 200 28 "http://renault.2web.at/account" "Mozilla/5.0 (Windows NT 10.0; Win64; x64) AppleWebKit/537.36 (KHTML, like Gecko) Chrome/91.0.4472.114 Safari/537.36"
138.21.12.25 - - [02/Jul/2021:11:49:42 +0200] "GET /reload?ser=1625219382241 HTTP/1.1" 200 28 "http://renault.2web.at/result?searchterm=true&search=twingo" "Mozilla/5.0 (Windows NT 10.0; Win64; x64) AppleWebKit/537.36 (KHTML, like Gecko) Chrome/91.0.4472.114 Safari/537.36"
212.152.229.244 - - [02/Jul/2021:11:49:49 +0200] "GET /reload?ser=1625219389370 HTTP/1.1" 200 28 "http://renault.activities.at/" "Mozilla/5.0 (Windows NT 10.0; Win64; x64) AppleWebKit/537.36 (KHTML, like Gecko) Chrome/91.0.4472.124 Safari/537.36"
193.194.132.28 - - [02/Jul/2021:11:50:17 +0200] "GET /reload?ser=1625219417106 HTTP/1.1" 200 28 "http://renault.2web.at/account" "Mozilla/5.0 (Windows NT 10.0; Win64; x64) AppleWebKit/537.36 (KHTML, like Gecko) Chrome/91.0.4472.114 Safari/537.36"
138.21.12.25 - - [02/Jul/2021:11:50:44 +0200] "GET /reload?ser=1625219444241 HTTP/1.1" 200 28 "http://renault.2web.at/result?searchterm=true&search=twingo" "Mozilla/5.0 (Windows NT 10.0; Win64; x64) AppleWebKit/537.36 (KHTML, like Gecko) Chrome/91.0.4472.114 Safari/537.36"
212.152.229.244 - - [02/Jul/2021:11:50:50 +0200] "GET /reload?ser=1625219450379 HTTP/1.1" 200 28 "http://renault.activities.at/" "Mozilla/5.0 (Windows NT 10.0; Win64; x64) AppleWebKit/537.36 (KHTML, like Gecko) Chrome/91.0.4472.124 Safari/537.36"
193.194.132.28 - - [02/Jul/2021:11:51:19 +0200] "GET /reload?ser=1625219479106 HTTP/1.1" 200 28 "http://renault.2web.at/account" "Mozilla/5.0 (Windows NT 10.0; Win64; x64) AppleWebKit/537.36 (KHTML, like Gecko) Chrome/91.0.4472.114 Safari/537.36"
138.21.12.25 - - [02/Jul/2021:11:51:46 +0200] "GET /reload?ser=1625219506242 HTTP/1.1" 200 28 "http://renault.2web.at/result?searchterm=true&search=twingo" "Mozilla/5.0 (Windows NT 10.0; Win64; x64) AppleWebKit/537.36 (KHTML, like Gecko) Chrome/91.0.4472.114 Safari/537.36"
212.152.229.244 - - [02/Jul/2021:11:51:51 +0200] "GET /reload?ser=1625219511367 HTTP/1.1" 200 28 "http://renault.activities.at/" "Mozilla/5.0 (Windows NT 10.0; Win64; x64) AppleWebKit/537.36 (KHTML, like Gecko) Chrome/91.0.4472.124 Safari/537.36"
193.194.132.28 - - [02/Jul/2021:11:52:21 +0200] "GET /reload?ser=1625219541107 HTTP/1.1" 200 28 "http://renault.2web.at/account" "Mozilla/5.0 (Windows NT 10.0; Win64; x64) AppleWebKit/537.36 (KHTML, like Gecko) Chrome/91.0.4472.114 Safari/537.36"
138.21.12.25 - - [02/Jul/2021:11:52:48 +0200] "GET /reload?ser=1625219568242 HTTP/1.1" 200 28 "http://renault.2web.at/result?searchterm=true&search=twingo" "Mozilla/5.0 (Windows NT 10.0; Win64; x64) AppleWebKit/537.36 (KHTML, like Gecko) Chrome/91.0.4472.114 Safari/537.36"
212.152.229.244 - - [02/Jul/2021:11:52:52 +0200] "GET /reload?ser=1625219572367 HTTP/1.1" 200 28 "http://renault.activities.at/" "Mozilla/5.0 (Windows NT 10.0; Win64; x64) AppleWebKit/537.36 (KHTML, like Gecko) Chrome/91.0.4472.124 Safari/537.36"
193.194.132.28 - - [02/Jul/2021:11:53:23 +0200] "GET /reload?ser=1625219603109 HTTP/1.1" 200 28 "http://renault.2web.at/account" "Mozilla/5.0 (Windows NT 10.0; Win64; x64) AppleWebKit/537.36 (KHTML, like Gecko) Chrome/91.0.4472.114 Safari/537.36"
138.21.12.25 - - [02/Jul/2021:11:53:50 +0200] "GET /reload?ser=1625219630242 HTTP/1.1" 200 28 "http://renault.2web.at/result?searchterm=true&search=twingo" "Mozilla/5.0 (Windows NT 10.0; Win64; x64) AppleWebKit/537.36 (KHTML, like Gecko) Chrome/91.0.4472.114 Safari/537.36"
212.152.229.244 - - [02/Jul/2021:11:53:53 +0200] "GET /reload?ser=1625219633370 HTTP/1.1" 200 28 "http://renault.activities.at/" "Mozilla/5.0 (Windows NT 10.0; Win64; x64) AppleWebKit/537.36 (KHTML, like Gecko) Chrome/91.0.4472.124 Safari/537.36"
193.194.132.28 - - [02/Jul/2021:11:54:25 +0200] "GET /reload?ser=1625219665113 HTTP/1.1" 200 28 "http://renault.2web.at/account" "Mozilla/5.0 (Windows NT 10.0; Win64; x64) AppleWebKit/537.36 (KHTML, like Gecko) Chrome/91.0.4472.114 Safari/537.36"
138.21.12.25 - - [02/Jul/2021:11:54:52 +0200] "GET /reload?ser=1625219692242 HTTP/1.1" 200 28 "http://renault.2web.at/result?searchterm=true&search=twingo" "Mozilla/5.0 (Windows NT 10.0; Win64; x64) AppleWebKit/537.36 (KHTML, like Gecko) Chrome/91.0.4472.114 Safari/537.36"
212.152.229.244 - - [02/Jul/2021:11:54:54 +0200] "GET /reload?ser=1625219694371 HTTP/1.1" 200 28 "http://renault.activities.at/" "Mozilla/5.0 (Windows NT 10.0; Win64; x64) AppleWebKit/537.36 (KHTML, like Gecko) Chrome/91.0.4472.124 Safari/537.36"
193.194.132.28 - - [02/Jul/2021:11:55:27 +0200] "GET /reload?ser=1625219727109 HTTP/1.1" 200 28 "http://renault.2web.at/account" "Mozilla/5.0 (Windows NT 10.0; Win64; x64) AppleWebKit/537.36 (KHTML, like Gecko) Chrome/91.0.4472.114 Safari/537.36"
138.21.12.25 - - [02/Jul/2021:11:55:54 +0200] "GET /reload?ser=1625219754241 HTTP/1.1" 200 28 "http://renault.2web.at/result?searchterm=true&search=twingo" "Mozilla/5.0 (Windows NT 10.0; Win64; x64) AppleWebKit/537.36 (KHTML, like Gecko) Chrome/91.0.4472.114 Safari/537.36"
212.152.229.244 - - [02/Jul/2021:11:55:55 +0200] "GET /reload?ser=1625219755374 HTTP/1.1" 200 28 "http://renault.activities.at/" "Mozilla/5.0 (Windows NT 10.0; Win64; x64) AppleWebKit/537.36 (KHTML, like Gecko) Chrome/91.0.4472.124 Safari/537.36"
193.194.132.28 - - [02/Jul/2021:11:56:29 +0200] "GET /reload?ser=1625219789110 HTTP/1.1" 200 28 "http://renault.2web.at/account" "Mozilla/5.0 (Windows NT 10.0; Win64; x64) AppleWebKit/537.36 (KHTML, like Gecko) Chrome/91.0.4472.114 Safari/537.36"
212.152.229.244 - - [02/Jul/2021:11:56:56 +0200] "GET /reload?ser=1625219816376 HTTP/1.1" 200 28 "http://renault.activities.at/" "Mozilla/5.0 (Windows NT 10.0; Win64; x64) AppleWebKit/537.36 (KHTML, like Gecko) Chrome/91.0.4472.124 Safari/537.36"
138.21.12.25 - - [02/Jul/2021:11:56:56 +0200] "GET /reload?ser=1625219816239 HTTP/1.1" 200 28 "http://renault.2web.at/result?searchterm=true&search=twingo" "Mozilla/5.0 (Windows NT 10.0; Win64; x64) AppleWebKit/537.36 (KHTML, like Gecko) Chrome/91.0.4472.114 Safari/537.36"
178.188.80.226 - - [02/Jul/2021:11:56:58 +0200] "GET / HTTP/1.1" 200 3315 "-" "Mozilla/5.0 (Windows NT 6.1; WOW64; Trident/7.0; rv:11.0) like Gecko"
178.188.80.226 - - [02/Jul/2021:11:56:59 +0200] "GET /js/default.js HTTP/1.1" 200 14698 "http://renault.activities.at/" "Mozilla/5.0 (Windows NT 6.1; WOW64; Trident/7.0; rv:11.0) like Gecko"
178.188.80.226 - - [02/Jul/2021:11:56:59 +0200] "GET /css/reset.css HTTP/1.1" 200 1356 "http://renault.activities.at/" "Mozilla/5.0 (Windows NT 6.1; WOW64; Trident/7.0; rv:11.0) like Gecko"
178.188.80.226 - - [02/Jul/2021:11:56:59 +0200] "GET /js/flashdetection.js HTTP/1.1" 200 1059 "http://renault.activities.at/" "Mozilla/5.0 (Windows NT 6.1; WOW64; Trident/7.0; rv:11.0) like Gecko"
